185.191.171.15 - - [10/Dec/2025:20:50:10 +0100] "GET /platby/qqap/south-africa-football-results HTTP/1.1" 200 8570 "-" "Mozilla/5.0 (compatible; SemrushBot/7~bl; +http://www.semrush.com/bot.html)"
185.191.171.19 - - [10/Dec/2025:20:50:11 +0100] "GET /platby/uwoy9/national-jewellers-official HTTP/1.1" 200 9215 "-" "Mozilla/5.0 (compatible; SemrushBot/7~bl; +http://www.semrush.com/bot.html)"
185.191.171.14 - - [10/Dec/2025:20:50:13 +0100] "GET /platby/qqap/heart-of-the-alien-walkthrough HTTP/1.1" 200 9610 "-" "Mozilla/5.0 (compatible; SemrushBot/7~bl; +http://www.semrush.com/bot.html)"
185.191.171.8 - - [10/Dec/2025:20:50:15 +0100] "GET /platby/aohwuyx/another-word-for-another-example HTTP/1.1" 200 12245 "-" "Mozilla/5.0 (compatible; SemrushBot/7~bl; +http://www.semrush.com/bot.html)"
185.191.171.16 - - [10/Dec/2025:20:50:17 +0100] "GET /platby/72zbxoz/midsomer-murders''-judgement-day-who-did-it HTTP/1.1" 200 14802 "-" "Mozilla/5.0 (compatible; SemrushBot/7~bl; +http://www.semrush.com/bot.html)"
185.191.171.14 - - [10/Dec/2025:20:50:19 +0100] "GET /platby/uwoy9/casino-buck-no-deposit-bonus-2021 HTTP/1.1" 200 10158 "-" "Mozilla/5.0 (compatible; SemrushBot/7~bl; +http://www.semrush.com/bot.html)"
185.191.171.16 - - [10/Dec/2025:20:50:21 +0100] "GET /platby/qqap/restaurants-hanley,-stoke-on-trent HTTP/1.1" 200 6759 "-" "Mozilla/5.0 (compatible; SemrushBot/7~bl; +http://www.semrush.com/bot.html)"
85.208.96.196 - - [10/Dec/2025:20:50:23 +0100] "GET /platby/aohwuyx/teams-open-in-desktop-app-read-only HTTP/1.1" 200 15112 "-" "Mozilla/5.0 (compatible; SemrushBot/7~bl; +http://www.semrush.com/bot.html)"
185.191.171.14 - - [10/Dec/2025:20:50:26 +0100] "GET /platby/aohwuyx/is-peach-fest-2021-cancelled HTTP/1.1" 200 13331 "-" "Mozilla/5.0 (compatible; SemrushBot/7~bl; +http://www.semrush.com/bot.html)"
85.208.96.199 - - [10/Dec/2025:20:50:28 +0100] "GET /platby/qqap/university-of-oklahoma-medical-school-average-mcat HTTP/1.1" 200 8427 "-" "Mozilla/5.0 (compatible; SemrushBot/7~bl; +http://www.semrush.com/bot.html)"
85.208.96.196 - - [10/Dec/2025:20:50:29 +0100] "GET /platby/hca/samsung-s21-fingerprint-sensor-not-working-with-screen-protector HTTP/1.1" 200 11372 "-" "Mozilla/5.0 (compatible; SemrushBot/7~bl; +http://www.semrush.com/bot.html)"
185.191.171.7 - - [10/Dec/2025:20:50:31 +0100] "GET /platby/qqap/central-arkansas-football-roster-2021 HTTP/1.1" 200 5518 "-" "Mozilla/5.0 (compatible; SemrushBot/7~bl; +http://www.semrush.com/bot.html)"
185.191.171.3 - - [10/Dec/2025:20:50:32 +0100] "GET /platby/uwoy9/southside-elementary-school-supply-list HTTP/1.1" 200 13040 "-" "Mozilla/5.0 (compatible; SemrushBot/7~bl; +http://www.semrush.com/bot.html)"
195.177.94.189 - - [10/Dec/2025:20:50:54 +0100] "GET /phpmyadmin/scripts/setup.php HTTP/1.1" 200 11105 "-" "Mozilla/4.0 (compatible; MSIE 6.0; MSIE 5.5; Windows NT 5.1) Opera 7.01 [en]"
195.177.94.189 - - [10/Dec/2025:20:50:54 +0100] "POST /phpmyadmin/scripts/setup.php HTTP/1.1" 200 18608 "http://109.105.49.240:443/phpmyadmin/scripts/setup.php" "Mozilla/4.0 (compatible; MSIE 6.0; MSIE 5.5; Windows NT 5.1) Opera 7.01 [en]"
85.208.96.196 - - [10/Dec/2025:20:51:07 +0100] "GET /platby/aohwuyx/what-is-privileged-identity-management HTTP/1.1" 200 10818 "-" "Mozilla/5.0 (compatible; SemrushBot/7~bl; +http://www.semrush.com/bot.html)"
85.208.96.199 - - [10/Dec/2025:20:51:15 +0100] "GET /platby/qqap/josh-rosen-draft-pick HTTP/1.1" 200 6868 "-" "Mozilla/5.0 (compatible; SemrushBot/7~bl; +http://www.semrush.com/bot.html)"
85.208.96.197 - - [10/Dec/2025:20:51:51 +0100] "GET /platby/aohwuyx/otterspool-promenade-walk HTTP/1.1" 200 10325 "-" "Mozilla/5.0 (compatible; SemrushBot/7~bl; +http://www.semrush.com/bot.html)"
85.208.96.206 - - [10/Dec/2025:20:51:53 +0100] "GET /platby/hca/husker-bowling-center HTTP/1.1" 200 12269 "-" "Mozilla/5.0 (compatible; SemrushBot/7~bl; +http://www.semrush.com/bot.html)"
85.208.96.211 - - [10/Dec/2025:20:51:55 +0100] "GET /platby/72zbxoz/everything-wrong-with-cats HTTP/1.1" 200 9846 "-" "Mozilla/5.0 (compatible; SemrushBot/7~bl; +http://www.semrush.com/bot.html)"
85.208.96.207 - - [10/Dec/2025:20:52:26 +0100] "GET /platby/aohwuyx/p-ebt-texas-second-round-2021-application HTTP/1.1" 200 13086 "-" "Mozilla/5.0 (compatible; SemrushBot/7~bl; +http://www.semrush.com/bot.html)"
185.191.171.4 - - [10/Dec/2025:20:52:30 +0100] "GET /platby/72zbxoz/terrell-brandon-barber-shop HTTP/1.1" 200 12409 "-" "Mozilla/5.0 (compatible; SemrushBot/7~bl; +http://www.semrush.com/bot.html)"
85.208.96.206 - - [10/Dec/2025:20:52:32 +0100] "GET /platby/hca/national-hero-characteristics HTTP/1.1" 200 7072 "-" "Mozilla/5.0 (compatible; SemrushBot/7~bl; +http://www.semrush.com/bot.html)"
185.191.171.14 - - [10/Dec/2025:20:52:34 +0100] "GET /platby/72zbxoz/what-is-the-smallest-city-in-the-world HTTP/1.1" 200 9314 "-" "Mozilla/5.0 (compatible; SemrushBot/7~bl; +http://www.semrush.com/bot.html)"
85.208.96.207 - - [10/Dec/2025:20:52:46 +0100] "GET /platby/72zbxoz/chris-thompson-runner HTTP/1.1" 200 9958 "-" "Mozilla/5.0 (compatible; SemrushBot/7~bl; +http://www.semrush.com/bot.html)"
185.191.171.12 - - [10/Dec/2025:20:53:43 +0100] "GET /platby/qqap/massachusetts-redlining-map HTTP/1.1" 200 10973 "-" "Mozilla/5.0 (compatible; SemrushBot/7~bl; +http://www.semrush.com/bot.html)"
85.208.96.208 - - [10/Dec/2025:20:53:45 +0100] "GET /platby/72zbxoz/hunt-soccer-tournament HTTP/1.1" 200 9810 "-" "Mozilla/5.0 (compatible; SemrushBot/7~bl; +http://www.semrush.com/bot.html)"
85.208.96.199 - - [10/Dec/2025:20:54:12 +0100] "GET /platby/qqap/cirkus-north-east-band HTTP/1.1" 200 4886 "-" "Mozilla/5.0 (compatible; SemrushBot/7~bl; +http://www.semrush.com/bot.html)"
185.191.171.13 - - [10/Dec/2025:20:54:14 +0100] "GET /platby/aohwuyx/buffalo-bulls-men's-basketball HTTP/1.1" 200 7427 "-" "Mozilla/5.0 (compatible; SemrushBot/7~bl; +http://www.semrush.com/bot.html)"
185.191.171.3 - - [10/Dec/2025:20:54:21 +0100] "GET /platby/uwoy9/north-alabama-football-record-2020 HTTP/1.1" 200 11805 "-" "Mozilla/5.0 (compatible; SemrushBot/7~bl; +http://www.semrush.com/bot.html)"
185.191.171.9 - - [10/Dec/2025:20:54:23 +0100] "GET /platby/hca/how-to-turn-off-huawei-assistant HTTP/1.1" 200 7438 "-" "Mozilla/5.0 (compatible; SemrushBot/7~bl; +http://www.semrush.com/bot.html)"
85.208.96.201 - - [10/Dec/2025:20:54:28 +0100] "GET /platby/hca/green-crack-strain-terpene-profile HTTP/1.1" 200 5783 "-" "Mozilla/5.0 (compatible; SemrushBot/7~bl; +http://www.semrush.com/bot.html)"
85.208.96.209 - - [10/Dec/2025:20:54:41 +0100] "GET /platby/hca/salary-calculator-hourly HTTP/1.1" 200 7526 "-" "Mozilla/5.0 (compatible; SemrushBot/7~bl; +http://www.semrush.com/bot.html)"
185.191.171.7 - - [10/Dec/2025:20:55:23 +0100] "GET /platby/72zbxoz/science%2Fsensory-activities-for-infants-and-toddlers HTTP/1.1" 404 809 "-" "Mozilla/5.0 (compatible; SemrushBot/7~bl; +http://www.semrush.com/bot.html)"
85.208.96.195 - - [10/Dec/2025:20:55:29 +0100] "GET /platby/aohwuyx/detective-comics-characters HTTP/1.1" 200 14954 "-" "Mozilla/5.0 (compatible; SemrushBot/7~bl; +http://www.semrush.com/bot.html)"
185.191.171.5 - - [10/Dec/2025:20:55:58 +0100] "GET /platby/qqap/text-message-marketing HTTP/1.1" 200 7647 "-" "Mozilla/5.0 (compatible; SemrushBot/7~bl; +http://www.semrush.com/bot.html)"
185.191.171.5 - - [10/Dec/2025:20:56:04 +0100] "GET /platby/hca/exposed-brick-interior HTTP/1.1" 200 7714 "-" "Mozilla/5.0 (compatible; SemrushBot/7~bl; +http://www.semrush.com/bot.html)"
204.76.203.206 - - [10/Dec/2025:20:58:02 +0100] "GET /" 400 468 "-" "-"
185.191.171.11 - - [10/Dec/2025:20:58:04 +0100] "GET /platby/72zbxoz/2022-olympics-boycott HTTP/1.1" 200 9515 "-" "Mozilla/5.0 (compatible; SemrushBot/7~bl; +http://www.semrush.com/bot.html)"
185.191.171.11 - - [10/Dec/2025:20:58:14 +0100] "GET /platby/72zbxoz/2022-olympics-boycott HTTP/1.1" 200 9515 "-" "Mozilla/5.0 (compatible; SemrushBot/7~bl; +http://www.semrush.com/bot.html)"
185.191.171.6 - - [10/Dec/2025:20:58:19 +0100] "GET /robots.txt HTTP/1.1" 200 54 "-" "Mozilla/5.0 (compatible; SemrushBot/7~bl; +http://www.semrush.com/bot.html)"
185.191.171.6 - - [10/Dec/2025:20:58:21 +0100] "GET /robots.txt HTTP/1.1" 200 54 "-" "Mozilla/5.0 (compatible; SemrushBot/7~bl; +http://www.semrush.com/bot.html)"
85.208.96.195 - - [10/Dec/2025:20:58:22 +0100] "GET /platby/hca/noah-galvin-dear-evan-hansen HTTP/1.1" 200 5462 "-" "Mozilla/5.0 (compatible; SemrushBot/7~bl; +http://www.semrush.com/bot.html)"
185.191.171.10 - - [10/Dec/2025:20:58:26 +0100] "GET /platby/72zbxoz/missouri-tigers-football HTTP/1.1" 200 12710 "-" "Mozilla/5.0 (compatible; SemrushBot/7~bl; +http://www.semrush.com/bot.html)"
185.191.171.12 - - [10/Dec/2025:20:58:34 +0100] "GET /platby/aohwuyx/opposite-of-contrast-colours HTTP/1.1" 200 9378 "-" "Mozilla/5.0 (compatible; SemrushBot/7~bl; +http://www.semrush.com/bot.html)"
85.208.96.199 - - [10/Dec/2025:20:58:38 +0100] "GET /platby/hca/national-park-mysteries-documentary HTTP/1.1" 200 6944 "-" "Mozilla/5.0 (compatible; SemrushBot/7~bl; +http://www.semrush.com/bot.html)"
85.208.96.203 - - [10/Dec/2025:20:58:42 +0100] "GET /platby/hca/do-female-peacocks-spread-their-feathers HTTP/1.1" 200 10685 "-" "Mozilla/5.0 (compatible; SemrushBot/7~bl; +http://www.semrush.com/bot.html)"
204.76.203.206 - - [10/Dec/2025:20:58:45 +0100] "GET / HTTP/1.1" 200 316 "-" "Mozilla/5.0 (Windows NT 10.0; Win64; x64) AppleWebKit/537.36 (KHTML, like Gecko) Chrome/90.0.4430.85 Safari/537.36 Edg/90.0.818.46"
185.191.171.15 - - [10/Dec/2025:20:58:47 +0100] "GET /platby/uwoy9/isaiah-7:14-in-new-testament HTTP/1.1" 200 14081 "-" "Mozilla/5.0 (compatible; SemrushBot/7~bl; +http://www.semrush.com/bot.html)"
85.208.96.203 - - [10/Dec/2025:20:58:49 +0100] "GET /platby/qqap/cleo-buckman-schwimmer HTTP/1.1" 200 9203 "-" "Mozilla/5.0 (compatible; SemrushBot/7~bl; +http://www.semrush.com/bot.html)"
85.208.96.210 - - [10/Dec/2025:20:58:51 +0100] "GET /platby/aohwuyx/samsung-calculator-secret-codes HTTP/1.1" 200 13258 "-" "Mozilla/5.0 (compatible; SemrushBot/7~bl; +http://www.semrush.com/bot.html)"
85.208.96.207 - - [10/Dec/2025:20:58:53 +0100] "GET /platby/qqap/sound-blaster-live-ct4780 HTTP/1.1" 200 11271 "-" "Mozilla/5.0 (compatible; SemrushBot/7~bl; +http://www.semrush.com/bot.html)"
85.208.96.203 - - [10/Dec/2025:20:58:54 +0100] "GET /platby/aohwuyx/bitbucket-webhook-jenkins HTTP/1.1" 200 9851 "-" "Mozilla/5.0 (compatible; SemrushBot/7~bl; +http://www.semrush.com/bot.html)"
85.208.96.212 - - [10/Dec/2025:20:58:57 +0100] "GET /platby/qqap/does-epic-games-own-rockstar-games HTTP/1.1" 200 11004 "-" "Mozilla/5.0 (compatible; SemrushBot/7~bl; +http://www.semrush.com/bot.html)"
185.191.171.9 - - [10/Dec/2025:20:59:12 +0100] "GET /platby/uwoy9/cheap-samsung-galaxy-s8-plus-screen-replacement HTTP/1.1" 200 7877 "-" "Mozilla/5.0 (compatible; SemrushBot/7~bl; +http://www.semrush.com/bot.html)"
45.135.193.9 - - [10/Dec/2025:21:00:21 +0100] "GET /" 400 468 "-" "-"
85.208.96.195 - - [10/Dec/2025:21:00:21 +0100] "GET /platby/hca/what-is-cryogenic-engine HTTP/1.1" 200 12791 "-" "Mozilla/5.0 (compatible; SemrushBot/7~bl; +http://www.semrush.com/bot.html)"
79.124.40.174 - - [10/Dec/2025:21:00:22 +0100] "\x16\x03\x01\x05\xa8\x01" 403 265 "-" "-"
85.208.96.195 - - [10/Dec/2025:21:03:34 +0100] "GET /platby/hca/what-is-cryogenic-engine HTTP/1.1" 200 12791 "-" "Mozilla/5.0 (compatible; SemrushBot/7~bl; +http://www.semrush.com/bot.html)"
143.110.216.151 - - [10/Dec/2025:21:05:00 +0100] "\x16\x03\x01\x02" 403 265 "-" "-"
85.208.96.210 - - [10/Dec/2025:21:08:00 +0100] "GET /platby/hca/fantasy-football-sleepers-2021 HTTP/1.1" 200 5645 "-" "Mozilla/5.0 (compatible; SemrushBot/7~bl; +http://www.semrush.com/bot.html)"
85.208.96.210 - - [10/Dec/2025:21:08:09 +0100] "GET /platby/hca/fantasy-football-sleepers-2021 HTTP/1.1" 200 5645 "-" "Mozilla/5.0 (compatible; SemrushBot/7~bl; +http://www.semrush.com/bot.html)"
85.208.96.211 - - [10/Dec/2025:21:08:17 +0100] "GET /platby/uwoy9/laser-designator-rifle HTTP/1.1" 200 9069 "-" "Mozilla/5.0 (compatible; SemrushBot/7~bl; +http://www.semrush.com/bot.html)"
85.208.96.211 - - [10/Dec/2025:21:10:21 +0100] "GET /platby/uwoy9/laser-designator-rifle HTTP/1.1" 200 9069 "-" "Mozilla/5.0 (compatible; SemrushBot/7~bl; +http://www.semrush.com/bot.html)"
185.191.171.17 - - [10/Dec/2025:21:10:27 +0100] "GET /platby/aohwuyx/madonna-and-child-ca-1290-1300-duccio-di-buoninsegna HTTP/1.1" 200 11362 "-" "Mozilla/5.0 (compatible; SemrushBot/7~bl; +http://www.semrush.com/bot.html)"
185.191.171.17 - - [10/Dec/2025:21:10:32 +0100] "GET /platby/aohwuyx/madonna-and-child-ca-1290-1300-duccio-di-buoninsegna HTTP/1.1" 200 11362 "-" "Mozilla/5.0 (compatible; SemrushBot/7~bl; +http://www.semrush.com/bot.html)"
185.191.171.2 - - [10/Dec/2025:21:10:33 +0100] "GET /platby/aohwuyx/jean-baptiste-de-lamarck-theory HTTP/1.1" 200 16221 "-" "Mozilla/5.0 (compatible; SemrushBot/7~bl; +http://www.semrush.com/bot.html)"
185.191.171.2 - - [10/Dec/2025:21:10:45 +0100] "GET /platby/aohwuyx/jean-baptiste-de-lamarck-theory HTTP/1.1" 200 16221 "-" "Mozilla/5.0 (compatible; SemrushBot/7~bl; +http://www.semrush.com/bot.html)"
185.191.171.9 - - [10/Dec/2025:21:10:56 +0100] "GET /platby/72zbxoz/musty-rocket-league-tracker HTTP/1.1" 200 15125 "-" "Mozilla/5.0 (compatible; SemrushBot/7~bl; +http://www.semrush.com/bot.html)"
185.191.171.9 - - [10/Dec/2025:21:10:57 +0100] "GET /platby/72zbxoz/musty-rocket-league-tracker HTTP/1.1" 200 15125 "-" "Mozilla/5.0 (compatible; SemrushBot/7~bl; +http://www.semrush.com/bot.html)"
3.85.125.1 - - [10/Dec/2025:21:12:18 +0100] "\x16\x03\x01" 403 265 "-" "-"
54.173.125.196 - - [10/Dec/2025:21:12:19 +0100] "\x16\x03\x01" 403 265 "-" "-"
13.222.252.87 - - [10/Dec/2025:21:12:38 +0100] "\x16\x03\x01" 403 265 "-" "-"
85.208.96.200 - - [10/Dec/2025:21:12:56 +0100] "GET /platby/aohwuyx/honne-warm-on-a-cold-night HTTP/1.1" 200 9040 "-" "Mozilla/5.0 (compatible; SemrushBot/7~bl; +http://www.semrush.com/bot.html)"
85.208.96.200 - - [10/Dec/2025:21:13:04 +0100] "GET /platby/aohwuyx/honne-warm-on-a-cold-night HTTP/1.1" 200 9040 "-" "Mozilla/5.0 (compatible; SemrushBot/7~bl; +http://www.semrush.com/bot.html)"
44.203.196.74 - - [10/Dec/2025:21:13:52 +0100] "GET /" 400 468 "-" "-"
185.191.171.10 - - [10/Dec/2025:21:13:59 +0100] "GET /platby/hca/livingston-international-locations HTTP/1.1" 200 8380 "-" "Mozilla/5.0 (compatible; SemrushBot/7~bl; +http://www.semrush.com/bot.html)"
204.76.203.206 - - [10/Dec/2025:21:15:06 +0100] "GET /" 400 468 "-" "-"
204.76.203.212 - - [10/Dec/2025:21:15:06 +0100] "GET /" 400 468 "-" "-"
66.249.79.233 - - [10/Dec/2025:21:15:06 +0100] "\x16\x03\x01\x02" 403 265 "-" "-"
85.208.96.203 - - [10/Dec/2025:21:15:06 +0100] "GET /platby/qqap/full-catastrophe-living HTTP/1.1" 200 8149 "-" "Mozilla/5.0 (compatible; SemrushBot/7~bl; +http://www.semrush.com/bot.html)"
85.208.96.202 - - [10/Dec/2025:21:15:22 +0100] "GET /platby/qqap/lockheed-martin-stars-external-login HTTP/1.1" 200 7589 "-" "Mozilla/5.0 (compatible; SemrushBot/7~bl; +http://www.semrush.com/bot.html)"
185.191.171.9 - - [10/Dec/2025:21:15:30 +0100] "GET /platby/qqap/los-goles-de-messi-con-argentina HTTP/1.1" 200 4399 "-" "Mozilla/5.0 (compatible; SemrushBot/7~bl; +http://www.semrush.com/bot.html)"
185.191.171.19 - - [10/Dec/2025:21:15:35 +0100] "GET /platby/qqap/telecommunications-interconnection-definition HTTP/1.1" 200 7182 "-" "Mozilla/5.0 (compatible; SemrushBot/7~bl; +http://www.semrush.com/bot.html)"
185.191.171.19 - - [10/Dec/2025:21:15:37 +0100] "GET /platby/72zbxoz/wildflower-seed-mix-home-depot HTTP/1.1" 200 10440 "-" "Mozilla/5.0 (compatible; SemrushBot/7~bl; +http://www.semrush.com/bot.html)"
85.208.96.199 - - [10/Dec/2025:21:15:39 +0100] "GET /platby/aohwuyx/flowers-that-bloom-in-may-in-ohio HTTP/1.1" 200 8920 "-" "Mozilla/5.0 (compatible; SemrushBot/7~bl; +http://www.semrush.com/bot.html)"
85.208.96.203 - - [10/Dec/2025:21:15:40 +0100] "GET /platby/hca/evercore-singapore-deals HTTP/1.1" 200 7313 "-" "Mozilla/5.0 (compatible; SemrushBot/7~bl; +http://www.semrush.com/bot.html)"
185.191.171.16 - - [10/Dec/2025:21:15:42 +0100] "GET /platby/hca/argentina,-china-news HTTP/1.1" 200 5497 "-" "Mozilla/5.0 (compatible; SemrushBot/7~bl; +http://www.semrush.com/bot.html)"
77.90.185.12 - - [10/Dec/2025:21:15:44 +0100] "\x16\x03\x01\x02" 403 265 "-" "-"
204.76.203.206 - - [10/Dec/2025:21:15:44 +0100] "GET / HTTP/1.1" 200 316 "-" "Mozilla/5.0 (Windows NT 10.0; Win64; x64) AppleWebKit/537.36 (KHTML, like Gecko) Chrome/90.0.4430.85 Safari/537.36 Edg/90.0.818.46"
77.90.185.12 - - [10/Dec/2025:21:15:44 +0100] "\x16\x03\x01\x02" 403 265 "-" "-"
185.191.171.12 - - [10/Dec/2025:21:15:45 +0100] "GET /platby/72zbxoz/purpose-statement-template HTTP/1.1" 200 14578 "-" "Mozilla/5.0 (compatible; SemrushBot/7~bl; +http://www.semrush.com/bot.html)"
185.191.171.3 - - [10/Dec/2025:21:15:47 +0100] "GET /platby/aohwuyx/django-user-model-foreign-key HTTP/1.1" 200 13082 "-" "Mozilla/5.0 (compatible; SemrushBot/7~bl; +http://www.semrush.com/bot.html)"
85.208.96.196 - - [10/Dec/2025:21:15:49 +0100] "GET /platby/aohwuyx/bookbrowse-first-impressions HTTP/1.1" 200 13125 "-" "Mozilla/5.0 (compatible; SemrushBot/7~bl; +http://www.semrush.com/bot.html)"
85.208.96.203 - - [10/Dec/2025:21:15:51 +0100] "GET /platby/qqap/oregon-coast-shade-plants HTTP/1.1" 200 8528 "-" "Mozilla/5.0 (compatible; SemrushBot/7~bl; +http://www.semrush.com/bot.html)"
85.208.96.203 - - [10/Dec/2025:21:15:52 +0100] "GET /platby/hca/what-is-the-sixth-and-seventh-sense HTTP/1.1" 200 6828 "-" "Mozilla/5.0 (compatible; SemrushBot/7~bl; +http://www.semrush.com/bot.html)"
185.191.171.18 - - [10/Dec/2025:21:15:54 +0100] "GET /platby/qqap/buccaneers-2021-schedule HTTP/1.1" 200 7924 "-" "Mozilla/5.0 (compatible; SemrushBot/7~bl; +http://www.semrush.com/bot.html)"
85.208.96.202 - - [10/Dec/2025:21:15:56 +0100] "GET /platby/hca/international-school-augsburg-yearbook HTTP/1.1" 200 11681 "-" "Mozilla/5.0 (compatible; SemrushBot/7~bl; +http://www.semrush.com/bot.html)"
85.208.96.210 - - [10/Dec/2025:21:15:58 +0100] "GET /platby/aohwuyx/voya-financial-advisor-login HTTP/1.1" 200 12085 "-" "Mozilla/5.0 (compatible; SemrushBot/7~bl; +http://www.semrush.com/bot.html)"
85.208.96.197 - - [10/Dec/2025:21:16:24 +0100] "GET /platby/72zbxoz/phd-research-topics-in-educational-technology HTTP/1.1" 200 10297 "-" "Mozilla/5.0 (compatible; SemrushBot/7~bl; +http://www.semrush.com/bot.html)"
185.191.171.16 - - [10/Dec/2025:21:17:25 +0100] "GET /platby/qqap/how-far-is-jacksonville-arkansas-from-little-rock-arkansas HTTP/1.1" 200 12451 "-" "Mozilla/5.0 (compatible; SemrushBot/7~bl; +http://www.semrush.com/bot.html)"
185.191.171.16 - - [10/Dec/2025:21:17:41 +0100] "GET /platby/qqap/how-far-is-jacksonville-arkansas-from-little-rock-arkansas HTTP/1.1" 200 12451 "-" "Mozilla/5.0 (compatible; SemrushBot/7~bl; +http://www.semrush.com/bot.html)"
185.191.171.4 - - [10/Dec/2025:21:18:39 +0100] "GET /platby/72zbxoz/snyder-lance-distribution HTTP/1.1" 200 10011 "-" "Mozilla/5.0 (compatible; SemrushBot/7~bl; +http://www.semrush.com/bot.html)"
185.191.171.4 - - [10/Dec/2025:21:18:43 +0100] "GET /platby/72zbxoz/snyder-lance-distribution HTTP/1.1" 200 10011 "-" "Mozilla/5.0 (compatible; SemrushBot/7~bl; +http://www.semrush.com/bot.html)"
185.191.171.16 - - [10/Dec/2025:21:18:50 +0100] "GET /platby/qqap/qmobile-fire-plus-mt6570-flash-file HTTP/1.1" 200 11936 "-" "Mozilla/5.0 (compatible; SemrushBot/7~bl; +http://www.semrush.com/bot.html)"
185.191.171.14 - - [10/Dec/2025:21:19:10 +0100] "GET /platby/hca/north-texas-sc-transfermarkt HTTP/1.1" 200 8252 "-" "Mozilla/5.0 (compatible; SemrushBot/7~bl; +http://www.semrush.com/bot.html)"
85.208.96.206 - - [10/Dec/2025:21:19:14 +0100] "GET /platby/72zbxoz/bond-street-station-crossrail HTTP/1.1" 200 12487 "-" "Mozilla/5.0 (compatible; SemrushBot/7~bl; +http://www.semrush.com/bot.html)"
185.191.171.15 - - [10/Dec/2025:21:19:16 +0100] "GET /platby/uwoy9/jaylen-hands-contract HTTP/1.1" 200 7547 "-" "Mozilla/5.0 (compatible; SemrushBot/7~bl; +http://www.semrush.com/bot.html)"
85.208.96.206 - - [10/Dec/2025:21:19:19 +0100] "GET /platby/72zbxoz/jira-rest-api-java-example HTTP/1.1" 200 10713 "-" "Mozilla/5.0 (compatible; SemrushBot/7~bl; +http://www.semrush.com/bot.html)"
85.208.96.211 - - [10/Dec/2025:21:19:22 +0100] "GET /platby/72zbxoz/yogi-babu-wife-doctor HTTP/1.1" 200 10698 "-" "Mozilla/5.0 (compatible; SemrushBot/7~bl; +http://www.semrush.com/bot.html)"
185.191.171.10 - - [10/Dec/2025:21:19:41 +0100] "GET /platby/72zbxoz/appreciative-listening-definition HTTP/1.1" 200 11501 "-" "Mozilla/5.0 (compatible; SemrushBot/7~bl; +http://www.semrush.com/bot.html)"
85.208.96.197 - - [10/Dec/2025:21:19:45 +0100] "GET /platby/72zbxoz/the-s-wave-shadow-zone-is-evidence-that HTTP/1.1" 200 12974 "-" "Mozilla/5.0 (compatible; SemrushBot/7~bl; +http://www.semrush.com/bot.html)"
185.191.171.19 - - [10/Dec/2025:21:19:47 +0100] "GET /platby/uwoy9/diana-krall-new-album-2020 HTTP/1.1" 200 11763 "-" "Mozilla/5.0 (compatible; SemrushBot/7~bl; +http://www.semrush.com/bot.html)"
185.191.171.11 - - [10/Dec/2025:21:20:01 +0100] "GET /platby/hca/simba-vs-namungo-leo-live-score HTTP/1.1" 200 10241 "-" "Mozilla/5.0 (compatible; SemrushBot/7~bl; +http://www.semrush.com/bot.html)"
185.191.171.16 - - [10/Dec/2025:21:20:06 +0100] "GET /platby/72zbxoz/funny-minecraft-dog-names HTTP/1.1" 200 8882 "-" "Mozilla/5.0 (compatible; SemrushBot/7~bl; +http://www.semrush.com/bot.html)"
185.191.171.8 - - [10/Dec/2025:21:20:10 +0100] "GET /platby/aohwuyx/new-orleans-saints-schedule-2020-2021-printable HTTP/1.1" 200 13921 "-" "Mozilla/5.0 (compatible; SemrushBot/7~bl; +http://www.semrush.com/bot.html)"
85.208.96.206 - - [10/Dec/2025:21:20:20 +0100] "GET /platby/uwoy9/mgm-growth-properties-owner HTTP/1.1" 200 7482 "-" "Mozilla/5.0 (compatible; SemrushBot/7~bl; +http://www.semrush.com/bot.html)"
85.208.96.198 - - [10/Dec/2025:21:20:34 +0100] "GET /platby/uwoy9/medicinal-plants-list-pdf HTTP/1.1" 200 16342 "-" "Mozilla/5.0 (compatible; SemrushBot/7~bl; +http://www.semrush.com/bot.html)"
85.208.96.196 - - [10/Dec/2025:21:20:46 +0100] "GET /platby/uwoy9/spyro:-enter-the-dragonfly HTTP/1.1" 200 13374 "-" "Mozilla/5.0 (compatible; SemrushBot/7~bl; +http://www.semrush.com/bot.html)"
85.208.96.209 - - [10/Dec/2025:21:21:07 +0100] "GET /platby/qqap/ally-pride-shirt-target HTTP/1.1" 200 7789 "-" "Mozilla/5.0 (compatible; SemrushBot/7~bl; +http://www.semrush.com/bot.html)"
85.208.96.204 - - [10/Dec/2025:21:21:08 +0100] "GET /robots.txt HTTP/1.1" 200 54 "-" "Mozilla/5.0 (compatible; SemrushBot/7~bl; +http://www.semrush.com/bot.html)"
85.208.96.204 - - [10/Dec/2025:21:21:10 +0100] "GET /robots.txt HTTP/1.1" 200 54 "-" "Mozilla/5.0 (compatible; SemrushBot/7~bl; +http://www.semrush.com/bot.html)"
85.208.96.210 - - [10/Dec/2025:21:21:10 +0100] "GET /platby/hca/amsterdam-university-of-applied-sciences-acceptance-rate HTTP/1.1" 200 7443 "-" "Mozilla/5.0 (compatible; SemrushBot/7~bl; +http://www.semrush.com/bot.html)"
85.208.96.200 - - [10/Dec/2025:21:21:12 +0100] "GET /platby/uwoy9/latavius-murray-net-worth HTTP/1.1" 200 11512 "-" "Mozilla/5.0 (compatible; SemrushBot/7~bl; +http://www.semrush.com/bot.html)"
185.191.171.8 - - [10/Dec/2025:21:21:14 +0100] "GET /platby/qqap/the-crisis-of-german-ideology HTTP/1.1" 200 11373 "-" "Mozilla/5.0 (compatible; SemrushBot/7~bl; +http://www.semrush.com/bot.html)"
85.208.96.208 - - [10/Dec/2025:21:21:16 +0100] "GET /platby/72zbxoz/character-in-crossroads-crossword HTTP/1.1" 200 10211 "-" "Mozilla/5.0 (compatible; SemrushBot/7~bl; +http://www.semrush.com/bot.html)"
85.208.96.201 - - [10/Dec/2025:21:21:19 +0100] "GET /platby/hca/taylormade-outlet-store HTTP/1.1" 200 7646 "-" "Mozilla/5.0 (compatible; SemrushBot/7~bl; +http://www.semrush.com/bot.html)"
185.191.171.6 - - [10/Dec/2025:21:21:23 +0100] "GET /platby/72zbxoz/villanova-softball-camp HTTP/1.1" 200 7097 "-" "Mozilla/5.0 (compatible; SemrushBot/7~bl; +http://www.semrush.com/bot.html)"
85.208.96.201 - - [10/Dec/2025:21:21:25 +0100] "GET /platby/aohwuyx/clark-funeral-home-obituaries-neosho,-mo HTTP/1.1" 200 9509 "-" "Mozilla/5.0 (compatible; SemrushBot/7~bl; +http://www.semrush.com/bot.html)"
85.208.96.201 - - [10/Dec/2025:21:21:26 +0100] "GET /platby/qqap/pierre,-south-dakota-time-zone HTTP/1.1" 200 9182 "-" "Mozilla/5.0 (compatible; SemrushBot/7~bl; +http://www.semrush.com/bot.html)"
185.191.171.11 - - [10/Dec/2025:21:21:28 +0100] "GET /platby/uwoy9/star-magazine-congressional-testimony HTTP/1.1" 200 12299 "-" "Mozilla/5.0 (compatible; SemrushBot/7~bl; +http://www.semrush.com/bot.html)"
85.208.96.198 - - [10/Dec/2025:21:21:30 +0100] "GET /platby/uwoy9/virginia-tech-football-camp-2021 HTTP/1.1" 200 11722 "-" "Mozilla/5.0 (compatible; SemrushBot/7~bl; +http://www.semrush.com/bot.html)"
85.208.96.208 - - [10/Dec/2025:21:21:39 +0100] "GET /platby/uwoy9/surgical-excision-tattoo-removal-near-me HTTP/1.1" 200 7612 "-" "Mozilla/5.0 (compatible; SemrushBot/7~bl; +http://www.semrush.com/bot.html)"
85.208.96.203 - - [10/Dec/2025:21:21:56 +0100] "GET /platby/aohwuyx/cabinet-level-positions HTTP/1.1" 200 13244 "-" "Mozilla/5.0 (compatible; SemrushBot/7~bl; +http://www.semrush.com/bot.html)"
185.191.171.3 - - [10/Dec/2025:21:22:06 +0100] "GET /platby/qqap/is-4k-better-than-1080p-for-gaming HTTP/1.1" 200 13247 "-" "Mozilla/5.0 (compatible; SemrushBot/7~bl; +http://www.semrush.com/bot.html)"
85.208.96.203 - - [10/Dec/2025:21:22:09 +0100] "GET /platby/qqap/bailey's-jewelry-goldsboro-nc HTTP/1.1" 200 10140 "-" "Mozilla/5.0 (compatible; SemrushBot/7~bl; +http://www.semrush.com/bot.html)"
185.191.171.8 - - [10/Dec/2025:21:22:11 +0100] "GET /platby/uwoy9/how-to-remove-fingerprint-password HTTP/1.1" 200 9142 "-" "Mozilla/5.0 (compatible; SemrushBot/7~bl; +http://www.semrush.com/bot.html)"
85.208.96.204 - - [10/Dec/2025:21:22:14 +0100] "GET /platby/uwoy9/treasure-island,-california-naval-base HTTP/1.1" 200 11533 "-" "Mozilla/5.0 (compatible; SemrushBot/7~bl; +http://www.semrush.com/bot.html)"
185.191.171.18 - - [10/Dec/2025:21:22:15 +0100] "GET /platby/uwoy9/jurassic-park-soundtrack HTTP/1.1" 200 10979 "-" "Mozilla/5.0 (compatible; SemrushBot/7~bl; +http://www.semrush.com/bot.html)"
85.208.96.206 - - [10/Dec/2025:21:22:17 +0100] "GET /platby/qqap/phone-speaker-volume-suddenly-low HTTP/1.1" 200 6258 "-" "Mozilla/5.0 (compatible; SemrushBot/7~bl; +http://www.semrush.com/bot.html)"
185.191.171.11 - - [10/Dec/2025:21:22:23 +0100] "GET /platby/aohwuyx/quantum-entanglement-for-dummies HTTP/1.1" 200 10086 "-" "Mozilla/5.0 (compatible; SemrushBot/7~bl; +http://www.semrush.com/bot.html)"
185.191.171.9 - - [10/Dec/2025:21:22:25 +0100] "GET /platby/72zbxoz/todd-hollandsworth-rookie-card HTTP/1.1" 200 13043 "-" "Mozilla/5.0 (compatible; SemrushBot/7~bl; +http://www.semrush.com/bot.html)"
185.191.171.9 - - [10/Dec/2025:21:22:26 +0100] "GET /platby/aohwuyx/winston-flowers-harvest-classic HTTP/1.1" 200 13107 "-" "Mozilla/5.0 (compatible; SemrushBot/7~bl; +http://www.semrush.com/bot.html)"
52.44.174.136 - - [10/Dec/2025:21:22:29 +0100] "GET /platby/72zbxoz/michigan-state-basketball-score-today HTTP/1.1" 200 12369 "-" "Mozilla/5.0 AppleWebKit/537.36 (KHTML, like Gecko; compatible; Amazonbot/0.1; +https://developer.amazon.com/support/amazonbot) Chrome/119.0.6045.214 Safari/537.36"
185.191.171.11 - - [10/Dec/2025:21:22:30 +0100] "GET /platby/hca/microsoft-teams-cheat-sheet-for-students-pdf HTTP/1.1" 200 8064 "-" "Mozilla/5.0 (compatible; SemrushBot/7~bl; +http://www.semrush.com/bot.html)"
98.84.184.80 - - [10/Dec/2025:21:22:31 +0100] "GET /platby/qqap/surgical-assistant-salary-in-california HTTP/1.1" 200 10762 "-" "Mozilla/5.0 AppleWebKit/537.36 (KHTML, like Gecko; compatible; Amazonbot/0.1; +https://developer.amazon.com/support/amazonbot) Chrome/119.0.6045.214 Safari/537.36"
85.208.96.201 - - [10/Dec/2025:21:22:31 +0100] "GET /platby/72zbxoz/10-most-common-pull-up-mistakes HTTP/1.1" 200 13887 "-" "Mozilla/5.0 (compatible; SemrushBot/7~bl; +http://www.semrush.com/bot.html)"
85.208.96.195 - - [10/Dec/2025:21:22:33 +0100] "GET /platby/aohwuyx/jason-preston-draft-combine HTTP/1.1" 200 7699 "-" "Mozilla/5.0 (compatible; SemrushBot/7~bl; +http://www.semrush.com/bot.html)"
185.191.171.16 - - [10/Dec/2025:21:22:34 +0100] "GET /platby/aohwuyx/made-by-yours-truly-quotes HTTP/1.1" 200 13681 "-" "Mozilla/5.0 (compatible; SemrushBot/7~bl; +http://www.semrush.com/bot.html)"
23.20.178.124 - - [10/Dec/2025:21:22:36 +0100] "GET /platby/72zbxoz/when-is-the-last-day-of-school-in-california HTTP/1.1" 200 9691 "-" "Mozilla/5.0 AppleWebKit/537.36 (KHTML, like Gecko; compatible; Amazonbot/0.1; +https://developer.amazon.com/support/amazonbot) Chrome/119.0.6045.214 Safari/537.36"
185.191.171.2 - - [10/Dec/2025:21:22:37 +0100] "GET /platby/qqap/emmett-till-video-eyes-on-the-prize HTTP/1.1" 200 10357 "-" "Mozilla/5.0 (compatible; SemrushBot/7~bl; +http://www.semrush.com/bot.html)"
185.191.171.16 - - [10/Dec/2025:21:22:39 +0100] "GET /platby/qqap/aggressive-male-duck-behavior HTTP/1.1" 200 7648 "-" "Mozilla/5.0 (compatible; SemrushBot/7~bl; +http://www.semrush.com/bot.html)"
216.244.66.239 - - [10/Dec/2025:21:22:40 +0100] "GET /robots.txt HTTP/1.1" 200 34 "-" "Mozilla/5.0 (compatible; DotBot/1.2; +https://opensiteexplorer.org/dotbot; help@moz.com)"
34.225.24.180 - - [10/Dec/2025:21:22:40 +0100] "GET /platby/72zbxoz/until-you-come-back-to-me-writer HTTP/1.1" 200 12611 "-" "Mozilla/5.0 AppleWebKit/537.36 (KHTML, like Gecko; compatible; Amazonbot/0.1; +https://developer.amazon.com/support/amazonbot) Chrome/119.0.6045.214 Safari/537.36"
85.208.96.203 - - [10/Dec/2025:21:22:40 +0100] "GET /platby/qqap/apartments-in-reading-for-rent-under-740 HTTP/1.1" 200 11130 "-" "Mozilla/5.0 (compatible; SemrushBot/7~bl; +http://www.semrush.com/bot.html)"
85.208.96.196 - - [10/Dec/2025:21:22:42 +0100] "GET /platby/hca/sephora-warehouse-sale HTTP/1.1" 200 12242 "-" "Mozilla/5.0 (compatible; SemrushBot/7~bl; +http://www.semrush.com/bot.html)"
100.28.49.152 - - [10/Dec/2025:21:22:43 +0100] "GET /platby/72zbxoz/6-week-old-chick-identification HTTP/1.1" 200 11963 "-" "Mozilla/5.0 AppleWebKit/537.36 (KHTML, like Gecko; compatible; Amazonbot/0.1; +https://developer.amazon.com/support/amazonbot) Chrome/119.0.6045.214 Safari/537.36"
85.208.96.206 - - [10/Dec/2025:21:22:43 +0100] "GET /platby/72zbxoz/face-unlock-with-mask-iphone HTTP/1.1" 200 12258 "-" "Mozilla/5.0 (compatible; SemrushBot/7~bl; +http://www.semrush.com/bot.html)"
85.208.96.208 - - [10/Dec/2025:21:22:45 +0100] "GET /platby/uwoy9/somerset-overseas-players-2021 HTTP/1.1" 200 13463 "-" "Mozilla/5.0 (compatible; SemrushBot/7~bl; +http://www.semrush.com/bot.html)"
185.191.171.6 - - [10/Dec/2025:21:22:47 +0100] "GET /platby/72zbxoz/bobby-charlton-jack-charlton-funeral HTTP/1.1" 200 10882 "-" "Mozilla/5.0 (compatible; SemrushBot/7~bl; +http://www.semrush.com/bot.html)"
52.3.26.180 - - [10/Dec/2025:21:22:47 +0100] "GET /platby/72zbxoz/waldorf-school-of-the-peninsula-jobs HTTP/1.1" 200 11583 "-" "Mozilla/5.0 AppleWebKit/537.36 (KHTML, like Gecko; compatible; Amazonbot/0.1; +https://developer.amazon.com/support/amazonbot) Chrome/119.0.6045.214 Safari/537.36"
85.208.96.197 - - [10/Dec/2025:21:22:48 +0100] "GET /platby/qqap/permanent-holiday-milky-way HTTP/1.1" 200 5828 "-" "Mozilla/5.0 (compatible; SemrushBot/7~bl; +http://www.semrush.com/bot.html)"
85.208.96.197 - - [10/Dec/2025:21:22:49 +0100] "GET /platby/qqap/wolverhampton-homes-direct HTTP/1.1" 200 10019 "-" "Mozilla/5.0 (compatible; SemrushBot/7~bl; +http://www.semrush.com/bot.html)"
185.191.171.6 - - [10/Dec/2025:21:22:51 +0100] "GET /platby/uwoy9/effects-of-covid-19-on-business-and-research HTTP/1.1" 200 12545 "-" "Mozilla/5.0 (compatible; SemrushBot/7~bl; +http://www.semrush.com/bot.html)"
34.238.45.183 - - [10/Dec/2025:21:22:51 +0100] "GET /platby/72zbxoz/do-bluebirds-attack-humans HTTP/1.1" 200 16571 "-" "Mozilla/5.0 AppleWebKit/537.36 (KHTML, like Gecko; compatible; Amazonbot/0.1; +https://developer.amazon.com/support/amazonbot) Chrome/119.0.6045.214 Safari/537.36"
185.191.171.2 - - [10/Dec/2025:21:22:52 +0100] "GET /platby/hca/how-to-spot-fake-jordan-11-low-concord HTTP/1.1" 200 10783 "-" "Mozilla/5.0 (compatible; SemrushBot/7~bl; +http://www.semrush.com/bot.html)"
85.208.96.198 - - [10/Dec/2025:21:22:53 +0100] "GET /platby/aohwuyx/massage-therapist-school HTTP/1.1" 200 10592 "-" "Mozilla/5.0 (compatible; SemrushBot/7~bl; +http://www.semrush.com/bot.html)"
185.191.171.13 - - [10/Dec/2025:21:22:55 +0100] "GET /platby/aohwuyx/lake-view-restaurant-menu HTTP/1.1" 200 15820 "-" "Mozilla/5.0 (compatible; SemrushBot/7~bl; +http://www.semrush.com/bot.html)"
185.191.171.17 - - [10/Dec/2025:21:22:57 +0100] "GET /platby/hca/numerical-methods-for-partial-differential-equations-ames HTTP/1.1" 200 9396 "-" "Mozilla/5.0 (compatible; SemrushBot/7~bl; +http://www.semrush.com/bot.html)"
54.90.8.255 - - [10/Dec/2025:21:22:57 +0100] "GET /platby/72zbxoz/james-corden-wife-and-kids HTTP/1.1" 200 7589 "-" "Mozilla/5.0 AppleWebKit/537.36 (KHTML, like Gecko; compatible; Amazonbot/0.1; +https://developer.amazon.com/support/amazonbot) Chrome/119.0.6045.214 Safari/537.36"
52.203.65.83 - - [10/Dec/2025:21:22:59 +0100] "GET /platby/72zbxoz/atlanta-falcons-2017-roster HTTP/1.1" 200 11660 "-" "Mozilla/5.0 AppleWebKit/537.36 (KHTML, like Gecko; compatible; Amazonbot/0.1; +https://developer.amazon.com/support/amazonbot) Chrome/119.0.6045.214 Safari/537.36"
85.208.96.206 - - [10/Dec/2025:21:22:59 +0100] "GET /platby/72zbxoz/xperia-xz2-software-update HTTP/1.1" 200 9401 "-" "Mozilla/5.0 (compatible; SemrushBot/7~bl; +http://www.semrush.com/bot.html)"
85.208.96.204 - - [10/Dec/2025:21:23:01 +0100] "GET /platby/aohwuyx/star-trek-all-good-things-part-2 HTTP/1.1" 200 13684 "-" "Mozilla/5.0 (compatible; SemrushBot/7~bl; +http://www.semrush.com/bot.html)"
44.213.36.21 - - [10/Dec/2025:21:23:03 +0100] "GET /platby/72zbxoz/appliance-direct-corporate-office HTTP/1.1" 200 9882 "-" "Mozilla/5.0 AppleWebKit/537.36 (KHTML, like Gecko; compatible; Amazonbot/0.1; +https://developer.amazon.com/support/amazonbot) Chrome/119.0.6045.214 Safari/537.36"
85.208.96.199 - - [10/Dec/2025:21:23:03 +0100] "GET /platby/hca/custom-throwback-football-jerseys HTTP/1.1" 200 11963 "-" "Mozilla/5.0 (compatible; SemrushBot/7~bl; +http://www.semrush.com/bot.html)"
85.208.96.204 - - [10/Dec/2025:21:23:04 +0100] "GET /platby/aohwuyx/marcy-smith-machine-sm-4033-assembly-instructions HTTP/1.1" 200 9080 "-" "Mozilla/5.0 (compatible; SemrushBot/7~bl; +http://www.semrush.com/bot.html)"
185.191.171.18 - - [10/Dec/2025:21:23:06 +0100] "GET /platby/hca/coyote-starrk-aba-infernasu HTTP/1.1" 200 6460 "-" "Mozilla/5.0 (compatible; SemrushBot/7~bl; +http://www.semrush.com/bot.html)"
44.218.6.93 - - [10/Dec/2025:21:23:07 +0100] "GET /platby/72zbxoz/wainwright-address-book HTTP/1.1" 200 15195 "-" "Mozilla/5.0 AppleWebKit/537.36 (KHTML, like Gecko; compatible; Amazonbot/0.1; +https://developer.amazon.com/support/amazonbot) Chrome/119.0.6045.214 Safari/537.36"
185.191.171.13 - - [10/Dec/2025:21:23:07 +0100] "GET /platby/qqap/signs-you-have-a-broken-heart HTTP/1.1" 200 8614 "-" "Mozilla/5.0 (compatible; SemrushBot/7~bl; +http://www.semrush.com/bot.html)"
185.191.171.11 - - [10/Dec/2025:21:23:09 +0100] "GET /platby/qqap/darian-thompson-starter HTTP/1.1" 200 9811 "-" "Mozilla/5.0 (compatible; SemrushBot/7~bl; +http://www.semrush.com/bot.html)"
98.84.131.195 - - [10/Dec/2025:21:23:11 +0100] "GET /platby/72zbxoz/more-pandemics-in-future HTTP/1.1" 200 11299 "-" "Mozilla/5.0 AppleWebKit/537.36 (KHTML, like Gecko; compatible; Amazonbot/0.1; +https://developer.amazon.com/support/amazonbot) Chrome/119.0.6045.214 Safari/537.36"
185.191.171.2 - - [10/Dec/2025:21:23:11 +0100] "GET /platby/72zbxoz/todd-gurley-rise-and-fall HTTP/1.1" 200 9450 "-" "Mozilla/5.0 (compatible; SemrushBot/7~bl; +http://www.semrush.com/bot.html)"
85.208.96.194 - - [10/Dec/2025:21:23:12 +0100] "GET /platby/hca/future-of-construction-industry HTTP/1.1" 200 7336 "-" "Mozilla/5.0 (compatible; SemrushBot/7~bl; +http://www.semrush.com/bot.html)"
85.208.96.201 - - [10/Dec/2025:21:23:13 +0100] "GET /platby/aohwuyx/hagerstown-community-college-transcript-request HTTP/1.1" 200 9452 "-" "Mozilla/5.0 (compatible; SemrushBot/7~bl; +http://www.semrush.com/bot.html)"
185.191.171.7 - - [10/Dec/2025:21:23:15 +0100] "GET /platby/aohwuyx/affordable-housing-miami HTTP/1.1" 200 11546 "-" "Mozilla/5.0 (compatible; SemrushBot/7~bl; +http://www.semrush.com/bot.html)"
52.207.47.227 - - [10/Dec/2025:21:23:15 +0100] "GET /platby/72zbxoz/biggest-gangster-in-canada HTTP/1.1" 200 9093 "-" "Mozilla/5.0 AppleWebKit/537.36 (KHTML, like Gecko; compatible; Amazonbot/0.1; +https://developer.amazon.com/support/amazonbot) Chrome/119.0.6045.214 Safari/537.36"
85.208.96.207 - - [10/Dec/2025:21:23:16 +0100] "GET /platby/72zbxoz/aquaboggan-covid-rules HTTP/1.1" 200 13867 "-" "Mozilla/5.0 (compatible; SemrushBot/7~bl; +http://www.semrush.com/bot.html)"
85.208.96.206 - - [10/Dec/2025:21:23:18 +0100] "GET /platby/aohwuyx/st-louis-missouri-population-2021 HTTP/1.1" 200 11220 "-" "Mozilla/5.0 (compatible; SemrushBot/7~bl; +http://www.semrush.com/bot.html)"
54.157.84.74 - - [10/Dec/2025:21:23:19 +0100] "GET /platby/72zbxoz/michael-jordan-paintings HTTP/1.1" 200 13689 "-" "Mozilla/5.0 AppleWebKit/537.36 (KHTML, like Gecko; compatible; Amazonbot/0.1; +https://developer.amazon.com/support/amazonbot) Chrome/119.0.6045.214 Safari/537.36"
185.191.171.10 - - [10/Dec/2025:21:23:20 +0100] "GET /platby/uwoy9/zendesk-guide-templates HTTP/1.1" 200 11321 "-" "Mozilla/5.0 (compatible; SemrushBot/7~bl; +http://www.semrush.com/bot.html)"
51.68.111.203 - - [10/Dec/2025:21:23:21 +0100] "\x16\x03\x01\x01J\x01" 403 265 "-" "-"
185.191.171.11 - - [10/Dec/2025:21:23:22 +0100] "GET /platby/uwoy9/directions-to-west-memphis-arkansas HTTP/1.1" 200 9356 "-" "Mozilla/5.0 (compatible; SemrushBot/7~bl; +http://www.semrush.com/bot.html)"
54.85.126.86 - - [10/Dec/2025:21:23:23 +0100] "GET /platby/72zbxoz/4gb-ram-mobile-under-10000-with-fingerprint HTTP/1.1" 200 11486 "-" "Mozilla/5.0 AppleWebKit/537.36 (KHTML, like Gecko; compatible; Amazonbot/0.1; +https://developer.amazon.com/support/amazonbot) Chrome/119.0.6045.214 Safari/537.36"
85.208.96.199 - - [10/Dec/2025:21:23:23 +0100] "GET /platby/qqap/student-accommodation-sydney-for-sale HTTP/1.1" 200 12477 "-" "Mozilla/5.0 (compatible; SemrushBot/7~bl; +http://www.semrush.com/bot.html)"
185.191.171.14 - - [10/Dec/2025:21:23:25 +0100] "GET /platby/hca/rickey-henderson-today HTTP/1.1" 200 7450 "-" "Mozilla/5.0 (compatible; SemrushBot/7~bl; +http://www.semrush.com/bot.html)"
185.191.171.6 - - [10/Dec/2025:21:23:28 +0100] "GET /platby/hca/diversity-and-inclusion-best-practices-in-healthcare HTTP/1.1" 200 13578 "-" "Mozilla/5.0 (compatible; SemrushBot/7~bl; +http://www.semrush.com/bot.html)"
54.163.136.244 - - [10/Dec/2025:21:23:28 +0100] "GET /platby/72zbxoz/wallace-name-pronunciation HTTP/1.1" 200 12155 "-" "Mozilla/5.0 AppleWebKit/537.36 (KHTML, like Gecko; compatible; Amazonbot/0.1; +https://developer.amazon.com/support/amazonbot) Chrome/119.0.6045.214 Safari/537.36"
85.208.96.206 - - [10/Dec/2025:21:23:30 +0100] "GET /platby/qqap/albert-einstein-facts HTTP/1.1" 200 6410 "-" "Mozilla/5.0 (compatible; SemrushBot/7~bl; +http://www.semrush.com/bot.html)"
52.70.138.176 - - [10/Dec/2025:21:23:31 +0100] "GET /platby/72zbxoz/byrds-what's-happening HTTP/1.1" 200 8903 "-" "Mozilla/5.0 AppleWebKit/537.36 (KHTML, like Gecko; compatible; Amazonbot/0.1; +https://developer.amazon.com/support/amazonbot) Chrome/119.0.6045.214 Safari/537.36"
85.208.96.200 - - [10/Dec/2025:21:23:32 +0100] "GET /platby/qqap/camp-bestival-location HTTP/1.1" 200 6825 "-" "Mozilla/5.0 (compatible; SemrushBot/7~bl; +http://www.semrush.com/bot.html)"
85.208.96.205 - - [10/Dec/2025:21:23:33 +0100] "GET /platby/uwoy9/teaching-strategies-in-mathematics-for-secondary HTTP/1.1" 200 8874 "-" "Mozilla/5.0 (compatible; SemrushBot/7~bl; +http://www.semrush.com/bot.html)"
185.191.171.19 - - [10/Dec/2025:21:23:34 +0100] "GET /platby/qqap/christmas-at-pemberley-manor-part-2 HTTP/1.1" 200 12532 "-" "Mozilla/5.0 (compatible; SemrushBot/7~bl; +http://www.semrush.com/bot.html)"
52.22.64.232 - - [10/Dec/2025:21:23:36 +0100] "GET /platby/72zbxoz/penstemon-digitalis-pink HTTP/1.1" 200 8479 "-" "Mozilla/5.0 AppleWebKit/537.36 (KHTML, like Gecko; compatible; Amazonbot/0.1; +https://developer.amazon.com/support/amazonbot) Chrome/119.0.6045.214 Safari/537.36"
85.208.96.206 - - [10/Dec/2025:21:23:36 +0100] "GET /platby/hca/buy-cell-phone-location-data HTTP/1.1" 200 10618 "-" "Mozilla/5.0 (compatible; SemrushBot/7~bl; +http://www.semrush.com/bot.html)"
85.208.96.194 - - [10/Dec/2025:21:23:38 +0100] "GET /platby/hca/goodix-driver-windows-10 HTTP/1.1" 200 8717 "-" "Mozilla/5.0 (compatible; SemrushBot/7~bl; +http://www.semrush.com/bot.html)"
185.191.171.2 - - [10/Dec/2025:21:23:39 +0100] "GET /platby/72zbxoz/excellent-results-synonym HTTP/1.1" 200 10315 "-" "Mozilla/5.0 (compatible; SemrushBot/7~bl; +http://www.semrush.com/bot.html)"
44.212.106.171 - - [10/Dec/2025:21:23:40 +0100] "GET /platby/72zbxoz/jennifer-meyer-meghan-markle HTTP/1.1" 200 10262 "-" "Mozilla/5.0 AppleWebKit/537.36 (KHTML, like Gecko; compatible; Amazonbot/0.1; +https://developer.amazon.com/support/amazonbot) Chrome/119.0.6045.214 Safari/537.36"
78.153.140.203 - - [10/Dec/2025:21:23:41 +0100] "\x16\x03\x01" 403 265 "-" "-"
185.191.171.11 - - [10/Dec/2025:21:23:42 +0100] "GET /platby/qqap/jordan-1-zoom-air-cmft-psg-paris-saint-germain HTTP/1.1" 200 11973 "-" "Mozilla/5.0 (compatible; SemrushBot/7~bl; +http://www.semrush.com/bot.html)"
85.208.96.208 - - [10/Dec/2025:21:23:43 +0100] "GET /platby/hca/carlo-imperato-grey's-anatomy HTTP/1.1" 200 10095 "-" "Mozilla/5.0 (compatible; SemrushBot/7~bl; +http://www.semrush.com/bot.html)"
54.90.8.255 - - [10/Dec/2025:21:23:44 +0100] "GET /platby/72zbxoz/stevenson-university-athletics HTTP/1.1" 200 6922 "-" "Mozilla/5.0 AppleWebKit/537.36 (KHTML, like Gecko; compatible; Amazonbot/0.1; +https://developer.amazon.com/support/amazonbot) Chrome/119.0.6045.214 Safari/537.36"
44.221.105.234 - - [10/Dec/2025:21:23:47 +0100] "GET /platby/72zbxoz/oklahoma-panhandle-state-university-address HTTP/1.1" 200 12257 "-" "Mozilla/5.0 AppleWebKit/537.36 (KHTML, like Gecko; compatible; Amazonbot/0.1; +https://developer.amazon.com/support/amazonbot) Chrome/119.0.6045.214 Safari/537.36"
18.214.251.19 - - [10/Dec/2025:21:23:51 +0100] "GET /platby/72zbxoz/pride-documentary-2021 HTTP/1.1" 200 9925 "-" "Mozilla/5.0 AppleWebKit/537.36 (KHTML, like Gecko; compatible; Amazonbot/0.1; +https://developer.amazon.com/support/amazonbot) Chrome/119.0.6045.214 Safari/537.36"
85.208.96.194 - - [10/Dec/2025:21:23:55 +0100] "GET /platby/hca/street-dance-examples HTTP/1.1" 200 10643 "-" "Mozilla/5.0 (compatible; SemrushBot/7~bl; +http://www.semrush.com/bot.html)"
23.21.119.232 - - [10/Dec/2025:21:23:55 +0100] "GET /platby/72zbxoz/walmart-phone-cases-samsung HTTP/1.1" 200 13713 "-" "Mozilla/5.0 AppleWebKit/537.36 (KHTML, like Gecko; compatible; Amazonbot/0.1; +https://developer.amazon.com/support/amazonbot) Chrome/119.0.6045.214 Safari/537.36"
34.196.6.199 - - [10/Dec/2025:21:24:00 +0100] "GET /platby/72zbxoz/brookfield-reit-company HTTP/1.1" 200 12435 "-" "Mozilla/5.0 AppleWebKit/537.36 (KHTML, like Gecko; compatible; Amazonbot/0.1; +https://developer.amazon.com/support/amazonbot) Chrome/119.0.6045.214 Safari/537.36"
34.226.89.140 - - [10/Dec/2025:21:24:04 +0100] "GET /platby/72zbxoz/pullover-sweatshirt-nike HTTP/1.1" 200 10266 "-" "Mozilla/5.0 AppleWebKit/537.36 (KHTML, like Gecko; compatible; Amazonbot/0.1; +https://developer.amazon.com/support/amazonbot) Chrome/119.0.6045.214 Safari/537.36"
3.224.215.150 - - [10/Dec/2025:21:24:10 +0100] "GET /platby/72zbxoz/almost-every-time-synonym HTTP/1.1" 200 12403 "-" "Mozilla/5.0 AppleWebKit/537.36 (KHTML, like Gecko; compatible; Amazonbot/0.1; +https://developer.amazon.com/support/amazonbot) Chrome/119.0.6045.214 Safari/537.36"
3.208.156.9 - - [10/Dec/2025:21:24:13 +0100] "GET /platby/72zbxoz/resulted-definition-synonym HTTP/1.1" 200 9970 "-" "Mozilla/5.0 AppleWebKit/537.36 (KHTML, like Gecko; compatible; Amazonbot/0.1; +https://developer.amazon.com/support/amazonbot) Chrome/119.0.6045.214 Safari/537.36"
85.208.96.193 - - [10/Dec/2025:21:24:16 +0100] "GET /platby/qqap/the-blacklist:-redemption HTTP/1.1" 200 5151 "-" "Mozilla/5.0 (compatible; SemrushBot/7~bl; +http://www.semrush.com/bot.html)"
85.208.96.199 - - [10/Dec/2025:21:24:20 +0100] "GET /platby/72zbxoz/kyle-kushman-strawberry-cough-seeds HTTP/1.1" 200 10283 "-" "Mozilla/5.0 (compatible; SemrushBot/7~bl; +http://www.semrush.com/bot.html)"
85.208.96.197 - - [10/Dec/2025:21:24:23 +0100] "GET /platby/qqap/cristian-romero-fifa-21-potential HTTP/1.1" 200 10122 "-" "Mozilla/5.0 (compatible; SemrushBot/7~bl; +http://www.semrush.com/bot.html)"
185.191.171.5 - - [10/Dec/2025:21:24:53 +0100] "GET /platby/qqap/hillcrest-high-school-clubs HTTP/1.1" 200 11918 "-" "Mozilla/5.0 (compatible; SemrushBot/7~bl; +http://www.semrush.com/bot.html)"
185.191.171.7 - - [10/Dec/2025:21:24:58 +0100] "GET /platby/uwoy9/fort-cody-trading-post HTTP/1.1" 200 8473 "-" "Mozilla/5.0 (compatible; SemrushBot/7~bl; +http://www.semrush.com/bot.html)"
185.191.171.17 - - [10/Dec/2025:21:24:59 +0100] "GET /platby/hca/court-of-international-trade-number-of-judges HTTP/1.1" 200 12001 "-" "Mozilla/5.0 (compatible; SemrushBot/7~bl; +http://www.semrush.com/bot.html)"
185.191.171.7 - - [10/Dec/2025:21:25:05 +0100] "GET /platby/uwoy9/lakers-player-last-name-brown HTTP/1.1" 200 11946 "-" "Mozilla/5.0 (compatible; SemrushBot/7~bl; +http://www.semrush.com/bot.html)"
85.208.96.200 - - [10/Dec/2025:21:25:15 +0100] "GET /platby/qqap/nba-2k21----2021-draft-class-xbox-one HTTP/1.1" 200 6798 "-" "Mozilla/5.0 (compatible; SemrushBot/7~bl; +http://www.semrush.com/bot.html)"
85.208.96.199 - - [10/Dec/2025:21:25:24 +0100] "GET /platby/uwoy9/formal-logic-examples HTTP/1.1" 200 9177 "-" "Mozilla/5.0 (compatible; SemrushBot/7~bl; +http://www.semrush.com/bot.html)"
185.191.171.10 - - [10/Dec/2025:21:25:59 +0100] "GET /platby/qqap/mundelein-high-school-basketball HTTP/1.1" 200 10299 "-" "Mozilla/5.0 (compatible; SemrushBot/7~bl; +http://www.semrush.com/bot.html)"
85.208.96.203 - - [10/Dec/2025:21:26:46 +0100] "GET /platby/qqap/who-plays-joan-gamper-trophy HTTP/1.1" 200 9435 "-" "Mozilla/5.0 (compatible; SemrushBot/7~bl; +http://www.semrush.com/bot.html)"
85.208.96.200 - - [10/Dec/2025:21:26:47 +0100] "GET /platby/aohwuyx/juno-chicago-reservations HTTP/1.1" 200 7656 "-" "Mozilla/5.0 (compatible; SemrushBot/7~bl; +http://www.semrush.com/bot.html)"
185.191.171.17 - - [10/Dec/2025:21:26:50 +0100] "GET /platby/aohwuyx/thunderstruck-ukulele HTTP/1.1" 200 12623 "-" "Mozilla/5.0 (compatible; SemrushBot/7~bl; +http://www.semrush.com/bot.html)"
216.244.66.239 - - [10/Dec/2025:21:26:57 +0100] "GET /platby/article.php?5d4c26=cube-world-collie HTTP/1.1" 200 21842 "-" "Mozilla/5.0 (compatible; DotBot/1.2; +https://opensiteexplorer.org/dotbot; help@moz.com)"
85.208.96.204 - - [10/Dec/2025:21:27:07 +0100] "GET /platby/aohwuyx/dwayne-bacon-oak-hill-roster HTTP/1.1" 200 11300 "-" "Mozilla/5.0 (compatible; SemrushBot/7~bl; +http://www.semrush.com/bot.html)"
142.93.218.49 - - [10/Dec/2025:21:27:08 +0100] "\x16\x03\x01\x02" 403 265 "-" "-"
216.244.66.239 - - [10/Dec/2025:21:27:10 +0100] "GET /platby/article.php?5d4c26=8-am-utc-to-ist HTTP/1.1" 200 20931 "-" "Mozilla/5.0 (compatible; DotBot/1.2; +https://opensiteexplorer.org/dotbot; help@moz.com)"
57.141.0.55 - - [10/Dec/2025:21:27:12 +0100] "GET /platby/aohwuyx/isabella-state-school HTTP/1.1" 200 40060 "-" "meta-externalagent/1.1 (+https://developers.facebook.com/docs/sharing/webmasters/crawler)"
216.244.66.239 - - [10/Dec/2025:21:27:14 +0100] "GET /platby/article.php?5d4c26=The-Short-%26-Curlies HTTP/1.1" 200 24538 "-" "Mozilla/5.0 (compatible; DotBot/1.2; +https://opensiteexplorer.org/dotbot; help@moz.com)"
216.244.66.239 - - [10/Dec/2025:21:27:18 +0100] "GET /platby/article.php?5d4c26=lego-space-rocket HTTP/1.1" 200 22646 "-" "Mozilla/5.0 (compatible; DotBot/1.2; +https://opensiteexplorer.org/dotbot; help@moz.com)"
216.244.66.239 - - [10/Dec/2025:21:27:21 +0100] "GET /platby/article.php?5d4c26=rubicon-project-news HTTP/1.1" 200 19390 "-" "Mozilla/5.0 (compatible; DotBot/1.2; +https://opensiteexplorer.org/dotbot; help@moz.com)"
185.191.171.13 - - [10/Dec/2025:21:27:24 +0100] "GET /platby/uwoy9/business-plans-for-dummies-pdf HTTP/1.1" 200 9695 "-" "Mozilla/5.0 (compatible; SemrushBot/7~bl; +http://www.semrush.com/bot.html)"
216.244.66.239 - - [10/Dec/2025:21:27:24 +0100] "GET /platby/article.php?5d4c26=strand-1-itgs HTTP/1.1" 200 18814 "-" "Mozilla/5.0 (compatible; DotBot/1.2; +https://opensiteexplorer.org/dotbot; help@moz.com)"
216.244.66.239 - - [10/Dec/2025:21:27:26 +0100] "GET /platby/article.php?5d4c26=wood-png-texture HTTP/1.1" 200 19114 "-" "Mozilla/5.0 (compatible; DotBot/1.2; +https://opensiteexplorer.org/dotbot; help@moz.com)"
216.244.66.239 - - [10/Dec/2025:21:27:29 +0100] "GET /platby/article.php?5d4c26=Dungeons-%26-Dragons-Tactics HTTP/1.1" 200 22075 "-" "Mozilla/5.0 (compatible; DotBot/1.2; +https://opensiteexplorer.org/dotbot; help@moz.com)"
216.244.66.239 - - [10/Dec/2025:21:27:31 +0100] "GET /platby/article.php?5d4c26=The-Story-of-Space HTTP/1.1" 200 19175 "-" "Mozilla/5.0 (compatible; DotBot/1.2; +https://opensiteexplorer.org/dotbot; help@moz.com)"
216.244.66.239 - - [10/Dec/2025:21:27:32 +0100] "GET /platby/article.php?5d4c26=Vostok-1-facts HTTP/1.1" 200 19657 "-" "Mozilla/5.0 (compatible; DotBot/1.2; +https://opensiteexplorer.org/dotbot; help@moz.com)"
216.244.66.239 - - [10/Dec/2025:21:27:34 +0100] "GET /platby/article.php?5d4c26=bol-channel-live HTTP/1.1" 200 20568 "-" "Mozilla/5.0 (compatible; DotBot/1.2; +https://opensiteexplorer.org/dotbot; help@moz.com)"
