5.255.231.85 - - [10/Dec/2025:05:52:46 +0100] "\x16\x03\x01\x02" 403 265 "-" "-"
185.191.171.19 - - [10/Dec/2025:05:52:52 +0100] "GET /platby/uwoy9/adjective-pronunciation HTTP/1.1" 200 12043 "-" "Mozilla/5.0 (compatible; SemrushBot/7~bl; +http://www.semrush.com/bot.html)"
185.191.171.17 - - [10/Dec/2025:05:52:59 +0100] "GET /platby/hca/exercise-high-endorphins HTTP/1.1" 200 11825 "-" "Mozilla/5.0 (compatible; SemrushBot/7~bl; +http://www.semrush.com/bot.html)"
185.191.171.15 - - [10/Dec/2025:05:53:01 +0100] "GET /platby/hca/national-parks-in-news-upsc-2021-pdf HTTP/1.1" 200 14232 "-" "Mozilla/5.0 (compatible; SemrushBot/7~bl; +http://www.semrush.com/bot.html)"
204.76.203.206 - - [10/Dec/2025:05:53:16 +0100] "GET /" 400 468 "-" "-"
114.119.128.6 - - [10/Dec/2025:05:53:16 +0100] "GET /platby/qqap/blackthorn-plants-for-sale-in-the-us HTTP/1.1" 200 12760 "http://ispc.klape.eu/platby/qqap/oklahoma-state-women%27s-track-and-field-roster" "Mozilla/5.0 (Linux; Android 7.0;) AppleWebKit/537.36 (KHTML, like Gecko) Mobile Safari/537.36 (compatible; PetalBot;+https://webmaster.petalsearch.com/site/petalbot)"
85.208.96.200 - - [10/Dec/2025:05:53:26 +0100] "GET /platby/72zbxoz/if-condition-in-shell-script-with-variable HTTP/1.1" 200 13879 "-" "Mozilla/5.0 (compatible; SemrushBot/7~bl; +http://www.semrush.com/bot.html)"
185.191.171.19 - - [10/Dec/2025:05:53:29 +0100] "GET /platby/hca/john-grisham-the-guardians HTTP/1.1" 200 10029 "-" "Mozilla/5.0 (compatible; SemrushBot/7~bl; +http://www.semrush.com/bot.html)"
85.208.96.197 - - [10/Dec/2025:05:53:33 +0100] "GET /platby/uwoy9/violations-included-under-title-ix HTTP/1.1" 200 9085 "-" "Mozilla/5.0 (compatible; SemrushBot/7~bl; +http://www.semrush.com/bot.html)"
34.192.67.98 - - [10/Dec/2025:05:53:33 +0100] "GET /platby/72zbxoz/schott-leather-biker-jacket-men's HTTP/1.1" 200 13634 "-" "Mozilla/5.0 AppleWebKit/537.36 (KHTML, like Gecko; compatible; Amazonbot/0.1; +https://developer.amazon.com/support/amazonbot) Chrome/119.0.6045.214 Safari/537.36"
3.208.156.9 - - [10/Dec/2025:05:53:37 +0100] "GET /platby/72zbxoz/huawei-mediapad-t3-keeps-restarting HTTP/1.1" 200 14875 "-" "Mozilla/5.0 AppleWebKit/537.36 (KHTML, like Gecko; compatible; Amazonbot/0.1; +https://developer.amazon.com/support/amazonbot) Chrome/119.0.6045.214 Safari/537.36"
185.191.171.2 - - [10/Dec/2025:05:53:39 +0100] "GET /platby/aohwuyx/pixel-4-turn-off-always-on-display HTTP/1.1" 200 7652 "-" "Mozilla/5.0 (compatible; SemrushBot/7~bl; +http://www.semrush.com/bot.html)"
52.45.92.83 - - [10/Dec/2025:05:53:46 +0100] "GET /platby/72zbxoz/stephanie-frederic-fgw-productions HTTP/1.1" 200 10727 "-" "Mozilla/5.0 AppleWebKit/537.36 (KHTML, like Gecko; compatible; Amazonbot/0.1; +https://developer.amazon.com/support/amazonbot) Chrome/119.0.6045.214 Safari/537.36"
185.191.171.13 - - [10/Dec/2025:05:53:47 +0100] "GET /platby/qqap/plasma-propulsion-engine HTTP/1.1" 200 11280 "-" "Mozilla/5.0 (compatible; SemrushBot/7~bl; +http://www.semrush.com/bot.html)"
85.208.96.197 - - [10/Dec/2025:05:53:57 +0100] "GET /platby/72zbxoz/huawei-nova-3i-camera-problem HTTP/1.1" 200 10892 "-" "Mozilla/5.0 (compatible; SemrushBot/7~bl; +http://www.semrush.com/bot.html)"
85.208.96.197 - - [10/Dec/2025:05:54:07 +0100] "GET /platby/hca/samsung-s8-plus-screen-replacement-near-me HTTP/1.1" 200 6890 "-" "Mozilla/5.0 (compatible; SemrushBot/7~bl; +http://www.semrush.com/bot.html)"
85.208.96.196 - - [10/Dec/2025:05:54:09 +0100] "GET /platby/qqap/ashley-kramlich-husband HTTP/1.1" 200 12600 "-" "Mozilla/5.0 (compatible; SemrushBot/7~bl; +http://www.semrush.com/bot.html)"
185.191.171.4 - - [10/Dec/2025:05:54:12 +0100] "GET /platby/uwoy9/1992-gold-leaf-baseball-cards HTTP/1.1" 200 14600 "-" "Mozilla/5.0 (compatible; SemrushBot/7~bl; +http://www.semrush.com/bot.html)"
204.76.203.206 - - [10/Dec/2025:05:54:15 +0100] "GET / HTTP/1.1" 200 316 "-" "Mozilla/5.0 (Windows NT 10.0; Win64; x64) AppleWebKit/537.36 (KHTML, like Gecko) Chrome/90.0.4430.85 Safari/537.36 Edg/90.0.818.46"
85.208.96.207 - - [10/Dec/2025:05:54:22 +0100] "GET /platby/aohwuyx/sr71-purple-kush-seeds HTTP/1.1" 200 12955 "-" "Mozilla/5.0 (compatible; SemrushBot/7~bl; +http://www.semrush.com/bot.html)"
141.98.11.170 - - [10/Dec/2025:05:54:23 +0100] "GET /" 400 468 "-" "-"
85.208.96.211 - - [10/Dec/2025:05:54:33 +0100] "GET /platby/aohwuyx/mario-kart-mini-games HTTP/1.1" 200 11604 "-" "Mozilla/5.0 (compatible; SemrushBot/7~bl; +http://www.semrush.com/bot.html)"
114.119.139.66 - - [10/Dec/2025:05:54:43 +0100] "GET /platby/article.php?5d4c26=weather-venice,-metropolitan-city-of-venice,-italy HTTP/1.1" 200 7354 "http://ispc.klape.eu/platby/article.php?5d4c26=adam-warlock-mcu-actor" "Mozilla/5.0 (Linux; Android 7.0;) AppleWebKit/537.36 (KHTML, like Gecko) Mobile Safari/537.36 (compatible; PetalBot;+https://webmaster.petalsearch.com/site/petalbot)"
85.208.96.204 - - [10/Dec/2025:05:54:59 +0100] "GET /platby/72zbxoz/home-to-harlem-full-text HTTP/1.1" 200 8209 "-" "Mozilla/5.0 (compatible; SemrushBot/7~bl; +http://www.semrush.com/bot.html)"
114.119.128.6 - - [10/Dec/2025:05:56:03 +0100] "GET /platby/qqap/simba-vs-kaizer-chiefs-head-to-head HTTP/1.1" 200 9028 "http://ispc.klape.eu/platby/qqap/the-social-dilemma-key-points" "Mozilla/5.0 (Linux; Android 7.0;) AppleWebKit/537.36 (KHTML, like Gecko) Mobile Safari/537.36 (compatible; PetalBot;+https://webmaster.petalsearch.com/site/petalbot)"
85.208.96.207 - - [10/Dec/2025:05:56:03 +0100] "GET /platby/aohwuyx/identify-a-flower-by-picture HTTP/1.1" 200 16101 "-" "Mozilla/5.0 (compatible; SemrushBot/7~bl; +http://www.semrush.com/bot.html)"
204.76.203.212 - - [10/Dec/2025:05:56:14 +0100] "GET /" 400 468 "-" "-"
185.191.171.13 - - [10/Dec/2025:05:56:31 +0100] "GET /platby/qqap/heritage-elementary-school-streamwood HTTP/1.1" 200 10116 "-" "Mozilla/5.0 (compatible; SemrushBot/7~bl; +http://www.semrush.com/bot.html)"
85.208.96.196 - - [10/Dec/2025:05:56:32 +0100] "GET /platby/hca/rosie-revere,-engineer-pdf HTTP/1.1" 200 8113 "-" "Mozilla/5.0 (compatible; SemrushBot/7~bl; +http://www.semrush.com/bot.html)"
185.191.171.3 - - [10/Dec/2025:05:56:43 +0100] "GET /platby/qqap/hera-goddess-of-fertility HTTP/1.1" 200 7465 "-" "Mozilla/5.0 (compatible; SemrushBot/7~bl; +http://www.semrush.com/bot.html)"
185.191.171.4 - - [10/Dec/2025:05:56:49 +0100] "GET /platby/uwoy9/cedarville-university-jobs HTTP/1.1" 200 13409 "-" "Mozilla/5.0 (compatible; SemrushBot/7~bl; +http://www.semrush.com/bot.html)"
185.191.171.7 - - [10/Dec/2025:05:57:01 +0100] "GET /platby/qqap/australia-npl-women's-league HTTP/1.1" 200 6803 "-" "Mozilla/5.0 (compatible; SemrushBot/7~bl; +http://www.semrush.com/bot.html)"
85.208.96.196 - - [10/Dec/2025:05:57:20 +0100] "GET /platby/hca/1223-ortman-rd,-marquette,-mi HTTP/1.1" 200 7254 "-" "Mozilla/5.0 (compatible; SemrushBot/7~bl; +http://www.semrush.com/bot.html)"
114.119.128.6 - - [10/Dec/2025:05:57:27 +0100] "GET /platby/article.php?5d4c26=omaha-counting-crows-meaning HTTP/1.1" 200 7222 "http://ispc.klape.eu/platby/article.php?5d4c26=how-to-live-on-a-homestead-in-apartment" "Mozilla/5.0 (Linux; Android 7.0;) AppleWebKit/537.36 (KHTML, like Gecko) Mobile Safari/537.36 (compatible; PetalBot;+https://webmaster.petalsearch.com/site/petalbot)"
185.191.171.16 - - [10/Dec/2025:05:57:32 +0100] "GET /platby/aohwuyx/modern-javascript-best-practices HTTP/1.1" 200 13919 "-" "Mozilla/5.0 (compatible; SemrushBot/7~bl; +http://www.semrush.com/bot.html)"
85.208.96.196 - - [10/Dec/2025:05:57:41 +0100] "GET /platby/uwoy9/center-parc-stadium-events HTTP/1.1" 200 12560 "-" "Mozilla/5.0 (compatible; SemrushBot/7~bl; +http://www.semrush.com/bot.html)"
85.208.96.206 - - [10/Dec/2025:05:57:43 +0100] "GET /platby/72zbxoz/what-was-the-next-style-of-jazz-after-dixieland HTTP/1.1" 200 15403 "-" "Mozilla/5.0 (compatible; SemrushBot/7~bl; +http://www.semrush.com/bot.html)"
185.191.171.10 - - [10/Dec/2025:05:57:45 +0100] "GET /platby/qqap/social-justice-and-poetry HTTP/1.1" 200 7946 "-" "Mozilla/5.0 (compatible; SemrushBot/7~bl; +http://www.semrush.com/bot.html)"
185.191.171.17 - - [10/Dec/2025:05:57:48 +0100] "GET /platby/hca/javascript-login-page-without-database HTTP/1.1" 200 9911 "-" "Mozilla/5.0 (compatible; SemrushBot/7~bl; +http://www.semrush.com/bot.html)"
85.208.96.209 - - [10/Dec/2025:05:57:49 +0100] "GET /platby/aohwuyx/pet-name-generator-fantasy HTTP/1.1" 200 14906 "-" "Mozilla/5.0 (compatible; SemrushBot/7~bl; +http://www.semrush.com/bot.html)"
185.191.171.7 - - [10/Dec/2025:05:57:51 +0100] "GET /platby/aohwuyx/danny-porush-and-jordan-belfort HTTP/1.1" 200 8400 "-" "Mozilla/5.0 (compatible; SemrushBot/7~bl; +http://www.semrush.com/bot.html)"
185.191.171.10 - - [10/Dec/2025:05:58:22 +0100] "GET /platby/72zbxoz/frame-sentence-with-girl HTTP/1.1" 200 14545 "-" "Mozilla/5.0 (compatible; SemrushBot/7~bl; +http://www.semrush.com/bot.html)"
85.208.96.196 - - [10/Dec/2025:05:58:26 +0100] "GET /platby/hca/how-to-use-alight-motion-on-chromebook HTTP/1.1" 200 9863 "-" "Mozilla/5.0 (compatible; SemrushBot/7~bl; +http://www.semrush.com/bot.html)"
85.208.96.199 - - [10/Dec/2025:05:58:31 +0100] "GET /platby/hca/fresno-state-bulldogs-football-schedule HTTP/1.1" 200 9177 "-" "Mozilla/5.0 (compatible; SemrushBot/7~bl; +http://www.semrush.com/bot.html)"
185.191.171.10 - - [10/Dec/2025:05:58:37 +0100] "GET /platby/uwoy9/fifa-21-player-career-mode-how-to-get-transferred HTTP/1.1" 200 12605 "-" "Mozilla/5.0 (compatible; SemrushBot/7~bl; +http://www.semrush.com/bot.html)"
114.119.129.163 - - [10/Dec/2025:05:58:50 +0100] "GET /platby/article.php?5d4c26=old-british-words HTTP/1.1" 200 6397 "http://ispc.klape.eu/platby/article.php?5d4c26=brands-rappers-wear-2019" "Mozilla/5.0 (Linux; Android 7.0;) AppleWebKit/537.36 (KHTML, like Gecko) Mobile Safari/537.36 (compatible; PetalBot;+https://webmaster.petalsearch.com/site/petalbot)"
85.208.96.196 - - [10/Dec/2025:05:58:54 +0100] "GET /platby/hca/chicago-fire-player-salaries-2021 HTTP/1.1" 200 12750 "-" "Mozilla/5.0 (compatible; SemrushBot/7~bl; +http://www.semrush.com/bot.html)"
85.208.96.201 - - [10/Dec/2025:05:59:09 +0100] "GET /platby/aohwuyx/indoor-botanical-gardens-near-me HTTP/1.1" 200 14926 "-" "Mozilla/5.0 (compatible; SemrushBot/7~bl; +http://www.semrush.com/bot.html)"
79.124.40.174 - - [10/Dec/2025:05:59:32 +0100] "GET /" 400 468 "-" "-"
85.208.96.211 - - [10/Dec/2025:06:00:03 +0100] "GET /platby/72zbxoz/sharepoint-records-management-limitations HTTP/1.1" 200 15302 "-" "Mozilla/5.0 (compatible; SemrushBot/7~bl; +http://www.semrush.com/bot.html)"
114.119.128.6 - - [10/Dec/2025:06:00:15 +0100] "GET /platby/article.php?5d4c26=news-in-slow-italian-app HTTP/1.1" 200 6186 "http://ispc.klape.eu/platby/article.php?5d4c26=snap-on-tools-logo" "Mozilla/5.0 (Linux; Android 7.0;) AppleWebKit/537.36 (KHTML, like Gecko) Mobile Safari/537.36 (compatible; PetalBot;+https://webmaster.petalsearch.com/site/petalbot)"
85.208.96.209 - - [10/Dec/2025:06:00:47 +0100] "GET /platby/uwoy9/oppo-support-pakistan HTTP/1.1" 200 9669 "-" "Mozilla/5.0 (compatible; SemrushBot/7~bl; +http://www.semrush.com/bot.html)"
85.208.96.208 - - [10/Dec/2025:06:00:49 +0100] "GET /platby/uwoy9/asp-net-core-web-api-active-directory-authentication HTTP/1.1" 200 13743 "-" "Mozilla/5.0 (compatible; SemrushBot/7~bl; +http://www.semrush.com/bot.html)"
185.191.171.15 - - [10/Dec/2025:06:00:50 +0100] "GET /platby/qqap/organic-tarragon-seeds HTTP/1.1" 200 11484 "-" "Mozilla/5.0 (compatible; SemrushBot/7~bl; +http://www.semrush.com/bot.html)"
185.191.171.15 - - [10/Dec/2025:06:01:05 +0100] "GET /robots.txt HTTP/1.1" 200 54 "-" "Mozilla/5.0 (compatible; SemrushBot/7~bl; +http://www.semrush.com/bot.html)"
185.191.171.5 - - [10/Dec/2025:06:01:06 +0100] "GET /platby/uwoy9/lakeview-elementary-school-lakeside HTTP/1.1" 200 7461 "-" "Mozilla/5.0 (compatible; SemrushBot/7~bl; +http://www.semrush.com/bot.html)"
185.191.171.2 - - [10/Dec/2025:06:01:07 +0100] "GET /platby/hca/uc-application-guide-2021 HTTP/1.1" 200 6970 "-" "Mozilla/5.0 (compatible; SemrushBot/7~bl; +http://www.semrush.com/bot.html)"
85.208.96.207 - - [10/Dec/2025:06:01:22 +0100] "GET /platby/qqap/western-michigan-university HTTP/1.1" 200 7654 "-" "Mozilla/5.0 (compatible; SemrushBot/7~bl; +http://www.semrush.com/bot.html)"
185.191.171.5 - - [10/Dec/2025:06:01:34 +0100] "GET /platby/uwoy9/office-of-science-and-technology HTTP/1.1" 200 9068 "-" "Mozilla/5.0 (compatible; SemrushBot/7~bl; +http://www.semrush.com/bot.html)"
114.119.149.2 - - [10/Dec/2025:06:02:18 +0100] "GET /platby/hca/premium-barber-shop-murray-hill HTTP/1.1" 200 6675 "http://ispc.klape.eu/platby/hca/aerodynamics-curriculum" "Mozilla/5.0 (Linux; Android 7.0;) AppleWebKit/537.36 (KHTML, like Gecko) Mobile Safari/537.36 (compatible; PetalBot;+https://webmaster.petalsearch.com/site/petalbot)"
185.191.171.15 - - [10/Dec/2025:06:02:18 +0100] "GET /platby/qqap/real-world-math-problems-pdf HTTP/1.1" 200 14611 "-" "Mozilla/5.0 (compatible; SemrushBot/7~bl; +http://www.semrush.com/bot.html)"
85.208.96.210 - - [10/Dec/2025:06:02:22 +0100] "GET /platby/72zbxoz/joey-diaz-the-longest-yard HTTP/1.1" 200 10983 "-" "Mozilla/5.0 (compatible; SemrushBot/7~bl; +http://www.semrush.com/bot.html)"
185.191.171.5 - - [10/Dec/2025:06:02:25 +0100] "GET /platby/uwoy9/best-high-schools-in-brooklyn HTTP/1.1" 200 10005 "-" "Mozilla/5.0 (compatible; SemrushBot/7~bl; +http://www.semrush.com/bot.html)"
85.208.96.208 - - [10/Dec/2025:06:02:27 +0100] "GET /platby/hca/2-bedroom-house-to-rent-sheffield HTTP/1.1" 200 12404 "-" "Mozilla/5.0 (compatible; SemrushBot/7~bl; +http://www.semrush.com/bot.html)"
85.208.96.208 - - [10/Dec/2025:06:02:28 +0100] "GET /platby/uwoy9/microsoft-teams-document-management-best-practices HTTP/1.1" 200 15901 "-" "Mozilla/5.0 (compatible; SemrushBot/7~bl; +http://www.semrush.com/bot.html)"
185.191.171.8 - - [10/Dec/2025:06:02:30 +0100] "GET /platby/uwoy9/another-word-for-charity-worker HTTP/1.1" 200 11603 "-" "Mozilla/5.0 (compatible; SemrushBot/7~bl; +http://www.semrush.com/bot.html)"
85.208.96.206 - - [10/Dec/2025:06:02:31 +0100] "GET /platby/hca/livingston-international-montreal HTTP/1.1" 200 7483 "-" "Mozilla/5.0 (compatible; SemrushBot/7~bl; +http://www.semrush.com/bot.html)"
85.208.96.197 - - [10/Dec/2025:06:02:33 +0100] "GET /platby/qqap/soccer-coaching-jobs-in-usa-for-uk-citizens HTTP/1.1" 200 13968 "-" "Mozilla/5.0 (compatible; SemrushBot/7~bl; +http://www.semrush.com/bot.html)"
185.191.171.8 - - [10/Dec/2025:06:02:35 +0100] "GET /platby/uwoy9/george-clinton-vice-president-accomplishments HTTP/1.1" 200 7192 "-" "Mozilla/5.0 (compatible; SemrushBot/7~bl; +http://www.semrush.com/bot.html)"
85.208.96.208 - - [10/Dec/2025:06:02:38 +0100] "GET /platby/hca/silver-spring,-md-crime-rate HTTP/1.1" 200 12383 "-" "Mozilla/5.0 (compatible; SemrushBot/7~bl; +http://www.semrush.com/bot.html)"
85.208.96.207 - - [10/Dec/2025:06:02:44 +0100] "GET /platby/72zbxoz/public-housing-agency-near-me HTTP/1.1" 200 10631 "-" "Mozilla/5.0 (compatible; SemrushBot/7~bl; +http://www.semrush.com/bot.html)"
114.119.128.6 - - [10/Dec/2025:06:03:02 +0100] "GET /platby/article.php?5d4c26=ligue-1-promotion HTTP/1.1" 200 6289 "http://ispc.klape.eu/platby/article.php?5d4c26=george-kruis-rowing" "Mozilla/5.0 (Linux; Android 7.0;) AppleWebKit/537.36 (KHTML, like Gecko) Mobile Safari/537.36 (compatible; PetalBot;+https://webmaster.petalsearch.com/site/petalbot)"
85.208.96.211 - - [10/Dec/2025:06:03:12 +0100] "GET /platby/uwoy9/lambeau-field-seating-chart-bc93 HTTP/1.1" 200 9815 "-" "Mozilla/5.0 (compatible; SemrushBot/7~bl; +http://www.semrush.com/bot.html)"
100.28.49.152 - - [10/Dec/2025:06:03:57 +0100] "GET /platby/qqap/bronny-james-aau-stats-2021 HTTP/1.1" 200 8899 "-" "Mozilla/5.0 AppleWebKit/537.36 (KHTML, like Gecko; compatible; Amazonbot/0.1; +https://developer.amazon.com/support/amazonbot) Chrome/119.0.6045.214 Safari/537.36"
52.70.209.13 - - [10/Dec/2025:06:03:58 +0100] "GET /platby/uwoy9/how-long-is-a-sleep-cycle-baby HTTP/1.1" 200 11167 "-" "Mozilla/5.0 AppleWebKit/537.36 (KHTML, like Gecko; compatible; Amazonbot/0.1; +https://developer.amazon.com/support/amazonbot) Chrome/119.0.6045.214 Safari/537.36"
98.83.72.38 - - [10/Dec/2025:06:04:00 +0100] "GET /platby/qqap/how-to-make-a-mini-rocket-engine HTTP/1.1" 200 7521 "-" "Mozilla/5.0 AppleWebKit/537.36 (KHTML, like Gecko; compatible; Amazonbot/0.1; +https://developer.amazon.com/support/amazonbot) Chrome/119.0.6045.214 Safari/537.36"
100.28.204.82 - - [10/Dec/2025:06:04:00 +0100] "GET /platby/uwoy9/kansai-yamamoto-david-bowie HTTP/1.1" 200 12192 "-" "Mozilla/5.0 AppleWebKit/537.36 (KHTML, like Gecko; compatible; Amazonbot/0.1; +https://developer.amazon.com/support/amazonbot) Chrome/119.0.6045.214 Safari/537.36"
34.233.219.155 - - [10/Dec/2025:06:04:01 +0100] "GET /platby/uwoy9/orlando-virginia-woolf-feminism HTTP/1.1" 200 10671 "-" "Mozilla/5.0 AppleWebKit/537.36 (KHTML, like Gecko; compatible; Amazonbot/0.1; +https://developer.amazon.com/support/amazonbot) Chrome/119.0.6045.214 Safari/537.36"
185.191.171.12 - - [10/Dec/2025:06:04:04 +0100] "GET /platby/aohwuyx/cornelius-vanderbilt-ii-house HTTP/1.1" 200 8710 "-" "Mozilla/5.0 (compatible; SemrushBot/7~bl; +http://www.semrush.com/bot.html)"
114.119.130.237 - - [10/Dec/2025:06:04:25 +0100] "GET /platby/article.php?5d4c26=galileo-law-of-inertia HTTP/1.1" 200 6509 "http://ispc.klape.eu/platby/article.php?5d4c26=most-habitable-exoplanet" "Mozilla/5.0 (Linux; Android 7.0;) AppleWebKit/537.36 (KHTML, like Gecko) Mobile Safari/537.36 (compatible; PetalBot;+https://webmaster.petalsearch.com/site/petalbot)"
85.208.96.211 - - [10/Dec/2025:06:04:52 +0100] "GET /platby/72zbxoz/e-commerce-product-detail-page-codepen HTTP/1.1" 200 9315 "-" "Mozilla/5.0 (compatible; SemrushBot/7~bl; +http://www.semrush.com/bot.html)"
185.191.171.11 - - [10/Dec/2025:06:05:05 +0100] "GET /platby/hca/racial-literacy-curriculum HTTP/1.1" 200 11270 "-" "Mozilla/5.0 (compatible; SemrushBot/7~bl; +http://www.semrush.com/bot.html)"
185.191.171.17 - - [10/Dec/2025:06:05:11 +0100] "GET /platby/72zbxoz/things-to-do-in-mystic,-ct-this-weekend HTTP/1.1" 200 15418 "-" "Mozilla/5.0 (compatible; SemrushBot/7~bl; +http://www.semrush.com/bot.html)"
85.208.96.211 - - [10/Dec/2025:06:05:22 +0100] "GET /platby/aohwuyx/low-maintenance-plants-for-arizona HTTP/1.1" 200 9144 "-" "Mozilla/5.0 (compatible; SemrushBot/7~bl; +http://www.semrush.com/bot.html)"
85.208.96.203 - - [10/Dec/2025:06:05:24 +0100] "GET /platby/aohwuyx/best-italian-strikers-of-all-time HTTP/1.1" 200 14541 "-" "Mozilla/5.0 (compatible; SemrushBot/7~bl; +http://www.semrush.com/bot.html)"
185.191.171.8 - - [10/Dec/2025:06:05:41 +0100] "GET /platby/aohwuyx/tracepoint-consulting HTTP/1.1" 200 12472 "-" "Mozilla/5.0 (compatible; SemrushBot/7~bl; +http://www.semrush.com/bot.html)"
185.191.171.11 - - [10/Dec/2025:06:05:45 +0100] "GET /platby/uwoy9/jewellery-making-classes-for-beginners-near-me HTTP/1.1" 200 15403 "-" "Mozilla/5.0 (compatible; SemrushBot/7~bl; +http://www.semrush.com/bot.html)"
185.191.171.3 - - [10/Dec/2025:06:05:47 +0100] "GET /platby/72zbxoz/barbershop-north-rochester,-mn HTTP/1.1" 200 20 "-" "Mozilla/5.0 (compatible; SemrushBot/7~bl; +http://www.semrush.com/bot.html)"
85.208.96.195 - - [10/Dec/2025:06:05:48 +0100] "GET /platby/qqap/galapagos-marine-plants HTTP/1.1" 200 8481 "-" "Mozilla/5.0 (compatible; SemrushBot/7~bl; +http://www.semrush.com/bot.html)"
185.191.171.7 - - [10/Dec/2025:06:05:50 +0100] "GET /platby/aohwuyx/insights-editorial-compilation-may-2020 HTTP/1.1" 200 15079 "-" "Mozilla/5.0 (compatible; SemrushBot/7~bl; +http://www.semrush.com/bot.html)"
114.119.128.6 - - [10/Dec/2025:06:05:50 +0100] "GET /platby/article.php?5d4c26=another-eden-voice-actors HTTP/1.1" 200 4920 "http://ispc.klape.eu/platby/article.php?5d4c26=brands-rappers-wear-2019" "Mozilla/5.0 (Linux; Android 7.0;) AppleWebKit/537.36 (KHTML, like Gecko) Mobile Safari/537.36 (compatible; PetalBot;+https://webmaster.petalsearch.com/site/petalbot)"
85.208.96.201 - - [10/Dec/2025:06:05:54 +0100] "GET /platby/aohwuyx/redbrick-portal-login HTTP/1.1" 200 8058 "-" "Mozilla/5.0 (compatible; SemrushBot/7~bl; +http://www.semrush.com/bot.html)"
85.208.96.196 - - [10/Dec/2025:06:06:11 +0100] "GET /platby/uwoy9/what-did-ollie-robinson-tweets HTTP/1.1" 200 10298 "-" "Mozilla/5.0 (compatible; SemrushBot/7~bl; +http://www.semrush.com/bot.html)"
185.191.171.5 - - [10/Dec/2025:06:06:13 +0100] "GET /platby/aohwuyx/homelearning-groveprimary-org-uk HTTP/1.1" 200 12797 "-" "Mozilla/5.0 (compatible; SemrushBot/7~bl; +http://www.semrush.com/bot.html)"
85.208.96.208 - - [10/Dec/2025:06:06:20 +0100] "GET /platby/72zbxoz/common-blackbird-lifespan HTTP/1.1" 200 15558 "-" "Mozilla/5.0 (compatible; SemrushBot/7~bl; +http://www.semrush.com/bot.html)"
85.208.96.197 - - [10/Dec/2025:06:06:33 +0100] "GET /platby/qqap/is-the-maharishi-effect-real HTTP/1.1" 200 6463 "-" "Mozilla/5.0 (compatible; SemrushBot/7~bl; +http://www.semrush.com/bot.html)"
185.191.171.4 - - [10/Dec/2025:06:06:37 +0100] "GET /platby/qqap/antonio-daniels-daughter HTTP/1.1" 200 12832 "-" "Mozilla/5.0 (compatible; SemrushBot/7~bl; +http://www.semrush.com/bot.html)"
85.208.96.193 - - [10/Dec/2025:06:06:43 +0100] "GET /platby/qqap/prince-peekablue-voice-actor-2020 HTTP/1.1" 200 9273 "-" "Mozilla/5.0 (compatible; SemrushBot/7~bl; +http://www.semrush.com/bot.html)"
141.98.11.170 - - [10/Dec/2025:06:06:45 +0100] "GET / HTTP/1.1" 200 316 "-" "Mozilla/5.0 (Windows NT 10.0; Win64; x64) AppleWebKit/537.36 (KHTML, like Gecko) Chrome/90.0.4430.85 Safari/537.36 Edg/90.0.818.46"
185.191.171.7 - - [10/Dec/2025:06:06:55 +0100] "GET /platby/uwoy9/florida-teacher-accused-of-sleeping-with-student HTTP/1.1" 200 9694 "-" "Mozilla/5.0 (compatible; SemrushBot/7~bl; +http://www.semrush.com/bot.html)"
185.191.171.3 - - [10/Dec/2025:06:07:12 +0100] "GET /platby/uwoy9/list-of-gold-coast-schools HTTP/1.1" 200 11849 "-" "Mozilla/5.0 (compatible; SemrushBot/7~bl; +http://www.semrush.com/bot.html)"
114.119.129.163 - - [10/Dec/2025:06:07:12 +0100] "GET /platby/72zbxoz/how-to-remove-app-lock-without-password HTTP/1.1" 200 9820 "http://ispc.klape.eu/platby/72zbxoz/zoey-and-sassafras-unicorns-and-germs-read-aloud" "Mozilla/5.0 (Linux; Android 7.0;) AppleWebKit/537.36 (KHTML, like Gecko) Mobile Safari/537.36 (compatible; PetalBot;+https://webmaster.petalsearch.com/site/petalbot)"
185.191.171.17 - - [10/Dec/2025:06:08:27 +0100] "GET /platby/72zbxoz/hood-college-diploma-frame HTTP/1.1" 200 8432 "-" "Mozilla/5.0 (compatible; SemrushBot/7~bl; +http://www.semrush.com/bot.html)"
185.191.171.4 - - [10/Dec/2025:06:08:29 +0100] "GET /platby/uwoy9/astrology-compatibility-celebrity HTTP/1.1" 200 9229 "-" "Mozilla/5.0 (compatible; SemrushBot/7~bl; +http://www.semrush.com/bot.html)"
78.153.140.171 - - [10/Dec/2025:06:09:08 +0100] "\x16\x03\x01" 403 265 "-" "-"
78.153.140.171 - - [10/Dec/2025:06:09:09 +0100] "\x16\x03\x01" 403 265 "-" "-"
114.119.128.6 - - [10/Dec/2025:06:09:09 +0100] "GET /platby/article.php?5d4c26=alexander-perls---maximalist HTTP/1.1" 200 7452 "http://ispc.klape.eu/platby/article.php?5d4c26=michael-robotham-%28goodreads%29" "Mozilla/5.0 (Linux; Android 7.0;) AppleWebKit/537.36 (KHTML, like Gecko) Mobile Safari/537.36 (compatible; PetalBot;+https://webmaster.petalsearch.com/site/petalbot)"
79.124.40.174 - - [10/Dec/2025:06:09:19 +0100] "GET /" 400 468 "-" "-"
185.191.171.4 - - [10/Dec/2025:06:09:20 +0100] "GET /platby/hca/wire-flower-girl-basket HTTP/1.1" 200 12259 "-" "Mozilla/5.0 (compatible; SemrushBot/7~bl; +http://www.semrush.com/bot.html)"
167.160.190.163 - - [10/Dec/2025:06:09:22 +0100] "\x16\x03\x01\x01\x18\x01" 403 265 "-" "-"
85.208.96.206 - - [10/Dec/2025:06:09:28 +0100] "GET /platby/uwoy9/south-africa-vs-ghana-soccerway HTTP/1.1" 200 9638 "-" "Mozilla/5.0 (compatible; SemrushBot/7~bl; +http://www.semrush.com/bot.html)"
185.191.171.11 - - [10/Dec/2025:06:09:33 +0100] "GET /platby/aohwuyx/what-percentage-of-colorado-is-vaccinated HTTP/1.1" 200 7491 "-" "Mozilla/5.0 (compatible; SemrushBot/7~bl; +http://www.semrush.com/bot.html)"
85.208.96.206 - - [10/Dec/2025:06:09:40 +0100] "GET /platby/hca/evaporated-milk-ingredients HTTP/1.1" 200 7419 "-" "Mozilla/5.0 (compatible; SemrushBot/7~bl; +http://www.semrush.com/bot.html)"
185.191.171.3 - - [10/Dec/2025:06:09:47 +0100] "GET /platby/qqap/expressed-emotion-scale HTTP/1.1" 200 6858 "-" "Mozilla/5.0 (compatible; SemrushBot/7~bl; +http://www.semrush.com/bot.html)"
185.191.171.17 - - [10/Dec/2025:06:09:48 +0100] "GET /platby/aohwuyx/wordpress_test_cookie-httponly HTTP/1.1" 200 13887 "-" "Mozilla/5.0 (compatible; SemrushBot/7~bl; +http://www.semrush.com/bot.html)"
185.191.171.11 - - [10/Dec/2025:06:09:50 +0100] "GET /platby/uwoy9/resona-bank-japan-address HTTP/1.1" 200 9558 "-" "Mozilla/5.0 (compatible; SemrushBot/7~bl; +http://www.semrush.com/bot.html)"
185.191.171.10 - - [10/Dec/2025:06:09:55 +0100] "GET /platby/aohwuyx/first-phone-with-side-fingerprint HTTP/1.1" 200 8590 "-" "Mozilla/5.0 (compatible; SemrushBot/7~bl; +http://www.semrush.com/bot.html)"
85.208.96.200 - - [10/Dec/2025:06:09:56 +0100] "GET /platby/hca/air-layering-definition-in-horticulture HTTP/1.1" 200 9548 "-" "Mozilla/5.0 (compatible; SemrushBot/7~bl; +http://www.semrush.com/bot.html)"
114.119.129.163 - - [10/Dec/2025:06:10:00 +0100] "GET /platby/72zbxoz/weber-infrared-grill-2-burner HTTP/1.1" 200 17203 "http://ispc.klape.eu/platby/72zbxoz/weber-infrared-grill-2-burner" "Mozilla/5.0 (Linux; Android 7.0;) AppleWebKit/537.36 (KHTML, like Gecko) Mobile Safari/537.36 (compatible; PetalBot;+https://webmaster.petalsearch.com/site/petalbot)"
85.208.96.193 - - [10/Dec/2025:06:10:13 +0100] "GET /platby/aohwuyx/charlotte-brow-bar-and-aesthetics HTTP/1.1" 200 12678 "-" "Mozilla/5.0 (compatible; SemrushBot/7~bl; +http://www.semrush.com/bot.html)"
185.191.171.10 - - [10/Dec/2025:06:10:29 +0100] "GET /platby/aohwuyx/dennis-avner-cause-of-death HTTP/1.1" 200 10712 "-" "Mozilla/5.0 (compatible; SemrushBot/7~bl; +http://www.semrush.com/bot.html)"
185.191.171.11 - - [10/Dec/2025:06:10:41 +0100] "GET /platby/hca/high-definition-synonym HTTP/1.1" 200 11808 "-" "Mozilla/5.0 (compatible; SemrushBot/7~bl; +http://www.semrush.com/bot.html)"
185.191.171.4 - - [10/Dec/2025:06:10:44 +0100] "GET /platby/qqap/bee-safe-storage-pflugerville HTTP/1.1" 200 8471 "-" "Mozilla/5.0 (compatible; SemrushBot/7~bl; +http://www.semrush.com/bot.html)"
185.191.171.1 - - [10/Dec/2025:06:10:49 +0100] "GET /platby/qqap/how-much-is-mrbeast-worth-2021 HTTP/1.1" 200 11705 "-" "Mozilla/5.0 (compatible; SemrushBot/7~bl; +http://www.semrush.com/bot.html)"
204.76.203.206 - - [10/Dec/2025:06:10:50 +0100] "GET /" 400 468 "-" "-"
185.191.171.9 - - [10/Dec/2025:06:10:51 +0100] "GET /platby/qqap/goat-hong-kong-facility HTTP/1.1" 200 11193 "-" "Mozilla/5.0 (compatible; SemrushBot/7~bl; +http://www.semrush.com/bot.html)"
185.191.171.1 - - [10/Dec/2025:06:10:53 +0100] "GET /platby/hca/david-peterson-good-to-great-coaching HTTP/1.1" 200 6807 "-" "Mozilla/5.0 (compatible; SemrushBot/7~bl; +http://www.semrush.com/bot.html)"
85.208.96.210 - - [10/Dec/2025:06:10:59 +0100] "GET /platby/hca/grumpy-bird-activities HTTP/1.1" 200 9205 "-" "Mozilla/5.0 (compatible; SemrushBot/7~bl; +http://www.semrush.com/bot.html)"
185.191.171.10 - - [10/Dec/2025:06:11:16 +0100] "GET /platby/aohwuyx/top-10-flowers-that-bloom-all-year HTTP/1.1" 200 14919 "-" "Mozilla/5.0 (compatible; SemrushBot/7~bl; +http://www.semrush.com/bot.html)"
114.119.139.66 - - [10/Dec/2025:06:11:24 +0100] "GET /platby/72zbxoz/how-to-develop-listening-skills-in-students-pdf HTTP/1.1" 200 10473 "http://ispc.klape.eu/platby/72zbxoz/how-to-develop-listening-skills-in-students-pdf" "Mozilla/5.0 (Linux; Android 7.0;) AppleWebKit/537.36 (KHTML, like Gecko) Mobile Safari/537.36 (compatible; PetalBot;+https://webmaster.petalsearch.com/site/petalbot)"
217.119.139.38 - - [10/Dec/2025:06:11:47 +0100] "\x16\x03\x01\x02" 403 265 "-" "-"
217.119.139.38 - - [10/Dec/2025:06:11:47 +0100] "GET / HTTP/1.1" 403 224 "-" "Mozilla/5.0 (Windows NT 10.0; Win64; x64) AppleWebKit/537.36 (KHTML, like Gecko) Chrome/140.0.0.0 Safari/537.36"
183.57.179.136 - - [10/Dec/2025:06:12:33 +0100] "GET /" 400 468 "-" "-"
183.57.179.136 - - [10/Dec/2025:06:12:33 +0100] "GET / HTTP/1.0" 200 515 "-" "-"
183.57.179.136 - - [10/Dec/2025:06:12:45 +0100] "\x16\x03" 403 265 "-" "-"
183.57.179.136 - - [10/Dec/2025:06:12:45 +0100] "\x16\x03" 403 265 "-" "-"
183.57.179.136 - - [10/Dec/2025:06:12:48 +0100] "GET / HTTP/1.0" 200 9163 "-" "-"
183.57.179.136 - - [10/Dec/2025:06:12:49 +0100] "\x80\x9e\x01\x03\x01" 403 265 "-" "-"
85.208.96.200 - - [10/Dec/2025:06:12:49 +0100] "GET /platby/hca/dosbox-commands-mount HTTP/1.1" 200 7306 "-" "Mozilla/5.0 (compatible; SemrushBot/7~bl; +http://www.semrush.com/bot.html)"
204.76.203.206 - - [10/Dec/2025:06:12:49 +0100] "GET / HTTP/1.1" 200 316 "-" "Mozilla/5.0 (Windows NT 10.0; Win64; x64) AppleWebKit/537.36 (KHTML, like Gecko) Chrome/90.0.4430.85 Safari/537.36 Edg/90.0.818.46"
114.119.149.2 - - [10/Dec/2025:06:12:58 +0100] "GET /platby/uwoy9/examples-of-xenia-in-the-odyssey-book-1 HTTP/1.1" 200 12696 "http://ispc.klape.eu/platby/uwoy9/swing-swing-swing-don%27t-don%27t-don%27t-tik-tok" "Mozilla/5.0 (Linux; Android 7.0;) AppleWebKit/537.36 (KHTML, like Gecko) Mobile Safari/537.36 (compatible; PetalBot;+https://webmaster.petalsearch.com/site/petalbot)"
185.191.171.12 - - [10/Dec/2025:06:12:58 +0100] "GET /platby/qqap/what-does-it-mean-to-be-alone-with-god HTTP/1.1" 200 8851 "-" "Mozilla/5.0 (compatible; SemrushBot/7~bl; +http://www.semrush.com/bot.html)"
183.57.179.136 - - [10/Dec/2025:06:13:02 +0100] "GET / HTTP/1.0" 403 265 "-" "-"
185.191.171.4 - - [10/Dec/2025:06:13:06 +0100] "GET /platby/aohwuyx/michigan-basketball-championship-2018 HTTP/1.1" 200 10637 "-" "Mozilla/5.0 (compatible; SemrushBot/7~bl; +http://www.semrush.com/bot.html)"
185.191.171.16 - - [10/Dec/2025:06:13:18 +0100] "GET /platby/uwoy9/functional-and-non-functional-requirements-template HTTP/1.1" 200 10128 "-" "Mozilla/5.0 (compatible; SemrushBot/7~bl; +http://www.semrush.com/bot.html)"
85.208.96.199 - - [10/Dec/2025:06:13:26 +0100] "GET /platby/hca/franklin-panthers-football-los-angeles HTTP/1.1" 200 11012 "-" "Mozilla/5.0 (compatible; SemrushBot/7~bl; +http://www.semrush.com/bot.html)"
159.65.55.158 - - [10/Dec/2025:06:13:30 +0100] "\x16\x03\x01\x02" 403 265 "-" "-"
183.57.179.136 - - [10/Dec/2025:06:13:32 +0100] "GET /nmaplowercheck1765343610 HTTP/1.1" 404 288 "-" "\"Mozilla/5.0"
183.57.179.136 - - [10/Dec/2025:06:13:32 +0100] "HEAD / HTTP/1.1" 200 0 "-" "\"Mozilla/5.0"
183.57.179.136 - - [10/Dec/2025:06:13:32 +0100] "POST /sdk HTTP/1.1" 403 269 "-" "\"Mozilla/5.0"
183.57.179.136 - - [10/Dec/2025:06:13:32 +0100] "GET /nmaplowercheck1765343610 HTTP/1.1" 403 290 "-" "\"Mozilla/5.0"
183.57.179.136 - - [10/Dec/2025:06:13:33 +0100] "GET /" 400 468 "-" "-"
183.57.179.136 - - [10/Dec/2025:06:13:34 +0100] "GET / HTTP/1.0" 200 515 "-" "-"
183.57.179.136 - - [10/Dec/2025:06:13:34 +0100] "GET / HTTP/1.0" 403 265 "-" "-"
183.57.179.136 - - [10/Dec/2025:06:13:36 +0100] "GET /" 400 468 "-" "-"
183.57.179.136 - - [10/Dec/2025:06:13:38 +0100] "GET /evox/about HTTP/1.1" 404 274 "-" "\"Mozilla/5.0"
183.57.179.136 - - [10/Dec/2025:06:13:41 +0100] "GET /" 400 468 "-" "-"
183.57.179.136 - - [10/Dec/2025:06:13:41 +0100] "GET /HNAP1 HTTP/1.1" 404 269 "-" "\"Mozilla/5.0"
183.57.179.136 - - [10/Dec/2025:06:13:41 +0100] "HEAD / HTTP/1.1" 403 0 "-" "\"Mozilla/5.0"
183.57.179.136 - - [10/Dec/2025:06:13:41 +0100] "POST /sdk HTTP/1.1" 404 267 "-" "\"Mozilla/5.0"
183.57.179.136 - - [10/Dec/2025:06:13:41 +0100] "GET /evox/about HTTP/1.1" 403 276 "-" "\"Mozilla/5.0"
183.57.179.136 - - [10/Dec/2025:06:13:42 +0100] "GET /HNAP1 HTTP/1.1" 403 271 "-" "\"Mozilla/5.0"
183.57.179.136 - - [10/Dec/2025:06:13:42 +0100] "GET /" 400 468 "-" "-"
183.57.179.136 - - [10/Dec/2025:06:13:42 +0100] "\x16\x03\x01\x02" 501 271 "-" "-"
183.57.179.136 - - [10/Dec/2025:06:13:42 +0100] "\x16\x03\x01\x02" 403 265 "-" "-"
183.57.179.136 - - [10/Dec/2025:06:13:44 +0100] "\x16\x03\x01\x02" 501 271 "-" "-"
183.57.179.136 - - [10/Dec/2025:06:13:44 +0100] "\x16\x03\x01\x02" 403 265 "-" "-"
183.57.179.136 - - [10/Dec/2025:06:13:44 +0100] "GET /" 400 468 "-" "-"
183.57.179.136 - - [10/Dec/2025:06:13:44 +0100] "\x16\x03\x01\x02" 501 271 "-" "-"
183.57.179.136 - - [10/Dec/2025:06:13:44 +0100] "\x16\x03\x01\x02" 403 265 "-" "-"
183.57.179.136 - - [10/Dec/2025:06:13:44 +0100] "GET /" 400 468 "-" "-"
183.57.179.136 - - [10/Dec/2025:06:13:44 +0100] "GET / HTTP/1.1" 403 266 "-" "\"Mozilla/5.0"
183.57.179.136 - - [10/Dec/2025:06:13:45 +0100] "\x16\x03\x01\x02" 403 265 "-" "-"
183.57.179.136 - - [10/Dec/2025:06:13:47 +0100] "GET /" 400 468 "-" "-"
183.57.179.136 - - [10/Dec/2025:06:13:57 +0100] "GET / HTTP/1.0" 200 9163 "-" "-"
183.57.179.136 - - [10/Dec/2025:06:13:57 +0100] "GET / HTTP/1.0" 200 515 "-" "-"
183.57.179.136 - - [10/Dec/2025:06:13:57 +0100] "GET / HTTP/1.0" 403 265 "-" "-"
183.57.179.136 - - [10/Dec/2025:06:13:58 +0100] "GET / HTTP/1.1" 200 516 "-" "-"
183.57.179.136 - - [10/Dec/2025:06:13:58 +0100] "GET / HTTP/1.1" 403 266 "-" "-"
183.57.179.136 - - [10/Dec/2025:06:13:59 +0100] "GET /" 400 468 "-" "-"
185.191.171.14 - - [10/Dec/2025:06:14:00 +0100] "GET /platby/hca/colin-de-grandhomme-wife HTTP/1.1" 200 6984 "-" "Mozilla/5.0 (compatible; SemrushBot/7~bl; +http://www.semrush.com/bot.html)"
85.208.96.200 - - [10/Dec/2025:06:14:08 +0100] "GET /platby/uwoy9/school-of-information-sciences HTTP/1.1" 200 9500 "-" "Mozilla/5.0 (compatible; SemrushBot/7~bl; +http://www.semrush.com/bot.html)"
85.208.96.211 - - [10/Dec/2025:06:14:10 +0100] "GET /platby/aohwuyx/space-information-for-kids HTTP/1.1" 200 13648 "-" "Mozilla/5.0 (compatible; SemrushBot/7~bl; +http://www.semrush.com/bot.html)"
114.119.149.2 - - [10/Dec/2025:06:14:11 +0100] "GET /platby/article.php?5d4c26=st-georges-flag-images HTTP/1.1" 200 6681 "http://ispc.klape.eu/platby/article.php?5d4c26=20-dollar-nose-bleed-genius" "Mozilla/5.0 (Linux; Android 7.0;) AppleWebKit/537.36 (KHTML, like Gecko) Mobile Safari/537.36 (compatible; PetalBot;+https://webmaster.petalsearch.com/site/petalbot)"
185.191.171.6 - - [10/Dec/2025:06:14:12 +0100] "GET /platby/72zbxoz/nazarene-bible-college-accreditation HTTP/1.1" 200 11769 "-" "Mozilla/5.0 (compatible; SemrushBot/7~bl; +http://www.semrush.com/bot.html)"
85.208.96.202 - - [10/Dec/2025:06:14:19 +0100] "GET /platby/aohwuyx/rod-woodson-charles-woodson HTTP/1.1" 200 10766 "-" "Mozilla/5.0 (compatible; SemrushBot/7~bl; +http://www.semrush.com/bot.html)"
185.191.171.12 - - [10/Dec/2025:06:14:31 +0100] "GET /platby/uwoy9/journal-for-jordan-casting HTTP/1.1" 200 8054 "-" "Mozilla/5.0 (compatible; SemrushBot/7~bl; +http://www.semrush.com/bot.html)"
185.191.171.12 - - [10/Dec/2025:06:14:36 +0100] "GET /platby/qqap/michael-carrick-salary-2020 HTTP/1.1" 200 5780 "-" "Mozilla/5.0 (compatible; SemrushBot/7~bl; +http://www.semrush.com/bot.html)"
185.191.171.11 - - [10/Dec/2025:06:14:39 +0100] "GET /platby/hca/brandeis-university-graduation-2021 HTTP/1.1" 200 12176 "-" "Mozilla/5.0 (compatible; SemrushBot/7~bl; +http://www.semrush.com/bot.html)"
185.191.171.3 - - [10/Dec/2025:06:14:41 +0100] "GET /platby/72zbxoz/causation-theory-entrepreneurship HTTP/1.1" 200 10963 "-" "Mozilla/5.0 (compatible; SemrushBot/7~bl; +http://www.semrush.com/bot.html)"
85.208.96.193 - - [10/Dec/2025:06:14:42 +0100] "GET /platby/qqap/leonard-kleinrock-parents HTTP/1.1" 200 8141 "-" "Mozilla/5.0 (compatible; SemrushBot/7~bl; +http://www.semrush.com/bot.html)"
85.208.96.199 - - [10/Dec/2025:06:14:44 +0100] "GET /platby/aohwuyx/customer-value-co-creation HTTP/1.1" 200 14362 "-" "Mozilla/5.0 (compatible; SemrushBot/7~bl; +http://www.semrush.com/bot.html)"
85.208.96.200 - - [10/Dec/2025:06:14:47 +0100] "GET /platby/aohwuyx/higher-education-strategic-planning-template HTTP/1.1" 200 9142 "-" "Mozilla/5.0 (compatible; SemrushBot/7~bl; +http://www.semrush.com/bot.html)"
185.191.171.16 - - [10/Dec/2025:06:15:06 +0100] "GET /platby/hca/huawei-p30-lite-always-on-display-missing HTTP/1.1" 200 11203 "-" "Mozilla/5.0 (compatible; SemrushBot/7~bl; +http://www.semrush.com/bot.html)"
185.191.171.16 - - [10/Dec/2025:06:15:22 +0100] "GET /platby/72zbxoz/listening-activities-for-college-students HTTP/1.1" 200 11945 "-" "Mozilla/5.0 (compatible; SemrushBot/7~bl; +http://www.semrush.com/bot.html)"
185.191.171.9 - - [10/Dec/2025:06:15:27 +0100] "GET /platby/hca/fingerprint-scanner-arduino HTTP/1.1" 200 7609 "-" "Mozilla/5.0 (compatible; SemrushBot/7~bl; +http://www.semrush.com/bot.html)"
114.119.140.102 - - [10/Dec/2025:06:15:36 +0100] "GET /platby/article.php?5d4c26=shayad-television-show HTTP/1.1" 200 6549 "http://ispc.klape.eu/platby/article.php?5d4c26=schmidt-cassegrain-8-inch" "Mozilla/5.0 (Linux; Android 7.0;) AppleWebKit/537.36 (KHTML, like Gecko) Mobile Safari/537.36 (compatible; PetalBot;+https://webmaster.petalsearch.com/site/petalbot)"
62.60.130.228 - - [10/Dec/2025:06:16:05 +0100] "\x16\x03\x01\x02" 403 265 "-" "-"
62.60.130.228 - - [10/Dec/2025:06:16:07 +0100] "\x16\x03\x01\x02" 403 265 "-" "-"
185.191.171.7 - - [10/Dec/2025:06:16:44 +0100] "GET /platby/aohwuyx/halasana-introduction HTTP/1.1" 200 15833 "-" "Mozilla/5.0 (compatible; SemrushBot/7~bl; +http://www.semrush.com/bot.html)"
185.191.171.14 - - [10/Dec/2025:06:16:46 +0100] "GET /platby/hca/dk-metcalf-madden-21-rating-overall HTTP/1.1" 200 11404 "-" "Mozilla/5.0 (compatible; SemrushBot/7~bl; +http://www.semrush.com/bot.html)"
85.208.96.210 - - [10/Dec/2025:06:17:07 +0100] "GET /platby/uwoy9/captain-fantastic-poem HTTP/1.1" 200 13892 "-" "Mozilla/5.0 (compatible; SemrushBot/7~bl; +http://www.semrush.com/bot.html)"
85.208.96.200 - - [10/Dec/2025:06:17:25 +0100] "GET /platby/uwoy9/n-tropy-voice-actor-crash-4 HTTP/1.1" 200 12617 "-" "Mozilla/5.0 (compatible; SemrushBot/7~bl; +http://www.semrush.com/bot.html)"
85.208.96.210 - - [10/Dec/2025:06:17:27 +0100] "GET /platby/72zbxoz/augustinus-bader-retinol HTTP/1.1" 200 8675 "-" "Mozilla/5.0 (compatible; SemrushBot/7~bl; +http://www.semrush.com/bot.html)"
185.191.171.3 - - [10/Dec/2025:06:18:00 +0100] "GET /platby/hca/transformation-30-day-weight-loss HTTP/1.1" 200 11153 "-" "Mozilla/5.0 (compatible; SemrushBot/7~bl; +http://www.semrush.com/bot.html)"
185.191.171.4 - - [10/Dec/2025:06:18:05 +0100] "GET /platby/hca/howard-university-notable-white-alumni HTTP/1.1" 200 13552 "-" "Mozilla/5.0 (compatible; SemrushBot/7~bl; +http://www.semrush.com/bot.html)"
185.191.171.12 - - [10/Dec/2025:06:18:09 +0100] "GET /platby/72zbxoz/summer-writing-camps-for-elementary-students-near-me HTTP/1.1" 200 10733 "-" "Mozilla/5.0 (compatible; SemrushBot/7~bl; +http://www.semrush.com/bot.html)"
85.208.96.211 - - [10/Dec/2025:06:18:11 +0100] "GET /platby/aohwuyx/riverview-international-academy HTTP/1.1" 200 9070 "-" "Mozilla/5.0 (compatible; SemrushBot/7~bl; +http://www.semrush.com/bot.html)"
185.191.171.16 - - [10/Dec/2025:06:18:12 +0100] "GET /platby/hca/edison-air-conditioning-program HTTP/1.1" 200 11816 "-" "Mozilla/5.0 (compatible; SemrushBot/7~bl; +http://www.semrush.com/bot.html)"
185.191.171.1 - - [10/Dec/2025:06:18:14 +0100] "GET /platby/aohwuyx/american-car-audio-brands HTTP/1.1" 200 15560 "-" "Mozilla/5.0 (compatible; SemrushBot/7~bl; +http://www.semrush.com/bot.html)"
185.191.171.14 - - [10/Dec/2025:06:18:22 +0100] "GET /platby/aohwuyx/which-individual-made-the-world-first-radio-broadcast HTTP/1.1" 200 16221 "-" "Mozilla/5.0 (compatible; SemrushBot/7~bl; +http://www.semrush.com/bot.html)"
79.124.40.174 - - [10/Dec/2025:06:18:23 +0100] "GET /" 400 468 "-" "-"
185.191.171.15 - - [10/Dec/2025:06:18:32 +0100] "GET /platby/uwoy9/mt-washington-pediatric-dermatology HTTP/1.1" 200 14942 "-" "Mozilla/5.0 (compatible; SemrushBot/7~bl; +http://www.semrush.com/bot.html)"
185.191.171.3 - - [10/Dec/2025:06:18:39 +0100] "GET /platby/uwoy9/ajdin-hrustic-transfermarkt HTTP/1.1" 200 9907 "-" "Mozilla/5.0 (compatible; SemrushBot/7~bl; +http://www.semrush.com/bot.html)"
79.124.40.174 - - [10/Dec/2025:06:18:40 +0100] "GET /" 400 468 "-" "-"
85.208.96.208 - - [10/Dec/2025:06:18:49 +0100] "GET /platby/72zbxoz/hungry-hungry-restaurant-login HTTP/1.1" 200 10000 "-" "Mozilla/5.0 (compatible; SemrushBot/7~bl; +http://www.semrush.com/bot.html)"
85.208.96.193 - - [10/Dec/2025:06:18:51 +0100] "GET /platby/hca/water-country-promo-code HTTP/1.1" 200 9344 "-" "Mozilla/5.0 (compatible; SemrushBot/7~bl; +http://www.semrush.com/bot.html)"
185.191.171.4 - - [10/Dec/2025:06:18:55 +0100] "GET /platby/72zbxoz/good-better-best-definition HTTP/1.1" 200 14478 "-" "Mozilla/5.0 (compatible; SemrushBot/7~bl; +http://www.semrush.com/bot.html)"
85.208.96.210 - - [10/Dec/2025:06:19:08 +0100] "GET /platby/qqap/i-don-t-want-to-think-about-it-anymore HTTP/1.1" 200 9806 "-" "Mozilla/5.0 (compatible; SemrushBot/7~bl; +http://www.semrush.com/bot.html)"
85.208.96.197 - - [10/Dec/2025:06:19:23 +0100] "GET /platby/hca/best-glossier-products HTTP/1.1" 200 12266 "-" "Mozilla/5.0 (compatible; SemrushBot/7~bl; +http://www.semrush.com/bot.html)"
85.208.96.193 - - [10/Dec/2025:06:19:41 +0100] "GET /platby/aohwuyx/samsung-galaxy-s9-manual-pdf HTTP/1.1" 200 10650 "-" "Mozilla/5.0 (compatible; SemrushBot/7~bl; +http://www.semrush.com/bot.html)"
104.210.140.141 - - [10/Dec/2025:06:19:57 +0100] "\x16\x03\x01\x02" 403 265 "-" "-"
104.210.140.132 - - [10/Dec/2025:06:19:59 +0100] "\x16\x03\x01\x02" 403 265 "-" "-"
114.119.149.2 - - [10/Dec/2025:06:20:21 +0100] "GET /platby/uwoy9/how-to-make-a-spaceship-with-a-bottle HTTP/1.1" 200 9908 "http://ispc.klape.eu/platby/uwoy9/sean-manaea-no-hitter-box-score" "Mozilla/5.0 (Linux; Android 7.0;) AppleWebKit/537.36 (KHTML, like Gecko) Mobile Safari/537.36 (compatible; PetalBot;+https://webmaster.petalsearch.com/site/petalbot)"
85.208.96.202 - - [10/Dec/2025:06:20:43 +0100] "GET /platby/qqap/aubrey's-menu-lenoir-city HTTP/1.1" 200 10323 "-" "Mozilla/5.0 (compatible; SemrushBot/7~bl; +http://www.semrush.com/bot.html)"
185.191.171.11 - - [10/Dec/2025:06:20:55 +0100] "GET /platby/qqap/most-famous-steam-locomotives HTTP/1.1" 200 11567 "-" "Mozilla/5.0 (compatible; SemrushBot/7~bl; +http://www.semrush.com/bot.html)"
185.191.171.11 - - [10/Dec/2025:06:21:09 +0100] "GET /platby/72zbxoz/florida-rappers-with-dreads HTTP/1.1" 200 13642 "-" "Mozilla/5.0 (compatible; SemrushBot/7~bl; +http://www.semrush.com/bot.html)"
185.191.171.8 - - [10/Dec/2025:06:21:10 +0100] "GET /platby/hca/arm-workout-at-home-without-equipment HTTP/1.1" 200 12251 "-" "Mozilla/5.0 (compatible; SemrushBot/7~bl; +http://www.semrush.com/bot.html)"
114.119.140.102 - - [10/Dec/2025:06:21:41 +0100] "GET /platby/hca/body-solid-cable-crossover HTTP/1.1" 200 12997 "http://ispc.klape.eu/platby/hca/body-solid-cable-crossover" "Mozilla/5.0 (Linux; Android 7.0;) AppleWebKit/537.36 (KHTML, like Gecko) Mobile Safari/537.36 (compatible; PetalBot;+https://webmaster.petalsearch.com/site/petalbot)"
185.191.171.4 - - [10/Dec/2025:06:21:43 +0100] "GET /platby/hca/cackling-goose-vs-canada-goose HTTP/1.1" 200 9565 "-" "Mozilla/5.0 (compatible; SemrushBot/7~bl; +http://www.semrush.com/bot.html)"
185.191.171.12 - - [10/Dec/2025:06:21:51 +0100] "GET /platby/aohwuyx/jordan-4-cool-grey-real-vs-fake HTTP/1.1" 200 11567 "-" "Mozilla/5.0 (compatible; SemrushBot/7~bl; +http://www.semrush.com/bot.html)"
185.191.171.3 - - [10/Dec/2025:06:21:56 +0100] "GET /platby/aohwuyx/cornell-transfer-college-confidential HTTP/1.1" 200 9517 "-" "Mozilla/5.0 (compatible; SemrushBot/7~bl; +http://www.semrush.com/bot.html)"
85.208.96.200 - - [10/Dec/2025:06:22:05 +0100] "GET /robots.txt HTTP/1.1" 200 54 "-" "Mozilla/5.0 (compatible; SemrushBot/7~bl; +http://www.semrush.com/bot.html)"
185.191.171.12 - - [10/Dec/2025:06:22:05 +0100] "GET /platby/qqap/vlogging-camera-cheap HTTP/1.1" 200 6121 "-" "Mozilla/5.0 (compatible; SemrushBot/7~bl; +http://www.semrush.com/bot.html)"
185.191.171.10 - - [10/Dec/2025:06:22:07 +0100] "GET /platby/72zbxoz/mini-braids-on-short-natural-hair HTTP/1.1" 200 12849 "-" "Mozilla/5.0 (compatible; SemrushBot/7~bl; +http://www.semrush.com/bot.html)"
85.208.96.206 - - [10/Dec/2025:06:22:12 +0100] "GET /platby/qqap/therapeutic-listening-in-communication HTTP/1.1" 200 9026 "-" "Mozilla/5.0 (compatible; SemrushBot/7~bl; +http://www.semrush.com/bot.html)"
185.191.171.11 - - [10/Dec/2025:06:22:15 +0100] "GET /platby/qqap/national-center-for-faculty-development-and-diversity-detroit HTTP/1.1" 200 11154 "-" "Mozilla/5.0 (compatible; SemrushBot/7~bl; +http://www.semrush.com/bot.html)"
85.208.96.211 - - [10/Dec/2025:06:22:23 +0100] "GET /platby/72zbxoz/chewing-gum-manufacturers HTTP/1.1" 200 12198 "-" "Mozilla/5.0 (compatible; SemrushBot/7~bl; +http://www.semrush.com/bot.html)"
185.191.171.2 - - [10/Dec/2025:06:22:32 +0100] "GET /platby/72zbxoz/theresa-russell-tv-shows HTTP/1.1" 200 11439 "-" "Mozilla/5.0 (compatible; SemrushBot/7~bl; +http://www.semrush.com/bot.html)"
85.208.96.212 - - [10/Dec/2025:06:22:40 +0100] "GET /platby/aohwuyx/ventfort-hall-interior HTTP/1.1" 200 12492 "-" "Mozilla/5.0 (compatible; SemrushBot/7~bl; +http://www.semrush.com/bot.html)"
85.208.96.206 - - [10/Dec/2025:06:22:49 +0100] "GET /platby/72zbxoz/phyllis-logan-husband HTTP/1.1" 200 12498 "-" "Mozilla/5.0 (compatible; SemrushBot/7~bl; +http://www.semrush.com/bot.html)"
185.191.171.9 - - [10/Dec/2025:06:23:00 +0100] "GET /platby/qqap/craigslist-ducks-near-me HTTP/1.1" 200 8300 "-" "Mozilla/5.0 (compatible; SemrushBot/7~bl; +http://www.semrush.com/bot.html)"
185.191.171.11 - - [10/Dec/2025:06:23:02 +0100] "GET /platby/qqap/craigslist-exeter,-nh-apartments HTTP/1.1" 200 9673 "-" "Mozilla/5.0 (compatible; SemrushBot/7~bl; +http://www.semrush.com/bot.html)"
114.119.128.6 - - [10/Dec/2025:06:23:06 +0100] "GET /platby/72zbxoz/tommy-hilfiger-t-shirts-canada HTTP/1.1" 200 13200 "http://ispc.klape.eu/platby/72zbxoz/jewelry-transformations" "Mozilla/5.0 (Linux; Android 7.0;) AppleWebKit/537.36 (KHTML, like Gecko) Mobile Safari/537.36 (compatible; PetalBot;+https://webmaster.petalsearch.com/site/petalbot)"
185.191.171.4 - - [10/Dec/2025:06:23:31 +0100] "GET /platby/uwoy9/how-do-i-link-my-microsoft-teams-to-onedrive HTTP/1.1" 200 12165 "-" "Mozilla/5.0 (compatible; SemrushBot/7~bl; +http://www.semrush.com/bot.html)"
185.191.171.14 - - [10/Dec/2025:06:23:43 +0100] "GET /platby/qqap/dermalogica-barrier-repair-how-to-use HTTP/1.1" 200 7543 "-" "Mozilla/5.0 (compatible; SemrushBot/7~bl; +http://www.semrush.com/bot.html)"
85.208.96.199 - - [10/Dec/2025:06:24:03 +0100] "GET /platby/hca/master-unlock-code-for-android HTTP/1.1" 200 11425 "-" "Mozilla/5.0 (compatible; SemrushBot/7~bl; +http://www.semrush.com/bot.html)"
114.119.139.66 - - [10/Dec/2025:06:25:47 +0100] "GET /platby/hca/nba-all-time-blocks-per-game-leaders HTTP/1.1" 200 7335 "http://ispc.klape.eu/platby/hca/asics-gel-kayano-28-release-date" "Mozilla/5.0 (Linux; Android 7.0;) AppleWebKit/537.36 (KHTML, like Gecko) Mobile Safari/537.36 (compatible; PetalBot;+https://webmaster.petalsearch.com/site/petalbot)"
85.208.96.195 - - [10/Dec/2025:06:26:21 +0100] "GET /platby/qqap/animation-major-salary HTTP/1.1" 200 12555 "-" "Mozilla/5.0 (compatible; SemrushBot/7~bl; +http://www.semrush.com/bot.html)"
20.221.57.26 - - [10/Dec/2025:06:26:21 +0100] "\x16\x03\x01" 403 265 "-" "-"
85.208.96.195 - - [10/Dec/2025:06:26:27 +0100] "GET /platby/qqap/animation-major-salary HTTP/1.1" 200 12555 "-" "Mozilla/5.0 (compatible; SemrushBot/7~bl; +http://www.semrush.com/bot.html)"
114.119.152.142 - - [10/Dec/2025:06:26:30 +0100] "GET /platby/hca/countryside-properties HTTP/1.1" 200 5314 "http://ispc.klape.eu/platby/hca/countryside-properties" "Mozilla/5.0 (Linux; Android 7.0;) AppleWebKit/537.36 (KHTML, like Gecko) Mobile Safari/537.36 (compatible; PetalBot;+https://webmaster.petalsearch.com/site/petalbot)"
185.191.171.5 - - [10/Dec/2025:06:26:43 +0100] "GET /platby/72zbxoz/holiday-rentals-mykonos HTTP/1.1" 200 9900 "-" "Mozilla/5.0 (compatible; SemrushBot/7~bl; +http://www.semrush.com/bot.html)"
85.208.96.206 - - [10/Dec/2025:06:27:13 +0100] "GET /platby/hca/2020-donruss-football-blaster-box HTTP/1.1" 200 6130 "-" "Mozilla/5.0 (compatible; SemrushBot/7~bl; +http://www.semrush.com/bot.html)"
44.193.115.232 - - [10/Dec/2025:06:27:18 +0100] "GET /platby/72zbxoz/jacob-stallings-high-school HTTP/1.1" 200 11527 "-" "Mozilla/5.0 AppleWebKit/537.36 (KHTML, like Gecko; compatible; Amazonbot/0.1; +https://developer.amazon.com/support/amazonbot) Chrome/119.0.6045.214 Safari/537.36"
54.84.161.62 - - [10/Dec/2025:06:27:21 +0100] "GET /platby/72zbxoz/riverfront-stadium-location HTTP/1.1" 200 10146 "-" "Mozilla/5.0 AppleWebKit/537.36 (KHTML, like Gecko; compatible; Amazonbot/0.1; +https://developer.amazon.com/support/amazonbot) Chrome/119.0.6045.214 Safari/537.36"
3.209.174.110 - - [10/Dec/2025:06:27:24 +0100] "GET /platby/72zbxoz/emmanuel-college-catchment-area HTTP/1.1" 200 14878 "-" "Mozilla/5.0 AppleWebKit/537.36 (KHTML, like Gecko; compatible; Amazonbot/0.1; +https://developer.amazon.com/support/amazonbot) Chrome/119.0.6045.214 Safari/537.36"
3.209.174.110 - - [10/Dec/2025:06:27:29 +0100] "GET /platby/72zbxoz/stuyvesant-high-school-calendar-2021 HTTP/1.1" 200 12439 "-" "Mozilla/5.0 AppleWebKit/537.36 (KHTML, like Gecko; compatible; Amazonbot/0.1; +https://developer.amazon.com/support/amazonbot) Chrome/119.0.6045.214 Safari/537.36"
34.224.132.215 - - [10/Dec/2025:06:27:29 +0100] "GET /platby/72zbxoz/henry-park-primary-school HTTP/1.1" 200 8411 "-" "Mozilla/5.0 AppleWebKit/537.36 (KHTML, like Gecko; compatible; Amazonbot/0.1; +https://developer.amazon.com/support/amazonbot) Chrome/119.0.6045.214 Safari/537.36"
54.85.7.119 - - [10/Dec/2025:06:28:02 +0100] "GET /platby/72zbxoz/franklin-basketball-schedule HTTP/1.1" 200 13125 "-" "Mozilla/5.0 AppleWebKit/537.36 (KHTML, like Gecko; compatible; Amazonbot/0.1; +https://developer.amazon.com/support/amazonbot) Chrome/119.0.6045.214 Safari/537.36"
