185.191.171.8 - - [10/Dec/2025:13:01:30 +0100] "GET /platby/hca/billie-eilish-jordan-release-date HTTP/1.1" 200 6348 "-" "Mozilla/5.0 (compatible; SemrushBot/7~bl; +http://www.semrush.com/bot.html)"
185.191.171.7 - - [10/Dec/2025:13:01:52 +0100] "GET /platby/aohwuyx/best-skunk-indica-strain HTTP/1.1" 200 9602 "-" "Mozilla/5.0 (compatible; SemrushBot/7~bl; +http://www.semrush.com/bot.html)"
185.100.87.136 - - [10/Dec/2025:13:01:53 +0100] "GET /" 400 468 "-" "-"
185.191.171.8 - - [10/Dec/2025:13:01:54 +0100] "GET /platby/uwoy9/analogous-structures-vs-homologous-structures HTTP/1.1" 200 8011 "-" "Mozilla/5.0 (compatible; SemrushBot/7~bl; +http://www.semrush.com/bot.html)"
185.191.171.8 - - [10/Dec/2025:13:02:21 +0100] "GET /platby/72zbxoz/is-chris-kempczinski-polish HTTP/1.1" 200 8127 "-" "Mozilla/5.0 (compatible; SemrushBot/7~bl; +http://www.semrush.com/bot.html)"
188.75.140.78 - - [10/Dec/2025:13:02:33 +0100] "GET /" 400 468 "-" "-"
185.191.171.18 - - [10/Dec/2025:13:03:16 +0100] "GET /platby/hca/challenges-in-agriculture-supply-chain-management HTTP/1.1" 200 7815 "-" "Mozilla/5.0 (compatible; SemrushBot/7~bl; +http://www.semrush.com/bot.html)"
85.208.96.199 - - [10/Dec/2025:13:03:19 +0100] "GET /platby/hca/banks-singer-controversy HTTP/1.1" 200 11234 "-" "Mozilla/5.0 (compatible; SemrushBot/7~bl; +http://www.semrush.com/bot.html)"
85.208.96.194 - - [10/Dec/2025:13:03:59 +0100] "GET /platby/uwoy9/is-jacksonville-arkansas-a-dry''-county HTTP/1.1" 200 10922 "-" "Mozilla/5.0 (compatible; SemrushBot/7~bl; +http://www.semrush.com/bot.html)"
185.191.171.16 - - [10/Dec/2025:13:04:13 +0100] "GET /platby/qqap/new-mlb-rules-2021-extra-innings HTTP/1.1" 200 5716 "-" "Mozilla/5.0 (compatible; SemrushBot/7~bl; +http://www.semrush.com/bot.html)"
85.208.96.212 - - [10/Dec/2025:13:04:22 +0100] "GET /platby/hca/ginza-northampton-delivery HTTP/1.1" 200 11041 "-" "Mozilla/5.0 (compatible; SemrushBot/7~bl; +http://www.semrush.com/bot.html)"
185.191.171.19 - - [10/Dec/2025:13:04:25 +0100] "GET /platby/hca/steelseries-stratus-duo-call-of-duty-mobile HTTP/1.1" 200 7665 "-" "Mozilla/5.0 (compatible; SemrushBot/7~bl; +http://www.semrush.com/bot.html)"
85.208.96.202 - - [10/Dec/2025:13:04:51 +0100] "GET /platby/hca/moto-g8-screen-replacement HTTP/1.1" 200 11495 "-" "Mozilla/5.0 (compatible; SemrushBot/7~bl; +http://www.semrush.com/bot.html)"
185.191.171.14 - - [10/Dec/2025:13:04:58 +0100] "GET /platby/uwoy9/basis-calendar-2021-22 HTTP/1.1" 200 8146 "-" "Mozilla/5.0 (compatible; SemrushBot/7~bl; +http://www.semrush.com/bot.html)"
185.191.171.2 - - [10/Dec/2025:13:04:59 +0100] "GET /platby/72zbxoz/best-cheap-midfielders-fifa-21 HTTP/1.1" 200 10352 "-" "Mozilla/5.0 (compatible; SemrushBot/7~bl; +http://www.semrush.com/bot.html)"
85.208.96.194 - - [10/Dec/2025:13:05:14 +0100] "GET /platby/72zbxoz/netherlands-vs-australia-2014 HTTP/1.1" 200 12527 "-" "Mozilla/5.0 (compatible; SemrushBot/7~bl; +http://www.semrush.com/bot.html)"
185.191.171.6 - - [10/Dec/2025:13:05:17 +0100] "GET /platby/hca/euromillions-prize-breakdown-tonight-results HTTP/1.1" 200 9077 "-" "Mozilla/5.0 (compatible; SemrushBot/7~bl; +http://www.semrush.com/bot.html)"
85.208.96.206 - - [10/Dec/2025:13:05:18 +0100] "GET /platby/hca/quantum-physics-for-dummies HTTP/1.1" 200 6363 "-" "Mozilla/5.0 (compatible; SemrushBot/7~bl; +http://www.semrush.com/bot.html)"
85.208.96.198 - - [10/Dec/2025:13:05:24 +0100] "GET /platby/qqap/oldest-england-football-player HTTP/1.1" 200 12074 "-" "Mozilla/5.0 (compatible; SemrushBot/7~bl; +http://www.semrush.com/bot.html)"
109.164.40.90 - - [10/Dec/2025:13:05:30 +0100] "\x16\x03\x01\x06\xb9\x01" 403 265 "-" "-"
109.164.40.90 - - [10/Dec/2025:13:05:30 +0100] "\x16\x03\x01\x06\xb9\x01" 403 265 "-" "-"
185.191.171.4 - - [10/Dec/2025:13:05:32 +0100] "GET /platby/72zbxoz/high-creatinine-clearance HTTP/1.1" 200 10765 "-" "Mozilla/5.0 (compatible; SemrushBot/7~bl; +http://www.semrush.com/bot.html)"
85.208.96.208 - - [10/Dec/2025:13:05:36 +0100] "GET /platby/aohwuyx/landing-page-html-code-w3schools HTTP/1.1" 200 13527 "-" "Mozilla/5.0 (compatible; SemrushBot/7~bl; +http://www.semrush.com/bot.html)"
109.164.40.90 - - [10/Dec/2025:13:05:38 +0100] "\x16\x03\x01\x06\xd9\x01" 403 265 "-" "-"
109.164.40.90 - - [10/Dec/2025:13:05:38 +0100] "\x16\x03\x01\x06\xb9\x01" 403 265 "-" "-"
34.141.215.197 - - [10/Dec/2025:13:05:40 +0100] "\x16\x03\x01\x02" 403 265 "-" "-"
85.208.96.194 - - [10/Dec/2025:13:05:53 +0100] "GET /platby/hca/magnitude-of-force-formula HTTP/1.1" 200 6859 "-" "Mozilla/5.0 (compatible; SemrushBot/7~bl; +http://www.semrush.com/bot.html)"
185.191.171.13 - - [10/Dec/2025:13:05:56 +0100] "GET /robots.txt HTTP/1.1" 200 54 "-" "Mozilla/5.0 (compatible; SemrushBot/7~bl; +http://www.semrush.com/bot.html)"
185.191.171.2 - - [10/Dec/2025:13:05:56 +0100] "GET /platby/uwoy9/cleveland-browns-stadium-capacity HTTP/1.1" 200 13431 "-" "Mozilla/5.0 (compatible; SemrushBot/7~bl; +http://www.semrush.com/bot.html)"
141.98.11.170 - - [10/Dec/2025:13:06:07 +0100] "GET /" 400 468 "-" "-"
85.208.96.212 - - [10/Dec/2025:13:06:23 +0100] "GET /platby/72zbxoz/places-for-rent-under-$700-near-me HTTP/1.1" 200 11388 "-" "Mozilla/5.0 (compatible; SemrushBot/7~bl; +http://www.semrush.com/bot.html)"
113.162.26.222 - - [10/Dec/2025:13:06:27 +0100] "GET /platby/qqap/i-love-how-you-love-me-chords-ukulele HTTP/1.1" 200 12938 "-" "Mozilla/5.0 (iPhone; CPU iPhone OS 16_7_7 like Mac OS X) AppleWebKit/534.2 (KHTML, like Gecko) FxiOS/15.8t8395.0 Mobile/23J907 Safari/534.2"
85.208.96.206 - - [10/Dec/2025:13:07:24 +0100] "GET /platby/uwoy9/hottest-place-on-earth-2021 HTTP/1.1" 200 8910 "-" "Mozilla/5.0 (compatible; SemrushBot/7~bl; +http://www.semrush.com/bot.html)"
185.191.171.4 - - [10/Dec/2025:13:07:34 +0100] "GET /platby/aohwuyx/west-texas-warbirds-standings HTTP/1.1" 200 13374 "-" "Mozilla/5.0 (compatible; SemrushBot/7~bl; +http://www.semrush.com/bot.html)"
185.191.171.5 - - [10/Dec/2025:13:07:50 +0100] "GET /platby/uwoy9/delft-university-of-technology-ranking-2021 HTTP/1.1" 200 10867 "-" "Mozilla/5.0 (compatible; SemrushBot/7~bl; +http://www.semrush.com/bot.html)"
85.208.96.196 - - [10/Dec/2025:13:08:09 +0100] "GET /platby/72zbxoz/where-is-the-fingerprint-sensor-on-s21 HTTP/1.1" 200 7874 "-" "Mozilla/5.0 (compatible; SemrushBot/7~bl; +http://www.semrush.com/bot.html)"
185.191.171.11 - - [10/Dec/2025:13:08:21 +0100] "GET /platby/72zbxoz/duck-feathers-waterproof HTTP/1.1" 200 9949 "-" "Mozilla/5.0 (compatible; SemrushBot/7~bl; +http://www.semrush.com/bot.html)"
85.208.96.207 - - [10/Dec/2025:13:08:45 +0100] "GET /platby/hca/sf-giants-city-connect-jersey HTTP/1.1" 200 5689 "-" "Mozilla/5.0 (compatible; SemrushBot/7~bl; +http://www.semrush.com/bot.html)"
85.208.96.199 - - [10/Dec/2025:13:08:50 +0100] "GET /platby/72zbxoz/british-audio-companies HTTP/1.1" 200 8251 "-" "Mozilla/5.0 (compatible; SemrushBot/7~bl; +http://www.semrush.com/bot.html)"
185.191.171.5 - - [10/Dec/2025:13:08:53 +0100] "GET /platby/uwoy9/imagine-radio-presenters HTTP/1.1" 200 14891 "-" "Mozilla/5.0 (compatible; SemrushBot/7~bl; +http://www.semrush.com/bot.html)"
204.76.203.212 - - [10/Dec/2025:13:08:56 +0100] "GET /" 400 468 "-" "-"
85.208.96.200 - - [10/Dec/2025:13:08:58 +0100] "GET /platby/qqap/liquorice-powder-benefits HTTP/1.1" 200 6995 "-" "Mozilla/5.0 (compatible; SemrushBot/7~bl; +http://www.semrush.com/bot.html)"
85.208.96.207 - - [10/Dec/2025:13:09:02 +0100] "GET /platby/qqap/windsor-castle-mailing-address HTTP/1.1" 200 7300 "-" "Mozilla/5.0 (compatible; SemrushBot/7~bl; +http://www.semrush.com/bot.html)"
185.191.171.11 - - [10/Dec/2025:13:09:08 +0100] "GET /platby/qqap/jordan-4-fire-red'-2012 HTTP/1.1" 200 10375 "-" "Mozilla/5.0 (compatible; SemrushBot/7~bl; +http://www.semrush.com/bot.html)"
185.191.171.14 - - [10/Dec/2025:13:09:17 +0100] "GET /platby/uwoy9/pyrrhuloxia-cardinal-hybrid HTTP/1.1" 200 13750 "-" "Mozilla/5.0 (compatible; SemrushBot/7~bl; +http://www.semrush.com/bot.html)"
85.208.96.209 - - [10/Dec/2025:13:09:21 +0100] "GET /platby/hca/earl-the-pearl-monroe-wife HTTP/1.1" 200 10955 "-" "Mozilla/5.0 (compatible; SemrushBot/7~bl; +http://www.semrush.com/bot.html)"
85.208.96.211 - - [10/Dec/2025:13:09:23 +0100] "GET /platby/uwoy9/spacex-launch-tonight HTTP/1.1" 200 10374 "-" "Mozilla/5.0 (compatible; SemrushBot/7~bl; +http://www.semrush.com/bot.html)"
185.191.171.7 - - [10/Dec/2025:13:09:34 +0100] "GET /platby/72zbxoz/omegle-error-connecting-to-server HTTP/1.1" 200 9378 "-" "Mozilla/5.0 (compatible; SemrushBot/7~bl; +http://www.semrush.com/bot.html)"
85.208.96.209 - - [10/Dec/2025:13:09:41 +0100] "GET /platby/72zbxoz/cleveland-championships-roster HTTP/1.1" 200 12940 "-" "Mozilla/5.0 (compatible; SemrushBot/7~bl; +http://www.semrush.com/bot.html)"
185.191.171.3 - - [10/Dec/2025:13:09:54 +0100] "GET /platby/72zbxoz/grammar-practice-book-grade-4-answer-key HTTP/1.1" 200 9904 "-" "Mozilla/5.0 (compatible; SemrushBot/7~bl; +http://www.semrush.com/bot.html)"
85.208.96.200 - - [10/Dec/2025:13:09:58 +0100] "GET /platby/qqap/resident-evil-5-rocket-launcher-3-1 HTTP/1.1" 200 10499 "-" "Mozilla/5.0 (compatible; SemrushBot/7~bl; +http://www.semrush.com/bot.html)"
85.208.96.211 - - [10/Dec/2025:13:10:23 +0100] "GET /platby/qqap/diversity,-equity-&-inclusion-toolkit HTTP/1.1" 200 10197 "-" "Mozilla/5.0 (compatible; SemrushBot/7~bl; +http://www.semrush.com/bot.html)"
173.252.87.54 - - [10/Dec/2025:13:10:46 +0100] "\x16\x03\x01\x01E\x01" 403 265 "-" "-"
85.208.96.193 - - [10/Dec/2025:13:11:17 +0100] "GET /platby/qqap/grand-hotel-excelsior,-sorrento HTTP/1.1" 200 7168 "-" "Mozilla/5.0 (compatible; SemrushBot/7~bl; +http://www.semrush.com/bot.html)"
85.208.96.193 - - [10/Dec/2025:13:11:23 +0100] "GET /platby/qqap/maniac-michael-sembello HTTP/1.1" 200 7879 "-" "Mozilla/5.0 (compatible; SemrushBot/7~bl; +http://www.semrush.com/bot.html)"
85.208.96.198 - - [10/Dec/2025:13:12:00 +0100] "GET /platby/72zbxoz/progressive-field-view-box HTTP/1.1" 200 13343 "-" "Mozilla/5.0 (compatible; SemrushBot/7~bl; +http://www.semrush.com/bot.html)"
185.191.171.2 - - [10/Dec/2025:13:12:24 +0100] "GET /platby/aohwuyx/how-does-hydroelectric-energy-work HTTP/1.1" 200 9396 "-" "Mozilla/5.0 (compatible; SemrushBot/7~bl; +http://www.semrush.com/bot.html)"
185.191.171.4 - - [10/Dec/2025:13:12:48 +0100] "GET /platby/72zbxoz/dobbs-ferry-high-school-ranking HTTP/1.1" 200 9520 "-" "Mozilla/5.0 (compatible; SemrushBot/7~bl; +http://www.semrush.com/bot.html)"
185.191.171.9 - - [10/Dec/2025:13:12:58 +0100] "GET /platby/72zbxoz/private-equity-consultant HTTP/1.1" 200 15193 "-" "Mozilla/5.0 (compatible; SemrushBot/7~bl; +http://www.semrush.com/bot.html)"
85.208.96.201 - - [10/Dec/2025:13:13:00 +0100] "GET /platby/hca/elon-musk-hand-palmistry HTTP/1.1" 200 14161 "-" "Mozilla/5.0 (compatible; SemrushBot/7~bl; +http://www.semrush.com/bot.html)"
85.208.96.199 - - [10/Dec/2025:13:13:05 +0100] "GET /platby/aohwuyx/anime-themed-restaurant-los-angeles HTTP/1.1" 200 13667 "-" "Mozilla/5.0 (compatible; SemrushBot/7~bl; +http://www.semrush.com/bot.html)"
185.191.171.11 - - [10/Dec/2025:13:13:08 +0100] "GET /platby/uwoy9/unconscious-bias-training-criticism HTTP/1.1" 200 11819 "-" "Mozilla/5.0 (compatible; SemrushBot/7~bl; +http://www.semrush.com/bot.html)"
185.191.171.3 - - [10/Dec/2025:13:13:11 +0100] "GET /platby/hca/another-word-for-being-something HTTP/1.1" 200 8948 "-" "Mozilla/5.0 (compatible; SemrushBot/7~bl; +http://www.semrush.com/bot.html)"
185.191.171.9 - - [10/Dec/2025:13:13:14 +0100] "GET /platby/hca/astrodynamics-textbook HTTP/1.1" 200 8323 "-" "Mozilla/5.0 (compatible; SemrushBot/7~bl; +http://www.semrush.com/bot.html)"
85.208.96.208 - - [10/Dec/2025:13:13:29 +0100] "GET /platby/72zbxoz/colorblind-filter-website HTTP/1.1" 200 10269 "-" "Mozilla/5.0 (compatible; SemrushBot/7~bl; +http://www.semrush.com/bot.html)"
85.208.96.199 - - [10/Dec/2025:13:13:34 +0100] "GET /platby/aohwuyx/best-music-videos-of-all-time-2020 HTTP/1.1" 200 11814 "-" "Mozilla/5.0 (compatible; SemrushBot/7~bl; +http://www.semrush.com/bot.html)"
51.159.71.186 - - [10/Dec/2025:13:13:39 +0100] "\x16\x03\x01\x05\xc2\x01" 403 265 "-" "-"
185.191.171.9 - - [10/Dec/2025:13:13:39 +0100] "GET /platby/qqap/barrow-county-schools-jobs HTTP/1.1" 200 6559 "-" "Mozilla/5.0 (compatible; SemrushBot/7~bl; +http://www.semrush.com/bot.html)"
85.208.96.198 - - [10/Dec/2025:13:13:52 +0100] "GET /platby/72zbxoz/canada-post-board-of-directors HTTP/1.1" 200 14742 "-" "Mozilla/5.0 (compatible; SemrushBot/7~bl; +http://www.semrush.com/bot.html)"
85.208.96.208 - - [10/Dec/2025:13:13:54 +0100] "GET /platby/hca/townsend-harris-high-school-niche HTTP/1.1" 200 9053 "-" "Mozilla/5.0 (compatible; SemrushBot/7~bl; +http://www.semrush.com/bot.html)"
185.191.171.3 - - [10/Dec/2025:13:14:06 +0100] "GET /platby/qqap/is-just-dance-a-good-workout HTTP/1.1" 200 12766 "-" "Mozilla/5.0 (compatible; SemrushBot/7~bl; +http://www.semrush.com/bot.html)"
185.191.171.15 - - [10/Dec/2025:13:14:17 +0100] "GET /platby/aohwuyx/richie-hawtin-play-differently HTTP/1.1" 200 11280 "-" "Mozilla/5.0 (compatible; SemrushBot/7~bl; +http://www.semrush.com/bot.html)"
199.30.231.5 - - [10/Dec/2025:13:14:25 +0100] "\x16\x03\x01" 403 265 "-" "-"
199.127.63.154 - - [10/Dec/2025:13:14:29 +0100] "\x16\x03\x01\x01\xa8\x01" 403 265 "-" "-"
204.76.203.206 - - [10/Dec/2025:13:15:00 +0100] "GET /" 400 468 "-" "-"
85.208.96.200 - - [10/Dec/2025:13:15:13 +0100] "GET /platby/hca/atlassian-application-links HTTP/1.1" 200 11287 "-" "Mozilla/5.0 (compatible; SemrushBot/7~bl; +http://www.semrush.com/bot.html)"
85.208.96.207 - - [10/Dec/2025:13:15:34 +0100] "GET /platby/72zbxoz/jim-o'callaghan-secondary-school HTTP/1.1" 200 11197 "-" "Mozilla/5.0 (compatible; SemrushBot/7~bl; +http://www.semrush.com/bot.html)"
185.191.171.13 - - [10/Dec/2025:13:15:38 +0100] "GET /platby/hca/work-with-native-american-communities HTTP/1.1" 200 13136 "-" "Mozilla/5.0 (compatible; SemrushBot/7~bl; +http://www.semrush.com/bot.html)"
85.208.96.202 - - [10/Dec/2025:13:15:49 +0100] "GET /platby/uwoy9/definitions-of-psychology-by-different-authors HTTP/1.1" 200 11916 "-" "Mozilla/5.0 (compatible; SemrushBot/7~bl; +http://www.semrush.com/bot.html)"
141.98.11.170 - - [10/Dec/2025:13:16:09 +0100] "GET / HTTP/1.1" 200 316 "-" "Mozilla/5.0 (Windows NT 10.0; Win64; x64) AppleWebKit/537.36 (KHTML, like Gecko) Chrome/90.0.4430.85 Safari/537.36 Edg/90.0.818.46"
204.76.203.206 - - [10/Dec/2025:13:16:28 +0100] "GET / HTTP/1.1" 200 316 "-" "Mozilla/5.0 (Windows NT 10.0; Win64; x64) AppleWebKit/537.36 (KHTML, like Gecko) Chrome/90.0.4430.85 Safari/537.36 Edg/90.0.818.46"
85.208.96.201 - - [10/Dec/2025:13:16:34 +0100] "GET /platby/hca/unbanned:-the-legend-of-aj1-billie-eilish HTTP/1.1" 200 7995 "-" "Mozilla/5.0 (compatible; SemrushBot/7~bl; +http://www.semrush.com/bot.html)"
185.191.171.10 - - [10/Dec/2025:13:16:46 +0100] "GET /platby/aohwuyx/arum-barut-collection HTTP/1.1" 200 8193 "-" "Mozilla/5.0 (compatible; SemrushBot/7~bl; +http://www.semrush.com/bot.html)"
85.208.96.207 - - [10/Dec/2025:13:17:02 +0100] "GET /platby/qqap/export-confluence-calendar-to-pdf HTTP/1.1" 200 12203 "-" "Mozilla/5.0 (compatible; SemrushBot/7~bl; +http://www.semrush.com/bot.html)"
85.208.96.207 - - [10/Dec/2025:13:17:14 +0100] "GET /platby/aohwuyx/lgbtq+-book-club-books HTTP/1.1" 200 12604 "-" "Mozilla/5.0 (compatible; SemrushBot/7~bl; +http://www.semrush.com/bot.html)"
185.191.171.14 - - [10/Dec/2025:13:17:16 +0100] "GET /platby/aohwuyx/calypso-tool-tutorial HTTP/1.1" 200 12471 "-" "Mozilla/5.0 (compatible; SemrushBot/7~bl; +http://www.semrush.com/bot.html)"
185.191.171.3 - - [10/Dec/2025:13:17:19 +0100] "GET /platby/72zbxoz/vanguard-stryker-login HTTP/1.1" 200 13488 "-" "Mozilla/5.0 (compatible; SemrushBot/7~bl; +http://www.semrush.com/bot.html)"
85.208.96.211 - - [10/Dec/2025:13:17:20 +0100] "GET /platby/qqap/crataegus-crus-galli-inermis HTTP/1.1" 200 6371 "-" "Mozilla/5.0 (compatible; SemrushBot/7~bl; +http://www.semrush.com/bot.html)"
185.191.171.3 - - [10/Dec/2025:13:17:30 +0100] "GET /platby/72zbxoz/riverside-park-memphis HTTP/1.1" 200 9866 "-" "Mozilla/5.0 (compatible; SemrushBot/7~bl; +http://www.semrush.com/bot.html)"
85.208.96.210 - - [10/Dec/2025:13:17:34 +0100] "GET /platby/uwoy9/nba-3-point-record-single-game HTTP/1.1" 200 9689 "-" "Mozilla/5.0 (compatible; SemrushBot/7~bl; +http://www.semrush.com/bot.html)"
185.191.171.12 - - [10/Dec/2025:13:17:47 +0100] "GET /platby/uwoy9/j-cole-rwanda-patriots-jersey HTTP/1.1" 200 7928 "-" "Mozilla/5.0 (compatible; SemrushBot/7~bl; +http://www.semrush.com/bot.html)"
185.191.171.14 - - [10/Dec/2025:13:17:53 +0100] "GET /platby/uwoy9/townhomes-for-rent-st-augustine,-fl HTTP/1.1" 200 7497 "-" "Mozilla/5.0 (compatible; SemrushBot/7~bl; +http://www.semrush.com/bot.html)"
185.191.171.3 - - [10/Dec/2025:13:17:55 +0100] "GET /platby/72zbxoz/bible-verses-about-thankfulness-to-others-kjv HTTP/1.1" 200 11220 "-" "Mozilla/5.0 (compatible; SemrushBot/7~bl; +http://www.semrush.com/bot.html)"
85.208.96.207 - - [10/Dec/2025:13:17:58 +0100] "GET /platby/hca/american-chopper-meme-reaction HTTP/1.1" 200 12516 "-" "Mozilla/5.0 (compatible; SemrushBot/7~bl; +http://www.semrush.com/bot.html)"
185.191.171.1 - - [10/Dec/2025:13:18:05 +0100] "GET /platby/aohwuyx/luxury-game-lodges-near-johannesburg HTTP/1.1" 200 12968 "-" "Mozilla/5.0 (compatible; SemrushBot/7~bl; +http://www.semrush.com/bot.html)"
185.191.171.2 - - [10/Dec/2025:13:18:19 +0100] "GET /platby/72zbxoz/tyson-chandler-height HTTP/1.1" 200 6996 "-" "Mozilla/5.0 (compatible; SemrushBot/7~bl; +http://www.semrush.com/bot.html)"
143.110.201.77 - - [10/Dec/2025:13:19:00 +0100] "\x16\x03\x01\x02" 403 265 "-" "-"
185.191.171.16 - - [10/Dec/2025:13:19:30 +0100] "GET /platby/qqap/anthony-anderson-siblings HTTP/1.1" 200 9607 "-" "Mozilla/5.0 (compatible; SemrushBot/7~bl; +http://www.semrush.com/bot.html)"
85.208.96.210 - - [10/Dec/2025:13:19:58 +0100] "GET /platby/72zbxoz/characters-that-wear-all-white HTTP/1.1" 200 14399 "-" "Mozilla/5.0 (compatible; SemrushBot/7~bl; +http://www.semrush.com/bot.html)"
185.191.171.11 - - [10/Dec/2025:13:20:00 +0100] "GET /platby/aohwuyx/leonard-fournette-news HTTP/1.1" 200 10521 "-" "Mozilla/5.0 (compatible; SemrushBot/7~bl; +http://www.semrush.com/bot.html)"
85.208.96.210 - - [10/Dec/2025:13:20:03 +0100] "GET /platby/hca/lamar-women's-basketball-stats HTTP/1.1" 200 7323 "-" "Mozilla/5.0 (compatible; SemrushBot/7~bl; +http://www.semrush.com/bot.html)"
100.24.149.244 - - [10/Dec/2025:13:20:21 +0100] "GET /platby/qqap/has-the-late-show-with-stephen-colbert-been-cancelled HTTP/1.1" 200 5831 "-" "Mozilla/5.0 AppleWebKit/537.36 (KHTML, like Gecko; compatible; Amazonbot/0.1; +https://developer.amazon.com/support/amazonbot) Chrome/119.0.6045.214 Safari/537.36"
98.83.72.38 - - [10/Dec/2025:13:20:22 +0100] "GET /platby/72zbxoz/elastic-man-game-unblocked HTTP/1.1" 200 9928 "-" "Mozilla/5.0 AppleWebKit/537.36 (KHTML, like Gecko; compatible; Amazonbot/0.1; +https://developer.amazon.com/support/amazonbot) Chrome/119.0.6045.214 Safari/537.36"
3.221.244.28 - - [10/Dec/2025:13:20:27 +0100] "GET /platby/72zbxoz/moon-phase-today-karachi HTTP/1.1" 200 11887 "-" "Mozilla/5.0 AppleWebKit/537.36 (KHTML, like Gecko; compatible; Amazonbot/0.1; +https://developer.amazon.com/support/amazonbot) Chrome/119.0.6045.214 Safari/537.36"
23.23.212.212 - - [10/Dec/2025:13:20:31 +0100] "GET /platby/72zbxoz/pleaser-wallows-chords HTTP/1.1" 200 13434 "-" "Mozilla/5.0 AppleWebKit/537.36 (KHTML, like Gecko; compatible; Amazonbot/0.1; +https://developer.amazon.com/support/amazonbot) Chrome/119.0.6045.214 Safari/537.36"
85.208.96.211 - - [10/Dec/2025:13:20:32 +0100] "GET /platby/aohwuyx/how-to-teach-your-child-3-languages HTTP/1.1" 200 13681 "-" "Mozilla/5.0 (compatible; SemrushBot/7~bl; +http://www.semrush.com/bot.html)"
54.80.185.200 - - [10/Dec/2025:13:20:35 +0100] "GET /platby/72zbxoz/hagerstown-community-college-student-login HTTP/1.1" 200 10266 "-" "Mozilla/5.0 AppleWebKit/537.36 (KHTML, like Gecko; compatible; Amazonbot/0.1; +https://developer.amazon.com/support/amazonbot) Chrome/119.0.6045.214 Safari/537.36"
185.191.171.16 - - [10/Dec/2025:13:20:36 +0100] "GET /platby/uwoy9/darude-sandstorm-sound-effect HTTP/1.1" 200 10143 "-" "Mozilla/5.0 (compatible; SemrushBot/7~bl; +http://www.semrush.com/bot.html)"
184.73.195.18 - - [10/Dec/2025:13:20:39 +0100] "GET /platby/72zbxoz/design-sprint-resources HTTP/1.1" 200 15017 "-" "Mozilla/5.0 AppleWebKit/537.36 (KHTML, like Gecko; compatible; Amazonbot/0.1; +https://developer.amazon.com/support/amazonbot) Chrome/119.0.6045.214 Safari/537.36"
52.70.123.241 - - [10/Dec/2025:13:20:43 +0100] "GET /platby/72zbxoz/basis-oro-valley-primary-phone-number HTTP/1.1" 200 8667 "-" "Mozilla/5.0 AppleWebKit/537.36 (KHTML, like Gecko; compatible; Amazonbot/0.1; +https://developer.amazon.com/support/amazonbot) Chrome/119.0.6045.214 Safari/537.36"
98.84.60.17 - - [10/Dec/2025:13:20:47 +0100] "GET /platby/72zbxoz/steinbacher-geese-for-sale HTTP/1.1" 200 13297 "-" "Mozilla/5.0 AppleWebKit/537.36 (KHTML, like Gecko; compatible; Amazonbot/0.1; +https://developer.amazon.com/support/amazonbot) Chrome/119.0.6045.214 Safari/537.36"
44.218.6.93 - - [10/Dec/2025:13:20:52 +0100] "GET /platby/72zbxoz/surrey-sports-park-activities HTTP/1.1" 200 12741 "-" "Mozilla/5.0 AppleWebKit/537.36 (KHTML, like Gecko; compatible; Amazonbot/0.1; +https://developer.amazon.com/support/amazonbot) Chrome/119.0.6045.214 Safari/537.36"
18.206.47.187 - - [10/Dec/2025:13:20:55 +0100] "GET /platby/72zbxoz/sporty's-ground-school HTTP/1.1" 200 12578 "-" "Mozilla/5.0 AppleWebKit/537.36 (KHTML, like Gecko; compatible; Amazonbot/0.1; +https://developer.amazon.com/support/amazonbot) Chrome/119.0.6045.214 Safari/537.36"
100.29.160.53 - - [10/Dec/2025:13:21:00 +0100] "GET /platby/72zbxoz/william-tell-overture HTTP/1.1" 200 11982 "-" "Mozilla/5.0 AppleWebKit/537.36 (KHTML, like Gecko; compatible; Amazonbot/0.1; +https://developer.amazon.com/support/amazonbot) Chrome/119.0.6045.214 Safari/537.36"
85.208.96.208 - - [10/Dec/2025:13:21:03 +0100] "GET /platby/qqap/teleology-examples-in-business HTTP/1.1" 200 10000 "-" "Mozilla/5.0 (compatible; SemrushBot/7~bl; +http://www.semrush.com/bot.html)"
3.221.222.168 - - [10/Dec/2025:13:21:04 +0100] "GET /platby/72zbxoz/future-enterprise-all-good-things HTTP/1.1" 200 10433 "-" "Mozilla/5.0 AppleWebKit/537.36 (KHTML, like Gecko; compatible; Amazonbot/0.1; +https://developer.amazon.com/support/amazonbot) Chrome/119.0.6045.214 Safari/537.36"
100.28.204.82 - - [10/Dec/2025:13:21:08 +0100] "GET /platby/72zbxoz/who-discovered-gravity-first-before-newton HTTP/1.1" 200 10765 "-" "Mozilla/5.0 AppleWebKit/537.36 (KHTML, like Gecko; compatible; Amazonbot/0.1; +https://developer.amazon.com/support/amazonbot) Chrome/119.0.6045.214 Safari/537.36"
44.193.115.232 - - [10/Dec/2025:13:21:13 +0100] "GET /platby/72zbxoz/cypress-creek-renewables-sale HTTP/1.1" 200 10477 "-" "Mozilla/5.0 AppleWebKit/537.36 (KHTML, like Gecko; compatible; Amazonbot/0.1; +https://developer.amazon.com/support/amazonbot) Chrome/119.0.6045.214 Safari/537.36"
3.215.59.93 - - [10/Dec/2025:13:21:15 +0100] "GET /platby/qqap/neil-shea-boston-college HTTP/1.1" 200 11236 "-" "Mozilla/5.0 AppleWebKit/537.36 (KHTML, like Gecko; compatible; Amazonbot/0.1; +https://developer.amazon.com/support/amazonbot) Chrome/119.0.6045.214 Safari/537.36"
185.191.171.3 - - [10/Dec/2025:13:21:18 +0100] "GET /platby/72zbxoz/how-to-check-on-which-port-jira-is-running HTTP/1.1" 200 12358 "-" "Mozilla/5.0 (compatible; SemrushBot/7~bl; +http://www.semrush.com/bot.html)"
34.238.45.183 - - [10/Dec/2025:13:21:19 +0100] "GET /platby/72zbxoz/yellow-human-race-2020 HTTP/1.1" 200 16225 "-" "Mozilla/5.0 AppleWebKit/537.36 (KHTML, like Gecko; compatible; Amazonbot/0.1; +https://developer.amazon.com/support/amazonbot) Chrome/119.0.6045.214 Safari/537.36"
185.191.171.11 - - [10/Dec/2025:13:21:20 +0100] "GET /platby/hca/title-ix-gender-equality-in-sports HTTP/1.1" 200 6348 "-" "Mozilla/5.0 (compatible; SemrushBot/7~bl; +http://www.semrush.com/bot.html)"
54.87.62.248 - - [10/Dec/2025:13:21:23 +0100] "GET /platby/72zbxoz/enka-new-project-2021-serbia HTTP/1.1" 200 11904 "-" "Mozilla/5.0 AppleWebKit/537.36 (KHTML, like Gecko; compatible; Amazonbot/0.1; +https://developer.amazon.com/support/amazonbot) Chrome/119.0.6045.214 Safari/537.36"
85.208.96.208 - - [10/Dec/2025:13:21:23 +0100] "GET /platby/uwoy9/1996-topps-best-cards HTTP/1.1" 200 15155 "-" "Mozilla/5.0 (compatible; SemrushBot/7~bl; +http://www.semrush.com/bot.html)"
77.236.222.163 - - [10/Dec/2025:13:21:27 +0100] "\x16\x03\x01\x06\x01\x01" 403 265 "-" "-"
77.236.222.163 - - [10/Dec/2025:13:21:27 +0100] "\x16\x03\x01\x06\x01\x01" 403 265 "-" "-"
18.213.102.186 - - [10/Dec/2025:13:21:27 +0100] "GET /platby/72zbxoz/wan-bissaka-fifa-20-totssf HTTP/1.1" 200 11066 "-" "Mozilla/5.0 AppleWebKit/537.36 (KHTML, like Gecko; compatible; Amazonbot/0.1; +https://developer.amazon.com/support/amazonbot) Chrome/119.0.6045.214 Safari/537.36"
77.236.222.163 - - [10/Dec/2025:13:21:27 +0100] "\x16\x03\x01\x06\x01\x01" 403 265 "-" "-"
77.236.222.163 - - [10/Dec/2025:13:21:27 +0100] "\x16\x03\x01\x06\x01\x01" 403 265 "-" "-"
85.208.96.212 - - [10/Dec/2025:13:21:28 +0100] "GET /platby/aohwuyx/what-is-the-spiritual-root-of-jealousy HTTP/1.1" 200 8895 "-" "Mozilla/5.0 (compatible; SemrushBot/7~bl; +http://www.semrush.com/bot.html)"
77.236.222.163 - - [10/Dec/2025:13:21:29 +0100] "\x16\x03\x01\x06\x01\x01" 403 265 "-" "-"
77.236.222.163 - - [10/Dec/2025:13:21:29 +0100] "\x16\x03\x01\x06\x01\x01" 403 265 "-" "-"
77.236.222.163 - - [10/Dec/2025:13:21:29 +0100] "\x16\x03\x01\x06\x01\x01" 403 265 "-" "-"
77.236.222.163 - - [10/Dec/2025:13:21:29 +0100] "\x16\x03\x01\x06\x01\x01" 403 265 "-" "-"
98.83.226.125 - - [10/Dec/2025:13:21:31 +0100] "GET /platby/72zbxoz/dr-phil-family:-alexandra-out-of-hiding HTTP/1.1" 200 11234 "-" "Mozilla/5.0 AppleWebKit/537.36 (KHTML, like Gecko; compatible; Amazonbot/0.1; +https://developer.amazon.com/support/amazonbot) Chrome/119.0.6045.214 Safari/537.36"
185.191.171.16 - - [10/Dec/2025:13:21:36 +0100] "GET /platby/hca/gwinnett-superintendent-salary HTTP/1.1" 200 7882 "-" "Mozilla/5.0 (compatible; SemrushBot/7~bl; +http://www.semrush.com/bot.html)"
3.232.102.111 - - [10/Dec/2025:13:21:36 +0100] "GET /platby/72zbxoz/virginia-military-institute HTTP/1.1" 200 12250 "-" "Mozilla/5.0 AppleWebKit/537.36 (KHTML, like Gecko; compatible; Amazonbot/0.1; +https://developer.amazon.com/support/amazonbot) Chrome/119.0.6045.214 Safari/537.36"
185.191.171.2 - - [10/Dec/2025:13:21:38 +0100] "GET /platby/qqap/most-affordable-places-to-live-in-california HTTP/1.1" 200 12837 "-" "Mozilla/5.0 (compatible; SemrushBot/7~bl; +http://www.semrush.com/bot.html)"
98.83.226.125 - - [10/Dec/2025:13:21:39 +0100] "GET /platby/72zbxoz/missouri-dinosaur-museum HTTP/1.1" 200 13466 "-" "Mozilla/5.0 AppleWebKit/537.36 (KHTML, like Gecko; compatible; Amazonbot/0.1; +https://developer.amazon.com/support/amazonbot) Chrome/119.0.6045.214 Safari/537.36"
54.87.62.248 - - [10/Dec/2025:13:21:43 +0100] "GET /platby/72zbxoz/hotels-in-west-memphis,-arkansas HTTP/1.1" 200 8216 "-" "Mozilla/5.0 AppleWebKit/537.36 (KHTML, like Gecko; compatible; Amazonbot/0.1; +https://developer.amazon.com/support/amazonbot) Chrome/119.0.6045.214 Safari/537.36"
185.191.171.14 - - [10/Dec/2025:13:21:55 +0100] "GET /platby/72zbxoz/dynamo-moscow-vs-ska-st-petersburg HTTP/1.1" 200 13359 "-" "Mozilla/5.0 (compatible; SemrushBot/7~bl; +http://www.semrush.com/bot.html)"
185.191.171.3 - - [10/Dec/2025:13:21:57 +0100] "GET /platby/hca/soccer-agility-training-equipment HTTP/1.1" 200 7957 "-" "Mozilla/5.0 (compatible; SemrushBot/7~bl; +http://www.semrush.com/bot.html)"
185.191.171.13 - - [10/Dec/2025:13:21:59 +0100] "GET /platby/qqap/shawn-rodriques-occupation HTTP/1.1" 200 12034 "-" "Mozilla/5.0 (compatible; SemrushBot/7~bl; +http://www.semrush.com/bot.html)"
185.191.171.14 - - [10/Dec/2025:13:22:01 +0100] "GET /platby/72zbxoz/what-is-wolf-winters-doing-now HTTP/1.1" 200 14929 "-" "Mozilla/5.0 (compatible; SemrushBot/7~bl; +http://www.semrush.com/bot.html)"
185.191.171.13 - - [10/Dec/2025:13:22:21 +0100] "GET /platby/72zbxoz/best-heading-strikers-fifa-20 HTTP/1.1" 200 8189 "-" "Mozilla/5.0 (compatible; SemrushBot/7~bl; +http://www.semrush.com/bot.html)"
85.208.96.211 - - [10/Dec/2025:13:22:28 +0100] "GET /platby/aohwuyx/modern-authentication-vs-basic-authentication-office-365 HTTP/1.1" 200 9889 "-" "Mozilla/5.0 (compatible; SemrushBot/7~bl; +http://www.semrush.com/bot.html)"
103.249.21.128 - - [10/Dec/2025:13:22:42 +0100] "GET /platby/qqap/gartner-collaboration-magic-quadrant-2020 HTTP/1.1" 200 6733 "-" "Mozilla/5.0 (compatible; MSIE 9.0; Windows NT 5.1; Trident/4.1)"
185.191.171.19 - - [10/Dec/2025:13:23:34 +0100] "GET /platby/qqap/violent-crimes-statistics HTTP/1.1" 200 6421 "-" "Mozilla/5.0 (compatible; SemrushBot/7~bl; +http://www.semrush.com/bot.html)"
85.208.96.202 - - [10/Dec/2025:13:24:14 +0100] "GET /platby/uwoy9/point-loma-nazarene-university HTTP/1.1" 200 12521 "-" "Mozilla/5.0 (compatible; SemrushBot/7~bl; +http://www.semrush.com/bot.html)"
185.191.171.11 - - [10/Dec/2025:13:24:31 +0100] "GET /platby/aohwuyx/diversity-in-the-classroom-scholarly-articles HTTP/1.1" 200 10904 "-" "Mozilla/5.0 (compatible; SemrushBot/7~bl; +http://www.semrush.com/bot.html)"
85.208.96.201 - - [10/Dec/2025:13:24:39 +0100] "GET /platby/72zbxoz/rocket-league-ranks-and-divisions HTTP/1.1" 200 8615 "-" "Mozilla/5.0 (compatible; SemrushBot/7~bl; +http://www.semrush.com/bot.html)"
85.208.96.198 - - [10/Dec/2025:13:24:51 +0100] "GET /platby/hca/all-hans-zimmer-scores-ranked HTTP/1.1" 200 12810 "-" "Mozilla/5.0 (compatible; SemrushBot/7~bl; +http://www.semrush.com/bot.html)"
85.208.96.193 - - [10/Dec/2025:13:25:18 +0100] "GET /platby/hca/february-pronunciation-uk HTTP/1.1" 200 11116 "-" "Mozilla/5.0 (compatible; SemrushBot/7~bl; +http://www.semrush.com/bot.html)"
185.191.171.17 - - [10/Dec/2025:13:25:19 +0100] "GET /platby/hca/ralph-lauren-corporation HTTP/1.1" 200 10589 "-" "Mozilla/5.0 (compatible; SemrushBot/7~bl; +http://www.semrush.com/bot.html)"
85.208.96.193 - - [10/Dec/2025:13:25:21 +0100] "GET /platby/uwoy9/flight-mechanics-books HTTP/1.1" 200 8640 "-" "Mozilla/5.0 (compatible; SemrushBot/7~bl; +http://www.semrush.com/bot.html)"
85.208.96.199 - - [10/Dec/2025:13:25:31 +0100] "GET /platby/72zbxoz/pixel-5-hide-hole-punch HTTP/1.1" 200 13917 "-" "Mozilla/5.0 (compatible; SemrushBot/7~bl; +http://www.semrush.com/bot.html)"
85.208.96.212 - - [10/Dec/2025:13:25:34 +0100] "GET /platby/hca/the-alchemist-this-thing-of-ours-vinyl HTTP/1.1" 200 13056 "-" "Mozilla/5.0 (compatible; SemrushBot/7~bl; +http://www.semrush.com/bot.html)"
85.208.96.208 - - [10/Dec/2025:13:25:36 +0100] "GET /platby/qqap/jira-jql-aggregate-functions HTTP/1.1" 200 8797 "-" "Mozilla/5.0 (compatible; SemrushBot/7~bl; +http://www.semrush.com/bot.html)"
185.191.171.3 - - [10/Dec/2025:13:25:55 +0100] "GET /platby/uwoy9/us-soccer-player-development-pyramid HTTP/1.1" 200 7412 "-" "Mozilla/5.0 (compatible; SemrushBot/7~bl; +http://www.semrush.com/bot.html)"
185.191.171.4 - - [10/Dec/2025:13:26:00 +0100] "GET /platby/aohwuyx/bruce-campbell-in-spider-man-2 HTTP/1.1" 200 8401 "-" "Mozilla/5.0 (compatible; SemrushBot/7~bl; +http://www.semrush.com/bot.html)"
85.208.96.197 - - [10/Dec/2025:13:26:01 +0100] "GET /platby/hca/first-baby-jordans-ever-made HTTP/1.1" 200 11265 "-" "Mozilla/5.0 (compatible; SemrushBot/7~bl; +http://www.semrush.com/bot.html)"
185.191.171.1 - - [10/Dec/2025:13:26:06 +0100] "GET /platby/72zbxoz/stafford-va-from-my-location HTTP/1.1" 200 9648 "-" "Mozilla/5.0 (compatible; SemrushBot/7~bl; +http://www.semrush.com/bot.html)"
185.191.171.14 - - [10/Dec/2025:13:26:16 +0100] "GET /platby/72zbxoz/wan-bissaka-fifa-20-totssf HTTP/1.1" 200 11066 "-" "Mozilla/5.0 (compatible; SemrushBot/7~bl; +http://www.semrush.com/bot.html)"
85.208.96.196 - - [10/Dec/2025:13:26:26 +0100] "GET /platby/uwoy9/how-to-start-a-true-crime-blog HTTP/1.1" 200 14829 "-" "Mozilla/5.0 (compatible; SemrushBot/7~bl; +http://www.semrush.com/bot.html)"
85.208.96.203 - - [10/Dec/2025:13:26:35 +0100] "GET /platby/qqap/pakistan-basketball-players HTTP/1.1" 200 11099 "-" "Mozilla/5.0 (compatible; SemrushBot/7~bl; +http://www.semrush.com/bot.html)"
185.191.171.15 - - [10/Dec/2025:13:28:00 +0100] "GET /platby/aohwuyx/gwinnett-county-public-schools-board-meeting-live-stream HTTP/1.1" 200 11630 "-" "Mozilla/5.0 (compatible; SemrushBot/7~bl; +http://www.semrush.com/bot.html)"
85.208.96.207 - - [10/Dec/2025:13:28:14 +0100] "GET /platby/uwoy9/tracy-mcgrady-number-retired HTTP/1.1" 200 11682 "-" "Mozilla/5.0 (compatible; SemrushBot/7~bl; +http://www.semrush.com/bot.html)"
85.208.96.198 - - [10/Dec/2025:13:28:40 +0100] "GET /platby/hca/what-do-you-call-someone-from-kansas HTTP/1.1" 200 9757 "-" "Mozilla/5.0 (compatible; SemrushBot/7~bl; +http://www.semrush.com/bot.html)"
185.191.171.15 - - [10/Dec/2025:13:28:42 +0100] "GET /platby/qqap/mini-batch-gradient-descent-tensorflow HTTP/1.1" 200 7478 "-" "Mozilla/5.0 (compatible; SemrushBot/7~bl; +http://www.semrush.com/bot.html)"
85.208.96.212 - - [10/Dec/2025:13:29:06 +0100] "GET /platby/aohwuyx/metro-west-lawn-and-landscape HTTP/1.1" 200 12530 "-" "Mozilla/5.0 (compatible; SemrushBot/7~bl; +http://www.semrush.com/bot.html)"
185.191.171.6 - - [10/Dec/2025:13:29:17 +0100] "GET /platby/72zbxoz/sherwood-rd-6506-remote HTTP/1.1" 200 12163 "-" "Mozilla/5.0 (compatible; SemrushBot/7~bl; +http://www.semrush.com/bot.html)"
185.191.171.16 - - [10/Dec/2025:13:29:21 +0100] "GET /platby/hca/gibson-dunn-summer-associate HTTP/1.1" 200 11495 "-" "Mozilla/5.0 (compatible; SemrushBot/7~bl; +http://www.semrush.com/bot.html)"
85.208.96.207 - - [10/Dec/2025:13:29:26 +0100] "GET /robots.txt HTTP/1.1" 200 54 "-" "Mozilla/5.0 (compatible; SemrushBot/7~bl; +http://www.semrush.com/bot.html)"
85.208.96.206 - - [10/Dec/2025:13:29:27 +0100] "GET /platby/uwoy9/mitch-trubisky-contract-extension HTTP/1.1" 200 7286 "-" "Mozilla/5.0 (compatible; SemrushBot/7~bl; +http://www.semrush.com/bot.html)"
185.191.171.19 - - [10/Dec/2025:13:29:37 +0100] "GET /platby/hca/independent-lens-imelda HTTP/1.1" 200 9831 "-" "Mozilla/5.0 (compatible; SemrushBot/7~bl; +http://www.semrush.com/bot.html)"
185.191.171.11 - - [10/Dec/2025:13:29:41 +0100] "GET /platby/hca/plant-sale-seattle-2021 HTTP/1.1" 200 12690 "-" "Mozilla/5.0 (compatible; SemrushBot/7~bl; +http://www.semrush.com/bot.html)"
85.208.96.212 - - [10/Dec/2025:13:29:52 +0100] "GET /platby/aohwuyx/leon-cooperman-short-positions HTTP/1.1" 200 12649 "-" "Mozilla/5.0 (compatible; SemrushBot/7~bl; +http://www.semrush.com/bot.html)"
85.208.96.210 - - [10/Dec/2025:13:30:08 +0100] "GET /platby/72zbxoz/arcade1up-donkey-kong HTTP/1.1" 200 10165 "-" "Mozilla/5.0 (compatible; SemrushBot/7~bl; +http://www.semrush.com/bot.html)"
185.191.171.14 - - [10/Dec/2025:13:30:10 +0100] "GET /platby/hca/why-is-docusign-stock-dropping HTTP/1.1" 200 11216 "-" "Mozilla/5.0 (compatible; SemrushBot/7~bl; +http://www.semrush.com/bot.html)"
185.191.171.13 - - [10/Dec/2025:13:30:12 +0100] "GET /platby/72zbxoz/birds-of-kentucky-poster HTTP/1.1" 200 20 "-" "Mozilla/5.0 (compatible; SemrushBot/7~bl; +http://www.semrush.com/bot.html)"
85.208.96.206 - - [10/Dec/2025:13:30:16 +0100] "GET /platby/aohwuyx/new-construction-homes-near-me-under-$300k HTTP/1.1" 200 15036 "-" "Mozilla/5.0 (compatible; SemrushBot/7~bl; +http://www.semrush.com/bot.html)"
185.191.171.19 - - [10/Dec/2025:13:30:18 +0100] "GET /platby/72zbxoz/energy-storage-magazines HTTP/1.1" 200 8534 "-" "Mozilla/5.0 (compatible; SemrushBot/7~bl; +http://www.semrush.com/bot.html)"
85.208.96.196 - - [10/Dec/2025:13:30:21 +0100] "GET /platby/qqap/superhero-drawing-for-kids HTTP/1.1" 200 7986 "-" "Mozilla/5.0 (compatible; SemrushBot/7~bl; +http://www.semrush.com/bot.html)"
199.30.231.5 - - [10/Dec/2025:13:30:23 +0100] "\x16\x03\x01" 403 265 "-" "-"
85.208.96.201 - - [10/Dec/2025:13:30:33 +0100] "GET /platby/hca/tevin-campbell-height HTTP/1.1" 200 8031 "-" "Mozilla/5.0 (compatible; SemrushBot/7~bl; +http://www.semrush.com/bot.html)"
85.208.96.210 - - [10/Dec/2025:13:30:55 +0100] "GET /platby/aohwuyx/secondary-school-places-2021 HTTP/1.1" 200 9191 "-" "Mozilla/5.0 (compatible; SemrushBot/7~bl; +http://www.semrush.com/bot.html)"
216.244.66.239 - - [10/Dec/2025:13:31:03 +0100] "GET /robots.txt HTTP/1.1" 200 34 "-" "Mozilla/5.0 (compatible; DotBot/1.2; +https://opensiteexplorer.org/dotbot; help@moz.com)"
109.164.53.73 - - [10/Dec/2025:13:31:20 +0100] "\x16\x03\x01\x06\xdc\x01" 403 265 "-" "-"
109.164.53.73 - - [10/Dec/2025:13:31:20 +0100] "\x16\x03\x01\x07\x1c\x01" 403 265 "-" "-"
185.191.171.13 - - [10/Dec/2025:13:32:19 +0100] "GET /platby/qqap/jordan-jumpman-2020-'red-orbit HTTP/1.1" 200 6830 "-" "Mozilla/5.0 (compatible; SemrushBot/7~bl; +http://www.semrush.com/bot.html)"
85.208.96.210 - - [10/Dec/2025:13:32:23 +0100] "GET /platby/aohwuyx/2-initial-necklace-canada HTTP/1.1" 200 14152 "-" "Mozilla/5.0 (compatible; SemrushBot/7~bl; +http://www.semrush.com/bot.html)"
185.191.171.7 - - [10/Dec/2025:13:32:26 +0100] "GET /platby/hca/snow-white-and-the-huntsman-series HTTP/1.1" 200 12155 "-" "Mozilla/5.0 (compatible; SemrushBot/7~bl; +http://www.semrush.com/bot.html)"
49.248.192.204 - - [10/Dec/2025:13:32:40 +0100] "\x16\x03\x01\x05\xc2\x01" 403 265 "-" "-"
185.191.171.19 - - [10/Dec/2025:13:32:47 +0100] "GET /platby/hca/hannah-levinson-height HTTP/1.1" 200 10653 "-" "Mozilla/5.0 (compatible; SemrushBot/7~bl; +http://www.semrush.com/bot.html)"
204.76.203.206 - - [10/Dec/2025:13:32:49 +0100] "GET /" 400 468 "-" "-"
85.208.96.208 - - [10/Dec/2025:13:32:53 +0100] "GET /platby/aohwuyx/jerry-montour-granddaughter HTTP/1.1" 200 12659 "-" "Mozilla/5.0 (compatible; SemrushBot/7~bl; +http://www.semrush.com/bot.html)"
185.191.171.6 - - [10/Dec/2025:13:33:10 +0100] "GET /platby/72zbxoz/summer-book-club-names HTTP/1.1" 200 15637 "-" "Mozilla/5.0 (compatible; SemrushBot/7~bl; +http://www.semrush.com/bot.html)"
185.191.171.3 - - [10/Dec/2025:13:33:30 +0100] "GET /platby/hca/thinkfun-customer-service HTTP/1.1" 200 11128 "-" "Mozilla/5.0 (compatible; SemrushBot/7~bl; +http://www.semrush.com/bot.html)"
185.191.171.7 - - [10/Dec/2025:13:33:34 +0100] "GET /platby/qqap/chamber-of-commerce-foundation's HTTP/1.1" 200 8643 "-" "Mozilla/5.0 (compatible; SemrushBot/7~bl; +http://www.semrush.com/bot.html)"
185.191.171.16 - - [10/Dec/2025:13:33:40 +0100] "GET /platby/qqap/cathedral-catholic-baseball HTTP/1.1" 200 13346 "-" "Mozilla/5.0 (compatible; SemrushBot/7~bl; +http://www.semrush.com/bot.html)"
185.191.171.19 - - [10/Dec/2025:13:33:55 +0100] "GET /platby/uwoy9/menu-for-parma-restaurant HTTP/1.1" 200 11782 "-" "Mozilla/5.0 (compatible; SemrushBot/7~bl; +http://www.semrush.com/bot.html)"
185.191.171.17 - - [10/Dec/2025:13:34:08 +0100] "GET /platby/uwoy9/what-rhymes-with-truth-for-a-poem HTTP/1.1" 200 8913 "-" "Mozilla/5.0 (compatible; SemrushBot/7~bl; +http://www.semrush.com/bot.html)"
85.208.96.210 - - [10/Dec/2025:13:34:10 +0100] "GET /platby/qqap/equality,-diversity-and-inclusion:-an-international-journal-ranking HTTP/1.1" 200 6740 "-" "Mozilla/5.0 (compatible; SemrushBot/7~bl; +http://www.semrush.com/bot.html)"
185.191.171.2 - - [10/Dec/2025:13:34:20 +0100] "GET /platby/72zbxoz/largest-state-in-the-world-by-population HTTP/1.1" 200 10501 "-" "Mozilla/5.0 (compatible; SemrushBot/7~bl; +http://www.semrush.com/bot.html)"
185.191.171.18 - - [10/Dec/2025:13:34:27 +0100] "GET /platby/uwoy9/batman-michael-keaton HTTP/1.1" 200 8152 "-" "Mozilla/5.0 (compatible; SemrushBot/7~bl; +http://www.semrush.com/bot.html)"
85.208.96.198 - - [10/Dec/2025:13:34:29 +0100] "GET /platby/hca/dell-boot-menu-windows-7 HTTP/1.1" 200 12797 "-" "Mozilla/5.0 (compatible; SemrushBot/7~bl; +http://www.semrush.com/bot.html)"
204.76.203.206 - - [10/Dec/2025:13:34:38 +0100] "GET / HTTP/1.1" 200 316 "-" "Mozilla/5.0 (Windows NT 10.0; Win64; x64) AppleWebKit/537.36 (KHTML, like Gecko) Chrome/90.0.4430.85 Safari/537.36 Edg/90.0.818.46"
185.191.171.7 - - [10/Dec/2025:13:34:40 +0100] "GET /platby/72zbxoz/termination-for-cause-government-contract HTTP/1.1" 200 13973 "-" "Mozilla/5.0 (compatible; SemrushBot/7~bl; +http://www.semrush.com/bot.html)"
185.191.171.16 - - [10/Dec/2025:13:34:58 +0100] "GET /platby/uwoy9/native-american-activists HTTP/1.1" 200 7411 "-" "Mozilla/5.0 (compatible; SemrushBot/7~bl; +http://www.semrush.com/bot.html)"
85.208.96.209 - - [10/Dec/2025:13:35:00 +0100] "GET /platby/hca/timbaland-and-magoo-first-album HTTP/1.1" 200 8837 "-" "Mozilla/5.0 (compatible; SemrushBot/7~bl; +http://www.semrush.com/bot.html)"
104.210.140.128 - - [10/Dec/2025:13:35:03 +0100] "\x16\x03\x01\x02" 403 265 "-" "-"
104.210.140.129 - - [10/Dec/2025:13:35:03 +0100] "\x16\x03\x01\x02" 403 265 "-" "-"
104.210.140.132 - - [10/Dec/2025:13:35:03 +0100] "\x16\x03\x01\x02" 403 265 "-" "-"
104.210.140.140 - - [10/Dec/2025:13:35:05 +0100] "\x16\x03\x01\x02" 403 265 "-" "-"
104.210.140.135 - - [10/Dec/2025:13:35:06 +0100] "\x16\x03\x01\x02" 403 265 "-" "-"
104.210.140.140 - - [10/Dec/2025:13:35:06 +0100] "\x16\x03\x01\x02" 403 265 "-" "-"
104.210.140.136 - - [10/Dec/2025:13:35:07 +0100] "\x16\x03\x01\x02" 403 265 "-" "-"
104.210.140.140 - - [10/Dec/2025:13:35:08 +0100] "\x16\x03\x01\x02" 403 265 "-" "-"
104.210.140.128 - - [10/Dec/2025:13:35:08 +0100] "\x16\x03\x01\x02" 403 265 "-" "-"
104.210.140.128 - - [10/Dec/2025:13:35:08 +0100] "\x16\x03\x01\x02" 403 265 "-" "-"
104.210.140.142 - - [10/Dec/2025:13:35:09 +0100] "\x16\x03\x01\x02" 403 265 "-" "-"
104.210.140.142 - - [10/Dec/2025:13:35:09 +0100] "\x16\x03\x01\x02" 403 265 "-" "-"
104.210.140.141 - - [10/Dec/2025:13:35:09 +0100] "\x16\x03\x01\x02" 403 265 "-" "-"
104.210.140.136 - - [10/Dec/2025:13:35:10 +0100] "\x16\x03\x01\x02\x02\x01" 403 265 "-" "-"
104.210.140.136 - - [10/Dec/2025:13:35:10 +0100] "\x16\x03\x01\x02" 403 265 "-" "-"
85.208.96.203 - - [10/Dec/2025:13:35:55 +0100] "GET /platby/qqap/reading-community-center HTTP/1.1" 200 8492 "-" "Mozilla/5.0 (compatible; SemrushBot/7~bl; +http://www.semrush.com/bot.html)"
216.244.66.239 - - [10/Dec/2025:13:35:57 +0100] "GET /platby/article.php?5d4c26=andy-day-height HTTP/1.1" 200 16291 "-" "Mozilla/5.0 (compatible; DotBot/1.2; +https://opensiteexplorer.org/dotbot; help@moz.com)"
216.244.66.239 - - [10/Dec/2025:13:36:03 +0100] "GET /platby/article.php?5d4c26=y-que-tal HTTP/1.1" 200 14540 "-" "Mozilla/5.0 (compatible; DotBot/1.2; +https://opensiteexplorer.org/dotbot; help@moz.com)"
216.244.66.239 - - [10/Dec/2025:13:36:07 +0100] "GET /platby/article.php?5d4c26=Draco-zodiac-sign HTTP/1.1" 200 23786 "-" "Mozilla/5.0 (compatible; DotBot/1.2; +https://opensiteexplorer.org/dotbot; help@moz.com)"
216.244.66.239 - - [10/Dec/2025:13:36:11 +0100] "GET /platby/article.php?5d4c26=More-fm-Dunedin HTTP/1.1" 200 22629 "-" "Mozilla/5.0 (compatible; DotBot/1.2; +https://opensiteexplorer.org/dotbot; help@moz.com)"
85.208.96.206 - - [10/Dec/2025:13:36:13 +0100] "GET /platby/qqap/release-notes-template-for-mobile-application HTTP/1.1" 200 11495 "-" "Mozilla/5.0 (compatible; SemrushBot/7~bl; +http://www.semrush.com/bot.html)"
216.244.66.239 - - [10/Dec/2025:13:36:15 +0100] "GET /platby/article.php?5d4c26=arjuno-welirang-online HTTP/1.1" 200 21934 "-" "Mozilla/5.0 (compatible; DotBot/1.2; +https://opensiteexplorer.org/dotbot; help@moz.com)"
216.244.66.239 - - [10/Dec/2025:13:36:18 +0100] "GET /platby/article.php?5d4c26=arne-slot-ajax HTTP/1.1" 200 21532 "-" "Mozilla/5.0 (compatible; DotBot/1.2; +https://opensiteexplorer.org/dotbot; help@moz.com)"
216.244.66.239 - - [10/Dec/2025:13:36:20 +0100] "GET /platby/article.php?5d4c26=bcg-matrix-of-toyota-ppt HTTP/1.1" 200 20339 "-" "Mozilla/5.0 (compatible; DotBot/1.2; +https://opensiteexplorer.org/dotbot; help@moz.com)"
216.244.66.239 - - [10/Dec/2025:13:36:22 +0100] "GET /platby/article.php?5d4c26=big-tech-problems HTTP/1.1" 200 20824 "-" "Mozilla/5.0 (compatible; DotBot/1.2; +https://opensiteexplorer.org/dotbot; help@moz.com)"
216.244.66.239 - - [10/Dec/2025:13:36:24 +0100] "GET /platby/article.php?5d4c26=blenheim-to-picton HTTP/1.1" 200 18908 "-" "Mozilla/5.0 (compatible; DotBot/1.2; +https://opensiteexplorer.org/dotbot; help@moz.com)"
216.244.66.239 - - [10/Dec/2025:13:36:26 +0100] "GET /platby/article.php?5d4c26=oxygen-sign-in HTTP/1.1" 200 17397 "-" "Mozilla/5.0 (compatible; DotBot/1.2; +https://opensiteexplorer.org/dotbot; help@moz.com)"
216.244.66.239 - - [10/Dec/2025:13:36:28 +0100] "GET /platby/article.php?5d4c26=trading-standards-wigan HTTP/1.1" 200 16764 "-" "Mozilla/5.0 (compatible; DotBot/1.2; +https://opensiteexplorer.org/dotbot; help@moz.com)"
216.244.66.239 - - [10/Dec/2025:13:36:30 +0100] "GET /platby/article.php?5d4c26=360-leadership-assessment-cost HTTP/1.1" 200 24393 "-" "Mozilla/5.0 (compatible; DotBot/1.2; +https://opensiteexplorer.org/dotbot; help@moz.com)"
216.244.66.239 - - [10/Dec/2025:13:36:34 +0100] "GET /platby/article.php?5d4c26=856-Damghan-earthquake HTTP/1.1" 200 19084 "-" "Mozilla/5.0 (compatible; DotBot/1.2; +https://opensiteexplorer.org/dotbot; help@moz.com)"
216.244.66.239 - - [10/Dec/2025:13:36:36 +0100] "GET /platby/article.php?5d4c26=8th-air-force-flag HTTP/1.1" 200 23301 "-" "Mozilla/5.0 (compatible; DotBot/1.2; +https://opensiteexplorer.org/dotbot; help@moz.com)"
216.244.66.239 - - [10/Dec/2025:13:36:40 +0100] "GET /platby/article.php?5d4c26=A-Walk-on-the-Mild-Side HTTP/1.1" 200 23482 "-" "Mozilla/5.0 (compatible; DotBot/1.2; +https://opensiteexplorer.org/dotbot; help@moz.com)"
85.208.96.197 - - [10/Dec/2025:13:36:43 +0100] "GET /platby/hca/new-scandi-crime-drama-2021 HTTP/1.1" 200 7052 "-" "Mozilla/5.0 (compatible; SemrushBot/7~bl; +http://www.semrush.com/bot.html)"
216.244.66.239 - - [10/Dec/2025:13:36:43 +0100] "GET /platby/article.php?5d4c26=Blue-Origin-space-tourism HTTP/1.1" 200 19258 "-" "Mozilla/5.0 (compatible; DotBot/1.2; +https://opensiteexplorer.org/dotbot; help@moz.com)"
138.68.91.238 - - [10/Dec/2025:13:36:45 +0100] "GET /squid-internal-mgr/cachemgr.cgi HTTP/1.1" 404 243 "-" "Mozilla/5.0 zgrab/0.x"
216.244.66.239 - - [10/Dec/2025:13:36:47 +0100] "GET /platby/article.php?5d4c26=Handstand-shoulder-press HTTP/1.1" 200 24784 "-" "Mozilla/5.0 (compatible; DotBot/1.2; +https://opensiteexplorer.org/dotbot; help@moz.com)"
216.244.66.239 - - [10/Dec/2025:13:36:49 +0100] "GET /platby/article.php?5d4c26=Nike-Air-Jordan-VI HTTP/1.1" 200 15775 "-" "Mozilla/5.0 (compatible; DotBot/1.2; +https://opensiteexplorer.org/dotbot; help@moz.com)"
185.191.171.18 - - [10/Dec/2025:13:36:53 +0100] "GET /platby/72zbxoz/arizona-flower-company HTTP/1.1" 200 11624 "-" "Mozilla/5.0 (compatible; SemrushBot/7~bl; +http://www.semrush.com/bot.html)"
216.244.66.239 - - [10/Dec/2025:13:36:55 +0100] "GET /platby/article.php?5d4c26=Venice%2C-Italy-climate HTTP/1.1" 200 21440 "-" "Mozilla/5.0 (compatible; DotBot/1.2; +https://opensiteexplorer.org/dotbot; help@moz.com)"
185.191.171.7 - - [10/Dec/2025:13:36:56 +0100] "GET /platby/hca/2020-nfl-draft-grades-first-round HTTP/1.1" 200 6275 "-" "Mozilla/5.0 (compatible; SemrushBot/7~bl; +http://www.semrush.com/bot.html)"
85.208.96.193 - - [10/Dec/2025:13:36:58 +0100] "GET /platby/uwoy9/demand-elasticity-used-in-a-sentence HTTP/1.1" 200 9439 "-" "Mozilla/5.0 (compatible; SemrushBot/7~bl; +http://www.semrush.com/bot.html)"
216.244.66.239 - - [10/Dec/2025:13:37:00 +0100] "GET /platby/article.php?5d4c26=aba-league-usa HTTP/1.1" 200 22372 "-" "Mozilla/5.0 (compatible; DotBot/1.2; +https://opensiteexplorer.org/dotbot; help@moz.com)"
138.68.91.238 - - [10/Dec/2025:13:37:00 +0100] "GET /squid-internal-mgr/cachemgr.cgi HTTP/1.1" 403 246 "-" "Mozilla/5.0 zgrab/0.x"
138.68.91.238 - - [10/Dec/2025:13:37:03 +0100] "GET /" 400 468 "-" "-"
216.244.66.239 - - [10/Dec/2025:13:37:05 +0100] "GET /platby/article.php?5d4c26=amazon-sponsored-ads HTTP/1.1" 200 24792 "-" "Mozilla/5.0 (compatible; DotBot/1.2; +https://opensiteexplorer.org/dotbot; help@moz.com)"
216.244.66.239 - - [10/Dec/2025:13:37:08 +0100] "GET /platby/article.php?5d4c26=apply-for-legal-aid-nz HTTP/1.1" 200 17349 "-" "Mozilla/5.0 (compatible; DotBot/1.2; +https://opensiteexplorer.org/dotbot; help@moz.com)"
216.244.66.239 - - [10/Dec/2025:13:37:11 +0100] "GET /platby/article.php?5d4c26=ardha-chakrasana-in-telugu HTTP/1.1" 200 20635 "-" "Mozilla/5.0 (compatible; DotBot/1.2; +https://opensiteexplorer.org/dotbot; help@moz.com)"
216.244.66.239 - - [10/Dec/2025:13:37:14 +0100] "GET /platby/article.php?5d4c26=black-lynx-kitten HTTP/1.1" 200 23599 "-" "Mozilla/5.0 (compatible; DotBot/1.2; +https://opensiteexplorer.org/dotbot; help@moz.com)"
216.244.66.239 - - [10/Dec/2025:13:37:19 +0100] "GET /platby/article.php?5d4c26=bobby-wagner-weight HTTP/1.1" 200 17367 "-" "Mozilla/5.0 (compatible; DotBot/1.2; +https://opensiteexplorer.org/dotbot; help@moz.com)"
216.244.66.239 - - [10/Dec/2025:13:37:22 +0100] "GET /platby/article.php?5d4c26=calla-lily-tattoo HTTP/1.1" 200 19136 "-" "Mozilla/5.0 (compatible; DotBot/1.2; +https://opensiteexplorer.org/dotbot; help@moz.com)"
216.244.66.239 - - [10/Dec/2025:13:37:25 +0100] "GET /platby/article.php?5d4c26=carriage-return-example HTTP/1.1" 200 17990 "-" "Mozilla/5.0 (compatible; DotBot/1.2; +https://opensiteexplorer.org/dotbot; help@moz.com)"
216.244.66.239 - - [10/Dec/2025:13:37:28 +0100] "GET /platby/article.php?5d4c26=charleston-buoy-weather HTTP/1.1" 200 17751 "-" "Mozilla/5.0 (compatible; DotBot/1.2; +https://opensiteexplorer.org/dotbot; help@moz.com)"
216.244.66.239 - - [10/Dec/2025:13:37:31 +0100] "GET /platby/article.php?5d4c26=dancing-with-the-stars-streaming HTTP/1.1" 200 16817 "-" "Mozilla/5.0 (compatible; DotBot/1.2; +https://opensiteexplorer.org/dotbot; help@moz.com)"
216.244.66.239 - - [10/Dec/2025:13:37:33 +0100] "GET /platby/article.php?5d4c26=emotional-intelligence-leadership HTTP/1.1" 200 17085 "-" "Mozilla/5.0 (compatible; DotBot/1.2; +https://opensiteexplorer.org/dotbot; help@moz.com)"
