216.244.66.239 - - [10/Dec/2025:12:08:14 +0100] "GET /platby/article.php?5d4c26=sponsored-blog-post-calculator HTTP/1.1" 200 20021 "-" "Mozilla/5.0 (compatible; DotBot/1.2; +https://opensiteexplorer.org/dotbot; help@moz.com)"
185.191.171.5 - - [10/Dec/2025:12:08:16 +0100] "GET /platby/aohwuyx/saints-vs-bills-2020-score HTTP/1.1" 200 12800 "-" "Mozilla/5.0 (compatible; SemrushBot/7~bl; +http://www.semrush.com/bot.html)"
216.244.66.239 - - [10/Dec/2025:12:08:16 +0100] "GET /platby/article.php?5d4c26=the-mall-auckland-airport HTTP/1.1" 200 14954 "-" "Mozilla/5.0 (compatible; DotBot/1.2; +https://opensiteexplorer.org/dotbot; help@moz.com)"
85.208.96.194 - - [10/Dec/2025:12:08:18 +0100] "GET /platby/qqap/who-owns-revolution-enterprises HTTP/1.1" 200 10442 "-" "Mozilla/5.0 (compatible; SemrushBot/7~bl; +http://www.semrush.com/bot.html)"
216.244.66.239 - - [10/Dec/2025:12:08:20 +0100] "GET /platby/article.php?5d4c26=total-energy-in-gravitational-field HTTP/1.1" 200 19258 "-" "Mozilla/5.0 (compatible; DotBot/1.2; +https://opensiteexplorer.org/dotbot; help@moz.com)"
216.244.66.239 - - [10/Dec/2025:12:08:24 +0100] "GET /platby/article.php?5d4c26=valkyria-chronicles-alicia HTTP/1.1" 200 22325 "-" "Mozilla/5.0 (compatible; DotBot/1.2; +https://opensiteexplorer.org/dotbot; help@moz.com)"
185.191.171.11 - - [10/Dec/2025:12:08:24 +0100] "GET /platby/qqap/splashdown-water-park-hours HTTP/1.1" 200 7981 "-" "Mozilla/5.0 (compatible; SemrushBot/7~bl; +http://www.semrush.com/bot.html)"
185.191.171.15 - - [10/Dec/2025:12:08:27 +0100] "GET /platby/qqap/teal-lake-apartments-negaunee,-mi HTTP/1.1" 200 7477 "-" "Mozilla/5.0 (compatible; SemrushBot/7~bl; +http://www.semrush.com/bot.html)"
216.244.66.239 - - [10/Dec/2025:12:08:27 +0100] "GET /platby/article.php?5d4c26=vanilla-paste---asda HTTP/1.1" 200 16137 "-" "Mozilla/5.0 (compatible; DotBot/1.2; +https://opensiteexplorer.org/dotbot; help@moz.com)"
216.244.66.239 - - [10/Dec/2025:12:08:30 +0100] "GET /platby/article.php?5d4c26=which-group-of-elements-in-the-periodic-table-is-known-as-the-halogens%3F HTTP/1.1" 200 17261 "-" "Mozilla/5.0 (compatible; DotBot/1.2; +https://opensiteexplorer.org/dotbot; help@moz.com)"
185.191.171.15 - - [10/Dec/2025:12:08:31 +0100] "GET /platby/aohwuyx/let-me-tell-you-about-my-jesus-chords HTTP/1.1" 200 9501 "-" "Mozilla/5.0 (compatible; SemrushBot/7~bl; +http://www.semrush.com/bot.html)"
216.244.66.239 - - [10/Dec/2025:12:08:32 +0100] "GET /platby/article.php?5d4c26=who-makes-more-money-apple-or-samsung-2019 HTTP/1.1" 200 23150 "-" "Mozilla/5.0 (compatible; DotBot/1.2; +https://opensiteexplorer.org/dotbot; help@moz.com)"
216.244.66.239 - - [10/Dec/2025:12:08:34 +0100] "GET /platby/article.php?5d4c26=Airbnb-React-Native-project-structure HTTP/1.1" 200 21712 "-" "Mozilla/5.0 (compatible; DotBot/1.2; +https://opensiteexplorer.org/dotbot; help@moz.com)"
216.244.66.239 - - [10/Dec/2025:12:08:37 +0100] "GET /platby/article.php?5d4c26=acceptable-moisture-levels-in-wood-flooring HTTP/1.1" 200 18332 "-" "Mozilla/5.0 (compatible; DotBot/1.2; +https://opensiteexplorer.org/dotbot; help@moz.com)"
216.244.66.239 - - [10/Dec/2025:12:08:39 +0100] "GET /platby/article.php?5d4c26=norfolk-southern-train-derailment HTTP/1.1" 200 17615 "-" "Mozilla/5.0 (compatible; DotBot/1.2; +https://opensiteexplorer.org/dotbot; help@moz.com)"
216.244.66.239 - - [10/Dec/2025:12:08:42 +0100] "GET /platby/aohwuyx/kate-walsh-adopted-daughter HTTP/1.1" 200 38981 "-" "Mozilla/5.0 (compatible; DotBot/1.2; +https://opensiteexplorer.org/dotbot; help@moz.com)"
216.244.66.239 - - [10/Dec/2025:12:08:44 +0100] "GET /platby/uwoy9/jaylen-clark-high-school HTTP/1.1" 200 40238 "-" "Mozilla/5.0 (compatible; DotBot/1.2; +https://opensiteexplorer.org/dotbot; help@moz.com)"
216.244.66.239 - - [10/Dec/2025:12:08:46 +0100] "GET /platby/aohwuyx/cornelius-vanderbilt-ii-house HTTP/1.1" 200 37885 "-" "Mozilla/5.0 (compatible; DotBot/1.2; +https://opensiteexplorer.org/dotbot; help@moz.com)"
216.244.66.239 - - [10/Dec/2025:12:08:48 +0100] "GET /platby/uwoy9/massachusetts-theme-parks-reopening HTTP/1.1" 200 39235 "-" "Mozilla/5.0 (compatible; DotBot/1.2; +https://opensiteexplorer.org/dotbot; help@moz.com)"
216.244.66.239 - - [10/Dec/2025:12:08:50 +0100] "GET /platby/uwoy9/north-alabama-football-record-2020 HTTP/1.1" 200 38727 "-" "Mozilla/5.0 (compatible; DotBot/1.2; +https://opensiteexplorer.org/dotbot; help@moz.com)"
216.244.66.239 - - [10/Dec/2025:12:08:51 +0100] "GET /platby/uwoy9/5th-grade-book-report-worksheet HTTP/1.1" 200 36354 "-" "Mozilla/5.0 (compatible; DotBot/1.2; +https://opensiteexplorer.org/dotbot; help@moz.com)"
216.244.66.239 - - [10/Dec/2025:12:08:52 +0100] "GET /platby/uwoy9/cypress-trees-in-kentucky HTTP/1.1" 200 42827 "-" "Mozilla/5.0 (compatible; DotBot/1.2; +https://opensiteexplorer.org/dotbot; help@moz.com)"
216.244.66.239 - - [10/Dec/2025:12:08:53 +0100] "GET /platby/uwoy9/duke-blue-devils-football HTTP/1.1" 200 44559 "-" "Mozilla/5.0 (compatible; DotBot/1.2; +https://opensiteexplorer.org/dotbot; help@moz.com)"
216.244.66.239 - - [10/Dec/2025:12:08:57 +0100] "GET /platby/uwoy9/most-beautiful-poems-about-love HTTP/1.1" 200 38096 "-" "Mozilla/5.0 (compatible; DotBot/1.2; +https://opensiteexplorer.org/dotbot; help@moz.com)"
216.244.66.239 - - [10/Dec/2025:12:09:03 +0100] "GET /platby/aohwuyx/cu-boulder-aerospace-engineering-acceptance-rate HTTP/1.1" 200 33274 "-" "Mozilla/5.0 (compatible; DotBot/1.2; +https://opensiteexplorer.org/dotbot; help@moz.com)"
216.244.66.239 - - [10/Dec/2025:12:09:08 +0100] "GET /platby/aohwuyx/southside-elementary-school-district HTTP/1.1" 200 30808 "-" "Mozilla/5.0 (compatible; DotBot/1.2; +https://opensiteexplorer.org/dotbot; help@moz.com)"
216.244.66.239 - - [10/Dec/2025:12:09:12 +0100] "GET /platby/aohwuyx/cheap-flower-delivery-nyc HTTP/1.1" 200 33388 "-" "Mozilla/5.0 (compatible; DotBot/1.2; +https://opensiteexplorer.org/dotbot; help@moz.com)"
216.244.66.239 - - [10/Dec/2025:12:09:15 +0100] "GET /platby/aohwuyx/life-expectancy-with-fatty-liver-disease HTTP/1.1" 200 37804 "-" "Mozilla/5.0 (compatible; DotBot/1.2; +https://opensiteexplorer.org/dotbot; help@moz.com)"
85.208.96.196 - - [10/Dec/2025:12:09:16 +0100] "GET /platby/hca/stuyvesant-high-school-floor-plan HTTP/1.1" 200 12195 "-" "Mozilla/5.0 (compatible; SemrushBot/7~bl; +http://www.semrush.com/bot.html)"
216.244.66.239 - - [10/Dec/2025:12:09:21 +0100] "GET /platby/uwoy9/nigerian-basketball-player-7-9 HTTP/1.1" 200 41465 "-" "Mozilla/5.0 (compatible; DotBot/1.2; +https://opensiteexplorer.org/dotbot; help@moz.com)"
185.191.171.11 - - [10/Dec/2025:12:09:37 +0100] "GET /platby/uwoy9/who-makes-calypso-lemonade HTTP/1.1" 200 12834 "-" "Mozilla/5.0 (compatible; SemrushBot/7~bl; +http://www.semrush.com/bot.html)"
185.191.171.15 - - [10/Dec/2025:12:09:41 +0100] "GET /platby/aohwuyx/jira-zephyr-integration HTTP/1.1" 200 10184 "-" "Mozilla/5.0 (compatible; SemrushBot/7~bl; +http://www.semrush.com/bot.html)"
85.208.96.196 - - [10/Dec/2025:12:10:15 +0100] "GET /platby/hca/stryker-earnings-q2-2020 HTTP/1.1" 200 10027 "-" "Mozilla/5.0 (compatible; SemrushBot/7~bl; +http://www.semrush.com/bot.html)"
85.208.96.206 - - [10/Dec/2025:12:10:18 +0100] "GET /platby/uwoy9/jordan-world-ranking-in-football HTTP/1.1" 200 14827 "-" "Mozilla/5.0 (compatible; SemrushBot/7~bl; +http://www.semrush.com/bot.html)"
85.208.96.196 - - [10/Dec/2025:12:10:21 +0100] "GET /platby/72zbxoz/reading-eggs-correlation-chart HTTP/1.1" 200 10861 "-" "Mozilla/5.0 (compatible; SemrushBot/7~bl; +http://www.semrush.com/bot.html)"
185.191.171.6 - - [10/Dec/2025:12:10:32 +0100] "GET /platby/72zbxoz/esthetician-santa-barbara HTTP/1.1" 200 7795 "-" "Mozilla/5.0 (compatible; SemrushBot/7~bl; +http://www.semrush.com/bot.html)"
85.208.96.196 - - [10/Dec/2025:12:10:39 +0100] "GET /platby/uwoy9/solar-centre-delivery HTTP/1.1" 200 9584 "-" "Mozilla/5.0 (compatible; SemrushBot/7~bl; +http://www.semrush.com/bot.html)"
85.208.96.201 - - [10/Dec/2025:12:10:58 +0100] "GET /platby/72zbxoz/aircraft-equations-of-motion HTTP/1.1" 200 8003 "-" "Mozilla/5.0 (compatible; SemrushBot/7~bl; +http://www.semrush.com/bot.html)"
185.191.171.19 - - [10/Dec/2025:12:11:07 +0100] "GET /platby/72zbxoz/smartsheet-document-builder-multiple-rows HTTP/1.1" 200 11196 "-" "Mozilla/5.0 (compatible; SemrushBot/7~bl; +http://www.semrush.com/bot.html)"
85.208.96.207 - - [10/Dec/2025:12:11:12 +0100] "GET /platby/hca/in-sanskrit,-bhujang-means HTTP/1.1" 200 8597 "-" "Mozilla/5.0 (compatible; SemrushBot/7~bl; +http://www.semrush.com/bot.html)"
85.208.96.204 - - [10/Dec/2025:12:11:34 +0100] "GET /platby/hca/training-plan-template-xls HTTP/1.1" 200 9023 "-" "Mozilla/5.0 (compatible; SemrushBot/7~bl; +http://www.semrush.com/bot.html)"
185.191.171.9 - - [10/Dec/2025:12:11:41 +0100] "GET /platby/uwoy9/i-shall-never-fear-my-father's-sword HTTP/1.1" 200 8272 "-" "Mozilla/5.0 (compatible; SemrushBot/7~bl; +http://www.semrush.com/bot.html)"
185.191.171.13 - - [10/Dec/2025:12:11:44 +0100] "GET /platby/qqap/prettiest-baby-girl-names HTTP/1.1" 200 13648 "-" "Mozilla/5.0 (compatible; SemrushBot/7~bl; +http://www.semrush.com/bot.html)"
85.208.96.205 - - [10/Dec/2025:12:11:51 +0100] "GET /platby/72zbxoz/mountain-laurel-for-sale-near-me HTTP/1.1" 200 15833 "-" "Mozilla/5.0 (compatible; SemrushBot/7~bl; +http://www.semrush.com/bot.html)"
154.255.84.145 - - [10/Dec/2025:12:12:14 +0100] "GET /platby/qqap/solar-farm-east-bernard-texas HTTP/1.1" 200 8851 "-" "Mozilla/5.0 (Macintosh; U; Intel Mac OS X 10_10_0 rv:3.0; gu-IN) AppleWebKit/535.41.2 (KHTML, like Gecko) Version/4.0.2 Safari/535.41.2"
185.191.171.19 - - [10/Dec/2025:12:12:20 +0100] "GET /platby/uwoy9/macron-sports-scotland HTTP/1.1" 200 7822 "-" "Mozilla/5.0 (compatible; SemrushBot/7~bl; +http://www.semrush.com/bot.html)"
85.208.96.201 - - [10/Dec/2025:12:12:28 +0100] "GET /platby/hca/royal-challengers-bangalore HTTP/1.1" 200 5193 "-" "Mozilla/5.0 (compatible; SemrushBot/7~bl; +http://www.semrush.com/bot.html)"
185.191.171.13 - - [10/Dec/2025:12:12:29 +0100] "GET /platby/aohwuyx/tootsie-roll-mini-fruit-chews HTTP/1.1" 200 8074 "-" "Mozilla/5.0 (compatible; SemrushBot/7~bl; +http://www.semrush.com/bot.html)"
185.191.171.11 - - [10/Dec/2025:12:12:31 +0100] "GET /platby/qqap/townsend-harris-high-school-dress-code HTTP/1.1" 200 9704 "-" "Mozilla/5.0 (compatible; SemrushBot/7~bl; +http://www.semrush.com/bot.html)"
185.191.171.6 - - [10/Dec/2025:12:12:34 +0100] "GET /platby/aohwuyx/sony-xperia-1-iii-screen-protector HTTP/1.1" 200 8596 "-" "Mozilla/5.0 (compatible; SemrushBot/7~bl; +http://www.semrush.com/bot.html)"
203.75.213.2 - - [10/Dec/2025:12:12:43 +0100] "\x16\x03\x03\x01\xa7\x01" 403 265 "-" "-"
203.75.213.2 - - [10/Dec/2025:12:12:47 +0100] "\x16\x03\x03\x01\xa7\x01" 403 265 "-" "-"
203.75.213.2 - - [10/Dec/2025:12:12:48 +0100] "\x16\x03\x03\x01X\x01" 403 265 "-" "-"
203.75.213.2 - - [10/Dec/2025:12:12:48 +0100] "\x16\x03\x03\x01J\x01" 403 265 "-" "-"
203.75.213.2 - - [10/Dec/2025:12:12:49 +0100] "\x16\x03\x03\x01\x9b\x01" 403 265 "-" "-"
203.75.213.2 - - [10/Dec/2025:12:12:50 +0100] "\x16\x03\x02\x01\x9c\x01" 403 265 "-" "-"
203.75.213.2 - - [10/Dec/2025:12:12:50 +0100] "\x16\x03\x01\x01\xa9\x01" 403 265 "-" "-"
203.75.213.2 - - [10/Dec/2025:12:12:51 +0100] "\x16\x03\x01\x01\xa9\x01" 403 265 "-" "-"
203.75.213.2 - - [10/Dec/2025:12:12:51 +0100] "\x16\x03\x01\x01\x9f\x01" 403 265 "-" "-"
203.75.213.2 - - [10/Dec/2025:12:12:52 +0100] "\x16\x03\x01\x01\xb6\x01" 403 265 "-" "-"
185.191.171.11 - - [10/Dec/2025:12:13:32 +0100] "GET /platby/hca/directions-to-pittsburg-kansas HTTP/1.1" 200 8200 "-" "Mozilla/5.0 (compatible; SemrushBot/7~bl; +http://www.semrush.com/bot.html)"
85.208.96.209 - - [10/Dec/2025:12:13:35 +0100] "GET /platby/qqap/schools-in-kensington-london HTTP/1.1" 200 6600 "-" "Mozilla/5.0 (compatible; SemrushBot/7~bl; +http://www.semrush.com/bot.html)"
85.208.96.199 - - [10/Dec/2025:12:13:54 +0100] "GET /platby/hca/granada-hills-charter HTTP/1.1" 200 6748 "-" "Mozilla/5.0 (compatible; SemrushBot/7~bl; +http://www.semrush.com/bot.html)"
85.208.96.196 - - [10/Dec/2025:12:14:04 +0100] "GET /platby/qqap/when-was-the-steam-locomotive-invented-by-george-stephenson HTTP/1.1" 200 5954 "-" "Mozilla/5.0 (compatible; SemrushBot/7~bl; +http://www.semrush.com/bot.html)"
85.208.96.194 - - [10/Dec/2025:12:14:26 +0100] "GET /platby/aohwuyx/all-uniform-wear-essentials HTTP/1.1" 200 10391 "-" "Mozilla/5.0 (compatible; SemrushBot/7~bl; +http://www.semrush.com/bot.html)"
185.191.171.5 - - [10/Dec/2025:12:14:34 +0100] "GET /platby/qqap/huawei-mate-20-pro-speaker-volume-low HTTP/1.1" 200 9660 "-" "Mozilla/5.0 (compatible; SemrushBot/7~bl; +http://www.semrush.com/bot.html)"
85.208.96.206 - - [10/Dec/2025:12:14:42 +0100] "GET /platby/aohwuyx/buzzfeed-dog-choosing-quiz HTTP/1.1" 200 12344 "-" "Mozilla/5.0 (compatible; SemrushBot/7~bl; +http://www.semrush.com/bot.html)"
85.208.96.203 - - [10/Dec/2025:12:14:45 +0100] "GET /platby/aohwuyx/florida-teacher-accused-of-sleeping-with-student HTTP/1.1" 200 9651 "-" "Mozilla/5.0 (compatible; SemrushBot/7~bl; +http://www.semrush.com/bot.html)"
85.208.96.195 - - [10/Dec/2025:12:15:12 +0100] "GET /platby/72zbxoz/purplebricks-sacramento HTTP/1.1" 200 9263 "-" "Mozilla/5.0 (compatible; SemrushBot/7~bl; +http://www.semrush.com/bot.html)"
85.208.96.210 - - [10/Dec/2025:12:15:23 +0100] "GET /platby/uwoy9/south-carolina-ged-testing-centers HTTP/1.1" 200 9150 "-" "Mozilla/5.0 (compatible; SemrushBot/7~bl; +http://www.semrush.com/bot.html)"
85.208.96.195 - - [10/Dec/2025:12:15:25 +0100] "GET /platby/qqap/aaron-rodgers-draft-pick HTTP/1.1" 200 8765 "-" "Mozilla/5.0 (compatible; SemrushBot/7~bl; +http://www.semrush.com/bot.html)"
185.191.171.11 - - [10/Dec/2025:12:15:27 +0100] "GET /platby/aohwuyx/black-carpenter-ant-habitat HTTP/1.1" 200 8612 "-" "Mozilla/5.0 (compatible; SemrushBot/7~bl; +http://www.semrush.com/bot.html)"
185.191.171.7 - - [10/Dec/2025:12:15:30 +0100] "GET /platby/hca/bps-focus-parent-registration HTTP/1.1" 200 11202 "-" "Mozilla/5.0 (compatible; SemrushBot/7~bl; +http://www.semrush.com/bot.html)"
185.191.171.6 - - [10/Dec/2025:12:15:41 +0100] "GET /platby/72zbxoz/ilysb-ukulele-fingerstyle HTTP/1.1" 200 10430 "-" "Mozilla/5.0 (compatible; SemrushBot/7~bl; +http://www.semrush.com/bot.html)"
185.191.171.5 - - [10/Dec/2025:12:15:52 +0100] "GET /platby/qqap/gas-engines-for-power-generation HTTP/1.1" 200 10189 "-" "Mozilla/5.0 (compatible; SemrushBot/7~bl; +http://www.semrush.com/bot.html)"
85.208.96.196 - - [10/Dec/2025:12:16:23 +0100] "GET /platby/uwoy9/boston-university-baseball-schedule HTTP/1.1" 200 12489 "-" "Mozilla/5.0 (compatible; SemrushBot/7~bl; +http://www.semrush.com/bot.html)"
185.191.171.5 - - [10/Dec/2025:12:16:31 +0100] "GET /platby/hca/fox-meadow-kindergarten-registration HTTP/1.1" 200 12885 "-" "Mozilla/5.0 (compatible; SemrushBot/7~bl; +http://www.semrush.com/bot.html)"
185.191.171.12 - - [10/Dec/2025:12:16:35 +0100] "GET /platby/hca/wait-on-you-%7C-elevation-worship HTTP/1.1" 200 10135 "-" "Mozilla/5.0 (compatible; SemrushBot/7~bl; +http://www.semrush.com/bot.html)"
85.208.96.194 - - [10/Dec/2025:12:16:42 +0100] "GET /platby/uwoy9/confluence-page-templates HTTP/1.1" 200 9987 "-" "Mozilla/5.0 (compatible; SemrushBot/7~bl; +http://www.semrush.com/bot.html)"
85.208.96.195 - - [10/Dec/2025:12:16:49 +0100] "GET /platby/hca/joseph-allen-harvard-biography HTTP/1.1" 200 9370 "-" "Mozilla/5.0 (compatible; SemrushBot/7~bl; +http://www.semrush.com/bot.html)"
85.208.96.199 - - [10/Dec/2025:12:17:38 +0100] "GET /platby/qqap/kobe-bryant-draft-profile HTTP/1.1" 200 6646 "-" "Mozilla/5.0 (compatible; SemrushBot/7~bl; +http://www.semrush.com/bot.html)"
85.208.96.209 - - [10/Dec/2025:12:17:44 +0100] "GET /platby/uwoy9/which-fandom-has-the-most-fans HTTP/1.1" 200 9535 "-" "Mozilla/5.0 (compatible; SemrushBot/7~bl; +http://www.semrush.com/bot.html)"
185.191.171.11 - - [10/Dec/2025:12:17:55 +0100] "GET /platby/aohwuyx/northeast-united-fc-transfer-rumours HTTP/1.1" 200 13198 "-" "Mozilla/5.0 (compatible; SemrushBot/7~bl; +http://www.semrush.com/bot.html)"
85.208.96.211 - - [10/Dec/2025:12:18:26 +0100] "GET /platby/qqap/walton-county-fl-school-calendar-2021-2022 HTTP/1.1" 200 11489 "-" "Mozilla/5.0 (compatible; SemrushBot/7~bl; +http://www.semrush.com/bot.html)"
85.208.96.196 - - [10/Dec/2025:12:18:38 +0100] "GET /platby/hca/forever-living-products-pakistan HTTP/1.1" 200 6871 "-" "Mozilla/5.0 (compatible; SemrushBot/7~bl; +http://www.semrush.com/bot.html)"
85.208.96.199 - - [10/Dec/2025:12:18:43 +0100] "GET /platby/72zbxoz/eurasian-wigeon-habitat HTTP/1.1" 200 14431 "-" "Mozilla/5.0 (compatible; SemrushBot/7~bl; +http://www.semrush.com/bot.html)"
85.208.96.211 - - [10/Dec/2025:12:19:05 +0100] "GET /platby/hca/elliptic-partial-differential-equations-numerical-methods HTTP/1.1" 200 5934 "-" "Mozilla/5.0 (compatible; SemrushBot/7~bl; +http://www.semrush.com/bot.html)"
85.208.96.204 - - [10/Dec/2025:12:19:08 +0100] "GET /platby/hca/training-for-change-hiring HTTP/1.1" 200 7788 "-" "Mozilla/5.0 (compatible; SemrushBot/7~bl; +http://www.semrush.com/bot.html)"
78.80.16.244 - - [10/Dec/2025:12:19:10 +0100] "\x16\x03\x01\x07!\x01" 403 265 "-" "-"
78.80.16.244 - - [10/Dec/2025:12:19:10 +0100] "\x16\x03\x01\x07\x01\x01" 403 265 "-" "-"
185.191.171.11 - - [10/Dec/2025:12:19:11 +0100] "GET /platby/hca/eavesdropping-example HTTP/1.1" 200 6073 "-" "Mozilla/5.0 (compatible; SemrushBot/7~bl; +http://www.semrush.com/bot.html)"
204.76.203.8 - - [10/Dec/2025:12:19:15 +0100] "\x16\x03\x01" 403 265 "-" "-"
185.191.171.5 - - [10/Dec/2025:12:19:29 +0100] "GET /platby/qqap/canadian-geese-babies-for-sale HTTP/1.1" 200 9438 "-" "Mozilla/5.0 (compatible; SemrushBot/7~bl; +http://www.semrush.com/bot.html)"
85.208.96.205 - - [10/Dec/2025:12:19:33 +0100] "GET /platby/qqap/hydrazoic-acid-explosion HTTP/1.1" 200 10190 "-" "Mozilla/5.0 (compatible; SemrushBot/7~bl; +http://www.semrush.com/bot.html)"
185.191.171.11 - - [10/Dec/2025:12:19:37 +0100] "GET /platby/aohwuyx/tottenham-fifa-ranking HTTP/1.1" 200 11508 "-" "Mozilla/5.0 (compatible; SemrushBot/7~bl; +http://www.semrush.com/bot.html)"
85.208.96.205 - - [10/Dec/2025:12:19:55 +0100] "GET /platby/uwoy9/certified-surgical-first-assistant-programs HTTP/1.1" 200 10336 "-" "Mozilla/5.0 (compatible; SemrushBot/7~bl; +http://www.semrush.com/bot.html)"
85.208.96.200 - - [10/Dec/2025:12:19:59 +0100] "GET /platby/hca/why-i-left-teaching-and-when-you-should-too HTTP/1.1" 200 10289 "-" "Mozilla/5.0 (compatible; SemrushBot/7~bl; +http://www.semrush.com/bot.html)"
3.212.86.97 - - [10/Dec/2025:12:20:07 +0100] "GET /platby/72zbxoz/beacon-high-school-basketball HTTP/1.1" 200 8163 "-" "Mozilla/5.0 AppleWebKit/537.36 (KHTML, like Gecko; compatible; Amazonbot/0.1; +https://developer.amazon.com/support/amazonbot) Chrome/119.0.6045.214 Safari/537.36"
185.191.171.19 - - [10/Dec/2025:12:20:09 +0100] "GET /platby/hca/mennel-ibtissem-tweets HTTP/1.1" 200 10929 "-" "Mozilla/5.0 (compatible; SemrushBot/7~bl; +http://www.semrush.com/bot.html)"
85.208.96.204 - - [10/Dec/2025:12:20:10 +0100] "GET /platby/uwoy9/mercato-della-pescheria-happy-hour HTTP/1.1" 200 9053 "-" "Mozilla/5.0 (compatible; SemrushBot/7~bl; +http://www.semrush.com/bot.html)"
34.239.85.139 - - [10/Dec/2025:12:20:11 +0100] "GET /platby/72zbxoz/best-edibles-for-focus-and-energy HTTP/1.1" 200 9712 "-" "Mozilla/5.0 AppleWebKit/537.36 (KHTML, like Gecko; compatible; Amazonbot/0.1; +https://developer.amazon.com/support/amazonbot) Chrome/119.0.6045.214 Safari/537.36"
54.221.203.24 - - [10/Dec/2025:12:20:16 +0100] "GET /platby/72zbxoz/orlando-magic-trade-targets HTTP/1.1" 200 7152 "-" "Mozilla/5.0 AppleWebKit/537.36 (KHTML, like Gecko; compatible; Amazonbot/0.1; +https://developer.amazon.com/support/amazonbot) Chrome/119.0.6045.214 Safari/537.36"
3.229.2.217 - - [10/Dec/2025:12:20:19 +0100] "GET /platby/72zbxoz/unique-things-to-do-in-north-dakota HTTP/1.1" 200 8499 "-" "Mozilla/5.0 AppleWebKit/537.36 (KHTML, like Gecko; compatible; Amazonbot/0.1; +https://developer.amazon.com/support/amazonbot) Chrome/119.0.6045.214 Safari/537.36"
52.4.238.8 - - [10/Dec/2025:12:20:24 +0100] "GET /platby/qqap/pretty-little-thing-clothing HTTP/1.1" 200 11156 "-" "Mozilla/5.0 AppleWebKit/537.36 (KHTML, like Gecko; compatible; Amazonbot/0.1; +https://developer.amazon.com/support/amazonbot) Chrome/119.0.6045.214 Safari/537.36"
23.21.179.27 - - [10/Dec/2025:12:20:27 +0100] "GET /platby/72zbxoz/the-world-may-never-know-lollipop HTTP/1.1" 200 13950 "-" "Mozilla/5.0 AppleWebKit/537.36 (KHTML, like Gecko; compatible; Amazonbot/0.1; +https://developer.amazon.com/support/amazonbot) Chrome/119.0.6045.214 Safari/537.36"
52.71.218.25 - - [10/Dec/2025:12:20:32 +0100] "GET /platby/72zbxoz/best-video-cameras-2021 HTTP/1.1" 200 7380 "-" "Mozilla/5.0 AppleWebKit/537.36 (KHTML, like Gecko; compatible; Amazonbot/0.1; +https://developer.amazon.com/support/amazonbot) Chrome/119.0.6045.214 Safari/537.36"
185.191.171.8 - - [10/Dec/2025:12:20:34 +0100] "GET /platby/aohwuyx/how-to-write-apostrophe-in-laptop-keyboard HTTP/1.1" 200 8453 "-" "Mozilla/5.0 (compatible; SemrushBot/7~bl; +http://www.semrush.com/bot.html)"
3.229.2.217 - - [10/Dec/2025:12:20:37 +0100] "GET /platby/72zbxoz/2021-nfl-draft-experience-event-crew HTTP/1.1" 200 7063 "-" "Mozilla/5.0 AppleWebKit/537.36 (KHTML, like Gecko; compatible; Amazonbot/0.1; +https://developer.amazon.com/support/amazonbot) Chrome/119.0.6045.214 Safari/537.36"
23.23.213.182 - - [10/Dec/2025:12:20:39 +0100] "GET /platby/72zbxoz/healing-spirits-massage-school HTTP/1.1" 200 15901 "-" "Mozilla/5.0 AppleWebKit/537.36 (KHTML, like Gecko; compatible; Amazonbot/0.1; +https://developer.amazon.com/support/amazonbot) Chrome/119.0.6045.214 Safari/537.36"
185.191.171.11 - - [10/Dec/2025:12:20:40 +0100] "GET /platby/aohwuyx/check-apache-version-debian HTTP/1.1" 200 8812 "-" "Mozilla/5.0 (compatible; SemrushBot/7~bl; +http://www.semrush.com/bot.html)"
52.54.95.127 - - [10/Dec/2025:12:20:43 +0100] "GET /platby/72zbxoz/massachusetts-native-shrubs HTTP/1.1" 200 12195 "-" "Mozilla/5.0 AppleWebKit/537.36 (KHTML, like Gecko; compatible; Amazonbot/0.1; +https://developer.amazon.com/support/amazonbot) Chrome/119.0.6045.214 Safari/537.36"
185.191.171.13 - - [10/Dec/2025:12:20:45 +0100] "GET /robots.txt HTTP/1.1" 200 54 "-" "Mozilla/5.0 (compatible; SemrushBot/7~bl; +http://www.semrush.com/bot.html)"
85.208.96.210 - - [10/Dec/2025:12:20:46 +0100] "GET /platby/aohwuyx/who-started-the-modern-olympic-games HTTP/1.1" 200 7882 "-" "Mozilla/5.0 (compatible; SemrushBot/7~bl; +http://www.semrush.com/bot.html)"
98.83.178.66 - - [10/Dec/2025:12:20:47 +0100] "GET /platby/72zbxoz/devonta-smith-philadelphia-eagles HTTP/1.1" 200 7291 "-" "Mozilla/5.0 AppleWebKit/537.36 (KHTML, like Gecko; compatible; Amazonbot/0.1; +https://developer.amazon.com/support/amazonbot) Chrome/119.0.6045.214 Safari/537.36"
34.225.24.180 - - [10/Dec/2025:12:20:52 +0100] "GET /platby/72zbxoz/estevan-florial-fantasy HTTP/1.1" 200 9980 "-" "Mozilla/5.0 AppleWebKit/537.36 (KHTML, like Gecko; compatible; Amazonbot/0.1; +https://developer.amazon.com/support/amazonbot) Chrome/119.0.6045.214 Safari/537.36"
3.231.193.38 - - [10/Dec/2025:12:20:57 +0100] "GET /platby/72zbxoz/what-does-diversity-mean-to-you HTTP/1.1" 200 14623 "-" "Mozilla/5.0 AppleWebKit/537.36 (KHTML, like Gecko; compatible; Amazonbot/0.1; +https://developer.amazon.com/support/amazonbot) Chrome/119.0.6045.214 Safari/537.36"
3.81.253.213 - - [10/Dec/2025:12:21:00 +0100] "GET /platby/72zbxoz/oklahoma-flower-bed-ideas HTTP/1.1" 200 9092 "-" "Mozilla/5.0 AppleWebKit/537.36 (KHTML, like Gecko; compatible; Amazonbot/0.1; +https://developer.amazon.com/support/amazonbot) Chrome/119.0.6045.214 Safari/537.36"
3.220.70.171 - - [10/Dec/2025:12:21:03 +0100] "GET /platby/72zbxoz/tony-bloom-south-africa HTTP/1.1" 200 11231 "-" "Mozilla/5.0 AppleWebKit/537.36 (KHTML, like Gecko; compatible; Amazonbot/0.1; +https://developer.amazon.com/support/amazonbot) Chrome/119.0.6045.214 Safari/537.36"
85.208.96.199 - - [10/Dec/2025:12:21:08 +0100] "GET /platby/72zbxoz/saints-vs-vikings-2017-playoffs HTTP/1.1" 200 10871 "-" "Mozilla/5.0 (compatible; SemrushBot/7~bl; +http://www.semrush.com/bot.html)"
52.6.232.201 - - [10/Dec/2025:12:21:08 +0100] "GET /platby/72zbxoz/sharrod-neasman-contract HTTP/1.1" 200 5679 "-" "Mozilla/5.0 AppleWebKit/537.36 (KHTML, like Gecko; compatible; Amazonbot/0.1; +https://developer.amazon.com/support/amazonbot) Chrome/119.0.6045.214 Safari/537.36"
50.16.72.185 - - [10/Dec/2025:12:21:11 +0100] "GET /platby/72zbxoz/training-for-change-super-t HTTP/1.1" 200 17011 "-" "Mozilla/5.0 AppleWebKit/537.36 (KHTML, like Gecko; compatible; Amazonbot/0.1; +https://developer.amazon.com/support/amazonbot) Chrome/119.0.6045.214 Safari/537.36"
54.92.171.106 - - [10/Dec/2025:12:21:16 +0100] "GET /platby/72zbxoz/angela-rippon-children HTTP/1.1" 200 12597 "-" "Mozilla/5.0 AppleWebKit/537.36 (KHTML, like Gecko; compatible; Amazonbot/0.1; +https://developer.amazon.com/support/amazonbot) Chrome/119.0.6045.214 Safari/537.36"
18.209.201.119 - - [10/Dec/2025:12:21:19 +0100] "GET /platby/72zbxoz/sony-xperia-z5-compact-specs HTTP/1.1" 200 13031 "-" "Mozilla/5.0 AppleWebKit/537.36 (KHTML, like Gecko; compatible; Amazonbot/0.1; +https://developer.amazon.com/support/amazonbot) Chrome/119.0.6045.214 Safari/537.36"
44.223.116.149 - - [10/Dec/2025:12:21:23 +0100] "GET /platby/72zbxoz/vikings-vs-seahawks-2020 HTTP/1.1" 200 7126 "-" "Mozilla/5.0 AppleWebKit/537.36 (KHTML, like Gecko; compatible; Amazonbot/0.1; +https://developer.amazon.com/support/amazonbot) Chrome/119.0.6045.214 Safari/537.36"
54.156.124.2 - - [10/Dec/2025:12:21:28 +0100] "GET /platby/72zbxoz/xperia-xz2-software-update HTTP/1.1" 200 9401 "-" "Mozilla/5.0 AppleWebKit/537.36 (KHTML, like Gecko; compatible; Amazonbot/0.1; +https://developer.amazon.com/support/amazonbot) Chrome/119.0.6045.214 Safari/537.36"
52.204.253.129 - - [10/Dec/2025:12:21:31 +0100] "GET /platby/72zbxoz/yellow-jacket-disposable-trap HTTP/1.1" 200 7868 "-" "Mozilla/5.0 AppleWebKit/537.36 (KHTML, like Gecko; compatible; Amazonbot/0.1; +https://developer.amazon.com/support/amazonbot) Chrome/119.0.6045.214 Safari/537.36"
204.76.203.212 - - [10/Dec/2025:12:21:33 +0100] "GET /" 400 468 "-" "-"
185.191.171.5 - - [10/Dec/2025:12:21:38 +0100] "GET /platby/aohwuyx/my-year-of-living-mindfully-documentary HTTP/1.1" 200 10421 "-" "Mozilla/5.0 (compatible; SemrushBot/7~bl; +http://www.semrush.com/bot.html)"
185.191.171.2 - - [10/Dec/2025:12:21:44 +0100] "GET /platby/72zbxoz/reclaimed-wood-greensboro-nc HTTP/1.1" 200 14889 "-" "Mozilla/5.0 (compatible; SemrushBot/7~bl; +http://www.semrush.com/bot.html)"
85.208.96.193 - - [10/Dec/2025:12:22:00 +0100] "GET /platby/hca/edwin-encarnacion-net-worth HTTP/1.1" 200 11260 "-" "Mozilla/5.0 (compatible; SemrushBot/7~bl; +http://www.semrush.com/bot.html)"
204.76.203.206 - - [10/Dec/2025:12:22:28 +0100] "GET /" 400 468 "-" "-"
85.208.96.212 - - [10/Dec/2025:12:22:37 +0100] "GET /platby/aohwuyx/best-leather-jacket-brands HTTP/1.1" 200 15330 "-" "Mozilla/5.0 (compatible; SemrushBot/7~bl; +http://www.semrush.com/bot.html)"
185.191.171.6 - - [10/Dec/2025:12:22:52 +0100] "GET /platby/hca/vainqueur-lyot-discogs HTTP/1.1" 200 10857 "-" "Mozilla/5.0 (compatible; SemrushBot/7~bl; +http://www.semrush.com/bot.html)"
185.191.171.18 - - [10/Dec/2025:12:23:06 +0100] "GET /platby/aohwuyx/we-can't-teach-what-we-don't-know-quotes HTTP/1.1" 200 13519 "-" "Mozilla/5.0 (compatible; SemrushBot/7~bl; +http://www.semrush.com/bot.html)"
185.191.171.8 - - [10/Dec/2025:12:23:20 +0100] "GET /platby/uwoy9/education-city-stadium-capacity HTTP/1.1" 200 10918 "-" "Mozilla/5.0 (compatible; SemrushBot/7~bl; +http://www.semrush.com/bot.html)"
185.191.171.14 - - [10/Dec/2025:12:23:25 +0100] "GET /platby/72zbxoz/black-locust-lumber-maine HTTP/1.1" 200 15277 "-" "Mozilla/5.0 (compatible; SemrushBot/7~bl; +http://www.semrush.com/bot.html)"
204.76.203.206 - - [10/Dec/2025:12:23:28 +0100] "GET / HTTP/1.1" 200 316 "-" "Mozilla/5.0 (Windows NT 10.0; Win64; x64) AppleWebKit/537.36 (KHTML, like Gecko) Chrome/90.0.4430.85 Safari/537.36 Edg/90.0.818.46"
185.191.171.11 - - [10/Dec/2025:12:23:31 +0100] "GET /platby/aohwuyx/blackfeet-indian-reservation HTTP/1.1" 200 9635 "-" "Mozilla/5.0 (compatible; SemrushBot/7~bl; +http://www.semrush.com/bot.html)"
78.153.140.128 - - [10/Dec/2025:12:23:32 +0100] "\x16\x03\x01" 403 265 "-" "-"
78.153.140.128 - - [10/Dec/2025:12:23:33 +0100] "\x16\x03\x01" 403 265 "-" "-"
85.208.96.199 - - [10/Dec/2025:12:23:40 +0100] "GET /platby/uwoy9/types-of-institutional-investors HTTP/1.1" 200 9651 "-" "Mozilla/5.0 (compatible; SemrushBot/7~bl; +http://www.semrush.com/bot.html)"
85.208.96.209 - - [10/Dec/2025:12:23:42 +0100] "GET /platby/uwoy9/graham-harrell-career-earnings HTTP/1.1" 200 11123 "-" "Mozilla/5.0 (compatible; SemrushBot/7~bl; +http://www.semrush.com/bot.html)"
85.208.96.211 - - [10/Dec/2025:12:23:46 +0100] "GET /platby/uwoy9/dermalogica-active-moist-ingredients HTTP/1.1" 200 10295 "-" "Mozilla/5.0 (compatible; SemrushBot/7~bl; +http://www.semrush.com/bot.html)"
185.191.171.19 - - [10/Dec/2025:12:24:14 +0100] "GET /platby/72zbxoz/sleepwalking-treatment HTTP/1.1" 200 9337 "-" "Mozilla/5.0 (compatible; SemrushBot/7~bl; +http://www.semrush.com/bot.html)"
85.208.96.197 - - [10/Dec/2025:12:24:21 +0100] "GET /platby/72zbxoz/caroline-hirons-husband HTTP/1.1" 200 13838 "-" "Mozilla/5.0 (compatible; SemrushBot/7~bl; +http://www.semrush.com/bot.html)"
85.208.96.193 - - [10/Dec/2025:12:24:29 +0100] "GET /platby/qqap/providence-health-insurance HTTP/1.1" 200 6557 "-" "Mozilla/5.0 (compatible; SemrushBot/7~bl; +http://www.semrush.com/bot.html)"
85.208.96.209 - - [10/Dec/2025:12:24:34 +0100] "GET /platby/hca/queens-high-school-application-forms-2022 HTTP/1.1" 200 12548 "-" "Mozilla/5.0 (compatible; SemrushBot/7~bl; +http://www.semrush.com/bot.html)"
20.65.192.160 - - [10/Dec/2025:12:24:43 +0100] "GET / HTTP/1.1" 403 224 "-" "Mozilla/5.0 zgrab/0.x"
20.65.192.160 - - [10/Dec/2025:12:24:43 +0100] "MGLNDD_109.105.49.240_443" 403 265 "-" "-"
85.208.96.195 - - [10/Dec/2025:12:24:50 +0100] "GET /platby/qqap/affectionate-sentence HTTP/1.1" 200 6142 "-" "Mozilla/5.0 (compatible; SemrushBot/7~bl; +http://www.semrush.com/bot.html)"
85.208.96.197 - - [10/Dec/2025:12:24:51 +0100] "GET /platby/aohwuyx/samsung-emergency-mode-password HTTP/1.1" 200 9794 "-" "Mozilla/5.0 (compatible; SemrushBot/7~bl; +http://www.semrush.com/bot.html)"
85.208.96.197 - - [10/Dec/2025:12:25:28 +0100] "GET /platby/aohwuyx/how-far-is-virginia-beach-from-north-carolina HTTP/1.1" 200 9155 "-" "Mozilla/5.0 (compatible; SemrushBot/7~bl; +http://www.semrush.com/bot.html)"
85.208.96.209 - - [10/Dec/2025:12:25:30 +0100] "GET /platby/hca/matthew-mcconaughey-height HTTP/1.1" 200 6739 "-" "Mozilla/5.0 (compatible; SemrushBot/7~bl; +http://www.semrush.com/bot.html)"
185.191.171.2 - - [10/Dec/2025:12:25:49 +0100] "GET /platby/qqap/best-elementary-school-districts-in-nyc HTTP/1.1" 200 11321 "-" "Mozilla/5.0 (compatible; SemrushBot/7~bl; +http://www.semrush.com/bot.html)"
85.208.96.202 - - [10/Dec/2025:12:26:14 +0100] "GET /platby/uwoy9/phone-screen-repair-cost HTTP/1.1" 200 14435 "-" "Mozilla/5.0 (compatible; SemrushBot/7~bl; +http://www.semrush.com/bot.html)"
185.191.171.19 - - [10/Dec/2025:12:26:54 +0100] "GET /platby/uwoy9/mexican-restaurant-in-middletown,-de HTTP/1.1" 200 9531 "-" "Mozilla/5.0 (compatible; SemrushBot/7~bl; +http://www.semrush.com/bot.html)"
185.191.171.5 - - [10/Dec/2025:12:27:09 +0100] "GET /platby/aohwuyx/oracle-database-customers HTTP/1.1" 200 14148 "-" "Mozilla/5.0 (compatible; SemrushBot/7~bl; +http://www.semrush.com/bot.html)"
185.191.171.2 - - [10/Dec/2025:12:27:19 +0100] "GET /platby/72zbxoz/black-quotes-about-listening HTTP/1.1" 200 7640 "-" "Mozilla/5.0 (compatible; SemrushBot/7~bl; +http://www.semrush.com/bot.html)"
85.208.96.197 - - [10/Dec/2025:12:27:24 +0100] "GET /platby/72zbxoz/samsung-certified-screen-protector-note-20-ultra HTTP/1.1" 200 10793 "-" "Mozilla/5.0 (compatible; SemrushBot/7~bl; +http://www.semrush.com/bot.html)"
185.191.171.19 - - [10/Dec/2025:12:27:38 +0100] "GET /platby/72zbxoz/john-oliver-israel%2Fpalestine-full HTTP/1.1" 404 809 "-" "Mozilla/5.0 (compatible; SemrushBot/7~bl; +http://www.semrush.com/bot.html)"
185.245.104.75 - - [10/Dec/2025:12:27:41 +0100] "\x16\x03\x01\x06\xfb\x01" 403 265 "-" "-"
185.245.104.75 - - [10/Dec/2025:12:27:41 +0100] "\x16\x03\x01\x06\xbb\x01" 403 265 "-" "-"
185.245.104.75 - - [10/Dec/2025:12:27:42 +0100] "\x16\x03\x01\x06\xfb\x01" 403 265 "-" "-"
185.245.104.75 - - [10/Dec/2025:12:27:42 +0100] "\x16\x03\x01\x06\xfb\x01" 403 265 "-" "-"
181.214.164.157 - - [10/Dec/2025:12:27:48 +0100] "\x16\x03\x01\x02" 403 265 "-" "-"
85.208.96.209 - - [10/Dec/2025:12:27:49 +0100] "GET /platby/aohwuyx/lost-river-gorge-lemon-squeezer HTTP/1.1" 200 10553 "-" "Mozilla/5.0 (compatible; SemrushBot/7~bl; +http://www.semrush.com/bot.html)"
185.191.171.19 - - [10/Dec/2025:12:27:50 +0100] "GET /platby/uwoy9/maryland-basketball-recruiting-2021 HTTP/1.1" 200 8508 "-" "Mozilla/5.0 (compatible; SemrushBot/7~bl; +http://www.semrush.com/bot.html)"
85.208.96.194 - - [10/Dec/2025:12:27:52 +0100] "GET /platby/aohwuyx/light-sussex-egg-production HTTP/1.1" 200 9042 "-" "Mozilla/5.0 (compatible; SemrushBot/7~bl; +http://www.semrush.com/bot.html)"
185.191.171.2 - - [10/Dec/2025:12:27:55 +0100] "GET /platby/72zbxoz/new-dorp-high-school-swim-team HTTP/1.1" 200 13309 "-" "Mozilla/5.0 (compatible; SemrushBot/7~bl; +http://www.semrush.com/bot.html)"
185.191.171.16 - - [10/Dec/2025:12:28:08 +0100] "GET /platby/hca/reading-to-london-train-time HTTP/1.1" 200 8427 "-" "Mozilla/5.0 (compatible; SemrushBot/7~bl; +http://www.semrush.com/bot.html)"
185.191.171.18 - - [10/Dec/2025:12:28:10 +0100] "GET /platby/uwoy9/furiously-pronunciation HTTP/1.1" 200 11658 "-" "Mozilla/5.0 (compatible; SemrushBot/7~bl; +http://www.semrush.com/bot.html)"
85.208.96.193 - - [10/Dec/2025:12:28:33 +0100] "GET /platby/aohwuyx/retail-investors-vs-institutional-investors-percentage HTTP/1.1" 200 8649 "-" "Mozilla/5.0 (compatible; SemrushBot/7~bl; +http://www.semrush.com/bot.html)"
85.208.96.204 - - [10/Dec/2025:12:28:34 +0100] "GET /platby/hca/responsible-responsive-design HTTP/1.1" 200 13297 "-" "Mozilla/5.0 (compatible; SemrushBot/7~bl; +http://www.semrush.com/bot.html)"
85.208.96.195 - - [10/Dec/2025:12:28:53 +0100] "GET /platby/hca/definition-of-science-by-famous-scientists HTTP/1.1" 200 12298 "-" "Mozilla/5.0 (compatible; SemrushBot/7~bl; +http://www.semrush.com/bot.html)"
85.208.96.203 - - [10/Dec/2025:12:29:00 +0100] "GET /platby/qqap/jimmy-garoppolo-family HTTP/1.1" 200 8008 "-" "Mozilla/5.0 (compatible; SemrushBot/7~bl; +http://www.semrush.com/bot.html)"
185.191.171.16 - - [10/Dec/2025:12:29:46 +0100] "GET /platby/hca/feel-the-heat-of-summer-quotes HTTP/1.1" 200 14933 "-" "Mozilla/5.0 (compatible; SemrushBot/7~bl; +http://www.semrush.com/bot.html)"
85.208.96.205 - - [10/Dec/2025:12:29:47 +0100] "GET /platby/72zbxoz/pink-leopard-wildflower-case-iphone-11 HTTP/1.1" 200 9785 "-" "Mozilla/5.0 (compatible; SemrushBot/7~bl; +http://www.semrush.com/bot.html)"
185.191.171.19 - - [10/Dec/2025:12:29:50 +0100] "GET /platby/aohwuyx/bryan-cranston-seinfeld-gif HTTP/1.1" 200 13294 "-" "Mozilla/5.0 (compatible; SemrushBot/7~bl; +http://www.semrush.com/bot.html)"
141.98.11.140 - - [10/Dec/2025:12:30:17 +0100] "GET /" 400 468 "-" "-"
146.88.240.72 - - [10/Dec/2025:12:30:33 +0100] "\x16\x03\x01" 403 265 "-" "-"
185.191.171.2 - - [10/Dec/2025:12:30:33 +0100] "GET /platby/qqap/virginia-woolf-orlando-quotes HTTP/1.1" 200 10919 "-" "Mozilla/5.0 (compatible; SemrushBot/7~bl; +http://www.semrush.com/bot.html)"
185.191.171.19 - - [10/Dec/2025:12:31:12 +0100] "GET /platby/72zbxoz/universities-in-bahamas-for-international-students HTTP/1.1" 200 8246 "-" "Mozilla/5.0 (compatible; SemrushBot/7~bl; +http://www.semrush.com/bot.html)"
85.208.96.200 - - [10/Dec/2025:12:31:13 +0100] "GET /platby/72zbxoz/amalie-arena-interactive-seating-chart HTTP/1.1" 200 8657 "-" "Mozilla/5.0 (compatible; SemrushBot/7~bl; +http://www.semrush.com/bot.html)"
185.191.171.13 - - [10/Dec/2025:12:31:22 +0100] "GET /platby/aohwuyx/what-happens-if-you-kill-a-goose HTTP/1.1" 200 9556 "-" "Mozilla/5.0 (compatible; SemrushBot/7~bl; +http://www.semrush.com/bot.html)"
85.208.96.196 - - [10/Dec/2025:12:31:41 +0100] "GET /platby/qqap/hybrid-chicken-breeds HTTP/1.1" 200 8683 "-" "Mozilla/5.0 (compatible; SemrushBot/7~bl; +http://www.semrush.com/bot.html)"
185.191.171.8 - - [10/Dec/2025:12:31:47 +0100] "GET /platby/72zbxoz/i've-got-so-much-love-to-give-remix HTTP/1.1" 200 10406 "-" "Mozilla/5.0 (compatible; SemrushBot/7~bl; +http://www.semrush.com/bot.html)"
185.191.171.5 - - [10/Dec/2025:12:31:58 +0100] "GET /platby/72zbxoz/women's-upper-body-workout-bodybuilding HTTP/1.1" 200 14441 "-" "Mozilla/5.0 (compatible; SemrushBot/7~bl; +http://www.semrush.com/bot.html)"
185.191.171.14 - - [10/Dec/2025:12:32:04 +0100] "GET /platby/uwoy9/microsoft-drive-optimizer HTTP/1.1" 200 14396 "-" "Mozilla/5.0 (compatible; SemrushBot/7~bl; +http://www.semrush.com/bot.html)"
185.191.171.9 - - [10/Dec/2025:12:32:13 +0100] "GET /platby/uwoy9/westminster-choir-college HTTP/1.1" 200 13702 "-" "Mozilla/5.0 (compatible; SemrushBot/7~bl; +http://www.semrush.com/bot.html)"
185.191.171.4 - - [10/Dec/2025:12:32:14 +0100] "GET /platby/uwoy9/hubble-telescope-wikiercot-electricity-generation-by-energy-source HTTP/1.1" 200 11359 "-" "Mozilla/5.0 (compatible; SemrushBot/7~bl; +http://www.semrush.com/bot.html)"
85.208.96.200 - - [10/Dec/2025:12:32:23 +0100] "GET /platby/hca/taylor-swift-cruel-summer-font HTTP/1.1" 200 11342 "-" "Mozilla/5.0 (compatible; SemrushBot/7~bl; +http://www.semrush.com/bot.html)"
85.208.96.200 - - [10/Dec/2025:12:32:33 +0100] "GET /platby/hca/alabama-wildflower-seeds HTTP/1.1" 200 7355 "-" "Mozilla/5.0 (compatible; SemrushBot/7~bl; +http://www.semrush.com/bot.html)"
185.191.171.12 - - [10/Dec/2025:12:32:57 +0100] "GET /platby/uwoy9/pigeon-images-gallery HTTP/1.1" 200 10274 "-" "Mozilla/5.0 (compatible; SemrushBot/7~bl; +http://www.semrush.com/bot.html)"
85.208.96.196 - - [10/Dec/2025:12:33:01 +0100] "GET /platby/hca/south-park-cartoon-wars-banned HTTP/1.1" 200 10032 "-" "Mozilla/5.0 (compatible; SemrushBot/7~bl; +http://www.semrush.com/bot.html)"
185.191.171.5 - - [10/Dec/2025:12:33:02 +0100] "GET /platby/qqap/fantasy-genre-powerpoint HTTP/1.1" 200 11318 "-" "Mozilla/5.0 (compatible; SemrushBot/7~bl; +http://www.semrush.com/bot.html)"
85.208.96.203 - - [10/Dec/2025:12:33:46 +0100] "GET /platby/aohwuyx/nokia-3310-release-date HTTP/1.1" 200 8117 "-" "Mozilla/5.0 (compatible; SemrushBot/7~bl; +http://www.semrush.com/bot.html)"
85.208.96.202 - - [10/Dec/2025:12:33:59 +0100] "GET /platby/hca/when-do-anne-and-gilbert-get-together HTTP/1.1" 200 5865 "-" "Mozilla/5.0 (compatible; SemrushBot/7~bl; +http://www.semrush.com/bot.html)"
185.191.171.14 - - [10/Dec/2025:12:34:08 +0100] "GET /platby/uwoy9/the-road-less-traveled-summer-program HTTP/1.1" 200 14332 "-" "Mozilla/5.0 (compatible; SemrushBot/7~bl; +http://www.semrush.com/bot.html)"
185.191.171.15 - - [10/Dec/2025:12:34:39 +0100] "GET /platby/qqap/grafton-public-schools-calendar HTTP/1.1" 200 8137 "-" "Mozilla/5.0 (compatible; SemrushBot/7~bl; +http://www.semrush.com/bot.html)"
85.208.96.199 - - [10/Dec/2025:12:34:54 +0100] "GET /platby/hca/nebraska-trees-and-shrubs HTTP/1.1" 200 11807 "-" "Mozilla/5.0 (compatible; SemrushBot/7~bl; +http://www.semrush.com/bot.html)"
85.208.96.211 - - [10/Dec/2025:12:35:16 +0100] "GET /platby/qqap/champions-league-future HTTP/1.1" 200 10212 "-" "Mozilla/5.0 (compatible; SemrushBot/7~bl; +http://www.semrush.com/bot.html)"
185.191.171.14 - - [10/Dec/2025:12:35:21 +0100] "GET /platby/hca/mcdonald's-net-worth-2021 HTTP/1.1" 200 6928 "-" "Mozilla/5.0 (compatible; SemrushBot/7~bl; +http://www.semrush.com/bot.html)"
74.7.175.156 - - [10/Dec/2025:12:35:43 +0100] "\x16\x03\x01\x01\x01\x01" 403 265 "-" "-"
74.7.175.156 - - [10/Dec/2025:12:35:44 +0100] "\x16\x03\x01\x02" 403 265 "-" "-"
74.7.175.156 - - [10/Dec/2025:12:35:44 +0100] "\x16\x03\x01\x02" 403 265 "-" "-"
85.208.96.199 - - [10/Dec/2025:12:35:59 +0100] "GET /platby/uwoy9/what-replaced-floppy-disks HTTP/1.1" 200 14330 "-" "Mozilla/5.0 (compatible; SemrushBot/7~bl; +http://www.semrush.com/bot.html)"
185.191.171.19 - - [10/Dec/2025:12:36:02 +0100] "GET /platby/hca/aurora-solar-valuation HTTP/1.1" 200 6339 "-" "Mozilla/5.0 (compatible; SemrushBot/7~bl; +http://www.semrush.com/bot.html)"
185.191.171.5 - - [10/Dec/2025:12:36:08 +0100] "GET /platby/72zbxoz/amsterdam-school-of-international-business-ranking HTTP/1.1" 200 8823 "-" "Mozilla/5.0 (compatible; SemrushBot/7~bl; +http://www.semrush.com/bot.html)"
85.208.96.193 - - [10/Dec/2025:12:36:13 +0100] "GET /platby/qqap/the-partially-examined-life HTTP/1.1" 200 6974 "-" "Mozilla/5.0 (compatible; SemrushBot/7~bl; +http://www.semrush.com/bot.html)"
185.191.171.7 - - [10/Dec/2025:12:36:15 +0100] "GET /platby/hca/simmons-university-pennant HTTP/1.1" 200 8774 "-" "Mozilla/5.0 (compatible; SemrushBot/7~bl; +http://www.semrush.com/bot.html)"
85.208.96.206 - - [10/Dec/2025:12:36:18 +0100] "GET /platby/uwoy9/majestic-baseball-jerseys-wholesale HTTP/1.1" 200 7404 "-" "Mozilla/5.0 (compatible; SemrushBot/7~bl; +http://www.semrush.com/bot.html)"
185.191.171.12 - - [10/Dec/2025:12:36:23 +0100] "GET /platby/aohwuyx/holy-cross-softball-field HTTP/1.1" 200 10994 "-" "Mozilla/5.0 (compatible; SemrushBot/7~bl; +http://www.semrush.com/bot.html)"
85.208.96.201 - - [10/Dec/2025:12:36:35 +0100] "GET /platby/qqap/whiskey-makes-me-frisky-t-shirt HTTP/1.1" 200 9863 "-" "Mozilla/5.0 (compatible; SemrushBot/7~bl; +http://www.semrush.com/bot.html)"
185.191.171.17 - - [10/Dec/2025:12:37:04 +0100] "GET /platby/qqap/mfa-in-animation-and-visual-effects HTTP/1.1" 200 6976 "-" "Mozilla/5.0 (compatible; SemrushBot/7~bl; +http://www.semrush.com/bot.html)"
185.191.171.12 - - [10/Dec/2025:12:37:09 +0100] "GET /platby/aohwuyx/netherlands-cricket-team-players-2020 HTTP/1.1" 200 12313 "-" "Mozilla/5.0 (compatible; SemrushBot/7~bl; +http://www.semrush.com/bot.html)"
85.208.96.200 - - [10/Dec/2025:12:37:15 +0100] "GET /platby/uwoy9/detroit-lions-2021-schedule HTTP/1.1" 200 9815 "-" "Mozilla/5.0 (compatible; SemrushBot/7~bl; +http://www.semrush.com/bot.html)"
85.208.96.206 - - [10/Dec/2025:12:37:42 +0100] "GET /platby/72zbxoz/vitaly-friedman-dentist HTTP/1.1" 200 9320 "-" "Mozilla/5.0 (compatible; SemrushBot/7~bl; +http://www.semrush.com/bot.html)"
185.191.171.15 - - [10/Dec/2025:12:37:47 +0100] "GET /platby/aohwuyx/paul-pierce-espn-salary-2020 HTTP/1.1" 200 14451 "-" "Mozilla/5.0 (compatible; SemrushBot/7~bl; +http://www.semrush.com/bot.html)"
185.191.171.17 - - [10/Dec/2025:12:38:25 +0100] "GET /platby/qqap/what-is-a-group-of-deer-called HTTP/1.1" 200 7185 "-" "Mozilla/5.0 (compatible; SemrushBot/7~bl; +http://www.semrush.com/bot.html)"
185.191.171.19 - - [10/Dec/2025:12:38:41 +0100] "GET /platby/72zbxoz/zionsville-baseball-coach HTTP/1.1" 200 12101 "-" "Mozilla/5.0 (compatible; SemrushBot/7~bl; +http://www.semrush.com/bot.html)"
85.208.96.193 - - [10/Dec/2025:12:39:11 +0100] "GET /platby/hca/broken-heart-design-drawing HTTP/1.1" 200 7303 "-" "Mozilla/5.0 (compatible; SemrushBot/7~bl; +http://www.semrush.com/bot.html)"
185.191.171.6 - - [10/Dec/2025:12:39:15 +0100] "GET /platby/uwoy9/this-present-darkness-plot HTTP/1.1" 200 15697 "-" "Mozilla/5.0 (compatible; SemrushBot/7~bl; +http://www.semrush.com/bot.html)"
85.208.96.200 - - [10/Dec/2025:12:39:22 +0100] "GET /platby/uwoy9/nhpc-driver-vacancy-2020 HTTP/1.1" 200 8680 "-" "Mozilla/5.0 (compatible; SemrushBot/7~bl; +http://www.semrush.com/bot.html)"
204.76.203.206 - - [10/Dec/2025:12:39:26 +0100] "GET /" 400 468 "-" "-"
144.31.4.188 - - [10/Dec/2025:12:39:45 +0100] "\x16\x03\x01\x05\xd9\x01" 403 265 "-" "-"
144.31.4.188 - - [10/Dec/2025:12:39:47 +0100] "\x16\x03\x01\x05\xd9\x01" 403 265 "-" "-"
85.208.96.198 - - [10/Dec/2025:12:40:00 +0100] "GET /platby/aohwuyx/columbus-blue-jackets-expansion-draft-protection HTTP/1.1" 200 13228 "-" "Mozilla/5.0 (compatible; SemrushBot/7~bl; +http://www.semrush.com/bot.html)"
185.191.171.12 - - [10/Dec/2025:12:40:09 +0100] "GET /platby/aohwuyx/p-t-barnum-characteristics-the-greatest-showman HTTP/1.1" 200 12632 "-" "Mozilla/5.0 (compatible; SemrushBot/7~bl; +http://www.semrush.com/bot.html)"
185.191.171.2 - - [10/Dec/2025:12:40:13 +0100] "GET /platby/hca/create-a-google-profile HTTP/1.1" 200 13044 "-" "Mozilla/5.0 (compatible; SemrushBot/7~bl; +http://www.semrush.com/bot.html)"
85.208.96.203 - - [10/Dec/2025:12:40:23 +0100] "GET /platby/uwoy9/jira-server-postman-collection HTTP/1.1" 200 9708 "-" "Mozilla/5.0 (compatible; SemrushBot/7~bl; +http://www.semrush.com/bot.html)"
85.208.96.204 - - [10/Dec/2025:12:40:26 +0100] "GET /platby/uwoy9/what-do-i-need-to-consider-in-decision-making-brainly HTTP/1.1" 200 7840 "-" "Mozilla/5.0 (compatible; SemrushBot/7~bl; +http://www.semrush.com/bot.html)"
185.191.171.14 - - [10/Dec/2025:12:40:33 +0100] "GET /platby/72zbxoz/export-confluence-calendar-to-pdf HTTP/1.1" 200 13900 "-" "Mozilla/5.0 (compatible; SemrushBot/7~bl; +http://www.semrush.com/bot.html)"
185.191.171.19 - - [10/Dec/2025:12:40:37 +0100] "GET /platby/aohwuyx/chicago-state-university HTTP/1.1" 200 12213 "-" "Mozilla/5.0 (compatible; SemrushBot/7~bl; +http://www.semrush.com/bot.html)"
185.191.171.18 - - [10/Dec/2025:12:40:39 +0100] "GET /platby/uwoy9/where,-wear-were,-we're HTTP/1.1" 200 15024 "-" "Mozilla/5.0 (compatible; SemrushBot/7~bl; +http://www.semrush.com/bot.html)"
204.76.203.206 - - [10/Dec/2025:12:41:05 +0100] "GET / HTTP/1.1" 200 316 "-" "Mozilla/5.0 (Windows NT 10.0; Win64; x64) AppleWebKit/537.36 (KHTML, like Gecko) Chrome/90.0.4430.85 Safari/537.36 Edg/90.0.818.46"
85.208.96.207 - - [10/Dec/2025:12:41:09 +0100] "GET /platby/72zbxoz/statistics-about-emotions HTTP/1.1" 200 9859 "-" "Mozilla/5.0 (compatible; SemrushBot/7~bl; +http://www.semrush.com/bot.html)"
185.191.171.19 - - [10/Dec/2025:12:41:13 +0100] "GET /platby/hca/what-does-an-egret-look-like HTTP/1.1" 200 8148 "-" "Mozilla/5.0 (compatible; SemrushBot/7~bl; +http://www.semrush.com/bot.html)"
144.31.4.188 - - [10/Dec/2025:12:41:27 +0100] "\x16\x03\x01\x05\xd8\x01" 403 265 "-" "-"
144.31.4.188 - - [10/Dec/2025:12:41:28 +0100] "\x16\x03\x01\x05\xd8\x01" 403 265 "-" "-"
185.191.171.1 - - [10/Dec/2025:12:41:35 +0100] "GET /platby/qqap/physics-research-topics-for-grade-12 HTTP/1.1" 200 8419 "-" "Mozilla/5.0 (compatible; SemrushBot/7~bl; +http://www.semrush.com/bot.html)"
85.208.96.201 - - [10/Dec/2025:12:41:49 +0100] "GET /platby/hca/tagliafico-transfermarkt HTTP/1.1" 200 4876 "-" "Mozilla/5.0 (compatible; SemrushBot/7~bl; +http://www.semrush.com/bot.html)"
85.208.96.204 - - [10/Dec/2025:12:42:17 +0100] "GET /platby/uwoy9/skylanders:-swap-force HTTP/1.1" 200 11764 "-" "Mozilla/5.0 (compatible; SemrushBot/7~bl; +http://www.semrush.com/bot.html)"
85.208.96.210 - - [10/Dec/2025:12:42:47 +0100] "GET /platby/uwoy9/uruguay-vs-netherlands-2010 HTTP/1.1" 200 8208 "-" "Mozilla/5.0 (compatible; SemrushBot/7~bl; +http://www.semrush.com/bot.html)"
85.208.96.209 - - [10/Dec/2025:12:42:54 +0100] "GET /platby/hca/types-of-circuit-breakers-ppt HTTP/1.1" 200 7306 "-" "Mozilla/5.0 (compatible; SemrushBot/7~bl; +http://www.semrush.com/bot.html)"
185.191.171.13 - - [10/Dec/2025:12:42:56 +0100] "GET /platby/hca/it-gets-better-project-rating HTTP/1.1" 200 13224 "-" "Mozilla/5.0 (compatible; SemrushBot/7~bl; +http://www.semrush.com/bot.html)"
185.191.171.1 - - [10/Dec/2025:12:43:12 +0100] "GET /platby/qqap/helium-hotspot-explorer HTTP/1.1" 200 9248 "-" "Mozilla/5.0 (compatible; SemrushBot/7~bl; +http://www.semrush.com/bot.html)"
85.208.96.206 - - [10/Dec/2025:12:43:20 +0100] "GET /platby/uwoy9/great-american-hero-yelp HTTP/1.1" 200 13148 "-" "Mozilla/5.0 (compatible; SemrushBot/7~bl; +http://www.semrush.com/bot.html)"
85.208.96.208 - - [10/Dec/2025:12:44:05 +0100] "GET /platby/hca/thalictrum-occidentale HTTP/1.1" 200 13261 "-" "Mozilla/5.0 (compatible; SemrushBot/7~bl; +http://www.semrush.com/bot.html)"
185.191.171.19 - - [10/Dec/2025:12:44:07 +0100] "GET /platby/uwoy9/bite-my-tongue-expression HTTP/1.1" 200 8620 "-" "Mozilla/5.0 (compatible; SemrushBot/7~bl; +http://www.semrush.com/bot.html)"
85.208.96.211 - - [10/Dec/2025:12:44:28 +0100] "GET /robots.txt HTTP/1.1" 200 54 "-" "Mozilla/5.0 (compatible; SemrushBot/7~bl; +http://www.semrush.com/bot.html)"
185.191.171.7 - - [10/Dec/2025:12:44:28 +0100] "GET /platby/qqap/lincoln-university-college-ranking HTTP/1.1" 200 8874 "-" "Mozilla/5.0 (compatible; SemrushBot/7~bl; +http://www.semrush.com/bot.html)"
85.208.96.199 - - [10/Dec/2025:12:44:33 +0100] "GET /platby/hca/bbc-radio-manchester---breakfast-show HTTP/1.1" 200 11074 "-" "Mozilla/5.0 (compatible; SemrushBot/7~bl; +http://www.semrush.com/bot.html)"
85.208.96.196 - - [10/Dec/2025:12:44:36 +0100] "GET /platby/aohwuyx/weird-facts-about-koalas HTTP/1.1" 200 12782 "-" "Mozilla/5.0 (compatible; SemrushBot/7~bl; +http://www.semrush.com/bot.html)"
62.164.177.75 - - [10/Dec/2025:12:44:37 +0100] "GET /global-protect/login.esp HTTP/1.0" 403 240 "https://www.google.com" "Mozilla/5.0 (X11; Linux x86_64) AppleWebKit/537.36 (KHTML, like Gecko) Chrome/119.0.0.0 Safari/537.36"
62.164.177.75 - - [10/Dec/2025:12:44:37 +0100] "\x16\x03\x03\x01" 403 265 "-" "-"
185.191.171.15 - - [10/Dec/2025:12:44:40 +0100] "GET /platby/uwoy9/solar-panel-kits-for-shed HTTP/1.1" 200 8146 "-" "Mozilla/5.0 (compatible; SemrushBot/7~bl; +http://www.semrush.com/bot.html)"
85.208.96.205 - - [10/Dec/2025:12:44:44 +0100] "GET /platby/qqap/newfoundland-native-women's-association HTTP/1.1" 200 10233 "-" "Mozilla/5.0 (compatible; SemrushBot/7~bl; +http://www.semrush.com/bot.html)"
85.208.96.201 - - [10/Dec/2025:12:44:48 +0100] "GET /platby/qqap/negative-flight-path-angle HTTP/1.1" 200 6581 "-" "Mozilla/5.0 (compatible; SemrushBot/7~bl; +http://www.semrush.com/bot.html)"
