216.244.66.239 - - [10/Dec/2025:13:37:34 +0100] "GET /platby/article.php?5d4c26=fiji-google-earth HTTP/1.1" 200 16513 "-" "Mozilla/5.0 (compatible; DotBot/1.2; +https://opensiteexplorer.org/dotbot; help@moz.com)"
185.191.171.4 - - [10/Dec/2025:13:37:35 +0100] "GET /platby/hca/my-girlfriend-in-spanish-slang HTTP/1.1" 200 8003 "-" "Mozilla/5.0 (compatible; SemrushBot/7~bl; +http://www.semrush.com/bot.html)"
216.244.66.239 - - [10/Dec/2025:13:37:37 +0100] "GET /platby/article.php?5d4c26=gas-mask-cartoon-drawing HTTP/1.1" 200 20854 "-" "Mozilla/5.0 (compatible; DotBot/1.2; +https://opensiteexplorer.org/dotbot; help@moz.com)"
216.244.66.239 - - [10/Dec/2025:13:37:39 +0100] "GET /platby/article.php?5d4c26=hand-pain-treatment HTTP/1.1" 200 23887 "-" "Mozilla/5.0 (compatible; DotBot/1.2; +https://opensiteexplorer.org/dotbot; help@moz.com)"
85.208.96.201 - - [10/Dec/2025:13:37:41 +0100] "GET /platby/uwoy9/where-is-malcolm-shabazz-now HTTP/1.1" 200 11519 "-" "Mozilla/5.0 (compatible; SemrushBot/7~bl; +http://www.semrush.com/bot.html)"
185.191.171.7 - - [10/Dec/2025:13:37:42 +0100] "GET /platby/uwoy9/kepa-arrizabalaga-parents HTTP/1.1" 200 12753 "-" "Mozilla/5.0 (compatible; SemrushBot/7~bl; +http://www.semrush.com/bot.html)"
216.244.66.239 - - [10/Dec/2025:13:37:43 +0100] "GET /platby/article.php?5d4c26=hardlight-ltd-website HTTP/1.1" 200 23816 "-" "Mozilla/5.0 (compatible; DotBot/1.2; +https://opensiteexplorer.org/dotbot; help@moz.com)"
216.244.66.239 - - [10/Dec/2025:13:37:45 +0100] "GET /platby/article.php?5d4c26=history-of-fire-pdf HTTP/1.1" 200 24988 "-" "Mozilla/5.0 (compatible; DotBot/1.2; +https://opensiteexplorer.org/dotbot; help@moz.com)"
216.244.66.239 - - [10/Dec/2025:13:37:47 +0100] "GET /platby/article.php?5d4c26=is-gaza-a-city HTTP/1.1" 200 23695 "-" "Mozilla/5.0 (compatible; DotBot/1.2; +https://opensiteexplorer.org/dotbot; help@moz.com)"
216.244.66.239 - - [10/Dec/2025:13:37:49 +0100] "GET /platby/article.php?5d4c26=long-blockchain-corp HTTP/1.1" 200 18666 "-" "Mozilla/5.0 (compatible; DotBot/1.2; +https://opensiteexplorer.org/dotbot; help@moz.com)"
216.244.66.239 - - [10/Dec/2025:13:37:50 +0100] "GET /platby/article.php?5d4c26=new-orleans-main-street HTTP/1.1" 200 17659 "-" "Mozilla/5.0 (compatible; DotBot/1.2; +https://opensiteexplorer.org/dotbot; help@moz.com)"
216.244.66.239 - - [10/Dec/2025:13:37:52 +0100] "GET /platby/article.php?5d4c26=ng%C4%81i-tahu-grants HTTP/1.1" 200 20393 "-" "Mozilla/5.0 (compatible; DotBot/1.2; +https://opensiteexplorer.org/dotbot; help@moz.com)"
216.244.66.239 - - [10/Dec/2025:13:37:53 +0100] "GET /platby/article.php?5d4c26=rugby-union-france HTTP/1.1" 200 16893 "-" "Mozilla/5.0 (compatible; DotBot/1.2; +https://opensiteexplorer.org/dotbot; help@moz.com)"
216.244.66.239 - - [10/Dec/2025:13:37:54 +0100] "GET /platby/article.php?5d4c26=russian-salad-beets-mayonnaise HTTP/1.1" 200 21213 "-" "Mozilla/5.0 (compatible; DotBot/1.2; +https://opensiteexplorer.org/dotbot; help@moz.com)"
185.191.171.18 - - [10/Dec/2025:13:37:55 +0100] "GET /platby/aohwuyx/anderson-high-school-roster HTTP/1.1" 200 10214 "-" "Mozilla/5.0 (compatible; SemrushBot/7~bl; +http://www.semrush.com/bot.html)"
216.244.66.239 - - [10/Dec/2025:13:37:56 +0100] "GET /platby/article.php?5d4c26=smog-genie-coupon HTTP/1.1" 200 21235 "-" "Mozilla/5.0 (compatible; DotBot/1.2; +https://opensiteexplorer.org/dotbot; help@moz.com)"
216.244.66.239 - - [10/Dec/2025:13:37:57 +0100] "GET /platby/article.php?5d4c26=south-florida-aviation-museum HTTP/1.1" 200 16513 "-" "Mozilla/5.0 (compatible; DotBot/1.2; +https://opensiteexplorer.org/dotbot; help@moz.com)"
216.244.66.239 - - [10/Dec/2025:13:37:58 +0100] "GET /platby/article.php?5d4c26=warren-sapp-college HTTP/1.1" 200 21455 "-" "Mozilla/5.0 (compatible; DotBot/1.2; +https://opensiteexplorer.org/dotbot; help@moz.com)"
216.244.66.239 - - [10/Dec/2025:13:38:00 +0100] "GET /platby/article.php?5d4c26=The-Eye-of-Gehenna HTTP/1.1" 200 23423 "-" "Mozilla/5.0 (compatible; DotBot/1.2; +https://opensiteexplorer.org/dotbot; help@moz.com)"
216.244.66.239 - - [10/Dec/2025:13:38:02 +0100] "GET /platby/article.php?5d4c26=almost-adults-ending HTTP/1.1" 200 20247 "-" "Mozilla/5.0 (compatible; DotBot/1.2; +https://opensiteexplorer.org/dotbot; help@moz.com)"
216.244.66.239 - - [10/Dec/2025:13:38:04 +0100] "GET /platby/article.php?5d4c26=apple-employee-discount-airpods HTTP/1.1" 200 16748 "-" "Mozilla/5.0 (compatible; DotBot/1.2; +https://opensiteexplorer.org/dotbot; help@moz.com)"
216.244.66.239 - - [10/Dec/2025:13:38:06 +0100] "GET /platby/article.php?5d4c26=australian-liberal-party-beliefs HTTP/1.1" 200 15467 "-" "Mozilla/5.0 (compatible; DotBot/1.2; +https://opensiteexplorer.org/dotbot; help@moz.com)"
85.208.96.200 - - [10/Dec/2025:13:38:08 +0100] "GET /platby/uwoy9/first-radio-station-in-asia HTTP/1.1" 200 14937 "-" "Mozilla/5.0 (compatible; SemrushBot/7~bl; +http://www.semrush.com/bot.html)"
216.244.66.239 - - [10/Dec/2025:13:38:08 +0100] "GET /platby/article.php?5d4c26=back-to-the-earth-lyrics-starset HTTP/1.1" 200 20695 "-" "Mozilla/5.0 (compatible; DotBot/1.2; +https://opensiteexplorer.org/dotbot; help@moz.com)"
216.244.66.239 - - [10/Dec/2025:13:38:10 +0100] "GET /platby/article.php?5d4c26=boom-beach-warships-strategy-season-10 HTTP/1.1" 200 23046 "-" "Mozilla/5.0 (compatible; DotBot/1.2; +https://opensiteexplorer.org/dotbot; help@moz.com)"
216.244.66.239 - - [10/Dec/2025:13:38:11 +0100] "GET /platby/article.php?5d4c26=don-t-slack-anderson-paak HTTP/1.1" 200 15244 "-" "Mozilla/5.0 (compatible; DotBot/1.2; +https://opensiteexplorer.org/dotbot; help@moz.com)"
216.244.66.239 - - [10/Dec/2025:13:38:13 +0100] "GET /platby/article.php?5d4c26=evolution-of-netflix HTTP/1.1" 200 24646 "-" "Mozilla/5.0 (compatible; DotBot/1.2; +https://opensiteexplorer.org/dotbot; help@moz.com)"
85.208.96.200 - - [10/Dec/2025:13:38:17 +0100] "GET /platby/qqap/rubicon-research-salary HTTP/1.1" 200 7000 "-" "Mozilla/5.0 (compatible; SemrushBot/7~bl; +http://www.semrush.com/bot.html)"
216.244.66.239 - - [10/Dec/2025:13:38:19 +0100] "GET /platby/article.php?5d4c26=football-games-2017-online HTTP/1.1" 200 22757 "-" "Mozilla/5.0 (compatible; DotBot/1.2; +https://opensiteexplorer.org/dotbot; help@moz.com)"
216.244.66.239 - - [10/Dec/2025:13:38:22 +0100] "GET /platby/article.php?5d4c26=homeschool-co-op-near-me HTTP/1.1" 200 19663 "-" "Mozilla/5.0 (compatible; DotBot/1.2; +https://opensiteexplorer.org/dotbot; help@moz.com)"
216.244.66.239 - - [10/Dec/2025:13:38:25 +0100] "GET /platby/article.php?5d4c26=janbaaz-drama-last-episode HTTP/1.1" 200 20103 "-" "Mozilla/5.0 (compatible; DotBot/1.2; +https://opensiteexplorer.org/dotbot; help@moz.com)"
216.244.66.239 - - [10/Dec/2025:13:38:28 +0100] "GET /platby/article.php?5d4c26=led-digital-wall-clock HTTP/1.1" 200 16342 "-" "Mozilla/5.0 (compatible; DotBot/1.2; +https://opensiteexplorer.org/dotbot; help@moz.com)"
85.208.96.203 - - [10/Dec/2025:13:38:29 +0100] "GET /platby/qqap/high-schools-in-brisbane HTTP/1.1" 200 7669 "-" "Mozilla/5.0 (compatible; SemrushBot/7~bl; +http://www.semrush.com/bot.html)"
216.244.66.239 - - [10/Dec/2025:13:38:30 +0100] "GET /platby/article.php?5d4c26=maven-debug-spring-boot HTTP/1.1" 200 21748 "-" "Mozilla/5.0 (compatible; DotBot/1.2; +https://opensiteexplorer.org/dotbot; help@moz.com)"
185.191.171.1 - - [10/Dec/2025:13:38:33 +0100] "GET /platby/hca/cheap-vegan-restaurants-berlin HTTP/1.1" 200 10650 "-" "Mozilla/5.0 (compatible; SemrushBot/7~bl; +http://www.semrush.com/bot.html)"
216.244.66.239 - - [10/Dec/2025:13:38:33 +0100] "GET /platby/article.php?5d4c26=milk-before-cereal-meaning HTTP/1.1" 200 22067 "-" "Mozilla/5.0 (compatible; DotBot/1.2; +https://opensiteexplorer.org/dotbot; help@moz.com)"
216.244.66.239 - - [10/Dec/2025:13:38:37 +0100] "GET /platby/article.php?5d4c26=neighborhood-school-tour HTTP/1.1" 200 22808 "-" "Mozilla/5.0 (compatible; DotBot/1.2; +https://opensiteexplorer.org/dotbot; help@moz.com)"
216.244.66.239 - - [10/Dec/2025:13:38:41 +0100] "GET /platby/article.php?5d4c26=okinawan-facial-features HTTP/1.1" 200 21566 "-" "Mozilla/5.0 (compatible; DotBot/1.2; +https://opensiteexplorer.org/dotbot; help@moz.com)"
216.244.66.239 - - [10/Dec/2025:13:38:44 +0100] "GET /platby/article.php?5d4c26=orbit-sprinkler-parts HTTP/1.1" 200 25542 "-" "Mozilla/5.0 (compatible; DotBot/1.2; +https://opensiteexplorer.org/dotbot; help@moz.com)"
185.191.171.7 - - [10/Dec/2025:13:38:47 +0100] "GET /platby/72zbxoz/neuter-gender-and-common-gender HTTP/1.1" 200 8418 "-" "Mozilla/5.0 (compatible; SemrushBot/7~bl; +http://www.semrush.com/bot.html)"
216.244.66.239 - - [10/Dec/2025:13:38:47 +0100] "GET /platby/article.php?5d4c26=path-of-exile-passive-skill-point-quest-rewards HTTP/1.1" 200 24954 "-" "Mozilla/5.0 (compatible; DotBot/1.2; +https://opensiteexplorer.org/dotbot; help@moz.com)"
216.244.66.239 - - [10/Dec/2025:13:38:49 +0100] "GET /platby/article.php?5d4c26=potenza-italy-map HTTP/1.1" 200 16033 "-" "Mozilla/5.0 (compatible; DotBot/1.2; +https://opensiteexplorer.org/dotbot; help@moz.com)"
216.244.66.239 - - [10/Dec/2025:13:38:51 +0100] "GET /platby/article.php?5d4c26=prague-in-december HTTP/1.1" 200 22182 "-" "Mozilla/5.0 (compatible; DotBot/1.2; +https://opensiteexplorer.org/dotbot; help@moz.com)"
216.244.66.239 - - [10/Dec/2025:13:38:53 +0100] "GET /platby/article.php?5d4c26=sandlot-cast-now HTTP/1.1" 200 24552 "-" "Mozilla/5.0 (compatible; DotBot/1.2; +https://opensiteexplorer.org/dotbot; help@moz.com)"
85.208.96.195 - - [10/Dec/2025:13:38:54 +0100] "GET /platby/hca/rockets-leading-scorers-2021 HTTP/1.1" 200 10009 "-" "Mozilla/5.0 (compatible; SemrushBot/7~bl; +http://www.semrush.com/bot.html)"
216.244.66.239 - - [10/Dec/2025:13:38:55 +0100] "GET /platby/article.php?5d4c26=serious-sam-vr-valve-index HTTP/1.1" 200 23142 "-" "Mozilla/5.0 (compatible; DotBot/1.2; +https://opensiteexplorer.org/dotbot; help@moz.com)"
216.244.66.239 - - [10/Dec/2025:13:38:58 +0100] "GET /platby/article.php?5d4c26=skyrim-vs-witcher-3-map HTTP/1.1" 200 16830 "-" "Mozilla/5.0 (compatible; DotBot/1.2; +https://opensiteexplorer.org/dotbot; help@moz.com)"
216.244.66.239 - - [10/Dec/2025:13:39:00 +0100] "GET /platby/article.php?5d4c26=spirit-airlines-reddit HTTP/1.1" 200 19379 "-" "Mozilla/5.0 (compatible; DotBot/1.2; +https://opensiteexplorer.org/dotbot; help@moz.com)"
85.208.96.203 - - [10/Dec/2025:13:39:02 +0100] "GET /platby/qqap/true-toad-physical-traits HTTP/1.1" 200 14921 "-" "Mozilla/5.0 (compatible; SemrushBot/7~bl; +http://www.semrush.com/bot.html)"
216.244.66.239 - - [10/Dec/2025:13:39:02 +0100] "GET /platby/article.php?5d4c26=survivor-australia-time-slot HTTP/1.1" 200 17503 "-" "Mozilla/5.0 (compatible; DotBot/1.2; +https://opensiteexplorer.org/dotbot; help@moz.com)"
185.191.171.6 - - [10/Dec/2025:13:39:03 +0100] "GET /platby/aohwuyx/rwanda-patriots-roster HTTP/1.1" 200 10418 "-" "Mozilla/5.0 (compatible; SemrushBot/7~bl; +http://www.semrush.com/bot.html)"
216.244.66.239 - - [10/Dec/2025:13:39:04 +0100] "GET /platby/article.php?5d4c26=tiny-homes-grand-mound-wa HTTP/1.1" 200 24718 "-" "Mozilla/5.0 (compatible; DotBot/1.2; +https://opensiteexplorer.org/dotbot; help@moz.com)"
216.244.66.239 - - [10/Dec/2025:13:39:05 +0100] "GET /platby/article.php?5d4c26=wasteland-2-secondary-weapon HTTP/1.1" 200 21829 "-" "Mozilla/5.0 (compatible; DotBot/1.2; +https://opensiteexplorer.org/dotbot; help@moz.com)"
216.244.66.239 - - [10/Dec/2025:13:39:07 +0100] "GET /platby/article.php?5d4c26=Guild-Wars-2-customization HTTP/1.1" 200 24674 "-" "Mozilla/5.0 (compatible; DotBot/1.2; +https://opensiteexplorer.org/dotbot; help@moz.com)"
216.244.66.239 - - [10/Dec/2025:13:39:08 +0100] "GET /platby/article.php?5d4c26=difference-between-chandrayaan-2-and-chandrayaan-3 HTTP/1.1" 200 24533 "-" "Mozilla/5.0 (compatible; DotBot/1.2; +https://opensiteexplorer.org/dotbot; help@moz.com)"
216.244.66.239 - - [10/Dec/2025:13:39:10 +0100] "GET /platby/article.php?5d4c26=fire-permit-application-qld HTTP/1.1" 200 21923 "-" "Mozilla/5.0 (compatible; DotBot/1.2; +https://opensiteexplorer.org/dotbot; help@moz.com)"
216.244.66.239 - - [10/Dec/2025:13:39:11 +0100] "GET /platby/article.php?5d4c26=hope-world-album-amazon HTTP/1.1" 200 21792 "-" "Mozilla/5.0 (compatible; DotBot/1.2; +https://opensiteexplorer.org/dotbot; help@moz.com)"
216.244.66.239 - - [10/Dec/2025:13:39:13 +0100] "GET /platby/article.php?5d4c26=how-to-get-to-south-molle-island HTTP/1.1" 200 15835 "-" "Mozilla/5.0 (compatible; DotBot/1.2; +https://opensiteexplorer.org/dotbot; help@moz.com)"
216.244.66.239 - - [10/Dec/2025:13:39:15 +0100] "GET /platby/article.php?5d4c26=maldives-weather-november-celsius HTTP/1.1" 200 17421 "-" "Mozilla/5.0 (compatible; DotBot/1.2; +https://opensiteexplorer.org/dotbot; help@moz.com)"
216.244.66.239 - - [10/Dec/2025:13:39:18 +0100] "GET /platby/article.php?5d4c26=national-museum-of-western-art%2C-tokyo HTTP/1.1" 200 22110 "-" "Mozilla/5.0 (compatible; DotBot/1.2; +https://opensiteexplorer.org/dotbot; help@moz.com)"
216.244.66.239 - - [10/Dec/2025:13:39:21 +0100] "GET /platby/article.php?5d4c26=opposite-of-clever-family-feud HTTP/1.1" 200 23462 "-" "Mozilla/5.0 (compatible; DotBot/1.2; +https://opensiteexplorer.org/dotbot; help@moz.com)"
216.244.66.239 - - [10/Dec/2025:13:39:24 +0100] "GET /platby/article.php?5d4c26=paranormal-activity%3A-the-lost-soul-ps4-review HTTP/1.1" 200 18471 "-" "Mozilla/5.0 (compatible; DotBot/1.2; +https://opensiteexplorer.org/dotbot; help@moz.com)"
216.244.66.239 - - [10/Dec/2025:13:39:27 +0100] "GET /platby/article.php?5d4c26=st-petersburg-accident-reports-today HTTP/1.1" 200 17891 "-" "Mozilla/5.0 (compatible; DotBot/1.2; +https://opensiteexplorer.org/dotbot; help@moz.com)"
216.244.66.239 - - [10/Dec/2025:13:39:29 +0100] "GET /platby/article.php?5d4c26=the-egyptian-myths-a-guide-to-the-ancient-gods-and-legends-pdf HTTP/1.1" 200 20377 "-" "Mozilla/5.0 (compatible; DotBot/1.2; +https://opensiteexplorer.org/dotbot; help@moz.com)"
216.244.66.239 - - [10/Dec/2025:13:39:31 +0100] "GET /platby/article.php?5d4c26=tracey-neville-net-worth HTTP/1.1" 200 15459 "-" "Mozilla/5.0 (compatible; DotBot/1.2; +https://opensiteexplorer.org/dotbot; help@moz.com)"
216.244.66.239 - - [10/Dec/2025:13:39:33 +0100] "GET /platby/article.php?5d4c26=weather-forecast-february-12-2020-philippines HTTP/1.1" 200 19091 "-" "Mozilla/5.0 (compatible; DotBot/1.2; +https://opensiteexplorer.org/dotbot; help@moz.com)"
216.244.66.239 - - [10/Dec/2025:13:39:36 +0100] "GET /platby/article.php?5d4c26=what-are-the-seven-names-of-jehovah HTTP/1.1" 200 20549 "-" "Mozilla/5.0 (compatible; DotBot/1.2; +https://opensiteexplorer.org/dotbot; help@moz.com)"
216.244.66.239 - - [10/Dec/2025:13:39:39 +0100] "GET /platby/article.php?5d4c26=world-is-mine-anime HTTP/1.1" 200 17866 "-" "Mozilla/5.0 (compatible; DotBot/1.2; +https://opensiteexplorer.org/dotbot; help@moz.com)"
216.244.66.239 - - [10/Dec/2025:13:39:41 +0100] "GET /platby/article.php?5d4c26=bear-in-the-big-blue-house-as-different-as-day-and-night HTTP/1.1" 200 21652 "-" "Mozilla/5.0 (compatible; DotBot/1.2; +https://opensiteexplorer.org/dotbot; help@moz.com)"
216.244.66.239 - - [10/Dec/2025:13:39:43 +0100] "GET /platby/aohwuyx/j-balvin-spotify-stats-2020 HTTP/1.1" 200 35429 "-" "Mozilla/5.0 (compatible; DotBot/1.2; +https://opensiteexplorer.org/dotbot; help@moz.com)"
216.244.66.239 - - [10/Dec/2025:13:39:45 +0100] "GET /platby/aohwuyx/spiritual-benefits-of-silence HTTP/1.1" 200 41957 "-" "Mozilla/5.0 (compatible; DotBot/1.2; +https://opensiteexplorer.org/dotbot; help@moz.com)"
216.244.66.239 - - [10/Dec/2025:13:39:53 +0100] "GET /platby/uwoy9/5th-grade-book-report-printable HTTP/1.1" 200 33559 "-" "Mozilla/5.0 (compatible; DotBot/1.2; +https://opensiteexplorer.org/dotbot; help@moz.com)"
216.244.66.239 - - [10/Dec/2025:13:39:59 +0100] "GET /platby/aohwuyx/fortigate-external-captive-portal-example HTTP/1.1" 200 48360 "-" "Mozilla/5.0 (compatible; DotBot/1.2; +https://opensiteexplorer.org/dotbot; help@moz.com)"
216.244.66.239 - - [10/Dec/2025:13:40:05 +0100] "GET /platby/aohwuyx/please-please-please-let-me-dream-academy HTTP/1.1" 200 43099 "-" "Mozilla/5.0 (compatible; DotBot/1.2; +https://opensiteexplorer.org/dotbot; help@moz.com)"
216.244.66.239 - - [10/Dec/2025:13:40:09 +0100] "GET /platby/uwoy9/faith-and-reason%3A-philosophers-explain HTTP/1.1" 200 44390 "-" "Mozilla/5.0 (compatible; DotBot/1.2; +https://opensiteexplorer.org/dotbot; help@moz.com)"
185.191.171.9 - - [10/Dec/2025:13:40:11 +0100] "GET /platby/72zbxoz/liam-delap-current-teams HTTP/1.1" 200 11039 "-" "Mozilla/5.0 (compatible; SemrushBot/7~bl; +http://www.semrush.com/bot.html)"
216.244.66.239 - - [10/Dec/2025:13:40:12 +0100] "GET /platby/uwoy9/isaiah-7%3A14-in-new-testament HTTP/1.1" 200 47169 "-" "Mozilla/5.0 (compatible; DotBot/1.2; +https://opensiteexplorer.org/dotbot; help@moz.com)"
185.191.171.17 - - [10/Dec/2025:13:40:15 +0100] "GET /platby/uwoy9/queens-blackberry-strain HTTP/1.1" 200 10718 "-" "Mozilla/5.0 (compatible; SemrushBot/7~bl; +http://www.semrush.com/bot.html)"
216.244.66.239 - - [10/Dec/2025:13:40:16 +0100] "GET /platby/aohwuyx/lisa-de-vanna-relationship HTTP/1.1" 200 38209 "-" "Mozilla/5.0 (compatible; DotBot/1.2; +https://opensiteexplorer.org/dotbot; help@moz.com)"
216.244.66.239 - - [10/Dec/2025:13:40:18 +0100] "GET /platby/aohwuyx/new-orleans-saints-schedule-2020-2021-printable HTTP/1.1" 200 45570 "-" "Mozilla/5.0 (compatible; DotBot/1.2; +https://opensiteexplorer.org/dotbot; help@moz.com)"
216.244.66.239 - - [10/Dec/2025:13:40:21 +0100] "GET /platby/uwoy9/fake-jordan-1-low-pine-green HTTP/1.1" 200 31446 "-" "Mozilla/5.0 (compatible; DotBot/1.2; +https://opensiteexplorer.org/dotbot; help@moz.com)"
216.244.66.239 - - [10/Dec/2025:13:40:23 +0100] "GET /platby/uwoy9/christmas-at-pemberley-manor HTTP/1.1" 200 33545 "-" "Mozilla/5.0 (compatible; DotBot/1.2; +https://opensiteexplorer.org/dotbot; help@moz.com)"
216.244.66.239 - - [10/Dec/2025:13:40:25 +0100] "GET /platby/aohwuyx/mike-trout-scouting-report-20-80 HTTP/1.1" 200 45161 "-" "Mozilla/5.0 (compatible; DotBot/1.2; +https://opensiteexplorer.org/dotbot; help@moz.com)"
85.208.96.209 - - [10/Dec/2025:13:40:25 +0100] "GET /platby/qqap/openid-connect-c%23-example HTTP/1.1" 200 5209 "-" "Mozilla/5.0 (compatible; SemrushBot/7~bl; +http://www.semrush.com/bot.html)"
216.244.66.239 - - [10/Dec/2025:13:40:27 +0100] "GET /platby/uwoy9/types-of-institutional-investors HTTP/1.1" 200 43609 "-" "Mozilla/5.0 (compatible; DotBot/1.2; +https://opensiteexplorer.org/dotbot; help@moz.com)"
216.244.66.239 - - [10/Dec/2025:13:40:28 +0100] "GET /platby/aohwuyx/all-uniform-wear-essentials HTTP/1.1" 200 33305 "-" "Mozilla/5.0 (compatible; DotBot/1.2; +https://opensiteexplorer.org/dotbot; help@moz.com)"
85.208.96.205 - - [10/Dec/2025:13:40:55 +0100] "GET /platby/uwoy9/responsive-web-design-techniques HTTP/1.1" 200 13954 "-" "Mozilla/5.0 (compatible; SemrushBot/7~bl; +http://www.semrush.com/bot.html)"
85.208.96.204 - - [10/Dec/2025:13:40:57 +0100] "GET /platby/72zbxoz/national-premier-league-uk HTTP/1.1" 200 11362 "-" "Mozilla/5.0 (compatible; SemrushBot/7~bl; +http://www.semrush.com/bot.html)"
185.191.171.11 - - [10/Dec/2025:13:40:58 +0100] "GET /platby/72zbxoz/world-class-definition-football HTTP/1.1" 200 12736 "-" "Mozilla/5.0 (compatible; SemrushBot/7~bl; +http://www.semrush.com/bot.html)"
85.208.96.208 - - [10/Dec/2025:13:41:00 +0100] "GET /platby/hca/tottenham-fifa-20-career-mode HTTP/1.1" 200 10280 "-" "Mozilla/5.0 (compatible; SemrushBot/7~bl; +http://www.semrush.com/bot.html)"
185.191.171.2 - - [10/Dec/2025:13:41:36 +0100] "GET /platby/qqap/workplace-conferences-2020 HTTP/1.1" 200 7902 "-" "Mozilla/5.0 (compatible; SemrushBot/7~bl; +http://www.semrush.com/bot.html)"
185.191.171.6 - - [10/Dec/2025:13:41:38 +0100] "GET /platby/uwoy9/planet-of-the-apps-list-of-apps HTTP/1.1" 200 10942 "-" "Mozilla/5.0 (compatible; SemrushBot/7~bl; +http://www.semrush.com/bot.html)"
185.191.171.9 - - [10/Dec/2025:13:41:43 +0100] "GET /platby/aohwuyx/well-educated-synonym HTTP/1.1" 200 12286 "-" "Mozilla/5.0 (compatible; SemrushBot/7~bl; +http://www.semrush.com/bot.html)"
185.191.171.11 - - [10/Dec/2025:13:41:58 +0100] "GET /platby/72zbxoz/balboa-theatre-events HTTP/1.1" 200 9250 "-" "Mozilla/5.0 (compatible; SemrushBot/7~bl; +http://www.semrush.com/bot.html)"
85.208.96.198 - - [10/Dec/2025:13:42:10 +0100] "GET /platby/uwoy9/star-trek-the-next-generation-progenitor HTTP/1.1" 200 13036 "-" "Mozilla/5.0 (compatible; SemrushBot/7~bl; +http://www.semrush.com/bot.html)"
85.208.96.195 - - [10/Dec/2025:13:42:11 +0100] "GET /platby/qqap/big-10-rowing-championships-2021 HTTP/1.1" 200 6712 "-" "Mozilla/5.0 (compatible; SemrushBot/7~bl; +http://www.semrush.com/bot.html)"
185.191.171.14 - - [10/Dec/2025:13:42:18 +0100] "GET /platby/aohwuyx/drastic-ds-emulator-cheats HTTP/1.1" 200 7958 "-" "Mozilla/5.0 (compatible; SemrushBot/7~bl; +http://www.semrush.com/bot.html)"
185.191.171.13 - - [10/Dec/2025:13:42:36 +0100] "GET /platby/72zbxoz/delighted-pronunciation HTTP/1.1" 200 8028 "-" "Mozilla/5.0 (compatible; SemrushBot/7~bl; +http://www.semrush.com/bot.html)"
185.191.171.2 - - [10/Dec/2025:13:43:03 +0100] "GET /platby/hca/change-types-of-sentences-worksheet HTTP/1.1" 200 8135 "-" "Mozilla/5.0 (compatible; SemrushBot/7~bl; +http://www.semrush.com/bot.html)"
185.191.171.3 - - [10/Dec/2025:13:43:08 +0100] "GET /platby/hca/germany-temperature-today HTTP/1.1" 200 6453 "-" "Mozilla/5.0 (compatible; SemrushBot/7~bl; +http://www.semrush.com/bot.html)"
185.191.171.11 - - [10/Dec/2025:13:43:16 +0100] "GET /platby/72zbxoz/indigenous-environmentalism HTTP/1.1" 200 10625 "-" "Mozilla/5.0 (compatible; SemrushBot/7~bl; +http://www.semrush.com/bot.html)"
85.208.96.211 - - [10/Dec/2025:13:43:23 +0100] "GET /platby/aohwuyx/painting-classes-boston HTTP/1.1" 200 9431 "-" "Mozilla/5.0 (compatible; SemrushBot/7~bl; +http://www.semrush.com/bot.html)"
85.208.96.196 - - [10/Dec/2025:13:44:17 +0100] "GET /platby/aohwuyx/reggae-festival-2021-florida HTTP/1.1" 200 10008 "-" "Mozilla/5.0 (compatible; SemrushBot/7~bl; +http://www.semrush.com/bot.html)"
185.191.171.7 - - [10/Dec/2025:13:44:33 +0100] "GET /platby/uwoy9/brandon-casey-jagged-edge-wife HTTP/1.1" 200 10416 "-" "Mozilla/5.0 (compatible; SemrushBot/7~bl; +http://www.semrush.com/bot.html)"
185.191.171.8 - - [10/Dec/2025:13:44:37 +0100] "GET /platby/uwoy9/operating-system-software-examples HTTP/1.1" 200 13005 "-" "Mozilla/5.0 (compatible; SemrushBot/7~bl; +http://www.semrush.com/bot.html)"
185.191.171.6 - - [10/Dec/2025:13:45:00 +0100] "GET /platby/aohwuyx/strikers-soccer-calgary HTTP/1.1" 200 9408 "-" "Mozilla/5.0 (compatible; SemrushBot/7~bl; +http://www.semrush.com/bot.html)"
185.191.171.5 - - [10/Dec/2025:13:45:01 +0100] "GET /platby/72zbxoz/the-tonight-show-hosts-ranked HTTP/1.1" 200 12930 "-" "Mozilla/5.0 (compatible; SemrushBot/7~bl; +http://www.semrush.com/bot.html)"
85.208.96.207 - - [10/Dec/2025:13:45:13 +0100] "GET /platby/hca/stunning-in-different-languages HTTP/1.1" 200 8499 "-" "Mozilla/5.0 (compatible; SemrushBot/7~bl; +http://www.semrush.com/bot.html)"
185.191.171.3 - - [10/Dec/2025:13:45:22 +0100] "GET /platby/hca/hero-motocorp-100-million-achievement HTTP/1.1" 200 7215 "-" "Mozilla/5.0 (compatible; SemrushBot/7~bl; +http://www.semrush.com/bot.html)"
185.191.171.5 - - [10/Dec/2025:13:45:40 +0100] "GET /platby/uwoy9/st-hilda-catholic-school HTTP/1.1" 200 14993 "-" "Mozilla/5.0 (compatible; SemrushBot/7~bl; +http://www.semrush.com/bot.html)"
85.208.96.209 - - [10/Dec/2025:13:45:51 +0100] "GET /platby/qqap/queen's-college,-oxford-endowment HTTP/1.1" 200 10455 "-" "Mozilla/5.0 (compatible; SemrushBot/7~bl; +http://www.semrush.com/bot.html)"
185.191.171.5 - - [10/Dec/2025:13:45:58 +0100] "GET /platby/aohwuyx/10-year-old-shot-in-minneapolis HTTP/1.1" 200 9852 "-" "Mozilla/5.0 (compatible; SemrushBot/7~bl; +http://www.semrush.com/bot.html)"
85.208.96.208 - - [10/Dec/2025:13:46:00 +0100] "GET /platby/qqap/coney-island-amusement-park-tickets HTTP/1.1" 200 8965 "-" "Mozilla/5.0 (compatible; SemrushBot/7~bl; +http://www.semrush.com/bot.html)"
185.191.171.12 - - [10/Dec/2025:13:46:30 +0100] "GET /platby/hca/confluence-git-integration HTTP/1.1" 200 11694 "-" "Mozilla/5.0 (compatible; SemrushBot/7~bl; +http://www.semrush.com/bot.html)"
85.208.96.200 - - [10/Dec/2025:13:46:32 +0100] "GET /platby/qqap/basis-independent-silicon-valley-teacher-salary HTTP/1.1" 200 12078 "-" "Mozilla/5.0 (compatible; SemrushBot/7~bl; +http://www.semrush.com/bot.html)"
185.191.171.8 - - [10/Dec/2025:13:46:38 +0100] "GET /platby/hca/make-sentence-using-the-word-annoy HTTP/1.1" 200 6281 "-" "Mozilla/5.0 (compatible; SemrushBot/7~bl; +http://www.semrush.com/bot.html)"
85.208.96.203 - - [10/Dec/2025:13:46:40 +0100] "GET /platby/hca/michigan-birds-flashcards HTTP/1.1" 200 13486 "-" "Mozilla/5.0 (compatible; SemrushBot/7~bl; +http://www.semrush.com/bot.html)"
185.191.171.19 - - [10/Dec/2025:13:46:55 +0100] "GET /platby/uwoy9/vegan-restaurants-austin,-tx HTTP/1.1" 200 14199 "-" "Mozilla/5.0 (compatible; SemrushBot/7~bl; +http://www.semrush.com/bot.html)"
85.208.96.206 - - [10/Dec/2025:13:47:36 +0100] "GET /platby/uwoy9/four-importance-of-easter HTTP/1.1" 200 8372 "-" "Mozilla/5.0 (compatible; SemrushBot/7~bl; +http://www.semrush.com/bot.html)"
185.191.171.16 - - [10/Dec/2025:13:47:38 +0100] "GET /platby/hca/david-peterson-google HTTP/1.1" 200 5801 "-" "Mozilla/5.0 (compatible; SemrushBot/7~bl; +http://www.semrush.com/bot.html)"
85.208.96.197 - - [10/Dec/2025:13:48:09 +0100] "GET /platby/uwoy9/hawthorn-tree-ireland HTTP/1.1" 200 9179 "-" "Mozilla/5.0 (compatible; SemrushBot/7~bl; +http://www.semrush.com/bot.html)"
85.208.96.201 - - [10/Dec/2025:13:48:14 +0100] "GET /platby/qqap/scalp-micropigmentation-course-near-me HTTP/1.1" 200 8079 "-" "Mozilla/5.0 (compatible; SemrushBot/7~bl; +http://www.semrush.com/bot.html)"
185.191.171.16 - - [10/Dec/2025:13:48:32 +0100] "GET /platby/aohwuyx/female-scalp-micropigmentation-before-and-after HTTP/1.1" 200 9786 "-" "Mozilla/5.0 (compatible; SemrushBot/7~bl; +http://www.semrush.com/bot.html)"
185.191.171.19 - - [10/Dec/2025:13:49:02 +0100] "GET /platby/qqap/when-is-the-saints-next-game HTTP/1.1" 200 5180 "-" "Mozilla/5.0 (compatible; SemrushBot/7~bl; +http://www.semrush.com/bot.html)"
85.208.96.208 - - [10/Dec/2025:13:49:03 +0100] "GET /platby/uwoy9/sb0200-driver-windows-98 HTTP/1.1" 200 12888 "-" "Mozilla/5.0 (compatible; SemrushBot/7~bl; +http://www.semrush.com/bot.html)"
185.191.171.3 - - [10/Dec/2025:13:49:10 +0100] "GET /platby/qqap/newly-hatched-duckling-problems HTTP/1.1" 200 14286 "-" "Mozilla/5.0 (compatible; SemrushBot/7~bl; +http://www.semrush.com/bot.html)"
185.191.171.7 - - [10/Dec/2025:13:49:31 +0100] "GET /platby/aohwuyx/difference-between-authorization-and-authentication-in-mvc HTTP/1.1" 200 13358 "-" "Mozilla/5.0 (compatible; SemrushBot/7~bl; +http://www.semrush.com/bot.html)"
185.191.171.6 - - [10/Dec/2025:13:49:41 +0100] "GET /platby/72zbxoz/sacred-heart-children's-hospital-jobs HTTP/1.1" 200 7874 "-" "Mozilla/5.0 (compatible; SemrushBot/7~bl; +http://www.semrush.com/bot.html)"
85.208.96.197 - - [10/Dec/2025:13:49:44 +0100] "GET /platby/hca/chaturanga-dandasana-iyengar HTTP/1.1" 200 12727 "-" "Mozilla/5.0 (compatible; SemrushBot/7~bl; +http://www.semrush.com/bot.html)"
85.208.96.194 - - [10/Dec/2025:13:49:52 +0100] "GET /platby/hca/sweet-potato-south-africa HTTP/1.1" 200 11476 "-" "Mozilla/5.0 (compatible; SemrushBot/7~bl; +http://www.semrush.com/bot.html)"
185.191.171.16 - - [10/Dec/2025:13:50:00 +0100] "GET /platby/hca/volunteer-aboriginal-communities HTTP/1.1" 200 8811 "-" "Mozilla/5.0 (compatible; SemrushBot/7~bl; +http://www.semrush.com/bot.html)"
66.249.79.36 - - [10/Dec/2025:13:50:02 +0100] "\x16\x03\x01\x02" 403 265 "-" "-"
85.208.96.194 - - [10/Dec/2025:13:50:28 +0100] "GET /platby/72zbxoz/simmons-college-fnp-accreditation HTTP/1.1" 200 8450 "-" "Mozilla/5.0 (compatible; SemrushBot/7~bl; +http://www.semrush.com/bot.html)"
85.208.96.198 - - [10/Dec/2025:13:50:37 +0100] "GET /platby/aohwuyx/bael-fruit-side-effects HTTP/1.1" 200 9057 "-" "Mozilla/5.0 (compatible; SemrushBot/7~bl; +http://www.semrush.com/bot.html)"
85.208.96.195 - - [10/Dec/2025:13:50:54 +0100] "GET /platby/hca/theme-parks-in-california HTTP/1.1" 200 9482 "-" "Mozilla/5.0 (compatible; SemrushBot/7~bl; +http://www.semrush.com/bot.html)"
185.191.171.3 - - [10/Dec/2025:13:50:56 +0100] "GET /platby/qqap/premier-league-transfers-news HTTP/1.1" 200 9998 "-" "Mozilla/5.0 (compatible; SemrushBot/7~bl; +http://www.semrush.com/bot.html)"
85.208.96.194 - - [10/Dec/2025:13:50:59 +0100] "GET /platby/uwoy9/sharepoint-folder-not-showing-in-teams HTTP/1.1" 200 13385 "-" "Mozilla/5.0 (compatible; SemrushBot/7~bl; +http://www.semrush.com/bot.html)"
204.76.203.206 - - [10/Dec/2025:13:51:00 +0100] "GET /" 400 468 "-" "-"
85.208.96.206 - - [10/Dec/2025:13:51:15 +0100] "GET /platby/aohwuyx/contena-remote-writing HTTP/1.1" 200 8965 "-" "Mozilla/5.0 (compatible; SemrushBot/7~bl; +http://www.semrush.com/bot.html)"
185.191.171.16 - - [10/Dec/2025:13:51:54 +0100] "GET /robots.txt HTTP/1.1" 200 54 "-" "Mozilla/5.0 (compatible; SemrushBot/7~bl; +http://www.semrush.com/bot.html)"
85.208.96.206 - - [10/Dec/2025:13:51:55 +0100] "GET /platby/hca/footaction-reservation HTTP/1.1" 200 8551 "-" "Mozilla/5.0 (compatible; SemrushBot/7~bl; +http://www.semrush.com/bot.html)"
185.191.171.14 - - [10/Dec/2025:13:52:04 +0100] "GET /platby/hca/florist-in-scottsdale,-az-85255 HTTP/1.1" 200 10860 "-" "Mozilla/5.0 (compatible; SemrushBot/7~bl; +http://www.semrush.com/bot.html)"
204.76.203.206 - - [10/Dec/2025:13:52:18 +0100] "GET / HTTP/1.1" 200 316 "-" "Mozilla/5.0 (Windows NT 10.0; Win64; x64) AppleWebKit/537.36 (KHTML, like Gecko) Chrome/90.0.4430.85 Safari/537.36 Edg/90.0.818.46"
185.191.171.19 - - [10/Dec/2025:13:52:27 +0100] "GET /platby/aohwuyx/best-nightlife-in-jacksonville,-fl HTTP/1.1" 200 13696 "-" "Mozilla/5.0 (compatible; SemrushBot/7~bl; +http://www.semrush.com/bot.html)"
85.208.96.211 - - [10/Dec/2025:13:52:58 +0100] "GET /platby/uwoy9/eva-longoria-desperate-housewives HTTP/1.1" 200 6784 "-" "Mozilla/5.0 (compatible; SemrushBot/7~bl; +http://www.semrush.com/bot.html)"
185.191.171.5 - - [10/Dec/2025:13:53:05 +0100] "GET /platby/qqap/where-is-sherwood-forest HTTP/1.1" 200 8837 "-" "Mozilla/5.0 (compatible; SemrushBot/7~bl; +http://www.semrush.com/bot.html)"
85.208.96.211 - - [10/Dec/2025:13:53:07 +0100] "GET /platby/aohwuyx/product-design-engineering-pdf HTTP/1.1" 200 14259 "-" "Mozilla/5.0 (compatible; SemrushBot/7~bl; +http://www.semrush.com/bot.html)"
85.208.96.212 - - [10/Dec/2025:13:53:08 +0100] "GET /platby/hca/lincoln-center-outdoor-concerts-2021 HTTP/1.1" 200 9331 "-" "Mozilla/5.0 (compatible; SemrushBot/7~bl; +http://www.semrush.com/bot.html)"
85.208.96.197 - - [10/Dec/2025:13:53:22 +0100] "GET /platby/hca/lgbtq-t-shirts-south-africa HTTP/1.1" 200 5766 "-" "Mozilla/5.0 (compatible; SemrushBot/7~bl; +http://www.semrush.com/bot.html)"
85.208.96.205 - - [10/Dec/2025:13:53:33 +0100] "GET /platby/hca/steve-carson-holland-and-barrett HTTP/1.1" 200 8973 "-" "Mozilla/5.0 (compatible; SemrushBot/7~bl; +http://www.semrush.com/bot.html)"
98.83.178.66 - - [10/Dec/2025:13:53:41 +0100] "GET /platby/72zbxoz/tusker-vs-afc-leopards-results-today HTTP/1.1" 200 9159 "-" "Mozilla/5.0 AppleWebKit/537.36 (KHTML, like Gecko; compatible; Amazonbot/0.1; +https://developer.amazon.com/support/amazonbot) Chrome/119.0.6045.214 Safari/537.36"
23.23.214.190 - - [10/Dec/2025:13:53:43 +0100] "GET /platby/72zbxoz/cameroon-olympic-basketball-team-roster HTTP/1.1" 200 12520 "-" "Mozilla/5.0 AppleWebKit/537.36 (KHTML, like Gecko; compatible; Amazonbot/0.1; +https://developer.amazon.com/support/amazonbot) Chrome/119.0.6045.214 Safari/537.36"
34.239.85.139 - - [10/Dec/2025:13:53:47 +0100] "GET /platby/72zbxoz/things-to-do-in-knoxville-with-kids HTTP/1.1" 200 13421 "-" "Mozilla/5.0 AppleWebKit/537.36 (KHTML, like Gecko; compatible; Amazonbot/0.1; +https://developer.amazon.com/support/amazonbot) Chrome/119.0.6045.214 Safari/537.36"
178.91.17.142 - - [10/Dec/2025:13:53:49 +0100] "GET /platby/qqap/microsoft-teams-private-chat HTTP/1.1" 200 12871 "-" "Opera/8.34.(Windows NT 6.1; zu-ZA) Presto/2.9.185 Version/12.00"
85.208.96.204 - - [10/Dec/2025:13:53:52 +0100] "GET /platby/aohwuyx/causal-research-question-examples HTTP/1.1" 200 9603 "-" "Mozilla/5.0 (compatible; SemrushBot/7~bl; +http://www.semrush.com/bot.html)"
66.249.68.7 - - [10/Dec/2025:13:53:53 +0100] "\x16\x03\x01\x02" 403 265 "-" "-"
52.205.141.124 - - [10/Dec/2025:13:53:54 +0100] "GET /platby/72zbxoz/hunt-soccer-tournament HTTP/1.1" 200 9810 "-" "Mozilla/5.0 AppleWebKit/537.36 (KHTML, like Gecko; compatible; Amazonbot/0.1; +https://developer.amazon.com/support/amazonbot) Chrome/119.0.6045.214 Safari/537.36"
85.208.96.206 - - [10/Dec/2025:13:53:55 +0100] "GET /platby/qqap/change-management-training-for-leaders HTTP/1.1" 200 11057 "-" "Mozilla/5.0 (compatible; SemrushBot/7~bl; +http://www.semrush.com/bot.html)"
85.208.96.193 - - [10/Dec/2025:13:53:57 +0100] "GET /platby/hca/importance-of-emotional-marketing HTTP/1.1" 200 7913 "-" "Mozilla/5.0 (compatible; SemrushBot/7~bl; +http://www.semrush.com/bot.html)"
100.28.44.58 - - [10/Dec/2025:13:53:57 +0100] "GET /platby/72zbxoz/24-hour-places-to-study-near-me HTTP/1.1" 200 16887 "-" "Mozilla/5.0 AppleWebKit/537.36 (KHTML, like Gecko; compatible; Amazonbot/0.1; +https://developer.amazon.com/support/amazonbot) Chrome/119.0.6045.214 Safari/537.36"
54.85.126.86 - - [10/Dec/2025:13:54:00 +0100] "GET /platby/72zbxoz/alderson-broaddus-football-roster HTTP/1.1" 200 7661 "-" "Mozilla/5.0 AppleWebKit/537.36 (KHTML, like Gecko; compatible; Amazonbot/0.1; +https://developer.amazon.com/support/amazonbot) Chrome/119.0.6045.214 Safari/537.36"
54.83.240.58 - - [10/Dec/2025:13:54:05 +0100] "GET /platby/72zbxoz/bhujangasana-contraindications HTTP/1.1" 200 9612 "-" "Mozilla/5.0 AppleWebKit/537.36 (KHTML, like Gecko; compatible; Amazonbot/0.1; +https://developer.amazon.com/support/amazonbot) Chrome/119.0.6045.214 Safari/537.36"
98.82.39.241 - - [10/Dec/2025:13:54:10 +0100] "GET /platby/72zbxoz/time-well-spent-logbook HTTP/1.1" 200 10194 "-" "Mozilla/5.0 AppleWebKit/537.36 (KHTML, like Gecko; compatible; Amazonbot/0.1; +https://developer.amazon.com/support/amazonbot) Chrome/119.0.6045.214 Safari/537.36"
85.208.96.205 - - [10/Dec/2025:13:54:12 +0100] "GET /platby/hca/never-say-never-the-fray-one-tree-hill HTTP/1.1" 200 7168 "-" "Mozilla/5.0 (compatible; SemrushBot/7~bl; +http://www.semrush.com/bot.html)"
98.82.40.168 - - [10/Dec/2025:13:54:12 +0100] "GET /platby/72zbxoz/power-struggle-in-relationship HTTP/1.1" 200 8993 "-" "Mozilla/5.0 AppleWebKit/537.36 (KHTML, like Gecko; compatible; Amazonbot/0.1; +https://developer.amazon.com/support/amazonbot) Chrome/119.0.6045.214 Safari/537.36"
34.225.24.180 - - [10/Dec/2025:13:54:16 +0100] "GET /platby/72zbxoz/rhythmic-gymnastics-olympics HTTP/1.1" 200 11299 "-" "Mozilla/5.0 AppleWebKit/537.36 (KHTML, like Gecko; compatible; Amazonbot/0.1; +https://developer.amazon.com/support/amazonbot) Chrome/119.0.6045.214 Safari/537.36"
54.83.56.1 - - [10/Dec/2025:13:54:19 +0100] "GET /platby/72zbxoz/how-much-does-palace-playland-cost HTTP/1.1" 200 10219 "-" "Mozilla/5.0 AppleWebKit/537.36 (KHTML, like Gecko; compatible; Amazonbot/0.1; +https://developer.amazon.com/support/amazonbot) Chrome/119.0.6045.214 Safari/537.36"
3.222.190.107 - - [10/Dec/2025:13:54:24 +0100] "GET /platby/72zbxoz/shrubs-that-grow-well-in-kansas HTTP/1.1" 200 15581 "-" "Mozilla/5.0 AppleWebKit/537.36 (KHTML, like Gecko; compatible; Amazonbot/0.1; +https://developer.amazon.com/support/amazonbot) Chrome/119.0.6045.214 Safari/537.36"
52.54.249.218 - - [10/Dec/2025:13:54:29 +0100] "GET /platby/72zbxoz/shaq-owns-elvis-presley HTTP/1.1" 200 11192 "-" "Mozilla/5.0 AppleWebKit/537.36 (KHTML, like Gecko; compatible; Amazonbot/0.1; +https://developer.amazon.com/support/amazonbot) Chrome/119.0.6045.214 Safari/537.36"
100.28.44.58 - - [10/Dec/2025:13:54:32 +0100] "GET /platby/72zbxoz/best-heading-strikers-fifa-20 HTTP/1.1" 200 8189 "-" "Mozilla/5.0 AppleWebKit/537.36 (KHTML, like Gecko; compatible; Amazonbot/0.1; +https://developer.amazon.com/support/amazonbot) Chrome/119.0.6045.214 Safari/537.36"
85.208.96.201 - - [10/Dec/2025:13:54:34 +0100] "GET /platby/aohwuyx/a-group-of-ants-is-called-a-nest HTTP/1.1" 200 13311 "-" "Mozilla/5.0 (compatible; SemrushBot/7~bl; +http://www.semrush.com/bot.html)"
52.204.253.129 - - [10/Dec/2025:13:54:36 +0100] "GET /platby/72zbxoz/new-dorp-high-school-swim-team HTTP/1.1" 200 13309 "-" "Mozilla/5.0 AppleWebKit/537.36 (KHTML, like Gecko; compatible; Amazonbot/0.1; +https://developer.amazon.com/support/amazonbot) Chrome/119.0.6045.214 Safari/537.36"
85.208.96.198 - - [10/Dec/2025:13:54:37 +0100] "GET /platby/72zbxoz/tommy-hilfiger-t-shirts-canada HTTP/1.1" 200 13200 "-" "Mozilla/5.0 (compatible; SemrushBot/7~bl; +http://www.semrush.com/bot.html)"
44.218.170.184 - - [10/Dec/2025:13:54:39 +0100] "GET /platby/72zbxoz/why-agile-fails-in-large-enterprises HTTP/1.1" 200 11859 "-" "Mozilla/5.0 AppleWebKit/537.36 (KHTML, like Gecko; compatible; Amazonbot/0.1; +https://developer.amazon.com/support/amazonbot) Chrome/119.0.6045.214 Safari/537.36"
44.209.187.99 - - [10/Dec/2025:13:54:43 +0100] "GET /platby/72zbxoz/speckled-sussex-chickens-for-sale-near-me HTTP/1.1" 200 15507 "-" "Mozilla/5.0 AppleWebKit/537.36 (KHTML, like Gecko; compatible; Amazonbot/0.1; +https://developer.amazon.com/support/amazonbot) Chrome/119.0.6045.214 Safari/537.36"
52.200.54.136 - - [10/Dec/2025:13:54:48 +0100] "GET /platby/72zbxoz/solar-energy-for-elementary-students HTTP/1.1" 200 8345 "-" "Mozilla/5.0 AppleWebKit/537.36 (KHTML, like Gecko; compatible; Amazonbot/0.1; +https://developer.amazon.com/support/amazonbot) Chrome/119.0.6045.214 Safari/537.36"
54.204.12.115 - - [10/Dec/2025:13:54:54 +0100] "GET /platby/72zbxoz/houston-astros-starting-pitchers-2021 HTTP/1.1" 200 10239 "-" "Mozilla/5.0 AppleWebKit/537.36 (KHTML, like Gecko; compatible; Amazonbot/0.1; +https://developer.amazon.com/support/amazonbot) Chrome/119.0.6045.214 Safari/537.36"
85.208.96.193 - - [10/Dec/2025:13:54:56 +0100] "GET /platby/qqap/isaac-hayes---i-stand-accused HTTP/1.1" 200 10244 "-" "Mozilla/5.0 (compatible; SemrushBot/7~bl; +http://www.semrush.com/bot.html)"
52.70.123.241 - - [10/Dec/2025:13:54:56 +0100] "GET /platby/72zbxoz/funny-clefthoof-names HTTP/1.1" 200 17458 "-" "Mozilla/5.0 AppleWebKit/537.36 (KHTML, like Gecko; compatible; Amazonbot/0.1; +https://developer.amazon.com/support/amazonbot) Chrome/119.0.6045.214 Safari/537.36"
85.208.96.193 - - [10/Dec/2025:13:55:00 +0100] "GET /platby/qqap/listening-activity-for-adults HTTP/1.1" 200 8920 "-" "Mozilla/5.0 (compatible; SemrushBot/7~bl; +http://www.semrush.com/bot.html)"
3.223.181.32 - - [10/Dec/2025:13:55:01 +0100] "GET /platby/72zbxoz/grady-sizemore-married HTTP/1.1" 200 12824 "-" "Mozilla/5.0 AppleWebKit/537.36 (KHTML, like Gecko; compatible; Amazonbot/0.1; +https://developer.amazon.com/support/amazonbot) Chrome/119.0.6045.214 Safari/537.36"
52.204.253.129 - - [10/Dec/2025:13:55:04 +0100] "GET /platby/72zbxoz/munster-high-school-baseball HTTP/1.1" 200 13657 "-" "Mozilla/5.0 AppleWebKit/537.36 (KHTML, like Gecko; compatible; Amazonbot/0.1; +https://developer.amazon.com/support/amazonbot) Chrome/119.0.6045.214 Safari/537.36"
52.71.216.196 - - [10/Dec/2025:13:55:07 +0100] "GET /platby/72zbxoz/lowest-temperature-possible HTTP/1.1" 200 9916 "-" "Mozilla/5.0 AppleWebKit/537.36 (KHTML, like Gecko; compatible; Amazonbot/0.1; +https://developer.amazon.com/support/amazonbot) Chrome/119.0.6045.214 Safari/537.36"
85.208.96.194 - - [10/Dec/2025:13:55:08 +0100] "GET /platby/hca/mission-of-the-united-nations HTTP/1.1" 200 7022 "-" "Mozilla/5.0 (compatible; SemrushBot/7~bl; +http://www.semrush.com/bot.html)"
34.225.243.131 - - [10/Dec/2025:13:55:13 +0100] "GET /platby/72zbxoz/knicks-draft-picks-2022 HTTP/1.1" 200 8737 "-" "Mozilla/5.0 AppleWebKit/537.36 (KHTML, like Gecko; compatible; Amazonbot/0.1; +https://developer.amazon.com/support/amazonbot) Chrome/119.0.6045.214 Safari/537.36"
18.215.49.176 - - [10/Dec/2025:13:55:16 +0100] "GET /platby/72zbxoz/stephen-schwarzman-daughter HTTP/1.1" 200 8154 "-" "Mozilla/5.0 AppleWebKit/537.36 (KHTML, like Gecko; compatible; Amazonbot/0.1; +https://developer.amazon.com/support/amazonbot) Chrome/119.0.6045.214 Safari/537.36"
185.191.171.8 - - [10/Dec/2025:13:55:19 +0100] "GET /platby/aohwuyx/san-marino-football-shirt-2020 HTTP/1.1" 200 13829 "-" "Mozilla/5.0 (compatible; SemrushBot/7~bl; +http://www.semrush.com/bot.html)"
52.2.58.41 - - [10/Dec/2025:13:55:21 +0100] "GET /platby/72zbxoz/alabama-forestry-association HTTP/1.1" 200 9044 "-" "Mozilla/5.0 AppleWebKit/537.36 (KHTML, like Gecko; compatible; Amazonbot/0.1; +https://developer.amazon.com/support/amazonbot) Chrome/119.0.6045.214 Safari/537.36"
34.206.193.60 - - [10/Dec/2025:13:55:24 +0100] "GET /platby/72zbxoz/samuel-raymond-clucas-stats HTTP/1.1" 200 11066 "-" "Mozilla/5.0 AppleWebKit/537.36 (KHTML, like Gecko; compatible; Amazonbot/0.1; +https://developer.amazon.com/support/amazonbot) Chrome/119.0.6045.214 Safari/537.36"
52.203.237.170 - - [10/Dec/2025:13:55:27 +0100] "GET /platby/72zbxoz/poems-about-sorrow-and-grief HTTP/1.1" 200 15202 "-" "Mozilla/5.0 AppleWebKit/537.36 (KHTML, like Gecko; compatible; Amazonbot/0.1; +https://developer.amazon.com/support/amazonbot) Chrome/119.0.6045.214 Safari/537.36"
3.216.227.216 - - [10/Dec/2025:13:55:33 +0100] "GET /platby/72zbxoz/the-unlucky-winners-by-nicky-johnston-summary HTTP/1.1" 200 8795 "-" "Mozilla/5.0 AppleWebKit/537.36 (KHTML, like Gecko; compatible; Amazonbot/0.1; +https://developer.amazon.com/support/amazonbot) Chrome/119.0.6045.214 Safari/537.36"
18.233.24.238 - - [10/Dec/2025:13:55:36 +0100] "GET /platby/qqap/derrick-rose-jersey-pistons HTTP/1.1" 200 7832 "-" "Mozilla/5.0 AppleWebKit/537.36 (KHTML, like Gecko; compatible; Amazonbot/0.1; +https://developer.amazon.com/support/amazonbot) Chrome/119.0.6045.214 Safari/537.36"
18.208.11.93 - - [10/Dec/2025:13:55:40 +0100] "GET /platby/72zbxoz/jordan-4-fire-red'-2012 HTTP/1.1" 200 11890 "-" "Mozilla/5.0 AppleWebKit/537.36 (KHTML, like Gecko; compatible; Amazonbot/0.1; +https://developer.amazon.com/support/amazonbot) Chrome/119.0.6045.214 Safari/537.36"
107.22.208.39 - - [10/Dec/2025:13:55:43 +0100] "GET /platby/72zbxoz/wendell-carter-shooting HTTP/1.1" 200 10042 "-" "Mozilla/5.0 AppleWebKit/537.36 (KHTML, like Gecko; compatible; Amazonbot/0.1; +https://developer.amazon.com/support/amazonbot) Chrome/119.0.6045.214 Safari/537.36"
44.205.192.249 - - [10/Dec/2025:13:55:47 +0100] "GET /platby/72zbxoz/foreclosed-homes-marquette,-mi HTTP/1.1" 200 12307 "-" "Mozilla/5.0 AppleWebKit/537.36 (KHTML, like Gecko; compatible; Amazonbot/0.1; +https://developer.amazon.com/support/amazonbot) Chrome/119.0.6045.214 Safari/537.36"
52.205.113.104 - - [10/Dec/2025:13:55:53 +0100] "GET /platby/qqap/charlamagne-tha-god-talks-about-kwame-brown HTTP/1.1" 200 10791 "-" "Mozilla/5.0 AppleWebKit/537.36 (KHTML, like Gecko; compatible; Amazonbot/0.1; +https://developer.amazon.com/support/amazonbot) Chrome/119.0.6045.214 Safari/537.36"
52.200.251.20 - - [10/Dec/2025:13:55:57 +0100] "GET /platby/72zbxoz/sherwood,-arkansas-apartments HTTP/1.1" 200 12550 "-" "Mozilla/5.0 AppleWebKit/537.36 (KHTML, like Gecko; compatible; Amazonbot/0.1; +https://developer.amazon.com/support/amazonbot) Chrome/119.0.6045.214 Safari/537.36"
85.208.96.199 - - [10/Dec/2025:13:56:04 +0100] "GET /platby/qqap/basis-independent-silicon-valley-summer-program HTTP/1.1" 200 6377 "-" "Mozilla/5.0 (compatible; SemrushBot/7~bl; +http://www.semrush.com/bot.html)"
85.208.96.205 - - [10/Dec/2025:13:56:16 +0100] "GET /platby/aohwuyx/controller-configuration-steam HTTP/1.1" 200 9177 "-" "Mozilla/5.0 (compatible; SemrushBot/7~bl; +http://www.semrush.com/bot.html)"
85.208.96.202 - - [10/Dec/2025:13:56:40 +0100] "GET /platby/qqap/the-notebook-parents-guide HTTP/1.1" 200 11894 "-" "Mozilla/5.0 (compatible; SemrushBot/7~bl; +http://www.semrush.com/bot.html)"
85.208.96.209 - - [10/Dec/2025:13:56:49 +0100] "GET /platby/72zbxoz/first-nations-peoples-australia HTTP/1.1" 200 8128 "-" "Mozilla/5.0 (compatible; SemrushBot/7~bl; +http://www.semrush.com/bot.html)"
85.208.96.193 - - [10/Dec/2025:13:56:59 +0100] "GET /platby/72zbxoz/craigslist-modesto-homes-for-sale HTTP/1.1" 200 4911 "-" "Mozilla/5.0 (compatible; SemrushBot/7~bl; +http://www.semrush.com/bot.html)"
185.191.171.5 - - [10/Dec/2025:13:57:08 +0100] "GET /platby/qqap/butterfly-knife-flippers HTTP/1.1" 200 6042 "-" "Mozilla/5.0 (compatible; SemrushBot/7~bl; +http://www.semrush.com/bot.html)"
85.208.96.195 - - [10/Dec/2025:13:57:15 +0100] "GET /platby/uwoy9/patrisse-cullors-professor HTTP/1.1" 200 11469 "-" "Mozilla/5.0 (compatible; SemrushBot/7~bl; +http://www.semrush.com/bot.html)"
185.191.171.11 - - [10/Dec/2025:13:57:29 +0100] "GET /platby/aohwuyx/quotes-about-humility-and-forgiveness HTTP/1.1" 200 8603 "-" "Mozilla/5.0 (compatible; SemrushBot/7~bl; +http://www.semrush.com/bot.html)"
185.191.171.17 - - [10/Dec/2025:13:57:35 +0100] "GET /platby/uwoy9/camps-for-sale-in-alger-county HTTP/1.1" 200 15922 "-" "Mozilla/5.0 (compatible; SemrushBot/7~bl; +http://www.semrush.com/bot.html)"
85.208.96.196 - - [10/Dec/2025:13:57:54 +0100] "GET /platby/uwoy9/can-you-work-in-childcare-with-a-criminal-record HTTP/1.1" 200 12613 "-" "Mozilla/5.0 (compatible; SemrushBot/7~bl; +http://www.semrush.com/bot.html)"
85.208.96.210 - - [10/Dec/2025:13:58:03 +0100] "GET /platby/qqap/largest-container-ship HTTP/1.1" 200 6632 "-" "Mozilla/5.0 (compatible; SemrushBot/7~bl; +http://www.semrush.com/bot.html)"
185.191.171.7 - - [10/Dec/2025:13:58:04 +0100] "GET /platby/aohwuyx/university-dorms-in-germany HTTP/1.1" 200 16881 "-" "Mozilla/5.0 (compatible; SemrushBot/7~bl; +http://www.semrush.com/bot.html)"
185.191.171.7 - - [10/Dec/2025:13:58:15 +0100] "GET /platby/qqap/blue-swedish-duck-baby HTTP/1.1" 200 6121 "-" "Mozilla/5.0 (compatible; SemrushBot/7~bl; +http://www.semrush.com/bot.html)"
85.208.96.206 - - [10/Dec/2025:13:58:35 +0100] "GET /platby/qqap/native-american-novelist-who-wrote-house-made-of-dawn HTTP/1.1" 200 10855 "-" "Mozilla/5.0 (compatible; SemrushBot/7~bl; +http://www.semrush.com/bot.html)"
185.191.171.2 - - [10/Dec/2025:13:58:38 +0100] "GET /platby/hca/holidate-yellow-dress HTTP/1.1" 200 12982 "-" "Mozilla/5.0 (compatible; SemrushBot/7~bl; +http://www.semrush.com/bot.html)"
185.191.171.6 - - [10/Dec/2025:13:58:59 +0100] "GET /platby/uwoy9/maniac-conan-gray-genius HTTP/1.1" 200 10412 "-" "Mozilla/5.0 (compatible; SemrushBot/7~bl; +http://www.semrush.com/bot.html)"
185.191.171.1 - - [10/Dec/2025:13:59:09 +0100] "GET /platby/72zbxoz/newton-newspaper-obituaries HTTP/1.1" 200 12682 "-" "Mozilla/5.0 (compatible; SemrushBot/7~bl; +http://www.semrush.com/bot.html)"
85.208.96.203 - - [10/Dec/2025:13:59:12 +0100] "GET /platby/qqap/apartments-in-north-little-rock HTTP/1.1" 200 9285 "-" "Mozilla/5.0 (compatible; SemrushBot/7~bl; +http://www.semrush.com/bot.html)"
185.191.171.6 - - [10/Dec/2025:13:59:35 +0100] "GET /platby/aohwuyx/travis-ranch-school-rating HTTP/1.1" 200 10905 "-" "Mozilla/5.0 (compatible; SemrushBot/7~bl; +http://www.semrush.com/bot.html)"
185.191.171.16 - - [10/Dec/2025:14:00:02 +0100] "GET /platby/uwoy9/audie-murphy-autopsy-photos HTTP/1.1" 200 11773 "-" "Mozilla/5.0 (compatible; SemrushBot/7~bl; +http://www.semrush.com/bot.html)"
185.191.171.16 - - [10/Dec/2025:14:00:22 +0100] "GET /platby/72zbxoz/seemore-putting-mirror HTTP/1.1" 200 13746 "-" "Mozilla/5.0 (compatible; SemrushBot/7~bl; +http://www.semrush.com/bot.html)"
85.208.96.204 - - [10/Dec/2025:14:00:25 +0100] "GET /platby/uwoy9/javascript-code-snippets-examples HTTP/1.1" 200 12783 "-" "Mozilla/5.0 (compatible; SemrushBot/7~bl; +http://www.semrush.com/bot.html)"
185.191.171.2 - - [10/Dec/2025:14:00:36 +0100] "GET /platby/qqap/national-parks-photography-workshops HTTP/1.1" 200 10420 "-" "Mozilla/5.0 (compatible; SemrushBot/7~bl; +http://www.semrush.com/bot.html)"
185.191.171.12 - - [10/Dec/2025:14:00:49 +0100] "GET /platby/72zbxoz/atlanta,-georgia-coronavirus-cases-by-day HTTP/1.1" 200 9289 "-" "Mozilla/5.0 (compatible; SemrushBot/7~bl; +http://www.semrush.com/bot.html)"
185.191.171.18 - - [10/Dec/2025:14:00:53 +0100] "GET /platby/72zbxoz/vowels-pronunciation-google HTTP/1.1" 200 13410 "-" "Mozilla/5.0 (compatible; SemrushBot/7~bl; +http://www.semrush.com/bot.html)"
185.191.171.2 - - [10/Dec/2025:14:01:14 +0100] "GET /platby/hca/fingerprint-not-working-in-redmi-note-7-pro HTTP/1.1" 200 12427 "-" "Mozilla/5.0 (compatible; SemrushBot/7~bl; +http://www.semrush.com/bot.html)"
185.191.171.12 - - [10/Dec/2025:14:01:20 +0100] "GET /platby/qqap/david-peterson-coaching-book HTTP/1.1" 200 6164 "-" "Mozilla/5.0 (compatible; SemrushBot/7~bl; +http://www.semrush.com/bot.html)"
185.191.171.4 - - [10/Dec/2025:14:01:33 +0100] "GET /platby/uwoy9/everyone-rhyming-words HTTP/1.1" 200 9718 "-" "Mozilla/5.0 (compatible; SemrushBot/7~bl; +http://www.semrush.com/bot.html)"
85.208.96.204 - - [10/Dec/2025:14:01:39 +0100] "GET /platby/aohwuyx/education-loan-information HTTP/1.1" 200 10301 "-" "Mozilla/5.0 (compatible; SemrushBot/7~bl; +http://www.semrush.com/bot.html)"
204.76.203.212 - - [10/Dec/2025:14:01:45 +0100] "GET /" 400 468 "-" "-"
85.208.96.204 - - [10/Dec/2025:14:01:48 +0100] "GET /platby/hca/architecture-company-names-and-logos HTTP/1.1" 200 8867 "-" "Mozilla/5.0 (compatible; SemrushBot/7~bl; +http://www.semrush.com/bot.html)"
185.191.171.3 - - [10/Dec/2025:14:01:57 +0100] "GET /platby/uwoy9/deer-resistant-wildflower-seed-mix HTTP/1.1" 200 14074 "-" "Mozilla/5.0 (compatible; SemrushBot/7~bl; +http://www.semrush.com/bot.html)"
85.208.96.202 - - [10/Dec/2025:14:02:08 +0100] "GET /platby/qqap/45-minute-upper-body-workout-with-weights HTTP/1.1" 200 6765 "-" "Mozilla/5.0 (compatible; SemrushBot/7~bl; +http://www.semrush.com/bot.html)"
