85.208.96.205 - - [10/Dec/2025:17:40:50 +0100] "GET /platby/aohwuyx/samsung-whatsapp-bubble HTTP/1.1" 200 14503 "-" "Mozilla/5.0 (compatible; SemrushBot/7~bl; +http://www.semrush.com/bot.html)"
185.191.171.9 - - [10/Dec/2025:17:40:53 +0100] "GET /platby/hca/buff-and-white-silkie-cross HTTP/1.1" 200 11748 "-" "Mozilla/5.0 (compatible; SemrushBot/7~bl; +http://www.semrush.com/bot.html)"
85.208.96.198 - - [10/Dec/2025:17:41:16 +0100] "GET /platby/qqap/carolina-panthers-qb-2021 HTTP/1.1" 200 5358 "-" "Mozilla/5.0 (compatible; SemrushBot/7~bl; +http://www.semrush.com/bot.html)"
85.208.96.211 - - [10/Dec/2025:17:41:18 +0100] "GET /platby/72zbxoz/jamal-adams-jordan-contract HTTP/1.1" 200 7686 "-" "Mozilla/5.0 (compatible; SemrushBot/7~bl; +http://www.semrush.com/bot.html)"
85.208.96.209 - - [10/Dec/2025:17:41:19 +0100] "GET /platby/qqap/productive-resources-economics HTTP/1.1" 200 9732 "-" "Mozilla/5.0 (compatible; SemrushBot/7~bl; +http://www.semrush.com/bot.html)"
85.208.96.198 - - [10/Dec/2025:17:41:21 +0100] "GET /platby/uwoy9/denver-broncos-defense-roster HTTP/1.1" 200 7258 "-" "Mozilla/5.0 (compatible; SemrushBot/7~bl; +http://www.semrush.com/bot.html)"
185.191.171.1 - - [10/Dec/2025:17:41:42 +0100] "GET /platby/hca/ole-miss-basketball-schedule-2020-2021 HTTP/1.1" 200 6030 "-" "Mozilla/5.0 (compatible; SemrushBot/7~bl; +http://www.semrush.com/bot.html)"
85.208.96.201 - - [10/Dec/2025:17:42:37 +0100] "GET /platby/hca/broadbeach-state-school-ranking HTTP/1.1" 200 10048 "-" "Mozilla/5.0 (compatible; SemrushBot/7~bl; +http://www.semrush.com/bot.html)"
85.208.96.209 - - [10/Dec/2025:17:42:38 +0100] "GET /platby/hca/best-metal-for-jewelry-making HTTP/1.1" 200 12675 "-" "Mozilla/5.0 (compatible; SemrushBot/7~bl; +http://www.semrush.com/bot.html)"
185.191.171.3 - - [10/Dec/2025:17:42:48 +0100] "GET /platby/qqap/color-tattoo-amsterdam HTTP/1.1" 200 6607 "-" "Mozilla/5.0 (compatible; SemrushBot/7~bl; +http://www.semrush.com/bot.html)"
185.191.171.17 - - [10/Dec/2025:17:43:14 +0100] "GET /platby/aohwuyx/describe-the-characteristics-of-effective-listening-techniques HTTP/1.1" 200 14914 "-" "Mozilla/5.0 (compatible; SemrushBot/7~bl; +http://www.semrush.com/bot.html)"
185.191.171.5 - - [10/Dec/2025:17:43:21 +0100] "GET /platby/aohwuyx/1994-fleer-baseball-card-values HTTP/1.1" 200 13696 "-" "Mozilla/5.0 (compatible; SemrushBot/7~bl; +http://www.semrush.com/bot.html)"
85.208.96.201 - - [10/Dec/2025:17:43:23 +0100] "GET /platby/aohwuyx/particularly-definition HTTP/1.1" 200 8600 "-" "Mozilla/5.0 (compatible; SemrushBot/7~bl; +http://www.semrush.com/bot.html)"
185.191.171.19 - - [10/Dec/2025:17:43:36 +0100] "GET /platby/uwoy9/colorado-rapids-jersey HTTP/1.1" 200 12954 "-" "Mozilla/5.0 (compatible; SemrushBot/7~bl; +http://www.semrush.com/bot.html)"
185.191.171.8 - - [10/Dec/2025:17:43:37 +0100] "GET /platby/qqap/another-way-of-saying-let-me-tell-you-something HTTP/1.1" 200 11178 "-" "Mozilla/5.0 (compatible; SemrushBot/7~bl; +http://www.semrush.com/bot.html)"
185.191.171.3 - - [10/Dec/2025:17:43:39 +0100] "GET /platby/hca/houlihan's-lunch-menu HTTP/1.1" 200 8348 "-" "Mozilla/5.0 (compatible; SemrushBot/7~bl; +http://www.semrush.com/bot.html)"
85.208.96.208 - - [10/Dec/2025:17:43:44 +0100] "GET /platby/uwoy9/pecos-league-standings-2021 HTTP/1.1" 200 10632 "-" "Mozilla/5.0 (compatible; SemrushBot/7~bl; +http://www.semrush.com/bot.html)"
85.208.96.202 - - [10/Dec/2025:17:43:56 +0100] "GET /platby/aohwuyx/school-application-for-2022-gauteng HTTP/1.1" 200 11186 "-" "Mozilla/5.0 (compatible; SemrushBot/7~bl; +http://www.semrush.com/bot.html)"
85.208.96.202 - - [10/Dec/2025:17:44:16 +0100] "GET /platby/72zbxoz/youngest-players-in-nba-draft-2020 HTTP/1.1" 200 7456 "-" "Mozilla/5.0 (compatible; SemrushBot/7~bl; +http://www.semrush.com/bot.html)"
66.249.79.32 - - [10/Dec/2025:17:44:23 +0100] "\x16\x03\x01\x02" 403 265 "-" "-"
85.208.96.194 - - [10/Dec/2025:17:44:38 +0100] "GET /platby/uwoy9/huawei-nova-3i-auto-restart-problem HTTP/1.1" 200 16621 "-" "Mozilla/5.0 (compatible; SemrushBot/7~bl; +http://www.semrush.com/bot.html)"
204.76.203.206 - - [10/Dec/2025:17:44:41 +0100] "GET /" 400 468 "-" "-"
85.208.96.197 - - [10/Dec/2025:17:45:09 +0100] "GET /platby/aohwuyx/duck-food-suppliers-near-me HTTP/1.1" 200 13878 "-" "Mozilla/5.0 (compatible; SemrushBot/7~bl; +http://www.semrush.com/bot.html)"
85.208.96.208 - - [10/Dec/2025:17:45:14 +0100] "GET /platby/72zbxoz/motorcycle-jackets-with-armor HTTP/1.1" 200 20 "-" "Mozilla/5.0 (compatible; SemrushBot/7~bl; +http://www.semrush.com/bot.html)"
204.76.203.206 - - [10/Dec/2025:17:45:15 +0100] "GET / HTTP/1.1" 200 316 "-" "Mozilla/5.0 (Windows NT 10.0; Win64; x64) AppleWebKit/537.36 (KHTML, like Gecko) Chrome/90.0.4430.85 Safari/537.36 Edg/90.0.818.46"
85.208.96.197 - - [10/Dec/2025:17:45:16 +0100] "GET /platby/72zbxoz/lobelia-riviera-marine-blue-annual-or-perennial HTTP/1.1" 200 9806 "-" "Mozilla/5.0 (compatible; SemrushBot/7~bl; +http://www.semrush.com/bot.html)"
85.208.96.212 - - [10/Dec/2025:17:45:29 +0100] "GET /platby/aohwuyx/how-to-say-sorry-to-teacher-for-mistake HTTP/1.1" 200 10699 "-" "Mozilla/5.0 (compatible; SemrushBot/7~bl; +http://www.semrush.com/bot.html)"
185.191.171.4 - - [10/Dec/2025:17:45:32 +0100] "GET /platby/qqap/public-health-system-in-the-united-states HTTP/1.1" 200 6776 "-" "Mozilla/5.0 (compatible; SemrushBot/7~bl; +http://www.semrush.com/bot.html)"
185.191.171.7 - - [10/Dec/2025:17:46:04 +0100] "GET /platby/hca/lars-and-the-real-girl-kelli-garner HTTP/1.1" 200 9945 "-" "Mozilla/5.0 (compatible; SemrushBot/7~bl; +http://www.semrush.com/bot.html)"
185.191.171.2 - - [10/Dec/2025:17:47:17 +0100] "GET /platby/uwoy9/when-do-path-to-glory-fifa-cards-get-upgraded HTTP/1.1" 200 10039 "-" "Mozilla/5.0 (compatible; SemrushBot/7~bl; +http://www.semrush.com/bot.html)"
85.208.96.195 - - [10/Dec/2025:17:47:18 +0100] "GET /platby/72zbxoz/indian-peaks-wilderness HTTP/1.1" 200 9331 "-" "Mozilla/5.0 (compatible; SemrushBot/7~bl; +http://www.semrush.com/bot.html)"
185.191.171.7 - - [10/Dec/2025:17:47:26 +0100] "GET /platby/72zbxoz/it-is-well-with-my-soul-bethel HTTP/1.1" 200 11987 "-" "Mozilla/5.0 (compatible; SemrushBot/7~bl; +http://www.semrush.com/bot.html)"
85.208.96.197 - - [10/Dec/2025:17:47:27 +0100] "GET /platby/hca/quantum-resources-management,-llc HTTP/1.1" 200 8206 "-" "Mozilla/5.0 (compatible; SemrushBot/7~bl; +http://www.semrush.com/bot.html)"
185.191.171.15 - - [10/Dec/2025:17:47:39 +0100] "GET /platby/aohwuyx/vlogging-camera-with-flip-screen-best-buy HTTP/1.1" 200 14557 "-" "Mozilla/5.0 (compatible; SemrushBot/7~bl; +http://www.semrush.com/bot.html)"
185.191.171.4 - - [10/Dec/2025:17:47:42 +0100] "GET /platby/qqap/sheepskin-jacket-south-africa HTTP/1.1" 200 8720 "-" "Mozilla/5.0 (compatible; SemrushBot/7~bl; +http://www.semrush.com/bot.html)"
85.208.96.208 - - [10/Dec/2025:17:47:50 +0100] "GET /platby/aohwuyx/to-asia,-with-love-ebook HTTP/1.1" 200 8296 "-" "Mozilla/5.0 (compatible; SemrushBot/7~bl; +http://www.semrush.com/bot.html)"
85.208.96.211 - - [10/Dec/2025:17:47:52 +0100] "GET /platby/hca/teladoc-health-locations HTTP/1.1" 200 7378 "-" "Mozilla/5.0 (compatible; SemrushBot/7~bl; +http://www.semrush.com/bot.html)"
47.128.23.175 - - [10/Dec/2025:17:47:52 +0100] "\x16\x03\x01\x07\x01\x01" 403 265 "-" "-"
47.128.23.175 - - [10/Dec/2025:17:47:53 +0100] "\x16\x03\x01\x07\x01\x01" 403 265 "-" "-"
185.191.171.3 - - [10/Dec/2025:17:47:54 +0100] "GET /platby/hca/postman-set-cookie-script HTTP/1.1" 200 12027 "-" "Mozilla/5.0 (compatible; SemrushBot/7~bl; +http://www.semrush.com/bot.html)"
185.191.171.3 - - [10/Dec/2025:17:48:00 +0100] "GET /platby/72zbxoz/oklahoma-state-basketball-assistant-coach HTTP/1.1" 200 8622 "-" "Mozilla/5.0 (compatible; SemrushBot/7~bl; +http://www.semrush.com/bot.html)"
185.191.171.19 - - [10/Dec/2025:17:48:10 +0100] "GET /platby/uwoy9/state-street-global-advisors HTTP/1.1" 200 7515 "-" "Mozilla/5.0 (compatible; SemrushBot/7~bl; +http://www.semrush.com/bot.html)"
185.191.171.19 - - [10/Dec/2025:17:48:38 +0100] "GET /platby/aohwuyx/catfishing-on-catnet:-a-novel HTTP/1.1" 200 10245 "-" "Mozilla/5.0 (compatible; SemrushBot/7~bl; +http://www.semrush.com/bot.html)"
185.191.171.4 - - [10/Dec/2025:17:48:56 +0100] "GET /platby/hca/tyrone-hill-kansas-city-chiefs HTTP/1.1" 200 8227 "-" "Mozilla/5.0 (compatible; SemrushBot/7~bl; +http://www.semrush.com/bot.html)"
185.191.171.17 - - [10/Dec/2025:17:49:11 +0100] "GET /platby/72zbxoz/rosie-huntington-whiteley-and-jason-statham-age-difference HTTP/1.1" 200 9079 "-" "Mozilla/5.0 (compatible; SemrushBot/7~bl; +http://www.semrush.com/bot.html)"
185.191.171.5 - - [10/Dec/2025:17:49:13 +0100] "GET /platby/uwoy9/has-esther-dingley-been-found HTTP/1.1" 200 8606 "-" "Mozilla/5.0 (compatible; SemrushBot/7~bl; +http://www.semrush.com/bot.html)"
85.208.96.193 - - [10/Dec/2025:17:49:32 +0100] "GET /platby/72zbxoz/charleston-southern-basketball-roster HTTP/1.1" 200 10297 "-" "Mozilla/5.0 (compatible; SemrushBot/7~bl; +http://www.semrush.com/bot.html)"
47.128.33.50 - - [10/Dec/2025:17:49:43 +0100] "\x16\x03\x01\x02" 403 265 "-" "-"
185.191.171.10 - - [10/Dec/2025:17:49:47 +0100] "GET /platby/72zbxoz/asisat-oshoala-daughter HTTP/1.1" 200 12503 "-" "Mozilla/5.0 (compatible; SemrushBot/7~bl; +http://www.semrush.com/bot.html)"
185.191.171.14 - - [10/Dec/2025:17:49:51 +0100] "GET /platby/aohwuyx/walmart-ceo-email-complaints HTTP/1.1" 200 8684 "-" "Mozilla/5.0 (compatible; SemrushBot/7~bl; +http://www.semrush.com/bot.html)"
85.208.96.197 - - [10/Dec/2025:17:51:10 +0100] "GET /platby/aohwuyx/does-chris-paul-have-siblings HTTP/1.1" 200 7961 "-" "Mozilla/5.0 (compatible; SemrushBot/7~bl; +http://www.semrush.com/bot.html)"
85.208.96.211 - - [10/Dec/2025:17:51:20 +0100] "GET /platby/uwoy9/3-elements-of-saving-faith HTTP/1.1" 200 16133 "-" "Mozilla/5.0 (compatible; SemrushBot/7~bl; +http://www.semrush.com/bot.html)"
185.191.171.12 - - [10/Dec/2025:17:51:31 +0100] "GET /platby/72zbxoz/trent-alexander-arnold-stats-20%2F21 HTTP/1.1" 404 809 "-" "Mozilla/5.0 (compatible; SemrushBot/7~bl; +http://www.semrush.com/bot.html)"
85.208.96.193 - - [10/Dec/2025:17:51:35 +0100] "GET /platby/72zbxoz/redmi-wireless-charging-phones HTTP/1.1" 200 10852 "-" "Mozilla/5.0 (compatible; SemrushBot/7~bl; +http://www.semrush.com/bot.html)"
85.208.96.201 - - [10/Dec/2025:17:51:43 +0100] "GET /platby/72zbxoz/liverpool-fifa-21-ratings HTTP/1.1" 200 7404 "-" "Mozilla/5.0 (compatible; SemrushBot/7~bl; +http://www.semrush.com/bot.html)"
185.191.171.6 - - [10/Dec/2025:17:51:44 +0100] "GET /platby/hca/food-city-friday-food-ads-for-today HTTP/1.1" 200 10926 "-" "Mozilla/5.0 (compatible; SemrushBot/7~bl; +http://www.semrush.com/bot.html)"
85.208.96.207 - - [10/Dec/2025:17:51:49 +0100] "GET /platby/aohwuyx/where-are-the-world-juniors-2021 HTTP/1.1" 200 9265 "-" "Mozilla/5.0 (compatible; SemrushBot/7~bl; +http://www.semrush.com/bot.html)"
85.208.96.211 - - [10/Dec/2025:17:51:53 +0100] "GET /platby/72zbxoz/nuclear-engineering-training HTTP/1.1" 200 10569 "-" "Mozilla/5.0 (compatible; SemrushBot/7~bl; +http://www.semrush.com/bot.html)"
85.208.96.197 - - [10/Dec/2025:17:51:58 +0100] "GET /platby/uwoy9/maxie-juzang-ethnicity HTTP/1.1" 200 11166 "-" "Mozilla/5.0 (compatible; SemrushBot/7~bl; +http://www.semrush.com/bot.html)"
85.208.96.200 - - [10/Dec/2025:17:52:13 +0100] "GET /platby/72zbxoz/eddie-hazel-rolling-stone HTTP/1.1" 200 13418 "-" "Mozilla/5.0 (compatible; SemrushBot/7~bl; +http://www.semrush.com/bot.html)"
85.208.96.212 - - [10/Dec/2025:17:52:38 +0100] "GET /platby/aohwuyx/binocular-disparity-psychology-example HTTP/1.1" 200 8211 "-" "Mozilla/5.0 (compatible; SemrushBot/7~bl; +http://www.semrush.com/bot.html)"
85.208.96.199 - - [10/Dec/2025:17:52:39 +0100] "GET /platby/uwoy9/wharton-feeder-schools HTTP/1.1" 200 9898 "-" "Mozilla/5.0 (compatible; SemrushBot/7~bl; +http://www.semrush.com/bot.html)"
85.208.96.200 - - [10/Dec/2025:17:52:53 +0100] "GET /platby/uwoy9/stuyvesant-high-school-ranking-2021 HTTP/1.1" 200 9862 "-" "Mozilla/5.0 (compatible; SemrushBot/7~bl; +http://www.semrush.com/bot.html)"
85.208.96.201 - - [10/Dec/2025:17:53:15 +0100] "GET /platby/aohwuyx/turkey-all-inclusive-beach-resorts HTTP/1.1" 200 9701 "-" "Mozilla/5.0 (compatible; SemrushBot/7~bl; +http://www.semrush.com/bot.html)"
185.191.171.11 - - [10/Dec/2025:17:53:20 +0100] "GET /platby/72zbxoz/bohemian-rhapsody-ao3-harem HTTP/1.1" 200 10778 "-" "Mozilla/5.0 (compatible; SemrushBot/7~bl; +http://www.semrush.com/bot.html)"
185.191.171.14 - - [10/Dec/2025:17:53:35 +0100] "GET /platby/uwoy9/motorola-edge-plus-screen-issues HTTP/1.1" 200 8523 "-" "Mozilla/5.0 (compatible; SemrushBot/7~bl; +http://www.semrush.com/bot.html)"
71.6.146.185 - - [10/Dec/2025:17:53:54 +0100] "GET /" 400 468 "-" "-"
71.6.146.185 - - [10/Dec/2025:17:53:55 +0100] "GET /" 400 468 "-" "-"
85.208.96.211 - - [10/Dec/2025:17:54:05 +0100] "GET /robots.txt HTTP/1.1" 200 54 "-" "Mozilla/5.0 (compatible; SemrushBot/7~bl; +http://www.semrush.com/bot.html)"
85.208.96.200 - - [10/Dec/2025:17:54:07 +0100] "GET /platby/qqap/sasfin-v-beukes-media-summary HTTP/1.1" 200 9136 "-" "Mozilla/5.0 (compatible; SemrushBot/7~bl; +http://www.semrush.com/bot.html)"
185.191.171.17 - - [10/Dec/2025:17:54:10 +0100] "GET /platby/uwoy9/ffxiv-bee's-knees-dance-how-to-get HTTP/1.1" 200 13786 "-" "Mozilla/5.0 (compatible; SemrushBot/7~bl; +http://www.semrush.com/bot.html)"
85.208.96.199 - - [10/Dec/2025:17:55:29 +0100] "GET /platby/aohwuyx/igniting-the-indigenous-economy HTTP/1.1" 200 15035 "-" "Mozilla/5.0 (compatible; SemrushBot/7~bl; +http://www.semrush.com/bot.html)"
185.191.171.17 - - [10/Dec/2025:17:55:32 +0100] "GET /platby/aohwuyx/lincoln-university,-pa-gpa-requirements HTTP/1.1" 200 10255 "-" "Mozilla/5.0 (compatible; SemrushBot/7~bl; +http://www.semrush.com/bot.html)"
85.208.96.199 - - [10/Dec/2025:17:55:45 +0100] "GET /platby/uwoy9/regi-earnings-whisper HTTP/1.1" 200 9739 "-" "Mozilla/5.0 (compatible; SemrushBot/7~bl; +http://www.semrush.com/bot.html)"
85.208.96.198 - - [10/Dec/2025:17:55:46 +0100] "GET /platby/uwoy9/resultant-acceleration-formula HTTP/1.1" 200 10601 "-" "Mozilla/5.0 (compatible; SemrushBot/7~bl; +http://www.semrush.com/bot.html)"
185.191.171.14 - - [10/Dec/2025:17:55:49 +0100] "GET /platby/72zbxoz/florida-panthers-logo-png HTTP/1.1" 200 12954 "-" "Mozilla/5.0 (compatible; SemrushBot/7~bl; +http://www.semrush.com/bot.html)"
185.191.171.14 - - [10/Dec/2025:17:55:56 +0100] "GET /platby/qqap/how-to-restart-huawei-p30-without-power-button HTTP/1.1" 200 11234 "-" "Mozilla/5.0 (compatible; SemrushBot/7~bl; +http://www.semrush.com/bot.html)"
85.208.96.198 - - [10/Dec/2025:17:55:58 +0100] "GET /platby/uwoy9/do-sunflowers-come-back-every-year HTTP/1.1" 200 15773 "-" "Mozilla/5.0 (compatible; SemrushBot/7~bl; +http://www.semrush.com/bot.html)"
185.191.171.9 - - [10/Dec/2025:17:56:00 +0100] "GET /platby/72zbxoz/mystic-pizza-phone-number HTTP/1.1" 200 13604 "-" "Mozilla/5.0 (compatible; SemrushBot/7~bl; +http://www.semrush.com/bot.html)"
185.191.171.14 - - [10/Dec/2025:17:56:01 +0100] "GET /platby/qqap/moto-g-power-screen-replacement-near-me HTTP/1.1" 200 11207 "-" "Mozilla/5.0 (compatible; SemrushBot/7~bl; +http://www.semrush.com/bot.html)"
185.191.171.6 - - [10/Dec/2025:17:56:16 +0100] "GET /platby/uwoy9/popstar-never-stop-never-stopping-deleted HTTP/1.1" 200 11955 "-" "Mozilla/5.0 (compatible; SemrushBot/7~bl; +http://www.semrush.com/bot.html)"
185.191.171.10 - - [10/Dec/2025:17:56:19 +0100] "GET /platby/hca/best-16-year-old-footballers-2020 HTTP/1.1" 200 12361 "-" "Mozilla/5.0 (compatible; SemrushBot/7~bl; +http://www.semrush.com/bot.html)"
94.142.238.74 - - [10/Dec/2025:17:56:39 +0100] "\x16\x03\x01\x06\xbc\x01" 403 265 "-" "-"
94.142.238.74 - - [10/Dec/2025:17:56:39 +0100] "\x16\x03\x01\x07\x1c\x01" 403 265 "-" "-"
185.191.171.9 - - [10/Dec/2025:17:56:41 +0100] "GET /platby/72zbxoz/admiral-isoroku-yamamoto-pearl-harbor HTTP/1.1" 200 12067 "-" "Mozilla/5.0 (compatible; SemrushBot/7~bl; +http://www.semrush.com/bot.html)"
85.208.96.211 - - [10/Dec/2025:17:56:58 +0100] "GET /platby/uwoy9/staff-nurse-vacancy-2021 HTTP/1.1" 200 9668 "-" "Mozilla/5.0 (compatible; SemrushBot/7~bl; +http://www.semrush.com/bot.html)"
106.222.205.87 - - [10/Dec/2025:17:57:04 +0100] "\x16\x03\x01\x01\xb5\x01" 403 265 "-" "-"
106.222.205.87 - - [10/Dec/2025:17:57:04 +0100] "\x16\x03\x03" 403 265 "-" "-"
103.203.47.193 - - [10/Dec/2025:17:57:14 +0100] "\x16\x03\x03" 403 265 "-" "-"
103.203.47.193 - - [10/Dec/2025:17:57:15 +0100] "\x16\x03\x01" 403 265 "-" "-"
185.191.171.2 - - [10/Dec/2025:17:57:15 +0100] "GET /platby/uwoy9/the-wind-by-bernardine-evaristo HTTP/1.1" 200 8400 "-" "Mozilla/5.0 (compatible; SemrushBot/7~bl; +http://www.semrush.com/bot.html)"
179.244.45.241 - - [10/Dec/2025:17:57:21 +0100] "\x16\x03\x03" 403 265 "-" "-"
85.208.96.204 - - [10/Dec/2025:17:57:21 +0100] "GET /platby/qqap/nba-2k21-fictional-draft-class-xbox HTTP/1.1" 200 10678 "-" "Mozilla/5.0 (compatible; SemrushBot/7~bl; +http://www.semrush.com/bot.html)"
85.208.96.194 - - [10/Dec/2025:17:57:24 +0100] "GET /platby/hca/walmart-phone-number-near-me HTTP/1.1" 200 9015 "-" "Mozilla/5.0 (compatible; SemrushBot/7~bl; +http://www.semrush.com/bot.html)"
85.208.96.204 - - [10/Dec/2025:17:57:33 +0100] "GET /platby/hca/xperia-xz1-compact-android-10 HTTP/1.1" 200 10092 "-" "Mozilla/5.0 (compatible; SemrushBot/7~bl; +http://www.semrush.com/bot.html)"
185.191.171.2 - - [10/Dec/2025:17:58:14 +0100] "GET /platby/uwoy9/chicago-united-five-forward HTTP/1.1" 200 9446 "-" "Mozilla/5.0 (compatible; SemrushBot/7~bl; +http://www.semrush.com/bot.html)"
85.208.96.201 - - [10/Dec/2025:17:58:24 +0100] "GET /platby/72zbxoz/african-dewlap-geese-for-sale HTTP/1.1" 200 13072 "-" "Mozilla/5.0 (compatible; SemrushBot/7~bl; +http://www.semrush.com/bot.html)"
185.191.171.18 - - [10/Dec/2025:17:58:28 +0100] "GET /platby/qqap/hopes-and-dreams-template-pdf HTTP/1.1" 200 10886 "-" "Mozilla/5.0 (compatible; SemrushBot/7~bl; +http://www.semrush.com/bot.html)"
104.152.52.57 - - [10/Dec/2025:17:58:38 +0100] "GET / HTTP/1.1" 200 516 "-" "curl/7.61.1"
104.152.52.57 - - [10/Dec/2025:17:58:39 +0100] "GET /favicon.ico HTTP/1.1" 404 275 "-" "curl/7.61.1"
85.208.96.198 - - [10/Dec/2025:17:59:10 +0100] "GET /platby/aohwuyx/oakland-community-college-login HTTP/1.1" 200 10314 "-" "Mozilla/5.0 (compatible; SemrushBot/7~bl; +http://www.semrush.com/bot.html)"
85.208.96.198 - - [10/Dec/2025:17:59:33 +0100] "GET /platby/aohwuyx/advanced-bash-scripting-tutorial HTTP/1.1" 200 15137 "-" "Mozilla/5.0 (compatible; SemrushBot/7~bl; +http://www.semrush.com/bot.html)"
185.191.171.10 - - [10/Dec/2025:17:59:44 +0100] "GET /platby/hca/oneplus-face-unlock-with-mask HTTP/1.1" 200 8433 "-" "Mozilla/5.0 (compatible; SemrushBot/7~bl; +http://www.semrush.com/bot.html)"
85.208.96.196 - - [10/Dec/2025:17:59:49 +0100] "GET /platby/72zbxoz/bettye-lavette-what-condition-my-condition-is-in HTTP/1.1" 200 10606 "-" "Mozilla/5.0 (compatible; SemrushBot/7~bl; +http://www.semrush.com/bot.html)"
85.208.96.196 - - [10/Dec/2025:17:59:50 +0100] "GET /platby/aohwuyx/performance-theater-near-me HTTP/1.1" 200 10343 "-" "Mozilla/5.0 (compatible; SemrushBot/7~bl; +http://www.semrush.com/bot.html)"
85.208.96.196 - - [10/Dec/2025:17:59:51 +0100] "GET /platby/hca/dave-lee-travis-theme-tune HTTP/1.1" 200 11395 "-" "Mozilla/5.0 (compatible; SemrushBot/7~bl; +http://www.semrush.com/bot.html)"
85.208.96.212 - - [10/Dec/2025:18:00:01 +0100] "GET /platby/72zbxoz/home-solar-incentives HTTP/1.1" 200 14761 "-" "Mozilla/5.0 (compatible; SemrushBot/7~bl; +http://www.semrush.com/bot.html)"
85.208.96.202 - - [10/Dec/2025:18:00:16 +0100] "GET /platby/qqap/imperial-theatre-russia HTTP/1.1" 200 12137 "-" "Mozilla/5.0 (compatible; SemrushBot/7~bl; +http://www.semrush.com/bot.html)"
85.208.96.207 - - [10/Dec/2025:18:00:29 +0100] "GET /platby/uwoy9/crop-king-seeds-shipping-time HTTP/1.1" 200 10944 "-" "Mozilla/5.0 (compatible; SemrushBot/7~bl; +http://www.semrush.com/bot.html)"
85.208.96.193 - - [10/Dec/2025:18:00:51 +0100] "GET /platby/aohwuyx/difference-between-morocco-and-tunisia HTTP/1.1" 200 11896 "-" "Mozilla/5.0 (compatible; SemrushBot/7~bl; +http://www.semrush.com/bot.html)"
185.191.171.17 - - [10/Dec/2025:18:01:00 +0100] "GET /platby/uwoy9/difference-between-git-and-github-and-gitlab HTTP/1.1" 200 12654 "-" "Mozilla/5.0 (compatible; SemrushBot/7~bl; +http://www.semrush.com/bot.html)"
185.191.171.6 - - [10/Dec/2025:18:01:07 +0100] "GET /platby/aohwuyx/rescue-without-remorse-live HTTP/1.1" 200 13556 "-" "Mozilla/5.0 (compatible; SemrushBot/7~bl; +http://www.semrush.com/bot.html)"
85.208.96.203 - - [10/Dec/2025:18:01:15 +0100] "GET /platby/aohwuyx/index-of-one-direction:-this-is-us HTTP/1.1" 200 10443 "-" "Mozilla/5.0 (compatible; SemrushBot/7~bl; +http://www.semrush.com/bot.html)"
85.208.96.207 - - [10/Dec/2025:18:01:24 +0100] "GET /platby/aohwuyx/where-to-buy-mountain-laurel HTTP/1.1" 200 11684 "-" "Mozilla/5.0 (compatible; SemrushBot/7~bl; +http://www.semrush.com/bot.html)"
85.208.96.199 - - [10/Dec/2025:18:01:31 +0100] "GET /platby/hca/monty-rice-draft-scout HTTP/1.1" 200 8472 "-" "Mozilla/5.0 (compatible; SemrushBot/7~bl; +http://www.semrush.com/bot.html)"
185.191.171.3 - - [10/Dec/2025:18:01:39 +0100] "GET /platby/qqap/january-pronunciation-uk HTTP/1.1" 200 12816 "-" "Mozilla/5.0 (compatible; SemrushBot/7~bl; +http://www.semrush.com/bot.html)"
204.76.203.206 - - [10/Dec/2025:18:01:59 +0100] "GET /" 400 468 "-" "-"
185.191.171.19 - - [10/Dec/2025:18:02:08 +0100] "GET /platby/hca/society-definition-sociology-quizlet HTTP/1.1" 200 12351 "-" "Mozilla/5.0 (compatible; SemrushBot/7~bl; +http://www.semrush.com/bot.html)"
204.76.203.212 - - [10/Dec/2025:18:02:19 +0100] "GET /" 400 468 "-" "-"
47.128.60.8 - - [10/Dec/2025:18:02:25 +0100] "\x16\x03\x01\x07!\x01" 403 265 "-" "-"
47.128.60.8 - - [10/Dec/2025:18:02:26 +0100] "\x16\x03\x01\x07!\x01" 403 265 "-" "-"
47.128.115.52 - - [10/Dec/2025:18:02:26 +0100] "\x16\x03\x01\x02" 403 265 "-" "-"
3.231.193.38 - - [10/Dec/2025:18:02:35 +0100] "GET /platby/uwoy9/will-there-be-a-third-p-ebt-payment-california HTTP/1.1" 200 14893 "-" "Mozilla/5.0 AppleWebKit/537.36 (KHTML, like Gecko; compatible; Amazonbot/0.1; +https://developer.amazon.com/support/amazonbot) Chrome/119.0.6045.214 Safari/537.36"
43.152.21.54 - - [10/Dec/2025:18:02:36 +0100] "\x16\x03\x01\x06\xdd\x01" 403 265 "-" "-"
43.152.21.54 - - [10/Dec/2025:18:02:38 +0100] "\x16\x03\x01\x06\xdd\x01" 403 265 "-" "-"
43.152.21.54 - - [10/Dec/2025:18:02:38 +0100] "\x16\x03\x01\x06\xbd\x01" 403 265 "-" "-"
43.152.21.54 - - [10/Dec/2025:18:02:38 +0100] "\x16\x03\x01\x06\xbd\x01" 403 265 "-" "-"
43.175.206.27 - - [10/Dec/2025:18:02:41 +0100] "\x16\x03\x01\x07\x1d\x01" 403 265 "-" "-"
43.175.206.27 - - [10/Dec/2025:18:02:41 +0100] "\x16\x03\x01\x07\x1d\x01" 403 265 "-" "-"
85.208.96.207 - - [10/Dec/2025:18:02:47 +0100] "GET /platby/qqap/caesars-palace-timeshare-presentation HTTP/1.1" 200 9880 "-" "Mozilla/5.0 (compatible; SemrushBot/7~bl; +http://www.semrush.com/bot.html)"
204.76.203.206 - - [10/Dec/2025:18:02:59 +0100] "GET / HTTP/1.1" 200 316 "-" "Mozilla/5.0 (Windows NT 10.0; Win64; x64) AppleWebKit/537.36 (KHTML, like Gecko) Chrome/90.0.4430.85 Safari/537.36 Edg/90.0.818.46"
85.208.96.207 - - [10/Dec/2025:18:03:35 +0100] "GET /platby/hca/patti-labelle-duets-list HTTP/1.1" 200 8990 "-" "Mozilla/5.0 (compatible; SemrushBot/7~bl; +http://www.semrush.com/bot.html)"
185.191.171.15 - - [10/Dec/2025:18:03:40 +0100] "GET /platby/uwoy9/university-of-oklahoma-medical-school-class-profile HTTP/1.1" 200 12578 "-" "Mozilla/5.0 (compatible; SemrushBot/7~bl; +http://www.semrush.com/bot.html)"
66.249.79.199 - - [10/Dec/2025:18:03:41 +0100] "\x16\x03\x01\x02" 403 265 "-" "-"
196.189.121.200 - - [10/Dec/2025:18:03:45 +0100] "GET /platby/qqap/iftikhar-ali-khan-pataudi HTTP/1.1" 200 9056 "-" "Mozilla/5.0 (Android 2.3.4; Mobile; rv:9.0) Gecko/9.0 Firefox/9.0"
85.208.96.206 - - [10/Dec/2025:18:03:46 +0100] "GET /platby/72zbxoz/what-is-convergent-thinking-mcq HTTP/1.1" 200 9862 "-" "Mozilla/5.0 (compatible; SemrushBot/7~bl; +http://www.semrush.com/bot.html)"
85.208.96.200 - - [10/Dec/2025:18:03:53 +0100] "GET /platby/qqap/john-rocker-interview-new-york HTTP/1.1" 200 10110 "-" "Mozilla/5.0 (compatible; SemrushBot/7~bl; +http://www.semrush.com/bot.html)"
185.191.171.19 - - [10/Dec/2025:18:04:00 +0100] "GET /platby/uwoy9/david-michelinie-signing HTTP/1.1" 200 14521 "-" "Mozilla/5.0 (compatible; SemrushBot/7~bl; +http://www.semrush.com/bot.html)"
85.208.96.209 - - [10/Dec/2025:18:04:02 +0100] "GET /platby/qqap/astros-cheating-nicknames HTTP/1.1" 200 11816 "-" "Mozilla/5.0 (compatible; SemrushBot/7~bl; +http://www.semrush.com/bot.html)"
85.208.96.201 - - [10/Dec/2025:18:04:04 +0100] "GET /platby/hca/arizona-cardinals-stadium-location HTTP/1.1" 200 7835 "-" "Mozilla/5.0 (compatible; SemrushBot/7~bl; +http://www.semrush.com/bot.html)"
185.191.171.16 - - [10/Dec/2025:18:04:14 +0100] "GET /platby/qqap/4k-quotes-wallpaper-for-mobile HTTP/1.1" 200 8294 "-" "Mozilla/5.0 (compatible; SemrushBot/7~bl; +http://www.semrush.com/bot.html)"
185.191.171.13 - - [10/Dec/2025:18:04:15 +0100] "GET /platby/hca/project-portfolio-codepen HTTP/1.1" 200 8339 "-" "Mozilla/5.0 (compatible; SemrushBot/7~bl; +http://www.semrush.com/bot.html)"
85.208.96.206 - - [10/Dec/2025:18:04:36 +0100] "GET /platby/aohwuyx/best-cheap-cam-fifa-20-career-mode HTTP/1.1" 200 13770 "-" "Mozilla/5.0 (compatible; SemrushBot/7~bl; +http://www.semrush.com/bot.html)"
85.208.96.201 - - [10/Dec/2025:18:04:37 +0100] "GET /platby/hca/dominique-wilkins-achilles HTTP/1.1" 200 9205 "-" "Mozilla/5.0 (compatible; SemrushBot/7~bl; +http://www.semrush.com/bot.html)"
85.208.96.207 - - [10/Dec/2025:18:05:05 +0100] "GET /platby/hca/pennsylvania-butterfly HTTP/1.1" 200 9906 "-" "Mozilla/5.0 (compatible; SemrushBot/7~bl; +http://www.semrush.com/bot.html)"
185.191.171.12 - - [10/Dec/2025:18:05:08 +0100] "GET /platby/qqap/702-s-white-chapel-blvd,-southlake,-tx-76092 HTTP/1.1" 200 8996 "-" "Mozilla/5.0 (compatible; SemrushBot/7~bl; +http://www.semrush.com/bot.html)"
85.208.96.208 - - [10/Dec/2025:18:05:16 +0100] "GET /platby/uwoy9/writing-resources-for-elementary-students HTTP/1.1" 200 8453 "-" "Mozilla/5.0 (compatible; SemrushBot/7~bl; +http://www.semrush.com/bot.html)"
85.208.96.203 - - [10/Dec/2025:18:05:18 +0100] "GET /platby/aohwuyx/monterey-baseball-team HTTP/1.1" 200 12467 "-" "Mozilla/5.0 (compatible; SemrushBot/7~bl; +http://www.semrush.com/bot.html)"
85.208.96.203 - - [10/Dec/2025:18:05:34 +0100] "GET /platby/hca/best-anger-management-workbook HTTP/1.1" 200 10672 "-" "Mozilla/5.0 (compatible; SemrushBot/7~bl; +http://www.semrush.com/bot.html)"
185.191.171.9 - - [10/Dec/2025:18:05:36 +0100] "GET /platby/qqap/huawei-phone-under-15,000-in-bangladesh HTTP/1.1" 200 6500 "-" "Mozilla/5.0 (compatible; SemrushBot/7~bl; +http://www.semrush.com/bot.html)"
185.191.171.6 - - [10/Dec/2025:18:05:51 +0100] "GET /platby/uwoy9/scad-graduate-scholarships HTTP/1.1" 200 10767 "-" "Mozilla/5.0 (compatible; SemrushBot/7~bl; +http://www.semrush.com/bot.html)"
185.191.171.9 - - [10/Dec/2025:18:06:24 +0100] "GET /platby/hca/trustmark-insurance-customer-service HTTP/1.1" 200 6106 "-" "Mozilla/5.0 (compatible; SemrushBot/7~bl; +http://www.semrush.com/bot.html)"
185.191.171.12 - - [10/Dec/2025:18:07:08 +0100] "GET /platby/uwoy9/superhero-real-names-alliteration HTTP/1.1" 200 10008 "-" "Mozilla/5.0 (compatible; SemrushBot/7~bl; +http://www.semrush.com/bot.html)"
185.191.171.6 - - [10/Dec/2025:18:07:37 +0100] "GET /platby/qqap/spacecraft-materials-guide HTTP/1.1" 200 14452 "-" "Mozilla/5.0 (compatible; SemrushBot/7~bl; +http://www.semrush.com/bot.html)"
185.191.171.3 - - [10/Dec/2025:18:07:46 +0100] "GET /platby/qqap/your-move-contact-number HTTP/1.1" 200 14195 "-" "Mozilla/5.0 (compatible; SemrushBot/7~bl; +http://www.semrush.com/bot.html)"
195.177.94.189 - - [10/Dec/2025:18:07:46 +0100] "GET /phpmyadmin/scripts/setup.php HTTP/1.1" 200 11106 "-" "Mozilla/4.0 (compatible; MSIE 6.0; MSIE 5.5; Windows NT 5.1) Opera 7.01 [en]"
195.177.94.189 - - [10/Dec/2025:18:07:47 +0100] "POST /phpmyadmin/scripts/setup.php HTTP/1.1" 200 18608 "http://109.105.49.240:8081/phpmyadmin/scripts/setup.php" "Mozilla/4.0 (compatible; MSIE 6.0; MSIE 5.5; Windows NT 5.1) Opera 7.01 [en]"
185.191.171.9 - - [10/Dec/2025:18:07:51 +0100] "GET /platby/aohwuyx/how-to-use-a-semicolon-in-a-sentence-examples HTTP/1.1" 200 11182 "-" "Mozilla/5.0 (compatible; SemrushBot/7~bl; +http://www.semrush.com/bot.html)"
185.191.171.16 - - [10/Dec/2025:18:07:55 +0100] "GET /platby/hca/header-set-set-cookie-httponly;secure HTTP/1.1" 200 7246 "-" "Mozilla/5.0 (compatible; SemrushBot/7~bl; +http://www.semrush.com/bot.html)"
185.191.171.19 - - [10/Dec/2025:18:07:56 +0100] "GET /platby/hca/graham-harrell-career-earnings HTTP/1.1" 200 9645 "-" "Mozilla/5.0 (compatible; SemrushBot/7~bl; +http://www.semrush.com/bot.html)"
185.191.171.3 - - [10/Dec/2025:18:08:01 +0100] "GET /platby/qqap/allen's-hummingbird-live-cam HTTP/1.1" 200 7792 "-" "Mozilla/5.0 (compatible; SemrushBot/7~bl; +http://www.semrush.com/bot.html)"
85.208.96.195 - - [10/Dec/2025:18:08:04 +0100] "GET /platby/aohwuyx/no-name-in-the-street-audiobook HTTP/1.1" 200 8119 "-" "Mozilla/5.0 (compatible; SemrushBot/7~bl; +http://www.semrush.com/bot.html)"
185.191.171.15 - - [10/Dec/2025:18:08:16 +0100] "GET /platby/hca/amazing-love-piano-chords HTTP/1.1" 200 11917 "-" "Mozilla/5.0 (compatible; SemrushBot/7~bl; +http://www.semrush.com/bot.html)"
85.208.96.200 - - [10/Dec/2025:18:08:18 +0100] "GET /platby/72zbxoz/the-royal-secret-book-summary HTTP/1.1" 200 15916 "-" "Mozilla/5.0 (compatible; SemrushBot/7~bl; +http://www.semrush.com/bot.html)"
185.191.171.15 - - [10/Dec/2025:18:08:37 +0100] "GET /platby/qqap/sinking-spring-pa-zillow HTTP/1.1" 200 10252 "-" "Mozilla/5.0 (compatible; SemrushBot/7~bl; +http://www.semrush.com/bot.html)"
185.191.171.14 - - [10/Dec/2025:18:08:39 +0100] "GET /platby/hca/yahweh-yahweh-we-praise-yahweh HTTP/1.1" 200 7508 "-" "Mozilla/5.0 (compatible; SemrushBot/7~bl; +http://www.semrush.com/bot.html)"
85.208.96.206 - - [10/Dec/2025:18:08:53 +0100] "GET /platby/hca/dei-training-for-college-students HTTP/1.1" 200 10087 "-" "Mozilla/5.0 (compatible; SemrushBot/7~bl; +http://www.semrush.com/bot.html)"
195.177.94.189 - - [10/Dec/2025:18:08:54 +0100] "GET /phpmyadmin/scripts/setup.php HTTP/1.1" 200 11105 "-" "Mozilla/4.0 (compatible; MSIE 6.0; MSIE 5.5; Windows NT 5.1) Opera 7.01 [en]"
195.177.94.189 - - [10/Dec/2025:18:08:54 +0100] "POST /phpmyadmin/scripts/setup.php HTTP/1.1" 200 18608 "http://109.105.49.240:443/phpmyadmin/scripts/setup.php" "Mozilla/4.0 (compatible; MSIE 6.0; MSIE 5.5; Windows NT 5.1) Opera 7.01 [en]"
185.191.171.12 - - [10/Dec/2025:18:09:01 +0100] "GET /platby/hca/winnipeg-jets-seating-chart HTTP/1.1" 200 11366 "-" "Mozilla/5.0 (compatible; SemrushBot/7~bl; +http://www.semrush.com/bot.html)"
85.208.96.211 - - [10/Dec/2025:18:09:27 +0100] "GET /platby/uwoy9/architectural-visualization-salary HTTP/1.1" 200 10298 "-" "Mozilla/5.0 (compatible; SemrushBot/7~bl; +http://www.semrush.com/bot.html)"
85.208.96.206 - - [10/Dec/2025:18:09:37 +0100] "GET /platby/72zbxoz/salutation-spa-ambleside-day-pass HTTP/1.1" 200 13055 "-" "Mozilla/5.0 (compatible; SemrushBot/7~bl; +http://www.semrush.com/bot.html)"
85.208.96.211 - - [10/Dec/2025:18:09:41 +0100] "GET /platby/qqap/kindly-be-advised-in-a-sentence HTTP/1.1" 200 7548 "-" "Mozilla/5.0 (compatible; SemrushBot/7~bl; +http://www.semrush.com/bot.html)"
185.191.171.18 - - [10/Dec/2025:18:10:06 +0100] "GET /platby/uwoy9/melbourne-vs-newcastle-jets-prediction HTTP/1.1" 200 10136 "-" "Mozilla/5.0 (compatible; SemrushBot/7~bl; +http://www.semrush.com/bot.html)"
185.191.171.4 - - [10/Dec/2025:18:10:21 +0100] "GET /platby/aohwuyx/baby-i-love-your-way-original HTTP/1.1" 200 9239 "-" "Mozilla/5.0 (compatible; SemrushBot/7~bl; +http://www.semrush.com/bot.html)"
185.191.171.17 - - [10/Dec/2025:18:11:25 +0100] "GET /platby/hca/ramaz-school-teacher-salary HTTP/1.1" 200 9986 "-" "Mozilla/5.0 (compatible; SemrushBot/7~bl; +http://www.semrush.com/bot.html)"
185.191.171.19 - - [10/Dec/2025:18:11:36 +0100] "GET /platby/uwoy9/blackthorn-growing-from-seed HTTP/1.1" 200 9577 "-" "Mozilla/5.0 (compatible; SemrushBot/7~bl; +http://www.semrush.com/bot.html)"
85.208.96.212 - - [10/Dec/2025:18:11:54 +0100] "GET /platby/hca/lauri-markkanen-trades HTTP/1.1" 200 6608 "-" "Mozilla/5.0 (compatible; SemrushBot/7~bl; +http://www.semrush.com/bot.html)"
85.208.96.201 - - [10/Dec/2025:18:12:00 +0100] "GET /platby/aohwuyx/hero-wars-ad-compilation HTTP/1.1" 200 12021 "-" "Mozilla/5.0 (compatible; SemrushBot/7~bl; +http://www.semrush.com/bot.html)"
185.191.171.14 - - [10/Dec/2025:18:12:05 +0100] "GET /platby/uwoy9/casemiro-fifa-19-potential HTTP/1.1" 200 12548 "-" "Mozilla/5.0 (compatible; SemrushBot/7~bl; +http://www.semrush.com/bot.html)"
85.208.96.204 - - [10/Dec/2025:18:12:15 +0100] "GET /platby/hca/instructional-strategies-for-developing-listening-and-speaking-skills HTTP/1.1" 200 12645 "-" "Mozilla/5.0 (compatible; SemrushBot/7~bl; +http://www.semrush.com/bot.html)"
185.191.171.11 - - [10/Dec/2025:18:12:18 +0100] "GET /platby/hca/ealing-primary-school-admissions HTTP/1.1" 200 7528 "-" "Mozilla/5.0 (compatible; SemrushBot/7~bl; +http://www.semrush.com/bot.html)"
185.191.171.14 - - [10/Dec/2025:18:12:20 +0100] "GET /platby/aohwuyx/best-home-gym-equipment-canada HTTP/1.1" 200 12492 "-" "Mozilla/5.0 (compatible; SemrushBot/7~bl; +http://www.semrush.com/bot.html)"
85.208.96.199 - - [10/Dec/2025:18:12:24 +0100] "GET /platby/qqap/african-american-clothing-culture HTTP/1.1" 200 13572 "-" "Mozilla/5.0 (compatible; SemrushBot/7~bl; +http://www.semrush.com/bot.html)"
85.208.96.195 - - [10/Dec/2025:18:12:34 +0100] "GET /platby/uwoy9/contemplative-studies-definition HTTP/1.1" 200 8572 "-" "Mozilla/5.0 (compatible; SemrushBot/7~bl; +http://www.semrush.com/bot.html)"
85.208.96.212 - - [10/Dec/2025:18:12:37 +0100] "GET /platby/72zbxoz/private-equity-consultant-job-description HTTP/1.1" 200 15633 "-" "Mozilla/5.0 (compatible; SemrushBot/7~bl; +http://www.semrush.com/bot.html)"
185.191.171.10 - - [10/Dec/2025:18:12:51 +0100] "GET /platby/72zbxoz/skylar-diggins-injury HTTP/1.1" 200 11694 "-" "Mozilla/5.0 (compatible; SemrushBot/7~bl; +http://www.semrush.com/bot.html)"
51.68.186.52 - - [10/Dec/2025:18:13:07 +0100] "\x16\x03\x01\x02" 403 265 "-" "-"
185.191.171.19 - - [10/Dec/2025:18:13:20 +0100] "GET /platby/72zbxoz/oklahoma-flying-aces-roster HTTP/1.1" 200 11575 "-" "Mozilla/5.0 (compatible; SemrushBot/7~bl; +http://www.semrush.com/bot.html)"
185.191.171.10 - - [10/Dec/2025:18:13:33 +0100] "GET /platby/72zbxoz/sunrise,-sunburn,-sunset HTTP/1.1" 200 8632 "-" "Mozilla/5.0 (compatible; SemrushBot/7~bl; +http://www.semrush.com/bot.html)"
185.191.171.2 - - [10/Dec/2025:18:13:40 +0100] "GET /platby/72zbxoz/milwaukee-bucks-jersey-2021 HTTP/1.1" 200 20 "-" "Mozilla/5.0 (compatible; SemrushBot/7~bl; +http://www.semrush.com/bot.html)"
85.208.96.203 - - [10/Dec/2025:18:13:54 +0100] "GET /platby/qqap/south-dakota-football-2020 HTTP/1.1" 200 9981 "-" "Mozilla/5.0 (compatible; SemrushBot/7~bl; +http://www.semrush.com/bot.html)"
85.208.96.208 - - [10/Dec/2025:18:14:26 +0100] "GET /platby/hca/what-is-a-busch-gardens-fun-card HTTP/1.1" 200 7788 "-" "Mozilla/5.0 (compatible; SemrushBot/7~bl; +http://www.semrush.com/bot.html)"
185.191.171.9 - - [10/Dec/2025:18:14:31 +0100] "GET /platby/uwoy9/can-ducklings-swim-straight-away HTTP/1.1" 200 10399 "-" "Mozilla/5.0 (compatible; SemrushBot/7~bl; +http://www.semrush.com/bot.html)"
189.113.52.213 - - [10/Dec/2025:18:14:37 +0100] "GET /platby/qqap/display-fingerprint-lock-screen HTTP/1.1" 200 6216 "-" "Opera/8.82.(Windows 98; Win 9x 4.90; sid-ET) Presto/2.9.161 Version/10.00"
66.249.79.64 - - [10/Dec/2025:18:15:00 +0100] "\x16\x03\x01\x02" 403 265 "-" "-"
185.191.171.9 - - [10/Dec/2025:18:15:04 +0100] "GET /platby/72zbxoz/anova-with-unequal-sample-sizes HTTP/1.1" 200 9232 "-" "Mozilla/5.0 (compatible; SemrushBot/7~bl; +http://www.semrush.com/bot.html)"
185.191.171.14 - - [10/Dec/2025:18:15:44 +0100] "GET /platby/qqap/whipped-evaporated-milk-ice-cream HTTP/1.1" 200 8484 "-" "Mozilla/5.0 (compatible; SemrushBot/7~bl; +http://www.semrush.com/bot.html)"
85.208.96.211 - - [10/Dec/2025:18:15:51 +0100] "GET /platby/hca/logitech-c920-drivers-win-10 HTTP/1.1" 200 7137 "-" "Mozilla/5.0 (compatible; SemrushBot/7~bl; +http://www.semrush.com/bot.html)"
85.208.96.210 - - [10/Dec/2025:18:15:58 +0100] "GET /platby/hca/the-unix-programming-environment HTTP/1.1" 200 8562 "-" "Mozilla/5.0 (compatible; SemrushBot/7~bl; +http://www.semrush.com/bot.html)"
185.191.171.19 - - [10/Dec/2025:18:15:59 +0100] "GET /platby/hca/fine-dining-restaurants HTTP/1.1" 200 11064 "-" "Mozilla/5.0 (compatible; SemrushBot/7~bl; +http://www.semrush.com/bot.html)"
185.191.171.5 - - [10/Dec/2025:18:16:02 +0100] "GET /platby/qqap/beaufort-hotel-room-service HTTP/1.1" 200 9566 "-" "Mozilla/5.0 (compatible; SemrushBot/7~bl; +http://www.semrush.com/bot.html)"
185.191.171.18 - - [10/Dec/2025:18:16:05 +0100] "GET /robots.txt HTTP/1.1" 200 54 "-" "Mozilla/5.0 (compatible; SemrushBot/7~bl; +http://www.semrush.com/bot.html)"
185.191.171.18 - - [10/Dec/2025:18:16:05 +0100] "GET /platby/72zbxoz/sce-recycle-refrigerator-program-2020 HTTP/1.1" 200 12066 "-" "Mozilla/5.0 (compatible; SemrushBot/7~bl; +http://www.semrush.com/bot.html)"
185.191.171.16 - - [10/Dec/2025:18:16:06 +0100] "GET /platby/uwoy9/bournemouth-vs-blackburn-live-stream HTTP/1.1" 200 6928 "-" "Mozilla/5.0 (compatible; SemrushBot/7~bl; +http://www.semrush.com/bot.html)"
185.191.171.17 - - [10/Dec/2025:18:16:08 +0100] "GET /platby/72zbxoz/basketball-academy-in-lagos,-nigeria HTTP/1.1" 200 10146 "-" "Mozilla/5.0 (compatible; SemrushBot/7~bl; +http://www.semrush.com/bot.html)"
85.208.96.197 - - [10/Dec/2025:18:16:17 +0100] "GET /platby/aohwuyx/st-monica-prayer-for-marriage HTTP/1.1" 200 14841 "-" "Mozilla/5.0 (compatible; SemrushBot/7~bl; +http://www.semrush.com/bot.html)"
185.191.171.10 - - [10/Dec/2025:18:16:34 +0100] "GET /platby/aohwuyx/gopro-hero-7-silver-recording-time HTTP/1.1" 200 8724 "-" "Mozilla/5.0 (compatible; SemrushBot/7~bl; +http://www.semrush.com/bot.html)"
185.191.171.3 - - [10/Dec/2025:18:16:45 +0100] "GET /platby/72zbxoz/south-korea-handball-league HTTP/1.1" 200 10420 "-" "Mozilla/5.0 (compatible; SemrushBot/7~bl; +http://www.semrush.com/bot.html)"
185.191.171.3 - - [10/Dec/2025:18:16:54 +0100] "GET /platby/hca/opsu-women's-soccer-schedule HTTP/1.1" 200 8012 "-" "Mozilla/5.0 (compatible; SemrushBot/7~bl; +http://www.semrush.com/bot.html)"
216.244.66.239 - - [10/Dec/2025:18:16:59 +0100] "GET /robots.txt HTTP/1.1" 200 34 "-" "Mozilla/5.0 (compatible; DotBot/1.2; +https://opensiteexplorer.org/dotbot; help@moz.com)"
85.208.96.207 - - [10/Dec/2025:18:17:02 +0100] "GET /platby/uwoy9/cleveland-cavaliers-stadium-address HTTP/1.1" 200 12930 "-" "Mozilla/5.0 (compatible; SemrushBot/7~bl; +http://www.semrush.com/bot.html)"
185.191.171.10 - - [10/Dec/2025:18:17:34 +0100] "GET /platby/aohwuyx/what-is-true-courage-essay HTTP/1.1" 200 15947 "-" "Mozilla/5.0 (compatible; SemrushBot/7~bl; +http://www.semrush.com/bot.html)"
85.208.96.204 - - [10/Dec/2025:18:17:36 +0100] "GET /platby/aohwuyx/mikiah-herbert-harrigan-stanford HTTP/1.1" 200 11651 "-" "Mozilla/5.0 (compatible; SemrushBot/7~bl; +http://www.semrush.com/bot.html)"
185.191.171.13 - - [10/Dec/2025:18:17:38 +0100] "GET /platby/72zbxoz/townsend-harris-high-school-how-to-get-in HTTP/1.1" 200 13077 "-" "Mozilla/5.0 (compatible; SemrushBot/7~bl; +http://www.semrush.com/bot.html)"
66.249.79.136 - - [10/Dec/2025:18:17:46 +0100] "\x16\x03\x01\x02" 403 265 "-" "-"
85.208.96.195 - - [10/Dec/2025:18:17:56 +0100] "GET /platby/hca/fort-hamilton-high-school-delisi HTTP/1.1" 200 10257 "-" "Mozilla/5.0 (compatible; SemrushBot/7~bl; +http://www.semrush.com/bot.html)"
185.191.171.7 - - [10/Dec/2025:18:18:00 +0100] "GET /platby/72zbxoz/faculty-development-program HTTP/1.1" 200 8444 "-" "Mozilla/5.0 (compatible; SemrushBot/7~bl; +http://www.semrush.com/bot.html)"
185.191.171.13 - - [10/Dec/2025:18:18:46 +0100] "GET /platby/hca/forest-hills-high-school-paul-wilbur HTTP/1.1" 200 5597 "-" "Mozilla/5.0 (compatible; SemrushBot/7~bl; +http://www.semrush.com/bot.html)"
85.208.96.202 - - [10/Dec/2025:18:19:07 +0100] "GET /platby/aohwuyx/logee's-com-checkout-cart HTTP/1.1" 200 13951 "-" "Mozilla/5.0 (compatible; SemrushBot/7~bl; +http://www.semrush.com/bot.html)"
204.76.203.206 - - [10/Dec/2025:18:19:31 +0100] "GET /" 400 468 "-" "-"
185.191.171.8 - - [10/Dec/2025:18:19:48 +0100] "GET /platby/uwoy9/kyle-ferguson-football HTTP/1.1" 200 12192 "-" "Mozilla/5.0 (compatible; SemrushBot/7~bl; +http://www.semrush.com/bot.html)"
85.208.96.208 - - [10/Dec/2025:18:19:59 +0100] "GET /platby/qqap/hallmark-easter-under-wraps-cast HTTP/1.1" 200 6831 "-" "Mozilla/5.0 (compatible; SemrushBot/7~bl; +http://www.semrush.com/bot.html)"
85.208.96.212 - - [10/Dec/2025:18:20:02 +0100] "GET /platby/uwoy9/best-minneapolis-neighborhoods-to-buy-a-house HTTP/1.1" 200 14716 "-" "Mozilla/5.0 (compatible; SemrushBot/7~bl; +http://www.semrush.com/bot.html)"
85.208.96.198 - - [10/Dec/2025:18:20:15 +0100] "GET /platby/qqap/what-are-the-role-of-listening-in-business-communication HTTP/1.1" 200 11398 "-" "Mozilla/5.0 (compatible; SemrushBot/7~bl; +http://www.semrush.com/bot.html)"
185.191.171.17 - - [10/Dec/2025:18:20:17 +0100] "GET /platby/hca/science-worksheets-pdf-grade-5 HTTP/1.1" 200 12987 "-" "Mozilla/5.0 (compatible; SemrushBot/7~bl; +http://www.semrush.com/bot.html)"
185.191.171.10 - - [10/Dec/2025:18:20:27 +0100] "GET /platby/72zbxoz/interesting-science-articles-2020 HTTP/1.1" 200 10934 "-" "Mozilla/5.0 (compatible; SemrushBot/7~bl; +http://www.semrush.com/bot.html)"
204.76.203.206 - - [10/Dec/2025:18:20:32 +0100] "GET / HTTP/1.1" 200 316 "-" "Mozilla/5.0 (Windows NT 10.0; Win64; x64) AppleWebKit/537.36 (KHTML, like Gecko) Chrome/90.0.4430.85 Safari/537.36 Edg/90.0.818.46"
185.191.171.10 - - [10/Dec/2025:18:20:38 +0100] "GET /platby/qqap/pageviewcontroller-swift-github HTTP/1.1" 200 13809 "-" "Mozilla/5.0 (compatible; SemrushBot/7~bl; +http://www.semrush.com/bot.html)"
85.208.96.208 - - [10/Dec/2025:18:20:44 +0100] "GET /platby/uwoy9/new-super-mario-bros-release-date HTTP/1.1" 200 11900 "-" "Mozilla/5.0 (compatible; SemrushBot/7~bl; +http://www.semrush.com/bot.html)"
85.208.96.208 - - [10/Dec/2025:18:20:49 +0100] "GET /platby/72zbxoz/who-uses-coal-and-for-what-purposes HTTP/1.1" 200 14534 "-" "Mozilla/5.0 (compatible; SemrushBot/7~bl; +http://www.semrush.com/bot.html)"
85.208.96.211 - - [10/Dec/2025:18:20:54 +0100] "GET /platby/aohwuyx/what-happened-after-pearl-harbor-timeline HTTP/1.1" 200 9713 "-" "Mozilla/5.0 (compatible; SemrushBot/7~bl; +http://www.semrush.com/bot.html)"
85.208.96.197 - - [10/Dec/2025:18:21:39 +0100] "GET /platby/hca/eazy-e-cartoon-wallpaper HTTP/1.1" 200 6281 "-" "Mozilla/5.0 (compatible; SemrushBot/7~bl; +http://www.semrush.com/bot.html)"
85.208.96.193 - - [10/Dec/2025:18:21:41 +0100] "GET /platby/aohwuyx/headhunter-salon-poulsbo HTTP/1.1" 200 11558 "-" "Mozilla/5.0 (compatible; SemrushBot/7~bl; +http://www.semrush.com/bot.html)"
85.208.96.193 - - [10/Dec/2025:18:21:52 +0100] "GET /platby/hca/russell-westbrook-salary HTTP/1.1" 200 5857 "-" "Mozilla/5.0 (compatible; SemrushBot/7~bl; +http://www.semrush.com/bot.html)"
216.244.66.239 - - [10/Dec/2025:18:21:57 +0100] "GET /platby/article.php?5d4c26=astros-ii-mlrs-cost HTTP/1.1" 200 21149 "-" "Mozilla/5.0 (compatible; DotBot/1.2; +https://opensiteexplorer.org/dotbot; help@moz.com)"
85.208.96.200 - - [10/Dec/2025:18:21:57 +0100] "GET /platby/uwoy9/the-turning-angel-monument HTTP/1.1" 200 12245 "-" "Mozilla/5.0 (compatible; SemrushBot/7~bl; +http://www.semrush.com/bot.html)"
216.244.66.239 - - [10/Dec/2025:18:22:01 +0100] "GET /platby/article.php?5d4c26=fsa-id-login HTTP/1.1" 200 18885 "-" "Mozilla/5.0 (compatible; DotBot/1.2; +https://opensiteexplorer.org/dotbot; help@moz.com)"
216.244.66.239 - - [10/Dec/2025:18:22:05 +0100] "GET /platby/article.php?5d4c26=half-moon-pose-yoga HTTP/1.1" 200 17481 "-" "Mozilla/5.0 (compatible; DotBot/1.2; +https://opensiteexplorer.org/dotbot; help@moz.com)"
216.244.66.239 - - [10/Dec/2025:18:22:09 +0100] "GET /platby/article.php?5d4c26=junit-4-maven HTTP/1.1" 200 21081 "-" "Mozilla/5.0 (compatible; DotBot/1.2; +https://opensiteexplorer.org/dotbot; help@moz.com)"
216.244.66.239 - - [10/Dec/2025:18:22:12 +0100] "GET /platby/article.php?5d4c26=maximize-potential-synonym HTTP/1.1" 200 23774 "-" "Mozilla/5.0 (compatible; DotBot/1.2; +https://opensiteexplorer.org/dotbot; help@moz.com)"
216.244.66.239 - - [10/Dec/2025:18:22:15 +0100] "GET /platby/article.php?5d4c26=societas-europaea-plural HTTP/1.1" 200 23134 "-" "Mozilla/5.0 (compatible; DotBot/1.2; +https://opensiteexplorer.org/dotbot; help@moz.com)"
185.191.171.13 - - [10/Dec/2025:18:22:16 +0100] "GET /platby/qqap/ballon-d'or-winner-2009 HTTP/1.1" 200 11131 "-" "Mozilla/5.0 (compatible; SemrushBot/7~bl; +http://www.semrush.com/bot.html)"
216.244.66.239 - - [10/Dec/2025:18:22:18 +0100] "GET /platby/article.php?5d4c26=terraria-switch-lets-play HTTP/1.1" 200 22500 "-" "Mozilla/5.0 (compatible; DotBot/1.2; +https://opensiteexplorer.org/dotbot; help@moz.com)"
216.244.66.239 - - [10/Dec/2025:18:22:20 +0100] "GET /platby/article.php?5d4c26=2005-state-of-origin HTTP/1.1" 200 14695 "-" "Mozilla/5.0 (compatible; DotBot/1.2; +https://opensiteexplorer.org/dotbot; help@moz.com)"
216.244.66.239 - - [10/Dec/2025:18:22:22 +0100] "GET /platby/article.php?5d4c26=Paul-Pogba-religion HTTP/1.1" 200 23981 "-" "Mozilla/5.0 (compatible; DotBot/1.2; +https://opensiteexplorer.org/dotbot; help@moz.com)"
216.244.66.239 - - [10/Dec/2025:18:22:24 +0100] "GET /platby/article.php?5d4c26=average-time-to-eat-lunch HTTP/1.1" 200 17113 "-" "Mozilla/5.0 (compatible; DotBot/1.2; +https://opensiteexplorer.org/dotbot; help@moz.com)"
216.244.66.239 - - [10/Dec/2025:18:22:25 +0100] "GET /platby/article.php?5d4c26=cheap-flavored-whiskey HTTP/1.1" 200 20789 "-" "Mozilla/5.0 (compatible; DotBot/1.2; +https://opensiteexplorer.org/dotbot; help@moz.com)"
216.244.66.239 - - [10/Dec/2025:18:22:26 +0100] "GET /platby/article.php?5d4c26=clock-activity-worksheet HTTP/1.1" 200 17691 "-" "Mozilla/5.0 (compatible; DotBot/1.2; +https://opensiteexplorer.org/dotbot; help@moz.com)"
216.244.66.239 - - [10/Dec/2025:18:22:28 +0100] "GET /platby/article.php?5d4c26=common-types-of-building-stones HTTP/1.1" 200 23201 "-" "Mozilla/5.0 (compatible; DotBot/1.2; +https://opensiteexplorer.org/dotbot; help@moz.com)"
216.244.66.239 - - [10/Dec/2025:18:22:29 +0100] "GET /platby/article.php?5d4c26=definition-of-financial-institution-in-malaysia HTTP/1.1" 200 22308 "-" "Mozilla/5.0 (compatible; DotBot/1.2; +https://opensiteexplorer.org/dotbot; help@moz.com)"
216.244.66.239 - - [10/Dec/2025:18:22:30 +0100] "GET /platby/article.php?5d4c26=density-examples-chemistry HTTP/1.1" 200 19566 "-" "Mozilla/5.0 (compatible; DotBot/1.2; +https://opensiteexplorer.org/dotbot; help@moz.com)"
216.244.66.239 - - [10/Dec/2025:18:22:31 +0100] "GET /platby/article.php?5d4c26=e-district-ration-card HTTP/1.1" 200 24402 "-" "Mozilla/5.0 (compatible; DotBot/1.2; +https://opensiteexplorer.org/dotbot; help@moz.com)"
185.191.171.2 - - [10/Dec/2025:18:22:31 +0100] "GET /platby/72zbxoz/a-prince-among-thieves-vinyl HTTP/1.1" 200 8497 "-" "Mozilla/5.0 (compatible; SemrushBot/7~bl; +http://www.semrush.com/bot.html)"
216.244.66.239 - - [10/Dec/2025:18:22:32 +0100] "GET /platby/article.php?5d4c26=examples-of-landmarks HTTP/1.1" 200 21655 "-" "Mozilla/5.0 (compatible; DotBot/1.2; +https://opensiteexplorer.org/dotbot; help@moz.com)"
216.244.66.239 - - [10/Dec/2025:18:22:33 +0100] "GET /platby/article.php?5d4c26=galaxy-11-part-3 HTTP/1.1" 200 14985 "-" "Mozilla/5.0 (compatible; DotBot/1.2; +https://opensiteexplorer.org/dotbot; help@moz.com)"
216.244.66.239 - - [10/Dec/2025:18:22:34 +0100] "GET /platby/article.php?5d4c26=large-exercise-ball HTTP/1.1" 200 18894 "-" "Mozilla/5.0 (compatible; DotBot/1.2; +https://opensiteexplorer.org/dotbot; help@moz.com)"
184.73.47.24 - - [10/Dec/2025:18:22:35 +0100] "GET /platby/72zbxoz/bbc-radio-ulster-telephone-number HTTP/1.1" 200 11030 "-" "Mozilla/5.0 AppleWebKit/537.36 (KHTML, like Gecko; compatible; Amazonbot/0.1; +https://developer.amazon.com/support/amazonbot) Chrome/119.0.6045.214 Safari/537.36"
34.59.252.64 - - [10/Dec/2025:18:22:36 +0100] "\x16\x03\x01\x02" 403 265 "-" "-"
216.244.66.239 - - [10/Dec/2025:18:22:36 +0100] "GET /platby/article.php?5d4c26=literacy-tutor-activities HTTP/1.1" 200 22723 "-" "Mozilla/5.0 (compatible; DotBot/1.2; +https://opensiteexplorer.org/dotbot; help@moz.com)"
54.204.62.163 - - [10/Dec/2025:18:22:39 +0100] "GET /platby/72zbxoz/guitar-chords-for-dummies HTTP/1.1" 200 9509 "-" "Mozilla/5.0 AppleWebKit/537.36 (KHTML, like Gecko; compatible; Amazonbot/0.1; +https://developer.amazon.com/support/amazonbot) Chrome/119.0.6045.214 Safari/537.36"
216.244.66.239 - - [10/Dec/2025:18:22:41 +0100] "GET /platby/article.php?5d4c26=mars-startup-toolkit HTTP/1.1" 200 24674 "-" "Mozilla/5.0 (compatible; DotBot/1.2; +https://opensiteexplorer.org/dotbot; help@moz.com)"
52.0.218.219 - - [10/Dec/2025:18:22:43 +0100] "GET /platby/72zbxoz/australia-vs-iran-soccer HTTP/1.1" 200 11726 "-" "Mozilla/5.0 AppleWebKit/537.36 (KHTML, like Gecko; compatible; Amazonbot/0.1; +https://developer.amazon.com/support/amazonbot) Chrome/119.0.6045.214 Safari/537.36"
216.244.66.239 - - [10/Dec/2025:18:22:45 +0100] "GET /platby/article.php?5d4c26=meaning-of-macro HTTP/1.1" 200 18407 "-" "Mozilla/5.0 (compatible; DotBot/1.2; +https://opensiteexplorer.org/dotbot; help@moz.com)"
