96.59.14.227 - - [10/Dec/2025:12:44:57 +0100] "GET /platby/qqap/loud-yeah-sound-effect HTTP/1.1" 200 12118 "-" "Mozilla/5.0 (compatible; MSIE 8.0; Windows NT 10.0; Trident/4.0)"
193.84.43.10 - - [10/Dec/2025:12:44:59 +0100] "\x16\x03\x01\x01 \x01" 400 289 "-" "-"
193.84.36.69 - - [10/Dec/2025:12:44:59 +0100] "\x16\x03\x01\x06\xfc\x01" 403 265 "-" "-"
193.84.36.69 - - [10/Dec/2025:12:44:59 +0100] "\x16\x03\x01\x06\xdc\x01" 403 265 "-" "-"
216.244.66.239 - - [10/Dec/2025:12:45:11 +0100] "GET /robots.txt HTTP/1.1" 200 34 "-" "Mozilla/5.0 (compatible; DotBot/1.2; +https://opensiteexplorer.org/dotbot; help@moz.com)"
85.208.96.205 - - [10/Dec/2025:12:45:12 +0100] "GET /platby/qqap/moesha-brother-kim-kardashian HTTP/1.1" 200 6192 "-" "Mozilla/5.0 (compatible; SemrushBot/7~bl; +http://www.semrush.com/bot.html)"
85.208.96.193 - - [10/Dec/2025:12:45:13 +0100] "GET /platby/aohwuyx/brompton-oratory-mass-live-stream HTTP/1.1" 200 10424 "-" "Mozilla/5.0 (compatible; SemrushBot/7~bl; +http://www.semrush.com/bot.html)"
85.208.96.204 - - [10/Dec/2025:12:45:35 +0100] "GET /platby/qqap/sarpsborg-vs-brann-forebet HTTP/1.1" 200 7835 "-" "Mozilla/5.0 (compatible; SemrushBot/7~bl; +http://www.semrush.com/bot.html)"
85.208.96.197 - - [10/Dec/2025:12:45:50 +0100] "GET /platby/72zbxoz/city-of-sherwood-permits HTTP/1.1" 200 11850 "-" "Mozilla/5.0 (compatible; SemrushBot/7~bl; +http://www.semrush.com/bot.html)"
85.208.96.209 - - [10/Dec/2025:12:45:54 +0100] "GET /platby/uwoy9/minecraft-pet-names-that-do-stuff HTTP/1.1" 200 9710 "-" "Mozilla/5.0 (compatible; SemrushBot/7~bl; +http://www.semrush.com/bot.html)"
85.208.96.209 - - [10/Dec/2025:12:46:36 +0100] "GET /platby/aohwuyx/panthers-draft-class-2021 HTTP/1.1" 200 8329 "-" "Mozilla/5.0 (compatible; SemrushBot/7~bl; +http://www.semrush.com/bot.html)"
185.191.171.19 - - [10/Dec/2025:12:47:05 +0100] "GET /platby/qqap/granada-luxury-okurcalar-etstur HTTP/1.1" 200 7134 "-" "Mozilla/5.0 (compatible; SemrushBot/7~bl; +http://www.semrush.com/bot.html)"
85.208.96.210 - - [10/Dec/2025:12:47:12 +0100] "GET /platby/qqap/listening-communication-essay HTTP/1.1" 200 7508 "-" "Mozilla/5.0 (compatible; SemrushBot/7~bl; +http://www.semrush.com/bot.html)"
85.208.96.198 - - [10/Dec/2025:12:47:23 +0100] "GET /platby/hca/another-way-of-saying-let-me-tell-you-something HTTP/1.1" 200 11075 "-" "Mozilla/5.0 (compatible; SemrushBot/7~bl; +http://www.semrush.com/bot.html)"
85.208.96.209 - - [10/Dec/2025:12:47:31 +0100] "GET /platby/72zbxoz/newcastle-jets-game-tickets HTTP/1.1" 200 11259 "-" "Mozilla/5.0 (compatible; SemrushBot/7~bl; +http://www.semrush.com/bot.html)"
141.98.11.140 - - [10/Dec/2025:12:47:43 +0100] "GET /" 400 468 "-" "-"
185.191.171.12 - - [10/Dec/2025:12:48:21 +0100] "GET /platby/aohwuyx/font-awesome-copy-icon HTTP/1.1" 200 8023 "-" "Mozilla/5.0 (compatible; SemrushBot/7~bl; +http://www.semrush.com/bot.html)"
185.191.171.15 - - [10/Dec/2025:12:48:22 +0100] "GET /platby/qqap/ipic-theaters-locations HTTP/1.1" 200 8873 "-" "Mozilla/5.0 (compatible; SemrushBot/7~bl; +http://www.semrush.com/bot.html)"
85.208.96.207 - - [10/Dec/2025:12:48:28 +0100] "GET /platby/aohwuyx/nicholas-d'agosto-net-worth HTTP/1.1" 200 12692 "-" "Mozilla/5.0 (compatible; SemrushBot/7~bl; +http://www.semrush.com/bot.html)"
185.191.171.12 - - [10/Dec/2025:12:48:29 +0100] "GET /platby/hca/duck-behavior-before-eggs-hatch HTTP/1.1" 200 10488 "-" "Mozilla/5.0 (compatible; SemrushBot/7~bl; +http://www.semrush.com/bot.html)"
85.208.96.210 - - [10/Dec/2025:12:48:39 +0100] "GET /platby/qqap/arizona-diamondbacks-roster-2020 HTTP/1.1" 200 11277 "-" "Mozilla/5.0 (compatible; SemrushBot/7~bl; +http://www.semrush.com/bot.html)"
185.191.171.19 - - [10/Dec/2025:12:48:47 +0100] "GET /platby/aohwuyx/tampa-bay-buccaneers-2019-roster HTTP/1.1" 200 11094 "-" "Mozilla/5.0 (compatible; SemrushBot/7~bl; +http://www.semrush.com/bot.html)"
85.208.96.197 - - [10/Dec/2025:12:48:51 +0100] "GET /platby/qqap/basic-theory-of-computer-pdf HTTP/1.1" 200 14980 "-" "Mozilla/5.0 (compatible; SemrushBot/7~bl; +http://www.semrush.com/bot.html)"
85.208.96.206 - - [10/Dec/2025:12:48:52 +0100] "GET /platby/qqap/cleveland-browns-depth-chart-2021 HTTP/1.1" 200 10458 "-" "Mozilla/5.0 (compatible; SemrushBot/7~bl; +http://www.semrush.com/bot.html)"
34.194.226.74 - - [10/Dec/2025:12:48:57 +0100] "GET /platby/uwoy9/state-street-global-advisors HTTP/1.1" 200 7515 "-" "Mozilla/5.0 AppleWebKit/537.36 (KHTML, like Gecko; compatible; Amazonbot/0.1; +https://developer.amazon.com/support/amazonbot) Chrome/119.0.6045.214 Safari/537.36"
85.208.96.200 - - [10/Dec/2025:12:49:15 +0100] "GET /platby/qqap/clippers-3-point-shooters HTTP/1.1" 200 11258 "-" "Mozilla/5.0 (compatible; SemrushBot/7~bl; +http://www.semrush.com/bot.html)"
173.252.70.18 - - [10/Dec/2025:12:49:21 +0100] "\x16\x03\x01\x01S\x01" 403 265 "-" "-"
185.191.171.2 - - [10/Dec/2025:12:49:23 +0100] "GET /platby/hca/walkaway-insurance-claim HTTP/1.1" 200 9095 "-" "Mozilla/5.0 (compatible; SemrushBot/7~bl; +http://www.semrush.com/bot.html)"
85.208.96.203 - - [10/Dec/2025:12:49:38 +0100] "GET /platby/72zbxoz/ship-draft-calculator HTTP/1.1" 200 8383 "-" "Mozilla/5.0 (compatible; SemrushBot/7~bl; +http://www.semrush.com/bot.html)"
85.208.96.210 - - [10/Dec/2025:12:49:50 +0100] "GET /platby/aohwuyx/mashweu-basil-mphahlele HTTP/1.1" 200 11594 "-" "Mozilla/5.0 (compatible; SemrushBot/7~bl; +http://www.semrush.com/bot.html)"
216.244.66.239 - - [10/Dec/2025:12:49:57 +0100] "GET /platby/article.php?5d4c26=air-travel-pack HTTP/1.1" 200 17328 "-" "Mozilla/5.0 (compatible; DotBot/1.2; +https://opensiteexplorer.org/dotbot; help@moz.com)"
216.244.66.239 - - [10/Dec/2025:12:50:02 +0100] "GET /platby/article.php?5d4c26=Aaja-Sajna-Ve HTTP/1.1" 200 13940 "-" "Mozilla/5.0 (compatible; DotBot/1.2; +https://opensiteexplorer.org/dotbot; help@moz.com)"
216.244.66.239 - - [10/Dec/2025:12:50:07 +0100] "GET /platby/article.php?5d4c26=What-causes-miscarriage HTTP/1.1" 200 15237 "-" "Mozilla/5.0 (compatible; DotBot/1.2; +https://opensiteexplorer.org/dotbot; help@moz.com)"
216.244.66.239 - - [10/Dec/2025:12:50:11 +0100] "GET /platby/article.php?5d4c26=faa-moratorium-dates-2019 HTTP/1.1" 200 14933 "-" "Mozilla/5.0 (compatible; DotBot/1.2; +https://opensiteexplorer.org/dotbot; help@moz.com)"
216.244.66.239 - - [10/Dec/2025:12:50:14 +0100] "GET /platby/article.php?5d4c26=hayo-o-hallo HTTP/1.1" 200 25164 "-" "Mozilla/5.0 (compatible; DotBot/1.2; +https://opensiteexplorer.org/dotbot; help@moz.com)"
216.244.66.239 - - [10/Dec/2025:12:50:17 +0100] "GET /platby/article.php?5d4c26=light-em-up-ubi-lyrics HTTP/1.1" 200 21736 "-" "Mozilla/5.0 (compatible; DotBot/1.2; +https://opensiteexplorer.org/dotbot; help@moz.com)"
85.208.96.210 - - [10/Dec/2025:12:50:19 +0100] "GET /platby/hca/what-causes-a-strut-to-leak HTTP/1.1" 200 6358 "-" "Mozilla/5.0 (compatible; SemrushBot/7~bl; +http://www.semrush.com/bot.html)"
216.244.66.239 - - [10/Dec/2025:12:50:20 +0100] "GET /platby/article.php?5d4c26=my-gmc-canada HTTP/1.1" 200 24249 "-" "Mozilla/5.0 (compatible; DotBot/1.2; +https://opensiteexplorer.org/dotbot; help@moz.com)"
216.244.66.239 - - [10/Dec/2025:12:50:22 +0100] "GET /platby/article.php?5d4c26=nt-news-digital-login HTTP/1.1" 200 22307 "-" "Mozilla/5.0 (compatible; DotBot/1.2; +https://opensiteexplorer.org/dotbot; help@moz.com)"
216.244.66.239 - - [10/Dec/2025:12:50:25 +0100] "GET /platby/article.php?5d4c26=popular-clothing-brands-2019 HTTP/1.1" 200 21585 "-" "Mozilla/5.0 (compatible; DotBot/1.2; +https://opensiteexplorer.org/dotbot; help@moz.com)"
216.244.66.239 - - [10/Dec/2025:12:50:28 +0100] "GET /platby/article.php?5d4c26=red-dwarf-season-8 HTTP/1.1" 200 15374 "-" "Mozilla/5.0 (compatible; DotBot/1.2; +https://opensiteexplorer.org/dotbot; help@moz.com)"
216.244.66.239 - - [10/Dec/2025:12:50:31 +0100] "GET /platby/article.php?5d4c26=target-smart-tv HTTP/1.1" 200 23146 "-" "Mozilla/5.0 (compatible; DotBot/1.2; +https://opensiteexplorer.org/dotbot; help@moz.com)"
216.244.66.239 - - [10/Dec/2025:12:50:33 +0100] "GET /platby/article.php?5d4c26=Celine-Dion-2020 HTTP/1.1" 200 21678 "-" "Mozilla/5.0 (compatible; DotBot/1.2; +https://opensiteexplorer.org/dotbot; help@moz.com)"
216.244.66.239 - - [10/Dec/2025:12:50:37 +0100] "GET /platby/article.php?5d4c26=Fred-The-Fugitive HTTP/1.1" 200 22165 "-" "Mozilla/5.0 (compatible; DotBot/1.2; +https://opensiteexplorer.org/dotbot; help@moz.com)"
216.244.66.239 - - [10/Dec/2025:12:50:39 +0100] "GET /platby/article.php?5d4c26=Yeh-Subah-Suhani-Ho HTTP/1.1" 200 17306 "-" "Mozilla/5.0 (compatible; DotBot/1.2; +https://opensiteexplorer.org/dotbot; help@moz.com)"
216.244.66.239 - - [10/Dec/2025:12:50:41 +0100] "GET /platby/article.php?5d4c26=bakura-star-wars HTTP/1.1" 200 25200 "-" "Mozilla/5.0 (compatible; DotBot/1.2; +https://opensiteexplorer.org/dotbot; help@moz.com)"
216.244.66.239 - - [10/Dec/2025:12:50:43 +0100] "GET /platby/article.php?5d4c26=brawlhalla-clans-pc HTTP/1.1" 200 19898 "-" "Mozilla/5.0 (compatible; DotBot/1.2; +https://opensiteexplorer.org/dotbot; help@moz.com)"
216.244.66.239 - - [10/Dec/2025:12:50:44 +0100] "GET /platby/article.php?5d4c26=canon-cameras-prices HTTP/1.1" 200 21872 "-" "Mozilla/5.0 (compatible; DotBot/1.2; +https://opensiteexplorer.org/dotbot; help@moz.com)"
216.244.66.239 - - [10/Dec/2025:12:50:46 +0100] "GET /platby/article.php?5d4c26=chat-10-looks-3-facebook HTTP/1.1" 200 21634 "-" "Mozilla/5.0 (compatible; DotBot/1.2; +https://opensiteexplorer.org/dotbot; help@moz.com)"
216.244.66.239 - - [10/Dec/2025:12:50:48 +0100] "GET /platby/article.php?5d4c26=csx-derailment-2020 HTTP/1.1" 200 17334 "-" "Mozilla/5.0 (compatible; DotBot/1.2; +https://opensiteexplorer.org/dotbot; help@moz.com)"
216.244.66.239 - - [10/Dec/2025:12:50:50 +0100] "GET /platby/article.php?5d4c26=dr-comfort-tennis-shoes HTTP/1.1" 200 21180 "-" "Mozilla/5.0 (compatible; DotBot/1.2; +https://opensiteexplorer.org/dotbot; help@moz.com)"
216.244.66.239 - - [10/Dec/2025:12:50:53 +0100] "GET /platby/article.php?5d4c26=durham-nc-news HTTP/1.1" 200 21835 "-" "Mozilla/5.0 (compatible; DotBot/1.2; +https://opensiteexplorer.org/dotbot; help@moz.com)"
216.244.66.239 - - [10/Dec/2025:12:50:55 +0100] "GET /platby/article.php?5d4c26=emma-hamilton-movie HTTP/1.1" 200 22877 "-" "Mozilla/5.0 (compatible; DotBot/1.2; +https://opensiteexplorer.org/dotbot; help@moz.com)"
216.244.66.239 - - [10/Dec/2025:12:50:57 +0100] "GET /platby/article.php?5d4c26=jim-norton-podcast HTTP/1.1" 200 18047 "-" "Mozilla/5.0 (compatible; DotBot/1.2; +https://opensiteexplorer.org/dotbot; help@moz.com)"
216.244.66.239 - - [10/Dec/2025:12:51:00 +0100] "GET /platby/article.php?5d4c26=leaside-funeral-home HTTP/1.1" 200 19643 "-" "Mozilla/5.0 (compatible; DotBot/1.2; +https://opensiteexplorer.org/dotbot; help@moz.com)"
216.244.66.239 - - [10/Dec/2025:12:51:01 +0100] "GET /platby/article.php?5d4c26=lego-customer-service HTTP/1.1" 200 24266 "-" "Mozilla/5.0 (compatible; DotBot/1.2; +https://opensiteexplorer.org/dotbot; help@moz.com)"
216.244.66.239 - - [10/Dec/2025:12:51:04 +0100] "GET /platby/article.php?5d4c26=london-city-council HTTP/1.1" 200 19383 "-" "Mozilla/5.0 (compatible; DotBot/1.2; +https://opensiteexplorer.org/dotbot; help@moz.com)"
216.244.66.239 - - [10/Dec/2025:12:51:07 +0100] "GET /platby/article.php?5d4c26=memphis-depay-salary HTTP/1.1" 200 18618 "-" "Mozilla/5.0 (compatible; DotBot/1.2; +https://opensiteexplorer.org/dotbot; help@moz.com)"
85.208.96.199 - - [10/Dec/2025:12:51:09 +0100] "GET /platby/aohwuyx/fair-housing-act-mn-emotional-support-animal HTTP/1.1" 200 13361 "-" "Mozilla/5.0 (compatible; SemrushBot/7~bl; +http://www.semrush.com/bot.html)"
216.244.66.239 - - [10/Dec/2025:12:51:10 +0100] "GET /platby/article.php?5d4c26=mereba-kinfolk-youtube HTTP/1.1" 200 24912 "-" "Mozilla/5.0 (compatible; DotBot/1.2; +https://opensiteexplorer.org/dotbot; help@moz.com)"
85.208.96.209 - - [10/Dec/2025:12:51:12 +0100] "GET /platby/qqap/paul-kalkbrenner-album HTTP/1.1" 200 6171 "-" "Mozilla/5.0 (compatible; SemrushBot/7~bl; +http://www.semrush.com/bot.html)"
216.244.66.239 - - [10/Dec/2025:12:51:13 +0100] "GET /platby/article.php?5d4c26=mertens-fifa-20 HTTP/1.1" 200 17096 "-" "Mozilla/5.0 (compatible; DotBot/1.2; +https://opensiteexplorer.org/dotbot; help@moz.com)"
216.244.66.239 - - [10/Dec/2025:12:51:15 +0100] "GET /platby/article.php?5d4c26=michigan-egle-mission-statement HTTP/1.1" 200 17481 "-" "Mozilla/5.0 (compatible; DotBot/1.2; +https://opensiteexplorer.org/dotbot; help@moz.com)"
216.244.66.239 - - [10/Dec/2025:12:51:17 +0100] "GET /platby/article.php?5d4c26=they-say-poetry-night HTTP/1.1" 200 18985 "-" "Mozilla/5.0 (compatible; DotBot/1.2; +https://opensiteexplorer.org/dotbot; help@moz.com)"
216.244.66.239 - - [10/Dec/2025:12:51:24 +0100] "GET /platby/article.php?5d4c26=wayne-county-community-college-lpn-program-cost HTTP/1.1" 200 18630 "-" "Mozilla/5.0 (compatible; DotBot/1.2; +https://opensiteexplorer.org/dotbot; help@moz.com)"
85.208.96.204 - - [10/Dec/2025:12:51:25 +0100] "GET /platby/hca/best-aau-basketball-teams-in-massachusetts HTTP/1.1" 200 11219 "-" "Mozilla/5.0 (compatible; SemrushBot/7~bl; +http://www.semrush.com/bot.html)"
216.244.66.239 - - [10/Dec/2025:12:51:29 +0100] "GET /platby/article.php?5d4c26=Climbing-Mount-Jefferson HTTP/1.1" 200 23106 "-" "Mozilla/5.0 (compatible; DotBot/1.2; +https://opensiteexplorer.org/dotbot; help@moz.com)"
85.208.96.211 - - [10/Dec/2025:12:51:33 +0100] "GET /platby/hca/hall's-pictorial-weekly HTTP/1.1" 200 10363 "-" "Mozilla/5.0 (compatible; SemrushBot/7~bl; +http://www.semrush.com/bot.html)"
216.244.66.239 - - [10/Dec/2025:12:51:35 +0100] "GET /platby/article.php?5d4c26=Developing-Business-Acumen HTTP/1.1" 200 21394 "-" "Mozilla/5.0 (compatible; DotBot/1.2; +https://opensiteexplorer.org/dotbot; help@moz.com)"
216.244.66.239 - - [10/Dec/2025:12:51:39 +0100] "GET /platby/article.php?5d4c26=Kevin-Hart-beard HTTP/1.1" 200 18441 "-" "Mozilla/5.0 (compatible; DotBot/1.2; +https://opensiteexplorer.org/dotbot; help@moz.com)"
216.244.66.239 - - [10/Dec/2025:12:51:42 +0100] "GET /platby/article.php?5d4c26=alif-laila-episode-145 HTTP/1.1" 200 21165 "-" "Mozilla/5.0 (compatible; DotBot/1.2; +https://opensiteexplorer.org/dotbot; help@moz.com)"
216.244.66.239 - - [10/Dec/2025:12:51:45 +0100] "GET /platby/article.php?5d4c26=apartments-for-rent-maui HTTP/1.1" 200 26183 "-" "Mozilla/5.0 (compatible; DotBot/1.2; +https://opensiteexplorer.org/dotbot; help@moz.com)"
216.244.66.239 - - [10/Dec/2025:12:51:47 +0100] "GET /platby/article.php?5d4c26=bangor-%26-piscataquis-railroad HTTP/1.1" 200 23817 "-" "Mozilla/5.0 (compatible; DotBot/1.2; +https://opensiteexplorer.org/dotbot; help@moz.com)"
216.244.66.239 - - [10/Dec/2025:12:51:50 +0100] "GET /platby/article.php?5d4c26=blank-jeopardy-board HTTP/1.1" 200 21989 "-" "Mozilla/5.0 (compatible; DotBot/1.2; +https://opensiteexplorer.org/dotbot; help@moz.com)"
185.191.171.9 - - [10/Dec/2025:12:51:50 +0100] "GET /platby/72zbxoz/solar-panel-square-footage-calculator HTTP/1.1" 200 10858 "-" "Mozilla/5.0 (compatible; SemrushBot/7~bl; +http://www.semrush.com/bot.html)"
216.244.66.239 - - [10/Dec/2025:12:51:53 +0100] "GET /platby/article.php?5d4c26=eddie-jones-2020 HTTP/1.1" 200 15994 "-" "Mozilla/5.0 (compatible; DotBot/1.2; +https://opensiteexplorer.org/dotbot; help@moz.com)"
216.244.66.239 - - [10/Dec/2025:12:51:56 +0100] "GET /platby/article.php?5d4c26=filing-a-complaint-against-a-mental-health-professional HTTP/1.1" 200 25513 "-" "Mozilla/5.0 (compatible; DotBot/1.2; +https://opensiteexplorer.org/dotbot; help@moz.com)"
216.244.66.239 - - [10/Dec/2025:12:51:58 +0100] "GET /platby/article.php?5d4c26=how-do-you-spell-nassau-bahamas HTTP/1.1" 200 22347 "-" "Mozilla/5.0 (compatible; DotBot/1.2; +https://opensiteexplorer.org/dotbot; help@moz.com)"
216.244.66.239 - - [10/Dec/2025:12:52:00 +0100] "GET /platby/article.php?5d4c26=inter-milan-injury-news HTTP/1.1" 200 15757 "-" "Mozilla/5.0 (compatible; DotBot/1.2; +https://opensiteexplorer.org/dotbot; help@moz.com)"
216.244.66.239 - - [10/Dec/2025:12:52:01 +0100] "GET /platby/article.php?5d4c26=jane-goodall%3A-the-hope-review HTTP/1.1" 200 20150 "-" "Mozilla/5.0 (compatible; DotBot/1.2; +https://opensiteexplorer.org/dotbot; help@moz.com)"
216.244.66.239 - - [10/Dec/2025:12:52:03 +0100] "GET /platby/article.php?5d4c26=jessica-rowe-haircut HTTP/1.1" 200 23953 "-" "Mozilla/5.0 (compatible; DotBot/1.2; +https://opensiteexplorer.org/dotbot; help@moz.com)"
216.244.66.239 - - [10/Dec/2025:12:52:07 +0100] "GET /platby/article.php?5d4c26=new-hanover-county-schools HTTP/1.1" 200 18961 "-" "Mozilla/5.0 (compatible; DotBot/1.2; +https://opensiteexplorer.org/dotbot; help@moz.com)"
216.244.66.239 - - [10/Dec/2025:12:52:09 +0100] "GET /platby/article.php?5d4c26=nj-state-tax-filing-deadline-2020 HTTP/1.1" 200 25491 "-" "Mozilla/5.0 (compatible; DotBot/1.2; +https://opensiteexplorer.org/dotbot; help@moz.com)"
216.244.66.239 - - [10/Dec/2025:12:52:11 +0100] "GET /platby/article.php?5d4c26=on-the-whole%2C-medieval-cities-tended-to-be HTTP/1.1" 200 16565 "-" "Mozilla/5.0 (compatible; DotBot/1.2; +https://opensiteexplorer.org/dotbot; help@moz.com)"
216.244.66.239 - - [10/Dec/2025:12:52:13 +0100] "GET /platby/article.php?5d4c26=peta-pokemon-lawsuit HTTP/1.1" 200 20978 "-" "Mozilla/5.0 (compatible; DotBot/1.2; +https://opensiteexplorer.org/dotbot; help@moz.com)"
216.244.66.239 - - [10/Dec/2025:12:52:15 +0100] "GET /platby/article.php?5d4c26=poem-on-graceful-woman HTTP/1.1" 200 18349 "-" "Mozilla/5.0 (compatible; DotBot/1.2; +https://opensiteexplorer.org/dotbot; help@moz.com)"
216.244.66.239 - - [10/Dec/2025:12:52:16 +0100] "GET /platby/article.php?5d4c26=psychology-of-happiness HTTP/1.1" 200 16313 "-" "Mozilla/5.0 (compatible; DotBot/1.2; +https://opensiteexplorer.org/dotbot; help@moz.com)"
216.244.66.239 - - [10/Dec/2025:12:52:17 +0100] "GET /platby/article.php?5d4c26=question-answering-api HTTP/1.1" 200 21852 "-" "Mozilla/5.0 (compatible; DotBot/1.2; +https://opensiteexplorer.org/dotbot; help@moz.com)"
216.244.66.239 - - [10/Dec/2025:12:52:18 +0100] "GET /platby/article.php?5d4c26=quotes-about-complaining-customers HTTP/1.1" 200 24195 "-" "Mozilla/5.0 (compatible; DotBot/1.2; +https://opensiteexplorer.org/dotbot; help@moz.com)"
216.244.66.239 - - [10/Dec/2025:12:52:20 +0100] "GET /platby/article.php?5d4c26=real-life-nintendo-land HTTP/1.1" 200 21885 "-" "Mozilla/5.0 (compatible; DotBot/1.2; +https://opensiteexplorer.org/dotbot; help@moz.com)"
185.191.171.14 - - [10/Dec/2025:12:52:21 +0100] "GET /platby/uwoy9/session-and-session-factory-in-hibernate HTTP/1.1" 200 8504 "-" "Mozilla/5.0 (compatible; SemrushBot/7~bl; +http://www.semrush.com/bot.html)"
216.244.66.239 - - [10/Dec/2025:12:52:21 +0100] "GET /platby/article.php?5d4c26=rees-hotel-queenstown HTTP/1.1" 200 18999 "-" "Mozilla/5.0 (compatible; DotBot/1.2; +https://opensiteexplorer.org/dotbot; help@moz.com)"
216.244.66.239 - - [10/Dec/2025:12:52:24 +0100] "GET /platby/article.php?5d4c26=relaxo-bahamas-bhg-102 HTTP/1.1" 200 15518 "-" "Mozilla/5.0 (compatible; DotBot/1.2; +https://opensiteexplorer.org/dotbot; help@moz.com)"
216.244.66.239 - - [10/Dec/2025:12:52:27 +0100] "GET /platby/article.php?5d4c26=sam-hoare-the-english-game HTTP/1.1" 200 17226 "-" "Mozilla/5.0 (compatible; DotBot/1.2; +https://opensiteexplorer.org/dotbot; help@moz.com)"
85.208.96.211 - - [10/Dec/2025:12:52:31 +0100] "GET /platby/qqap/oxford-children's-picture-dictionary-pdf HTTP/1.1" 200 10534 "-" "Mozilla/5.0 (compatible; SemrushBot/7~bl; +http://www.semrush.com/bot.html)"
216.244.66.239 - - [10/Dec/2025:12:52:31 +0100] "GET /platby/article.php?5d4c26=seymour-college-facebook HTTP/1.1" 200 19381 "-" "Mozilla/5.0 (compatible; DotBot/1.2; +https://opensiteexplorer.org/dotbot; help@moz.com)"
185.191.171.9 - - [10/Dec/2025:12:52:33 +0100] "GET /platby/72zbxoz/state-of-florida-land-preservation HTTP/1.1" 200 9514 "-" "Mozilla/5.0 (compatible; SemrushBot/7~bl; +http://www.semrush.com/bot.html)"
216.244.66.239 - - [10/Dec/2025:12:52:34 +0100] "GET /platby/article.php?5d4c26=slowpoke-rodriguez-pothead HTTP/1.1" 200 22195 "-" "Mozilla/5.0 (compatible; DotBot/1.2; +https://opensiteexplorer.org/dotbot; help@moz.com)"
216.244.66.239 - - [10/Dec/2025:12:52:37 +0100] "GET /platby/article.php?5d4c26=sunday-night-meaning HTTP/1.1" 200 17799 "-" "Mozilla/5.0 (compatible; DotBot/1.2; +https://opensiteexplorer.org/dotbot; help@moz.com)"
216.244.66.239 - - [10/Dec/2025:12:52:40 +0100] "GET /platby/article.php?5d4c26=tesla-financial-performance HTTP/1.1" 200 18766 "-" "Mozilla/5.0 (compatible; DotBot/1.2; +https://opensiteexplorer.org/dotbot; help@moz.com)"
85.208.96.203 - - [10/Dec/2025:12:52:43 +0100] "GET /platby/hca/amphitheater-pronunciation-us HTTP/1.1" 200 7368 "-" "Mozilla/5.0 (compatible; SemrushBot/7~bl; +http://www.semrush.com/bot.html)"
216.244.66.239 - - [10/Dec/2025:12:52:44 +0100] "GET /platby/article.php?5d4c26=test-driven-development-steps HTTP/1.1" 200 19311 "-" "Mozilla/5.0 (compatible; DotBot/1.2; +https://opensiteexplorer.org/dotbot; help@moz.com)"
185.191.171.11 - - [10/Dec/2025:12:52:45 +0100] "GET /platby/qqap/best-secondary-schools-in-cheltenham HTTP/1.1" 200 11523 "-" "Mozilla/5.0 (compatible; SemrushBot/7~bl; +http://www.semrush.com/bot.html)"
85.208.96.203 - - [10/Dec/2025:12:52:48 +0100] "GET /platby/hca/cheapest-beach-towns-in-california-to-visit HTTP/1.1" 200 5939 "-" "Mozilla/5.0 (compatible; SemrushBot/7~bl; +http://www.semrush.com/bot.html)"
216.244.66.239 - - [10/Dec/2025:12:52:49 +0100] "GET /platby/article.php?5d4c26=uk-culture-facts HTTP/1.1" 200 15055 "-" "Mozilla/5.0 (compatible; DotBot/1.2; +https://opensiteexplorer.org/dotbot; help@moz.com)"
216.244.66.239 - - [10/Dec/2025:12:52:52 +0100] "GET /platby/article.php?5d4c26=what-is-a-myth-in-literature HTTP/1.1" 200 17935 "-" "Mozilla/5.0 (compatible; DotBot/1.2; +https://opensiteexplorer.org/dotbot; help@moz.com)"
185.191.171.9 - - [10/Dec/2025:12:52:54 +0100] "GET /platby/qqap/succubi-pronunciation HTTP/1.1" 200 8666 "-" "Mozilla/5.0 (compatible; SemrushBot/7~bl; +http://www.semrush.com/bot.html)"
216.244.66.239 - - [10/Dec/2025:12:52:54 +0100] "GET /platby/article.php?5d4c26=where-are-shallow-earthquakes-found HTTP/1.1" 200 23572 "-" "Mozilla/5.0 (compatible; DotBot/1.2; +https://opensiteexplorer.org/dotbot; help@moz.com)"
185.191.171.15 - - [10/Dec/2025:12:52:56 +0100] "GET /platby/72zbxoz/heavy-duty-work-waders HTTP/1.1" 200 8509 "-" "Mozilla/5.0 (compatible; SemrushBot/7~bl; +http://www.semrush.com/bot.html)"
216.244.66.239 - - [10/Dec/2025:12:52:58 +0100] "GET /platby/article.php?5d4c26=Brewster%27s-Little-Helper HTTP/1.1" 200 22913 "-" "Mozilla/5.0 (compatible; DotBot/1.2; +https://opensiteexplorer.org/dotbot; help@moz.com)"
216.244.66.239 - - [10/Dec/2025:12:53:02 +0100] "GET /platby/article.php?5d4c26=Mexican-Revolution-Quizlet HTTP/1.1" 200 18977 "-" "Mozilla/5.0 (compatible; DotBot/1.2; +https://opensiteexplorer.org/dotbot; help@moz.com)"
185.191.171.15 - - [10/Dec/2025:12:53:06 +0100] "GET /platby/72zbxoz/institutional-investor-vote HTTP/1.1" 200 10508 "-" "Mozilla/5.0 (compatible; SemrushBot/7~bl; +http://www.semrush.com/bot.html)"
216.244.66.239 - - [10/Dec/2025:12:53:06 +0100] "GET /platby/article.php?5d4c26=What-are-the-6-time-zones-in-the-USA HTTP/1.1" 200 17249 "-" "Mozilla/5.0 (compatible; DotBot/1.2; +https://opensiteexplorer.org/dotbot; help@moz.com)"
216.244.66.239 - - [10/Dec/2025:12:53:09 +0100] "GET /platby/article.php?5d4c26=anquan-boldin-net-worth HTTP/1.1" 200 25137 "-" "Mozilla/5.0 (compatible; DotBot/1.2; +https://opensiteexplorer.org/dotbot; help@moz.com)"
216.244.66.239 - - [10/Dec/2025:12:53:11 +0100] "GET /platby/article.php?5d4c26=beautiful-darkness-movie-soundtrack HTTP/1.1" 200 19992 "-" "Mozilla/5.0 (compatible; DotBot/1.2; +https://opensiteexplorer.org/dotbot; help@moz.com)"
216.244.66.239 - - [10/Dec/2025:12:53:14 +0100] "GET /platby/article.php?5d4c26=cushie-butterfield-book HTTP/1.1" 200 22170 "-" "Mozilla/5.0 (compatible; DotBot/1.2; +https://opensiteexplorer.org/dotbot; help@moz.com)"
216.244.66.239 - - [10/Dec/2025:12:53:16 +0100] "GET /platby/article.php?5d4c26=fcc-unlicensed-frequency-bands HTTP/1.1" 200 15692 "-" "Mozilla/5.0 (compatible; DotBot/1.2; +https://opensiteexplorer.org/dotbot; help@moz.com)"
216.244.66.239 - - [10/Dec/2025:12:53:18 +0100] "GET /platby/article.php?5d4c26=foreo-luna-play-plus-battery HTTP/1.1" 200 24886 "-" "Mozilla/5.0 (compatible; DotBot/1.2; +https://opensiteexplorer.org/dotbot; help@moz.com)"
216.244.66.239 - - [10/Dec/2025:12:53:19 +0100] "GET /platby/article.php?5d4c26=healthy-lifestyle-food HTTP/1.1" 200 21075 "-" "Mozilla/5.0 (compatible; DotBot/1.2; +https://opensiteexplorer.org/dotbot; help@moz.com)"
216.244.66.239 - - [10/Dec/2025:12:53:21 +0100] "GET /platby/article.php?5d4c26=how-to-cheer-up-a-friend-with-a-broken-heart HTTP/1.1" 200 16719 "-" "Mozilla/5.0 (compatible; DotBot/1.2; +https://opensiteexplorer.org/dotbot; help@moz.com)"
216.244.66.239 - - [10/Dec/2025:12:53:22 +0100] "GET /platby/article.php?5d4c26=how-to-file-a-complaint-against-a-co-worker-for-harassment HTTP/1.1" 200 22947 "-" "Mozilla/5.0 (compatible; DotBot/1.2; +https://opensiteexplorer.org/dotbot; help@moz.com)"
185.191.171.9 - - [10/Dec/2025:12:53:23 +0100] "GET /platby/aohwuyx/solar-farm-companies-stock HTTP/1.1" 200 14652 "-" "Mozilla/5.0 (compatible; SemrushBot/7~bl; +http://www.semrush.com/bot.html)"
216.244.66.239 - - [10/Dec/2025:12:53:23 +0100] "GET /platby/article.php?5d4c26=how-to-find-the-milky-way-with-google-sky-map HTTP/1.1" 200 20619 "-" "Mozilla/5.0 (compatible; DotBot/1.2; +https://opensiteexplorer.org/dotbot; help@moz.com)"
216.244.66.239 - - [10/Dec/2025:12:53:25 +0100] "GET /platby/article.php?5d4c26=how-to-use-unicode-in-word HTTP/1.1" 200 17464 "-" "Mozilla/5.0 (compatible; DotBot/1.2; +https://opensiteexplorer.org/dotbot; help@moz.com)"
85.208.96.210 - - [10/Dec/2025:12:53:26 +0100] "GET /platby/72zbxoz/glossier-discount-code HTTP/1.1" 200 9582 "-" "Mozilla/5.0 (compatible; SemrushBot/7~bl; +http://www.semrush.com/bot.html)"
216.244.66.239 - - [10/Dec/2025:12:53:26 +0100] "GET /platby/article.php?5d4c26=hoy-puede-ser-un-gran-d%C3%ADa-english-translation HTTP/1.1" 200 21004 "-" "Mozilla/5.0 (compatible; DotBot/1.2; +https://opensiteexplorer.org/dotbot; help@moz.com)"
216.244.66.239 - - [10/Dec/2025:12:53:28 +0100] "GET /platby/article.php?5d4c26=hum-sitaray-dirilis-season-1-episode-5 HTTP/1.1" 200 24365 "-" "Mozilla/5.0 (compatible; DotBot/1.2; +https://opensiteexplorer.org/dotbot; help@moz.com)"
216.244.66.239 - - [10/Dec/2025:12:53:30 +0100] "GET /platby/article.php?5d4c26=if-i-ruled-the-world-original-lyrics HTTP/1.1" 200 18291 "-" "Mozilla/5.0 (compatible; DotBot/1.2; +https://opensiteexplorer.org/dotbot; help@moz.com)"
216.244.66.239 - - [10/Dec/2025:12:53:31 +0100] "GET /platby/article.php?5d4c26=importance-of-smart-technology HTTP/1.1" 200 22386 "-" "Mozilla/5.0 (compatible; DotBot/1.2; +https://opensiteexplorer.org/dotbot; help@moz.com)"
216.244.66.239 - - [10/Dec/2025:12:53:35 +0100] "GET /platby/article.php?5d4c26=investment-management-data-model HTTP/1.1" 200 15393 "-" "Mozilla/5.0 (compatible; DotBot/1.2; +https://opensiteexplorer.org/dotbot; help@moz.com)"
216.244.66.239 - - [10/Dec/2025:12:53:38 +0100] "GET /platby/article.php?5d4c26=is-it-worth-going-to-thailand-in-june HTTP/1.1" 200 15839 "-" "Mozilla/5.0 (compatible; DotBot/1.2; +https://opensiteexplorer.org/dotbot; help@moz.com)"
216.244.66.239 - - [10/Dec/2025:12:53:40 +0100] "GET /platby/article.php?5d4c26=jeopardy-categories-before-and-after HTTP/1.1" 200 17196 "-" "Mozilla/5.0 (compatible; DotBot/1.2; +https://opensiteexplorer.org/dotbot; help@moz.com)"
216.244.66.239 - - [10/Dec/2025:12:53:43 +0100] "GET /platby/article.php?5d4c26=king-for-a-day-lyrics-faith-no-more HTTP/1.1" 200 20872 "-" "Mozilla/5.0 (compatible; DotBot/1.2; +https://opensiteexplorer.org/dotbot; help@moz.com)"
185.194.8.128 - - [10/Dec/2025:12:53:43 +0100] "GET /platby/qqap/south-woods-middle-school HTTP/1.1" 200 11407 "-" "Mozilla/5.0 (iPhone; CPU iPhone OS 14_2_1 like Mac OS X) AppleWebKit/533.1 (KHTML, like Gecko) CriOS/25.0.825.0 Mobile/65P800 Safari/533.1"
216.244.66.239 - - [10/Dec/2025:12:53:45 +0100] "GET /platby/article.php?5d4c26=lg-smart-tv-chinese-input HTTP/1.1" 200 20752 "-" "Mozilla/5.0 (compatible; DotBot/1.2; +https://opensiteexplorer.org/dotbot; help@moz.com)"
216.244.66.239 - - [10/Dec/2025:12:53:48 +0100] "GET /platby/article.php?5d4c26=mass-definition-for-kids HTTP/1.1" 200 26703 "-" "Mozilla/5.0 (compatible; DotBot/1.2; +https://opensiteexplorer.org/dotbot; help@moz.com)"
216.244.66.239 - - [10/Dec/2025:12:53:50 +0100] "GET /platby/article.php?5d4c26=new-life-colorado-springs HTTP/1.1" 200 17585 "-" "Mozilla/5.0 (compatible; DotBot/1.2; +https://opensiteexplorer.org/dotbot; help@moz.com)"
185.191.171.7 - - [10/Dec/2025:12:53:51 +0100] "GET /platby/72zbxoz/dazed-and-confused-monologues HTTP/1.1" 200 7881 "-" "Mozilla/5.0 (compatible; SemrushBot/7~bl; +http://www.semrush.com/bot.html)"
216.244.66.239 - - [10/Dec/2025:12:53:52 +0100] "GET /platby/article.php?5d4c26=nfl-defense-rankings HTTP/1.1" 200 18709 "-" "Mozilla/5.0 (compatible; DotBot/1.2; +https://opensiteexplorer.org/dotbot; help@moz.com)"
185.191.171.9 - - [10/Dec/2025:12:53:53 +0100] "GET /platby/aohwuyx/inter-turku-vs-mariehamn-footystats HTTP/1.1" 200 11917 "-" "Mozilla/5.0 (compatible; SemrushBot/7~bl; +http://www.semrush.com/bot.html)"
216.244.66.239 - - [10/Dec/2025:12:53:56 +0100] "GET /platby/article.php?5d4c26=nick-tompkins-highlights HTTP/1.1" 200 20450 "-" "Mozilla/5.0 (compatible; DotBot/1.2; +https://opensiteexplorer.org/dotbot; help@moz.com)"
216.244.66.239 - - [10/Dec/2025:12:54:01 +0100] "GET /platby/article.php?5d4c26=off-white-presto-zip-tie-legit-check HTTP/1.1" 200 25858 "-" "Mozilla/5.0 (compatible; DotBot/1.2; +https://opensiteexplorer.org/dotbot; help@moz.com)"
185.191.171.9 - - [10/Dec/2025:12:54:04 +0100] "GET /platby/72zbxoz/computational-fluid-dynamics-fundamentals-course HTTP/1.1" 200 13414 "-" "Mozilla/5.0 (compatible; SemrushBot/7~bl; +http://www.semrush.com/bot.html)"
216.244.66.239 - - [10/Dec/2025:12:54:04 +0100] "GET /platby/article.php?5d4c26=sesame-street-songs-manamana HTTP/1.1" 200 16603 "-" "Mozilla/5.0 (compatible; DotBot/1.2; +https://opensiteexplorer.org/dotbot; help@moz.com)"
216.244.66.239 - - [10/Dec/2025:12:54:07 +0100] "GET /platby/article.php?5d4c26=south-park-stick-of-truth-sewer-map HTTP/1.1" 200 22151 "-" "Mozilla/5.0 (compatible; DotBot/1.2; +https://opensiteexplorer.org/dotbot; help@moz.com)"
216.244.66.239 - - [10/Dec/2025:12:54:11 +0100] "GET /platby/article.php?5d4c26=suddenlink-customer-service HTTP/1.1" 200 22242 "-" "Mozilla/5.0 (compatible; DotBot/1.2; +https://opensiteexplorer.org/dotbot; help@moz.com)"
216.244.66.239 - - [10/Dec/2025:12:54:16 +0100] "GET /platby/article.php?5d4c26=sweat-it-out-meaning-in-urdu HTTP/1.1" 200 14191 "-" "Mozilla/5.0 (compatible; DotBot/1.2; +https://opensiteexplorer.org/dotbot; help@moz.com)"
216.244.66.239 - - [10/Dec/2025:12:54:20 +0100] "GET /platby/article.php?5d4c26=brand-photography-philadelphia HTTP/1.1" 200 17681 "-" "Mozilla/5.0 (compatible; DotBot/1.2; +https://opensiteexplorer.org/dotbot; help@moz.com)"
216.244.66.239 - - [10/Dec/2025:12:54:25 +0100] "GET /platby/article.php?5d4c26=mission-san-luis-rey-parish HTTP/1.1" 200 21469 "-" "Mozilla/5.0 (compatible; DotBot/1.2; +https://opensiteexplorer.org/dotbot; help@moz.com)"
216.244.66.239 - - [10/Dec/2025:12:54:28 +0100] "GET /platby/uwoy9/npm-documentation-generator HTTP/1.1" 200 31296 "-" "Mozilla/5.0 (compatible; DotBot/1.2; +https://opensiteexplorer.org/dotbot; help@moz.com)"
216.244.66.239 - - [10/Dec/2025:12:54:31 +0100] "GET /platby/uwoy9/the-beatles-collection-vinyl-box-set-australia HTTP/1.1" 200 47205 "-" "Mozilla/5.0 (compatible; DotBot/1.2; +https://opensiteexplorer.org/dotbot; help@moz.com)"
216.244.66.239 - - [10/Dec/2025:12:54:34 +0100] "GET /platby/aohwuyx/leon-cooperman-short-positions HTTP/1.1" 200 43646 "-" "Mozilla/5.0 (compatible; DotBot/1.2; +https://opensiteexplorer.org/dotbot; help@moz.com)"
216.244.66.239 - - [10/Dec/2025:12:54:37 +0100] "GET /platby/uwoy9/nascar-racing-podcast HTTP/1.1" 200 34575 "-" "Mozilla/5.0 (compatible; DotBot/1.2; +https://opensiteexplorer.org/dotbot; help@moz.com)"
216.244.66.239 - - [10/Dec/2025:12:54:38 +0100] "GET /platby/uwoy9/resona-bank-international-transfer HTTP/1.1" 200 45876 "-" "Mozilla/5.0 (compatible; DotBot/1.2; +https://opensiteexplorer.org/dotbot; help@moz.com)"
216.244.66.239 - - [10/Dec/2025:12:54:41 +0100] "GET /platby/aohwuyx/install-disk-image-mounter-kali-linux HTTP/1.1" 200 39215 "-" "Mozilla/5.0 (compatible; DotBot/1.2; +https://opensiteexplorer.org/dotbot; help@moz.com)"
185.191.171.19 - - [10/Dec/2025:12:55:12 +0100] "GET /platby/aohwuyx/milton-academy-tuition HTTP/1.1" 200 10143 "-" "Mozilla/5.0 (compatible; SemrushBot/7~bl; +http://www.semrush.com/bot.html)"
185.191.171.10 - - [10/Dec/2025:12:55:17 +0100] "GET /platby/uwoy9/danny-welbeck-assist-king HTTP/1.1" 200 12807 "-" "Mozilla/5.0 (compatible; SemrushBot/7~bl; +http://www.semrush.com/bot.html)"
185.191.171.15 - - [10/Dec/2025:12:55:23 +0100] "GET /platby/72zbxoz/bestowed-or-allowed-crossword HTTP/1.1" 200 12758 "-" "Mozilla/5.0 (compatible; SemrushBot/7~bl; +http://www.semrush.com/bot.html)"
85.208.96.200 - - [10/Dec/2025:12:55:43 +0100] "GET /platby/qqap/first-round-draft-picks-nfl-2021 HTTP/1.1" 200 10222 "-" "Mozilla/5.0 (compatible; SemrushBot/7~bl; +http://www.semrush.com/bot.html)"
85.208.96.212 - - [10/Dec/2025:12:55:58 +0100] "GET /platby/uwoy9/romeo-and-juliet-summary-script HTTP/1.1" 200 10683 "-" "Mozilla/5.0 (compatible; SemrushBot/7~bl; +http://www.semrush.com/bot.html)"
185.191.171.2 - - [10/Dec/2025:12:56:30 +0100] "GET /platby/aohwuyx/ghosts-along-the-mississippi-tab HTTP/1.1" 200 14829 "-" "Mozilla/5.0 (compatible; SemrushBot/7~bl; +http://www.semrush.com/bot.html)"
185.191.171.10 - - [10/Dec/2025:12:56:40 +0100] "GET /platby/72zbxoz/notification-bubbles-disable HTTP/1.1" 200 8055 "-" "Mozilla/5.0 (compatible; SemrushBot/7~bl; +http://www.semrush.com/bot.html)"
185.191.171.19 - - [10/Dec/2025:12:56:47 +0100] "GET /platby/uwoy9/hp-safe-mode-f8-not-working-windows-10 HTTP/1.1" 200 8001 "-" "Mozilla/5.0 (compatible; SemrushBot/7~bl; +http://www.semrush.com/bot.html)"
195.177.94.189 - - [10/Dec/2025:12:56:47 +0100] "GET /phpmyadmin/scripts/setup.php HTTP/1.1" 200 11106 "-" "Mozilla/4.0 (compatible; MSIE 6.0; MSIE 5.5; Windows NT 5.1) Opera 7.01 [en]"
195.177.94.189 - - [10/Dec/2025:12:56:47 +0100] "POST /phpmyadmin/scripts/setup.php HTTP/1.1" 200 18608 "http://109.105.49.240:8081/phpmyadmin/scripts/setup.php" "Mozilla/4.0 (compatible; MSIE 6.0; MSIE 5.5; Windows NT 5.1) Opera 7.01 [en]"
85.208.96.204 - - [10/Dec/2025:12:56:48 +0100] "GET /platby/uwoy9/animal-i-have-become-tab-standard-tuning HTTP/1.1" 200 10298 "-" "Mozilla/5.0 (compatible; SemrushBot/7~bl; +http://www.semrush.com/bot.html)"
85.208.96.208 - - [10/Dec/2025:12:56:56 +0100] "GET /platby/aohwuyx/rapport-formation-in-psychology HTTP/1.1" 200 13230 "-" "Mozilla/5.0 (compatible; SemrushBot/7~bl; +http://www.semrush.com/bot.html)"
85.208.96.208 - - [10/Dec/2025:12:56:58 +0100] "GET /platby/aohwuyx/hardware-video-capture HTTP/1.1" 200 14677 "-" "Mozilla/5.0 (compatible; SemrushBot/7~bl; +http://www.semrush.com/bot.html)"
185.191.171.16 - - [10/Dec/2025:12:57:01 +0100] "GET /platby/qqap/daphne-o'connor-actor HTTP/1.1" 200 8824 "-" "Mozilla/5.0 (compatible; SemrushBot/7~bl; +http://www.semrush.com/bot.html)"
185.191.171.3 - - [10/Dec/2025:12:57:07 +0100] "GET /platby/72zbxoz/crash-bandicoot-the-wrath-of-cortex-rom-gamecube HTTP/1.1" 200 7546 "-" "Mozilla/5.0 (compatible; SemrushBot/7~bl; +http://www.semrush.com/bot.html)"
185.191.171.8 - - [10/Dec/2025:12:57:14 +0100] "GET /platby/aohwuyx/hero-bikes-new-launch-2021-splendor-plus HTTP/1.1" 200 10989 "-" "Mozilla/5.0 (compatible; SemrushBot/7~bl; +http://www.semrush.com/bot.html)"
185.191.171.19 - - [10/Dec/2025:12:57:23 +0100] "GET /platby/uwoy9/peoples-hernandez-meme HTTP/1.1" 200 10914 "-" "Mozilla/5.0 (compatible; SemrushBot/7~bl; +http://www.semrush.com/bot.html)"
185.191.171.18 - - [10/Dec/2025:12:57:25 +0100] "GET /platby/72zbxoz/mid-staffordshire-hospital-failings-bbc HTTP/1.1" 200 12499 "-" "Mozilla/5.0 (compatible; SemrushBot/7~bl; +http://www.semrush.com/bot.html)"
204.76.203.206 - - [10/Dec/2025:12:57:41 +0100] "GET /" 400 468 "-" "-"
185.191.171.17 - - [10/Dec/2025:12:57:51 +0100] "GET /platby/hca/aircraft-dynamics-and-automatic-control-pdf HTTP/1.1" 200 10440 "-" "Mozilla/5.0 (compatible; SemrushBot/7~bl; +http://www.semrush.com/bot.html)"
195.177.94.189 - - [10/Dec/2025:12:57:53 +0100] "GET /phpmyadmin/scripts/setup.php HTTP/1.1" 200 11105 "-" "Mozilla/4.0 (compatible; MSIE 6.0; MSIE 5.5; Windows NT 5.1) Opera 7.01 [en]"
195.177.94.189 - - [10/Dec/2025:12:57:54 +0100] "POST /phpmyadmin/scripts/setup.php HTTP/1.1" 200 18608 "http://109.105.49.240:443/phpmyadmin/scripts/setup.php" "Mozilla/4.0 (compatible; MSIE 6.0; MSIE 5.5; Windows NT 5.1) Opera 7.01 [en]"
185.191.171.1 - - [10/Dec/2025:12:57:54 +0100] "GET /platby/uwoy9/deer-resistant-native-shrubs HTTP/1.1" 200 11029 "-" "Mozilla/5.0 (compatible; SemrushBot/7~bl; +http://www.semrush.com/bot.html)"
185.191.171.2 - - [10/Dec/2025:12:58:22 +0100] "GET /platby/72zbxoz/melonds-bios-retroarch HTTP/1.1" 200 12911 "-" "Mozilla/5.0 (compatible; SemrushBot/7~bl; +http://www.semrush.com/bot.html)"
204.76.203.206 - - [10/Dec/2025:12:58:46 +0100] "GET / HTTP/1.1" 200 316 "-" "Mozilla/5.0 (Windows NT 10.0; Win64; x64) AppleWebKit/537.36 (KHTML, like Gecko) Chrome/90.0.4430.85 Safari/537.36 Edg/90.0.818.46"
54.84.169.196 - - [10/Dec/2025:12:58:49 +0100] "GET /platby/qqap/flowering-plants-of-new-mexico HTTP/1.1" 200 11843 "-" "Mozilla/5.0 AppleWebKit/537.36 (KHTML, like Gecko; compatible; Amazonbot/0.1; +https://developer.amazon.com/support/amazonbot) Chrome/119.0.6045.214 Safari/537.36"
54.90.244.132 - - [10/Dec/2025:12:58:52 +0100] "GET /platby/qqap/cute-names-for-a-duck-house HTTP/1.1" 200 6652 "-" "Mozilla/5.0 AppleWebKit/537.36 (KHTML, like Gecko; compatible; Amazonbot/0.1; +https://developer.amazon.com/support/amazonbot) Chrome/119.0.6045.214 Safari/537.36"
54.197.114.76 - - [10/Dec/2025:12:58:57 +0100] "GET /platby/qqap/lebanon-kansas-to-sioux-falls HTTP/1.1" 200 11219 "-" "Mozilla/5.0 AppleWebKit/537.36 (KHTML, like Gecko; compatible; Amazonbot/0.1; +https://developer.amazon.com/support/amazonbot) Chrome/119.0.6045.214 Safari/537.36"
52.6.232.201 - - [10/Dec/2025:12:59:00 +0100] "GET /platby/72zbxoz/sephora-makeup-application-covid HTTP/1.1" 200 12675 "-" "Mozilla/5.0 AppleWebKit/537.36 (KHTML, like Gecko; compatible; Amazonbot/0.1; +https://developer.amazon.com/support/amazonbot) Chrome/119.0.6045.214 Safari/537.36"
54.235.191.179 - - [10/Dec/2025:12:59:06 +0100] "GET /platby/72zbxoz/holy-cross-women's-hockey-coach HTTP/1.1" 200 7538 "-" "Mozilla/5.0 AppleWebKit/537.36 (KHTML, like Gecko; compatible; Amazonbot/0.1; +https://developer.amazon.com/support/amazonbot) Chrome/119.0.6045.214 Safari/537.36"
44.207.252.58 - - [10/Dec/2025:12:59:09 +0100] "GET /platby/72zbxoz/cirque-du-soleil-adults-only-show HTTP/1.1" 200 9411 "-" "Mozilla/5.0 AppleWebKit/537.36 (KHTML, like Gecko; compatible; Amazonbot/0.1; +https://developer.amazon.com/support/amazonbot) Chrome/119.0.6045.214 Safari/537.36"
34.205.170.13 - - [10/Dec/2025:12:59:14 +0100] "GET /platby/72zbxoz/bottle-rocket-firework-launcher HTTP/1.1" 200 14000 "-" "Mozilla/5.0 AppleWebKit/537.36 (KHTML, like Gecko; compatible; Amazonbot/0.1; +https://developer.amazon.com/support/amazonbot) Chrome/119.0.6045.214 Safari/537.36"
35.171.141.42 - - [10/Dec/2025:12:59:17 +0100] "GET /platby/72zbxoz/transfer-time-from-antalya-airport-to-belek HTTP/1.1" 200 11030 "-" "Mozilla/5.0 AppleWebKit/537.36 (KHTML, like Gecko; compatible; Amazonbot/0.1; +https://developer.amazon.com/support/amazonbot) Chrome/119.0.6045.214 Safari/537.36"
85.208.96.202 - - [10/Dec/2025:12:59:19 +0100] "GET /platby/aohwuyx/is-tim-bagley-related-to-ed-bagley HTTP/1.1" 200 10778 "-" "Mozilla/5.0 (compatible; SemrushBot/7~bl; +http://www.semrush.com/bot.html)"
54.157.99.244 - - [10/Dec/2025:12:59:21 +0100] "GET /platby/qqap/michael-hampton-brainstorm HTTP/1.1" 200 9989 "-" "Mozilla/5.0 AppleWebKit/537.36 (KHTML, like Gecko; compatible; Amazonbot/0.1; +https://developer.amazon.com/support/amazonbot) Chrome/119.0.6045.214 Safari/537.36"
34.206.193.60 - - [10/Dec/2025:12:59:25 +0100] "GET /platby/72zbxoz/dante-fowler-dates-joined HTTP/1.1" 200 12653 "-" "Mozilla/5.0 AppleWebKit/537.36 (KHTML, like Gecko; compatible; Amazonbot/0.1; +https://developer.amazon.com/support/amazonbot) Chrome/119.0.6045.214 Safari/537.36"
52.73.142.41 - - [10/Dec/2025:12:59:28 +0100] "GET /platby/72zbxoz/why-is-my-alcatel-linkzone-2-not-working HTTP/1.1" 200 13628 "-" "Mozilla/5.0 AppleWebKit/537.36 (KHTML, like Gecko; compatible; Amazonbot/0.1; +https://developer.amazon.com/support/amazonbot) Chrome/119.0.6045.214 Safari/537.36"
85.208.96.209 - - [10/Dec/2025:12:59:33 +0100] "GET /platby/72zbxoz/mickey-mouse-cartoon-characters HTTP/1.1" 200 12621 "-" "Mozilla/5.0 (compatible; SemrushBot/7~bl; +http://www.semrush.com/bot.html)"
18.205.213.231 - - [10/Dec/2025:12:59:34 +0100] "GET /platby/72zbxoz/the-social-dilemma-summary-essay HTTP/1.1" 200 8148 "-" "Mozilla/5.0 AppleWebKit/537.36 (KHTML, like Gecko; compatible; Amazonbot/0.1; +https://developer.amazon.com/support/amazonbot) Chrome/119.0.6045.214 Safari/537.36"
98.83.8.142 - - [10/Dec/2025:12:59:35 +0100] "GET /platby/72zbxoz/solent-university-qs-ranking-2020 HTTP/1.1" 200 12470 "-" "Mozilla/5.0 AppleWebKit/537.36 (KHTML, like Gecko; compatible; Amazonbot/0.1; +https://developer.amazon.com/support/amazonbot) Chrome/119.0.6045.214 Safari/537.36"
52.44.148.203 - - [10/Dec/2025:12:59:43 +0100] "GET /platby/72zbxoz/stanley-druckenmiller HTTP/1.1" 200 12681 "-" "Mozilla/5.0 AppleWebKit/537.36 (KHTML, like Gecko; compatible; Amazonbot/0.1; +https://developer.amazon.com/support/amazonbot) Chrome/119.0.6045.214 Safari/537.36"
44.212.131.50 - - [10/Dec/2025:12:59:44 +0100] "GET /platby/72zbxoz/todd-gurley-rise-and-fall HTTP/1.1" 200 9450 "-" "Mozilla/5.0 AppleWebKit/537.36 (KHTML, like Gecko; compatible; Amazonbot/0.1; +https://developer.amazon.com/support/amazonbot) Chrome/119.0.6045.214 Safari/537.36"
54.89.90.224 - - [10/Dec/2025:12:59:52 +0100] "GET /platby/72zbxoz/american-accent-training HTTP/1.1" 200 11645 "-" "Mozilla/5.0 AppleWebKit/537.36 (KHTML, like Gecko; compatible; Amazonbot/0.1; +https://developer.amazon.com/support/amazonbot) Chrome/119.0.6045.214 Safari/537.36"
35.171.141.42 - - [10/Dec/2025:12:59:55 +0100] "GET /platby/72zbxoz/jerryd-bayless-retirement HTTP/1.1" 200 10536 "-" "Mozilla/5.0 AppleWebKit/537.36 (KHTML, like Gecko; compatible; Amazonbot/0.1; +https://developer.amazon.com/support/amazonbot) Chrome/119.0.6045.214 Safari/537.36"
18.208.11.93 - - [10/Dec/2025:12:59:57 +0100] "GET /platby/72zbxoz/venetian-housekeeping-jobs HTTP/1.1" 200 10020 "-" "Mozilla/5.0 AppleWebKit/537.36 (KHTML, like Gecko; compatible; Amazonbot/0.1; +https://developer.amazon.com/support/amazonbot) Chrome/119.0.6045.214 Safari/537.36"
85.208.96.196 - - [10/Dec/2025:13:00:01 +0100] "GET /platby/72zbxoz/iceland-matches-today HTTP/1.1" 200 9112 "-" "Mozilla/5.0 (compatible; SemrushBot/7~bl; +http://www.semrush.com/bot.html)"
98.82.40.168 - - [10/Dec/2025:13:00:02 +0100] "GET /platby/qqap/rob-garland-johnson-net-worth HTTP/1.1" 200 12361 "-" "Mozilla/5.0 AppleWebKit/537.36 (KHTML, like Gecko; compatible; Amazonbot/0.1; +https://developer.amazon.com/support/amazonbot) Chrome/119.0.6045.214 Safari/537.36"
85.208.96.204 - - [10/Dec/2025:13:00:02 +0100] "GET /platby/hca/white-stripes-ukulele-we-are-going-to-be-friends HTTP/1.1" 200 8366 "-" "Mozilla/5.0 (compatible; SemrushBot/7~bl; +http://www.semrush.com/bot.html)"
3.213.106.226 - - [10/Dec/2025:13:00:05 +0100] "GET /platby/72zbxoz/university-of-kentucky-colors HTTP/1.1" 200 16292 "-" "Mozilla/5.0 AppleWebKit/537.36 (KHTML, like Gecko; compatible; Amazonbot/0.1; +https://developer.amazon.com/support/amazonbot) Chrome/119.0.6045.214 Safari/537.36"
54.87.62.248 - - [10/Dec/2025:13:00:07 +0100] "GET /platby/72zbxoz/international-schools-bavaria HTTP/1.1" 200 10314 "-" "Mozilla/5.0 AppleWebKit/537.36 (KHTML, like Gecko; compatible; Amazonbot/0.1; +https://developer.amazon.com/support/amazonbot) Chrome/119.0.6045.214 Safari/537.36"
185.191.171.2 - - [10/Dec/2025:13:00:09 +0100] "GET /platby/uwoy9/how-was-the-universe-created-from-nothing HTTP/1.1" 200 8375 "-" "Mozilla/5.0 (compatible; SemrushBot/7~bl; +http://www.semrush.com/bot.html)"
54.167.32.123 - - [10/Dec/2025:13:00:13 +0100] "GET /platby/72zbxoz/mickey-mouse-cartoon-characters HTTP/1.1" 200 12621 "-" "Mozilla/5.0 AppleWebKit/537.36 (KHTML, like Gecko; compatible; Amazonbot/0.1; +https://developer.amazon.com/support/amazonbot) Chrome/119.0.6045.214 Safari/537.36"
52.200.251.20 - - [10/Dec/2025:13:00:18 +0100] "GET /platby/72zbxoz/substantial-pronunciation HTTP/1.1" 200 14721 "-" "Mozilla/5.0 AppleWebKit/537.36 (KHTML, like Gecko; compatible; Amazonbot/0.1; +https://developer.amazon.com/support/amazonbot) Chrome/119.0.6045.214 Safari/537.36"
5.187.35.158 - - [10/Dec/2025:13:00:20 +0100] "\x16\x03\x01\x01\x10\x01" 403 265 "-" "-"
54.89.90.224 - - [10/Dec/2025:13:00:22 +0100] "GET /platby/72zbxoz/renewable-energy-reading-comprehension-worksheet HTTP/1.1" 200 13675 "-" "Mozilla/5.0 AppleWebKit/537.36 (KHTML, like Gecko; compatible; Amazonbot/0.1; +https://developer.amazon.com/support/amazonbot) Chrome/119.0.6045.214 Safari/537.36"
52.70.209.13 - - [10/Dec/2025:13:00:25 +0100] "GET /platby/72zbxoz/collin-sexton-shoe-deal HTTP/1.1" 200 13430 "-" "Mozilla/5.0 AppleWebKit/537.36 (KHTML, like Gecko; compatible; Amazonbot/0.1; +https://developer.amazon.com/support/amazonbot) Chrome/119.0.6045.214 Safari/537.36"
3.227.180.70 - - [10/Dec/2025:13:00:29 +0100] "GET /platby/72zbxoz/diversity-and-inclusion-trainers HTTP/1.1" 200 14503 "-" "Mozilla/5.0 AppleWebKit/537.36 (KHTML, like Gecko; compatible; Amazonbot/0.1; +https://developer.amazon.com/support/amazonbot) Chrome/119.0.6045.214 Safari/537.36"
44.205.120.22 - - [10/Dec/2025:13:00:35 +0100] "GET /platby/qqap/quotes-about-not-listening-to-others'-opinions HTTP/1.1" 200 7002 "-" "Mozilla/5.0 AppleWebKit/537.36 (KHTML, like Gecko; compatible; Amazonbot/0.1; +https://developer.amazon.com/support/amazonbot) Chrome/119.0.6045.214 Safari/537.36"
3.89.176.255 - - [10/Dec/2025:13:00:37 +0100] "GET /platby/72zbxoz/tom-snyder-charles-manson HTTP/1.1" 200 12073 "-" "Mozilla/5.0 AppleWebKit/537.36 (KHTML, like Gecko; compatible; Amazonbot/0.1; +https://developer.amazon.com/support/amazonbot) Chrome/119.0.6045.214 Safari/537.36"
85.208.96.199 - - [10/Dec/2025:13:00:38 +0100] "GET /platby/hca/dane-cook-vicious-circle-transcript HTTP/1.1" 200 10850 "-" "Mozilla/5.0 (compatible; SemrushBot/7~bl; +http://www.semrush.com/bot.html)"
44.207.69.106 - - [10/Dec/2025:13:00:42 +0100] "GET /platby/72zbxoz/highest-rated-fifa-18-players HTTP/1.1" 200 12803 "-" "Mozilla/5.0 AppleWebKit/537.36 (KHTML, like Gecko; compatible; Amazonbot/0.1; +https://developer.amazon.com/support/amazonbot) Chrome/119.0.6045.214 Safari/537.36"
52.45.194.165 - - [10/Dec/2025:13:00:45 +0100] "GET /platby/72zbxoz/violet-crown-clubhouse HTTP/1.1" 200 14858 "-" "Mozilla/5.0 AppleWebKit/537.36 (KHTML, like Gecko; compatible; Amazonbot/0.1; +https://developer.amazon.com/support/amazonbot) Chrome/119.0.6045.214 Safari/537.36"
85.208.96.204 - - [10/Dec/2025:13:00:46 +0100] "GET /platby/72zbxoz/phpunit-gitlab-ci-coverage&sa=U&ved=2ahUKEwiNqYutjrb1AhXEjokEHT9rCEY4ChAWegQIABAC&usg=AOvVaw1UGH9JJwMTVvq_z9iUYKWP/blue-demon-cause-of-death HTTP/1.1" 200 16162 "-" "Mozilla/5.0 (compatible; SemrushBot/7~bl; +http://www.semrush.com/bot.html)"
3.210.29.96 - - [10/Dec/2025:13:00:48 +0100] "GET /platby/72zbxoz/essay-on-importance-of-being-a-good-listener HTTP/1.1" 200 10593 "-" "Mozilla/5.0 AppleWebKit/537.36 (KHTML, like Gecko; compatible; Amazonbot/0.1; +https://developer.amazon.com/support/amazonbot) Chrome/119.0.6045.214 Safari/537.36"
185.191.171.14 - - [10/Dec/2025:13:00:54 +0100] "GET /platby/uwoy9/dog-friendly-bars-portland HTTP/1.1" 200 13082 "-" "Mozilla/5.0 (compatible; SemrushBot/7~bl; +http://www.semrush.com/bot.html)"
185.191.171.13 - - [10/Dec/2025:13:00:57 +0100] "GET /platby/qqap/make-sentence-with-the-following-words-clean HTTP/1.1" 200 12400 "-" "Mozilla/5.0 (compatible; SemrushBot/7~bl; +http://www.semrush.com/bot.html)"
185.191.171.8 - - [10/Dec/2025:13:00:59 +0100] "GET /platby/uwoy9/laptop-with-best-webcam HTTP/1.1" 200 12506 "-" "Mozilla/5.0 (compatible; SemrushBot/7~bl; +http://www.semrush.com/bot.html)"
85.208.96.199 - - [10/Dec/2025:13:01:00 +0100] "GET /platby/qqap/sergio-corbucci-westerns HTTP/1.1" 200 8166 "-" "Mozilla/5.0 (compatible; SemrushBot/7~bl; +http://www.semrush.com/bot.html)"
185.191.171.16 - - [10/Dec/2025:13:01:06 +0100] "GET /platby/qqap/notification-not-showing-in-android-10-programmatically HTTP/1.1" 200 13070 "-" "Mozilla/5.0 (compatible; SemrushBot/7~bl; +http://www.semrush.com/bot.html)"
185.191.171.6 - - [10/Dec/2025:13:01:16 +0100] "GET /platby/qqap/island-of-a-thousand-mirrors HTTP/1.1" 200 5871 "-" "Mozilla/5.0 (compatible; SemrushBot/7~bl; +http://www.semrush.com/bot.html)"
185.191.171.8 - - [10/Dec/2025:13:01:18 +0100] "GET /platby/aohwuyx/human-torch-michael-b-jordan HTTP/1.1" 200 10856 "-" "Mozilla/5.0 (compatible; SemrushBot/7~bl; +http://www.semrush.com/bot.html)"
185.191.171.8 - - [10/Dec/2025:13:01:26 +0100] "GET /platby/uwoy9/drone-flight-dynamics HTTP/1.1" 200 9785 "-" "Mozilla/5.0 (compatible; SemrushBot/7~bl; +http://www.semrush.com/bot.html)"
