85.208.96.211 - - [10/Dec/2025:11:44:17 +0100] "GET /platby/qqap/kanban-david-j-anderson HTTP/1.1" 200 6731 "-" "Mozilla/5.0 (compatible; SemrushBot/7~bl; +http://www.semrush.com/bot.html)"
85.208.96.206 - - [10/Dec/2025:11:44:36 +0100] "GET /platby/qqap/jira-api-postman-collection HTTP/1.1" 200 8338 "-" "Mozilla/5.0 (compatible; SemrushBot/7~bl; +http://www.semrush.com/bot.html)"
85.208.96.207 - - [10/Dec/2025:11:44:49 +0100] "GET /platby/hca/h-e-b-texas-tough-bags-variety-pack HTTP/1.1" 200 10539 "-" "Mozilla/5.0 (compatible; SemrushBot/7~bl; +http://www.semrush.com/bot.html)"
185.191.171.6 - - [10/Dec/2025:11:44:51 +0100] "GET /platby/hca/windows-10-arm64-virtual-machine HTTP/1.1" 200 11469 "-" "Mozilla/5.0 (compatible; SemrushBot/7~bl; +http://www.semrush.com/bot.html)"
185.191.171.13 - - [10/Dec/2025:11:45:19 +0100] "GET /platby/hca/frosted-diesel-strain HTTP/1.1" 200 11319 "-" "Mozilla/5.0 (compatible; SemrushBot/7~bl; +http://www.semrush.com/bot.html)"
85.208.96.207 - - [10/Dec/2025:11:45:30 +0100] "GET /platby/qqap/hattie-mcdaniel-childhood HTTP/1.1" 200 6745 "-" "Mozilla/5.0 (compatible; SemrushBot/7~bl; +http://www.semrush.com/bot.html)"
85.208.96.206 - - [10/Dec/2025:11:45:36 +0100] "GET /platby/uwoy9/canada-men's-national-basketball-team-players HTTP/1.1" 200 9545 "-" "Mozilla/5.0 (compatible; SemrushBot/7~bl; +http://www.semrush.com/bot.html)"
185.191.171.12 - - [10/Dec/2025:11:45:43 +0100] "GET /platby/uwoy9/how-to-use-confluence-for-project-management HTTP/1.1" 200 13109 "-" "Mozilla/5.0 (compatible; SemrushBot/7~bl; +http://www.semrush.com/bot.html)"
185.191.171.18 - - [10/Dec/2025:11:45:51 +0100] "GET /platby/72zbxoz/sahuarita-high-school-map HTTP/1.1" 200 12407 "-" "Mozilla/5.0 (compatible; SemrushBot/7~bl; +http://www.semrush.com/bot.html)"
85.208.96.202 - - [10/Dec/2025:11:45:52 +0100] "GET /platby/hca/photography-programs-near-me HTTP/1.1" 200 8406 "-" "Mozilla/5.0 (compatible; SemrushBot/7~bl; +http://www.semrush.com/bot.html)"
85.208.96.204 - - [10/Dec/2025:11:46:04 +0100] "GET /platby/uwoy9/operational-excellence-examples HTTP/1.1" 200 12275 "-" "Mozilla/5.0 (compatible; SemrushBot/7~bl; +http://www.semrush.com/bot.html)"
204.76.203.206 - - [10/Dec/2025:11:46:07 +0100] "GET /" 400 468 "-" "-"
185.191.171.16 - - [10/Dec/2025:11:46:17 +0100] "GET /platby/aohwuyx/target-field-bag-policy-2021 HTTP/1.1" 200 13176 "-" "Mozilla/5.0 (compatible; SemrushBot/7~bl; +http://www.semrush.com/bot.html)"
85.208.96.196 - - [10/Dec/2025:11:46:36 +0100] "GET /platby/aohwuyx/microsoft-teams-url-shortener HTTP/1.1" 200 11323 "-" "Mozilla/5.0 (compatible; SemrushBot/7~bl; +http://www.semrush.com/bot.html)"
185.191.171.19 - - [10/Dec/2025:11:46:38 +0100] "GET /platby/uwoy9/west-park-high-school-cost HTTP/1.1" 200 14125 "-" "Mozilla/5.0 (compatible; SemrushBot/7~bl; +http://www.semrush.com/bot.html)"
85.208.96.200 - - [10/Dec/2025:11:46:40 +0100] "GET /platby/72zbxoz/edgewood-elementary-school-scarsdale HTTP/1.1" 200 11571 "-" "Mozilla/5.0 (compatible; SemrushBot/7~bl; +http://www.semrush.com/bot.html)"
85.208.96.193 - - [10/Dec/2025:11:47:17 +0100] "GET /platby/qqap/chantilly-cream-vs-whip-cream HTTP/1.1" 200 11144 "-" "Mozilla/5.0 (compatible; SemrushBot/7~bl; +http://www.semrush.com/bot.html)"
85.208.96.206 - - [10/Dec/2025:11:47:40 +0100] "GET /platby/aohwuyx/reading,-pa-carnival-2021 HTTP/1.1" 200 8408 "-" "Mozilla/5.0 (compatible; SemrushBot/7~bl; +http://www.semrush.com/bot.html)"
85.208.96.210 - - [10/Dec/2025:11:47:46 +0100] "GET /platby/qqap/robert-muldoon-death-jurassic-park HTTP/1.1" 200 7509 "-" "Mozilla/5.0 (compatible; SemrushBot/7~bl; +http://www.semrush.com/bot.html)"
85.208.96.211 - - [10/Dec/2025:11:47:49 +0100] "GET /platby/aohwuyx/kaleidoscope-partners HTTP/1.1" 200 12950 "-" "Mozilla/5.0 (compatible; SemrushBot/7~bl; +http://www.semrush.com/bot.html)"
85.208.96.206 - - [10/Dec/2025:11:47:58 +0100] "GET /platby/uwoy9/lemongrass-seeds-bulk HTTP/1.1" 200 16246 "-" "Mozilla/5.0 (compatible; SemrushBot/7~bl; +http://www.semrush.com/bot.html)"
185.191.171.15 - - [10/Dec/2025:11:48:18 +0100] "GET /platby/hca/poco-m3-battery-capacity HTTP/1.1" 200 8562 "-" "Mozilla/5.0 (compatible; SemrushBot/7~bl; +http://www.semrush.com/bot.html)"
204.76.203.206 - - [10/Dec/2025:11:48:24 +0100] "GET / HTTP/1.1" 200 316 "-" "Mozilla/5.0 (Windows NT 10.0; Win64; x64) AppleWebKit/537.36 (KHTML, like Gecko) Chrome/90.0.4430.85 Safari/537.36 Edg/90.0.818.46"
57.141.6.39 - - [10/Dec/2025:11:48:37 +0100] "\x16\x03\x01\x01S\x01" 403 265 "-" "-"
185.191.171.3 - - [10/Dec/2025:11:48:49 +0100] "GET /platby/hca/withings-sleep---sleep-tracking-mat HTTP/1.1" 200 11505 "-" "Mozilla/5.0 (compatible; SemrushBot/7~bl; +http://www.semrush.com/bot.html)"
103.81.27.116 - - [10/Dec/2025:11:49:03 +0100] "GET /platby/qqap/synonyms-for-excellent-performance HTTP/1.1" 200 5907 "-" "Mozilla/5.0 (Windows 98) AppleWebKit/534.0 (KHTML, like Gecko) Chrome/55.0.847.0 Safari/534.0"
85.208.96.211 - - [10/Dec/2025:11:49:09 +0100] "GET /platby/qqap/ihsaa-basketball-state-tournament-2021 HTTP/1.1" 200 7408 "-" "Mozilla/5.0 (compatible; SemrushBot/7~bl; +http://www.semrush.com/bot.html)"
85.208.96.196 - - [10/Dec/2025:11:49:13 +0100] "GET /platby/uwoy9/taylor-kare-photography HTTP/1.1" 200 7527 "-" "Mozilla/5.0 (compatible; SemrushBot/7~bl; +http://www.semrush.com/bot.html)"
185.191.171.14 - - [10/Dec/2025:11:49:18 +0100] "GET /platby/uwoy9/student-flats-to-rent-edinburgh-city-centre HTTP/1.1" 200 13438 "-" "Mozilla/5.0 (compatible; SemrushBot/7~bl; +http://www.semrush.com/bot.html)"
185.191.171.11 - - [10/Dec/2025:11:49:21 +0100] "GET /platby/hca/greek-word-for-fellowship HTTP/1.1" 200 12682 "-" "Mozilla/5.0 (compatible; SemrushBot/7~bl; +http://www.semrush.com/bot.html)"
185.191.171.12 - - [10/Dec/2025:11:49:53 +0100] "GET /platby/72zbxoz/best-app-for-backyard-chickens HTTP/1.1" 200 11474 "-" "Mozilla/5.0 (compatible; SemrushBot/7~bl; +http://www.semrush.com/bot.html)"
85.208.96.206 - - [10/Dec/2025:11:49:55 +0100] "GET /platby/hca/university-of-maryland-2021-2022-calendar HTTP/1.1" 200 12710 "-" "Mozilla/5.0 (compatible; SemrushBot/7~bl; +http://www.semrush.com/bot.html)"
85.208.96.210 - - [10/Dec/2025:11:50:03 +0100] "GET /platby/aohwuyx/theresa-russell-net-worth HTTP/1.1" 200 13483 "-" "Mozilla/5.0 (compatible; SemrushBot/7~bl; +http://www.semrush.com/bot.html)"
85.208.96.198 - - [10/Dec/2025:11:50:13 +0100] "GET /platby/aohwuyx/boston-university-softball HTTP/1.1" 200 7445 "-" "Mozilla/5.0 (compatible; SemrushBot/7~bl; +http://www.semrush.com/bot.html)"
185.191.171.5 - - [10/Dec/2025:11:50:14 +0100] "GET /platby/aohwuyx/oneplus-nord-n200-5g-release-date HTTP/1.1" 200 7694 "-" "Mozilla/5.0 (compatible; SemrushBot/7~bl; +http://www.semrush.com/bot.html)"
185.191.171.16 - - [10/Dec/2025:11:50:32 +0100] "GET /platby/72zbxoz/jaguars-quarterback-2017 HTTP/1.1" 200 11951 "-" "Mozilla/5.0 (compatible; SemrushBot/7~bl; +http://www.semrush.com/bot.html)"
85.208.96.208 - - [10/Dec/2025:11:50:47 +0100] "GET /platby/aohwuyx/buffalo-bills-new-players-2021 HTTP/1.1" 200 11724 "-" "Mozilla/5.0 (compatible; SemrushBot/7~bl; +http://www.semrush.com/bot.html)"
185.191.171.2 - - [10/Dec/2025:11:50:51 +0100] "GET /platby/uwoy9/happy-birthday-yard-signs-michaels HTTP/1.1" 200 13537 "-" "Mozilla/5.0 (compatible; SemrushBot/7~bl; +http://www.semrush.com/bot.html)"
85.208.96.203 - - [10/Dec/2025:11:50:54 +0100] "GET /platby/hca/starlin-castro-nationals HTTP/1.1" 200 7238 "-" "Mozilla/5.0 (compatible; SemrushBot/7~bl; +http://www.semrush.com/bot.html)"
185.191.171.1 - - [10/Dec/2025:11:51:36 +0100] "GET /platby/72zbxoz/julia-element-wise-multiplication HTTP/1.1" 200 11683 "-" "Mozilla/5.0 (compatible; SemrushBot/7~bl; +http://www.semrush.com/bot.html)"
185.191.171.16 - - [10/Dec/2025:11:51:42 +0100] "GET /platby/72zbxoz/rebelution-concert-2021 HTTP/1.1" 200 8170 "-" "Mozilla/5.0 (compatible; SemrushBot/7~bl; +http://www.semrush.com/bot.html)"
85.208.96.199 - - [10/Dec/2025:11:51:57 +0100] "GET /platby/qqap/star-trek-ccg-card-list-excel HTTP/1.1" 200 12809 "-" "Mozilla/5.0 (compatible; SemrushBot/7~bl; +http://www.semrush.com/bot.html)"
85.208.96.206 - - [10/Dec/2025:11:52:01 +0100] "GET /platby/aohwuyx/government-assistance HTTP/1.1" 200 10029 "-" "Mozilla/5.0 (compatible; SemrushBot/7~bl; +http://www.semrush.com/bot.html)"
85.208.96.198 - - [10/Dec/2025:11:52:02 +0100] "GET /platby/qqap/what-makes-a-man-a-man-philosophy HTTP/1.1" 200 8685 "-" "Mozilla/5.0 (compatible; SemrushBot/7~bl; +http://www.semrush.com/bot.html)"
185.191.171.16 - - [10/Dec/2025:11:52:24 +0100] "GET /platby/qqap/texas-bluebonnet-award-winner-2021 HTTP/1.1" 200 6630 "-" "Mozilla/5.0 (compatible; SemrushBot/7~bl; +http://www.semrush.com/bot.html)"
167.94.138.187 - - [10/Dec/2025:11:52:34 +0100] "\x16\x03\x01" 403 265 "-" "-"
85.208.96.205 - - [10/Dec/2025:11:52:40 +0100] "GET /platby/72zbxoz/grief-facial-expression HTTP/1.1" 200 9589 "-" "Mozilla/5.0 (compatible; SemrushBot/7~bl; +http://www.semrush.com/bot.html)"
167.94.138.187 - - [10/Dec/2025:11:52:43 +0100] "GET / HTTP/1.1" 403 224 "-" "Mozilla/5.0 (compatible; CensysInspect/1.1; +https://about.censys.io/)"
167.94.138.187 - - [10/Dec/2025:11:52:46 +0100] "PRI * HTTP/2.0" 400 289 "-" "-"
85.208.96.211 - - [10/Dec/2025:11:52:51 +0100] "GET /platby/72zbxoz/local-albuquerque-florist HTTP/1.1" 200 9091 "-" "Mozilla/5.0 (compatible; SemrushBot/7~bl; +http://www.semrush.com/bot.html)"
185.191.171.5 - - [10/Dec/2025:11:53:21 +0100] "GET /platby/aohwuyx/what-are-the-two-main-problems-for-note-takers%3F HTTP/1.1" 200 13745 "-" "Mozilla/5.0 (compatible; SemrushBot/7~bl; +http://www.semrush.com/bot.html)"
85.208.96.195 - - [10/Dec/2025:11:53:29 +0100] "GET /platby/qqap/st-john-jewelry-bracelet HTTP/1.1" 200 7144 "-" "Mozilla/5.0 (compatible; SemrushBot/7~bl; +http://www.semrush.com/bot.html)"
167.94.138.187 - - [10/Dec/2025:11:53:29 +0100] "\x16\x03\x01" 403 265 "-" "-"
167.94.138.187 - - [10/Dec/2025:11:53:30 +0100] "GET /security.txt HTTP/1.1" 403 233 "-" "Mozilla/5.0 (compatible; CensysInspect/1.1; +https://about.censys.io/)"
185.191.171.2 - - [10/Dec/2025:11:53:34 +0100] "GET /platby/aohwuyx/fresno-state-football-recruiting HTTP/1.1" 200 10042 "-" "Mozilla/5.0 (compatible; SemrushBot/7~bl; +http://www.semrush.com/bot.html)"
85.208.96.197 - - [10/Dec/2025:11:53:57 +0100] "GET /platby/aohwuyx/a-journal-for-jordan-synopsis HTTP/1.1" 200 11542 "-" "Mozilla/5.0 (compatible; SemrushBot/7~bl; +http://www.semrush.com/bot.html)"
85.208.96.200 - - [10/Dec/2025:11:54:09 +0100] "GET /platby/aohwuyx/umidigi-a9-pro-android-11-update HTTP/1.1" 200 13614 "-" "Mozilla/5.0 (compatible; SemrushBot/7~bl; +http://www.semrush.com/bot.html)"
85.208.96.198 - - [10/Dec/2025:11:54:18 +0100] "GET /platby/hca/tiago-dantas-fifa-21-potential HTTP/1.1" 200 12628 "-" "Mozilla/5.0 (compatible; SemrushBot/7~bl; +http://www.semrush.com/bot.html)"
85.208.96.203 - - [10/Dec/2025:11:54:25 +0100] "GET /platby/hca/tucson-sugar-skulls-live-stream HTTP/1.1" 200 5268 "-" "Mozilla/5.0 (compatible; SemrushBot/7~bl; +http://www.semrush.com/bot.html)"
185.191.171.2 - - [10/Dec/2025:11:54:34 +0100] "GET /platby/hca/characteristics-of-phloem HTTP/1.1" 200 7104 "-" "Mozilla/5.0 (compatible; SemrushBot/7~bl; +http://www.semrush.com/bot.html)"
185.191.171.7 - - [10/Dec/2025:11:54:36 +0100] "GET /platby/qqap/darrell-evers-paintings HTTP/1.1" 200 8387 "-" "Mozilla/5.0 (compatible; SemrushBot/7~bl; +http://www.semrush.com/bot.html)"
54.235.125.129 - - [10/Dec/2025:11:54:37 +0100] "GET /platby/72zbxoz/ghana-vs-south-africa-today-time HTTP/1.1" 200 13057 "-" "Mozilla/5.0 AppleWebKit/537.36 (KHTML, like Gecko; compatible; Amazonbot/0.1; +https://developer.amazon.com/support/amazonbot) Chrome/119.0.6045.214 Safari/537.36"
3.90.73.206 - - [10/Dec/2025:11:54:41 +0100] "GET /platby/72zbxoz/vivo-y15-fingerprint-not-working HTTP/1.1" 200 9899 "-" "Mozilla/5.0 AppleWebKit/537.36 (KHTML, like Gecko; compatible; Amazonbot/0.1; +https://developer.amazon.com/support/amazonbot) Chrome/119.0.6045.214 Safari/537.36"
54.87.95.7 - - [10/Dec/2025:11:54:44 +0100] "GET /platby/72zbxoz/para-hills-west-soccer-club HTTP/1.1" 200 13357 "-" "Mozilla/5.0 AppleWebKit/537.36 (KHTML, like Gecko; compatible; Amazonbot/0.1; +https://developer.amazon.com/support/amazonbot) Chrome/119.0.6045.214 Safari/537.36"
23.23.212.212 - - [10/Dec/2025:11:54:49 +0100] "GET /platby/72zbxoz/thomas-kinkade-pictures HTTP/1.1" 200 10808 "-" "Mozilla/5.0 AppleWebKit/537.36 (KHTML, like Gecko; compatible; Amazonbot/0.1; +https://developer.amazon.com/support/amazonbot) Chrome/119.0.6045.214 Safari/537.36"
3.94.156.104 - - [10/Dec/2025:11:54:54 +0100] "GET /platby/72zbxoz/stalking-cat-grey's-anatomy HTTP/1.1" 200 15795 "-" "Mozilla/5.0 AppleWebKit/537.36 (KHTML, like Gecko; compatible; Amazonbot/0.1; +https://developer.amazon.com/support/amazonbot) Chrome/119.0.6045.214 Safari/537.36"
98.83.177.42 - - [10/Dec/2025:11:54:55 +0100] "GET /platby/72zbxoz/university-of-east-anglia HTTP/1.1" 200 6700 "-" "Mozilla/5.0 AppleWebKit/537.36 (KHTML, like Gecko; compatible; Amazonbot/0.1; +https://developer.amazon.com/support/amazonbot) Chrome/119.0.6045.214 Safari/537.36"
185.191.171.2 - - [10/Dec/2025:11:54:58 +0100] "GET /platby/72zbxoz/khomeini-pronunciation HTTP/1.1" 200 11322 "-" "Mozilla/5.0 (compatible; SemrushBot/7~bl; +http://www.semrush.com/bot.html)"
52.207.47.227 - - [10/Dec/2025:11:55:02 +0100] "GET /platby/72zbxoz/lamar-odom-highlights-clippers HTTP/1.1" 200 13322 "-" "Mozilla/5.0 AppleWebKit/537.36 (KHTML, like Gecko; compatible; Amazonbot/0.1; +https://developer.amazon.com/support/amazonbot) Chrome/119.0.6045.214 Safari/537.36"
34.199.252.22 - - [10/Dec/2025:11:55:04 +0100] "GET /platby/72zbxoz/is-marvin-bagley-playing-tonight HTTP/1.1" 200 12800 "-" "Mozilla/5.0 AppleWebKit/537.36 (KHTML, like Gecko; compatible; Amazonbot/0.1; +https://developer.amazon.com/support/amazonbot) Chrome/119.0.6045.214 Safari/537.36"
85.208.96.198 - - [10/Dec/2025:11:55:04 +0100] "GET /platby/72zbxoz/common-blue-violet-ground-cover HTTP/1.1" 200 12686 "-" "Mozilla/5.0 (compatible; SemrushBot/7~bl; +http://www.semrush.com/bot.html)"
3.210.114.189 - - [10/Dec/2025:11:55:09 +0100] "GET /platby/72zbxoz/iowa-attack-elite-8-tournament HTTP/1.1" 200 12579 "-" "Mozilla/5.0 AppleWebKit/537.36 (KHTML, like Gecko; compatible; Amazonbot/0.1; +https://developer.amazon.com/support/amazonbot) Chrome/119.0.6045.214 Safari/537.36"
85.208.96.201 - - [10/Dec/2025:11:55:11 +0100] "GET /platby/uwoy9/sebastiano-esposito-sofifa HTTP/1.1" 200 13031 "-" "Mozilla/5.0 (compatible; SemrushBot/7~bl; +http://www.semrush.com/bot.html)"
3.213.85.234 - - [10/Dec/2025:11:55:13 +0100] "GET /platby/72zbxoz/famous-russian-athletes HTTP/1.1" 200 9041 "-" "Mozilla/5.0 AppleWebKit/537.36 (KHTML, like Gecko; compatible; Amazonbot/0.1; +https://developer.amazon.com/support/amazonbot) Chrome/119.0.6045.214 Safari/537.36"
185.191.171.11 - - [10/Dec/2025:11:55:14 +0100] "GET /platby/aohwuyx/grand-luxury-hotels-membership HTTP/1.1" 200 9065 "-" "Mozilla/5.0 (compatible; SemrushBot/7~bl; +http://www.semrush.com/bot.html)"
3.217.82.254 - - [10/Dec/2025:11:55:18 +0100] "GET /platby/72zbxoz/yellow-toadshade-trillium HTTP/1.1" 200 11514 "-" "Mozilla/5.0 AppleWebKit/537.36 (KHTML, like Gecko; compatible; Amazonbot/0.1; +https://developer.amazon.com/support/amazonbot) Chrome/119.0.6045.214 Safari/537.36"
44.197.76.210 - - [10/Dec/2025:11:55:20 +0100] "GET /platby/72zbxoz/washington-hawthorn-tree-for-sale HTTP/1.1" 200 8913 "-" "Mozilla/5.0 AppleWebKit/537.36 (KHTML, like Gecko; compatible; Amazonbot/0.1; +https://developer.amazon.com/support/amazonbot) Chrome/119.0.6045.214 Safari/537.36"
52.6.232.201 - - [10/Dec/2025:11:55:27 +0100] "GET /platby/72zbxoz/1958-fifa-world-cup-winner HTTP/1.1" 200 13917 "-" "Mozilla/5.0 AppleWebKit/537.36 (KHTML, like Gecko; compatible; Amazonbot/0.1; +https://developer.amazon.com/support/amazonbot) Chrome/119.0.6045.214 Safari/537.36"
52.200.54.136 - - [10/Dec/2025:11:55:31 +0100] "GET /platby/72zbxoz/best-players-to-sign-league-2-fifa-21 HTTP/1.1" 200 10390 "-" "Mozilla/5.0 AppleWebKit/537.36 (KHTML, like Gecko; compatible; Amazonbot/0.1; +https://developer.amazon.com/support/amazonbot) Chrome/119.0.6045.214 Safari/537.36"
100.29.164.178 - - [10/Dec/2025:11:55:32 +0100] "GET /platby/72zbxoz/australian-basketball-players-in-usa HTTP/1.1" 200 7834 "-" "Mozilla/5.0 AppleWebKit/537.36 (KHTML, like Gecko; compatible; Amazonbot/0.1; +https://developer.amazon.com/support/amazonbot) Chrome/119.0.6045.214 Safari/537.36"
52.45.77.169 - - [10/Dec/2025:11:55:39 +0100] "GET /platby/72zbxoz/living-the-dream-similar-sayings HTTP/1.1" 200 9573 "-" "Mozilla/5.0 AppleWebKit/537.36 (KHTML, like Gecko; compatible; Amazonbot/0.1; +https://developer.amazon.com/support/amazonbot) Chrome/119.0.6045.214 Safari/537.36"
3.218.103.254 - - [10/Dec/2025:11:55:40 +0100] "GET /platby/72zbxoz/phpunit-gitlab-ci-coverage&sa=U&ved=2ahUKEwiNqYutjrb1AhXEjokEHT9rCEY4ChAWegQIABAC&usg=AOvVaw1UGH9JJwMTVvq_z9iUYKWP/aristotle-and-dante-sequel HTTP/1.1" 200 8304 "-" "Mozilla/5.0 AppleWebKit/537.36 (KHTML, like Gecko; compatible; Amazonbot/0.1; +https://developer.amazon.com/support/amazonbot) Chrome/119.0.6045.214 Safari/537.36"
85.208.96.197 - - [10/Dec/2025:11:55:43 +0100] "GET /platby/hca/chicago-fire-soccer-jersey HTTP/1.1" 200 7092 "-" "Mozilla/5.0 (compatible; SemrushBot/7~bl; +http://www.semrush.com/bot.html)"
103.161.2.241 - - [10/Dec/2025:11:55:56 +0100] "GET /platby/qqap/difference-between-onedrive-and-sharepoint HTTP/1.1" 200 11727 "-" "Mozilla/5.0 (Macintosh; U; Intel Mac OS X 10_7_4 rv:3.0; brx-IN) AppleWebKit/534.50.7 (KHTML, like Gecko) Version/5.0.4 Safari/534.50.7"
185.191.171.10 - - [10/Dec/2025:11:56:01 +0100] "GET /platby/aohwuyx/receptive-aphasia-example HTTP/1.1" 200 10140 "-" "Mozilla/5.0 (compatible; SemrushBot/7~bl; +http://www.semrush.com/bot.html)"
185.191.171.6 - - [10/Dec/2025:11:56:03 +0100] "GET /platby/qqap/trustmark-health-insurance HTTP/1.1" 200 11996 "-" "Mozilla/5.0 (compatible; SemrushBot/7~bl; +http://www.semrush.com/bot.html)"
85.208.96.196 - - [10/Dec/2025:11:56:07 +0100] "GET /platby/aohwuyx/medical-school-tuition-canada-per-year HTTP/1.1" 200 10257 "-" "Mozilla/5.0 (compatible; SemrushBot/7~bl; +http://www.semrush.com/bot.html)"
85.208.96.209 - - [10/Dec/2025:11:56:27 +0100] "GET /platby/aohwuyx/mit-operating-systems-course-video-lectures HTTP/1.1" 200 7638 "-" "Mozilla/5.0 (compatible; SemrushBot/7~bl; +http://www.semrush.com/bot.html)"
85.208.96.196 - - [10/Dec/2025:11:56:44 +0100] "GET /platby/qqap/best-pacifica-products HTTP/1.1" 200 7510 "-" "Mozilla/5.0 (compatible; SemrushBot/7~bl; +http://www.semrush.com/bot.html)"
85.208.96.199 - - [10/Dec/2025:11:57:15 +0100] "GET /platby/qqap/fifa-19-argentina-wonderkids HTTP/1.1" 200 11041 "-" "Mozilla/5.0 (compatible; SemrushBot/7~bl; +http://www.semrush.com/bot.html)"
85.208.96.206 - - [10/Dec/2025:11:57:22 +0100] "GET /platby/qqap/bantam-chicken-breeds HTTP/1.1" 200 13067 "-" "Mozilla/5.0 (compatible; SemrushBot/7~bl; +http://www.semrush.com/bot.html)"
85.208.96.210 - - [10/Dec/2025:11:57:50 +0100] "GET /platby/uwoy9/books-to-learn-about-the-world HTTP/1.1" 200 15226 "-" "Mozilla/5.0 (compatible; SemrushBot/7~bl; +http://www.semrush.com/bot.html)"
185.191.171.6 - - [10/Dec/2025:11:58:06 +0100] "GET /platby/aohwuyx/richard-schultz-lawyer-biography HTTP/1.1" 200 12100 "-" "Mozilla/5.0 (compatible; SemrushBot/7~bl; +http://www.semrush.com/bot.html)"
85.208.96.197 - - [10/Dec/2025:11:58:10 +0100] "GET /platby/hca/james-bracey-cricinfo HTTP/1.1" 200 11208 "-" "Mozilla/5.0 (compatible; SemrushBot/7~bl; +http://www.semrush.com/bot.html)"
185.191.171.9 - - [10/Dec/2025:11:58:18 +0100] "GET /platby/uwoy9/montgomery-college-transfer-to-georgetown HTTP/1.1" 200 9143 "-" "Mozilla/5.0 (compatible; SemrushBot/7~bl; +http://www.semrush.com/bot.html)"
185.191.171.1 - - [10/Dec/2025:11:58:33 +0100] "GET /platby/qqap/john-oliver-israel-full HTTP/1.1" 200 7689 "-" "Mozilla/5.0 (compatible; SemrushBot/7~bl; +http://www.semrush.com/bot.html)"
185.191.171.11 - - [10/Dec/2025:11:58:53 +0100] "GET /platby/aohwuyx/skiddoo-refund-coronavirus HTTP/1.1" 200 12100 "-" "Mozilla/5.0 (compatible; SemrushBot/7~bl; +http://www.semrush.com/bot.html)"
185.191.171.16 - - [10/Dec/2025:11:58:59 +0100] "GET /platby/uwoy9/adam-humphries-salary HTTP/1.1" 200 12288 "-" "Mozilla/5.0 (compatible; SemrushBot/7~bl; +http://www.semrush.com/bot.html)"
85.208.96.195 - - [10/Dec/2025:11:59:15 +0100] "GET /platby/72zbxoz/packers-tight-ends-2021 HTTP/1.1" 200 8702 "-" "Mozilla/5.0 (compatible; SemrushBot/7~bl; +http://www.semrush.com/bot.html)"
185.191.171.11 - - [10/Dec/2025:11:59:17 +0100] "GET /platby/hca/reading-eagle-real-estate-transactions HTTP/1.1" 200 7629 "-" "Mozilla/5.0 (compatible; SemrushBot/7~bl; +http://www.semrush.com/bot.html)"
85.208.96.196 - - [10/Dec/2025:11:59:34 +0100] "GET /platby/uwoy9/angelika-mosaic-rental HTTP/1.1" 200 10753 "-" "Mozilla/5.0 (compatible; SemrushBot/7~bl; +http://www.semrush.com/bot.html)"
85.208.96.199 - - [10/Dec/2025:11:59:40 +0100] "GET /robots.txt HTTP/1.1" 200 54 "-" "Mozilla/5.0 (compatible; SemrushBot/7~bl; +http://www.semrush.com/bot.html)"
185.191.171.12 - - [10/Dec/2025:11:59:42 +0100] "GET /platby/qqap/charlotte-marriott-city-center HTTP/1.1" 200 8463 "-" "Mozilla/5.0 (compatible; SemrushBot/7~bl; +http://www.semrush.com/bot.html)"
216.244.66.239 - - [10/Dec/2025:11:59:47 +0100] "GET /robots.txt HTTP/1.1" 200 34 "-" "Mozilla/5.0 (compatible; DotBot/1.2; +https://opensiteexplorer.org/dotbot; help@moz.com)"
185.191.171.16 - - [10/Dec/2025:12:00:05 +0100] "GET /platby/qqap/masters-in-animation-canada HTTP/1.1" 200 11543 "-" "Mozilla/5.0 (compatible; SemrushBot/7~bl; +http://www.semrush.com/bot.html)"
185.191.171.12 - - [10/Dec/2025:12:00:07 +0100] "GET /platby/hca/university-of-alberta-admits HTTP/1.1" 200 6365 "-" "Mozilla/5.0 (compatible; SemrushBot/7~bl; +http://www.semrush.com/bot.html)"
185.191.171.15 - - [10/Dec/2025:12:00:17 +0100] "GET /platby/72zbxoz/sinking-spring-borough-zoning-map HTTP/1.1" 200 6960 "-" "Mozilla/5.0 (compatible; SemrushBot/7~bl; +http://www.semrush.com/bot.html)"
85.208.96.193 - - [10/Dec/2025:12:00:19 +0100] "GET /platby/uwoy9/when-does-mountain-laurel-bloom-in-pennsylvania HTTP/1.1" 200 12172 "-" "Mozilla/5.0 (compatible; SemrushBot/7~bl; +http://www.semrush.com/bot.html)"
85.208.96.195 - - [10/Dec/2025:12:00:27 +0100] "GET /platby/72zbxoz/long-term-apartment-rentals-us-virgin-islands HTTP/1.1" 200 10788 "-" "Mozilla/5.0 (compatible; SemrushBot/7~bl; +http://www.semrush.com/bot.html)"
52.3.156.186 - - [10/Dec/2025:12:00:53 +0100] "GET /platby/72zbxoz/riverdale-fashion-tumblr HTTP/1.1" 200 13169 "-" "Mozilla/5.0 AppleWebKit/537.36 (KHTML, like Gecko; compatible; Amazonbot/0.1; +https://developer.amazon.com/support/amazonbot) Chrome/119.0.6045.214 Safari/537.36"
85.208.96.210 - - [10/Dec/2025:12:01:04 +0100] "GET /platby/72zbxoz/road-from-lake-city-to-american-basin HTTP/1.1" 200 14674 "-" "Mozilla/5.0 (compatible; SemrushBot/7~bl; +http://www.semrush.com/bot.html)"
85.208.96.200 - - [10/Dec/2025:12:01:16 +0100] "GET /platby/hca/cognitive-load-theory-powerpoint HTTP/1.1" 200 9313 "-" "Mozilla/5.0 (compatible; SemrushBot/7~bl; +http://www.semrush.com/bot.html)"
85.208.96.208 - - [10/Dec/2025:12:01:22 +0100] "GET /platby/uwoy9/support-synonym-wordreference HTTP/1.1" 200 11423 "-" "Mozilla/5.0 (compatible; SemrushBot/7~bl; +http://www.semrush.com/bot.html)"
185.191.171.17 - - [10/Dec/2025:12:02:06 +0100] "GET /platby/aohwuyx/do-leo-and-calypso-get-back-together HTTP/1.1" 200 11073 "-" "Mozilla/5.0 (compatible; SemrushBot/7~bl; +http://www.semrush.com/bot.html)"
85.208.96.210 - - [10/Dec/2025:12:02:27 +0100] "GET /platby/aohwuyx/dinner-for-schmucks-proposal-scene HTTP/1.1" 200 14967 "-" "Mozilla/5.0 (compatible; SemrushBot/7~bl; +http://www.semrush.com/bot.html)"
85.208.96.202 - - [10/Dec/2025:12:02:29 +0100] "GET /platby/72zbxoz/baylor-track-and-field-times HTTP/1.1" 200 13617 "-" "Mozilla/5.0 (compatible; SemrushBot/7~bl; +http://www.semrush.com/bot.html)"
185.191.171.9 - - [10/Dec/2025:12:02:31 +0100] "GET /platby/qqap/how-to-become-an-astronaut-for-kids HTTP/1.1" 200 6988 "-" "Mozilla/5.0 (compatible; SemrushBot/7~bl; +http://www.semrush.com/bot.html)"
85.208.96.202 - - [10/Dec/2025:12:02:48 +0100] "GET /platby/qqap/argentina-vs-australia-olympic-football-channel HTTP/1.1" 200 10605 "-" "Mozilla/5.0 (compatible; SemrushBot/7~bl; +http://www.semrush.com/bot.html)"
85.208.96.203 - - [10/Dec/2025:12:02:50 +0100] "GET /platby/qqap/anil-kapoor-net-worth-2020 HTTP/1.1" 200 11806 "-" "Mozilla/5.0 (compatible; SemrushBot/7~bl; +http://www.semrush.com/bot.html)"
85.208.96.200 - - [10/Dec/2025:12:03:07 +0100] "GET /platby/uwoy9/garmin-vivoactive-4-sleep-tracking-widget HTTP/1.1" 200 13120 "-" "Mozilla/5.0 (compatible; SemrushBot/7~bl; +http://www.semrush.com/bot.html)"
185.191.171.11 - - [10/Dec/2025:12:03:11 +0100] "GET /platby/uwoy9/kiehl's-ultra-facial-cream-ingredients HTTP/1.1" 200 13751 "-" "Mozilla/5.0 (compatible; SemrushBot/7~bl; +http://www.semrush.com/bot.html)"
185.191.171.11 - - [10/Dec/2025:12:03:17 +0100] "GET /platby/uwoy9/centaur-handle-warframe HTTP/1.1" 200 14739 "-" "Mozilla/5.0 (compatible; SemrushBot/7~bl; +http://www.semrush.com/bot.html)"
85.208.96.210 - - [10/Dec/2025:12:03:22 +0100] "GET /platby/qqap/it's-a-man's,-man's,-man's-world HTTP/1.1" 200 11375 "-" "Mozilla/5.0 (compatible; SemrushBot/7~bl; +http://www.semrush.com/bot.html)"
204.76.203.206 - - [10/Dec/2025:12:03:52 +0100] "GET /" 400 468 "-" "-"
185.191.171.11 - - [10/Dec/2025:12:03:52 +0100] "GET /platby/qqap/moto-g-power-wifi-connected,-no-internet HTTP/1.1" 200 7607 "-" "Mozilla/5.0 (compatible; SemrushBot/7~bl; +http://www.semrush.com/bot.html)"
85.208.96.201 - - [10/Dec/2025:12:04:05 +0100] "GET /platby/uwoy9/company-core-safety-information-example HTTP/1.1" 200 12523 "-" "Mozilla/5.0 (compatible; SemrushBot/7~bl; +http://www.semrush.com/bot.html)"
216.244.66.239 - - [10/Dec/2025:12:04:06 +0100] "GET /platby/article.php?5d4c26=admire-me-tv HTTP/1.1" 200 21402 "-" "Mozilla/5.0 (compatible; DotBot/1.2; +https://opensiteexplorer.org/dotbot; help@moz.com)"
216.244.66.239 - - [10/Dec/2025:12:04:11 +0100] "GET /platby/article.php?5d4c26=air-jordan-6-black-gold HTTP/1.1" 200 17475 "-" "Mozilla/5.0 (compatible; DotBot/1.2; +https://opensiteexplorer.org/dotbot; help@moz.com)"
216.244.66.239 - - [10/Dec/2025:12:04:16 +0100] "GET /platby/article.php?5d4c26=basketball-songs-rap HTTP/1.1" 200 17928 "-" "Mozilla/5.0 (compatible; DotBot/1.2; +https://opensiteexplorer.org/dotbot; help@moz.com)"
85.208.96.210 - - [10/Dec/2025:12:04:18 +0100] "GET /platby/hca/nuclear-physics-degree HTTP/1.1" 200 8115 "-" "Mozilla/5.0 (compatible; SemrushBot/7~bl; +http://www.semrush.com/bot.html)"
216.244.66.239 - - [10/Dec/2025:12:04:19 +0100] "GET /platby/article.php?5d4c26=dota-2-stats HTTP/1.1" 200 22340 "-" "Mozilla/5.0 (compatible; DotBot/1.2; +https://opensiteexplorer.org/dotbot; help@moz.com)"
85.208.96.193 - - [10/Dec/2025:12:04:19 +0100] "GET /platby/qqap/properties-of-aircraft-materials HTTP/1.1" 200 7394 "-" "Mozilla/5.0 (compatible; SemrushBot/7~bl; +http://www.semrush.com/bot.html)"
85.208.96.206 - - [10/Dec/2025:12:04:21 +0100] "GET /platby/hca/health-risks-of-solar-farms HTTP/1.1" 200 12710 "-" "Mozilla/5.0 (compatible; SemrushBot/7~bl; +http://www.semrush.com/bot.html)"
216.244.66.239 - - [10/Dec/2025:12:04:22 +0100] "GET /platby/article.php?5d4c26=2013-rabbitohs-team HTTP/1.1" 200 24232 "-" "Mozilla/5.0 (compatible; DotBot/1.2; +https://opensiteexplorer.org/dotbot; help@moz.com)"
216.244.66.239 - - [10/Dec/2025:12:04:25 +0100] "GET /platby/article.php?5d4c26=2016-afl-ladder HTTP/1.1" 200 19882 "-" "Mozilla/5.0 (compatible; DotBot/1.2; +https://opensiteexplorer.org/dotbot; help@moz.com)"
216.244.66.239 - - [10/Dec/2025:12:04:27 +0100] "GET /platby/article.php?5d4c26=9-12-month-onesies HTTP/1.1" 200 20014 "-" "Mozilla/5.0 (compatible; DotBot/1.2; +https://opensiteexplorer.org/dotbot; help@moz.com)"
185.191.171.15 - - [10/Dec/2025:12:04:29 +0100] "GET /platby/qqap/organic-solidarity-examples HTTP/1.1" 200 7664 "-" "Mozilla/5.0 (compatible; SemrushBot/7~bl; +http://www.semrush.com/bot.html)"
216.244.66.239 - - [10/Dec/2025:12:04:29 +0100] "GET /platby/article.php?5d4c26=Deck-the-Rooftop HTTP/1.1" 200 15525 "-" "Mozilla/5.0 (compatible; DotBot/1.2; +https://opensiteexplorer.org/dotbot; help@moz.com)"
216.244.66.239 - - [10/Dec/2025:12:04:31 +0100] "GET /platby/article.php?5d4c26=Mauritius-weather-January HTTP/1.1" 200 23050 "-" "Mozilla/5.0 (compatible; DotBot/1.2; +https://opensiteexplorer.org/dotbot; help@moz.com)"
216.244.66.239 - - [10/Dec/2025:12:04:33 +0100] "GET /platby/article.php?5d4c26=Spark-in-My-Heart HTTP/1.1" 200 15568 "-" "Mozilla/5.0 (compatible; DotBot/1.2; +https://opensiteexplorer.org/dotbot; help@moz.com)"
216.244.66.239 - - [10/Dec/2025:12:04:36 +0100] "GET /platby/article.php?5d4c26=Types-of-brioche HTTP/1.1" 200 15959 "-" "Mozilla/5.0 (compatible; DotBot/1.2; +https://opensiteexplorer.org/dotbot; help@moz.com)"
216.244.66.239 - - [10/Dec/2025:12:04:38 +0100] "GET /platby/article.php?5d4c26=aston-villa-players-salary HTTP/1.1" 200 21132 "-" "Mozilla/5.0 (compatible; DotBot/1.2; +https://opensiteexplorer.org/dotbot; help@moz.com)"
216.244.66.239 - - [10/Dec/2025:12:04:40 +0100] "GET /platby/article.php?5d4c26=balance-of-nature-quotes HTTP/1.1" 200 19896 "-" "Mozilla/5.0 (compatible; DotBot/1.2; +https://opensiteexplorer.org/dotbot; help@moz.com)"
216.244.66.239 - - [10/Dec/2025:12:04:42 +0100] "GET /platby/article.php?5d4c26=belk-bowl-concert-2019 HTTP/1.1" 200 24455 "-" "Mozilla/5.0 (compatible; DotBot/1.2; +https://opensiteexplorer.org/dotbot; help@moz.com)"
216.244.66.239 - - [10/Dec/2025:12:04:44 +0100] "GET /platby/article.php?5d4c26=cells-at-work-wiki HTTP/1.1" 200 24124 "-" "Mozilla/5.0 (compatible; DotBot/1.2; +https://opensiteexplorer.org/dotbot; help@moz.com)"
216.244.66.239 - - [10/Dec/2025:12:04:45 +0100] "GET /platby/article.php?5d4c26=circle-times-symbol HTTP/1.1" 200 17585 "-" "Mozilla/5.0 (compatible; DotBot/1.2; +https://opensiteexplorer.org/dotbot; help@moz.com)"
216.244.66.239 - - [10/Dec/2025:12:04:47 +0100] "GET /platby/article.php?5d4c26=disney-heroes%3A-battle-mode-ariel HTTP/1.1" 200 17099 "-" "Mozilla/5.0 (compatible; DotBot/1.2; +https://opensiteexplorer.org/dotbot; help@moz.com)"
216.244.66.239 - - [10/Dec/2025:12:04:48 +0100] "GET /platby/article.php?5d4c26=dod-priority-goals HTTP/1.1" 200 20901 "-" "Mozilla/5.0 (compatible; DotBot/1.2; +https://opensiteexplorer.org/dotbot; help@moz.com)"
216.244.66.239 - - [10/Dec/2025:12:04:49 +0100] "GET /platby/article.php?5d4c26=mafia-definitive-edition HTTP/1.1" 200 18441 "-" "Mozilla/5.0 (compatible; DotBot/1.2; +https://opensiteexplorer.org/dotbot; help@moz.com)"
216.244.66.239 - - [10/Dec/2025:12:04:51 +0100] "GET /platby/article.php?5d4c26=netflix-sci-fi-series-2019 HTTP/1.1" 200 25089 "-" "Mozilla/5.0 (compatible; DotBot/1.2; +https://opensiteexplorer.org/dotbot; help@moz.com)"
216.244.66.239 - - [10/Dec/2025:12:04:53 +0100] "GET /platby/article.php?5d4c26=persona-q-hellish-pacifier HTTP/1.1" 200 17874 "-" "Mozilla/5.0 (compatible; DotBot/1.2; +https://opensiteexplorer.org/dotbot; help@moz.com)"
216.244.66.239 - - [10/Dec/2025:12:04:56 +0100] "GET /platby/article.php?5d4c26=salad-plants-list HTTP/1.1" 200 15121 "-" "Mozilla/5.0 (compatible; DotBot/1.2; +https://opensiteexplorer.org/dotbot; help@moz.com)"
216.244.66.239 - - [10/Dec/2025:12:05:00 +0100] "GET /platby/article.php?5d4c26=uk-political-parties-2019 HTTP/1.1" 200 22726 "-" "Mozilla/5.0 (compatible; DotBot/1.2; +https://opensiteexplorer.org/dotbot; help@moz.com)"
216.244.66.239 - - [10/Dec/2025:12:05:03 +0100] "GET /platby/article.php?5d4c26=vocal-in-a-sentence HTTP/1.1" 200 21509 "-" "Mozilla/5.0 (compatible; DotBot/1.2; +https://opensiteexplorer.org/dotbot; help@moz.com)"
216.244.66.239 - - [10/Dec/2025:12:05:06 +0100] "GET /platby/article.php?5d4c26=wally-lewis-stats HTTP/1.1" 200 19300 "-" "Mozilla/5.0 (compatible; DotBot/1.2; +https://opensiteexplorer.org/dotbot; help@moz.com)"
216.244.66.239 - - [10/Dec/2025:12:05:08 +0100] "GET /platby/article.php?5d4c26=wigan-st-judes-under-13 HTTP/1.1" 200 21278 "-" "Mozilla/5.0 (compatible; DotBot/1.2; +https://opensiteexplorer.org/dotbot; help@moz.com)"
216.244.66.239 - - [10/Dec/2025:12:05:10 +0100] "GET /platby/article.php?5d4c26=will-wright-contact HTTP/1.1" 200 19761 "-" "Mozilla/5.0 (compatible; DotBot/1.2; +https://opensiteexplorer.org/dotbot; help@moz.com)"
216.244.66.239 - - [10/Dec/2025:12:05:12 +0100] "GET /platby/article.php?5d4c26=zip-up-sweater-nike HTTP/1.1" 200 24996 "-" "Mozilla/5.0 (compatible; DotBot/1.2; +https://opensiteexplorer.org/dotbot; help@moz.com)"
216.244.66.239 - - [10/Dec/2025:12:05:13 +0100] "GET /platby/article.php?5d4c26=2020-polaris-ranger-570-crew-roof HTTP/1.1" 200 24580 "-" "Mozilla/5.0 (compatible; DotBot/1.2; +https://opensiteexplorer.org/dotbot; help@moz.com)"
185.191.171.5 - - [10/Dec/2025:12:05:14 +0100] "GET /platby/uwoy9/st-lawrence-public-school-delhi HTTP/1.1" 200 13890 "-" "Mozilla/5.0 (compatible; SemrushBot/7~bl; +http://www.semrush.com/bot.html)"
216.244.66.239 - - [10/Dec/2025:12:05:15 +0100] "GET /platby/article.php?5d4c26=Australian-size-guide HTTP/1.1" 200 16163 "-" "Mozilla/5.0 (compatible; DotBot/1.2; +https://opensiteexplorer.org/dotbot; help@moz.com)"
216.244.66.239 - - [10/Dec/2025:12:05:16 +0100] "GET /platby/article.php?5d4c26=Cha-Cha-songs HTTP/1.1" 200 17967 "-" "Mozilla/5.0 (compatible; DotBot/1.2; +https://opensiteexplorer.org/dotbot; help@moz.com)"
216.244.66.239 - - [10/Dec/2025:12:05:17 +0100] "GET /platby/article.php?5d4c26=Disney-Consumer-Products HTTP/1.1" 200 20640 "-" "Mozilla/5.0 (compatible; DotBot/1.2; +https://opensiteexplorer.org/dotbot; help@moz.com)"
216.244.66.239 - - [10/Dec/2025:12:05:20 +0100] "GET /platby/article.php?5d4c26=Florence-Kasumba-Black-Panther-role HTTP/1.1" 200 23261 "-" "Mozilla/5.0 (compatible; DotBot/1.2; +https://opensiteexplorer.org/dotbot; help@moz.com)"
216.244.66.239 - - [10/Dec/2025:12:05:22 +0100] "GET /platby/article.php?5d4c26=Galatasaray-kit-history HTTP/1.1" 200 22180 "-" "Mozilla/5.0 (compatible; DotBot/1.2; +https://opensiteexplorer.org/dotbot; help@moz.com)"
85.208.96.205 - - [10/Dec/2025:12:05:24 +0100] "GET /platby/aohwuyx/moto-e-speakerphone-not-working HTTP/1.1" 200 8312 "-" "Mozilla/5.0 (compatible; SemrushBot/7~bl; +http://www.semrush.com/bot.html)"
216.244.66.239 - - [10/Dec/2025:12:05:25 +0100] "GET /platby/article.php?5d4c26=KIS-International-School HTTP/1.1" 200 16575 "-" "Mozilla/5.0 (compatible; DotBot/1.2; +https://opensiteexplorer.org/dotbot; help@moz.com)"
216.244.66.239 - - [10/Dec/2025:12:05:28 +0100] "GET /platby/article.php?5d4c26=Star-Castle-arcade HTTP/1.1" 200 20689 "-" "Mozilla/5.0 (compatible; DotBot/1.2; +https://opensiteexplorer.org/dotbot; help@moz.com)"
216.244.66.239 - - [10/Dec/2025:12:05:30 +0100] "GET /platby/article.php?5d4c26=adam-kolarek-fangraphsemisat-satellite-launch HTTP/1.1" 200 17920 "-" "Mozilla/5.0 (compatible; DotBot/1.2; +https://opensiteexplorer.org/dotbot; help@moz.com)"
216.244.66.239 - - [10/Dec/2025:12:05:32 +0100] "GET /platby/article.php?5d4c26=aeromexico-change-flight-date HTTP/1.1" 200 20306 "-" "Mozilla/5.0 (compatible; DotBot/1.2; +https://opensiteexplorer.org/dotbot; help@moz.com)"
216.244.66.239 - - [10/Dec/2025:12:05:33 +0100] "GET /platby/article.php?5d4c26=armstrong-and-miller-sensitive-dad HTTP/1.1" 200 16936 "-" "Mozilla/5.0 (compatible; DotBot/1.2; +https://opensiteexplorer.org/dotbot; help@moz.com)"
216.244.66.239 - - [10/Dec/2025:12:05:35 +0100] "GET /platby/article.php?5d4c26=augmented-reality-products-2019 HTTP/1.1" 200 16148 "-" "Mozilla/5.0 (compatible; DotBot/1.2; +https://opensiteexplorer.org/dotbot; help@moz.com)"
85.208.96.198 - - [10/Dec/2025:12:05:36 +0100] "GET /platby/hca/independence-high-school-shooting HTTP/1.1" 200 6387 "-" "Mozilla/5.0 (compatible; SemrushBot/7~bl; +http://www.semrush.com/bot.html)"
216.244.66.239 - - [10/Dec/2025:12:05:37 +0100] "GET /platby/article.php?5d4c26=ayumi-hamasaki-albums HTTP/1.1" 200 16285 "-" "Mozilla/5.0 (compatible; DotBot/1.2; +https://opensiteexplorer.org/dotbot; help@moz.com)"
216.244.66.239 - - [10/Dec/2025:12:05:42 +0100] "GET /platby/article.php?5d4c26=baby-hat-with-strings HTTP/1.1" 200 20286 "-" "Mozilla/5.0 (compatible; DotBot/1.2; +https://opensiteexplorer.org/dotbot; help@moz.com)"
216.244.66.239 - - [10/Dec/2025:12:05:45 +0100] "GET /platby/article.php?5d4c26=best-mount-for-vortex-viper-pst-1-6 HTTP/1.1" 200 15939 "-" "Mozilla/5.0 (compatible; DotBot/1.2; +https://opensiteexplorer.org/dotbot; help@moz.com)"
149.50.103.48 - - [10/Dec/2025:12:05:46 +0100] "GET /" 400 468 "-" "-"
216.244.66.239 - - [10/Dec/2025:12:05:48 +0100] "GET /platby/article.php?5d4c26=calais-campbell-parents HTTP/1.1" 200 17836 "-" "Mozilla/5.0 (compatible; DotBot/1.2; +https://opensiteexplorer.org/dotbot; help@moz.com)"
216.244.66.239 - - [10/Dec/2025:12:05:51 +0100] "GET /platby/article.php?5d4c26=christ-and-the-adulteress-vermeer HTTP/1.1" 200 21735 "-" "Mozilla/5.0 (compatible; DotBot/1.2; +https://opensiteexplorer.org/dotbot; help@moz.com)"
216.244.66.239 - - [10/Dec/2025:12:05:53 +0100] "GET /platby/article.php?5d4c26=closest-rugby-league-club-to-me HTTP/1.1" 200 15478 "-" "Mozilla/5.0 (compatible; DotBot/1.2; +https://opensiteexplorer.org/dotbot; help@moz.com)"
216.244.66.239 - - [10/Dec/2025:12:05:55 +0100] "GET /platby/article.php?5d4c26=coop-supercard-francais HTTP/1.1" 200 16027 "-" "Mozilla/5.0 (compatible; DotBot/1.2; +https://opensiteexplorer.org/dotbot; help@moz.com)"
216.244.66.239 - - [10/Dec/2025:12:05:56 +0100] "GET /platby/article.php?5d4c26=darjeeling-weather-in-january-2020 HTTP/1.1" 200 17554 "-" "Mozilla/5.0 (compatible; DotBot/1.2; +https://opensiteexplorer.org/dotbot; help@moz.com)"
216.244.66.239 - - [10/Dec/2025:12:06:00 +0100] "GET /platby/article.php?5d4c26=drake---one-dance-%28original%29 HTTP/1.1" 200 17909 "-" "Mozilla/5.0 (compatible; DotBot/1.2; +https://opensiteexplorer.org/dotbot; help@moz.com)"
216.244.66.239 - - [10/Dec/2025:12:06:07 +0100] "GET /platby/article.php?5d4c26=earthquake-in-gujarat-2020 HTTP/1.1" 200 22056 "-" "Mozilla/5.0 (compatible; DotBot/1.2; +https://opensiteexplorer.org/dotbot; help@moz.com)"
204.76.203.206 - - [10/Dec/2025:12:06:07 +0100] "GET / HTTP/1.1" 200 316 "-" "Mozilla/5.0 (Windows NT 10.0; Win64; x64) AppleWebKit/537.36 (KHTML, like Gecko) Chrome/90.0.4430.85 Safari/537.36 Edg/90.0.818.46"
216.244.66.239 - - [10/Dec/2025:12:06:12 +0100] "GET /platby/article.php?5d4c26=eating-time-schedule-for-weight-gain HTTP/1.1" 200 24584 "-" "Mozilla/5.0 (compatible; DotBot/1.2; +https://opensiteexplorer.org/dotbot; help@moz.com)"
216.244.66.239 - - [10/Dec/2025:12:06:17 +0100] "GET /platby/article.php?5d4c26=excel-ticket-tracker HTTP/1.1" 200 23789 "-" "Mozilla/5.0 (compatible; DotBot/1.2; +https://opensiteexplorer.org/dotbot; help@moz.com)"
216.244.66.239 - - [10/Dec/2025:12:06:21 +0100] "GET /platby/article.php?5d4c26=filipino-breakfast-pork HTTP/1.1" 200 19248 "-" "Mozilla/5.0 (compatible; DotBot/1.2; +https://opensiteexplorer.org/dotbot; help@moz.com)"
216.244.66.239 - - [10/Dec/2025:12:06:26 +0100] "GET /platby/article.php?5d4c26=greek-mythological-nymph HTTP/1.1" 200 21568 "-" "Mozilla/5.0 (compatible; DotBot/1.2; +https://opensiteexplorer.org/dotbot; help@moz.com)"
185.191.171.5 - - [10/Dec/2025:12:06:26 +0100] "GET /platby/uwoy9/cobb-county-schools-reopening-2021 HTTP/1.1" 200 12275 "-" "Mozilla/5.0 (compatible; SemrushBot/7~bl; +http://www.semrush.com/bot.html)"
216.244.66.239 - - [10/Dec/2025:12:06:29 +0100] "GET /platby/article.php?5d4c26=holy-land-experience-discount-tickets HTTP/1.1" 200 21924 "-" "Mozilla/5.0 (compatible; DotBot/1.2; +https://opensiteexplorer.org/dotbot; help@moz.com)"
216.244.66.239 - - [10/Dec/2025:12:06:31 +0100] "GET /platby/article.php?5d4c26=how-to-add-cheats-to-ppsspp-ios HTTP/1.1" 200 21452 "-" "Mozilla/5.0 (compatible; DotBot/1.2; +https://opensiteexplorer.org/dotbot; help@moz.com)"
185.191.171.6 - - [10/Dec/2025:12:06:32 +0100] "GET /platby/qqap/hummingbird-migration-map-2020 HTTP/1.1" 200 6419 "-" "Mozilla/5.0 (compatible; SemrushBot/7~bl; +http://www.semrush.com/bot.html)"
185.191.171.11 - - [10/Dec/2025:12:06:34 +0100] "GET /platby/qqap/florida-bordering-states HTTP/1.1" 200 7261 "-" "Mozilla/5.0 (compatible; SemrushBot/7~bl; +http://www.semrush.com/bot.html)"
216.244.66.239 - - [10/Dec/2025:12:06:37 +0100] "GET /platby/article.php?5d4c26=if-ever-i-would-leave-you-%28karaoke%29 HTTP/1.1" 200 20184 "-" "Mozilla/5.0 (compatible; DotBot/1.2; +https://opensiteexplorer.org/dotbot; help@moz.com)"
185.191.171.14 - - [10/Dec/2025:12:06:39 +0100] "GET /platby/uwoy9/dog-friendly-portland,-maine HTTP/1.1" 200 9803 "-" "Mozilla/5.0 (compatible; SemrushBot/7~bl; +http://www.semrush.com/bot.html)"
216.244.66.239 - - [10/Dec/2025:12:06:40 +0100] "GET /platby/article.php?5d4c26=insite-solutions%2C-llc HTTP/1.1" 200 18008 "-" "Mozilla/5.0 (compatible; DotBot/1.2; +https://opensiteexplorer.org/dotbot; help@moz.com)"
216.244.66.239 - - [10/Dec/2025:12:06:43 +0100] "GET /platby/article.php?5d4c26=jim-gaffigan-quality-time HTTP/1.1" 200 15093 "-" "Mozilla/5.0 (compatible; DotBot/1.2; +https://opensiteexplorer.org/dotbot; help@moz.com)"
216.244.66.239 - - [10/Dec/2025:12:06:45 +0100] "GET /platby/article.php?5d4c26=mbta-red-line-improvements HTTP/1.1" 200 20270 "-" "Mozilla/5.0 (compatible; DotBot/1.2; +https://opensiteexplorer.org/dotbot; help@moz.com)"
216.244.66.239 - - [10/Dec/2025:12:06:48 +0100] "GET /platby/article.php?5d4c26=mount-saunders-eruption-location HTTP/1.1" 200 18264 "-" "Mozilla/5.0 (compatible; DotBot/1.2; +https://opensiteexplorer.org/dotbot; help@moz.com)"
216.244.66.239 - - [10/Dec/2025:12:06:49 +0100] "GET /platby/article.php?5d4c26=newcastle-police-department-phone-number HTTP/1.1" 200 21915 "-" "Mozilla/5.0 (compatible; DotBot/1.2; +https://opensiteexplorer.org/dotbot; help@moz.com)"
216.244.66.239 - - [10/Dec/2025:12:06:51 +0100] "GET /platby/article.php?5d4c26=nike-air-max-boys HTTP/1.1" 200 19666 "-" "Mozilla/5.0 (compatible; DotBot/1.2; +https://opensiteexplorer.org/dotbot; help@moz.com)"
216.244.66.239 - - [10/Dec/2025:12:06:55 +0100] "GET /platby/article.php?5d4c26=nike-golf-shirts HTTP/1.1" 200 17515 "-" "Mozilla/5.0 (compatible; DotBot/1.2; +https://opensiteexplorer.org/dotbot; help@moz.com)"
85.208.96.198 - - [10/Dec/2025:12:06:59 +0100] "GET /platby/72zbxoz/don't-worry-about-anything-instead-pray-about-everything HTTP/1.1" 200 8283 "-" "Mozilla/5.0 (compatible; SemrushBot/7~bl; +http://www.semrush.com/bot.html)"
216.244.66.239 - - [10/Dec/2025:12:07:01 +0100] "GET /platby/article.php?5d4c26=patrick-mahomes-madden-20-ultimate-team HTTP/1.1" 200 23384 "-" "Mozilla/5.0 (compatible; DotBot/1.2; +https://opensiteexplorer.org/dotbot; help@moz.com)"
185.191.171.4 - - [10/Dec/2025:12:07:02 +0100] "GET /platby/hca/scarsdale-school-registration HTTP/1.1" 200 6677 "-" "Mozilla/5.0 (compatible; SemrushBot/7~bl; +http://www.semrush.com/bot.html)"
216.244.66.239 - - [10/Dec/2025:12:07:06 +0100] "GET /platby/article.php?5d4c26=persona-4-the-animation-characters HTTP/1.1" 200 22477 "-" "Mozilla/5.0 (compatible; DotBot/1.2; +https://opensiteexplorer.org/dotbot; help@moz.com)"
185.191.171.19 - - [10/Dec/2025:12:07:07 +0100] "GET /platby/hca/battle-against-a-true-hero HTTP/1.1" 200 6859 "-" "Mozilla/5.0 (compatible; SemrushBot/7~bl; +http://www.semrush.com/bot.html)"
216.244.66.239 - - [10/Dec/2025:12:07:10 +0100] "GET /platby/article.php?5d4c26=real-western-union-mtcn HTTP/1.1" 200 19117 "-" "Mozilla/5.0 (compatible; DotBot/1.2; +https://opensiteexplorer.org/dotbot; help@moz.com)"
216.244.66.239 - - [10/Dec/2025:12:07:14 +0100] "GET /platby/article.php?5d4c26=sanditon-episodes-season-1 HTTP/1.1" 200 23533 "-" "Mozilla/5.0 (compatible; DotBot/1.2; +https://opensiteexplorer.org/dotbot; help@moz.com)"
185.191.171.15 - - [10/Dec/2025:12:07:17 +0100] "GET /platby/qqap/cost-of-medical-school-in-canada-for-international-students HTTP/1.1" 200 8464 "-" "Mozilla/5.0 (compatible; SemrushBot/7~bl; +http://www.semrush.com/bot.html)"
216.244.66.239 - - [10/Dec/2025:12:07:18 +0100] "GET /platby/article.php?5d4c26=scottish-fleece-blanket HTTP/1.1" 200 24666 "-" "Mozilla/5.0 (compatible; DotBot/1.2; +https://opensiteexplorer.org/dotbot; help@moz.com)"
216.244.66.239 - - [10/Dec/2025:12:07:22 +0100] "GET /platby/article.php?5d4c26=sedro-woolley-tiny-homes HTTP/1.1" 200 17808 "-" "Mozilla/5.0 (compatible; DotBot/1.2; +https://opensiteexplorer.org/dotbot; help@moz.com)"
216.244.66.239 - - [10/Dec/2025:12:07:24 +0100] "GET /platby/article.php?5d4c26=ssl-certificate-wiki HTTP/1.1" 200 17759 "-" "Mozilla/5.0 (compatible; DotBot/1.2; +https://opensiteexplorer.org/dotbot; help@moz.com)"
216.244.66.239 - - [10/Dec/2025:12:07:27 +0100] "GET /platby/article.php?5d4c26=stories-of-heartbreak-and-moving-on HTTP/1.1" 200 21167 "-" "Mozilla/5.0 (compatible; DotBot/1.2; +https://opensiteexplorer.org/dotbot; help@moz.com)"
216.244.66.239 - - [10/Dec/2025:12:07:29 +0100] "GET /platby/article.php?5d4c26=sydney-swans-players-2017 HTTP/1.1" 200 19179 "-" "Mozilla/5.0 (compatible; DotBot/1.2; +https://opensiteexplorer.org/dotbot; help@moz.com)"
216.244.66.239 - - [10/Dec/2025:12:07:30 +0100] "GET /platby/article.php?5d4c26=twisted-wonderland-ignihyde HTTP/1.1" 200 21397 "-" "Mozilla/5.0 (compatible; DotBot/1.2; +https://opensiteexplorer.org/dotbot; help@moz.com)"
216.244.66.239 - - [10/Dec/2025:12:07:32 +0100] "GET /platby/article.php?5d4c26=usa-rugby-union HTTP/1.1" 200 22250 "-" "Mozilla/5.0 (compatible; DotBot/1.2; +https://opensiteexplorer.org/dotbot; help@moz.com)"
216.244.66.239 - - [10/Dec/2025:12:07:34 +0100] "GET /platby/article.php?5d4c26=what-to-do-when-on-hold HTTP/1.1" 200 18376 "-" "Mozilla/5.0 (compatible; DotBot/1.2; +https://opensiteexplorer.org/dotbot; help@moz.com)"
85.208.96.207 - - [10/Dec/2025:12:07:38 +0100] "GET /platby/hca/david-silva-fifa-20-rating HTTP/1.1" 200 5446 "-" "Mozilla/5.0 (compatible; SemrushBot/7~bl; +http://www.semrush.com/bot.html)"
216.244.66.239 - - [10/Dec/2025:12:07:38 +0100] "GET /platby/article.php?5d4c26=yeti-tundra-45-dimensions HTTP/1.1" 200 16480 "-" "Mozilla/5.0 (compatible; DotBot/1.2; +https://opensiteexplorer.org/dotbot; help@moz.com)"
216.244.66.239 - - [10/Dec/2025:12:07:41 +0100] "GET /platby/article.php?5d4c26=Psycho-Girl-playing-Minecraft HTTP/1.1" 200 20888 "-" "Mozilla/5.0 (compatible; DotBot/1.2; +https://opensiteexplorer.org/dotbot; help@moz.com)"
216.244.66.239 - - [10/Dec/2025:12:07:43 +0100] "GET /platby/article.php?5d4c26=Tahiti-natural-resources HTTP/1.1" 200 21947 "-" "Mozilla/5.0 (compatible; DotBot/1.2; +https://opensiteexplorer.org/dotbot; help@moz.com)"
216.244.66.239 - - [10/Dec/2025:12:07:46 +0100] "GET /platby/article.php?5d4c26=collins-aerospace-careers HTTP/1.1" 200 21565 "-" "Mozilla/5.0 (compatible; DotBot/1.2; +https://opensiteexplorer.org/dotbot; help@moz.com)"
216.244.66.239 - - [10/Dec/2025:12:07:47 +0100] "GET /platby/article.php?5d4c26=florida-today-legal-notices HTTP/1.1" 200 23153 "-" "Mozilla/5.0 (compatible; DotBot/1.2; +https://opensiteexplorer.org/dotbot; help@moz.com)"
185.191.171.14 - - [10/Dec/2025:12:07:49 +0100] "GET /platby/uwoy9/cumulonimbus-clouds-pronunciation HTTP/1.1" 200 13273 "-" "Mozilla/5.0 (compatible; SemrushBot/7~bl; +http://www.semrush.com/bot.html)"
216.244.66.239 - - [10/Dec/2025:12:07:50 +0100] "GET /platby/article.php?5d4c26=how-do-valorant-drops-work-reddit HTTP/1.1" 200 23538 "-" "Mozilla/5.0 (compatible; DotBot/1.2; +https://opensiteexplorer.org/dotbot; help@moz.com)"
85.208.96.195 - - [10/Dec/2025:12:07:53 +0100] "GET /platby/72zbxoz/coalition-of-aboriginal-peoples-of-saskatchewan HTTP/1.1" 200 7723 "-" "Mozilla/5.0 (compatible; SemrushBot/7~bl; +http://www.semrush.com/bot.html)"
216.244.66.239 - - [10/Dec/2025:12:07:54 +0100] "GET /platby/article.php?5d4c26=how-to-calculate-return-with-dividends-reinvested HTTP/1.1" 200 16919 "-" "Mozilla/5.0 (compatible; DotBot/1.2; +https://opensiteexplorer.org/dotbot; help@moz.com)"
216.244.66.239 - - [10/Dec/2025:12:07:56 +0100] "GET /platby/article.php?5d4c26=how-to-think-like-a-computer-scientist-mit HTTP/1.1" 200 16162 "-" "Mozilla/5.0 (compatible; DotBot/1.2; +https://opensiteexplorer.org/dotbot; help@moz.com)"
216.244.66.239 - - [10/Dec/2025:12:08:00 +0100] "GET /platby/article.php?5d4c26=marshmello-clean-songs-playlist HTTP/1.1" 200 16943 "-" "Mozilla/5.0 (compatible; DotBot/1.2; +https://opensiteexplorer.org/dotbot; help@moz.com)"
216.244.66.239 - - [10/Dec/2025:12:08:02 +0100] "GET /platby/article.php?5d4c26=neptune-in-capricorn-astrocodex HTTP/1.1" 200 17492 "-" "Mozilla/5.0 (compatible; DotBot/1.2; +https://opensiteexplorer.org/dotbot; help@moz.com)"
216.244.66.239 - - [10/Dec/2025:12:08:05 +0100] "GET /platby/article.php?5d4c26=pell%C3%A9as-and-m%C3%A9lisande-faur%C3%A9 HTTP/1.1" 200 25493 "-" "Mozilla/5.0 (compatible; DotBot/1.2; +https://opensiteexplorer.org/dotbot; help@moz.com)"
216.244.66.239 - - [10/Dec/2025:12:08:07 +0100] "GET /platby/article.php?5d4c26=pete-the-cat-bedtime-stories HTTP/1.1" 200 16130 "-" "Mozilla/5.0 (compatible; DotBot/1.2; +https://opensiteexplorer.org/dotbot; help@moz.com)"
216.244.66.239 - - [10/Dec/2025:12:08:10 +0100] "GET /platby/article.php?5d4c26=prattville%2C-al-funeral-homes HTTP/1.1" 200 24286 "-" "Mozilla/5.0 (compatible; DotBot/1.2; +https://opensiteexplorer.org/dotbot; help@moz.com)"
216.244.66.239 - - [10/Dec/2025:12:08:12 +0100] "GET /platby/article.php?5d4c26=spm-i-must-be-high-lyrics HTTP/1.1" 200 23374 "-" "Mozilla/5.0 (compatible; DotBot/1.2; +https://opensiteexplorer.org/dotbot; help@moz.com)"
