204.76.203.206 - - [10/Dec/2025:19:48:30 +0100] "GET / HTTP/1.1" 200 316 "-" "Mozilla/5.0 (Windows NT 10.0; Win64; x64) AppleWebKit/537.36 (KHTML, like Gecko) Chrome/90.0.4430.85 Safari/537.36 Edg/90.0.818.46"
216.244.66.239 - - [10/Dec/2025:19:48:58 +0100] "GET /robots.txt HTTP/1.1" 200 34 "-" "Mozilla/5.0 (compatible; DotBot/1.2; +https://opensiteexplorer.org/dotbot; help@moz.com)"
185.191.171.14 - - [10/Dec/2025:19:49:03 +0100] "GET /platby/uwoy9/vincent-d'onofrio-sean-penn HTTP/1.1" 200 9573 "-" "Mozilla/5.0 (compatible; SemrushBot/7~bl; +http://www.semrush.com/bot.html)"
73.137.5.216 - - [10/Dec/2025:19:49:11 +0100] "GET /platby/qqap/languages-spoken-in-ireland-percentages HTTP/1.1" 200 7982 "-" "Mozilla/5.0 (X11; Linux x86_64) AppleWebKit/536.1 (KHTML, like Gecko) Chrome/62.0.853.0 Safari/536.1"
85.208.96.193 - - [10/Dec/2025:19:49:16 +0100] "GET /platby/aohwuyx/work-breakdown-structure-template-word-document HTTP/1.1" 200 14311 "-" "Mozilla/5.0 (compatible; SemrushBot/7~bl; +http://www.semrush.com/bot.html)"
45.150.72.132 - - [10/Dec/2025:19:49:20 +0100] "\x16\x03\x01" 403 265 "-" "-"
185.191.171.18 - - [10/Dec/2025:19:50:14 +0100] "GET /platby/hca/reebok-pump-release-date-2021 HTTP/1.1" 200 7394 "-" "Mozilla/5.0 (compatible; SemrushBot/7~bl; +http://www.semrush.com/bot.html)"
185.191.171.17 - - [10/Dec/2025:19:50:33 +0100] "GET /platby/aohwuyx/bacone-college-course-catalog HTTP/1.1" 200 14161 "-" "Mozilla/5.0 (compatible; SemrushBot/7~bl; +http://www.semrush.com/bot.html)"
185.191.171.10 - - [10/Dec/2025:19:50:34 +0100] "GET /platby/72zbxoz/facts-about-the-texas-flag HTTP/1.1" 200 14455 "-" "Mozilla/5.0 (compatible; SemrushBot/7~bl; +http://www.semrush.com/bot.html)"
185.191.171.12 - - [10/Dec/2025:19:50:41 +0100] "GET /platby/72zbxoz/marcy-sm-4008-assembly HTTP/1.1" 200 13917 "-" "Mozilla/5.0 (compatible; SemrushBot/7~bl; +http://www.semrush.com/bot.html)"
185.191.171.15 - - [10/Dec/2025:19:50:42 +0100] "GET /platby/aohwuyx/what-is-bioscience-in-nursing HTTP/1.1" 200 9699 "-" "Mozilla/5.0 (compatible; SemrushBot/7~bl; +http://www.semrush.com/bot.html)"
185.191.171.9 - - [10/Dec/2025:19:50:48 +0100] "GET /platby/72zbxoz/thunderstruck-cast-2021 HTTP/1.1" 200 13654 "-" "Mozilla/5.0 (compatible; SemrushBot/7~bl; +http://www.semrush.com/bot.html)"
185.191.171.5 - - [10/Dec/2025:19:50:50 +0100] "GET /platby/uwoy9/rayo-vallecano-vs-girona HTTP/1.1" 200 8514 "-" "Mozilla/5.0 (compatible; SemrushBot/7~bl; +http://www.semrush.com/bot.html)"
85.208.96.196 - - [10/Dec/2025:19:51:10 +0100] "GET /platby/hca/his-african-queen-book-2-by-zekhethelo HTTP/1.1" 200 13635 "-" "Mozilla/5.0 (compatible; SemrushBot/7~bl; +http://www.semrush.com/bot.html)"
185.191.171.13 - - [10/Dec/2025:19:51:16 +0100] "GET /platby/qqap/install-virtualbox-guest-additions HTTP/1.1" 200 6722 "-" "Mozilla/5.0 (compatible; SemrushBot/7~bl; +http://www.semrush.com/bot.html)"
85.208.96.193 - - [10/Dec/2025:19:51:28 +0100] "GET /platby/uwoy9/minimum-wage-by-country-world-bank HTTP/1.1" 200 8107 "-" "Mozilla/5.0 (compatible; SemrushBot/7~bl; +http://www.semrush.com/bot.html)"
185.191.171.13 - - [10/Dec/2025:19:51:34 +0100] "GET /platby/uwoy9/product-design-magazines HTTP/1.1" 200 15722 "-" "Mozilla/5.0 (compatible; SemrushBot/7~bl; +http://www.semrush.com/bot.html)"
85.208.96.210 - - [10/Dec/2025:19:51:44 +0100] "GET /platby/hca/confluence-python-examples HTTP/1.1" 200 6732 "-" "Mozilla/5.0 (compatible; SemrushBot/7~bl; +http://www.semrush.com/bot.html)"
185.191.171.8 - - [10/Dec/2025:19:51:55 +0100] "GET /platby/aohwuyx/chin-ups-alternative-at-home HTTP/1.1" 200 10314 "-" "Mozilla/5.0 (compatible; SemrushBot/7~bl; +http://www.semrush.com/bot.html)"
85.208.96.204 - - [10/Dec/2025:19:52:03 +0100] "GET /platby/aohwuyx/blue-grosbeak-arkansas HTTP/1.1" 200 13378 "-" "Mozilla/5.0 (compatible; SemrushBot/7~bl; +http://www.semrush.com/bot.html)"
185.191.171.15 - - [10/Dec/2025:19:52:07 +0100] "GET /platby/hca/imran-khan-singer-in-pakistan HTTP/1.1" 200 8584 "-" "Mozilla/5.0 (compatible; SemrushBot/7~bl; +http://www.semrush.com/bot.html)"
185.191.171.8 - - [10/Dec/2025:19:52:26 +0100] "GET /platby/uwoy9/ozan-kabak-fifa-19-potential HTTP/1.1" 200 8938 "-" "Mozilla/5.0 (compatible; SemrushBot/7~bl; +http://www.semrush.com/bot.html)"
185.191.171.4 - - [10/Dec/2025:19:52:35 +0100] "GET /platby/aohwuyx/supporting-black-students-in-higher-education HTTP/1.1" 200 9398 "-" "Mozilla/5.0 (compatible; SemrushBot/7~bl; +http://www.semrush.com/bot.html)"
216.244.66.239 - - [10/Dec/2025:19:53:42 +0100] "GET /platby/article.php?5d4c26=Tartarus-god-symbol HTTP/1.1" 200 16157 "-" "Mozilla/5.0 (compatible; DotBot/1.2; +https://opensiteexplorer.org/dotbot; help@moz.com)"
185.191.171.3 - - [10/Dec/2025:19:53:44 +0100] "GET /platby/hca/dastardly-pronunciation HTTP/1.1" 200 10980 "-" "Mozilla/5.0 (compatible; SemrushBot/7~bl; +http://www.semrush.com/bot.html)"
216.244.66.239 - - [10/Dec/2025:19:54:14 +0100] "GET /platby/article.php?5d4c26=alien-soldier-rom HTTP/1.1" 200 19162 "-" "Mozilla/5.0 (compatible; DotBot/1.2; +https://opensiteexplorer.org/dotbot; help@moz.com)"
85.208.96.197 - - [10/Dec/2025:19:54:17 +0100] "GET /platby/hca/peter-jury-commentary HTTP/1.1" 200 7777 "-" "Mozilla/5.0 (compatible; SemrushBot/7~bl; +http://www.semrush.com/bot.html)"
85.208.96.211 - - [10/Dec/2025:19:54:33 +0100] "GET /platby/uwoy9/4k-quotes-wallpaper-for-mobile HTTP/1.1" 200 10053 "-" "Mozilla/5.0 (compatible; SemrushBot/7~bl; +http://www.semrush.com/bot.html)"
185.191.171.3 - - [10/Dec/2025:19:54:36 +0100] "GET /platby/qqap/how-much-battery-does-always-on-display-use HTTP/1.1" 200 11423 "-" "Mozilla/5.0 (compatible; SemrushBot/7~bl; +http://www.semrush.com/bot.html)"
85.208.96.201 - - [10/Dec/2025:19:54:41 +0100] "GET /platby/uwoy9/piercing-the-darkness-quotes HTTP/1.1" 200 8927 "-" "Mozilla/5.0 (compatible; SemrushBot/7~bl; +http://www.semrush.com/bot.html)"
216.244.66.239 - - [10/Dec/2025:19:54:44 +0100] "GET /platby/article.php?5d4c26=josh-trank-capone HTTP/1.1" 200 15288 "-" "Mozilla/5.0 (compatible; DotBot/1.2; +https://opensiteexplorer.org/dotbot; help@moz.com)"
185.191.171.1 - - [10/Dec/2025:19:54:51 +0100] "GET /platby/uwoy9/guillermo-jimmy-kimmel-salary HTTP/1.1" 200 11099 "-" "Mozilla/5.0 (compatible; SemrushBot/7~bl; +http://www.semrush.com/bot.html)"
185.191.171.6 - - [10/Dec/2025:19:55:02 +0100] "GET /platby/hca/jurassic-park-logo-tattoo HTTP/1.1" 200 8947 "-" "Mozilla/5.0 (compatible; SemrushBot/7~bl; +http://www.semrush.com/bot.html)"
185.191.171.9 - - [10/Dec/2025:19:55:08 +0100] "GET /platby/uwoy9/brandeis-fall-2021-class-registration HTTP/1.1" 200 8371 "-" "Mozilla/5.0 (compatible; SemrushBot/7~bl; +http://www.semrush.com/bot.html)"
216.244.66.239 - - [10/Dec/2025:19:55:14 +0100] "GET /platby/article.php?5d4c26=mini-churros-recipe HTTP/1.1" 200 21112 "-" "Mozilla/5.0 (compatible; DotBot/1.2; +https://opensiteexplorer.org/dotbot; help@moz.com)"
85.208.96.204 - - [10/Dec/2025:19:55:20 +0100] "GET /platby/uwoy9/final-destination-6-2022-release-date HTTP/1.1" 200 13973 "-" "Mozilla/5.0 (compatible; SemrushBot/7~bl; +http://www.semrush.com/bot.html)"
185.191.171.1 - - [10/Dec/2025:19:55:26 +0100] "GET /platby/72zbxoz/loyola-marymount-university-virtual-tour HTTP/1.1" 200 9366 "-" "Mozilla/5.0 (compatible; SemrushBot/7~bl; +http://www.semrush.com/bot.html)"
185.191.171.15 - - [10/Dec/2025:19:55:41 +0100] "GET /platby/uwoy9/lovely-brows-studio-garden-grove HTTP/1.1" 200 15053 "-" "Mozilla/5.0 (compatible; SemrushBot/7~bl; +http://www.semrush.com/bot.html)"
216.244.66.239 - - [10/Dec/2025:19:55:42 +0100] "GET /platby/article.php?5d4c26=ray-noble-trumpet HTTP/1.1" 200 19258 "-" "Mozilla/5.0 (compatible; DotBot/1.2; +https://opensiteexplorer.org/dotbot; help@moz.com)"
66.249.79.201 - - [10/Dec/2025:19:55:49 +0100] "\x16\x03\x01\x02" 403 265 "-" "-"
45.38.44.221 - - [10/Dec/2025:19:56:01 +0100] "GET /" 400 468 "-" "-"
185.191.171.5 - - [10/Dec/2025:19:56:02 +0100] "GET /platby/uwoy9/brann-vs-lillestrom-results HTTP/1.1" 200 9289 "-" "Mozilla/5.0 (compatible; SemrushBot/7~bl; +http://www.semrush.com/bot.html)"
216.244.66.239 - - [10/Dec/2025:19:56:09 +0100] "GET /platby/article.php?5d4c26=A-Live-One HTTP/1.1" 200 20729 "-" "Mozilla/5.0 (compatible; DotBot/1.2; +https://opensiteexplorer.org/dotbot; help@moz.com)"
85.208.96.209 - - [10/Dec/2025:19:56:14 +0100] "GET /platby/uwoy9/oppo-side-fingerprint HTTP/1.1" 200 13398 "-" "Mozilla/5.0 (compatible; SemrushBot/7~bl; +http://www.semrush.com/bot.html)"
185.191.171.4 - - [10/Dec/2025:19:56:24 +0100] "GET /platby/hca/browns-team-photo-2020 HTTP/1.1" 200 10583 "-" "Mozilla/5.0 (compatible; SemrushBot/7~bl; +http://www.semrush.com/bot.html)"
5.101.64.6 - - [10/Dec/2025:19:56:28 +0100] "\x16\x03\x01\x05\xbb\x01" 403 265 "-" "-"
216.244.66.239 - - [10/Dec/2025:19:56:36 +0100] "GET /platby/article.php?5d4c26=Branches-of-sociolinguistics HTTP/1.1" 200 20515 "-" "Mozilla/5.0 (compatible; DotBot/1.2; +https://opensiteexplorer.org/dotbot; help@moz.com)"
3.224.215.150 - - [10/Dec/2025:19:56:37 +0100] "GET /platby/qqap/jobs-at-surrey-sports-park HTTP/1.1" 200 6733 "-" "Mozilla/5.0 AppleWebKit/537.36 (KHTML, like Gecko; compatible; Amazonbot/0.1; +https://developer.amazon.com/support/amazonbot) Chrome/119.0.6045.214 Safari/537.36"
52.71.203.206 - - [10/Dec/2025:19:56:40 +0100] "GET /platby/72zbxoz/gerald-schoenfeld-theatre-seating HTTP/1.1" 200 11549 "-" "Mozilla/5.0 AppleWebKit/537.36 (KHTML, like Gecko; compatible; Amazonbot/0.1; +https://developer.amazon.com/support/amazonbot) Chrome/119.0.6045.214 Safari/537.36"
185.191.171.6 - - [10/Dec/2025:19:56:45 +0100] "GET /platby/uwoy9/jira-add-existing-issue-to-epic HTTP/1.1" 200 15861 "-" "Mozilla/5.0 (compatible; SemrushBot/7~bl; +http://www.semrush.com/bot.html)"
34.239.197.197 - - [10/Dec/2025:19:56:46 +0100] "GET /platby/72zbxoz/motorola-edge-plus-screen-size HTTP/1.1" 200 8034 "-" "Mozilla/5.0 AppleWebKit/537.36 (KHTML, like Gecko; compatible; Amazonbot/0.1; +https://developer.amazon.com/support/amazonbot) Chrome/119.0.6045.214 Safari/537.36"
100.29.128.75 - - [10/Dec/2025:19:56:47 +0100] "GET /platby/72zbxoz/restaurant-with-rooms-windermere HTTP/1.1" 200 10071 "-" "Mozilla/5.0 AppleWebKit/537.36 (KHTML, like Gecko; compatible; Amazonbot/0.1; +https://developer.amazon.com/support/amazonbot) Chrome/119.0.6045.214 Safari/537.36"
85.208.96.194 - - [10/Dec/2025:19:56:48 +0100] "GET /platby/hca/kansas-city-basketball-team-nba HTTP/1.1" 200 11602 "-" "Mozilla/5.0 (compatible; SemrushBot/7~bl; +http://www.semrush.com/bot.html)"
54.90.244.132 - - [10/Dec/2025:19:56:53 +0100] "GET /platby/72zbxoz/best-perennial-flowers-for-oklahoma HTTP/1.1" 200 15413 "-" "Mozilla/5.0 AppleWebKit/537.36 (KHTML, like Gecko; compatible; Amazonbot/0.1; +https://developer.amazon.com/support/amazonbot) Chrome/119.0.6045.214 Safari/537.36"
44.215.235.20 - - [10/Dec/2025:19:56:59 +0100] "GET /platby/72zbxoz/japan-vs-ukraine-women's-soccer HTTP/1.1" 200 13533 "-" "Mozilla/5.0 AppleWebKit/537.36 (KHTML, like Gecko; compatible; Amazonbot/0.1; +https://developer.amazon.com/support/amazonbot) Chrome/119.0.6045.214 Safari/537.36"
85.208.96.212 - - [10/Dec/2025:19:56:59 +0100] "GET /platby/qqap/occc-application-deadline-fall-2020 HTTP/1.1" 200 12394 "-" "Mozilla/5.0 (compatible; SemrushBot/7~bl; +http://www.semrush.com/bot.html)"
216.244.66.239 - - [10/Dec/2025:19:57:01 +0100] "GET /platby/article.php?5d4c26=Robot-name-generator HTTP/1.1" 200 18044 "-" "Mozilla/5.0 (compatible; DotBot/1.2; +https://opensiteexplorer.org/dotbot; help@moz.com)"
34.204.150.196 - - [10/Dec/2025:19:57:02 +0100] "GET /platby/72zbxoz/atlanta-falcons-defensive-stats HTTP/1.1" 200 12403 "-" "Mozilla/5.0 AppleWebKit/537.36 (KHTML, like Gecko; compatible; Amazonbot/0.1; +https://developer.amazon.com/support/amazonbot) Chrome/119.0.6045.214 Safari/537.36"
35.169.102.85 - - [10/Dec/2025:19:57:04 +0100] "GET /platby/72zbxoz/triangular-based-pyramid HTTP/1.1" 200 14131 "-" "Mozilla/5.0 AppleWebKit/537.36 (KHTML, like Gecko; compatible; Amazonbot/0.1; +https://developer.amazon.com/support/amazonbot) Chrome/119.0.6045.214 Safari/537.36"
18.213.70.100 - - [10/Dec/2025:19:57:08 +0100] "GET /platby/72zbxoz/caroline-hirons-husband HTTP/1.1" 200 13838 "-" "Mozilla/5.0 AppleWebKit/537.36 (KHTML, like Gecko; compatible; Amazonbot/0.1; +https://developer.amazon.com/support/amazonbot) Chrome/119.0.6045.214 Safari/537.36"
85.208.96.206 - - [10/Dec/2025:19:57:09 +0100] "GET /platby/aohwuyx/organizational-development-certification HTTP/1.1" 200 12263 "-" "Mozilla/5.0 (compatible; SemrushBot/7~bl; +http://www.semrush.com/bot.html)"
34.234.206.30 - - [10/Dec/2025:19:57:12 +0100] "GET /platby/72zbxoz/jasper-cillessen-euro-2021 HTTP/1.1" 200 12070 "-" "Mozilla/5.0 AppleWebKit/537.36 (KHTML, like Gecko; compatible; Amazonbot/0.1; +https://developer.amazon.com/support/amazonbot) Chrome/119.0.6045.214 Safari/537.36"
3.210.29.96 - - [10/Dec/2025:19:57:16 +0100] "GET /platby/72zbxoz/cincinnati-tattoo-convention HTTP/1.1" 200 10250 "-" "Mozilla/5.0 AppleWebKit/537.36 (KHTML, like Gecko; compatible; Amazonbot/0.1; +https://developer.amazon.com/support/amazonbot) Chrome/119.0.6045.214 Safari/537.36"
107.20.25.33 - - [10/Dec/2025:19:57:20 +0100] "GET /platby/72zbxoz/who-owns-cosmopolitan-las-vegas HTTP/1.1" 200 11444 "-" "Mozilla/5.0 AppleWebKit/537.36 (KHTML, like Gecko; compatible; Amazonbot/0.1; +https://developer.amazon.com/support/amazonbot) Chrome/119.0.6045.214 Safari/537.36"
54.159.18.27 - - [10/Dec/2025:19:57:23 +0100] "GET /platby/72zbxoz/there's-a-riot-goin'-on-drum-machine HTTP/1.1" 200 11748 "-" "Mozilla/5.0 AppleWebKit/537.36 (KHTML, like Gecko; compatible; Amazonbot/0.1; +https://developer.amazon.com/support/amazonbot) Chrome/119.0.6045.214 Safari/537.36"
216.244.66.239 - - [10/Dec/2025:19:57:24 +0100] "GET /platby/article.php?5d4c26=Vanilla-planifolia-uses HTTP/1.1" 200 22365 "-" "Mozilla/5.0 (compatible; DotBot/1.2; +https://opensiteexplorer.org/dotbot; help@moz.com)"
100.28.49.152 - - [10/Dec/2025:19:57:27 +0100] "GET /platby/72zbxoz/photography-programs-near-me HTTP/1.1" 200 10164 "-" "Mozilla/5.0 AppleWebKit/537.36 (KHTML, like Gecko; compatible; Amazonbot/0.1; +https://developer.amazon.com/support/amazonbot) Chrome/119.0.6045.214 Safari/537.36"
34.224.9.144 - - [10/Dec/2025:19:57:36 +0100] "GET /platby/72zbxoz/midsomer-murders''-judgement-day-who-did-it HTTP/1.1" 200 14802 "-" "Mozilla/5.0 AppleWebKit/537.36 (KHTML, like Gecko; compatible; Amazonbot/0.1; +https://developer.amazon.com/support/amazonbot) Chrome/119.0.6045.214 Safari/537.36"
107.22.208.39 - - [10/Dec/2025:19:57:37 +0100] "GET /platby/72zbxoz/kerry-collins-brother HTTP/1.1" 200 13556 "-" "Mozilla/5.0 AppleWebKit/537.36 (KHTML, like Gecko; compatible; Amazonbot/0.1; +https://developer.amazon.com/support/amazonbot) Chrome/119.0.6045.214 Safari/537.36"
44.196.118.6 - - [10/Dec/2025:19:57:40 +0100] "GET /platby/72zbxoz/anthony-ramos-children HTTP/1.1" 200 8369 "-" "Mozilla/5.0 AppleWebKit/537.36 (KHTML, like Gecko; compatible; Amazonbot/0.1; +https://developer.amazon.com/support/amazonbot) Chrome/119.0.6045.214 Safari/537.36"
185.191.171.7 - - [10/Dec/2025:19:57:43 +0100] "GET /platby/72zbxoz/microsoft-teams-check-out-file-location HTTP/1.1" 200 14602 "-" "Mozilla/5.0 (compatible; SemrushBot/7~bl; +http://www.semrush.com/bot.html)"
34.235.239.240 - - [10/Dec/2025:19:57:45 +0100] "GET /platby/72zbxoz/marion-county-jail-inmate-release-date HTTP/1.1" 200 8399 "-" "Mozilla/5.0 AppleWebKit/537.36 (KHTML, like Gecko; compatible; Amazonbot/0.1; +https://developer.amazon.com/support/amazonbot) Chrome/119.0.6045.214 Safari/537.36"
216.244.66.239 - - [10/Dec/2025:19:57:47 +0100] "GET /platby/article.php?5d4c26=behroze-sabzwari-age HTTP/1.1" 200 21090 "-" "Mozilla/5.0 (compatible; DotBot/1.2; +https://opensiteexplorer.org/dotbot; help@moz.com)"
44.205.180.155 - - [10/Dec/2025:19:57:49 +0100] "GET /platby/72zbxoz/canada's-missing-daughter's HTTP/1.1" 200 10514 "-" "Mozilla/5.0 AppleWebKit/537.36 (KHTML, like Gecko; compatible; Amazonbot/0.1; +https://developer.amazon.com/support/amazonbot) Chrome/119.0.6045.214 Safari/537.36"
18.213.27.222 - - [10/Dec/2025:19:57:51 +0100] "GET /platby/72zbxoz/towson-university-crossfit HTTP/1.1" 200 11482 "-" "Mozilla/5.0 AppleWebKit/537.36 (KHTML, like Gecko; compatible; Amazonbot/0.1; +https://developer.amazon.com/support/amazonbot) Chrome/119.0.6045.214 Safari/537.36"
34.225.87.80 - - [10/Dec/2025:19:57:58 +0100] "GET /platby/72zbxoz/black-locust-for-sale-near-me HTTP/1.1" 200 12717 "-" "Mozilla/5.0 AppleWebKit/537.36 (KHTML, like Gecko; compatible; Amazonbot/0.1; +https://developer.amazon.com/support/amazonbot) Chrome/119.0.6045.214 Safari/537.36"
44.205.120.22 - - [10/Dec/2025:19:57:59 +0100] "GET /platby/72zbxoz/taking-session-synonym HTTP/1.1" 200 13046 "-" "Mozilla/5.0 AppleWebKit/537.36 (KHTML, like Gecko; compatible; Amazonbot/0.1; +https://developer.amazon.com/support/amazonbot) Chrome/119.0.6045.214 Safari/537.36"
34.234.197.175 - - [10/Dec/2025:19:58:05 +0100] "GET /platby/72zbxoz/ak-bars-kazan-vs-avangard-omsk-prediction HTTP/1.1" 200 11662 "-" "Mozilla/5.0 AppleWebKit/537.36 (KHTML, like Gecko; compatible; Amazonbot/0.1; +https://developer.amazon.com/support/amazonbot) Chrome/119.0.6045.214 Safari/537.36"
216.244.66.239 - - [10/Dec/2025:19:58:09 +0100] "GET /platby/article.php?5d4c26=benji-marshall-flick-pass HTTP/1.1" 200 20226 "-" "Mozilla/5.0 (compatible; DotBot/1.2; +https://opensiteexplorer.org/dotbot; help@moz.com)"
107.20.25.33 - - [10/Dec/2025:19:58:11 +0100] "GET /platby/72zbxoz/alpha,-beta,-omega-zodiac-signs HTTP/1.1" 200 8729 "-" "Mozilla/5.0 AppleWebKit/537.36 (KHTML, like Gecko; compatible; Amazonbot/0.1; +https://developer.amazon.com/support/amazonbot) Chrome/119.0.6045.214 Safari/537.36"
185.191.171.9 - - [10/Dec/2025:19:58:26 +0100] "GET /platby/72zbxoz/lake-superior-state-acha-hockey HTTP/1.1" 200 13146 "-" "Mozilla/5.0 (compatible; SemrushBot/7~bl; +http://www.semrush.com/bot.html)"
85.208.96.210 - - [10/Dec/2025:19:58:28 +0100] "GET /platby/qqap/italian-sheepshead-bay-restaurants HTTP/1.1" 200 6932 "-" "Mozilla/5.0 (compatible; SemrushBot/7~bl; +http://www.semrush.com/bot.html)"
216.244.66.239 - - [10/Dec/2025:19:58:29 +0100] "GET /platby/article.php?5d4c26=blake-treinen-yankees HTTP/1.1" 200 19882 "-" "Mozilla/5.0 (compatible; DotBot/1.2; +https://opensiteexplorer.org/dotbot; help@moz.com)"
85.208.96.211 - - [10/Dec/2025:19:58:43 +0100] "GET /platby/qqap/similarities-between-covid-19-and-sars-virus HTTP/1.1" 200 13406 "-" "Mozilla/5.0 (compatible; SemrushBot/7~bl; +http://www.semrush.com/bot.html)"
216.244.66.239 - - [10/Dec/2025:19:58:49 +0100] "GET /platby/article.php?5d4c26=dance-music-artists HTTP/1.1" 200 22054 "-" "Mozilla/5.0 (compatible; DotBot/1.2; +https://opensiteexplorer.org/dotbot; help@moz.com)"
185.191.171.3 - - [10/Dec/2025:19:58:50 +0100] "GET /platby/aohwuyx/intel-processor-diagnostic-tool-mac HTTP/1.1" 200 9786 "-" "Mozilla/5.0 (compatible; SemrushBot/7~bl; +http://www.semrush.com/bot.html)"
185.191.171.3 - - [10/Dec/2025:19:58:52 +0100] "GET /platby/uwoy9/another-word-for-phase-of-life HTTP/1.1" 200 14232 "-" "Mozilla/5.0 (compatible; SemrushBot/7~bl; +http://www.semrush.com/bot.html)"
185.191.171.15 - - [10/Dec/2025:19:58:53 +0100] "GET /platby/72zbxoz/categorical-grants-in-a-sentence HTTP/1.1" 200 11412 "-" "Mozilla/5.0 (compatible; SemrushBot/7~bl; +http://www.semrush.com/bot.html)"
85.208.96.212 - - [10/Dec/2025:19:59:00 +0100] "GET /platby/qqap/us-population-2021-in-millions HTTP/1.1" 200 11820 "-" "Mozilla/5.0 (compatible; SemrushBot/7~bl; +http://www.semrush.com/bot.html)"
216.244.66.239 - - [10/Dec/2025:19:59:08 +0100] "GET /platby/article.php?5d4c26=dog-eyebrows-gif HTTP/1.1" 200 20890 "-" "Mozilla/5.0 (compatible; DotBot/1.2; +https://opensiteexplorer.org/dotbot; help@moz.com)"
85.208.96.209 - - [10/Dec/2025:19:59:10 +0100] "GET /platby/hca/what-rhymes-with-wind-for-a-poem HTTP/1.1" 200 13712 "-" "Mozilla/5.0 (compatible; SemrushBot/7~bl; +http://www.semrush.com/bot.html)"
185.191.171.13 - - [10/Dec/2025:19:59:19 +0100] "GET /platby/qqap/rubicon-research-canada-jobs HTTP/1.1" 200 11968 "-" "Mozilla/5.0 (compatible; SemrushBot/7~bl; +http://www.semrush.com/bot.html)"
216.244.66.239 - - [10/Dec/2025:19:59:26 +0100] "GET /platby/article.php?5d4c26=german-nba-players HTTP/1.1" 200 18755 "-" "Mozilla/5.0 (compatible; DotBot/1.2; +https://opensiteexplorer.org/dotbot; help@moz.com)"
85.208.96.207 - - [10/Dec/2025:19:59:26 +0100] "GET /platby/aohwuyx/secrets-of-the-venetian-las-vegas HTTP/1.1" 200 10933 "-" "Mozilla/5.0 (compatible; SemrushBot/7~bl; +http://www.semrush.com/bot.html)"
85.208.96.205 - - [10/Dec/2025:19:59:35 +0100] "GET /platby/uwoy9/bridge-computer-definition HTTP/1.1" 200 13529 "-" "Mozilla/5.0 (compatible; SemrushBot/7~bl; +http://www.semrush.com/bot.html)"
85.208.96.204 - - [10/Dec/2025:19:59:41 +0100] "GET /platby/72zbxoz/list-of-cities-in-georgia-in-alphabetical-order HTTP/1.1" 200 10776 "-" "Mozilla/5.0 (compatible; SemrushBot/7~bl; +http://www.semrush.com/bot.html)"
216.244.66.239 - - [10/Dec/2025:19:59:43 +0100] "GET /platby/article.php?5d4c26=gunung-kelud-misteri HTTP/1.1" 200 24127 "-" "Mozilla/5.0 (compatible; DotBot/1.2; +https://opensiteexplorer.org/dotbot; help@moz.com)"
216.244.66.239 - - [10/Dec/2025:19:59:59 +0100] "GET /platby/article.php?5d4c26=illustrator-3d-sphere HTTP/1.1" 200 17730 "-" "Mozilla/5.0 (compatible; DotBot/1.2; +https://opensiteexplorer.org/dotbot; help@moz.com)"
85.208.96.199 - - [10/Dec/2025:20:00:07 +0100] "GET /platby/72zbxoz/black-locust-for-sale-near-me HTTP/1.1" 200 12717 "-" "Mozilla/5.0 (compatible; SemrushBot/7~bl; +http://www.semrush.com/bot.html)"
216.244.66.239 - - [10/Dec/2025:20:00:14 +0100] "GET /platby/article.php?5d4c26=is-selwyn-water-chlorinated HTTP/1.1" 200 22931 "-" "Mozilla/5.0 (compatible; DotBot/1.2; +https://opensiteexplorer.org/dotbot; help@moz.com)"
216.244.66.239 - - [10/Dec/2025:20:00:28 +0100] "GET /platby/article.php?5d4c26=is-uzbekistan-safe HTTP/1.1" 200 20110 "-" "Mozilla/5.0 (compatible; DotBot/1.2; +https://opensiteexplorer.org/dotbot; help@moz.com)"
85.208.96.200 - - [10/Dec/2025:20:00:34 +0100] "GET /platby/uwoy9/mike-trout-career-war-projections HTTP/1.1" 200 11702 "-" "Mozilla/5.0 (compatible; SemrushBot/7~bl; +http://www.semrush.com/bot.html)"
185.191.171.1 - - [10/Dec/2025:20:00:40 +0100] "GET /platby/uwoy9/google-apps-not-working-on-huawei HTTP/1.1" 200 8279 "-" "Mozilla/5.0 (compatible; SemrushBot/7~bl; +http://www.semrush.com/bot.html)"
216.244.66.239 - - [10/Dec/2025:20:00:40 +0100] "GET /platby/article.php?5d4c26=john-agar-net-worth HTTP/1.1" 200 16774 "-" "Mozilla/5.0 (compatible; DotBot/1.2; +https://opensiteexplorer.org/dotbot; help@moz.com)"
85.208.96.193 - - [10/Dec/2025:20:00:44 +0100] "GET /platby/hca/hero-wars-celeste-team HTTP/1.1" 200 6515 "-" "Mozilla/5.0 (compatible; SemrushBot/7~bl; +http://www.semrush.com/bot.html)"
85.208.96.206 - - [10/Dec/2025:20:00:47 +0100] "GET /platby/hca/my-thoughts-are-with-you-messages HTTP/1.1" 200 6766 "-" "Mozilla/5.0 (compatible; SemrushBot/7~bl; +http://www.semrush.com/bot.html)"
216.244.66.239 - - [10/Dec/2025:20:00:52 +0100] "GET /platby/article.php?5d4c26=juwan-howard-shaq HTTP/1.1" 200 23317 "-" "Mozilla/5.0 (compatible; DotBot/1.2; +https://opensiteexplorer.org/dotbot; help@moz.com)"
216.244.66.239 - - [10/Dec/2025:20:01:02 +0100] "GET /platby/article.php?5d4c26=kelly-ripa-twitter HTTP/1.1" 200 22383 "-" "Mozilla/5.0 (compatible; DotBot/1.2; +https://opensiteexplorer.org/dotbot; help@moz.com)"
185.191.171.18 - - [10/Dec/2025:20:01:10 +0100] "GET /platby/72zbxoz/antalya,-turkey-flights HTTP/1.1" 200 10307 "-" "Mozilla/5.0 (compatible; SemrushBot/7~bl; +http://www.semrush.com/bot.html)"
216.244.66.239 - - [10/Dec/2025:20:01:12 +0100] "GET /platby/article.php?5d4c26=no-funny-gif HTTP/1.1" 200 18162 "-" "Mozilla/5.0 (compatible; DotBot/1.2; +https://opensiteexplorer.org/dotbot; help@moz.com)"
216.244.66.239 - - [10/Dec/2025:20:01:21 +0100] "GET /platby/article.php?5d4c26=oneweb-stock-price HTTP/1.1" 200 22508 "-" "Mozilla/5.0 (compatible; DotBot/1.2; +https://opensiteexplorer.org/dotbot; help@moz.com)"
216.244.66.239 - - [10/Dec/2025:20:01:28 +0100] "GET /platby/article.php?5d4c26=opposite-of-true HTTP/1.1" 200 19818 "-" "Mozilla/5.0 (compatible; DotBot/1.2; +https://opensiteexplorer.org/dotbot; help@moz.com)"
216.244.66.239 - - [10/Dec/2025:20:01:35 +0100] "GET /platby/article.php?5d4c26=private-investment-in-ai HTTP/1.1" 200 19370 "-" "Mozilla/5.0 (compatible; DotBot/1.2; +https://opensiteexplorer.org/dotbot; help@moz.com)"
216.244.66.239 - - [10/Dec/2025:20:01:41 +0100] "GET /platby/article.php?5d4c26=snow-in-different-languages HTTP/1.1" 200 23609 "-" "Mozilla/5.0 (compatible; DotBot/1.2; +https://opensiteexplorer.org/dotbot; help@moz.com)"
216.244.66.239 - - [10/Dec/2025:20:01:46 +0100] "GET /platby/article.php?5d4c26=the-guardian-search HTTP/1.1" 200 22042 "-" "Mozilla/5.0 (compatible; DotBot/1.2; +https://opensiteexplorer.org/dotbot; help@moz.com)"
216.244.66.239 - - [10/Dec/2025:20:01:50 +0100] "GET /platby/article.php?5d4c26=waste-war-plunderer HTTP/1.1" 200 20702 "-" "Mozilla/5.0 (compatible; DotBot/1.2; +https://opensiteexplorer.org/dotbot; help@moz.com)"
216.244.66.239 - - [10/Dec/2025:20:01:54 +0100] "GET /platby/article.php?5d4c26=2012-penrith-panthers-squad HTTP/1.1" 200 23647 "-" "Mozilla/5.0 (compatible; DotBot/1.2; +https://opensiteexplorer.org/dotbot; help@moz.com)"
216.244.66.239 - - [10/Dec/2025:20:01:57 +0100] "GET /platby/article.php?5d4c26=The-Hungry-Ghosts HTTP/1.1" 200 17742 "-" "Mozilla/5.0 (compatible; DotBot/1.2; +https://opensiteexplorer.org/dotbot; help@moz.com)"
216.244.66.239 - - [10/Dec/2025:20:02:00 +0100] "GET /platby/article.php?5d4c26=Wendi-Mae-Davidson HTTP/1.1" 200 21699 "-" "Mozilla/5.0 (compatible; DotBot/1.2; +https://opensiteexplorer.org/dotbot; help@moz.com)"
216.244.66.239 - - [10/Dec/2025:20:02:02 +0100] "GET /platby/article.php?5d4c26=babylon%27s-fall-news HTTP/1.1" 200 18222 "-" "Mozilla/5.0 (compatible; DotBot/1.2; +https://opensiteexplorer.org/dotbot; help@moz.com)"
185.191.171.14 - - [10/Dec/2025:20:02:04 +0100] "GET /platby/uwoy9/mamma-mia!-here-we-go-again-fernando HTTP/1.1" 200 13003 "-" "Mozilla/5.0 (compatible; SemrushBot/7~bl; +http://www.semrush.com/bot.html)"
216.244.66.239 - - [10/Dec/2025:20:02:04 +0100] "GET /platby/article.php?5d4c26=back-icon-font-awesome HTTP/1.1" 200 20911 "-" "Mozilla/5.0 (compatible; DotBot/1.2; +https://opensiteexplorer.org/dotbot; help@moz.com)"
216.244.66.239 - - [10/Dec/2025:20:02:06 +0100] "GET /platby/article.php?5d4c26=bein-sports-world-superbike HTTP/1.1" 200 24161 "-" "Mozilla/5.0 (compatible; DotBot/1.2; +https://opensiteexplorer.org/dotbot; help@moz.com)"
216.244.66.239 - - [10/Dec/2025:20:02:08 +0100] "GET /platby/article.php?5d4c26=bradley-bozeman-foundation HTTP/1.1" 200 16301 "-" "Mozilla/5.0 (compatible; DotBot/1.2; +https://opensiteexplorer.org/dotbot; help@moz.com)"
216.244.66.239 - - [10/Dec/2025:20:02:09 +0100] "GET /platby/article.php?5d4c26=children%27s-clothing-manufacturers-in-los-angeles HTTP/1.1" 200 23401 "-" "Mozilla/5.0 (compatible; DotBot/1.2; +https://opensiteexplorer.org/dotbot; help@moz.com)"
216.244.66.239 - - [10/Dec/2025:20:02:11 +0100] "GET /platby/article.php?5d4c26=costa-rica-hotels HTTP/1.1" 200 19888 "-" "Mozilla/5.0 (compatible; DotBot/1.2; +https://opensiteexplorer.org/dotbot; help@moz.com)"
216.244.66.239 - - [10/Dec/2025:20:02:12 +0100] "GET /platby/article.php?5d4c26=cream-cheese-calories HTTP/1.1" 200 16503 "-" "Mozilla/5.0 (compatible; DotBot/1.2; +https://opensiteexplorer.org/dotbot; help@moz.com)"
216.244.66.239 - - [10/Dec/2025:20:02:13 +0100] "GET /platby/article.php?5d4c26=earthquake-insurance-utah HTTP/1.1" 200 16878 "-" "Mozilla/5.0 (compatible; DotBot/1.2; +https://opensiteexplorer.org/dotbot; help@moz.com)"
185.191.171.14 - - [10/Dec/2025:20:02:14 +0100] "GET /platby/72zbxoz/turbomachinery-&-pump-symposia-2021 HTTP/1.1" 200 13536 "-" "Mozilla/5.0 (compatible; SemrushBot/7~bl; +http://www.semrush.com/bot.html)"
216.244.66.239 - - [10/Dec/2025:20:02:14 +0100] "GET /platby/article.php?5d4c26=epinal-vs-lille-prediction HTTP/1.1" 200 21545 "-" "Mozilla/5.0 (compatible; DotBot/1.2; +https://opensiteexplorer.org/dotbot; help@moz.com)"
216.244.66.239 - - [10/Dec/2025:20:02:16 +0100] "GET /platby/article.php?5d4c26=georgia-basketball-espn HTTP/1.1" 200 21170 "-" "Mozilla/5.0 (compatible; DotBot/1.2; +https://opensiteexplorer.org/dotbot; help@moz.com)"
216.244.66.239 - - [10/Dec/2025:20:02:17 +0100] "GET /platby/article.php?5d4c26=gradle-exclude-class-from-dependency HTTP/1.1" 200 23812 "-" "Mozilla/5.0 (compatible; DotBot/1.2; +https://opensiteexplorer.org/dotbot; help@moz.com)"
216.244.66.239 - - [10/Dec/2025:20:02:18 +0100] "GET /platby/article.php?5d4c26=gw2-mist-stranger-outfit HTTP/1.1" 200 24646 "-" "Mozilla/5.0 (compatible; DotBot/1.2; +https://opensiteexplorer.org/dotbot; help@moz.com)"
216.244.66.239 - - [10/Dec/2025:20:02:19 +0100] "GET /platby/article.php?5d4c26=hans-zimmer-jack-sparrow HTTP/1.1" 200 21161 "-" "Mozilla/5.0 (compatible; DotBot/1.2; +https://opensiteexplorer.org/dotbot; help@moz.com)"
216.244.66.239 - - [10/Dec/2025:20:02:20 +0100] "GET /platby/article.php?5d4c26=how-does-home-detention-work HTTP/1.1" 200 23927 "-" "Mozilla/5.0 (compatible; DotBot/1.2; +https://opensiteexplorer.org/dotbot; help@moz.com)"
216.244.66.239 - - [10/Dec/2025:20:02:22 +0100] "GET /platby/article.php?5d4c26=hyperspace-%3A-pirates-of-atira HTTP/1.1" 200 21501 "-" "Mozilla/5.0 (compatible; DotBot/1.2; +https://opensiteexplorer.org/dotbot; help@moz.com)"
216.244.66.239 - - [10/Dec/2025:20:02:24 +0100] "GET /platby/article.php?5d4c26=irish-tv-news-presenters-female HTTP/1.1" 200 23515 "-" "Mozilla/5.0 (compatible; DotBot/1.2; +https://opensiteexplorer.org/dotbot; help@moz.com)"
216.244.66.239 - - [10/Dec/2025:20:02:25 +0100] "GET /platby/article.php?5d4c26=lincoln-daily-news-marriage-license HTTP/1.1" 200 16379 "-" "Mozilla/5.0 (compatible; DotBot/1.2; +https://opensiteexplorer.org/dotbot; help@moz.com)"
216.244.66.239 - - [10/Dec/2025:20:02:27 +0100] "GET /platby/article.php?5d4c26=list-of-earthquakes-in-2010 HTTP/1.1" 200 21355 "-" "Mozilla/5.0 (compatible; DotBot/1.2; +https://opensiteexplorer.org/dotbot; help@moz.com)"
216.244.66.239 - - [10/Dec/2025:20:02:29 +0100] "GET /platby/article.php?5d4c26=madison-county-schools-closed HTTP/1.1" 200 18985 "-" "Mozilla/5.0 (compatible; DotBot/1.2; +https://opensiteexplorer.org/dotbot; help@moz.com)"
185.191.171.15 - - [10/Dec/2025:20:02:29 +0100] "GET /platby/uwoy9/under-the-same-moon-hoodie-dark-chocolate HTTP/1.1" 200 9077 "-" "Mozilla/5.0 (compatible; SemrushBot/7~bl; +http://www.semrush.com/bot.html)"
216.244.66.239 - - [10/Dec/2025:20:02:30 +0100] "GET /platby/article.php?5d4c26=medical-associations-in-michigan HTTP/1.1" 200 23194 "-" "Mozilla/5.0 (compatible; DotBot/1.2; +https://opensiteexplorer.org/dotbot; help@moz.com)"
216.244.66.239 - - [10/Dec/2025:20:02:31 +0100] "GET /platby/article.php?5d4c26=motogp-19-pro-career HTTP/1.1" 200 13729 "-" "Mozilla/5.0 (compatible; DotBot/1.2; +https://opensiteexplorer.org/dotbot; help@moz.com)"
216.244.66.239 - - [10/Dec/2025:20:02:32 +0100] "GET /platby/article.php?5d4c26=new-york-tv-channels HTTP/1.1" 200 17383 "-" "Mozilla/5.0 (compatible; DotBot/1.2; +https://opensiteexplorer.org/dotbot; help@moz.com)"
216.244.66.239 - - [10/Dec/2025:20:02:34 +0100] "GET /platby/article.php?5d4c26=oakley-sunglasses-cycling HTTP/1.1" 200 21795 "-" "Mozilla/5.0 (compatible; DotBot/1.2; +https://opensiteexplorer.org/dotbot; help@moz.com)"
216.244.66.239 - - [10/Dec/2025:20:02:48 +0100] "GET /platby/article.php?5d4c26=prisma-2-case-knife HTTP/1.1" 200 20440 "-" "Mozilla/5.0 (compatible; DotBot/1.2; +https://opensiteexplorer.org/dotbot; help@moz.com)"
85.208.96.206 - - [10/Dec/2025:20:02:49 +0100] "GET /platby/72zbxoz/affect-pronunciation-psychology HTTP/1.1" 200 9449 "-" "Mozilla/5.0 (compatible; SemrushBot/7~bl; +http://www.semrush.com/bot.html)"
85.208.96.196 - - [10/Dec/2025:20:02:54 +0100] "GET /platby/uwoy9/lawrence-school-lovedale-teachers-salary HTTP/1.1" 200 13467 "-" "Mozilla/5.0 (compatible; SemrushBot/7~bl; +http://www.semrush.com/bot.html)"
185.191.171.8 - - [10/Dec/2025:20:03:04 +0100] "GET /platby/72zbxoz/around-the-world-daft-punk-sheet-music HTTP/1.1" 200 10699 "-" "Mozilla/5.0 (compatible; SemrushBot/7~bl; +http://www.semrush.com/bot.html)"
185.191.171.14 - - [10/Dec/2025:20:03:05 +0100] "GET /platby/hca/sans-font-generator-copy-paste HTTP/1.1" 200 7835 "-" "Mozilla/5.0 (compatible; SemrushBot/7~bl; +http://www.semrush.com/bot.html)"
185.191.171.3 - - [10/Dec/2025:20:03:12 +0100] "GET /platby/qqap/2018-topps-baseball-error-cards HTTP/1.1" 200 10112 "-" "Mozilla/5.0 (compatible; SemrushBot/7~bl; +http://www.semrush.com/bot.html)"
216.244.66.239 - - [10/Dec/2025:20:03:39 +0100] "GET /platby/article.php?5d4c26=raid-shadow-legends-guide HTTP/1.1" 200 18514 "-" "Mozilla/5.0 (compatible; DotBot/1.2; +https://opensiteexplorer.org/dotbot; help@moz.com)"
185.191.171.1 - - [10/Dec/2025:20:03:41 +0100] "GET /platby/qqap/footballers-from-reading HTTP/1.1" 200 11874 "-" "Mozilla/5.0 (compatible; SemrushBot/7~bl; +http://www.semrush.com/bot.html)"
85.208.96.205 - - [10/Dec/2025:20:03:46 +0100] "GET /platby/qqap/apple-software-engineer-salary-canada HTTP/1.1" 200 8756 "-" "Mozilla/5.0 (compatible; SemrushBot/7~bl; +http://www.semrush.com/bot.html)"
141.98.11.140 - - [10/Dec/2025:20:04:02 +0100] "GET / HTTP/1.1" 200 516 "-" "-"
85.208.96.203 - - [10/Dec/2025:20:04:02 +0100] "GET /platby/uwoy9/galaxy-microarray-analysis HTTP/1.1" 200 11983 "-" "Mozilla/5.0 (compatible; SemrushBot/7~bl; +http://www.semrush.com/bot.html)"
185.191.171.10 - - [10/Dec/2025:20:04:06 +0100] "GET /platby/aohwuyx/best-sleeping-time-is-from-10pm-to-2am HTTP/1.1" 200 9035 "-" "Mozilla/5.0 (compatible; SemrushBot/7~bl; +http://www.semrush.com/bot.html)"
216.244.66.239 - - [10/Dec/2025:20:04:15 +0100] "GET /platby/article.php?5d4c26=railroad-track-dimensions HTTP/1.1" 200 16617 "-" "Mozilla/5.0 (compatible; DotBot/1.2; +https://opensiteexplorer.org/dotbot; help@moz.com)"
85.208.96.198 - - [10/Dec/2025:20:04:27 +0100] "GET /platby/uwoy9/theory-of-relativity-experiment HTTP/1.1" 200 7813 "-" "Mozilla/5.0 (compatible; SemrushBot/7~bl; +http://www.semrush.com/bot.html)"
185.191.171.17 - - [10/Dec/2025:20:04:35 +0100] "GET /platby/hca/ambassador-t'pel-actress HTTP/1.1" 200 13797 "-" "Mozilla/5.0 (compatible; SemrushBot/7~bl; +http://www.semrush.com/bot.html)"
204.76.203.206 - - [10/Dec/2025:20:04:51 +0100] "GET /" 400 468 "-" "-"
216.244.66.239 - - [10/Dec/2025:20:04:56 +0100] "GET /platby/article.php?5d4c26=ryan-masson-actor-age HTTP/1.1" 200 24540 "-" "Mozilla/5.0 (compatible; DotBot/1.2; +https://opensiteexplorer.org/dotbot; help@moz.com)"
85.208.96.200 - - [10/Dec/2025:20:04:56 +0100] "GET /platby/hca/hallmark-christmas-in-july-2021 HTTP/1.1" 200 9831 "-" "Mozilla/5.0 (compatible; SemrushBot/7~bl; +http://www.semrush.com/bot.html)"
185.191.171.9 - - [10/Dec/2025:20:05:28 +0100] "GET /platby/72zbxoz/insights-editorial-compilation-april-2020 HTTP/1.1" 200 10483 "-" "Mozilla/5.0 (compatible; SemrushBot/7~bl; +http://www.semrush.com/bot.html)"
216.244.66.239 - - [10/Dec/2025:20:05:32 +0100] "GET /platby/article.php?5d4c26=seth-numrich-imdb HTTP/1.1" 200 21548 "-" "Mozilla/5.0 (compatible; DotBot/1.2; +https://opensiteexplorer.org/dotbot; help@moz.com)"
85.208.96.210 - - [10/Dec/2025:20:05:33 +0100] "GET /platby/uwoy9/when-is-the-next-state-of-play-2021 HTTP/1.1" 200 10025 "-" "Mozilla/5.0 (compatible; SemrushBot/7~bl; +http://www.semrush.com/bot.html)"
185.191.171.1 - - [10/Dec/2025:20:05:35 +0100] "GET /platby/aohwuyx/tyler-stone-personal-chef HTTP/1.1" 200 7454 "-" "Mozilla/5.0 (compatible; SemrushBot/7~bl; +http://www.semrush.com/bot.html)"
57.141.6.10 - - [10/Dec/2025:20:06:01 +0100] "GET /platby/hca/best-cheap-premier-league-strikers-fifa-21-ultimate-team HTTP/1.1" 200 29461 "-" "meta-externalagent/1.1 (+https://developers.facebook.com/docs/sharing/webmasters/crawler)"
85.208.96.206 - - [10/Dec/2025:20:06:02 +0100] "GET /platby/72zbxoz/diversity-training-in-public-schools HTTP/1.1" 200 11878 "-" "Mozilla/5.0 (compatible; SemrushBot/7~bl; +http://www.semrush.com/bot.html)"
216.244.66.239 - - [10/Dec/2025:20:06:26 +0100] "GET /platby/article.php?5d4c26=sofia-clairo-lyrics HTTP/1.1" 200 21849 "-" "Mozilla/5.0 (compatible; DotBot/1.2; +https://opensiteexplorer.org/dotbot; help@moz.com)"
204.76.203.206 - - [10/Dec/2025:20:06:33 +0100] "GET / HTTP/1.1" 200 316 "-" "Mozilla/5.0 (Windows NT 10.0; Win64; x64) AppleWebKit/537.36 (KHTML, like Gecko) Chrome/90.0.4430.85 Safari/537.36 Edg/90.0.818.46"
185.191.171.8 - - [10/Dec/2025:20:06:38 +0100] "GET /platby/72zbxoz/al-arabi-basketball-roster HTTP/1.1" 200 10779 "-" "Mozilla/5.0 (compatible; SemrushBot/7~bl; +http://www.semrush.com/bot.html)"
185.191.171.14 - - [10/Dec/2025:20:06:58 +0100] "GET /platby/72zbxoz/sports-venture-capital-firms-nyc HTTP/1.1" 200 13208 "-" "Mozilla/5.0 (compatible; SemrushBot/7~bl; +http://www.semrush.com/bot.html)"
216.244.66.239 - - [10/Dec/2025:20:06:59 +0100] "GET /platby/article.php?5d4c26=spinach-recall-september-2019 HTTP/1.1" 200 20346 "-" "Mozilla/5.0 (compatible; DotBot/1.2; +https://opensiteexplorer.org/dotbot; help@moz.com)"
85.208.96.209 - - [10/Dec/2025:20:07:01 +0100] "GET /platby/aohwuyx/coaching-training-sessions-%2F-coaching-games:-today's-field-session HTTP/1.1" 404 809 "-" "Mozilla/5.0 (compatible; SemrushBot/7~bl; +http://www.semrush.com/bot.html)"
185.191.171.15 - - [10/Dec/2025:20:07:04 +0100] "GET /platby/qqap/stephen-kenny-transfermarkt HTTP/1.1" 200 9635 "-" "Mozilla/5.0 (compatible; SemrushBot/7~bl; +http://www.semrush.com/bot.html)"
185.191.171.18 - - [10/Dec/2025:20:07:05 +0100] "GET /platby/qqap/younger-hulu-rotten-tomatoes HTTP/1.1" 200 11698 "-" "Mozilla/5.0 (compatible; SemrushBot/7~bl; +http://www.semrush.com/bot.html)"
185.191.171.6 - - [10/Dec/2025:20:07:11 +0100] "GET /platby/aohwuyx/stark-state-acceptance-rate HTTP/1.1" 200 8653 "-" "Mozilla/5.0 (compatible; SemrushBot/7~bl; +http://www.semrush.com/bot.html)"
91.232.238.112 - - [10/Dec/2025:20:07:51 +0100] "\x16\x03\x01\x01\xaa\x01" 403 265 "-" "-"
185.191.171.2 - - [10/Dec/2025:20:07:53 +0100] "GET /platby/hca/martin-barre-tour-2020 HTTP/1.1" 200 7643 "-" "Mozilla/5.0 (compatible; SemrushBot/7~bl; +http://www.semrush.com/bot.html)"
216.244.66.239 - - [10/Dec/2025:20:07:59 +0100] "GET /platby/article.php?5d4c26=spyglass-app-manual HTTP/1.1" 200 19672 "-" "Mozilla/5.0 (compatible; DotBot/1.2; +https://opensiteexplorer.org/dotbot; help@moz.com)"
185.191.171.11 - - [10/Dec/2025:20:08:27 +0100] "GET /platby/uwoy9/antalya-shopping-mall HTTP/1.1" 200 9588 "-" "Mozilla/5.0 (compatible; SemrushBot/7~bl; +http://www.semrush.com/bot.html)"
216.244.66.239 - - [10/Dec/2025:20:08:43 +0100] "GET /platby/article.php?5d4c26=star-fragment-animal-crossing-price HTTP/1.1" 200 24307 "-" "Mozilla/5.0 (compatible; DotBot/1.2; +https://opensiteexplorer.org/dotbot; help@moz.com)"
85.208.96.197 - - [10/Dec/2025:20:08:58 +0100] "GET /platby/uwoy9/kalmbach-henhouse-reserve HTTP/1.1" 200 12132 "-" "Mozilla/5.0 (compatible; SemrushBot/7~bl; +http://www.semrush.com/bot.html)"
85.208.96.208 - - [10/Dec/2025:20:09:06 +0100] "GET /platby/uwoy9/american-university-graduation-date HTTP/1.1" 200 14665 "-" "Mozilla/5.0 (compatible; SemrushBot/7~bl; +http://www.semrush.com/bot.html)"
185.191.171.8 - - [10/Dec/2025:20:09:21 +0100] "GET /platby/72zbxoz/best-digital-thermometer HTTP/1.1" 200 8607 "-" "Mozilla/5.0 (compatible; SemrushBot/7~bl; +http://www.semrush.com/bot.html)"
216.244.66.239 - - [10/Dec/2025:20:09:23 +0100] "GET /platby/article.php?5d4c26=unsung-season-8-episode-16 HTTP/1.1" 200 21882 "-" "Mozilla/5.0 (compatible; DotBot/1.2; +https://opensiteexplorer.org/dotbot; help@moz.com)"
185.191.171.6 - - [10/Dec/2025:20:09:25 +0100] "GET /platby/hca/university-of-pennsylvania-football-camp-2021 HTTP/1.1" 200 9550 "-" "Mozilla/5.0 (compatible; SemrushBot/7~bl; +http://www.semrush.com/bot.html)"
85.208.96.209 - - [10/Dec/2025:20:09:27 +0100] "GET /platby/qqap/public-servants-latest-news HTTP/1.1" 200 6005 "-" "Mozilla/5.0 (compatible; SemrushBot/7~bl; +http://www.semrush.com/bot.html)"
185.191.171.14 - - [10/Dec/2025:20:09:28 +0100] "GET /platby/72zbxoz/flower-girl-dresses-in-nigeria HTTP/1.1" 200 12699 "-" "Mozilla/5.0 (compatible; SemrushBot/7~bl; +http://www.semrush.com/bot.html)"
36.37.164.144 - - [10/Dec/2025:20:09:29 +0100] "\x16\x03\x01\x06\xfd\x01" 403 265 "-" "-"
85.208.96.209 - - [10/Dec/2025:20:09:30 +0100] "GET /platby/aohwuyx/my-brother-jordan-documentary-what-happened HTTP/1.1" 200 9843 "-" "Mozilla/5.0 (compatible; SemrushBot/7~bl; +http://www.semrush.com/bot.html)"
36.37.164.144 - - [10/Dec/2025:20:09:30 +0100] "\x16\x03\x01\x06\xdd\x01" 403 265 "-" "-"
85.208.96.209 - - [10/Dec/2025:20:09:31 +0100] "GET /platby/hca/always-summer-glitter-bay-barbados HTTP/1.1" 200 11952 "-" "Mozilla/5.0 (compatible; SemrushBot/7~bl; +http://www.semrush.com/bot.html)"
185.191.171.3 - - [10/Dec/2025:20:10:43 +0100] "GET /platby/uwoy9/confluence-documentation-examples HTTP/1.1" 200 11117 "-" "Mozilla/5.0 (compatible; SemrushBot/7~bl; +http://www.semrush.com/bot.html)"
216.244.66.239 - - [10/Dec/2025:20:10:52 +0100] "GET /platby/article.php?5d4c26=uranus-in-taurus-for-taurus-2019 HTTP/1.1" 200 19411 "-" "Mozilla/5.0 (compatible; DotBot/1.2; +https://opensiteexplorer.org/dotbot; help@moz.com)"
185.191.171.3 - - [10/Dec/2025:20:11:00 +0100] "GET /platby/uwoy9/confluence-documentation-examples HTTP/1.1" 200 11117 "-" "Mozilla/5.0 (compatible; SemrushBot/7~bl; +http://www.semrush.com/bot.html)"
216.244.66.239 - - [10/Dec/2025:20:11:20 +0100] "GET /platby/article.php?5d4c26=what-is-a-dwelling-fire-policy HTTP/1.1" 200 16374 "-" "Mozilla/5.0 (compatible; DotBot/1.2; +https://opensiteexplorer.org/dotbot; help@moz.com)"
85.208.96.209 - - [10/Dec/2025:20:11:21 +0100] "GET /platby/uwoy9/columbia-college-volleyball-camp-2021 HTTP/1.1" 200 8143 "-" "Mozilla/5.0 (compatible; SemrushBot/7~bl; +http://www.semrush.com/bot.html)"
85.208.96.212 - - [10/Dec/2025:20:11:22 +0100] "GET /robots.txt HTTP/1.1" 200 54 "-" "Mozilla/5.0 (compatible; SemrushBot/7~bl; +http://www.semrush.com/bot.html)"
185.191.171.5 - - [10/Dec/2025:20:11:24 +0100] "GET /platby/aohwuyx/diversity-action-plan-template HTTP/1.1" 200 12590 "-" "Mozilla/5.0 (compatible; SemrushBot/7~bl; +http://www.semrush.com/bot.html)"
85.208.96.212 - - [10/Dec/2025:20:11:25 +0100] "GET /platby/uwoy9/microsoft-teams-toolbar HTTP/1.1" 200 13003 "-" "Mozilla/5.0 (compatible; SemrushBot/7~bl; +http://www.semrush.com/bot.html)"
85.208.96.199 - - [10/Dec/2025:20:11:27 +0100] "GET /platby/aohwuyx/city-car-driving-simulator-2-top-speed HTTP/1.1" 200 10382 "-" "Mozilla/5.0 (compatible; SemrushBot/7~bl; +http://www.semrush.com/bot.html)"
85.208.96.204 - - [10/Dec/2025:20:11:28 +0100] "GET /platby/72zbxoz/importance-of-radio-communication HTTP/1.1" 200 9830 "-" "Mozilla/5.0 (compatible; SemrushBot/7~bl; +http://www.semrush.com/bot.html)"
85.208.96.206 - - [10/Dec/2025:20:11:29 +0100] "GET /platby/aohwuyx/body-brokers-documentary HTTP/1.1" 200 7953 "-" "Mozilla/5.0 (compatible; SemrushBot/7~bl; +http://www.semrush.com/bot.html)"
85.208.96.204 - - [10/Dec/2025:20:11:33 +0100] "GET /platby/72zbxoz/chase-demoor-contacts HTTP/1.1" 200 12062 "-" "Mozilla/5.0 (compatible; SemrushBot/7~bl; +http://www.semrush.com/bot.html)"
85.208.96.193 - - [10/Dec/2025:20:11:35 +0100] "GET /platby/aohwuyx/visualboyadvance-white-screen HTTP/1.1" 200 9337 "-" "Mozilla/5.0 (compatible; SemrushBot/7~bl; +http://www.semrush.com/bot.html)"
216.244.66.239 - - [10/Dec/2025:20:11:35 +0100] "GET /platby/article.php?5d4c26=what-is-resonance-in-chemistry HTTP/1.1" 200 24999 "-" "Mozilla/5.0 (compatible; DotBot/1.2; +https://opensiteexplorer.org/dotbot; help@moz.com)"
85.208.96.204 - - [10/Dec/2025:20:11:47 +0100] "GET /platby/uwoy9/is-fellow-friends-correct HTTP/1.1" 200 8628 "-" "Mozilla/5.0 (compatible; SemrushBot/7~bl; +http://www.semrush.com/bot.html)"
185.191.171.7 - - [10/Dec/2025:20:11:52 +0100] "GET /platby/hca/shakespeare-in-love-oscar-nominees HTTP/1.1" 200 7581 "-" "Mozilla/5.0 (compatible; SemrushBot/7~bl; +http://www.semrush.com/bot.html)"
216.244.66.239 - - [10/Dec/2025:20:12:05 +0100] "GET /platby/article.php?5d4c26=william-flynn-test-pilot HTTP/1.1" 200 22604 "-" "Mozilla/5.0 (compatible; DotBot/1.2; +https://opensiteexplorer.org/dotbot; help@moz.com)"
85.208.96.200 - - [10/Dec/2025:20:12:06 +0100] "GET /platby/72zbxoz/australia-ffa-cup-2021-results HTTP/1.1" 200 10042 "-" "Mozilla/5.0 (compatible; SemrushBot/7~bl; +http://www.semrush.com/bot.html)"
85.208.96.202 - - [10/Dec/2025:20:12:27 +0100] "GET /platby/qqap/mission-critical-baby-carrier-weight-limit HTTP/1.1" 200 9372 "-" "Mozilla/5.0 (compatible; SemrushBot/7~bl; +http://www.semrush.com/bot.html)"
216.244.66.239 - - [10/Dec/2025:20:12:34 +0100] "GET /platby/article.php?5d4c26=best-abilities-for-lamar-jackson-mut-20 HTTP/1.1" 200 25984 "-" "Mozilla/5.0 (compatible; DotBot/1.2; +https://opensiteexplorer.org/dotbot; help@moz.com)"
185.191.171.19 - - [10/Dec/2025:20:12:50 +0100] "GET /platby/qqap/fifa-21-profit-from-youth-player-sales HTTP/1.1" 200 11717 "-" "Mozilla/5.0 (compatible; SemrushBot/7~bl; +http://www.semrush.com/bot.html)"
216.244.66.239 - - [10/Dec/2025:20:13:02 +0100] "GET /platby/article.php?5d4c26=dancin-aaron-smith HTTP/1.1" 200 21759 "-" "Mozilla/5.0 (compatible; DotBot/1.2; +https://opensiteexplorer.org/dotbot; help@moz.com)"
85.208.96.205 - - [10/Dec/2025:20:13:05 +0100] "GET /platby/hca/guitar-rhythm-trainer HTTP/1.1" 200 7652 "-" "Mozilla/5.0 (compatible; SemrushBot/7~bl; +http://www.semrush.com/bot.html)"
185.191.171.19 - - [10/Dec/2025:20:13:11 +0100] "GET /platby/aohwuyx/brian-courtney-wilson-all-i-need HTTP/1.1" 200 9144 "-" "Mozilla/5.0 (compatible; SemrushBot/7~bl; +http://www.semrush.com/bot.html)"
85.208.96.196 - - [10/Dec/2025:20:13:19 +0100] "GET /platby/qqap/when-will-the-2030-world-cup-host-be-decided HTTP/1.1" 200 7406 "-" "Mozilla/5.0 (compatible; SemrushBot/7~bl; +http://www.semrush.com/bot.html)"
85.208.96.204 - - [10/Dec/2025:20:13:21 +0100] "GET /platby/aohwuyx/chris-watts-documentary-id HTTP/1.1" 200 10936 "-" "Mozilla/5.0 (compatible; SemrushBot/7~bl; +http://www.semrush.com/bot.html)"
185.191.171.10 - - [10/Dec/2025:20:13:28 +0100] "GET /platby/uwoy9/motor-trend-best-suv-2020 HTTP/1.1" 200 13631 "-" "Mozilla/5.0 (compatible; SemrushBot/7~bl; +http://www.semrush.com/bot.html)"
216.244.66.239 - - [10/Dec/2025:20:13:29 +0100] "GET /platby/article.php?5d4c26=dara-%C3%B3-briain-height HTTP/1.1" 200 19060 "-" "Mozilla/5.0 (compatible; DotBot/1.2; +https://opensiteexplorer.org/dotbot; help@moz.com)"
216.244.66.239 - - [10/Dec/2025:20:13:55 +0100] "GET /platby/article.php?5d4c26=deadpool-2-unblocked-movies HTTP/1.1" 200 23545 "-" "Mozilla/5.0 (compatible; DotBot/1.2; +https://opensiteexplorer.org/dotbot; help@moz.com)"
85.208.96.210 - - [10/Dec/2025:20:14:08 +0100] "GET /platby/72zbxoz/concord-pronunciation HTTP/1.1" 200 7503 "-" "Mozilla/5.0 (compatible; SemrushBot/7~bl; +http://www.semrush.com/bot.html)"
216.244.66.239 - - [10/Dec/2025:20:14:20 +0100] "GET /platby/article.php?5d4c26=hotel-royal-parking HTTP/1.1" 200 26004 "-" "Mozilla/5.0 (compatible; DotBot/1.2; +https://opensiteexplorer.org/dotbot; help@moz.com)"
85.208.96.202 - - [10/Dec/2025:20:14:32 +0100] "GET /platby/qqap/you-are-never-alone-bible-verses HTTP/1.1" 200 7263 "-" "Mozilla/5.0 (compatible; SemrushBot/7~bl; +http://www.semrush.com/bot.html)"
216.244.66.239 - - [10/Dec/2025:20:14:44 +0100] "GET /platby/article.php?5d4c26=how-to-start-online-teaching HTTP/1.1" 200 17338 "-" "Mozilla/5.0 (compatible; DotBot/1.2; +https://opensiteexplorer.org/dotbot; help@moz.com)"
85.208.96.194 - - [10/Dec/2025:20:14:47 +0100] "GET /platby/uwoy9/astros-bullpen-2021-stats HTTP/1.1" 200 13652 "-" "Mozilla/5.0 (compatible; SemrushBot/7~bl; +http://www.semrush.com/bot.html)"
185.191.171.1 - - [10/Dec/2025:20:15:00 +0100] "GET /platby/uwoy9/dermalogica-active-moist-100-ml HTTP/1.1" 200 8215 "-" "Mozilla/5.0 (compatible; SemrushBot/7~bl; +http://www.semrush.com/bot.html)"
85.208.96.201 - - [10/Dec/2025:20:15:06 +0100] "GET /platby/hca/marbled-murrelet-in-flight HTTP/1.1" 200 9572 "-" "Mozilla/5.0 (compatible; SemrushBot/7~bl; +http://www.semrush.com/bot.html)"
216.244.66.239 - - [10/Dec/2025:20:15:07 +0100] "GET /platby/article.php?5d4c26=huntsville-hospital-floor-map HTTP/1.1" 200 23788 "-" "Mozilla/5.0 (compatible; DotBot/1.2; +https://opensiteexplorer.org/dotbot; help@moz.com)"
185.191.171.2 - - [10/Dec/2025:20:15:18 +0100] "GET /platby/72zbxoz/diversity-scenarios-in-the-classroom HTTP/1.1" 200 9248 "-" "Mozilla/5.0 (compatible; SemrushBot/7~bl; +http://www.semrush.com/bot.html)"
85.208.96.210 - - [10/Dec/2025:20:15:22 +0100] "GET /platby/uwoy9/speed-exercises-examples HTTP/1.1" 200 8670 "-" "Mozilla/5.0 (compatible; SemrushBot/7~bl; +http://www.semrush.com/bot.html)"
85.208.96.209 - - [10/Dec/2025:20:15:24 +0100] "GET /platby/uwoy9/iit-bombay-aerospace-engineering-highest-package HTTP/1.1" 200 14892 "-" "Mozilla/5.0 (compatible; SemrushBot/7~bl; +http://www.semrush.com/bot.html)"
216.244.66.239 - - [10/Dec/2025:20:15:30 +0100] "GET /platby/article.php?5d4c26=machinarium-arcade-game-1 HTTP/1.1" 200 19588 "-" "Mozilla/5.0 (compatible; DotBot/1.2; +https://opensiteexplorer.org/dotbot; help@moz.com)"
185.191.171.3 - - [10/Dec/2025:20:15:30 +0100] "GET /platby/aohwuyx/baby-came-home-chords HTTP/1.1" 200 9652 "-" "Mozilla/5.0 (compatible; SemrushBot/7~bl; +http://www.semrush.com/bot.html)"
