185.191.171.5 - - [10/Dec/2025:14:02:16 +0100] "GET /platby/uwoy9/france-eurovision-2021 HTTP/1.1" 200 7131 "-" "Mozilla/5.0 (compatible; SemrushBot/7~bl; +http://www.semrush.com/bot.html)"
185.191.171.1 - - [10/Dec/2025:14:02:22 +0100] "GET /platby/aohwuyx/montpelier-primary-school-uniform HTTP/1.1" 200 8202 "-" "Mozilla/5.0 (compatible; SemrushBot/7~bl; +http://www.semrush.com/bot.html)"
85.208.96.203 - - [10/Dec/2025:14:02:41 +0100] "GET /platby/72zbxoz/venetian-housekeeping-jobs HTTP/1.1" 200 10020 "-" "Mozilla/5.0 (compatible; SemrushBot/7~bl; +http://www.semrush.com/bot.html)"
64.225.60.187 - - [10/Dec/2025:14:02:48 +0100] "\x16\x03\x01" 403 265 "-" "-"
85.208.96.207 - - [10/Dec/2025:14:02:56 +0100] "GET /platby/qqap/what-rhymes-with-daughter-for-a-poem HTTP/1.1" 200 12086 "-" "Mozilla/5.0 (compatible; SemrushBot/7~bl; +http://www.semrush.com/bot.html)"
185.191.171.17 - - [10/Dec/2025:14:03:07 +0100] "GET /platby/hca/powershell-mount-vhd-is-not-recognized HTTP/1.1" 200 11944 "-" "Mozilla/5.0 (compatible; SemrushBot/7~bl; +http://www.semrush.com/bot.html)"
185.191.171.7 - - [10/Dec/2025:14:03:09 +0100] "GET /platby/72zbxoz/why-is-uptown-south-of-downtown-in-minneapolis HTTP/1.1" 200 15067 "-" "Mozilla/5.0 (compatible; SemrushBot/7~bl; +http://www.semrush.com/bot.html)"
185.191.171.9 - - [10/Dec/2025:14:03:11 +0100] "GET /platby/qqap/taylor-swift-fearless-album-font HTTP/1.1" 200 10634 "-" "Mozilla/5.0 (compatible; SemrushBot/7~bl; +http://www.semrush.com/bot.html)"
185.191.171.3 - - [10/Dec/2025:14:04:20 +0100] "GET /platby/uwoy9/ska-neva-vs-khimik-voskresensk HTTP/1.1" 200 9897 "-" "Mozilla/5.0 (compatible; SemrushBot/7~bl; +http://www.semrush.com/bot.html)"
85.208.96.204 - - [10/Dec/2025:14:04:40 +0100] "GET /platby/72zbxoz/mark-noble-transfermarkt HTTP/1.1" 200 8287 "-" "Mozilla/5.0 (compatible; SemrushBot/7~bl; +http://www.semrush.com/bot.html)"
185.191.171.3 - - [10/Dec/2025:14:04:57 +0100] "GET /platby/qqap/propulsion-engineer-skills HTTP/1.1" 200 9672 "-" "Mozilla/5.0 (compatible; SemrushBot/7~bl; +http://www.semrush.com/bot.html)"
185.191.171.12 - - [10/Dec/2025:14:05:08 +0100] "GET /platby/uwoy9/nigerian-stew-recipe-with-palm-oil HTTP/1.1" 200 14277 "-" "Mozilla/5.0 (compatible; SemrushBot/7~bl; +http://www.semrush.com/bot.html)"
185.191.171.7 - - [10/Dec/2025:14:05:16 +0100] "GET /platby/aohwuyx/northeast-united-fc-players-salary HTTP/1.1" 200 11067 "-" "Mozilla/5.0 (compatible; SemrushBot/7~bl; +http://www.semrush.com/bot.html)"
85.208.96.208 - - [10/Dec/2025:14:05:17 +0100] "GET /platby/aohwuyx/diversity-workshop-examples HTTP/1.1" 200 10459 "-" "Mozilla/5.0 (compatible; SemrushBot/7~bl; +http://www.semrush.com/bot.html)"
185.191.171.9 - - [10/Dec/2025:14:05:21 +0100] "GET /platby/hca/how-to-increase-slow-wave-sleep HTTP/1.1" 200 6711 "-" "Mozilla/5.0 (compatible; SemrushBot/7~bl; +http://www.semrush.com/bot.html)"
185.191.171.7 - - [10/Dec/2025:14:05:35 +0100] "GET /platby/72zbxoz/what-is-a-fellow-in-medicine-australia HTTP/1.1" 200 13539 "-" "Mozilla/5.0 (compatible; SemrushBot/7~bl; +http://www.semrush.com/bot.html)"
85.208.96.202 - - [10/Dec/2025:14:05:43 +0100] "GET /platby/qqap/ela-websites-for-high-school-students HTTP/1.1" 200 8331 "-" "Mozilla/5.0 (compatible; SemrushBot/7~bl; +http://www.semrush.com/bot.html)"
85.208.96.204 - - [10/Dec/2025:14:05:59 +0100] "GET /platby/qqap/where-to-buy-trilliums-in-ontario HTTP/1.1" 200 11971 "-" "Mozilla/5.0 (compatible; SemrushBot/7~bl; +http://www.semrush.com/bot.html)"
85.208.96.208 - - [10/Dec/2025:14:06:07 +0100] "GET /platby/72zbxoz/language-and-gender-essay HTTP/1.1" 200 10495 "-" "Mozilla/5.0 (compatible; SemrushBot/7~bl; +http://www.semrush.com/bot.html)"
85.208.96.211 - - [10/Dec/2025:14:06:16 +0100] "GET /platby/uwoy9/colville-primary-school-nursery HTTP/1.1" 200 11762 "-" "Mozilla/5.0 (compatible; SemrushBot/7~bl; +http://www.semrush.com/bot.html)"
85.208.96.202 - - [10/Dec/2025:14:06:30 +0100] "GET /platby/aohwuyx/how-to-unblock-numbers-on-huawei HTTP/1.1" 200 13155 "-" "Mozilla/5.0 (compatible; SemrushBot/7~bl; +http://www.semrush.com/bot.html)"
185.191.171.2 - - [10/Dec/2025:14:06:43 +0100] "GET /platby/uwoy9/blue-superhero-outfit HTTP/1.1" 200 7790 "-" "Mozilla/5.0 (compatible; SemrushBot/7~bl; +http://www.semrush.com/bot.html)"
185.191.171.5 - - [10/Dec/2025:14:06:45 +0100] "GET /platby/hca/queens-high-school-new-york HTTP/1.1" 200 9483 "-" "Mozilla/5.0 (compatible; SemrushBot/7~bl; +http://www.semrush.com/bot.html)"
47.128.34.173 - - [10/Dec/2025:14:06:54 +0100] "\x16\x03\x01\x06\xb6\x01" 403 265 "-" "-"
47.128.34.173 - - [10/Dec/2025:14:06:55 +0100] "\x16\x03\x01\x07\x16\x01" 403 265 "-" "-"
47.128.19.205 - - [10/Dec/2025:14:06:57 +0100] "\x16\x03\x01\x02" 403 265 "-" "-"
85.208.96.203 - - [10/Dec/2025:14:07:08 +0100] "GET /platby/qqap/what-does-the-bible-say-about-social-anxiety HTTP/1.1" 200 8619 "-" "Mozilla/5.0 (compatible; SemrushBot/7~bl; +http://www.semrush.com/bot.html)"
85.208.96.204 - - [10/Dec/2025:14:07:14 +0100] "GET /platby/qqap/rocket-league-club-stats HTTP/1.1" 200 5936 "-" "Mozilla/5.0 (compatible; SemrushBot/7~bl; +http://www.semrush.com/bot.html)"
185.191.171.16 - - [10/Dec/2025:14:07:21 +0100] "GET /platby/72zbxoz/a-flock-of-tourists-in-a-sentence HTTP/1.1" 200 7544 "-" "Mozilla/5.0 (compatible; SemrushBot/7~bl; +http://www.semrush.com/bot.html)"
85.208.96.197 - - [10/Dec/2025:14:07:27 +0100] "GET /platby/aohwuyx/wow-shadowlands-campaign-quests-list HTTP/1.1" 200 12788 "-" "Mozilla/5.0 (compatible; SemrushBot/7~bl; +http://www.semrush.com/bot.html)"
85.208.96.194 - - [10/Dec/2025:14:08:33 +0100] "GET /platby/qqap/browning-school-calendar HTTP/1.1" 200 5639 "-" "Mozilla/5.0 (compatible; SemrushBot/7~bl; +http://www.semrush.com/bot.html)"
66.249.79.33 - - [10/Dec/2025:14:08:41 +0100] "GET /robots.txt HTTP/1.1" 200 54 "-" "Mozilla/5.0 (compatible; Googlebot/2.1; +http://www.google.com/bot.html)"
66.249.79.33 - - [10/Dec/2025:14:08:42 +0100] "GET /platby/uwoy9/manifest-show-zodiac-signs HTTP/1.1" 200 9792 "-" "Mozilla/5.0 (Linux; Android 6.0.1; Nexus 5X Build/MMB29P) AppleWebKit/537.36 (KHTML, like Gecko) Chrome/141.0.7390.122 Mobile Safari/537.36 (compatible; Googlebot/2.1; +http://www.google.com/bot.html)"
185.191.171.19 - - [10/Dec/2025:14:08:46 +0100] "GET /platby/aohwuyx/really-funny-cat-pictures HTTP/1.1" 200 10013 "-" "Mozilla/5.0 (compatible; SemrushBot/7~bl; +http://www.semrush.com/bot.html)"
204.76.203.206 - - [10/Dec/2025:14:08:58 +0100] "GET /" 400 468 "-" "-"
85.208.96.202 - - [10/Dec/2025:14:09:09 +0100] "GET /platby/uwoy9/busch-gardens-williamsburg-covid-restrictions HTTP/1.1" 200 7637 "-" "Mozilla/5.0 (compatible; SemrushBot/7~bl; +http://www.semrush.com/bot.html)"
185.191.171.17 - - [10/Dec/2025:14:09:15 +0100] "GET /platby/qqap/selective-hearing-or-autism HTTP/1.1" 200 7072 "-" "Mozilla/5.0 (compatible; SemrushBot/7~bl; +http://www.semrush.com/bot.html)"
85.208.96.197 - - [10/Dec/2025:14:09:17 +0100] "GET /platby/hca/samsung-a51-camera-glass-replacement HTTP/1.1" 200 10349 "-" "Mozilla/5.0 (compatible; SemrushBot/7~bl; +http://www.semrush.com/bot.html)"
185.191.171.17 - - [10/Dec/2025:14:09:21 +0100] "GET /platby/qqap/best-commercial-solar-panels HTTP/1.1" 200 13292 "-" "Mozilla/5.0 (compatible; SemrushBot/7~bl; +http://www.semrush.com/bot.html)"
85.208.96.203 - - [10/Dec/2025:14:09:22 +0100] "GET /platby/qqap/cognitive-triangle-examples HTTP/1.1" 200 8071 "-" "Mozilla/5.0 (compatible; SemrushBot/7~bl; +http://www.semrush.com/bot.html)"
85.208.96.195 - - [10/Dec/2025:14:09:24 +0100] "GET /platby/aohwuyx/buddy-v's-ristorante-menu HTTP/1.1" 200 10238 "-" "Mozilla/5.0 (compatible; SemrushBot/7~bl; +http://www.semrush.com/bot.html)"
85.208.96.202 - - [10/Dec/2025:14:09:48 +0100] "GET /platby/aohwuyx/frank-schwindel-livingston,-nj HTTP/1.1" 200 8308 "-" "Mozilla/5.0 (compatible; SemrushBot/7~bl; +http://www.semrush.com/bot.html)"
204.76.203.206 - - [10/Dec/2025:14:09:54 +0100] "GET / HTTP/1.1" 200 316 "-" "Mozilla/5.0 (Windows NT 10.0; Win64; x64) AppleWebKit/537.36 (KHTML, like Gecko) Chrome/90.0.4430.85 Safari/537.36 Edg/90.0.818.46"
85.208.96.197 - - [10/Dec/2025:14:09:56 +0100] "GET /platby/uwoy9/darryl-williams-height HTTP/1.1" 200 11973 "-" "Mozilla/5.0 (compatible; SemrushBot/7~bl; +http://www.semrush.com/bot.html)"
85.208.96.195 - - [10/Dec/2025:14:10:02 +0100] "GET /platby/hca/toronto-maple-leafs-game HTTP/1.1" 200 10193 "-" "Mozilla/5.0 (compatible; SemrushBot/7~bl; +http://www.semrush.com/bot.html)"
185.191.171.11 - - [10/Dec/2025:14:10:24 +0100] "GET /platby/72zbxoz/western-sydney-wanderers-jersey HTTP/1.1" 200 7659 "-" "Mozilla/5.0 (compatible; SemrushBot/7~bl; +http://www.semrush.com/bot.html)"
85.208.96.200 - - [10/Dec/2025:14:10:25 +0100] "GET /platby/qqap/breathable-wader-seam-repair HTTP/1.1" 200 11591 "-" "Mozilla/5.0 (compatible; SemrushBot/7~bl; +http://www.semrush.com/bot.html)"
185.191.171.11 - - [10/Dec/2025:14:10:34 +0100] "GET /platby/uwoy9/bangladesh-live-score HTTP/1.1" 200 11462 "-" "Mozilla/5.0 (compatible; SemrushBot/7~bl; +http://www.semrush.com/bot.html)"
85.208.96.209 - - [10/Dec/2025:14:10:48 +0100] "GET /platby/72zbxoz/the-mandalorian-characters HTTP/1.1" 200 11095 "-" "Mozilla/5.0 (compatible; SemrushBot/7~bl; +http://www.semrush.com/bot.html)"
185.191.171.13 - - [10/Dec/2025:14:11:09 +0100] "GET /platby/uwoy9/hill-climb-racing-gamepix HTTP/1.1" 200 11967 "-" "Mozilla/5.0 (compatible; SemrushBot/7~bl; +http://www.semrush.com/bot.html)"
185.191.171.1 - - [10/Dec/2025:14:11:33 +0100] "GET /platby/hca/alec-reed-academy-ofsted HTTP/1.1" 200 7771 "-" "Mozilla/5.0 (compatible; SemrushBot/7~bl; +http://www.semrush.com/bot.html)"
185.191.171.4 - - [10/Dec/2025:14:11:51 +0100] "GET /platby/72zbxoz/operation-barbarossa-casualties HTTP/1.1" 200 12314 "-" "Mozilla/5.0 (compatible; SemrushBot/7~bl; +http://www.semrush.com/bot.html)"
185.191.171.12 - - [10/Dec/2025:14:11:58 +0100] "GET /platby/uwoy9/you're-not-elected,-charlie-brown-quotes HTTP/1.1" 200 8679 "-" "Mozilla/5.0 (compatible; SemrushBot/7~bl; +http://www.semrush.com/bot.html)"
185.191.171.8 - - [10/Dec/2025:14:12:27 +0100] "GET /platby/hca/todd-hollandsworth-wife HTTP/1.1" 200 10316 "-" "Mozilla/5.0 (compatible; SemrushBot/7~bl; +http://www.semrush.com/bot.html)"
185.191.171.16 - - [10/Dec/2025:14:12:38 +0100] "GET /platby/qqap/mystic-aquarium-tickets-discount HTTP/1.1" 200 6994 "-" "Mozilla/5.0 (compatible; SemrushBot/7~bl; +http://www.semrush.com/bot.html)"
185.191.171.15 - - [10/Dec/2025:14:12:56 +0100] "GET /platby/qqap/devon-holidays-with-hot-tubs HTTP/1.1" 200 10511 "-" "Mozilla/5.0 (compatible; SemrushBot/7~bl; +http://www.semrush.com/bot.html)"
185.191.171.11 - - [10/Dec/2025:14:13:09 +0100] "GET /platby/uwoy9/atlassian-companion-not-working HTTP/1.1" 200 10773 "-" "Mozilla/5.0 (compatible; SemrushBot/7~bl; +http://www.semrush.com/bot.html)"
185.191.171.9 - - [10/Dec/2025:14:13:21 +0100] "GET /platby/72zbxoz/baking-soda-heart-attack HTTP/1.1" 200 12762 "-" "Mozilla/5.0 (compatible; SemrushBot/7~bl; +http://www.semrush.com/bot.html)"
85.208.96.196 - - [10/Dec/2025:14:13:25 +0100] "GET /platby/hca/how-to-share-sharepoint-site-with-external-users HTTP/1.1" 200 6623 "-" "Mozilla/5.0 (compatible; SemrushBot/7~bl; +http://www.semrush.com/bot.html)"
85.208.96.208 - - [10/Dec/2025:14:13:34 +0100] "GET /robots.txt HTTP/1.1" 200 54 "-" "Mozilla/5.0 (compatible; SemrushBot/7~bl; +http://www.semrush.com/bot.html)"
185.191.171.2 - - [10/Dec/2025:14:13:34 +0100] "GET /platby/aohwuyx/diversity-and-inclusion-courses-ontario HTTP/1.1" 200 9122 "-" "Mozilla/5.0 (compatible; SemrushBot/7~bl; +http://www.semrush.com/bot.html)"
185.191.171.9 - - [10/Dec/2025:14:13:38 +0100] "GET /platby/aohwuyx/ordinary-attire-studio HTTP/1.1" 200 16025 "-" "Mozilla/5.0 (compatible; SemrushBot/7~bl; +http://www.semrush.com/bot.html)"
185.191.171.8 - - [10/Dec/2025:14:13:40 +0100] "GET /platby/uwoy9/lake-house-for-sale-by-owner HTTP/1.1" 200 10676 "-" "Mozilla/5.0 (compatible; SemrushBot/7~bl; +http://www.semrush.com/bot.html)"
85.208.96.197 - - [10/Dec/2025:14:13:56 +0100] "GET /platby/qqap/clear-cookies-safari-iphone HTTP/1.1" 200 9848 "-" "Mozilla/5.0 (compatible; SemrushBot/7~bl; +http://www.semrush.com/bot.html)"
185.191.171.15 - - [10/Dec/2025:14:14:04 +0100] "GET /platby/hca/lucky-spins-casino-no-deposit-bonus-codes-2021 HTTP/1.1" 200 6839 "-" "Mozilla/5.0 (compatible; SemrushBot/7~bl; +http://www.semrush.com/bot.html)"
195.177.94.189 - - [10/Dec/2025:14:14:11 +0100] "GET /phpmyadmin/scripts/setup.php HTTP/1.1" 200 11106 "-" "Mozilla/4.0 (compatible; MSIE 6.0; MSIE 5.5; Windows NT 5.1) Opera 7.01 [en]"
195.177.94.189 - - [10/Dec/2025:14:14:11 +0100] "POST /phpmyadmin/scripts/setup.php HTTP/1.1" 200 18608 "http://109.105.49.240:8081/phpmyadmin/scripts/setup.php" "Mozilla/4.0 (compatible; MSIE 6.0; MSIE 5.5; Windows NT 5.1) Opera 7.01 [en]"
85.208.96.196 - - [10/Dec/2025:14:14:23 +0100] "GET /platby/72zbxoz/nextera-energy-services HTTP/1.1" 200 11380 "-" "Mozilla/5.0 (compatible; SemrushBot/7~bl; +http://www.semrush.com/bot.html)"
173.252.95.2 - - [10/Dec/2025:14:14:27 +0100] "\x16\x03\x01\x01K\x01" 403 265 "-" "-"
57.141.6.35 - - [10/Dec/2025:14:14:29 +0100] "\x16\x03\x01\x01K\x01" 403 265 "-" "-"
85.208.96.194 - - [10/Dec/2025:14:14:41 +0100] "GET /platby/72zbxoz/cute-phone-cases-iphone-11 HTTP/1.1" 200 14305 "-" "Mozilla/5.0 (compatible; SemrushBot/7~bl; +http://www.semrush.com/bot.html)"
85.208.96.202 - - [10/Dec/2025:14:14:44 +0100] "GET /platby/uwoy9/hamlet-definition-population HTTP/1.1" 200 14142 "-" "Mozilla/5.0 (compatible; SemrushBot/7~bl; +http://www.semrush.com/bot.html)"
85.208.96.201 - - [10/Dec/2025:14:14:52 +0100] "GET /platby/72zbxoz/british-council-chennai HTTP/1.1" 200 13262 "-" "Mozilla/5.0 (compatible; SemrushBot/7~bl; +http://www.semrush.com/bot.html)"
85.208.96.211 - - [10/Dec/2025:14:15:00 +0100] "GET /platby/qqap/good-better-best-grammar-worksheets HTTP/1.1" 200 7420 "-" "Mozilla/5.0 (compatible; SemrushBot/7~bl; +http://www.semrush.com/bot.html)"
85.208.96.207 - - [10/Dec/2025:14:15:18 +0100] "GET /platby/hca/events-in-reading,-pa-today HTTP/1.1" 200 12894 "-" "Mozilla/5.0 (compatible; SemrushBot/7~bl; +http://www.semrush.com/bot.html)"
195.177.94.189 - - [10/Dec/2025:14:15:25 +0100] "GET /phpmyadmin/scripts/setup.php HTTP/1.1" 200 11105 "-" "Mozilla/4.0 (compatible; MSIE 6.0; MSIE 5.5; Windows NT 5.1) Opera 7.01 [en]"
195.177.94.189 - - [10/Dec/2025:14:15:25 +0100] "POST /phpmyadmin/scripts/setup.php HTTP/1.1" 200 18608 "http://109.105.49.240:443/phpmyadmin/scripts/setup.php" "Mozilla/4.0 (compatible; MSIE 6.0; MSIE 5.5; Windows NT 5.1) Opera 7.01 [en]"
85.208.96.210 - - [10/Dec/2025:14:15:41 +0100] "GET /platby/qqap/richard-webb-manchester HTTP/1.1" 200 7970 "-" "Mozilla/5.0 (compatible; SemrushBot/7~bl; +http://www.semrush.com/bot.html)"
85.208.96.197 - - [10/Dec/2025:14:15:44 +0100] "GET /platby/qqap/university-of-wisconsin--madison-address-for-transcripts HTTP/1.1" 200 7069 "-" "Mozilla/5.0 (compatible; SemrushBot/7~bl; +http://www.semrush.com/bot.html)"
69.171.230.19 - - [10/Dec/2025:14:15:50 +0100] "\x16\x03\x01\x01L\x01" 403 265 "-" "-"
173.252.83.10 - - [10/Dec/2025:14:15:51 +0100] "\x16\x03\x01\x01L\x01" 403 265 "-" "-"
57.141.6.15 - - [10/Dec/2025:14:15:52 +0100] "\x16\x03\x01\x01L\x01" 403 265 "-" "-"
185.191.171.18 - - [10/Dec/2025:14:16:12 +0100] "GET /platby/uwoy9/how-to-make-pictures-look-like-film-vsco HTTP/1.1" 200 9642 "-" "Mozilla/5.0 (compatible; SemrushBot/7~bl; +http://www.semrush.com/bot.html)"
85.208.96.210 - - [10/Dec/2025:14:16:40 +0100] "GET /platby/72zbxoz/why-did-jonathan-walters-leave-hometown HTTP/1.1" 200 13704 "-" "Mozilla/5.0 (compatible; SemrushBot/7~bl; +http://www.semrush.com/bot.html)"
185.191.171.14 - - [10/Dec/2025:14:16:44 +0100] "GET /platby/qqap/can-a-baby-goose-survive-on-its-own%3F HTTP/1.1" 200 11766 "-" "Mozilla/5.0 (compatible; SemrushBot/7~bl; +http://www.semrush.com/bot.html)"
216.244.66.239 - - [10/Dec/2025:14:17:22 +0100] "GET /robots.txt HTTP/1.1" 200 34 "-" "Mozilla/5.0 (compatible; DotBot/1.2; +https://opensiteexplorer.org/dotbot; help@moz.com)"
185.191.171.5 - - [10/Dec/2025:14:17:24 +0100] "GET /platby/aohwuyx/netherlands-vs-australia-prediction HTTP/1.1" 200 13433 "-" "Mozilla/5.0 (compatible; SemrushBot/7~bl; +http://www.semrush.com/bot.html)"
85.208.96.195 - - [10/Dec/2025:14:17:26 +0100] "GET /platby/72zbxoz/reading-eggs-customer-service HTTP/1.1" 200 9236 "-" "Mozilla/5.0 (compatible; SemrushBot/7~bl; +http://www.semrush.com/bot.html)"
185.191.171.14 - - [10/Dec/2025:14:17:28 +0100] "GET /platby/qqap/what-is-wolf-winters-doing-now HTTP/1.1" 200 11810 "-" "Mozilla/5.0 (compatible; SemrushBot/7~bl; +http://www.semrush.com/bot.html)"
185.191.171.2 - - [10/Dec/2025:14:17:50 +0100] "GET /platby/aohwuyx/queens-high-school-fees-2021 HTTP/1.1" 200 15626 "-" "Mozilla/5.0 (compatible; SemrushBot/7~bl; +http://www.semrush.com/bot.html)"
85.208.96.207 - - [10/Dec/2025:14:17:52 +0100] "GET /platby/qqap/motorcycle-accident-san-antonio HTTP/1.1" 200 8068 "-" "Mozilla/5.0 (compatible; SemrushBot/7~bl; +http://www.semrush.com/bot.html)"
185.191.171.7 - - [10/Dec/2025:14:17:57 +0100] "GET /platby/qqap/compare-and-contrast-theory-and-law HTTP/1.1" 200 6599 "-" "Mozilla/5.0 (compatible; SemrushBot/7~bl; +http://www.semrush.com/bot.html)"
85.208.96.197 - - [10/Dec/2025:14:18:04 +0100] "GET /platby/hca/fancy-chicken-appetizers HTTP/1.1" 200 10312 "-" "Mozilla/5.0 (compatible; SemrushBot/7~bl; +http://www.semrush.com/bot.html)"
185.191.171.5 - - [10/Dec/2025:14:18:29 +0100] "GET /platby/aohwuyx/prince2-risk-register-template HTTP/1.1" 200 9542 "-" "Mozilla/5.0 (compatible; SemrushBot/7~bl; +http://www.semrush.com/bot.html)"
85.208.96.211 - - [10/Dec/2025:14:18:31 +0100] "GET /platby/aohwuyx/bps-focus-parent-registration HTTP/1.1" 200 13096 "-" "Mozilla/5.0 (compatible; SemrushBot/7~bl; +http://www.semrush.com/bot.html)"
85.208.96.205 - - [10/Dec/2025:14:18:41 +0100] "GET /platby/uwoy9/darrell-scott-football HTTP/1.1" 200 7390 "-" "Mozilla/5.0 (compatible; SemrushBot/7~bl; +http://www.semrush.com/bot.html)"
85.208.96.208 - - [10/Dec/2025:14:18:48 +0100] "GET /platby/uwoy9/daniel-brown-therapist HTTP/1.1" 200 11898 "-" "Mozilla/5.0 (compatible; SemrushBot/7~bl; +http://www.semrush.com/bot.html)"
85.208.96.202 - - [10/Dec/2025:14:18:54 +0100] "GET /platby/aohwuyx/pain-like-a-big-red-rubber-ball HTTP/1.1" 200 13592 "-" "Mozilla/5.0 (compatible; SemrushBot/7~bl; +http://www.semrush.com/bot.html)"
85.208.96.212 - - [10/Dec/2025:14:19:02 +0100] "GET /platby/qqap/department-of-energy-current-issues HTTP/1.1" 200 11258 "-" "Mozilla/5.0 (compatible; SemrushBot/7~bl; +http://www.semrush.com/bot.html)"
85.208.96.195 - - [10/Dec/2025:14:19:23 +0100] "GET /platby/qqap/light-brown-duck-breeds HTTP/1.1" 200 8497 "-" "Mozilla/5.0 (compatible; SemrushBot/7~bl; +http://www.semrush.com/bot.html)"
85.208.96.210 - - [10/Dec/2025:14:19:25 +0100] "GET /platby/aohwuyx/alek-manoah-nationality HTTP/1.1" 200 12537 "-" "Mozilla/5.0 (compatible; SemrushBot/7~bl; +http://www.semrush.com/bot.html)"
103.23.137.115 - - [10/Dec/2025:14:19:43 +0100] "\x16\x03\x01\x02" 403 265 "-" "-"
185.191.171.14 - - [10/Dec/2025:14:19:47 +0100] "GET /platby/72zbxoz/redskins-vs-vikings-2019 HTTP/1.1" 200 11806 "-" "Mozilla/5.0 (compatible; SemrushBot/7~bl; +http://www.semrush.com/bot.html)"
185.191.171.3 - - [10/Dec/2025:14:20:30 +0100] "GET /platby/uwoy9/best-schools-in-townsville HTTP/1.1" 200 12326 "-" "Mozilla/5.0 (compatible; SemrushBot/7~bl; +http://www.semrush.com/bot.html)"
85.208.96.206 - - [10/Dec/2025:14:20:44 +0100] "GET /platby/hca/driving-schools-that-issue-license-near-me HTTP/1.1" 200 9978 "-" "Mozilla/5.0 (compatible; SemrushBot/7~bl; +http://www.semrush.com/bot.html)"
85.208.96.193 - - [10/Dec/2025:14:20:58 +0100] "GET /platby/uwoy9/self-catering-falmouth,-cornwall HTTP/1.1" 200 13177 "-" "Mozilla/5.0 (compatible; SemrushBot/7~bl; +http://www.semrush.com/bot.html)"
103.23.137.115 - - [10/Dec/2025:14:21:02 +0100] "\x16\x03\x01\x02" 403 265 "-" "-"
85.208.96.211 - - [10/Dec/2025:14:21:29 +0100] "GET /platby/qqap/best-camera-for-video-vlogging HTTP/1.1" 200 6106 "-" "Mozilla/5.0 (compatible; SemrushBot/7~bl; +http://www.semrush.com/bot.html)"
85.208.96.198 - - [10/Dec/2025:14:21:31 +0100] "GET /platby/hca/best-4th-round-picks-nfl-2021 HTTP/1.1" 200 8650 "-" "Mozilla/5.0 (compatible; SemrushBot/7~bl; +http://www.semrush.com/bot.html)"
185.191.171.3 - - [10/Dec/2025:14:21:49 +0100] "GET /platby/uwoy9/fishers-high-school-volleyball HTTP/1.1" 200 8770 "-" "Mozilla/5.0 (compatible; SemrushBot/7~bl; +http://www.semrush.com/bot.html)"
85.208.96.197 - - [10/Dec/2025:14:21:55 +0100] "GET /platby/uwoy9/what-time-of-year-do-ducks-start-laying-eggs HTTP/1.1" 200 8706 "-" "Mozilla/5.0 (compatible; SemrushBot/7~bl; +http://www.semrush.com/bot.html)"
185.191.171.15 - - [10/Dec/2025:14:22:01 +0100] "GET /platby/72zbxoz/buccaneers-cap-space-2021 HTTP/1.1" 200 12436 "-" "Mozilla/5.0 (compatible; SemrushBot/7~bl; +http://www.semrush.com/bot.html)"
185.191.171.7 - - [10/Dec/2025:14:22:04 +0100] "GET /platby/qqap/maurice-benard-family-photos HTTP/1.1" 200 8761 "-" "Mozilla/5.0 (compatible; SemrushBot/7~bl; +http://www.semrush.com/bot.html)"
45.156.128.130 - - [10/Dec/2025:14:22:08 +0100] "\x16\x03\x01" 403 265 "-" "-"
185.191.171.2 - - [10/Dec/2025:14:22:10 +0100] "GET /platby/hca/blandwood-carriage-house HTTP/1.1" 200 8527 "-" "Mozilla/5.0 (compatible; SemrushBot/7~bl; +http://www.semrush.com/bot.html)"
216.244.66.239 - - [10/Dec/2025:14:22:10 +0100] "GET /platby/article.php?5d4c26=awp-man-o-war-reddit HTTP/1.1" 200 21218 "-" "Mozilla/5.0 (compatible; DotBot/1.2; +https://opensiteexplorer.org/dotbot; help@moz.com)"
185.191.171.2 - - [10/Dec/2025:14:22:12 +0100] "GET /platby/hca/bayside-high-school-application HTTP/1.1" 200 6254 "-" "Mozilla/5.0 (compatible; SemrushBot/7~bl; +http://www.semrush.com/bot.html)"
216.244.66.239 - - [10/Dec/2025:14:22:15 +0100] "GET /platby/article.php?5d4c26=adidas-launch-locator HTTP/1.1" 200 24750 "-" "Mozilla/5.0 (compatible; DotBot/1.2; +https://opensiteexplorer.org/dotbot; help@moz.com)"
216.244.66.239 - - [10/Dec/2025:14:22:21 +0100] "GET /platby/article.php?5d4c26=baby-shark-show HTTP/1.1" 200 23325 "-" "Mozilla/5.0 (compatible; DotBot/1.2; +https://opensiteexplorer.org/dotbot; help@moz.com)"
85.208.96.208 - - [10/Dec/2025:14:22:21 +0100] "GET /platby/72zbxoz/nicholas-gioacchini-transfer HTTP/1.1" 200 6420 "-" "Mozilla/5.0 (compatible; SemrushBot/7~bl; +http://www.semrush.com/bot.html)"
216.244.66.239 - - [10/Dec/2025:14:22:25 +0100] "GET /platby/article.php?5d4c26=challenges-of-being-a-team-leader HTTP/1.1" 200 20820 "-" "Mozilla/5.0 (compatible; DotBot/1.2; +https://opensiteexplorer.org/dotbot; help@moz.com)"
216.244.66.239 - - [10/Dec/2025:14:22:28 +0100] "GET /platby/article.php?5d4c26=museum-jobs-brisbane HTTP/1.1" 200 14861 "-" "Mozilla/5.0 (compatible; DotBot/1.2; +https://opensiteexplorer.org/dotbot; help@moz.com)"
216.244.66.239 - - [10/Dec/2025:14:22:31 +0100] "GET /platby/article.php?5d4c26=persona-2-tatsuya-sudou HTTP/1.1" 200 19871 "-" "Mozilla/5.0 (compatible; DotBot/1.2; +https://opensiteexplorer.org/dotbot; help@moz.com)"
216.244.66.239 - - [10/Dec/2025:14:22:34 +0100] "GET /platby/article.php?5d4c26=viking-ship-museum HTTP/1.1" 200 21872 "-" "Mozilla/5.0 (compatible; DotBot/1.2; +https://opensiteexplorer.org/dotbot; help@moz.com)"
216.244.66.239 - - [10/Dec/2025:14:22:36 +0100] "GET /platby/article.php?5d4c26=Chinese-Love-Signs HTTP/1.1" 200 15163 "-" "Mozilla/5.0 (compatible; DotBot/1.2; +https://opensiteexplorer.org/dotbot; help@moz.com)"
216.244.66.239 - - [10/Dec/2025:14:22:38 +0100] "GET /platby/article.php?5d4c26=PlayStation-VR-controller HTTP/1.1" 200 18727 "-" "Mozilla/5.0 (compatible; DotBot/1.2; +https://opensiteexplorer.org/dotbot; help@moz.com)"
216.244.66.239 - - [10/Dec/2025:14:22:39 +0100] "GET /platby/article.php?5d4c26=St-Francis-Dam-documentary HTTP/1.1" 200 18478 "-" "Mozilla/5.0 (compatible; DotBot/1.2; +https://opensiteexplorer.org/dotbot; help@moz.com)"
216.244.66.239 - - [10/Dec/2025:14:22:41 +0100] "GET /platby/article.php?5d4c26=The-Sims-4-Mac HTTP/1.1" 200 21703 "-" "Mozilla/5.0 (compatible; DotBot/1.2; +https://opensiteexplorer.org/dotbot; help@moz.com)"
216.244.66.239 - - [10/Dec/2025:14:22:42 +0100] "GET /platby/article.php?5d4c26=Types-of-Triple-sec HTTP/1.1" 200 24005 "-" "Mozilla/5.0 (compatible; DotBot/1.2; +https://opensiteexplorer.org/dotbot; help@moz.com)"
216.244.66.239 - - [10/Dec/2025:14:22:44 +0100] "GET /platby/article.php?5d4c26=Word-line-separator HTTP/1.1" 200 22264 "-" "Mozilla/5.0 (compatible; DotBot/1.2; +https://opensiteexplorer.org/dotbot; help@moz.com)"
185.191.171.7 - - [10/Dec/2025:14:22:48 +0100] "GET /platby/aohwuyx/aerospace-manufacturing-engineering-technician HTTP/1.1" 200 12851 "-" "Mozilla/5.0 (compatible; SemrushBot/7~bl; +http://www.semrush.com/bot.html)"
216.244.66.239 - - [10/Dec/2025:14:22:49 +0100] "GET /platby/article.php?5d4c26=aulla-bridge-collapse HTTP/1.1" 200 18526 "-" "Mozilla/5.0 (compatible; DotBot/1.2; +https://opensiteexplorer.org/dotbot; help@moz.com)"
216.244.66.239 - - [10/Dec/2025:14:22:53 +0100] "GET /platby/article.php?5d4c26=bill-evans-saxophone HTTP/1.1" 200 22482 "-" "Mozilla/5.0 (compatible; DotBot/1.2; +https://opensiteexplorer.org/dotbot; help@moz.com)"
216.244.66.239 - - [10/Dec/2025:14:22:55 +0100] "GET /platby/article.php?5d4c26=cas-tigers-tv HTTP/1.1" 200 16777 "-" "Mozilla/5.0 (compatible; DotBot/1.2; +https://opensiteexplorer.org/dotbot; help@moz.com)"
185.191.171.1 - - [10/Dec/2025:14:22:57 +0100] "GET /platby/qqap/importance-of-affirmative-action HTTP/1.1" 200 4970 "-" "Mozilla/5.0 (compatible; SemrushBot/7~bl; +http://www.semrush.com/bot.html)"
216.244.66.239 - - [10/Dec/2025:14:22:58 +0100] "GET /platby/article.php?5d4c26=couple-travel-quotes-instagram HTTP/1.1" 200 23054 "-" "Mozilla/5.0 (compatible; DotBot/1.2; +https://opensiteexplorer.org/dotbot; help@moz.com)"
85.208.96.207 - - [10/Dec/2025:14:22:59 +0100] "GET /platby/qqap/nokia-wireless-charging-phones HTTP/1.1" 200 6445 "-" "Mozilla/5.0 (compatible; SemrushBot/7~bl; +http://www.semrush.com/bot.html)"
216.244.66.239 - - [10/Dec/2025:14:23:00 +0100] "GET /platby/article.php?5d4c26=fifa-16-price HTTP/1.1" 200 15684 "-" "Mozilla/5.0 (compatible; DotBot/1.2; +https://opensiteexplorer.org/dotbot; help@moz.com)"
66.249.68.70 - - [10/Dec/2025:14:23:01 +0100] "\x16\x03\x01\x02" 403 265 "-" "-"
216.244.66.239 - - [10/Dec/2025:14:23:01 +0100] "GET /platby/article.php?5d4c26=jan-malcolm-wiki HTTP/1.1" 200 22740 "-" "Mozilla/5.0 (compatible; DotBot/1.2; +https://opensiteexplorer.org/dotbot; help@moz.com)"
185.191.171.19 - - [10/Dec/2025:14:23:03 +0100] "GET /platby/uwoy9/redmi-note-10-reverse-charging HTTP/1.1" 200 10672 "-" "Mozilla/5.0 (compatible; SemrushBot/7~bl; +http://www.semrush.com/bot.html)"
216.244.66.239 - - [10/Dec/2025:14:23:03 +0100] "GET /platby/article.php?5d4c26=large-dice-cut HTTP/1.1" 200 15991 "-" "Mozilla/5.0 (compatible; DotBot/1.2; +https://opensiteexplorer.org/dotbot; help@moz.com)"
216.244.66.239 - - [10/Dec/2025:14:23:05 +0100] "GET /platby/article.php?5d4c26=online-case-status HTTP/1.1" 200 16137 "-" "Mozilla/5.0 (compatible; DotBot/1.2; +https://opensiteexplorer.org/dotbot; help@moz.com)"
216.244.66.239 - - [10/Dec/2025:14:23:07 +0100] "GET /platby/article.php?5d4c26=pay-grade-wdn_13-0093 HTTP/1.1" 200 18391 "-" "Mozilla/5.0 (compatible; DotBot/1.2; +https://opensiteexplorer.org/dotbot; help@moz.com)"
216.244.66.239 - - [10/Dec/2025:14:23:14 +0100] "GET /platby/article.php?5d4c26=ramy-season-2-cast HTTP/1.1" 200 22038 "-" "Mozilla/5.0 (compatible; DotBot/1.2; +https://opensiteexplorer.org/dotbot; help@moz.com)"
216.244.66.239 - - [10/Dec/2025:14:23:19 +0100] "GET /platby/article.php?5d4c26=society-islands-meme HTTP/1.1" 200 15731 "-" "Mozilla/5.0 (compatible; DotBot/1.2; +https://opensiteexplorer.org/dotbot; help@moz.com)"
216.244.66.239 - - [10/Dec/2025:14:23:24 +0100] "GET /platby/article.php?5d4c26=the-importance-of-touch-in-human-development HTTP/1.1" 200 16525 "-" "Mozilla/5.0 (compatible; DotBot/1.2; +https://opensiteexplorer.org/dotbot; help@moz.com)"
216.244.66.239 - - [10/Dec/2025:14:23:31 +0100] "GET /platby/article.php?5d4c26=visit-orlando-kennedy-space-center HTTP/1.1" 200 19827 "-" "Mozilla/5.0 (compatible; DotBot/1.2; +https://opensiteexplorer.org/dotbot; help@moz.com)"
216.244.66.239 - - [10/Dec/2025:14:23:35 +0100] "GET /platby/article.php?5d4c26=what-is-hypixel HTTP/1.1" 200 22443 "-" "Mozilla/5.0 (compatible; DotBot/1.2; +https://opensiteexplorer.org/dotbot; help@moz.com)"
103.23.137.115 - - [10/Dec/2025:14:23:35 +0100] "\x16\x03\x01\x02" 403 265 "-" "-"
185.191.171.17 - - [10/Dec/2025:14:23:38 +0100] "GET /platby/72zbxoz/are-michael-learned-and-amanda-blake-related HTTP/1.1" 200 9894 "-" "Mozilla/5.0 (compatible; SemrushBot/7~bl; +http://www.semrush.com/bot.html)"
216.244.66.239 - - [10/Dec/2025:14:23:40 +0100] "GET /platby/article.php?5d4c26=women%27s-basketball-salary-overseas HTTP/1.1" 200 20948 "-" "Mozilla/5.0 (compatible; DotBot/1.2; +https://opensiteexplorer.org/dotbot; help@moz.com)"
216.244.66.239 - - [10/Dec/2025:14:23:43 +0100] "GET /platby/article.php?5d4c26=2010-tesla-roadster HTTP/1.1" 200 24525 "-" "Mozilla/5.0 (compatible; DotBot/1.2; +https://opensiteexplorer.org/dotbot; help@moz.com)"
85.208.96.210 - - [10/Dec/2025:14:23:44 +0100] "GET /platby/uwoy9/s20-fe-fingerprint-sensor-location HTTP/1.1" 200 13171 "-" "Mozilla/5.0 (compatible; SemrushBot/7~bl; +http://www.semrush.com/bot.html)"
216.244.66.239 - - [10/Dec/2025:14:23:47 +0100] "GET /platby/article.php?5d4c26=2015-Rugby-World-Cup-final HTTP/1.1" 200 20787 "-" "Mozilla/5.0 (compatible; DotBot/1.2; +https://opensiteexplorer.org/dotbot; help@moz.com)"
216.244.66.239 - - [10/Dec/2025:14:23:49 +0100] "GET /platby/article.php?5d4c26=42%27-sea-ray-sedan-bridge-for-sale HTTP/1.1" 200 17583 "-" "Mozilla/5.0 (compatible; DotBot/1.2; +https://opensiteexplorer.org/dotbot; help@moz.com)"
216.244.66.239 - - [10/Dec/2025:14:23:52 +0100] "GET /platby/article.php?5d4c26=6-letter-movie-titles HTTP/1.1" 200 17800 "-" "Mozilla/5.0 (compatible; DotBot/1.2; +https://opensiteexplorer.org/dotbot; help@moz.com)"
216.244.66.239 - - [10/Dec/2025:14:23:57 +0100] "GET /platby/article.php?5d4c26=Christina-Johnson-facebook HTTP/1.1" 200 17126 "-" "Mozilla/5.0 (compatible; DotBot/1.2; +https://opensiteexplorer.org/dotbot; help@moz.com)"
216.244.66.239 - - [10/Dec/2025:14:23:59 +0100] "GET /platby/article.php?5d4c26=Digits-and-numbers HTTP/1.1" 200 23083 "-" "Mozilla/5.0 (compatible; DotBot/1.2; +https://opensiteexplorer.org/dotbot; help@moz.com)"
216.244.66.239 - - [10/Dec/2025:14:24:03 +0100] "GET /platby/article.php?5d4c26=Dog-vomit-slime-mold HTTP/1.1" 200 19707 "-" "Mozilla/5.0 (compatible; DotBot/1.2; +https://opensiteexplorer.org/dotbot; help@moz.com)"
216.244.66.239 - - [10/Dec/2025:14:24:05 +0100] "GET /platby/article.php?5d4c26=air-force-operations-plan HTTP/1.1" 200 17216 "-" "Mozilla/5.0 (compatible; DotBot/1.2; +https://opensiteexplorer.org/dotbot; help@moz.com)"
185.191.171.8 - - [10/Dec/2025:14:24:06 +0100] "GET /platby/uwoy9/paul-kalkbrenner---sky-and-sand HTTP/1.1" 200 11179 "-" "Mozilla/5.0 (compatible; SemrushBot/7~bl; +http://www.semrush.com/bot.html)"
216.244.66.239 - - [10/Dec/2025:14:24:07 +0100] "GET /platby/article.php?5d4c26=air-peace-flight-schedule-for-today HTTP/1.1" 200 24201 "-" "Mozilla/5.0 (compatible; DotBot/1.2; +https://opensiteexplorer.org/dotbot; help@moz.com)"
216.244.66.239 - - [10/Dec/2025:14:24:09 +0100] "GET /platby/article.php?5d4c26=apollo-smoke-detector-base HTTP/1.1" 200 18434 "-" "Mozilla/5.0 (compatible; DotBot/1.2; +https://opensiteexplorer.org/dotbot; help@moz.com)"
216.244.66.239 - - [10/Dec/2025:14:24:10 +0100] "GET /platby/article.php?5d4c26=artificial-intelligence-electronics-projects HTTP/1.1" 200 19741 "-" "Mozilla/5.0 (compatible; DotBot/1.2; +https://opensiteexplorer.org/dotbot; help@moz.com)"
216.244.66.239 - - [10/Dec/2025:14:24:12 +0100] "GET /platby/article.php?5d4c26=bbc-surrey-jobs HTTP/1.1" 200 19818 "-" "Mozilla/5.0 (compatible; DotBot/1.2; +https://opensiteexplorer.org/dotbot; help@moz.com)"
216.244.66.239 - - [10/Dec/2025:14:24:13 +0100] "GET /platby/article.php?5d4c26=can%27t-leave-the-night-badbadnotgood-lyrics HTTP/1.1" 200 20237 "-" "Mozilla/5.0 (compatible; DotBot/1.2; +https://opensiteexplorer.org/dotbot; help@moz.com)"
216.244.66.239 - - [10/Dec/2025:14:24:15 +0100] "GET /platby/article.php?5d4c26=danielle-bradbery-songs HTTP/1.1" 200 25042 "-" "Mozilla/5.0 (compatible; DotBot/1.2; +https://opensiteexplorer.org/dotbot; help@moz.com)"
216.244.66.239 - - [10/Dec/2025:14:24:16 +0100] "GET /platby/article.php?5d4c26=deficiency-of-cobalt HTTP/1.1" 200 24900 "-" "Mozilla/5.0 (compatible; DotBot/1.2; +https://opensiteexplorer.org/dotbot; help@moz.com)"
216.244.66.239 - - [10/Dec/2025:14:24:17 +0100] "GET /platby/article.php?5d4c26=dell-inc-2009-case-analysis HTTP/1.1" 200 24649 "-" "Mozilla/5.0 (compatible; DotBot/1.2; +https://opensiteexplorer.org/dotbot; help@moz.com)"
216.244.66.239 - - [10/Dec/2025:14:24:18 +0100] "GET /platby/article.php?5d4c26=divide-symbol-on-a-laptop-keyboard HTTP/1.1" 200 17065 "-" "Mozilla/5.0 (compatible; DotBot/1.2; +https://opensiteexplorer.org/dotbot; help@moz.com)"
216.244.66.239 - - [10/Dec/2025:14:24:19 +0100] "GET /platby/article.php?5d4c26=european-rugby-champions-cup-quarter-finals-2020 HTTP/1.1" 200 22105 "-" "Mozilla/5.0 (compatible; DotBot/1.2; +https://opensiteexplorer.org/dotbot; help@moz.com)"
216.244.66.239 - - [10/Dec/2025:14:24:22 +0100] "GET /platby/article.php?5d4c26=games-like-adventure-quest HTTP/1.1" 200 17117 "-" "Mozilla/5.0 (compatible; DotBot/1.2; +https://opensiteexplorer.org/dotbot; help@moz.com)"
216.244.66.239 - - [10/Dec/2025:14:24:25 +0100] "GET /platby/article.php?5d4c26=god%27s-fool-movie HTTP/1.1" 200 17872 "-" "Mozilla/5.0 (compatible; DotBot/1.2; +https://opensiteexplorer.org/dotbot; help@moz.com)"
216.244.66.239 - - [10/Dec/2025:14:24:29 +0100] "GET /platby/article.php?5d4c26=hope-gap-interview HTTP/1.1" 200 23656 "-" "Mozilla/5.0 (compatible; DotBot/1.2; +https://opensiteexplorer.org/dotbot; help@moz.com)"
216.244.66.239 - - [10/Dec/2025:14:24:33 +0100] "GET /platby/article.php?5d4c26=house-rules-wa HTTP/1.1" 200 14845 "-" "Mozilla/5.0 (compatible; DotBot/1.2; +https://opensiteexplorer.org/dotbot; help@moz.com)"
216.244.66.239 - - [10/Dec/2025:14:24:35 +0100] "GET /platby/article.php?5d4c26=huntsville-hospital-sign-on-bonus HTTP/1.1" 200 19038 "-" "Mozilla/5.0 (compatible; DotBot/1.2; +https://opensiteexplorer.org/dotbot; help@moz.com)"
216.244.66.239 - - [10/Dec/2025:14:24:38 +0100] "GET /platby/article.php?5d4c26=jack-from-crimes-and-misdemeanors HTTP/1.1" 200 22647 "-" "Mozilla/5.0 (compatible; DotBot/1.2; +https://opensiteexplorer.org/dotbot; help@moz.com)"
216.244.66.239 - - [10/Dec/2025:14:24:41 +0100] "GET /platby/article.php?5d4c26=just-hold-me-in-the-dark HTTP/1.1" 200 17397 "-" "Mozilla/5.0 (compatible; DotBot/1.2; +https://opensiteexplorer.org/dotbot; help@moz.com)"
185.191.171.4 - - [10/Dec/2025:14:24:44 +0100] "GET /platby/72zbxoz/why-was-the-battle-of-midway-significant HTTP/1.1" 200 7960 "-" "Mozilla/5.0 (compatible; SemrushBot/7~bl; +http://www.semrush.com/bot.html)"
216.244.66.239 - - [10/Dec/2025:14:24:45 +0100] "GET /platby/article.php?5d4c26=kim-deal-pictures HTTP/1.1" 200 17766 "-" "Mozilla/5.0 (compatible; DotBot/1.2; +https://opensiteexplorer.org/dotbot; help@moz.com)"
216.244.66.239 - - [10/Dec/2025:14:24:47 +0100] "GET /platby/article.php?5d4c26=laura-johnson-instagram HTTP/1.1" 200 20014 "-" "Mozilla/5.0 (compatible; DotBot/1.2; +https://opensiteexplorer.org/dotbot; help@moz.com)"
216.244.66.239 - - [10/Dec/2025:14:24:50 +0100] "GET /platby/article.php?5d4c26=manitoba-earthquake-history HTTP/1.1" 200 23779 "-" "Mozilla/5.0 (compatible; DotBot/1.2; +https://opensiteexplorer.org/dotbot; help@moz.com)"
216.244.66.239 - - [10/Dec/2025:14:24:52 +0100] "GET /platby/article.php?5d4c26=map-of-egypt-information HTTP/1.1" 200 19425 "-" "Mozilla/5.0 (compatible; DotBot/1.2; +https://opensiteexplorer.org/dotbot; help@moz.com)"
216.244.66.239 - - [10/Dec/2025:14:24:54 +0100] "GET /platby/article.php?5d4c26=mgk-misery-business HTTP/1.1" 200 16013 "-" "Mozilla/5.0 (compatible; DotBot/1.2; +https://opensiteexplorer.org/dotbot; help@moz.com)"
216.244.66.239 - - [10/Dec/2025:14:24:56 +0100] "GET /platby/article.php?5d4c26=monsters%2C-inc-123movies HTTP/1.1" 200 19363 "-" "Mozilla/5.0 (compatible; DotBot/1.2; +https://opensiteexplorer.org/dotbot; help@moz.com)"
85.208.96.208 - - [10/Dec/2025:14:24:56 +0100] "GET /platby/qqap/student-accommodation-italy HTTP/1.1" 200 7884 "-" "Mozilla/5.0 (compatible; SemrushBot/7~bl; +http://www.semrush.com/bot.html)"
216.244.66.239 - - [10/Dec/2025:14:24:57 +0100] "GET /platby/article.php?5d4c26=nebraska-city-hotels HTTP/1.1" 200 20037 "-" "Mozilla/5.0 (compatible; DotBot/1.2; +https://opensiteexplorer.org/dotbot; help@moz.com)"
216.244.66.239 - - [10/Dec/2025:14:24:59 +0100] "GET /platby/article.php?5d4c26=new-zealand-warriors-players-2015 HTTP/1.1" 200 15795 "-" "Mozilla/5.0 (compatible; DotBot/1.2; +https://opensiteexplorer.org/dotbot; help@moz.com)"
185.191.171.16 - - [10/Dec/2025:14:25:00 +0100] "GET /platby/hca/ethiopian-shepherds-bush HTTP/1.1" 200 11432 "-" "Mozilla/5.0 (compatible; SemrushBot/7~bl; +http://www.semrush.com/bot.html)"
216.244.66.239 - - [10/Dec/2025:14:25:01 +0100] "GET /platby/article.php?5d4c26=nielsen-massey-vanilla-beans-bulk HTTP/1.1" 200 21313 "-" "Mozilla/5.0 (compatible; DotBot/1.2; +https://opensiteexplorer.org/dotbot; help@moz.com)"
216.244.66.239 - - [10/Dec/2025:14:25:05 +0100] "GET /platby/article.php?5d4c26=paris%2C-texas-facts HTTP/1.1" 200 22438 "-" "Mozilla/5.0 (compatible; DotBot/1.2; +https://opensiteexplorer.org/dotbot; help@moz.com)"
216.244.66.239 - - [10/Dec/2025:14:25:08 +0100] "GET /platby/article.php?5d4c26=payment-status-not-available-%3A-irs-reddit HTTP/1.1" 200 23550 "-" "Mozilla/5.0 (compatible; DotBot/1.2; +https://opensiteexplorer.org/dotbot; help@moz.com)"
216.244.66.239 - - [10/Dec/2025:14:25:10 +0100] "GET /platby/article.php?5d4c26=random-encounters-musicals HTTP/1.1" 200 20365 "-" "Mozilla/5.0 (compatible; DotBot/1.2; +https://opensiteexplorer.org/dotbot; help@moz.com)"
216.244.66.239 - - [10/Dec/2025:14:25:13 +0100] "GET /platby/article.php?5d4c26=southern-kings-results HTTP/1.1" 200 23621 "-" "Mozilla/5.0 (compatible; DotBot/1.2; +https://opensiteexplorer.org/dotbot; help@moz.com)"
216.244.66.239 - - [10/Dec/2025:14:25:15 +0100] "GET /platby/article.php?5d4c26=state-central-library-mumbai HTTP/1.1" 200 23453 "-" "Mozilla/5.0 (compatible; DotBot/1.2; +https://opensiteexplorer.org/dotbot; help@moz.com)"
216.244.66.239 - - [10/Dec/2025:14:25:16 +0100] "GET /platby/article.php?5d4c26=thomas-and-friends-narrow-gauge-engines HTTP/1.1" 200 22044 "-" "Mozilla/5.0 (compatible; DotBot/1.2; +https://opensiteexplorer.org/dotbot; help@moz.com)"
216.244.66.239 - - [10/Dec/2025:14:25:18 +0100] "GET /platby/article.php?5d4c26=trace-adkins-swing-video HTTP/1.1" 200 16604 "-" "Mozilla/5.0 (compatible; DotBot/1.2; +https://opensiteexplorer.org/dotbot; help@moz.com)"
216.244.66.239 - - [10/Dec/2025:14:25:20 +0100] "GET /platby/article.php?5d4c26=transform-faults-in-alaska HTTP/1.1" 200 24758 "-" "Mozilla/5.0 (compatible; DotBot/1.2; +https://opensiteexplorer.org/dotbot; help@moz.com)"
216.244.66.239 - - [10/Dec/2025:14:25:21 +0100] "GET /platby/article.php?5d4c26=vandenberg-burning-heart-2020 HTTP/1.1" 200 19860 "-" "Mozilla/5.0 (compatible; DotBot/1.2; +https://opensiteexplorer.org/dotbot; help@moz.com)"
216.244.66.239 - - [10/Dec/2025:14:25:22 +0100] "GET /platby/article.php?5d4c26=what-is-the-role-of-port-melbourne HTTP/1.1" 200 23791 "-" "Mozilla/5.0 (compatible; DotBot/1.2; +https://opensiteexplorer.org/dotbot; help@moz.com)"
216.244.66.239 - - [10/Dec/2025:14:25:23 +0100] "GET /platby/article.php?5d4c26=when-was-the-heliocentric-theory-accepted HTTP/1.1" 200 20032 "-" "Mozilla/5.0 (compatible; DotBot/1.2; +https://opensiteexplorer.org/dotbot; help@moz.com)"
216.244.66.239 - - [10/Dec/2025:14:25:25 +0100] "GET /platby/article.php?5d4c26=youtube-national-anthem-song HTTP/1.1" 200 17417 "-" "Mozilla/5.0 (compatible; DotBot/1.2; +https://opensiteexplorer.org/dotbot; help@moz.com)"
216.244.66.239 - - [10/Dec/2025:14:25:26 +0100] "GET /platby/article.php?5d4c26=Penske-Logistics-logo HTTP/1.1" 200 21804 "-" "Mozilla/5.0 (compatible; DotBot/1.2; +https://opensiteexplorer.org/dotbot; help@moz.com)"
216.244.66.239 - - [10/Dec/2025:14:25:27 +0100] "GET /platby/article.php?5d4c26=adidas-warehouse-jobs-manchester HTTP/1.1" 200 15601 "-" "Mozilla/5.0 (compatible; DotBot/1.2; +https://opensiteexplorer.org/dotbot; help@moz.com)"
185.191.171.9 - - [10/Dec/2025:14:25:28 +0100] "GET /platby/qqap/marion-arkansas-county HTTP/1.1" 200 6646 "-" "Mozilla/5.0 (compatible; SemrushBot/7~bl; +http://www.semrush.com/bot.html)"
216.244.66.239 - - [10/Dec/2025:14:25:28 +0100] "GET /platby/article.php?5d4c26=airbnb-paris-superhost HTTP/1.1" 200 18715 "-" "Mozilla/5.0 (compatible; DotBot/1.2; +https://opensiteexplorer.org/dotbot; help@moz.com)"
216.244.66.239 - - [10/Dec/2025:14:25:29 +0100] "GET /platby/article.php?5d4c26=apple-store-promo-code-reddit-2020 HTTP/1.1" 200 15078 "-" "Mozilla/5.0 (compatible; DotBot/1.2; +https://opensiteexplorer.org/dotbot; help@moz.com)"
216.244.66.239 - - [10/Dec/2025:14:25:31 +0100] "GET /platby/article.php?5d4c26=calories-in-potato-chips-homemade HTTP/1.1" 200 19177 "-" "Mozilla/5.0 (compatible; DotBot/1.2; +https://opensiteexplorer.org/dotbot; help@moz.com)"
57.141.6.36 - - [10/Dec/2025:14:25:31 +0100] "\x16\x03\x01\x01K\x01" 403 265 "-" "-"
216.244.66.239 - - [10/Dec/2025:14:25:33 +0100] "GET /platby/article.php?5d4c26=can-the-world-sustain-10-billion HTTP/1.1" 200 24735 "-" "Mozilla/5.0 (compatible; DotBot/1.2; +https://opensiteexplorer.org/dotbot; help@moz.com)"
216.244.66.239 - - [10/Dec/2025:14:25:34 +0100] "GET /platby/article.php?5d4c26=crib-safety-standards-2020 HTTP/1.1" 200 17374 "-" "Mozilla/5.0 (compatible; DotBot/1.2; +https://opensiteexplorer.org/dotbot; help@moz.com)"
216.244.66.239 - - [10/Dec/2025:14:25:36 +0100] "GET /platby/article.php?5d4c26=dancing-in-the-moonlight-toploader-lyrics HTTP/1.1" 200 17441 "-" "Mozilla/5.0 (compatible; DotBot/1.2; +https://opensiteexplorer.org/dotbot; help@moz.com)"
216.244.66.239 - - [10/Dec/2025:14:25:37 +0100] "GET /platby/article.php?5d4c26=deep-space-termination HTTP/1.1" 200 19429 "-" "Mozilla/5.0 (compatible; DotBot/1.2; +https://opensiteexplorer.org/dotbot; help@moz.com)"
216.244.66.239 - - [10/Dec/2025:14:25:38 +0100] "GET /platby/article.php?5d4c26=fall-on-your-knees-essay HTTP/1.1" 200 21616 "-" "Mozilla/5.0 (compatible; DotBot/1.2; +https://opensiteexplorer.org/dotbot; help@moz.com)"
85.208.96.203 - - [10/Dec/2025:14:25:39 +0100] "GET /platby/hca/how-to-pronounce-heaven-in-hebrew HTTP/1.1" 200 11878 "-" "Mozilla/5.0 (compatible; SemrushBot/7~bl; +http://www.semrush.com/bot.html)"
216.244.66.239 - - [10/Dec/2025:14:25:40 +0100] "GET /platby/article.php?5d4c26=front-lever-assistance-exercises HTTP/1.1" 200 21373 "-" "Mozilla/5.0 (compatible; DotBot/1.2; +https://opensiteexplorer.org/dotbot; help@moz.com)"
85.208.96.194 - - [10/Dec/2025:14:25:40 +0100] "GET /platby/uwoy9/michigan-state-police-districts HTTP/1.1" 200 12612 "-" "Mozilla/5.0 (compatible; SemrushBot/7~bl; +http://www.semrush.com/bot.html)"
216.244.66.239 - - [10/Dec/2025:14:25:41 +0100] "GET /platby/article.php?5d4c26=general-dynamics-electric-boat-glassdoor HTTP/1.1" 200 14582 "-" "Mozilla/5.0 (compatible; DotBot/1.2; +https://opensiteexplorer.org/dotbot; help@moz.com)"
216.244.66.239 - - [10/Dec/2025:14:25:42 +0100] "GET /platby/article.php?5d4c26=ipod-touch-5th-generation-specs HTTP/1.1" 200 17955 "-" "Mozilla/5.0 (compatible; DotBot/1.2; +https://opensiteexplorer.org/dotbot; help@moz.com)"
216.244.66.239 - - [10/Dec/2025:14:25:43 +0100] "GET /platby/article.php?5d4c26=is-john-fleck-related-to-robert-fleck HTTP/1.1" 200 24682 "-" "Mozilla/5.0 (compatible; DotBot/1.2; +https://opensiteexplorer.org/dotbot; help@moz.com)"
216.244.66.239 - - [10/Dec/2025:14:25:44 +0100] "GET /platby/article.php?5d4c26=joel-thompson-facebooktrojans-and-hildas HTTP/1.1" 200 19303 "-" "Mozilla/5.0 (compatible; DotBot/1.2; +https://opensiteexplorer.org/dotbot; help@moz.com)"
216.244.66.239 - - [10/Dec/2025:14:25:45 +0100] "GET /platby/article.php?5d4c26=metal-3d-printer-manufacturers HTTP/1.1" 200 17167 "-" "Mozilla/5.0 (compatible; DotBot/1.2; +https://opensiteexplorer.org/dotbot; help@moz.com)"
216.244.66.239 - - [10/Dec/2025:14:25:46 +0100] "GET /platby/article.php?5d4c26=open-the-window-song-lyrics HTTP/1.1" 200 17708 "-" "Mozilla/5.0 (compatible; DotBot/1.2; +https://opensiteexplorer.org/dotbot; help@moz.com)"
216.244.66.239 - - [10/Dec/2025:14:25:47 +0100] "GET /platby/article.php?5d4c26=please-touch-museum-logo HTTP/1.1" 200 22031 "-" "Mozilla/5.0 (compatible; DotBot/1.2; +https://opensiteexplorer.org/dotbot; help@moz.com)"
216.244.66.239 - - [10/Dec/2025:14:25:49 +0100] "GET /platby/article.php?5d4c26=radeon-vii-vs-geforce-rtx-2080-ti HTTP/1.1" 200 23291 "-" "Mozilla/5.0 (compatible; DotBot/1.2; +https://opensiteexplorer.org/dotbot; help@moz.com)"
216.244.66.239 - - [10/Dec/2025:14:25:50 +0100] "GET /platby/article.php?5d4c26=saturn%27s-atmosphere-layers HTTP/1.1" 200 23775 "-" "Mozilla/5.0 (compatible; DotBot/1.2; +https://opensiteexplorer.org/dotbot; help@moz.com)"
216.244.66.239 - - [10/Dec/2025:14:25:51 +0100] "GET /platby/article.php?5d4c26=spark-vs-vodafone-coverage HTTP/1.1" 200 18313 "-" "Mozilla/5.0 (compatible; DotBot/1.2; +https://opensiteexplorer.org/dotbot; help@moz.com)"
216.244.66.239 - - [10/Dec/2025:14:25:52 +0100] "GET /platby/article.php?5d4c26=staruml-license-key-mac HTTP/1.1" 200 19921 "-" "Mozilla/5.0 (compatible; DotBot/1.2; +https://opensiteexplorer.org/dotbot; help@moz.com)"
216.244.66.239 - - [10/Dec/2025:14:25:54 +0100] "GET /platby/article.php?5d4c26=strongest-typhoon-in-the-philippines-2014 HTTP/1.1" 200 17912 "-" "Mozilla/5.0 (compatible; DotBot/1.2; +https://opensiteexplorer.org/dotbot; help@moz.com)"
216.244.66.239 - - [10/Dec/2025:14:25:55 +0100] "GET /platby/article.php?5d4c26=who-is-tony-dinozzo-handling-in-season-9 HTTP/1.1" 200 17958 "-" "Mozilla/5.0 (compatible; DotBot/1.2; +https://opensiteexplorer.org/dotbot; help@moz.com)"
216.244.66.239 - - [10/Dec/2025:14:25:56 +0100] "GET /platby/article.php?5d4c26=teach-online-courses-with-bachelor%27s-degree HTTP/1.1" 200 25109 "-" "Mozilla/5.0 (compatible; DotBot/1.2; +https://opensiteexplorer.org/dotbot; help@moz.com)"
216.244.66.239 - - [10/Dec/2025:14:25:57 +0100] "GET /platby/article.php?5d4c26=wolff-kishner-and-clemmensen-reduction-mechanism HTTP/1.1" 200 16763 "-" "Mozilla/5.0 (compatible; DotBot/1.2; +https://opensiteexplorer.org/dotbot; help@moz.com)"
185.191.171.2 - - [10/Dec/2025:14:25:58 +0100] "GET /platby/qqap/west-marine-wind-generator HTTP/1.1" 200 6716 "-" "Mozilla/5.0 (compatible; SemrushBot/7~bl; +http://www.semrush.com/bot.html)"
216.244.66.239 - - [10/Dec/2025:14:25:59 +0100] "GET /platby/aohwuyx/where-is-jimmy-garoppolo-now HTTP/1.1" 200 36989 "-" "Mozilla/5.0 (compatible; DotBot/1.2; +https://opensiteexplorer.org/dotbot; help@moz.com)"
216.244.66.239 - - [10/Dec/2025:14:26:00 +0100] "GET /platby/uwoy9/best-music-videos-of-2021 HTTP/1.1" 200 32291 "-" "Mozilla/5.0 (compatible; DotBot/1.2; +https://opensiteexplorer.org/dotbot; help@moz.com)"
216.244.66.239 - - [10/Dec/2025:14:26:01 +0100] "GET /platby/uwoy9/chesapeake-apartments HTTP/1.1" 200 40185 "-" "Mozilla/5.0 (compatible; DotBot/1.2; +https://opensiteexplorer.org/dotbot; help@moz.com)"
216.244.66.239 - - [10/Dec/2025:14:26:02 +0100] "GET /platby/aohwuyx/how-to-link-teams-to-sharepoint-folder HTTP/1.1" 200 39856 "-" "Mozilla/5.0 (compatible; DotBot/1.2; +https://opensiteexplorer.org/dotbot; help@moz.com)"
216.244.66.239 - - [10/Dec/2025:14:26:03 +0100] "GET /platby/aohwuyx/jordan-1-mid---preschool-shoes HTTP/1.1" 200 36937 "-" "Mozilla/5.0 (compatible; DotBot/1.2; +https://opensiteexplorer.org/dotbot; help@moz.com)"
216.244.66.239 - - [10/Dec/2025:14:26:04 +0100] "GET /platby/uwoy9/1994-studio-baseball-cards-value HTTP/1.1" 200 37084 "-" "Mozilla/5.0 (compatible; DotBot/1.2; +https://opensiteexplorer.org/dotbot; help@moz.com)"
216.244.66.239 - - [10/Dec/2025:14:26:05 +0100] "GET /platby/uwoy9/2020-donruss-optic-football-mega-box-with-10-packs HTTP/1.1" 200 33811 "-" "Mozilla/5.0 (compatible; DotBot/1.2; +https://opensiteexplorer.org/dotbot; help@moz.com)"
85.208.96.205 - - [10/Dec/2025:14:26:05 +0100] "GET /platby/hca/is-newbury-park-a-good-place-to-live HTTP/1.1" 200 5867 "-" "Mozilla/5.0 (compatible; SemrushBot/7~bl; +http://www.semrush.com/bot.html)"
216.244.66.239 - - [10/Dec/2025:14:26:06 +0100] "GET /platby/uwoy9/plyometric-squat-jumps-benefits HTTP/1.1" 200 32006 "-" "Mozilla/5.0 (compatible; DotBot/1.2; +https://opensiteexplorer.org/dotbot; help@moz.com)"
85.208.96.197 - - [10/Dec/2025:14:26:07 +0100] "GET /platby/uwoy9/cleveland-browns-headquarters HTTP/1.1" 200 10061 "-" "Mozilla/5.0 (compatible; SemrushBot/7~bl; +http://www.semrush.com/bot.html)"
216.244.66.239 - - [10/Dec/2025:14:26:07 +0100] "GET /platby/uwoy9/afc-bournemouth-livescore HTTP/1.1" 200 42455 "-" "Mozilla/5.0 (compatible; DotBot/1.2; +https://opensiteexplorer.org/dotbot; help@moz.com)"
216.244.66.239 - - [10/Dec/2025:14:26:08 +0100] "GET /platby/uwoy9/basis-oro-valley-calendar-2021-2022 HTTP/1.1" 200 33725 "-" "Mozilla/5.0 (compatible; DotBot/1.2; +https://opensiteexplorer.org/dotbot; help@moz.com)"
