185.191.171.8 - - [10/Dec/2025:11:17:30 +0100] "GET /robots.txt HTTP/1.1" 200 54 "-" "Mozilla/5.0 (compatible; SemrushBot/7~bl; +http://www.semrush.com/bot.html)"
185.191.171.14 - - [10/Dec/2025:11:17:30 +0100] "GET /platby/aohwuyx/nine-inch-nails---not-the-actual-events-vinyl HTTP/1.1" 200 10868 "-" "Mozilla/5.0 (compatible; SemrushBot/7~bl; +http://www.semrush.com/bot.html)"
85.208.96.196 - - [10/Dec/2025:11:17:34 +0100] "GET /platby/72zbxoz/paul-gambaccini-net-worth HTTP/1.1" 200 20 "-" "Mozilla/5.0 (compatible; SemrushBot/7~bl; +http://www.semrush.com/bot.html)"
85.208.96.195 - - [10/Dec/2025:11:17:47 +0100] "GET /platby/hca/jacob-gonzalez-baseball-cube HTTP/1.1" 200 8948 "-" "Mozilla/5.0 (compatible; SemrushBot/7~bl; +http://www.semrush.com/bot.html)"
216.244.66.239 - - [10/Dec/2025:11:17:51 +0100] "GET /platby/article.php?5d4c26=Tommy-Comedy-Store HTTP/1.1" 200 17781 "-" "Mozilla/5.0 (compatible; DotBot/1.2; +https://opensiteexplorer.org/dotbot; help@moz.com)"
43.131.39.179 - - [10/Dec/2025:11:17:56 +0100] "\x16\x03\x01\x05\xc2\x01" 403 265 "-" "-"
216.244.66.239 - - [10/Dec/2025:11:17:56 +0100] "GET /platby/article.php?5d4c26=Fallout-76-perks HTTP/1.1" 200 25349 "-" "Mozilla/5.0 (compatible; DotBot/1.2; +https://opensiteexplorer.org/dotbot; help@moz.com)"
216.244.66.239 - - [10/Dec/2025:11:18:00 +0100] "GET /platby/article.php?5d4c26=Taller-and-Shorter HTTP/1.1" 200 18001 "-" "Mozilla/5.0 (compatible; DotBot/1.2; +https://opensiteexplorer.org/dotbot; help@moz.com)"
216.244.66.239 - - [10/Dec/2025:11:18:04 +0100] "GET /platby/article.php?5d4c26=a-10-upgrade HTTP/1.1" 200 16472 "-" "Mozilla/5.0 (compatible; DotBot/1.2; +https://opensiteexplorer.org/dotbot; help@moz.com)"
216.244.66.239 - - [10/Dec/2025:11:18:07 +0100] "GET /platby/article.php?5d4c26=agile-coaching-strategy HTTP/1.1" 200 20785 "-" "Mozilla/5.0 (compatible; DotBot/1.2; +https://opensiteexplorer.org/dotbot; help@moz.com)"
216.244.66.239 - - [10/Dec/2025:11:18:10 +0100] "GET /platby/article.php?5d4c26=bigbang-net-worth HTTP/1.1" 200 22720 "-" "Mozilla/5.0 (compatible; DotBot/1.2; +https://opensiteexplorer.org/dotbot; help@moz.com)"
216.244.66.239 - - [10/Dec/2025:11:18:12 +0100] "GET /platby/article.php?5d4c26=catch-up-synonym HTTP/1.1" 200 23417 "-" "Mozilla/5.0 (compatible; DotBot/1.2; +https://opensiteexplorer.org/dotbot; help@moz.com)"
216.244.66.239 - - [10/Dec/2025:11:18:17 +0100] "GET /platby/article.php?5d4c26=kbs-news-twitter HTTP/1.1" 200 19869 "-" "Mozilla/5.0 (compatible; DotBot/1.2; +https://opensiteexplorer.org/dotbot; help@moz.com)"
85.208.96.202 - - [10/Dec/2025:11:18:18 +0100] "GET /platby/hca/principles-underpinning-effective-listening-pdf HTTP/1.1" 200 6700 "-" "Mozilla/5.0 (compatible; SemrushBot/7~bl; +http://www.semrush.com/bot.html)"
216.244.66.239 - - [10/Dec/2025:11:18:22 +0100] "GET /platby/article.php?5d4c26=mere-dil-ke-tukde HTTP/1.1" 200 18655 "-" "Mozilla/5.0 (compatible; DotBot/1.2; +https://opensiteexplorer.org/dotbot; help@moz.com)"
216.244.66.239 - - [10/Dec/2025:11:18:27 +0100] "GET /platby/article.php?5d4c26=pounds-to-dollars HTTP/1.1" 200 21827 "-" "Mozilla/5.0 (compatible; DotBot/1.2; +https://opensiteexplorer.org/dotbot; help@moz.com)"
216.244.66.239 - - [10/Dec/2025:11:18:31 +0100] "GET /platby/article.php?5d4c26=wii-u-hack-2020 HTTP/1.1" 200 22245 "-" "Mozilla/5.0 (compatible; DotBot/1.2; +https://opensiteexplorer.org/dotbot; help@moz.com)"
216.244.66.239 - - [10/Dec/2025:11:18:34 +0100] "GET /platby/article.php?5d4c26=yawn-pokemon-go HTTP/1.1" 200 24923 "-" "Mozilla/5.0 (compatible; DotBot/1.2; +https://opensiteexplorer.org/dotbot; help@moz.com)"
185.191.171.11 - - [10/Dec/2025:11:18:36 +0100] "GET /platby/qqap/colorado-school-of-mines-wrestling HTTP/1.1" 200 10717 "-" "Mozilla/5.0 (compatible; SemrushBot/7~bl; +http://www.semrush.com/bot.html)"
216.244.66.239 - - [10/Dec/2025:11:18:38 +0100] "GET /platby/article.php?5d4c26=48-hours-tonight HTTP/1.1" 200 19219 "-" "Mozilla/5.0 (compatible; DotBot/1.2; +https://opensiteexplorer.org/dotbot; help@moz.com)"
216.244.66.239 - - [10/Dec/2025:11:18:41 +0100] "GET /platby/article.php?5d4c26=Battleblock-theater-controller HTTP/1.1" 200 19323 "-" "Mozilla/5.0 (compatible; DotBot/1.2; +https://opensiteexplorer.org/dotbot; help@moz.com)"
216.244.66.239 - - [10/Dec/2025:11:18:44 +0100] "GET /platby/article.php?5d4c26=Itsy-Bitsy-Ara%C3%B1a HTTP/1.1" 200 19844 "-" "Mozilla/5.0 (compatible; DotBot/1.2; +https://opensiteexplorer.org/dotbot; help@moz.com)"
216.244.66.239 - - [10/Dec/2025:11:18:46 +0100] "GET /platby/article.php?5d4c26=Magenta%27-in-Spanish HTTP/1.1" 200 17579 "-" "Mozilla/5.0 (compatible; DotBot/1.2; +https://opensiteexplorer.org/dotbot; help@moz.com)"
216.244.66.239 - - [10/Dec/2025:11:18:47 +0100] "GET /platby/article.php?5d4c26=Real-definition-math HTTP/1.1" 200 15151 "-" "Mozilla/5.0 (compatible; DotBot/1.2; +https://opensiteexplorer.org/dotbot; help@moz.com)"
216.244.66.239 - - [10/Dec/2025:11:18:49 +0100] "GET /platby/article.php?5d4c26=Winners-Take-All HTTP/1.1" 200 23322 "-" "Mozilla/5.0 (compatible; DotBot/1.2; +https://opensiteexplorer.org/dotbot; help@moz.com)"
216.244.66.239 - - [10/Dec/2025:11:18:52 +0100] "GET /platby/article.php?5d4c26=bot-framework-architecture HTTP/1.1" 200 21435 "-" "Mozilla/5.0 (compatible; DotBot/1.2; +https://opensiteexplorer.org/dotbot; help@moz.com)"
185.191.171.16 - - [10/Dec/2025:11:18:54 +0100] "GET /platby/72zbxoz/shared-ownership-houses-for-sale HTTP/1.1" 200 13552 "-" "Mozilla/5.0 (compatible; SemrushBot/7~bl; +http://www.semrush.com/bot.html)"
216.244.66.239 - - [10/Dec/2025:11:18:55 +0100] "GET /platby/article.php?5d4c26=cbs-radio-news-anchors HTTP/1.1" 200 24405 "-" "Mozilla/5.0 (compatible; DotBot/1.2; +https://opensiteexplorer.org/dotbot; help@moz.com)"
185.191.171.4 - - [10/Dec/2025:11:18:55 +0100] "GET /platby/aohwuyx/nicola-peltz-bates-motel HTTP/1.1" 200 11914 "-" "Mozilla/5.0 (compatible; SemrushBot/7~bl; +http://www.semrush.com/bot.html)"
216.244.66.239 - - [10/Dec/2025:11:19:00 +0100] "GET /platby/article.php?5d4c26=crater-lake-walk HTTP/1.1" 200 22855 "-" "Mozilla/5.0 (compatible; DotBot/1.2; +https://opensiteexplorer.org/dotbot; help@moz.com)"
216.244.66.239 - - [10/Dec/2025:11:19:04 +0100] "GET /platby/article.php?5d4c26=eric-schmidt-books HTTP/1.1" 200 18920 "-" "Mozilla/5.0 (compatible; DotBot/1.2; +https://opensiteexplorer.org/dotbot; help@moz.com)"
216.244.66.239 - - [10/Dec/2025:11:19:08 +0100] "GET /platby/article.php?5d4c26=heading-towards-meaning HTTP/1.1" 200 19004 "-" "Mozilla/5.0 (compatible; DotBot/1.2; +https://opensiteexplorer.org/dotbot; help@moz.com)"
216.244.66.239 - - [10/Dec/2025:11:19:10 +0100] "GET /platby/article.php?5d4c26=honeywell-evohome-review HTTP/1.1" 200 20571 "-" "Mozilla/5.0 (compatible; DotBot/1.2; +https://opensiteexplorer.org/dotbot; help@moz.com)"
216.244.66.239 - - [10/Dec/2025:11:19:13 +0100] "GET /platby/article.php?5d4c26=kerry-group-subsidiaries HTTP/1.1" 200 22076 "-" "Mozilla/5.0 (compatible; DotBot/1.2; +https://opensiteexplorer.org/dotbot; help@moz.com)"
216.244.66.239 - - [10/Dec/2025:11:19:15 +0100] "GET /platby/article.php?5d4c26=lemures-sailor-moon HTTP/1.1" 200 16619 "-" "Mozilla/5.0 (compatible; DotBot/1.2; +https://opensiteexplorer.org/dotbot; help@moz.com)"
216.244.66.239 - - [10/Dec/2025:11:19:17 +0100] "GET /platby/article.php?5d4c26=mini-golf-game-for-home HTTP/1.1" 200 14315 "-" "Mozilla/5.0 (compatible; DotBot/1.2; +https://opensiteexplorer.org/dotbot; help@moz.com)"
216.244.66.239 - - [10/Dec/2025:11:19:20 +0100] "GET /platby/article.php?5d4c26=mt-st-helens-wta HTTP/1.1" 200 23870 "-" "Mozilla/5.0 (compatible; DotBot/1.2; +https://opensiteexplorer.org/dotbot; help@moz.com)"
216.244.66.239 - - [10/Dec/2025:11:19:24 +0100] "GET /platby/article.php?5d4c26=nikki-amuka-bird-tv-shows HTTP/1.1" 200 20901 "-" "Mozilla/5.0 (compatible; DotBot/1.2; +https://opensiteexplorer.org/dotbot; help@moz.com)"
85.208.96.195 - - [10/Dec/2025:11:19:24 +0100] "GET /platby/72zbxoz/quassy-amusement-park-death HTTP/1.1" 200 11970 "-" "Mozilla/5.0 (compatible; SemrushBot/7~bl; +http://www.semrush.com/bot.html)"
216.244.66.239 - - [10/Dec/2025:11:19:28 +0100] "GET /platby/article.php?5d4c26=paramount-group-marauder HTTP/1.1" 200 17743 "-" "Mozilla/5.0 (compatible; DotBot/1.2; +https://opensiteexplorer.org/dotbot; help@moz.com)"
216.244.66.239 - - [10/Dec/2025:11:19:31 +0100] "GET /platby/article.php?5d4c26=ph-adjuster-for-water HTTP/1.1" 200 23444 "-" "Mozilla/5.0 (compatible; DotBot/1.2; +https://opensiteexplorer.org/dotbot; help@moz.com)"
185.191.171.8 - - [10/Dec/2025:11:19:32 +0100] "GET /platby/uwoy9/parking-lot-safety-toolbox-talk HTTP/1.1" 200 16105 "-" "Mozilla/5.0 (compatible; SemrushBot/7~bl; +http://www.semrush.com/bot.html)"
216.244.66.239 - - [10/Dec/2025:11:19:33 +0100] "GET /platby/article.php?5d4c26=sunshine-capital-nz-2019 HTTP/1.1" 200 15424 "-" "Mozilla/5.0 (compatible; DotBot/1.2; +https://opensiteexplorer.org/dotbot; help@moz.com)"
185.191.171.14 - - [10/Dec/2025:11:19:34 +0100] "GET /platby/qqap/derrick-rose-injury-2021 HTTP/1.1" 200 9690 "-" "Mozilla/5.0 (compatible; SemrushBot/7~bl; +http://www.semrush.com/bot.html)"
216.244.66.239 - - [10/Dec/2025:11:19:35 +0100] "GET /platby/article.php?5d4c26=this-is-us-amazon-prime HTTP/1.1" 200 24812 "-" "Mozilla/5.0 (compatible; DotBot/1.2; +https://opensiteexplorer.org/dotbot; help@moz.com)"
216.244.66.239 - - [10/Dec/2025:11:19:37 +0100] "GET /platby/article.php?5d4c26=types-of-light-magic HTTP/1.1" 200 19662 "-" "Mozilla/5.0 (compatible; DotBot/1.2; +https://opensiteexplorer.org/dotbot; help@moz.com)"
216.244.66.239 - - [10/Dec/2025:11:19:39 +0100] "GET /platby/article.php?5d4c26=wedding-vows-for-her HTTP/1.1" 200 23650 "-" "Mozilla/5.0 (compatible; DotBot/1.2; +https://opensiteexplorer.org/dotbot; help@moz.com)"
85.208.96.196 - - [10/Dec/2025:11:19:41 +0100] "GET /platby/aohwuyx/solar-energy-growth-2020 HTTP/1.1" 200 8505 "-" "Mozilla/5.0 (compatible; SemrushBot/7~bl; +http://www.semrush.com/bot.html)"
216.244.66.239 - - [10/Dec/2025:11:19:41 +0100] "GET /platby/article.php?5d4c26=women%27s-shoe-size-chart HTTP/1.1" 200 19542 "-" "Mozilla/5.0 (compatible; DotBot/1.2; +https://opensiteexplorer.org/dotbot; help@moz.com)"
216.244.66.239 - - [10/Dec/2025:11:19:43 +0100] "GET /platby/article.php?5d4c26=Abandoned-%2F-In-Silence HTTP/1.1" 200 23967 "-" "Mozilla/5.0 (compatible; DotBot/1.2; +https://opensiteexplorer.org/dotbot; help@moz.com)"
216.244.66.239 - - [10/Dec/2025:11:19:47 +0100] "GET /platby/article.php?5d4c26=Landslide-School-project HTTP/1.1" 200 23889 "-" "Mozilla/5.0 (compatible; DotBot/1.2; +https://opensiteexplorer.org/dotbot; help@moz.com)"
85.208.96.195 - - [10/Dec/2025:11:19:49 +0100] "GET /platby/uwoy9/anne-diamond-stokenchurch HTTP/1.1" 200 15148 "-" "Mozilla/5.0 (compatible; SemrushBot/7~bl; +http://www.semrush.com/bot.html)"
185.191.171.4 - - [10/Dec/2025:11:19:53 +0100] "GET /platby/qqap/erin-kelly-graphic-design HTTP/1.1" 200 11769 "-" "Mozilla/5.0 (compatible; SemrushBot/7~bl; +http://www.semrush.com/bot.html)"
185.191.171.19 - - [10/Dec/2025:11:19:55 +0100] "GET /platby/hca/real-life-examples-of-loyalty HTTP/1.1" 200 8114 "-" "Mozilla/5.0 (compatible; SemrushBot/7~bl; +http://www.semrush.com/bot.html)"
216.244.66.239 - - [10/Dec/2025:11:19:58 +0100] "GET /platby/article.php?5d4c26=Objective-of-teaching HTTP/1.1" 200 17279 "-" "Mozilla/5.0 (compatible; DotBot/1.2; +https://opensiteexplorer.org/dotbot; help@moz.com)"
85.208.96.202 - - [10/Dec/2025:11:20:04 +0100] "GET /platby/aohwuyx/south-african-premier-league-sponsorship HTTP/1.1" 200 13161 "-" "Mozilla/5.0 (compatible; SemrushBot/7~bl; +http://www.semrush.com/bot.html)"
216.244.66.239 - - [10/Dec/2025:11:20:05 +0100] "GET /platby/article.php?5d4c26=Patrick-Willis-retirement HTTP/1.1" 200 16511 "-" "Mozilla/5.0 (compatible; DotBot/1.2; +https://opensiteexplorer.org/dotbot; help@moz.com)"
216.244.66.239 - - [10/Dec/2025:11:20:11 +0100] "GET /platby/article.php?5d4c26=Roosters-vs-Sharks HTTP/1.1" 200 23603 "-" "Mozilla/5.0 (compatible; DotBot/1.2; +https://opensiteexplorer.org/dotbot; help@moz.com)"
216.244.66.239 - - [10/Dec/2025:11:20:17 +0100] "GET /platby/article.php?5d4c26=Worcestershire-Sauce-nutrition HTTP/1.1" 200 23291 "-" "Mozilla/5.0 (compatible; DotBot/1.2; +https://opensiteexplorer.org/dotbot; help@moz.com)"
216.244.66.239 - - [10/Dec/2025:11:20:22 +0100] "GET /platby/article.php?5d4c26=aboriginal-related-words HTTP/1.1" 200 18646 "-" "Mozilla/5.0 (compatible; DotBot/1.2; +https://opensiteexplorer.org/dotbot; help@moz.com)"
216.244.66.239 - - [10/Dec/2025:11:20:26 +0100] "GET /platby/article.php?5d4c26=be-careful-who-you-trust-quotes HTTP/1.1" 200 18675 "-" "Mozilla/5.0 (compatible; DotBot/1.2; +https://opensiteexplorer.org/dotbot; help@moz.com)"
216.244.66.239 - - [10/Dec/2025:11:20:29 +0100] "GET /platby/article.php?5d4c26=crab-pulsar-sound HTTP/1.1" 200 16937 "-" "Mozilla/5.0 (compatible; DotBot/1.2; +https://opensiteexplorer.org/dotbot; help@moz.com)"
216.244.66.239 - - [10/Dec/2025:11:20:33 +0100] "GET /platby/article.php?5d4c26=digital-photography-class HTTP/1.1" 200 23685 "-" "Mozilla/5.0 (compatible; DotBot/1.2; +https://opensiteexplorer.org/dotbot; help@moz.com)"
216.244.66.239 - - [10/Dec/2025:11:20:36 +0100] "GET /platby/article.php?5d4c26=estudiantes-de-la-plata HTTP/1.1" 200 24858 "-" "Mozilla/5.0 (compatible; DotBot/1.2; +https://opensiteexplorer.org/dotbot; help@moz.com)"
216.244.66.239 - - [10/Dec/2025:11:20:38 +0100] "GET /platby/article.php?5d4c26=fast-car-magazine HTTP/1.1" 200 17466 "-" "Mozilla/5.0 (compatible; DotBot/1.2; +https://opensiteexplorer.org/dotbot; help@moz.com)"
185.191.171.10 - - [10/Dec/2025:11:20:39 +0100] "GET /platby/aohwuyx/norah-jones-father-ravi-shankar HTTP/1.1" 200 11924 "-" "Mozilla/5.0 (compatible; SemrushBot/7~bl; +http://www.semrush.com/bot.html)"
216.244.66.239 - - [10/Dec/2025:11:20:41 +0100] "GET /platby/article.php?5d4c26=funny-dog-names-puns HTTP/1.1" 200 16605 "-" "Mozilla/5.0 (compatible; DotBot/1.2; +https://opensiteexplorer.org/dotbot; help@moz.com)"
216.244.66.239 - - [10/Dec/2025:11:20:44 +0100] "GET /platby/article.php?5d4c26=how-many-fans-does-manchester-city-have HTTP/1.1" 200 18502 "-" "Mozilla/5.0 (compatible; DotBot/1.2; +https://opensiteexplorer.org/dotbot; help@moz.com)"
216.244.66.239 - - [10/Dec/2025:11:20:47 +0100] "GET /platby/article.php?5d4c26=kallum-watkins-toronto HTTP/1.1" 200 18639 "-" "Mozilla/5.0 (compatible; DotBot/1.2; +https://opensiteexplorer.org/dotbot; help@moz.com)"
216.244.66.239 - - [10/Dec/2025:11:20:53 +0100] "GET /platby/article.php?5d4c26=lady-racer-movie-cast HTTP/1.1" 200 22126 "-" "Mozilla/5.0 (compatible; DotBot/1.2; +https://opensiteexplorer.org/dotbot; help@moz.com)"
185.191.171.11 - - [10/Dec/2025:11:20:53 +0100] "GET /platby/hca/mystery-science-animal-adventures-mystery-1 HTTP/1.1" 200 6275 "-" "Mozilla/5.0 (compatible; SemrushBot/7~bl; +http://www.semrush.com/bot.html)"
216.244.66.239 - - [10/Dec/2025:11:20:58 +0100] "GET /platby/article.php?5d4c26=let%27s-go-luna-meet-the-strongs HTTP/1.1" 200 15327 "-" "Mozilla/5.0 (compatible; DotBot/1.2; +https://opensiteexplorer.org/dotbot; help@moz.com)"
216.244.66.239 - - [10/Dec/2025:11:21:02 +0100] "GET /platby/article.php?5d4c26=make-to-order-example HTTP/1.1" 200 16388 "-" "Mozilla/5.0 (compatible; DotBot/1.2; +https://opensiteexplorer.org/dotbot; help@moz.com)"
216.244.66.239 - - [10/Dec/2025:11:21:05 +0100] "GET /platby/article.php?5d4c26=minecraft-skeleton-rap-lyrics HTTP/1.1" 200 17887 "-" "Mozilla/5.0 (compatible; DotBot/1.2; +https://opensiteexplorer.org/dotbot; help@moz.com)"
216.244.66.239 - - [10/Dec/2025:11:21:08 +0100] "GET /platby/article.php?5d4c26=nancy-allen-2020 HTTP/1.1" 200 18696 "-" "Mozilla/5.0 (compatible; DotBot/1.2; +https://opensiteexplorer.org/dotbot; help@moz.com)"
85.208.96.207 - - [10/Dec/2025:11:21:09 +0100] "GET /platby/hca/angelika-theater-rental HTTP/1.1" 200 13141 "-" "Mozilla/5.0 (compatible; SemrushBot/7~bl; +http://www.semrush.com/bot.html)"
216.244.66.239 - - [10/Dec/2025:11:21:11 +0100] "GET /platby/article.php?5d4c26=netflix-profit-history HTTP/1.1" 200 20894 "-" "Mozilla/5.0 (compatible; DotBot/1.2; +https://opensiteexplorer.org/dotbot; help@moz.com)"
185.191.171.16 - - [10/Dec/2025:11:21:12 +0100] "GET /platby/qqap/bayswater-perth-glory-youth HTTP/1.1" 200 10760 "-" "Mozilla/5.0 (compatible; SemrushBot/7~bl; +http://www.semrush.com/bot.html)"
216.244.66.239 - - [10/Dec/2025:11:21:13 +0100] "GET /platby/article.php?5d4c26=new-castle-news-advertising HTTP/1.1" 200 21768 "-" "Mozilla/5.0 (compatible; DotBot/1.2; +https://opensiteexplorer.org/dotbot; help@moz.com)"
3.238.191.229 - - [10/Dec/2025:11:21:13 +0100] "\x16\x03\x01" 501 270 "-" "-"
216.244.66.239 - - [10/Dec/2025:11:21:15 +0100] "GET /platby/article.php?5d4c26=northsound-1-podcast HTTP/1.1" 200 17670 "-" "Mozilla/5.0 (compatible; DotBot/1.2; +https://opensiteexplorer.org/dotbot; help@moz.com)"
216.244.66.239 - - [10/Dec/2025:11:21:17 +0100] "GET /platby/article.php?5d4c26=oun-srolanh-bong-translation HTTP/1.1" 200 22398 "-" "Mozilla/5.0 (compatible; DotBot/1.2; +https://opensiteexplorer.org/dotbot; help@moz.com)"
216.244.66.239 - - [10/Dec/2025:11:21:18 +0100] "GET /platby/article.php?5d4c26=pinellas-county-jail-visitation HTTP/1.1" 200 23219 "-" "Mozilla/5.0 (compatible; DotBot/1.2; +https://opensiteexplorer.org/dotbot; help@moz.com)"
85.208.96.197 - - [10/Dec/2025:11:21:19 +0100] "GET /platby/aohwuyx/best-flowering-trees-for-new-york HTTP/1.1" 200 10476 "-" "Mozilla/5.0 (compatible; SemrushBot/7~bl; +http://www.semrush.com/bot.html)"
216.244.66.239 - - [10/Dec/2025:11:21:20 +0100] "GET /platby/article.php?5d4c26=priscilla-nhk-tokyo-eye-2020 HTTP/1.1" 200 24182 "-" "Mozilla/5.0 (compatible; DotBot/1.2; +https://opensiteexplorer.org/dotbot; help@moz.com)"
216.244.66.239 - - [10/Dec/2025:11:21:23 +0100] "GET /platby/article.php?5d4c26=properties-of-electromagnetic-radiation HTTP/1.1" 200 18963 "-" "Mozilla/5.0 (compatible; DotBot/1.2; +https://opensiteexplorer.org/dotbot; help@moz.com)"
216.244.66.239 - - [10/Dec/2025:11:21:28 +0100] "GET /platby/article.php?5d4c26=renate-vs-carrarese-h2h HTTP/1.1" 200 22759 "-" "Mozilla/5.0 (compatible; DotBot/1.2; +https://opensiteexplorer.org/dotbot; help@moz.com)"
85.208.96.198 - - [10/Dec/2025:11:21:37 +0100] "GET /platby/uwoy9/utah-bordering-states HTTP/1.1" 200 9927 "-" "Mozilla/5.0 (compatible; SemrushBot/7~bl; +http://www.semrush.com/bot.html)"
185.191.171.13 - - [10/Dec/2025:11:21:38 +0100] "GET /platby/uwoy9/myths-and-facts-about-emotional-intelligence HTTP/1.1" 200 9327 "-" "Mozilla/5.0 (compatible; SemrushBot/7~bl; +http://www.semrush.com/bot.html)"
216.244.66.239 - - [10/Dec/2025:11:21:41 +0100] "GET /platby/article.php?5d4c26=super-soccer-unblocked HTTP/1.1" 200 20914 "-" "Mozilla/5.0 (compatible; DotBot/1.2; +https://opensiteexplorer.org/dotbot; help@moz.com)"
216.244.66.239 - - [10/Dec/2025:11:21:52 +0100] "GET /platby/article.php?5d4c26=swaraj-dweep-weather HTTP/1.1" 200 14270 "-" "Mozilla/5.0 (compatible; DotBot/1.2; +https://opensiteexplorer.org/dotbot; help@moz.com)"
216.244.66.239 - - [10/Dec/2025:11:22:02 +0100] "GET /platby/article.php?5d4c26=sweet-beginnings-photography HTTP/1.1" 200 16190 "-" "Mozilla/5.0 (compatible; DotBot/1.2; +https://opensiteexplorer.org/dotbot; help@moz.com)"
85.208.96.197 - - [10/Dec/2025:11:22:05 +0100] "GET /platby/aohwuyx/which-country-uses-the-most-geothermal-energy HTTP/1.1" 200 13665 "-" "Mozilla/5.0 (compatible; SemrushBot/7~bl; +http://www.semrush.com/bot.html)"
141.98.11.170 - - [10/Dec/2025:11:22:06 +0100] "GET /" 400 468 "-" "-"
216.244.66.239 - - [10/Dec/2025:11:22:11 +0100] "GET /platby/article.php?5d4c26=use-case-diagram HTTP/1.1" 200 17480 "-" "Mozilla/5.0 (compatible; DotBot/1.2; +https://opensiteexplorer.org/dotbot; help@moz.com)"
185.191.171.8 - - [10/Dec/2025:11:22:19 +0100] "GET /platby/qqap/wholesale-accessories-to-sale HTTP/1.1" 200 6864 "-" "Mozilla/5.0 (compatible; SemrushBot/7~bl; +http://www.semrush.com/bot.html)"
216.244.66.239 - - [10/Dec/2025:11:22:19 +0100] "GET /platby/article.php?5d4c26=alpha-omega-winery-owners HTTP/1.1" 200 19104 "-" "Mozilla/5.0 (compatible; DotBot/1.2; +https://opensiteexplorer.org/dotbot; help@moz.com)"
216.244.66.239 - - [10/Dec/2025:11:22:27 +0100] "GET /platby/article.php?5d4c26=big-time-rush---city-is-ours-episode HTTP/1.1" 200 22275 "-" "Mozilla/5.0 (compatible; DotBot/1.2; +https://opensiteexplorer.org/dotbot; help@moz.com)"
185.191.171.10 - - [10/Dec/2025:11:22:33 +0100] "GET /platby/uwoy9/surgery-fellowship-salary HTTP/1.1" 200 10868 "-" "Mozilla/5.0 (compatible; SemrushBot/7~bl; +http://www.semrush.com/bot.html)"
216.244.66.239 - - [10/Dec/2025:11:22:33 +0100] "GET /platby/article.php?5d4c26=building-an-analytics-driven-organization HTTP/1.1" 200 16204 "-" "Mozilla/5.0 (compatible; DotBot/1.2; +https://opensiteexplorer.org/dotbot; help@moz.com)"
85.208.96.201 - - [10/Dec/2025:11:22:36 +0100] "GET /platby/hca/university-of-maryland-baltimore-financial-aid HTTP/1.1" 200 12303 "-" "Mozilla/5.0 (compatible; SemrushBot/7~bl; +http://www.semrush.com/bot.html)"
216.244.66.239 - - [10/Dec/2025:11:22:38 +0100] "GET /platby/article.php?5d4c26=english-super-league-nrl HTTP/1.1" 200 20408 "-" "Mozilla/5.0 (compatible; DotBot/1.2; +https://opensiteexplorer.org/dotbot; help@moz.com)"
216.244.66.239 - - [10/Dec/2025:11:22:44 +0100] "GET /platby/article.php?5d4c26=garfield-county-utah-zoning-map HTTP/1.1" 200 22031 "-" "Mozilla/5.0 (compatible; DotBot/1.2; +https://opensiteexplorer.org/dotbot; help@moz.com)"
216.244.66.239 - - [10/Dec/2025:11:22:50 +0100] "GET /platby/article.php?5d4c26=karachi-institute-of-economics-and-technology-affiliations HTTP/1.1" 200 18997 "-" "Mozilla/5.0 (compatible; DotBot/1.2; +https://opensiteexplorer.org/dotbot; help@moz.com)"
216.244.66.239 - - [10/Dec/2025:11:22:54 +0100] "GET /platby/article.php?5d4c26=kh-ddd-the-grid-%28riku%29 HTTP/1.1" 200 21189 "-" "Mozilla/5.0 (compatible; DotBot/1.2; +https://opensiteexplorer.org/dotbot; help@moz.com)"
216.244.66.239 - - [10/Dec/2025:11:22:57 +0100] "GET /platby/article.php?5d4c26=latest-news-about-moon-sighting-in-saudi-arabia HTTP/1.1" 200 18100 "-" "Mozilla/5.0 (compatible; DotBot/1.2; +https://opensiteexplorer.org/dotbot; help@moz.com)"
216.244.66.239 - - [10/Dec/2025:11:23:00 +0100] "GET /platby/article.php?5d4c26=lava-international-share-price HTTP/1.1" 200 17328 "-" "Mozilla/5.0 (compatible; DotBot/1.2; +https://opensiteexplorer.org/dotbot; help@moz.com)"
85.208.96.198 - - [10/Dec/2025:11:23:00 +0100] "GET /platby/aohwuyx/michael-pineda-injury HTTP/1.1" 200 10039 "-" "Mozilla/5.0 (compatible; SemrushBot/7~bl; +http://www.semrush.com/bot.html)"
216.244.66.239 - - [10/Dec/2025:11:23:03 +0100] "GET /platby/article.php?5d4c26=paul-nash-landscape-from-a-dream HTTP/1.1" 200 15346 "-" "Mozilla/5.0 (compatible; DotBot/1.2; +https://opensiteexplorer.org/dotbot; help@moz.com)"
216.244.66.239 - - [10/Dec/2025:11:23:05 +0100] "GET /platby/article.php?5d4c26=phone-number-to-listen-to-news HTTP/1.1" 200 25972 "-" "Mozilla/5.0 (compatible; DotBot/1.2; +https://opensiteexplorer.org/dotbot; help@moz.com)"
216.244.66.239 - - [10/Dec/2025:11:23:07 +0100] "GET /platby/article.php?5d4c26=russian-potato-salad-calories HTTP/1.1" 200 21261 "-" "Mozilla/5.0 (compatible; DotBot/1.2; +https://opensiteexplorer.org/dotbot; help@moz.com)"
216.244.66.239 - - [10/Dec/2025:11:23:09 +0100] "GET /platby/article.php?5d4c26=spider-man-electro-wallpaper HTTP/1.1" 200 23510 "-" "Mozilla/5.0 (compatible; DotBot/1.2; +https://opensiteexplorer.org/dotbot; help@moz.com)"
216.244.66.239 - - [10/Dec/2025:11:23:10 +0100] "GET /platby/article.php?5d4c26=wellington-management-client-associate-program HTTP/1.1" 200 19391 "-" "Mozilla/5.0 (compatible; DotBot/1.2; +https://opensiteexplorer.org/dotbot; help@moz.com)"
216.244.66.239 - - [10/Dec/2025:11:23:13 +0100] "GET /platby/article.php?5d4c26=what-happened-to-queen-victoria%27s-half-sister HTTP/1.1" 200 21676 "-" "Mozilla/5.0 (compatible; DotBot/1.2; +https://opensiteexplorer.org/dotbot; help@moz.com)"
216.244.66.239 - - [10/Dec/2025:11:23:14 +0100] "GET /platby/article.php?5d4c26=generaldirektion-landwirtschaft-und-l%C3%A4ndliche-entwicklung HTTP/1.1" 200 14918 "-" "Mozilla/5.0 (compatible; DotBot/1.2; +https://opensiteexplorer.org/dotbot; help@moz.com)"
216.244.66.239 - - [10/Dec/2025:11:23:16 +0100] "GET /platby/article.php?5d4c26=inside-the-chamber-of-horrors HTTP/1.1" 200 21055 "-" "Mozilla/5.0 (compatible; DotBot/1.2; +https://opensiteexplorer.org/dotbot; help@moz.com)"
216.244.66.239 - - [10/Dec/2025:11:23:18 +0100] "GET /platby/article.php?5d4c26=more-basic-computer-games-pdf HTTP/1.1" 200 18227 "-" "Mozilla/5.0 (compatible; DotBot/1.2; +https://opensiteexplorer.org/dotbot; help@moz.com)"
216.244.66.239 - - [10/Dec/2025:11:23:19 +0100] "GET /platby/article.php?5d4c26=problems-in-st-george-utah HTTP/1.1" 200 18937 "-" "Mozilla/5.0 (compatible; DotBot/1.2; +https://opensiteexplorer.org/dotbot; help@moz.com)"
216.244.66.239 - - [10/Dec/2025:11:23:20 +0100] "GET /platby/aohwuyx/2022-nba-draft-picks-by-team HTTP/1.1" 200 36633 "-" "Mozilla/5.0 (compatible; DotBot/1.2; +https://opensiteexplorer.org/dotbot; help@moz.com)"
216.244.66.239 - - [10/Dec/2025:11:23:22 +0100] "GET /platby/uwoy9/rocket-propulsion-textbook HTTP/1.1" 200 48993 "-" "Mozilla/5.0 (compatible; DotBot/1.2; +https://opensiteexplorer.org/dotbot; help@moz.com)"
185.191.171.8 - - [10/Dec/2025:11:23:25 +0100] "GET /platby/uwoy9/new-home-construction-trends-2021 HTTP/1.1" 200 14117 "-" "Mozilla/5.0 (compatible; SemrushBot/7~bl; +http://www.semrush.com/bot.html)"
85.208.96.195 - - [10/Dec/2025:11:23:34 +0100] "GET /platby/aohwuyx/digital-web-camera-driver-for-windows-7 HTTP/1.1" 200 10792 "-" "Mozilla/5.0 (compatible; SemrushBot/7~bl; +http://www.semrush.com/bot.html)"
85.208.96.195 - - [10/Dec/2025:11:23:36 +0100] "GET /platby/aohwuyx/wishing-well-sample-juice-wrld HTTP/1.1" 200 11422 "-" "Mozilla/5.0 (compatible; SemrushBot/7~bl; +http://www.semrush.com/bot.html)"
216.244.66.239 - - [10/Dec/2025:11:23:44 +0100] "GET /platby/aohwuyx/rapid-city%2C-south-dakota HTTP/1.1" 200 21775 "-" "Mozilla/5.0 (compatible; DotBot/1.2; +https://opensiteexplorer.org/dotbot; help@moz.com)"
85.208.96.210 - - [10/Dec/2025:11:23:56 +0100] "GET /platby/uwoy9/how-to-make-a-spaceship-with-a-bottle HTTP/1.1" 200 9908 "-" "Mozilla/5.0 (compatible; SemrushBot/7~bl; +http://www.semrush.com/bot.html)"
185.191.171.10 - - [10/Dec/2025:11:24:01 +0100] "GET /platby/hca/socceroos-jersey-2018 HTTP/1.1" 200 12956 "-" "Mozilla/5.0 (compatible; SemrushBot/7~bl; +http://www.semrush.com/bot.html)"
85.208.96.206 - - [10/Dec/2025:11:24:02 +0100] "GET /platby/aohwuyx/word-that-means-to-feel-strongly-about-something HTTP/1.1" 200 7533 "-" "Mozilla/5.0 (compatible; SemrushBot/7~bl; +http://www.semrush.com/bot.html)"
216.244.66.239 - - [10/Dec/2025:11:24:02 +0100] "GET /platby/aohwuyx/positive-effects-of-diversity-training HTTP/1.1" 200 42708 "-" "Mozilla/5.0 (compatible; DotBot/1.2; +https://opensiteexplorer.org/dotbot; help@moz.com)"
85.208.96.209 - - [10/Dec/2025:11:24:04 +0100] "GET /platby/aohwuyx/best-recreational-dispensary-near-me HTTP/1.1" 200 14193 "-" "Mozilla/5.0 (compatible; SemrushBot/7~bl; +http://www.semrush.com/bot.html)"
216.244.66.239 - - [10/Dec/2025:11:24:18 +0100] "GET /platby/aohwuyx/regions-bank-speak-to-a-person HTTP/1.1" 200 36452 "-" "Mozilla/5.0 (compatible; DotBot/1.2; +https://opensiteexplorer.org/dotbot; help@moz.com)"
85.208.96.198 - - [10/Dec/2025:11:24:24 +0100] "GET /platby/72zbxoz/northeast-alternatives-medical-menu HTTP/1.1" 200 9164 "-" "Mozilla/5.0 (compatible; SemrushBot/7~bl; +http://www.semrush.com/bot.html)"
216.244.66.239 - - [10/Dec/2025:11:24:33 +0100] "GET /platby/aohwuyx/westerly-wind-direction HTTP/1.1" 200 40940 "-" "Mozilla/5.0 (compatible; DotBot/1.2; +https://opensiteexplorer.org/dotbot; help@moz.com)"
216.244.66.239 - - [10/Dec/2025:11:24:47 +0100] "GET /platby/uwoy9/bridges-restaurant-san-francisco HTTP/1.1" 200 44620 "-" "Mozilla/5.0 (compatible; DotBot/1.2; +https://opensiteexplorer.org/dotbot; help@moz.com)"
216.244.66.239 - - [10/Dec/2025:11:25:00 +0100] "GET /platby/uwoy9/holder-farms-cracker-horses HTTP/1.1" 200 35684 "-" "Mozilla/5.0 (compatible; DotBot/1.2; +https://opensiteexplorer.org/dotbot; help@moz.com)"
185.191.171.8 - - [10/Dec/2025:11:25:07 +0100] "GET /platby/aohwuyx/authentic-football-jerseys-for-sale HTTP/1.1" 200 9614 "-" "Mozilla/5.0 (compatible; SemrushBot/7~bl; +http://www.semrush.com/bot.html)"
185.191.171.12 - - [10/Dec/2025:11:25:09 +0100] "GET /platby/aohwuyx/phyllis-gretzky-funeral HTTP/1.1" 200 10043 "-" "Mozilla/5.0 (compatible; SemrushBot/7~bl; +http://www.semrush.com/bot.html)"
85.208.96.211 - - [10/Dec/2025:11:25:11 +0100] "GET /platby/uwoy9/home-maintenance-%22write-for-us%22 HTTP/1.1" 200 12602 "-" "Mozilla/5.0 (compatible; SemrushBot/7~bl; +http://www.semrush.com/bot.html)"
185.191.171.6 - - [10/Dec/2025:11:25:12 +0100] "GET /platby/hca/vivo-2021-release-date HTTP/1.1" 200 10044 "-" "Mozilla/5.0 (compatible; SemrushBot/7~bl; +http://www.semrush.com/bot.html)"
185.191.171.14 - - [10/Dec/2025:11:25:16 +0100] "GET /platby/hca/dashboard-sharepoint-project-site-examples HTTP/1.1" 200 7919 "-" "Mozilla/5.0 (compatible; SemrushBot/7~bl; +http://www.semrush.com/bot.html)"
85.208.96.206 - - [10/Dec/2025:11:25:28 +0100] "GET /platby/qqap/admiral-yamamoto-grave HTTP/1.1" 200 11207 "-" "Mozilla/5.0 (compatible; SemrushBot/7~bl; +http://www.semrush.com/bot.html)"
185.191.171.14 - - [10/Dec/2025:11:25:52 +0100] "GET /platby/hca/texas-p-ebt-application HTTP/1.1" 200 12888 "-" "Mozilla/5.0 (compatible; SemrushBot/7~bl; +http://www.semrush.com/bot.html)"
185.191.171.2 - - [10/Dec/2025:11:25:54 +0100] "GET /platby/hca/strategies-in-teaching-science-in-the-new-normal HTTP/1.1" 200 7659 "-" "Mozilla/5.0 (compatible; SemrushBot/7~bl; +http://www.semrush.com/bot.html)"
85.208.96.197 - - [10/Dec/2025:11:26:19 +0100] "GET /platby/qqap/honey-bee's-restaurant-near-me HTTP/1.1" 200 12642 "-" "Mozilla/5.0 (compatible; SemrushBot/7~bl; +http://www.semrush.com/bot.html)"
185.191.171.11 - - [10/Dec/2025:11:26:31 +0100] "GET /platby/72zbxoz/does-poco-x3-nfc-have-wireless-charging HTTP/1.1" 200 8311 "-" "Mozilla/5.0 (compatible; SemrushBot/7~bl; +http://www.semrush.com/bot.html)"
85.208.96.197 - - [10/Dec/2025:11:26:57 +0100] "GET /platby/72zbxoz/outlook-keeps-closing-itself HTTP/1.1" 200 9378 "-" "Mozilla/5.0 (compatible; SemrushBot/7~bl; +http://www.semrush.com/bot.html)"
185.191.171.12 - - [10/Dec/2025:11:27:12 +0100] "GET /platby/qqap/grafana-confluence-dashboard HTTP/1.1" 200 12029 "-" "Mozilla/5.0 (compatible; SemrushBot/7~bl; +http://www.semrush.com/bot.html)"
90.69.150.97 - - [10/Dec/2025:11:27:30 +0100] "\x16\x03\x01\x02" 403 265 "-" "-"
85.208.96.209 - - [10/Dec/2025:11:27:31 +0100] "GET /platby/aohwuyx/react-authentication-session-storage HTTP/1.1" 200 15076 "-" "Mozilla/5.0 (compatible; SemrushBot/7~bl; +http://www.semrush.com/bot.html)"
85.208.96.203 - - [10/Dec/2025:11:27:45 +0100] "GET /platby/hca/university-of-new-mexico-law-school-acceptance-rate HTTP/1.1" 200 8068 "-" "Mozilla/5.0 (compatible; SemrushBot/7~bl; +http://www.semrush.com/bot.html)"
85.208.96.209 - - [10/Dec/2025:11:27:46 +0100] "GET /platby/uwoy9/basis-independent-silicon-valley-school-bus HTTP/1.1" 200 9986 "-" "Mozilla/5.0 (compatible; SemrushBot/7~bl; +http://www.semrush.com/bot.html)"
185.191.171.14 - - [10/Dec/2025:11:27:52 +0100] "GET /platby/aohwuyx/cyclic-voltammetry-electrodes HTTP/1.1" 200 7736 "-" "Mozilla/5.0 (compatible; SemrushBot/7~bl; +http://www.semrush.com/bot.html)"
173.211.30.40 - - [10/Dec/2025:11:27:55 +0100] "\x16\x03\x01\x02" 403 265 "-" "-"
85.208.96.209 - - [10/Dec/2025:11:27:57 +0100] "GET /platby/72zbxoz/jira-dashboard-sections HTTP/1.1" 200 12187 "-" "Mozilla/5.0 (compatible; SemrushBot/7~bl; +http://www.semrush.com/bot.html)"
185.191.171.7 - - [10/Dec/2025:11:28:23 +0100] "GET /platby/uwoy9/umbc-baseball-tournament-2021 HTTP/1.1" 200 11775 "-" "Mozilla/5.0 (compatible; SemrushBot/7~bl; +http://www.semrush.com/bot.html)"
185.191.171.4 - - [10/Dec/2025:11:28:24 +0100] "GET /platby/uwoy9/how-to-find-the-direction-vector-of-a-line HTTP/1.1" 200 10850 "-" "Mozilla/5.0 (compatible; SemrushBot/7~bl; +http://www.semrush.com/bot.html)"
85.208.96.211 - - [10/Dec/2025:11:28:26 +0100] "GET /platby/aohwuyx/make-sentence-with-the-following-words HTTP/1.1" 200 11907 "-" "Mozilla/5.0 (compatible; SemrushBot/7~bl; +http://www.semrush.com/bot.html)"
185.191.171.10 - - [10/Dec/2025:11:28:53 +0100] "GET /platby/72zbxoz/phpunit-gitlab-ci-coverage HTTP/1.1" 200 12517 "-" "Mozilla/5.0 (compatible; SemrushBot/7~bl; +http://www.semrush.com/bot.html)"
204.76.203.206 - - [10/Dec/2025:11:29:11 +0100] "GET /" 400 468 "-" "-"
85.208.96.195 - - [10/Dec/2025:11:29:16 +0100] "GET /platby/aohwuyx/anthropologie-meadow-rue-floral-top HTTP/1.1" 200 9687 "-" "Mozilla/5.0 (compatible; SemrushBot/7~bl; +http://www.semrush.com/bot.html)"
185.191.171.4 - - [10/Dec/2025:11:29:18 +0100] "GET /platby/uwoy9/get-fingerprint-data-android HTTP/1.1" 200 13480 "-" "Mozilla/5.0 (compatible; SemrushBot/7~bl; +http://www.semrush.com/bot.html)"
185.191.171.1 - - [10/Dec/2025:11:29:20 +0100] "GET /platby/72zbxoz/neosho-daily-news-police-reports HTTP/1.1" 200 11537 "-" "Mozilla/5.0 (compatible; SemrushBot/7~bl; +http://www.semrush.com/bot.html)"
185.191.171.12 - - [10/Dec/2025:11:29:26 +0100] "GET /platby/hca/7-wonders:-treasures-of-seven HTTP/1.1" 200 7555 "-" "Mozilla/5.0 (compatible; SemrushBot/7~bl; +http://www.semrush.com/bot.html)"
185.191.171.7 - - [10/Dec/2025:11:29:37 +0100] "GET /platby/qqap/groves-primary-school HTTP/1.1" 200 9468 "-" "Mozilla/5.0 (compatible; SemrushBot/7~bl; +http://www.semrush.com/bot.html)"
85.208.96.204 - - [10/Dec/2025:11:29:42 +0100] "GET /platby/uwoy9/mount-vernon-nazarene-university-application HTTP/1.1" 200 11311 "-" "Mozilla/5.0 (compatible; SemrushBot/7~bl; +http://www.semrush.com/bot.html)"
185.191.171.15 - - [10/Dec/2025:11:29:58 +0100] "GET /platby/72zbxoz/fossil-fuels-definition HTTP/1.1" 200 10615 "-" "Mozilla/5.0 (compatible; SemrushBot/7~bl; +http://www.semrush.com/bot.html)"
85.208.96.197 - - [10/Dec/2025:11:30:15 +0100] "GET /platby/qqap/death-to-smoochy-rotten-tomatoes HTTP/1.1" 200 10036 "-" "Mozilla/5.0 (compatible; SemrushBot/7~bl; +http://www.semrush.com/bot.html)"
185.191.171.15 - - [10/Dec/2025:11:30:34 +0100] "GET /platby/qqap/landmarks-in-kansas-city,-kansas HTTP/1.1" 200 6530 "-" "Mozilla/5.0 (compatible; SemrushBot/7~bl; +http://www.semrush.com/bot.html)"
204.76.203.206 - - [10/Dec/2025:11:30:47 +0100] "GET / HTTP/1.1" 200 316 "-" "Mozilla/5.0 (Windows NT 10.0; Win64; x64) AppleWebKit/537.36 (KHTML, like Gecko) Chrome/90.0.4430.85 Safari/537.36 Edg/90.0.818.46"
85.208.96.204 - - [10/Dec/2025:11:30:56 +0100] "GET /platby/qqap/what-nationality-is-laporte HTTP/1.1" 200 8210 "-" "Mozilla/5.0 (compatible; SemrushBot/7~bl; +http://www.semrush.com/bot.html)"
185.191.171.9 - - [10/Dec/2025:11:31:14 +0100] "GET /platby/qqap/mandy-patinkin-ethnicity HTTP/1.1" 200 9259 "-" "Mozilla/5.0 (compatible; SemrushBot/7~bl; +http://www.semrush.com/bot.html)"
85.208.96.197 - - [10/Dec/2025:11:31:15 +0100] "GET /platby/72zbxoz/explain-ship-propulsion-engine-briefly HTTP/1.1" 200 14287 "-" "Mozilla/5.0 (compatible; SemrushBot/7~bl; +http://www.semrush.com/bot.html)"
85.208.96.197 - - [10/Dec/2025:11:31:44 +0100] "GET /platby/hca/west-texas-warbirds-record HTTP/1.1" 200 11364 "-" "Mozilla/5.0 (compatible; SemrushBot/7~bl; +http://www.semrush.com/bot.html)"
185.191.171.7 - - [10/Dec/2025:11:31:52 +0100] "GET /platby/72zbxoz/xavier-high-school---graduation-2021 HTTP/1.1" 200 9963 "-" "Mozilla/5.0 (compatible; SemrushBot/7~bl; +http://www.semrush.com/bot.html)"
204.76.203.212 - - [10/Dec/2025:11:31:56 +0100] "GET /" 400 468 "-" "-"
85.208.96.197 - - [10/Dec/2025:11:32:00 +0100] "GET /platby/qqap/devonta-smith-eagles-practice HTTP/1.1" 200 6095 "-" "Mozilla/5.0 (compatible; SemrushBot/7~bl; +http://www.semrush.com/bot.html)"
185.191.171.1 - - [10/Dec/2025:11:32:02 +0100] "GET /platby/qqap/wuya-xiaolin-showdown HTTP/1.1" 200 7736 "-" "Mozilla/5.0 (compatible; SemrushBot/7~bl; +http://www.semrush.com/bot.html)"
37.19.210.93 - - [10/Dec/2025:11:32:21 +0100] "\x16\x03\x01\x02" 403 265 "-" "-"
69.171.230.115 - - [10/Dec/2025:11:32:21 +0100] "\x16\x03\x01\x01O\x01" 403 265 "-" "-"
85.208.96.194 - - [10/Dec/2025:11:32:25 +0100] "GET /platby/qqap/heavy-rain-remastered HTTP/1.1" 200 7454 "-" "Mozilla/5.0 (compatible; SemrushBot/7~bl; +http://www.semrush.com/bot.html)"
85.208.96.194 - - [10/Dec/2025:11:32:27 +0100] "GET /platby/qqap/evergreen-trees-in-kentucky HTTP/1.1" 200 9788 "-" "Mozilla/5.0 (compatible; SemrushBot/7~bl; +http://www.semrush.com/bot.html)"
185.191.171.6 - - [10/Dec/2025:11:32:44 +0100] "GET /platby/aohwuyx/forbes-massie-visualisation HTTP/1.1" 200 9714 "-" "Mozilla/5.0 (compatible; SemrushBot/7~bl; +http://www.semrush.com/bot.html)"
185.191.171.8 - - [10/Dec/2025:11:32:55 +0100] "GET /platby/hca/where-can-i-shoot-a-rocket-launcher HTTP/1.1" 200 9008 "-" "Mozilla/5.0 (compatible; SemrushBot/7~bl; +http://www.semrush.com/bot.html)"
57.141.6.37 - - [10/Dec/2025:11:33:03 +0100] "\x16\x03\x01\x01O\x01" 403 265 "-" "-"
141.98.11.170 - - [10/Dec/2025:11:33:09 +0100] "GET / HTTP/1.1" 200 316 "-" "Mozilla/5.0 (Windows NT 10.0; Win64; x64) AppleWebKit/537.36 (KHTML, like Gecko) Chrome/90.0.4430.85 Safari/537.36 Edg/90.0.818.46"
185.191.171.10 - - [10/Dec/2025:11:33:17 +0100] "GET /platby/qqap/tenzing-norgay-trainor HTTP/1.1" 200 9235 "-" "Mozilla/5.0 (compatible; SemrushBot/7~bl; +http://www.semrush.com/bot.html)"
85.208.96.200 - - [10/Dec/2025:11:33:28 +0100] "GET /platby/72zbxoz/john-muckler-cause-of-death HTTP/1.1" 200 7628 "-" "Mozilla/5.0 (compatible; SemrushBot/7~bl; +http://www.semrush.com/bot.html)"
185.191.171.9 - - [10/Dec/2025:11:33:30 +0100] "GET /platby/qqap/httpcookie-javascript HTTP/1.1" 200 8785 "-" "Mozilla/5.0 (compatible; SemrushBot/7~bl; +http://www.semrush.com/bot.html)"
185.191.171.9 - - [10/Dec/2025:11:33:39 +0100] "GET /platby/qqap/how-to-become-a-genius-in-science HTTP/1.1" 200 14614 "-" "Mozilla/5.0 (compatible; SemrushBot/7~bl; +http://www.semrush.com/bot.html)"
185.191.171.15 - - [10/Dec/2025:11:33:43 +0100] "GET /platby/qqap/wake-forest-diploma-frame HTTP/1.1" 200 11296 "-" "Mozilla/5.0 (compatible; SemrushBot/7~bl; +http://www.semrush.com/bot.html)"
193.34.213.150 - - [10/Dec/2025:11:33:51 +0100] "GET /" 400 468 "-" "-"
38.107.87.12 - - [10/Dec/2025:11:34:02 +0100] "\x16\x03\x03" 403 265 "-" "-"
85.208.96.197 - - [10/Dec/2025:11:34:02 +0100] "GET /platby/aohwuyx/boone-county-mugshots HTTP/1.1" 200 12680 "-" "Mozilla/5.0 (compatible; SemrushBot/7~bl; +http://www.semrush.com/bot.html)"
185.191.171.16 - - [10/Dec/2025:11:34:04 +0100] "GET /platby/qqap/confluence-documentation-space-template HTTP/1.1" 200 13180 "-" "Mozilla/5.0 (compatible; SemrushBot/7~bl; +http://www.semrush.com/bot.html)"
85.208.96.211 - - [10/Dec/2025:11:34:10 +0100] "GET /platby/72zbxoz/life-in-a-northern-town-covers HTTP/1.1" 200 11051 "-" "Mozilla/5.0 (compatible; SemrushBot/7~bl; +http://www.semrush.com/bot.html)"
185.191.171.10 - - [10/Dec/2025:11:34:38 +0100] "GET /platby/aohwuyx/second-rate---crossword-clue-8 HTTP/1.1" 200 8575 "-" "Mozilla/5.0 (compatible; SemrushBot/7~bl; +http://www.semrush.com/bot.html)"
185.191.171.10 - - [10/Dec/2025:11:35:17 +0100] "GET /platby/uwoy9/i-can't-see-tears-in-your-eyes-quotes HTTP/1.1" 200 11231 "-" "Mozilla/5.0 (compatible; SemrushBot/7~bl; +http://www.semrush.com/bot.html)"
85.208.96.194 - - [10/Dec/2025:11:35:25 +0100] "GET /platby/72zbxoz/dominican-academy-tuition HTTP/1.1" 200 15717 "-" "Mozilla/5.0 (compatible; SemrushBot/7~bl; +http://www.semrush.com/bot.html)"
85.208.96.206 - - [10/Dec/2025:11:35:26 +0100] "GET /platby/72zbxoz/penstemon-digitalis-pink HTTP/1.1" 200 8479 "-" "Mozilla/5.0 (compatible; SemrushBot/7~bl; +http://www.semrush.com/bot.html)"
85.208.96.208 - - [10/Dec/2025:11:35:44 +0100] "GET /platby/72zbxoz/biggie-smalls-wife-net-worth HTTP/1.1" 200 7673 "-" "Mozilla/5.0 (compatible; SemrushBot/7~bl; +http://www.semrush.com/bot.html)"
185.191.171.16 - - [10/Dec/2025:11:35:56 +0100] "GET /platby/aohwuyx/hd-nice-color-desktop-wallpaper HTTP/1.1" 200 14229 "-" "Mozilla/5.0 (compatible; SemrushBot/7~bl; +http://www.semrush.com/bot.html)"
85.208.96.210 - - [10/Dec/2025:11:36:11 +0100] "GET /platby/hca/multi-emulator-android HTTP/1.1" 200 12392 "-" "Mozilla/5.0 (compatible; SemrushBot/7~bl; +http://www.semrush.com/bot.html)"
185.191.171.14 - - [10/Dec/2025:11:36:27 +0100] "GET /platby/72zbxoz/perennial-phlox-seeds HTTP/1.1" 200 8376 "-" "Mozilla/5.0 (compatible; SemrushBot/7~bl; +http://www.semrush.com/bot.html)"
85.208.96.201 - - [10/Dec/2025:11:36:29 +0100] "GET /platby/aohwuyx/bayern-munich-u19-world-squad HTTP/1.1" 200 12286 "-" "Mozilla/5.0 (compatible; SemrushBot/7~bl; +http://www.semrush.com/bot.html)"
85.208.96.211 - - [10/Dec/2025:11:36:36 +0100] "GET /platby/hca/bay-area-therapists-of-color HTTP/1.1" 200 7972 "-" "Mozilla/5.0 (compatible; SemrushBot/7~bl; +http://www.semrush.com/bot.html)"
85.208.96.211 - - [10/Dec/2025:11:37:04 +0100] "GET /platby/uwoy9/zephyrus-g14-update-drivers HTTP/1.1" 200 8598 "-" "Mozilla/5.0 (compatible; SemrushBot/7~bl; +http://www.semrush.com/bot.html)"
185.191.171.17 - - [10/Dec/2025:11:37:17 +0100] "GET /platby/aohwuyx/oldest-football-stadium-in-scotland HTTP/1.1" 200 7267 "-" "Mozilla/5.0 (compatible; SemrushBot/7~bl; +http://www.semrush.com/bot.html)"
85.208.96.196 - - [10/Dec/2025:11:37:21 +0100] "GET /platby/72zbxoz/kate-spade-phone-case-iphone-12-pro HTTP/1.1" 200 9531 "-" "Mozilla/5.0 (compatible; SemrushBot/7~bl; +http://www.semrush.com/bot.html)"
85.208.96.208 - - [10/Dec/2025:11:37:31 +0100] "GET /platby/aohwuyx/nicole-kidman-children HTTP/1.1" 200 7929 "-" "Mozilla/5.0 (compatible; SemrushBot/7~bl; +http://www.semrush.com/bot.html)"
85.208.96.193 - - [10/Dec/2025:11:37:47 +0100] "GET /platby/qqap/sheila-g's-brownie-brittle-nutrition HTTP/1.1" 200 8392 "-" "Mozilla/5.0 (compatible; SemrushBot/7~bl; +http://www.semrush.com/bot.html)"
85.208.96.203 - - [10/Dec/2025:11:37:51 +0100] "GET /platby/qqap/ajax-fc-champions-league HTTP/1.1" 200 5634 "-" "Mozilla/5.0 (compatible; SemrushBot/7~bl; +http://www.semrush.com/bot.html)"
85.208.96.211 - - [10/Dec/2025:11:37:54 +0100] "GET /platby/hca/is-big-bluestem-grass-invasive HTTP/1.1" 200 20 "-" "Mozilla/5.0 (compatible; SemrushBot/7~bl; +http://www.semrush.com/bot.html)"
185.191.171.15 - - [10/Dec/2025:11:38:18 +0100] "GET /platby/uwoy9/ishpeming-apartments-for-rent HTTP/1.1" 200 12427 "-" "Mozilla/5.0 (compatible; SemrushBot/7~bl; +http://www.semrush.com/bot.html)"
85.208.96.194 - - [10/Dec/2025:11:38:23 +0100] "GET /robots.txt HTTP/1.1" 200 54 "-" "Mozilla/5.0 (compatible; SemrushBot/7~bl; +http://www.semrush.com/bot.html)"
85.208.96.203 - - [10/Dec/2025:11:38:23 +0100] "GET /platby/aohwuyx/warriors-draft-grades HTTP/1.1" 200 8723 "-" "Mozilla/5.0 (compatible; SemrushBot/7~bl; +http://www.semrush.com/bot.html)"
185.191.171.3 - - [10/Dec/2025:11:38:25 +0100] "GET /platby/uwoy9/painting-iron-warriors HTTP/1.1" 200 12374 "-" "Mozilla/5.0 (compatible; SemrushBot/7~bl; +http://www.semrush.com/bot.html)"
185.191.171.9 - - [10/Dec/2025:11:38:36 +0100] "GET /platby/aohwuyx/best-hotels-in-turkey-for-british HTTP/1.1" 200 8404 "-" "Mozilla/5.0 (compatible; SemrushBot/7~bl; +http://www.semrush.com/bot.html)"
85.208.96.208 - - [10/Dec/2025:11:38:59 +0100] "GET /platby/qqap/xhaka-vs-henderson-stats HTTP/1.1" 200 8924 "-" "Mozilla/5.0 (compatible; SemrushBot/7~bl; +http://www.semrush.com/bot.html)"
195.177.94.189 - - [10/Dec/2025:11:39:16 +0100] "GET /phpmyadmin/scripts/setup.php HTTP/1.1" 200 11106 "-" "Mozilla/4.0 (compatible; MSIE 6.0; MSIE 5.5; Windows NT 5.1) Opera 7.01 [en]"
195.177.94.189 - - [10/Dec/2025:11:39:16 +0100] "POST /phpmyadmin/scripts/setup.php HTTP/1.1" 200 18608 "http://109.105.49.240:8081/phpmyadmin/scripts/setup.php" "Mozilla/4.0 (compatible; MSIE 6.0; MSIE 5.5; Windows NT 5.1) Opera 7.01 [en]"
185.191.171.12 - - [10/Dec/2025:11:39:28 +0100] "GET /platby/aohwuyx/female-psychology-after-a-breakup HTTP/1.1" 200 11660 "-" "Mozilla/5.0 (compatible; SemrushBot/7~bl; +http://www.semrush.com/bot.html)"
85.208.96.198 - - [10/Dec/2025:11:39:40 +0100] "GET /platby/72zbxoz/enslavement-sentence-example HTTP/1.1" 200 14863 "-" "Mozilla/5.0 (compatible; SemrushBot/7~bl; +http://www.semrush.com/bot.html)"
85.208.96.208 - - [10/Dec/2025:11:39:53 +0100] "GET /platby/qqap/black-goose-vs-black-swan HTTP/1.1" 200 7622 "-" "Mozilla/5.0 (compatible; SemrushBot/7~bl; +http://www.semrush.com/bot.html)"
85.208.96.201 - - [10/Dec/2025:11:39:57 +0100] "GET /platby/aohwuyx/vintage-style-clothing HTTP/1.1" 200 8975 "-" "Mozilla/5.0 (compatible; SemrushBot/7~bl; +http://www.semrush.com/bot.html)"
43.247.158.230 - - [10/Dec/2025:11:40:05 +0100] "\x16\x03\x01\x01\xbb\x01" 403 265 "-" "-"
43.247.158.230 - - [10/Dec/2025:11:40:05 +0100] "\x16\x03\x03" 403 265 "-" "-"
185.191.171.15 - - [10/Dec/2025:11:40:06 +0100] "GET /platby/72zbxoz/covid-reinfection-after-how-many-days HTTP/1.1" 200 11611 "-" "Mozilla/5.0 (compatible; SemrushBot/7~bl; +http://www.semrush.com/bot.html)"
195.177.94.189 - - [10/Dec/2025:11:40:23 +0100] "GET /phpmyadmin/scripts/setup.php HTTP/1.1" 200 11105 "-" "Mozilla/4.0 (compatible; MSIE 6.0; MSIE 5.5; Windows NT 5.1) Opera 7.01 [en]"
195.177.94.189 - - [10/Dec/2025:11:40:23 +0100] "POST /phpmyadmin/scripts/setup.php HTTP/1.1" 200 18608 "http://109.105.49.240:443/phpmyadmin/scripts/setup.php" "Mozilla/4.0 (compatible; MSIE 6.0; MSIE 5.5; Windows NT 5.1) Opera 7.01 [en]"
85.208.96.206 - - [10/Dec/2025:11:40:27 +0100] "GET /platby/uwoy9/kansai-yamamoto-david-bowie HTTP/1.1" 200 12192 "-" "Mozilla/5.0 (compatible; SemrushBot/7~bl; +http://www.semrush.com/bot.html)"
185.191.171.9 - - [10/Dec/2025:11:40:34 +0100] "GET /platby/hca/segregation-south-africa HTTP/1.1" 200 5332 "-" "Mozilla/5.0 (compatible; SemrushBot/7~bl; +http://www.semrush.com/bot.html)"
185.191.171.11 - - [10/Dec/2025:11:40:43 +0100] "GET /platby/qqap/helichrysum-petiolare-seeds HTTP/1.1" 200 10389 "-" "Mozilla/5.0 (compatible; SemrushBot/7~bl; +http://www.semrush.com/bot.html)"
57.141.6.37 - - [10/Dec/2025:11:40:50 +0100] "\x16\x03\x01\x01O\x01" 403 265 "-" "-"
39.34.135.66 - - [10/Dec/2025:11:41:19 +0100] "\x16\x03\x03" 403 265 "-" "-"
85.208.96.196 - - [10/Dec/2025:11:41:21 +0100] "GET /platby/72zbxoz/yaremchuk-fifa-21-career-mode HTTP/1.1" 200 12419 "-" "Mozilla/5.0 (compatible; SemrushBot/7~bl; +http://www.semrush.com/bot.html)"
85.208.96.198 - - [10/Dec/2025:11:41:25 +0100] "GET /platby/uwoy9/kelley-johnson-below-deck HTTP/1.1" 200 9225 "-" "Mozilla/5.0 (compatible; SemrushBot/7~bl; +http://www.semrush.com/bot.html)"
185.191.171.19 - - [10/Dec/2025:11:41:29 +0100] "GET /platby/aohwuyx/atlanta-falcons-draft-kyle-pitts HTTP/1.1" 200 9637 "-" "Mozilla/5.0 (compatible; SemrushBot/7~bl; +http://www.semrush.com/bot.html)"
85.208.96.196 - - [10/Dec/2025:11:41:31 +0100] "GET /platby/qqap/ncaa-softball-rankings-2021-top-100 HTTP/1.1" 200 10329 "-" "Mozilla/5.0 (compatible; SemrushBot/7~bl; +http://www.semrush.com/bot.html)"
185.191.171.18 - - [10/Dec/2025:11:41:44 +0100] "GET /platby/uwoy9/javascript-set-cookie-domain HTTP/1.1" 200 12931 "-" "Mozilla/5.0 (compatible; SemrushBot/7~bl; +http://www.semrush.com/bot.html)"
85.208.96.195 - - [10/Dec/2025:11:41:51 +0100] "GET /platby/qqap/sanction-definition-government HTTP/1.1" 200 4942 "-" "Mozilla/5.0 (compatible; SemrushBot/7~bl; +http://www.semrush.com/bot.html)"
185.191.171.11 - - [10/Dec/2025:11:41:58 +0100] "GET /platby/aohwuyx/2001-nba-draft-best-players HTTP/1.1" 200 10108 "-" "Mozilla/5.0 (compatible; SemrushBot/7~bl; +http://www.semrush.com/bot.html)"
54.86.115.253 - - [10/Dec/2025:11:42:11 +0100] "\x16\x03\x01\x05\xa8\x01" 403 265 "-" "-"
85.208.96.207 - - [10/Dec/2025:11:42:16 +0100] "GET /platby/uwoy9/rob-holding-fifa-21-potential HTTP/1.1" 200 10011 "-" "Mozilla/5.0 (compatible; SemrushBot/7~bl; +http://www.semrush.com/bot.html)"
185.191.171.14 - - [10/Dec/2025:11:42:18 +0100] "GET /platby/uwoy9/introduction-to-matlab-for-engineers HTTP/1.1" 200 8682 "-" "Mozilla/5.0 (compatible; SemrushBot/7~bl; +http://www.semrush.com/bot.html)"
85.208.96.211 - - [10/Dec/2025:11:42:33 +0100] "GET /platby/aohwuyx/reduce-noise-in-arnold-render-3ds-max HTTP/1.1" 200 8211 "-" "Mozilla/5.0 (compatible; SemrushBot/7~bl; +http://www.semrush.com/bot.html)"
85.208.96.194 - - [10/Dec/2025:11:42:38 +0100] "GET /platby/hca/dei-strategic-plan-example HTTP/1.1" 200 7831 "-" "Mozilla/5.0 (compatible; SemrushBot/7~bl; +http://www.semrush.com/bot.html)"
85.208.96.207 - - [10/Dec/2025:11:42:43 +0100] "GET /platby/72zbxoz/introduction-of-listening-skills-ppt HTTP/1.1" 200 9834 "-" "Mozilla/5.0 (compatible; SemrushBot/7~bl; +http://www.semrush.com/bot.html)"
85.208.96.206 - - [10/Dec/2025:11:43:30 +0100] "GET /platby/uwoy9/spain-vs-sweden-lineup-prediction HTTP/1.1" 200 14626 "-" "Mozilla/5.0 (compatible; SemrushBot/7~bl; +http://www.semrush.com/bot.html)"
185.191.171.14 - - [10/Dec/2025:11:43:43 +0100] "GET /platby/qqap/side-saturday-market-times HTTP/1.1" 200 10541 "-" "Mozilla/5.0 (compatible; SemrushBot/7~bl; +http://www.semrush.com/bot.html)"
85.208.96.201 - - [10/Dec/2025:11:43:45 +0100] "GET /platby/qqap/bodrum-water-temperature-may HTTP/1.1" 200 13051 "-" "Mozilla/5.0 (compatible; SemrushBot/7~bl; +http://www.semrush.com/bot.html)"
185.191.171.2 - - [10/Dec/2025:11:43:57 +0100] "GET /platby/uwoy9/virtual-science-get-to-know-you-activities HTTP/1.1" 200 10440 "-" "Mozilla/5.0 (compatible; SemrushBot/7~bl; +http://www.semrush.com/bot.html)"
