195.177.94.189 - - [10/Dec/2025:16:50:37 +0100] "POST /phpmyadmin/scripts/setup.php HTTP/1.1" 200 18608 "http://109.105.49.240:8081/phpmyadmin/scripts/setup.php" "Mozilla/4.0 (compatible; MSIE 6.0; MSIE 5.5; Windows NT 5.1) Opera 7.01 [en]"
185.191.171.7 - - [10/Dec/2025:16:50:41 +0100] "GET /platby/uwoy9/tools-for-managing-emotions HTTP/1.1" 200 9591 "-" "Mozilla/5.0 (compatible; SemrushBot/7~bl; +http://www.semrush.com/bot.html)"
85.208.96.212 - - [10/Dec/2025:16:50:47 +0100] "GET /platby/hca/fisher-house-foundation-address HTTP/1.1" 200 10030 "-" "Mozilla/5.0 (compatible; SemrushBot/7~bl; +http://www.semrush.com/bot.html)"
185.191.171.2 - - [10/Dec/2025:16:50:58 +0100] "GET /platby/hca/rick's-grill-menu-milton,-vt HTTP/1.1" 200 12187 "-" "Mozilla/5.0 (compatible; SemrushBot/7~bl; +http://www.semrush.com/bot.html)"
185.191.171.8 - - [10/Dec/2025:16:51:13 +0100] "GET /platby/qqap/cause-and-effect-pictures-pdf HTTP/1.1" 200 12113 "-" "Mozilla/5.0 (compatible; SemrushBot/7~bl; +http://www.semrush.com/bot.html)"
216.244.66.239 - - [10/Dec/2025:16:51:14 +0100] "GET /platby/article.php?5d4c26=CLT-to-LAX HTTP/1.1" 200 22308 "-" "Mozilla/5.0 (compatible; DotBot/1.2; +https://opensiteexplorer.org/dotbot; help@moz.com)"
185.191.171.15 - - [10/Dec/2025:16:51:16 +0100] "GET /platby/72zbxoz/candice-patton-tweets HTTP/1.1" 200 11829 "-" "Mozilla/5.0 (compatible; SemrushBot/7~bl; +http://www.semrush.com/bot.html)"
216.244.66.239 - - [10/Dec/2025:16:51:18 +0100] "GET /platby/article.php?5d4c26=cloud-cover-archive HTTP/1.1" 200 22337 "-" "Mozilla/5.0 (compatible; DotBot/1.2; +https://opensiteexplorer.org/dotbot; help@moz.com)"
216.244.66.239 - - [10/Dec/2025:16:51:22 +0100] "GET /platby/article.php?5d4c26=jim-rohn-success HTTP/1.1" 200 16564 "-" "Mozilla/5.0 (compatible; DotBot/1.2; +https://opensiteexplorer.org/dotbot; help@moz.com)"
216.244.66.239 - - [10/Dec/2025:16:51:26 +0100] "GET /platby/article.php?5d4c26=4%22-binder-clips HTTP/1.1" 200 18175 "-" "Mozilla/5.0 (compatible; DotBot/1.2; +https://opensiteexplorer.org/dotbot; help@moz.com)"
216.244.66.239 - - [10/Dec/2025:16:51:29 +0100] "GET /platby/article.php?5d4c26=Boeing-Polo-Shirt HTTP/1.1" 200 19255 "-" "Mozilla/5.0 (compatible; DotBot/1.2; +https://opensiteexplorer.org/dotbot; help@moz.com)"
216.244.66.239 - - [10/Dec/2025:16:51:32 +0100] "GET /platby/article.php?5d4c26=Catalans-Dragons-2019 HTTP/1.1" 200 19159 "-" "Mozilla/5.0 (compatible; DotBot/1.2; +https://opensiteexplorer.org/dotbot; help@moz.com)"
216.244.66.239 - - [10/Dec/2025:16:51:34 +0100] "GET /platby/article.php?5d4c26=Ion-thruster-cost HTTP/1.1" 200 21325 "-" "Mozilla/5.0 (compatible; DotBot/1.2; +https://opensiteexplorer.org/dotbot; help@moz.com)"
216.244.66.239 - - [10/Dec/2025:16:51:37 +0100] "GET /platby/article.php?5d4c26=Just-Cause-2-graphics HTTP/1.1" 200 17474 "-" "Mozilla/5.0 (compatible; DotBot/1.2; +https://opensiteexplorer.org/dotbot; help@moz.com)"
216.244.66.239 - - [10/Dec/2025:16:51:39 +0100] "GET /platby/article.php?5d4c26=Love-Yo-Family HTTP/1.1" 200 21317 "-" "Mozilla/5.0 (compatible; DotBot/1.2; +https://opensiteexplorer.org/dotbot; help@moz.com)"
216.244.66.239 - - [10/Dec/2025:16:51:41 +0100] "GET /platby/article.php?5d4c26=The-Dream-Within HTTP/1.1" 200 21341 "-" "Mozilla/5.0 (compatible; DotBot/1.2; +https://opensiteexplorer.org/dotbot; help@moz.com)"
216.244.66.239 - - [10/Dec/2025:16:51:43 +0100] "GET /platby/article.php?5d4c26=The-Ronald-Song HTTP/1.1" 200 22910 "-" "Mozilla/5.0 (compatible; DotBot/1.2; +https://opensiteexplorer.org/dotbot; help@moz.com)"
195.177.94.189 - - [10/Dec/2025:16:51:44 +0100] "GET /phpmyadmin/scripts/setup.php HTTP/1.1" 200 11105 "-" "Mozilla/4.0 (compatible; MSIE 6.0; MSIE 5.5; Windows NT 5.1) Opera 7.01 [en]"
216.244.66.239 - - [10/Dec/2025:16:51:44 +0100] "GET /platby/article.php?5d4c26=VIA-Rail-security HTTP/1.1" 200 17853 "-" "Mozilla/5.0 (compatible; DotBot/1.2; +https://opensiteexplorer.org/dotbot; help@moz.com)"
195.177.94.189 - - [10/Dec/2025:16:51:44 +0100] "POST /phpmyadmin/scripts/setup.php HTTP/1.1" 200 18608 "http://109.105.49.240:443/phpmyadmin/scripts/setup.php" "Mozilla/4.0 (compatible; MSIE 6.0; MSIE 5.5; Windows NT 5.1) Opera 7.01 [en]"
216.244.66.239 - - [10/Dec/2025:16:51:45 +0100] "GET /platby/article.php?5d4c26=art-calendar-2020 HTTP/1.1" 200 24238 "-" "Mozilla/5.0 (compatible; DotBot/1.2; +https://opensiteexplorer.org/dotbot; help@moz.com)"
216.244.66.239 - - [10/Dec/2025:16:51:47 +0100] "GET /platby/article.php?5d4c26=cai-lun-pronunciation HTTP/1.1" 200 24857 "-" "Mozilla/5.0 (compatible; DotBot/1.2; +https://opensiteexplorer.org/dotbot; help@moz.com)"
85.208.96.204 - - [10/Dec/2025:16:51:49 +0100] "GET /platby/72zbxoz/everywhere-you-look-everywhere-you-turn-apocalypse HTTP/1.1" 200 9256 "-" "Mozilla/5.0 (compatible; SemrushBot/7~bl; +http://www.semrush.com/bot.html)"
216.244.66.239 - - [10/Dec/2025:16:51:49 +0100] "GET /platby/article.php?5d4c26=cannon-busters-ending HTTP/1.1" 200 22075 "-" "Mozilla/5.0 (compatible; DotBot/1.2; +https://opensiteexplorer.org/dotbot; help@moz.com)"
216.244.66.239 - - [10/Dec/2025:16:51:51 +0100] "GET /platby/article.php?5d4c26=deadroses-blackbear-lyrics HTTP/1.1" 200 24169 "-" "Mozilla/5.0 (compatible; DotBot/1.2; +https://opensiteexplorer.org/dotbot; help@moz.com)"
216.244.66.239 - - [10/Dec/2025:16:51:53 +0100] "GET /platby/article.php?5d4c26=eaton-furlough-2020 HTTP/1.1" 200 20017 "-" "Mozilla/5.0 (compatible; DotBot/1.2; +https://opensiteexplorer.org/dotbot; help@moz.com)"
216.244.66.239 - - [10/Dec/2025:16:51:54 +0100] "GET /platby/article.php?5d4c26=eden-park-rugby HTTP/1.1" 200 18125 "-" "Mozilla/5.0 (compatible; DotBot/1.2; +https://opensiteexplorer.org/dotbot; help@moz.com)"
216.244.66.239 - - [10/Dec/2025:16:51:56 +0100] "GET /platby/article.php?5d4c26=feuer-frei-lyrics-german HTTP/1.1" 200 24424 "-" "Mozilla/5.0 (compatible; DotBot/1.2; +https://opensiteexplorer.org/dotbot; help@moz.com)"
216.244.66.239 - - [10/Dec/2025:16:51:57 +0100] "GET /platby/article.php?5d4c26=final-fantasy-timeline HTTP/1.1" 200 21908 "-" "Mozilla/5.0 (compatible; DotBot/1.2; +https://opensiteexplorer.org/dotbot; help@moz.com)"
216.244.66.239 - - [10/Dec/2025:16:51:58 +0100] "GET /platby/article.php?5d4c26=kbs-world-news HTTP/1.1" 200 18566 "-" "Mozilla/5.0 (compatible; DotBot/1.2; +https://opensiteexplorer.org/dotbot; help@moz.com)"
216.244.66.239 - - [10/Dec/2025:16:51:59 +0100] "GET /platby/article.php?5d4c26=london-spitfire-merch HTTP/1.1" 200 18910 "-" "Mozilla/5.0 (compatible; DotBot/1.2; +https://opensiteexplorer.org/dotbot; help@moz.com)"
216.244.66.239 - - [10/Dec/2025:16:52:00 +0100] "GET /platby/article.php?5d4c26=long-zip-hoodie HTTP/1.1" 200 24497 "-" "Mozilla/5.0 (compatible; DotBot/1.2; +https://opensiteexplorer.org/dotbot; help@moz.com)"
216.244.66.239 - - [10/Dec/2025:16:52:01 +0100] "GET /platby/article.php?5d4c26=met-rusalka-2014 HTTP/1.1" 200 21470 "-" "Mozilla/5.0 (compatible; DotBot/1.2; +https://opensiteexplorer.org/dotbot; help@moz.com)"
216.244.66.239 - - [10/Dec/2025:16:52:04 +0100] "GET /platby/article.php?5d4c26=migardener-peach-tree HTTP/1.1" 200 19223 "-" "Mozilla/5.0 (compatible; DotBot/1.2; +https://opensiteexplorer.org/dotbot; help@moz.com)"
216.244.66.239 - - [10/Dec/2025:16:52:06 +0100] "GET /platby/article.php?5d4c26=napoli-fifa-20 HTTP/1.1" 200 18063 "-" "Mozilla/5.0 (compatible; DotBot/1.2; +https://opensiteexplorer.org/dotbot; help@moz.com)"
216.244.66.239 - - [10/Dec/2025:16:52:09 +0100] "GET /platby/article.php?5d4c26=ngv-opening-hours HTTP/1.1" 200 21839 "-" "Mozilla/5.0 (compatible; DotBot/1.2; +https://opensiteexplorer.org/dotbot; help@moz.com)"
216.244.66.239 - - [10/Dec/2025:16:52:11 +0100] "GET /platby/article.php?5d4c26=nz-house-prices-by-region HTTP/1.1" 200 19554 "-" "Mozilla/5.0 (compatible; DotBot/1.2; +https://opensiteexplorer.org/dotbot; help@moz.com)"
216.244.66.239 - - [10/Dec/2025:16:52:13 +0100] "GET /platby/article.php?5d4c26=panzer-dragoon-saga HTTP/1.1" 200 19940 "-" "Mozilla/5.0 (compatible; DotBot/1.2; +https://opensiteexplorer.org/dotbot; help@moz.com)"
216.244.66.239 - - [10/Dec/2025:16:52:14 +0100] "GET /platby/article.php?5d4c26=roz-monsters-inc HTTP/1.1" 200 16945 "-" "Mozilla/5.0 (compatible; DotBot/1.2; +https://opensiteexplorer.org/dotbot; help@moz.com)"
216.244.66.239 - - [10/Dec/2025:16:52:16 +0100] "GET /platby/article.php?5d4c26=tv-advertising-costs HTTP/1.1" 200 18849 "-" "Mozilla/5.0 (compatible; DotBot/1.2; +https://opensiteexplorer.org/dotbot; help@moz.com)"
216.244.66.239 - - [10/Dec/2025:16:52:17 +0100] "GET /platby/article.php?5d4c26=utopia-parkway-journal HTTP/1.1" 200 25213 "-" "Mozilla/5.0 (compatible; DotBot/1.2; +https://opensiteexplorer.org/dotbot; help@moz.com)"
216.244.66.239 - - [10/Dec/2025:16:52:18 +0100] "GET /platby/article.php?5d4c26=wales-on-sunday-circulation HTTP/1.1" 200 21294 "-" "Mozilla/5.0 (compatible; DotBot/1.2; +https://opensiteexplorer.org/dotbot; help@moz.com)"
216.244.66.239 - - [10/Dec/2025:16:52:20 +0100] "GET /platby/article.php?5d4c26=warehouse-mission-statement-examples HTTP/1.1" 200 18499 "-" "Mozilla/5.0 (compatible; DotBot/1.2; +https://opensiteexplorer.org/dotbot; help@moz.com)"
216.244.66.239 - - [10/Dec/2025:16:52:21 +0100] "GET /platby/article.php?5d4c26=ww2-tanks-list HTTP/1.1" 200 20717 "-" "Mozilla/5.0 (compatible; DotBot/1.2; +https://opensiteexplorer.org/dotbot; help@moz.com)"
216.244.66.239 - - [10/Dec/2025:16:52:22 +0100] "GET /platby/article.php?5d4c26=yellow-crown-logo HTTP/1.1" 200 15444 "-" "Mozilla/5.0 (compatible; DotBot/1.2; +https://opensiteexplorer.org/dotbot; help@moz.com)"
204.76.203.206 - - [10/Dec/2025:16:52:23 +0100] "GET / HTTP/1.1" 200 316 "-" "Mozilla/5.0 (Windows NT 10.0; Win64; x64) AppleWebKit/537.36 (KHTML, like Gecko) Chrome/90.0.4430.85 Safari/537.36 Edg/90.0.818.46"
216.244.66.239 - - [10/Dec/2025:16:52:24 +0100] "GET /platby/article.php?5d4c26=Importance-of-mission-statement HTTP/1.1" 200 18950 "-" "Mozilla/5.0 (compatible; DotBot/1.2; +https://opensiteexplorer.org/dotbot; help@moz.com)"
85.208.96.196 - - [10/Dec/2025:16:52:25 +0100] "GET /platby/aohwuyx/are-the-two-forces-equal-in-magnitude-why HTTP/1.1" 200 8200 "-" "Mozilla/5.0 (compatible; SemrushBot/7~bl; +http://www.semrush.com/bot.html)"
216.244.66.239 - - [10/Dec/2025:16:52:25 +0100] "GET /platby/article.php?5d4c26=Sentence-writing-paper HTTP/1.1" 200 19065 "-" "Mozilla/5.0 (compatible; DotBot/1.2; +https://opensiteexplorer.org/dotbot; help@moz.com)"
216.244.66.239 - - [10/Dec/2025:16:52:27 +0100] "GET /platby/article.php?5d4c26=atlas-rocket-model HTTP/1.1" 200 25900 "-" "Mozilla/5.0 (compatible; DotBot/1.2; +https://opensiteexplorer.org/dotbot; help@moz.com)"
216.244.66.239 - - [10/Dec/2025:16:52:28 +0100] "GET /platby/article.php?5d4c26=bennie-and-the-jets-review HTTP/1.1" 200 22997 "-" "Mozilla/5.0 (compatible; DotBot/1.2; +https://opensiteexplorer.org/dotbot; help@moz.com)"
216.244.66.239 - - [10/Dec/2025:16:52:30 +0100] "GET /platby/article.php?5d4c26=capital-market-services HTTP/1.1" 200 17003 "-" "Mozilla/5.0 (compatible; DotBot/1.2; +https://opensiteexplorer.org/dotbot; help@moz.com)"
216.244.66.239 - - [10/Dec/2025:16:52:31 +0100] "GET /platby/article.php?5d4c26=clogged-ear-sinus-infection HTTP/1.1" 200 21043 "-" "Mozilla/5.0 (compatible; DotBot/1.2; +https://opensiteexplorer.org/dotbot; help@moz.com)"
185.191.171.6 - - [10/Dec/2025:16:52:32 +0100] "GET /platby/qqap/japanese-desktop-wallpaper-1920x1080 HTTP/1.1" 200 7652 "-" "Mozilla/5.0 (compatible; SemrushBot/7~bl; +http://www.semrush.com/bot.html)"
216.244.66.239 - - [10/Dec/2025:16:52:33 +0100] "GET /platby/article.php?5d4c26=crown-him-%28majesty%29 HTTP/1.1" 200 18362 "-" "Mozilla/5.0 (compatible; DotBot/1.2; +https://opensiteexplorer.org/dotbot; help@moz.com)"
216.244.66.239 - - [10/Dec/2025:16:52:36 +0100] "GET /platby/article.php?5d4c26=earthquake-disaster-management HTTP/1.1" 200 19443 "-" "Mozilla/5.0 (compatible; DotBot/1.2; +https://opensiteexplorer.org/dotbot; help@moz.com)"
216.244.66.239 - - [10/Dec/2025:16:52:38 +0100] "GET /platby/article.php?5d4c26=four-letter-word-for-fast HTTP/1.1" 200 19937 "-" "Mozilla/5.0 (compatible; DotBot/1.2; +https://opensiteexplorer.org/dotbot; help@moz.com)"
216.244.66.239 - - [10/Dec/2025:16:52:40 +0100] "GET /platby/article.php?5d4c26=ghalti-episode-15-ary-digital HTTP/1.1" 200 17276 "-" "Mozilla/5.0 (compatible; DotBot/1.2; +https://opensiteexplorer.org/dotbot; help@moz.com)"
216.244.66.239 - - [10/Dec/2025:16:52:42 +0100] "GET /platby/article.php?5d4c26=importance-of-the-business-entity-convention HTTP/1.1" 200 16496 "-" "Mozilla/5.0 (compatible; DotBot/1.2; +https://opensiteexplorer.org/dotbot; help@moz.com)"
216.244.66.239 - - [10/Dec/2025:16:52:43 +0100] "GET /platby/article.php?5d4c26=insanity-lyrics-darius HTTP/1.1" 200 22225 "-" "Mozilla/5.0 (compatible; DotBot/1.2; +https://opensiteexplorer.org/dotbot; help@moz.com)"
216.244.66.239 - - [10/Dec/2025:16:52:44 +0100] "GET /platby/article.php?5d4c26=live-weather-disneyland-paris HTTP/1.1" 200 22086 "-" "Mozilla/5.0 (compatible; DotBot/1.2; +https://opensiteexplorer.org/dotbot; help@moz.com)"
216.244.66.239 - - [10/Dec/2025:16:52:47 +0100] "GET /platby/article.php?5d4c26=making-dishwashing-liquid-at-home HTTP/1.1" 200 17407 "-" "Mozilla/5.0 (compatible; DotBot/1.2; +https://opensiteexplorer.org/dotbot; help@moz.com)"
216.244.66.239 - - [10/Dec/2025:16:52:48 +0100] "GET /platby/article.php?5d4c26=maven-exclude-jar-from-war HTTP/1.1" 200 17773 "-" "Mozilla/5.0 (compatible; DotBot/1.2; +https://opensiteexplorer.org/dotbot; help@moz.com)"
216.244.66.239 - - [10/Dec/2025:16:52:50 +0100] "GET /platby/article.php?5d4c26=nestle-target-market HTTP/1.1" 200 14978 "-" "Mozilla/5.0 (compatible; DotBot/1.2; +https://opensiteexplorer.org/dotbot; help@moz.com)"
216.244.66.239 - - [10/Dec/2025:16:52:52 +0100] "GET /platby/article.php?5d4c26=new-normal-in-education-in-the-philippines HTTP/1.1" 200 23788 "-" "Mozilla/5.0 (compatible; DotBot/1.2; +https://opensiteexplorer.org/dotbot; help@moz.com)"
216.244.66.239 - - [10/Dec/2025:16:52:53 +0100] "GET /platby/article.php?5d4c26=paddu-recipe-swayampaaka HTTP/1.1" 200 25160 "-" "Mozilla/5.0 (compatible; DotBot/1.2; +https://opensiteexplorer.org/dotbot; help@moz.com)"
216.244.66.239 - - [10/Dec/2025:16:52:54 +0100] "GET /platby/article.php?5d4c26=pakistan-cricket-media HTTP/1.1" 200 20018 "-" "Mozilla/5.0 (compatible; DotBot/1.2; +https://opensiteexplorer.org/dotbot; help@moz.com)"
185.191.171.10 - - [10/Dec/2025:16:52:54 +0100] "GET /platby/hca/life-phonetic-transcription HTTP/1.1" 200 7361 "-" "Mozilla/5.0 (compatible; SemrushBot/7~bl; +http://www.semrush.com/bot.html)"
216.244.66.239 - - [10/Dec/2025:16:52:55 +0100] "GET /platby/article.php?5d4c26=rubber-or-metal-ring-used-in-a-car-engine HTTP/1.1" 200 24264 "-" "Mozilla/5.0 (compatible; DotBot/1.2; +https://opensiteexplorer.org/dotbot; help@moz.com)"
185.191.171.17 - - [10/Dec/2025:16:52:56 +0100] "GET /platby/qqap/become-common-synonym HTTP/1.1" 200 6745 "-" "Mozilla/5.0 (compatible; SemrushBot/7~bl; +http://www.semrush.com/bot.html)"
216.244.66.239 - - [10/Dec/2025:16:52:57 +0100] "GET /platby/article.php?5d4c26=saryn-prime-fashion-frame HTTP/1.1" 200 16894 "-" "Mozilla/5.0 (compatible; DotBot/1.2; +https://opensiteexplorer.org/dotbot; help@moz.com)"
185.191.171.10 - - [10/Dec/2025:16:52:57 +0100] "GET /platby/qqap/west-somerset-college-fights HTTP/1.1" 200 9828 "-" "Mozilla/5.0 (compatible; SemrushBot/7~bl; +http://www.semrush.com/bot.html)"
216.244.66.239 - - [10/Dec/2025:16:52:58 +0100] "GET /platby/article.php?5d4c26=skyrim-trailer-reaction HTTP/1.1" 200 15527 "-" "Mozilla/5.0 (compatible; DotBot/1.2; +https://opensiteexplorer.org/dotbot; help@moz.com)"
216.244.66.239 - - [10/Dec/2025:16:53:00 +0100] "GET /platby/article.php?5d4c26=sticky-meaning-in-malayalam HTTP/1.1" 200 23536 "-" "Mozilla/5.0 (compatible; DotBot/1.2; +https://opensiteexplorer.org/dotbot; help@moz.com)"
216.244.66.239 - - [10/Dec/2025:16:53:03 +0100] "GET /platby/article.php?5d4c26=trendy-baby-clothes-on-amazon HTTP/1.1" 200 17336 "-" "Mozilla/5.0 (compatible; DotBot/1.2; +https://opensiteexplorer.org/dotbot; help@moz.com)"
216.244.66.239 - - [10/Dec/2025:16:53:04 +0100] "GET /platby/article.php?5d4c26=venango-county%2C-pa-warrant-list HTTP/1.1" 200 22071 "-" "Mozilla/5.0 (compatible; DotBot/1.2; +https://opensiteexplorer.org/dotbot; help@moz.com)"
216.244.66.239 - - [10/Dec/2025:16:53:06 +0100] "GET /platby/article.php?5d4c26=when-was-the-international-softball-federation-formed%3F HTTP/1.1" 200 17142 "-" "Mozilla/5.0 (compatible; DotBot/1.2; +https://opensiteexplorer.org/dotbot; help@moz.com)"
216.244.66.239 - - [10/Dec/2025:16:53:08 +0100] "GET /platby/article.php?5d4c26=why-is-the-law-of-definite-proportions-important HTTP/1.1" 200 26270 "-" "Mozilla/5.0 (compatible; DotBot/1.2; +https://opensiteexplorer.org/dotbot; help@moz.com)"
216.244.66.239 - - [10/Dec/2025:16:53:09 +0100] "GET /platby/article.php?5d4c26=winifred-phillips-blog HTTP/1.1" 200 23532 "-" "Mozilla/5.0 (compatible; DotBot/1.2; +https://opensiteexplorer.org/dotbot; help@moz.com)"
216.244.66.239 - - [10/Dec/2025:16:53:10 +0100] "GET /platby/article.php?5d4c26=x-y-coordinate-converter HTTP/1.1" 200 16332 "-" "Mozilla/5.0 (compatible; DotBot/1.2; +https://opensiteexplorer.org/dotbot; help@moz.com)"
216.244.66.239 - - [10/Dec/2025:16:53:12 +0100] "GET /platby/article.php?5d4c26=zee-music-company---youtube HTTP/1.1" 200 15647 "-" "Mozilla/5.0 (compatible; DotBot/1.2; +https://opensiteexplorer.org/dotbot; help@moz.com)"
216.244.66.239 - - [10/Dec/2025:16:53:14 +0100] "GET /platby/article.php?5d4c26=halfway-there-lyrics-bon-jovi HTTP/1.1" 200 21935 "-" "Mozilla/5.0 (compatible; DotBot/1.2; +https://opensiteexplorer.org/dotbot; help@moz.com)"
216.244.66.239 - - [10/Dec/2025:16:53:15 +0100] "GET /platby/article.php?5d4c26=jimmy-eat-world---a-praise-chorus HTTP/1.1" 200 18299 "-" "Mozilla/5.0 (compatible; DotBot/1.2; +https://opensiteexplorer.org/dotbot; help@moz.com)"
216.244.66.239 - - [10/Dec/2025:16:53:17 +0100] "GET /platby/article.php?5d4c26=ken-sansom-cause-of-death HTTP/1.1" 200 20716 "-" "Mozilla/5.0 (compatible; DotBot/1.2; +https://opensiteexplorer.org/dotbot; help@moz.com)"
216.244.66.239 - - [10/Dec/2025:16:53:18 +0100] "GET /platby/article.php?5d4c26=ladies-and-gentlemen%2C-start-your-engines-trump HTTP/1.1" 200 16154 "-" "Mozilla/5.0 (compatible; DotBot/1.2; +https://opensiteexplorer.org/dotbot; help@moz.com)"
216.244.66.239 - - [10/Dec/2025:16:53:19 +0100] "GET /platby/article.php?5d4c26=manchester-orchestra---cope HTTP/1.1" 200 22589 "-" "Mozilla/5.0 (compatible; DotBot/1.2; +https://opensiteexplorer.org/dotbot; help@moz.com)"
216.244.66.239 - - [10/Dec/2025:16:53:20 +0100] "GET /platby/article.php?5d4c26=shantae-and-the-pirate%27s-curse-tan-line-island HTTP/1.1" 200 24282 "-" "Mozilla/5.0 (compatible; DotBot/1.2; +https://opensiteexplorer.org/dotbot; help@moz.com)"
185.191.171.19 - - [10/Dec/2025:16:53:21 +0100] "GET /platby/qqap/john-bowne-high-school-principal HTTP/1.1" 200 11039 "-" "Mozilla/5.0 (compatible; SemrushBot/7~bl; +http://www.semrush.com/bot.html)"
216.244.66.239 - - [10/Dec/2025:16:53:21 +0100] "GET /platby/article.php?5d4c26=talmud-quotes-about-mothers HTTP/1.1" 200 21443 "-" "Mozilla/5.0 (compatible; DotBot/1.2; +https://opensiteexplorer.org/dotbot; help@moz.com)"
216.244.66.239 - - [10/Dec/2025:16:53:22 +0100] "GET /platby/article.php?5d4c26=temperature-in-florida-orlando HTTP/1.1" 200 26180 "-" "Mozilla/5.0 (compatible; DotBot/1.2; +https://opensiteexplorer.org/dotbot; help@moz.com)"
216.244.66.239 - - [10/Dec/2025:16:53:24 +0100] "GET /platby/article.php?5d4c26=the-man-from-earth-isaimini HTTP/1.1" 200 17654 "-" "Mozilla/5.0 (compatible; DotBot/1.2; +https://opensiteexplorer.org/dotbot; help@moz.com)"
216.244.66.239 - - [10/Dec/2025:16:53:26 +0100] "GET /platby/article.php?5d4c26=what-time-is-halftime-super-bowl-2020-pacific-time HTTP/1.1" 200 24002 "-" "Mozilla/5.0 (compatible; DotBot/1.2; +https://opensiteexplorer.org/dotbot; help@moz.com)"
216.244.66.239 - - [10/Dec/2025:16:53:27 +0100] "GET /platby/article.php?5d4c26=what-whence-whither-painting HTTP/1.1" 200 18308 "-" "Mozilla/5.0 (compatible; DotBot/1.2; +https://opensiteexplorer.org/dotbot; help@moz.com)"
216.244.66.239 - - [10/Dec/2025:16:53:28 +0100] "GET /platby/article.php?5d4c26=when-a-woman-chases-a-man-ep-14-eng-sub HTTP/1.1" 200 16722 "-" "Mozilla/5.0 (compatible; DotBot/1.2; +https://opensiteexplorer.org/dotbot; help@moz.com)"
216.244.66.239 - - [10/Dec/2025:16:53:30 +0100] "GET /platby/article.php?5d4c26=bushwick-bill-albums HTTP/1.1" 200 14775 "-" "Mozilla/5.0 (compatible; DotBot/1.2; +https://opensiteexplorer.org/dotbot; help@moz.com)"
216.244.66.239 - - [10/Dec/2025:16:53:31 +0100] "GET /platby/article.php?5d4c26=nasa-scan-optical-communications HTTP/1.1" 200 21892 "-" "Mozilla/5.0 (compatible; DotBot/1.2; +https://opensiteexplorer.org/dotbot; help@moz.com)"
216.244.66.239 - - [10/Dec/2025:16:53:32 +0100] "GET /platby/article.php?5d4c26=record-your-own-affirmations-app HTTP/1.1" 200 15676 "-" "Mozilla/5.0 (compatible; DotBot/1.2; +https://opensiteexplorer.org/dotbot; help@moz.com)"
216.244.66.239 - - [10/Dec/2025:16:53:33 +0100] "GET /platby/uwoy9/minneapolis-activists HTTP/1.1" 200 33797 "-" "Mozilla/5.0 (compatible; DotBot/1.2; +https://opensiteexplorer.org/dotbot; help@moz.com)"
216.244.66.239 - - [10/Dec/2025:16:53:34 +0100] "GET /platby/aohwuyx/flowering-cherry-tree-pennsylvania HTTP/1.1" 200 38488 "-" "Mozilla/5.0 (compatible; DotBot/1.2; +https://opensiteexplorer.org/dotbot; help@moz.com)"
216.244.66.239 - - [10/Dec/2025:16:53:35 +0100] "GET /platby/aohwuyx/when-expressing-understanding-you-should HTTP/1.1" 200 39919 "-" "Mozilla/5.0 (compatible; DotBot/1.2; +https://opensiteexplorer.org/dotbot; help@moz.com)"
216.244.66.239 - - [10/Dec/2025:16:53:36 +0100] "GET /platby/uwoy9/best-shopping-mall-turkey HTTP/1.1" 200 32531 "-" "Mozilla/5.0 (compatible; DotBot/1.2; +https://opensiteexplorer.org/dotbot; help@moz.com)"
185.191.171.7 - - [10/Dec/2025:16:53:36 +0100] "GET /platby/72zbxoz/bb&t-center-sunrise,-fl-seating-view HTTP/1.1" 200 9120 "-" "Mozilla/5.0 (compatible; SemrushBot/7~bl; +http://www.semrush.com/bot.html)"
216.244.66.239 - - [10/Dec/2025:16:53:37 +0100] "GET /platby/aohwuyx/fifa-17-scouting-player-types HTTP/1.1" 200 34903 "-" "Mozilla/5.0 (compatible; DotBot/1.2; +https://opensiteexplorer.org/dotbot; help@moz.com)"
216.244.66.239 - - [10/Dec/2025:16:53:38 +0100] "GET /platby/uwoy9/the-wind-by-bernardine-evaristo HTTP/1.1" 200 35630 "-" "Mozilla/5.0 (compatible; DotBot/1.2; +https://opensiteexplorer.org/dotbot; help@moz.com)"
216.244.66.239 - - [10/Dec/2025:16:53:39 +0100] "GET /platby/aohwuyx/rocket-league-challenge-tracker HTTP/1.1" 200 46597 "-" "Mozilla/5.0 (compatible; DotBot/1.2; +https://opensiteexplorer.org/dotbot; help@moz.com)"
216.244.66.239 - - [10/Dec/2025:16:53:40 +0100] "GET /platby/uwoy9/ethics-in-society-examples HTTP/1.1" 200 49386 "-" "Mozilla/5.0 (compatible; DotBot/1.2; +https://opensiteexplorer.org/dotbot; help@moz.com)"
216.244.66.239 - - [10/Dec/2025:16:53:41 +0100] "GET /platby/uwoy9/fellow-duo-coffee-steeper HTTP/1.1" 200 37352 "-" "Mozilla/5.0 (compatible; DotBot/1.2; +https://opensiteexplorer.org/dotbot; help@moz.com)"
216.244.66.239 - - [10/Dec/2025:16:53:43 +0100] "GET /platby/uwoy9/where-to-buy-basswood-for-carving HTTP/1.1" 200 38493 "-" "Mozilla/5.0 (compatible; DotBot/1.2; +https://opensiteexplorer.org/dotbot; help@moz.com)"
85.208.96.211 - - [10/Dec/2025:16:53:59 +0100] "GET /platby/uwoy9/sony-vaio-boot-menu-key-windows-7 HTTP/1.1" 200 12792 "-" "Mozilla/5.0 (compatible; SemrushBot/7~bl; +http://www.semrush.com/bot.html)"
85.208.96.203 - - [10/Dec/2025:16:54:11 +0100] "GET /platby/72zbxoz/where-is-reading-festival-2021 HTTP/1.1" 200 9213 "-" "Mozilla/5.0 (compatible; SemrushBot/7~bl; +http://www.semrush.com/bot.html)"
85.208.96.212 - - [10/Dec/2025:16:54:13 +0100] "GET /platby/qqap/where-is-the-fingerprint-sensor-on-s21-plus HTTP/1.1" 200 6405 "-" "Mozilla/5.0 (compatible; SemrushBot/7~bl; +http://www.semrush.com/bot.html)"
185.191.171.9 - - [10/Dec/2025:16:54:16 +0100] "GET /platby/72zbxoz/grove-primary-school-chadwell-heath-uniform HTTP/1.1" 200 10031 "-" "Mozilla/5.0 (compatible; SemrushBot/7~bl; +http://www.semrush.com/bot.html)"
216.244.66.239 - - [10/Dec/2025:16:54:26 +0100] "GET /platby/aohwuyx/chocolate-whipped-cream-cheese-frosting HTTP/1.1" 200 44264 "-" "Mozilla/5.0 (compatible; DotBot/1.2; +https://opensiteexplorer.org/dotbot; help@moz.com)"
185.191.171.12 - - [10/Dec/2025:16:54:38 +0100] "GET /platby/uwoy9/coming-together-quotes-inspirational HTTP/1.1" 200 14682 "-" "Mozilla/5.0 (compatible; SemrushBot/7~bl; +http://www.semrush.com/bot.html)"
85.208.96.211 - - [10/Dec/2025:16:54:40 +0100] "GET /platby/aohwuyx/drawing-in-different-languages HTTP/1.1" 200 11544 "-" "Mozilla/5.0 (compatible; SemrushBot/7~bl; +http://www.semrush.com/bot.html)"
185.191.171.7 - - [10/Dec/2025:16:54:50 +0100] "GET /platby/hca/chelsea-biggest-loss-to-manchester-city HTTP/1.1" 200 10157 "-" "Mozilla/5.0 (compatible; SemrushBot/7~bl; +http://www.semrush.com/bot.html)"
185.191.171.4 - - [10/Dec/2025:16:55:05 +0100] "GET /platby/qqap/oklahoma-state-basketball-coach-salary HTTP/1.1" 200 8730 "-" "Mozilla/5.0 (compatible; SemrushBot/7~bl; +http://www.semrush.com/bot.html)"
85.208.96.209 - - [10/Dec/2025:16:55:11 +0100] "GET /platby/qqap/content-writing-best-practices HTTP/1.1" 200 12743 "-" "Mozilla/5.0 (compatible; SemrushBot/7~bl; +http://www.semrush.com/bot.html)"
185.191.171.6 - - [10/Dec/2025:16:55:13 +0100] "GET /platby/72zbxoz/guy-berryman-y-keshia-gerrits HTTP/1.1" 200 12661 "-" "Mozilla/5.0 (compatible; SemrushBot/7~bl; +http://www.semrush.com/bot.html)"
185.191.171.14 - - [10/Dec/2025:16:55:34 +0100] "GET /platby/hca/all's-fair-in-love-and-war-shakespeare HTTP/1.1" 200 12213 "-" "Mozilla/5.0 (compatible; SemrushBot/7~bl; +http://www.semrush.com/bot.html)"
85.208.96.198 - - [10/Dec/2025:16:55:56 +0100] "GET /platby/aohwuyx/what-is-cultural-diversity-and-why-is-it-important HTTP/1.1" 200 9521 "-" "Mozilla/5.0 (compatible; SemrushBot/7~bl; +http://www.semrush.com/bot.html)"
185.191.171.19 - - [10/Dec/2025:16:56:38 +0100] "GET /platby/aohwuyx/restaurant-next-door-menu HTTP/1.1" 200 9822 "-" "Mozilla/5.0 (compatible; SemrushBot/7~bl; +http://www.semrush.com/bot.html)"
199.30.231.5 - - [10/Dec/2025:16:56:39 +0100] "\x16\x03\x01" 403 265 "-" "-"
185.191.171.3 - - [10/Dec/2025:16:56:43 +0100] "GET /platby/aohwuyx/kate-norley-interview HTTP/1.1" 200 9882 "-" "Mozilla/5.0 (compatible; SemrushBot/7~bl; +http://www.semrush.com/bot.html)"
85.208.96.200 - - [10/Dec/2025:16:56:44 +0100] "GET /platby/aohwuyx/resulting-in-synonym-resume HTTP/1.1" 200 15317 "-" "Mozilla/5.0 (compatible; SemrushBot/7~bl; +http://www.semrush.com/bot.html)"
185.191.171.2 - - [10/Dec/2025:16:56:58 +0100] "GET /platby/qqap/mini-batch-gradient-descent-paper HTTP/1.1" 200 6421 "-" "Mozilla/5.0 (compatible; SemrushBot/7~bl; +http://www.semrush.com/bot.html)"
185.191.171.3 - - [10/Dec/2025:16:57:41 +0100] "GET /platby/aohwuyx/list-of-aerospace-materials HTTP/1.1" 200 14309 "-" "Mozilla/5.0 (compatible; SemrushBot/7~bl; +http://www.semrush.com/bot.html)"
85.208.96.195 - - [10/Dec/2025:16:57:43 +0100] "GET /platby/aohwuyx/convergent-definition-psychology HTTP/1.1" 200 9401 "-" "Mozilla/5.0 (compatible; SemrushBot/7~bl; +http://www.semrush.com/bot.html)"
85.208.96.211 - - [10/Dec/2025:16:57:47 +0100] "GET /platby/qqap/when-is-checking-allowed-in-youth-hockey HTTP/1.1" 200 7368 "-" "Mozilla/5.0 (compatible; SemrushBot/7~bl; +http://www.semrush.com/bot.html)"
185.191.171.14 - - [10/Dec/2025:16:57:58 +0100] "GET /platby/qqap/bullet-with-butterfly-wings-time-signature HTTP/1.1" 200 10030 "-" "Mozilla/5.0 (compatible; SemrushBot/7~bl; +http://www.semrush.com/bot.html)"
85.208.96.209 - - [10/Dec/2025:16:58:03 +0100] "GET /platby/72zbxoz/who-makes-xs-power-batteries HTTP/1.1" 200 12105 "-" "Mozilla/5.0 (compatible; SemrushBot/7~bl; +http://www.semrush.com/bot.html)"
85.208.96.209 - - [10/Dec/2025:16:58:26 +0100] "GET /platby/aohwuyx/renewable-energy-market-update-2021 HTTP/1.1" 200 8579 "-" "Mozilla/5.0 (compatible; SemrushBot/7~bl; +http://www.semrush.com/bot.html)"
85.208.96.206 - - [10/Dec/2025:16:58:31 +0100] "GET /platby/qqap/how-to-deal-with-eavesdroppers HTTP/1.1" 200 8762 "-" "Mozilla/5.0 (compatible; SemrushBot/7~bl; +http://www.semrush.com/bot.html)"
85.208.96.194 - - [10/Dec/2025:16:58:44 +0100] "GET /platby/aohwuyx/earth-teerapat-ruangritkul-boyfriend HTTP/1.1" 200 9296 "-" "Mozilla/5.0 (compatible; SemrushBot/7~bl; +http://www.semrush.com/bot.html)"
185.191.171.16 - - [10/Dec/2025:16:58:46 +0100] "GET /platby/qqap/waldorf-school-tuition HTTP/1.1" 200 10185 "-" "Mozilla/5.0 (compatible; SemrushBot/7~bl; +http://www.semrush.com/bot.html)"
185.191.171.11 - - [10/Dec/2025:16:58:51 +0100] "GET /platby/uwoy9/minnehaha-academy-football HTTP/1.1" 200 11472 "-" "Mozilla/5.0 (compatible; SemrushBot/7~bl; +http://www.semrush.com/bot.html)"
185.191.171.15 - - [10/Dec/2025:16:58:54 +0100] "GET /platby/aohwuyx/autodesk-student-account-create HTTP/1.1" 200 11051 "-" "Mozilla/5.0 (compatible; SemrushBot/7~bl; +http://www.semrush.com/bot.html)"
185.191.171.14 - - [10/Dec/2025:16:59:13 +0100] "GET /platby/uwoy9/catawba-college-ranking HTTP/1.1" 200 10983 "-" "Mozilla/5.0 (compatible; SemrushBot/7~bl; +http://www.semrush.com/bot.html)"
85.208.96.202 - - [10/Dec/2025:16:59:14 +0100] "GET /platby/uwoy9/nct-127-cherry-bomb-performance HTTP/1.1" 200 13308 "-" "Mozilla/5.0 (compatible; SemrushBot/7~bl; +http://www.semrush.com/bot.html)"
85.208.96.198 - - [10/Dec/2025:16:59:51 +0100] "GET /platby/aohwuyx/shrm-annual-conference-2022 HTTP/1.1" 200 9770 "-" "Mozilla/5.0 (compatible; SemrushBot/7~bl; +http://www.semrush.com/bot.html)"
85.208.96.206 - - [10/Dec/2025:16:59:59 +0100] "GET /platby/qqap/samsung-galaxy-a32-fingerprint-sensor HTTP/1.1" 200 8525 "-" "Mozilla/5.0 (compatible; SemrushBot/7~bl; +http://www.semrush.com/bot.html)"
185.191.171.17 - - [10/Dec/2025:17:00:05 +0100] "GET /platby/hca/italy-national-team-fifa-21 HTTP/1.1" 200 10223 "-" "Mozilla/5.0 (compatible; SemrushBot/7~bl; +http://www.semrush.com/bot.html)"
85.208.96.195 - - [10/Dec/2025:17:00:25 +0100] "GET /platby/hca/fingerprint-hardware-not-available-tecno-k7 HTTP/1.1" 200 11719 "-" "Mozilla/5.0 (compatible; SemrushBot/7~bl; +http://www.semrush.com/bot.html)"
85.208.96.200 - - [10/Dec/2025:17:00:27 +0100] "GET /platby/uwoy9/virtual-ghostwriter-software HTTP/1.1" 200 13969 "-" "Mozilla/5.0 (compatible; SemrushBot/7~bl; +http://www.semrush.com/bot.html)"
95.27.92.85 - - [10/Dec/2025:17:00:31 +0100] "GET /" 400 468 "-" "-"
185.191.171.11 - - [10/Dec/2025:17:00:48 +0100] "GET /platby/aohwuyx/simba-vs-yanga-kigoma-livescore HTTP/1.1" 200 12634 "-" "Mozilla/5.0 (compatible; SemrushBot/7~bl; +http://www.semrush.com/bot.html)"
66.249.79.193 - - [10/Dec/2025:17:00:53 +0100] "\x16\x03\x01\x02" 403 265 "-" "-"
85.208.96.200 - - [10/Dec/2025:17:01:00 +0100] "GET /platby/qqap/2022-medical-school-application-cycle HTTP/1.1" 200 9677 "-" "Mozilla/5.0 (compatible; SemrushBot/7~bl; +http://www.semrush.com/bot.html)"
185.191.171.13 - - [10/Dec/2025:17:01:28 +0100] "GET /platby/uwoy9/complicated-relationship HTTP/1.1" 200 12203 "-" "Mozilla/5.0 (compatible; SemrushBot/7~bl; +http://www.semrush.com/bot.html)"
66.249.68.2 - - [10/Dec/2025:17:01:50 +0100] "\x16\x03\x01\x02" 403 265 "-" "-"
85.208.96.205 - - [10/Dec/2025:17:01:51 +0100] "GET /platby/aohwuyx/how-to-spell-pronunciation-of-names HTTP/1.1" 200 9897 "-" "Mozilla/5.0 (compatible; SemrushBot/7~bl; +http://www.semrush.com/bot.html)"
185.191.171.16 - - [10/Dec/2025:17:01:53 +0100] "GET /platby/hca/vince-velasquez-left-handed-throw HTTP/1.1" 200 8355 "-" "Mozilla/5.0 (compatible; SemrushBot/7~bl; +http://www.semrush.com/bot.html)"
85.208.96.199 - - [10/Dec/2025:17:02:07 +0100] "GET /platby/aohwuyx/good-better-best-pricing HTTP/1.1" 200 13941 "-" "Mozilla/5.0 (compatible; SemrushBot/7~bl; +http://www.semrush.com/bot.html)"
185.191.171.16 - - [10/Dec/2025:17:02:25 +0100] "GET /platby/hca/miami-heat-games-radio HTTP/1.1" 200 5405 "-" "Mozilla/5.0 (compatible; SemrushBot/7~bl; +http://www.semrush.com/bot.html)"
85.208.96.196 - - [10/Dec/2025:17:02:27 +0100] "GET /platby/hca/henry-hill-omaha,-nebraska HTTP/1.1" 200 8836 "-" "Mozilla/5.0 (compatible; SemrushBot/7~bl; +http://www.semrush.com/bot.html)"
185.191.171.10 - - [10/Dec/2025:17:02:28 +0100] "GET /platby/hca/dalhousie-public-school,-dalhousie HTTP/1.1" 200 6832 "-" "Mozilla/5.0 (compatible; SemrushBot/7~bl; +http://www.semrush.com/bot.html)"
185.191.171.5 - - [10/Dec/2025:17:02:52 +0100] "GET /platby/72zbxoz/board-game-cafe-himayat-nagar HTTP/1.1" 200 14265 "-" "Mozilla/5.0 (compatible; SemrushBot/7~bl; +http://www.semrush.com/bot.html)"
185.191.171.4 - - [10/Dec/2025:17:03:00 +0100] "GET /platby/aohwuyx/christine-marie-cabanos HTTP/1.1" 200 9618 "-" "Mozilla/5.0 (compatible; SemrushBot/7~bl; +http://www.semrush.com/bot.html)"
85.208.96.193 - - [10/Dec/2025:17:03:06 +0100] "GET /platby/uwoy9/michael-jordan:-come-fly-with-me-1991 HTTP/1.1" 200 11855 "-" "Mozilla/5.0 (compatible; SemrushBot/7~bl; +http://www.semrush.com/bot.html)"
185.191.171.18 - - [10/Dec/2025:17:03:10 +0100] "GET /platby/aohwuyx/the-brightest-bulb-has-burned-out HTTP/1.1" 200 9703 "-" "Mozilla/5.0 (compatible; SemrushBot/7~bl; +http://www.semrush.com/bot.html)"
85.208.96.201 - - [10/Dec/2025:17:03:29 +0100] "GET /platby/hca/south-africa-soccer-live-stream HTTP/1.1" 200 10125 "-" "Mozilla/5.0 (compatible; SemrushBot/7~bl; +http://www.semrush.com/bot.html)"
85.208.96.203 - - [10/Dec/2025:17:03:51 +0100] "GET /platby/uwoy9/michael-jordan-split-dunk HTTP/1.1" 200 13483 "-" "Mozilla/5.0 (compatible; SemrushBot/7~bl; +http://www.semrush.com/bot.html)"
85.208.96.194 - - [10/Dec/2025:17:04:02 +0100] "GET /platby/qqap/personalized-letter-necklace HTTP/1.1" 200 11559 "-" "Mozilla/5.0 (compatible; SemrushBot/7~bl; +http://www.semrush.com/bot.html)"
185.191.171.13 - - [10/Dec/2025:17:04:06 +0100] "GET /platby/qqap/pray-about-everything-nkjv HTTP/1.1" 200 9754 "-" "Mozilla/5.0 (compatible; SemrushBot/7~bl; +http://www.semrush.com/bot.html)"
149.50.103.48 - - [10/Dec/2025:17:04:25 +0100] "GET /" 400 468 "-" "-"
85.208.96.204 - - [10/Dec/2025:17:04:30 +0100] "GET /platby/72zbxoz/pronounce-adjective-definition HTTP/1.1" 200 12143 "-" "Mozilla/5.0 (compatible; SemrushBot/7~bl; +http://www.semrush.com/bot.html)"
185.191.171.6 - - [10/Dec/2025:17:04:40 +0100] "GET /platby/uwoy9/rutgers-men's-volleyball-division HTTP/1.1" 200 13868 "-" "Mozilla/5.0 (compatible; SemrushBot/7~bl; +http://www.semrush.com/bot.html)"
185.191.171.3 - - [10/Dec/2025:17:04:47 +0100] "GET /platby/aohwuyx/horse-baby-name-in-nepali-language HTTP/1.1" 200 15216 "-" "Mozilla/5.0 (compatible; SemrushBot/7~bl; +http://www.semrush.com/bot.html)"
185.191.171.17 - - [10/Dec/2025:17:05:06 +0100] "GET /platby/uwoy9/venn-diagram-career-planning HTTP/1.1" 200 8751 "-" "Mozilla/5.0 (compatible; SemrushBot/7~bl; +http://www.semrush.com/bot.html)"
85.208.96.212 - - [10/Dec/2025:17:05:38 +0100] "GET /platby/aohwuyx/react-login%2Flogout-button HTTP/1.1" 404 809 "-" "Mozilla/5.0 (compatible; SemrushBot/7~bl; +http://www.semrush.com/bot.html)"
185.191.171.13 - - [10/Dec/2025:17:05:53 +0100] "GET /platby/hca/love's-second-chance-location HTTP/1.1" 200 13374 "-" "Mozilla/5.0 (compatible; SemrushBot/7~bl; +http://www.semrush.com/bot.html)"
185.191.171.5 - - [10/Dec/2025:17:05:59 +0100] "GET /platby/qqap/the-garden-by-charlayne-woodard HTTP/1.1" 200 10251 "-" "Mozilla/5.0 (compatible; SemrushBot/7~bl; +http://www.semrush.com/bot.html)"
185.191.171.17 - - [10/Dec/2025:17:06:24 +0100] "GET /platby/qqap/adrian-martinez-height HTTP/1.1" 200 4749 "-" "Mozilla/5.0 (compatible; SemrushBot/7~bl; +http://www.semrush.com/bot.html)"
85.208.96.210 - - [10/Dec/2025:17:06:25 +0100] "GET /platby/hca/yammer-best-practices HTTP/1.1" 200 6046 "-" "Mozilla/5.0 (compatible; SemrushBot/7~bl; +http://www.semrush.com/bot.html)"
185.191.171.13 - - [10/Dec/2025:17:06:28 +0100] "GET /platby/uwoy9/cause-and-effect-sentences HTTP/1.1" 200 10220 "-" "Mozilla/5.0 (compatible; SemrushBot/7~bl; +http://www.semrush.com/bot.html)"
85.208.96.201 - - [10/Dec/2025:17:06:36 +0100] "GET /platby/aohwuyx/importance-of-multicultural-counseling HTTP/1.1" 200 9142 "-" "Mozilla/5.0 (compatible; SemrushBot/7~bl; +http://www.semrush.com/bot.html)"
85.208.96.199 - - [10/Dec/2025:17:06:50 +0100] "GET /platby/hca/is-aliexpress-safe-canada HTTP/1.1" 200 12883 "-" "Mozilla/5.0 (compatible; SemrushBot/7~bl; +http://www.semrush.com/bot.html)"
185.191.171.10 - - [10/Dec/2025:17:06:53 +0100] "GET /platby/uwoy9/lunges-muscles-worked HTTP/1.1" 200 11348 "-" "Mozilla/5.0 (compatible; SemrushBot/7~bl; +http://www.semrush.com/bot.html)"
85.208.96.193 - - [10/Dec/2025:17:07:11 +0100] "GET /platby/uwoy9/artifactory-rest-api-java-example HTTP/1.1" 200 10066 "-" "Mozilla/5.0 (compatible; SemrushBot/7~bl; +http://www.semrush.com/bot.html)"
85.208.96.201 - - [10/Dec/2025:17:07:21 +0100] "GET /platby/72zbxoz/cemetery-pronunciation HTTP/1.1" 200 12193 "-" "Mozilla/5.0 (compatible; SemrushBot/7~bl; +http://www.semrush.com/bot.html)"
185.191.171.9 - - [10/Dec/2025:17:07:53 +0100] "GET /platby/72zbxoz/how-many-picks-are-in-the-nfl-draft-total HTTP/1.1" 200 13321 "-" "Mozilla/5.0 (compatible; SemrushBot/7~bl; +http://www.semrush.com/bot.html)"
85.208.96.202 - - [10/Dec/2025:17:07:54 +0100] "GET /platby/aohwuyx/best-grammar-book-for-tefl-teachers HTTP/1.1" 200 10283 "-" "Mozilla/5.0 (compatible; SemrushBot/7~bl; +http://www.semrush.com/bot.html)"
185.191.171.12 - - [10/Dec/2025:17:08:15 +0100] "GET /robots.txt HTTP/1.1" 200 54 "-" "Mozilla/5.0 (compatible; SemrushBot/7~bl; +http://www.semrush.com/bot.html)"
85.208.96.199 - - [10/Dec/2025:17:08:16 +0100] "GET /platby/qqap/shannon-harvey-podcast HTTP/1.1" 200 7079 "-" "Mozilla/5.0 (compatible; SemrushBot/7~bl; +http://www.semrush.com/bot.html)"
85.208.96.201 - - [10/Dec/2025:17:08:17 +0100] "GET /platby/aohwuyx/paul-kalkbrenner-2021 HTTP/1.1" 200 8540 "-" "Mozilla/5.0 (compatible; SemrushBot/7~bl; +http://www.semrush.com/bot.html)"
185.191.171.6 - - [10/Dec/2025:17:08:24 +0100] "GET /platby/aohwuyx/night-sky-with-exit-wounds-themes HTTP/1.1" 200 11664 "-" "Mozilla/5.0 (compatible; SemrushBot/7~bl; +http://www.semrush.com/bot.html)"
204.76.203.206 - - [10/Dec/2025:17:08:31 +0100] "GET /" 400 468 "-" "-"
85.208.96.203 - - [10/Dec/2025:17:08:48 +0100] "GET /platby/uwoy9/holiday-home-rental-devon HTTP/1.1" 200 8448 "-" "Mozilla/5.0 (compatible; SemrushBot/7~bl; +http://www.semrush.com/bot.html)"
85.208.96.201 - - [10/Dec/2025:17:09:01 +0100] "GET /platby/qqap/organic-heirloom-seeds HTTP/1.1" 200 11377 "-" "Mozilla/5.0 (compatible; SemrushBot/7~bl; +http://www.semrush.com/bot.html)"
217.119.139.38 - - [10/Dec/2025:17:09:09 +0100] "\x16\x03\x01\x02" 403 265 "-" "-"
217.119.139.38 - - [10/Dec/2025:17:09:09 +0100] "GET / HTTP/1.1" 403 224 "-" "Mozilla/5.0 (Windows NT 10.0; Win64; x64) AppleWebKit/537.36 (KHTML, like Gecko) Chrome/140.0.0.0 Safari/537.36"
185.191.171.15 - - [10/Dec/2025:17:09:11 +0100] "GET /platby/hca/principles-of-environmental-ethics HTTP/1.1" 200 13054 "-" "Mozilla/5.0 (compatible; SemrushBot/7~bl; +http://www.semrush.com/bot.html)"
3.208.156.9 - - [10/Dec/2025:17:09:16 +0100] "GET /platby/72zbxoz/native-americans-today HTTP/1.1" 200 9365 "-" "Mozilla/5.0 AppleWebKit/537.36 (KHTML, like Gecko; compatible; Amazonbot/0.1; +https://developer.amazon.com/support/amazonbot) Chrome/119.0.6045.214 Safari/537.36"
54.87.62.248 - - [10/Dec/2025:17:09:19 +0100] "GET /platby/72zbxoz/amazulu-vs-baroka-results-today HTTP/1.1" 200 8826 "-" "Mozilla/5.0 AppleWebKit/537.36 (KHTML, like Gecko; compatible; Amazonbot/0.1; +https://developer.amazon.com/support/amazonbot) Chrome/119.0.6045.214 Safari/537.36"
50.16.72.185 - - [10/Dec/2025:17:09:23 +0100] "GET /platby/72zbxoz/fort-mchenry-star-spangled-banner HTTP/1.1" 200 11131 "-" "Mozilla/5.0 AppleWebKit/537.36 (KHTML, like Gecko; compatible; Amazonbot/0.1; +https://developer.amazon.com/support/amazonbot) Chrome/119.0.6045.214 Safari/537.36"
52.3.102.51 - - [10/Dec/2025:17:09:27 +0100] "GET /platby/72zbxoz/scientific-realism-in-business HTTP/1.1" 200 7971 "-" "Mozilla/5.0 AppleWebKit/537.36 (KHTML, like Gecko; compatible; Amazonbot/0.1; +https://developer.amazon.com/support/amazonbot) Chrome/119.0.6045.214 Safari/537.36"
44.221.227.90 - - [10/Dec/2025:17:09:34 +0100] "GET /platby/72zbxoz/home-solar-incentives HTTP/1.1" 200 14761 "-" "Mozilla/5.0 AppleWebKit/537.36 (KHTML, like Gecko; compatible; Amazonbot/0.1; +https://developer.amazon.com/support/amazonbot) Chrome/119.0.6045.214 Safari/537.36"
3.221.156.96 - - [10/Dec/2025:17:09:35 +0100] "GET /platby/72zbxoz/bidco-vs-gor-mahia-live-score HTTP/1.1" 200 12302 "-" "Mozilla/5.0 AppleWebKit/537.36 (KHTML, like Gecko; compatible; Amazonbot/0.1; +https://developer.amazon.com/support/amazonbot) Chrome/119.0.6045.214 Safari/537.36"
50.16.72.185 - - [10/Dec/2025:17:09:39 +0100] "GET /platby/qqap/forever-chris-brown-chords HTTP/1.1" 200 6356 "-" "Mozilla/5.0 AppleWebKit/537.36 (KHTML, like Gecko; compatible; Amazonbot/0.1; +https://developer.amazon.com/support/amazonbot) Chrome/119.0.6045.214 Safari/537.36"
54.147.182.90 - - [10/Dec/2025:17:09:43 +0100] "GET /platby/72zbxoz/social-forces-examples HTTP/1.1" 200 8660 "-" "Mozilla/5.0 AppleWebKit/537.36 (KHTML, like Gecko; compatible; Amazonbot/0.1; +https://developer.amazon.com/support/amazonbot) Chrome/119.0.6045.214 Safari/537.36"
34.236.135.14 - - [10/Dec/2025:17:09:48 +0100] "GET /platby/72zbxoz/florida-panthers-team-store-hours HTTP/1.1" 200 13821 "-" "Mozilla/5.0 AppleWebKit/537.36 (KHTML, like Gecko; compatible; Amazonbot/0.1; +https://developer.amazon.com/support/amazonbot) Chrome/119.0.6045.214 Safari/537.36"
54.87.62.248 - - [10/Dec/2025:17:09:55 +0100] "GET /platby/72zbxoz/massart-career-services HTTP/1.1" 200 7811 "-" "Mozilla/5.0 AppleWebKit/537.36 (KHTML, like Gecko; compatible; Amazonbot/0.1; +https://developer.amazon.com/support/amazonbot) Chrome/119.0.6045.214 Safari/537.36"
18.235.158.19 - - [10/Dec/2025:17:09:56 +0100] "GET /platby/72zbxoz/horse-baby-name-and-sound HTTP/1.1" 200 9382 "-" "Mozilla/5.0 AppleWebKit/537.36 (KHTML, like Gecko; compatible; Amazonbot/0.1; +https://developer.amazon.com/support/amazonbot) Chrome/119.0.6045.214 Safari/537.36"
3.222.190.107 - - [10/Dec/2025:17:09:59 +0100] "GET /platby/72zbxoz/characters-that-wear-all-white HTTP/1.1" 200 14399 "-" "Mozilla/5.0 AppleWebKit/537.36 (KHTML, like Gecko; compatible; Amazonbot/0.1; +https://developer.amazon.com/support/amazonbot) Chrome/119.0.6045.214 Safari/537.36"
85.208.96.212 - - [10/Dec/2025:17:10:00 +0100] "GET /platby/hca/2014-carolina-panthers-roster HTTP/1.1" 200 8694 "-" "Mozilla/5.0 (compatible; SemrushBot/7~bl; +http://www.semrush.com/bot.html)"
54.204.12.115 - - [10/Dec/2025:17:10:03 +0100] "GET /platby/72zbxoz/loyola-university-swimming HTTP/1.1" 200 12071 "-" "Mozilla/5.0 AppleWebKit/537.36 (KHTML, like Gecko; compatible; Amazonbot/0.1; +https://developer.amazon.com/support/amazonbot) Chrome/119.0.6045.214 Safari/537.36"
85.208.96.203 - - [10/Dec/2025:17:10:05 +0100] "GET /platby/aohwuyx/navy-pier-ferris-wheel-size HTTP/1.1" 200 8404 "-" "Mozilla/5.0 (compatible; SemrushBot/7~bl; +http://www.semrush.com/bot.html)"
3.208.156.9 - - [10/Dec/2025:17:10:07 +0100] "GET /platby/72zbxoz/meghan-mcdermott-parents HTTP/1.1" 200 10507 "-" "Mozilla/5.0 AppleWebKit/537.36 (KHTML, like Gecko; compatible; Amazonbot/0.1; +https://developer.amazon.com/support/amazonbot) Chrome/119.0.6045.214 Safari/537.36"
54.221.203.24 - - [10/Dec/2025:17:10:13 +0100] "GET /platby/72zbxoz/william-henry-vanderbilt HTTP/1.1" 200 8786 "-" "Mozilla/5.0 AppleWebKit/537.36 (KHTML, like Gecko; compatible; Amazonbot/0.1; +https://developer.amazon.com/support/amazonbot) Chrome/119.0.6045.214 Safari/537.36"
44.212.145.46 - - [10/Dec/2025:17:10:16 +0100] "GET /platby/72zbxoz/kaleidoscope-partners HTTP/1.1" 200 12743 "-" "Mozilla/5.0 AppleWebKit/537.36 (KHTML, like Gecko; compatible; Amazonbot/0.1; +https://developer.amazon.com/support/amazonbot) Chrome/119.0.6045.214 Safari/537.36"
204.76.203.206 - - [10/Dec/2025:17:10:20 +0100] "GET / HTTP/1.1" 200 316 "-" "Mozilla/5.0 (Windows NT 10.0; Win64; x64) AppleWebKit/537.36 (KHTML, like Gecko) Chrome/90.0.4430.85 Safari/537.36 Edg/90.0.818.46"
34.234.200.207 - - [10/Dec/2025:17:10:20 +0100] "GET /platby/72zbxoz/bb&t-center-sunrise,-fl-seating-view HTTP/1.1" 200 9120 "-" "Mozilla/5.0 AppleWebKit/537.36 (KHTML, like Gecko; compatible; Amazonbot/0.1; +https://developer.amazon.com/support/amazonbot) Chrome/119.0.6045.214 Safari/537.36"
85.208.96.205 - - [10/Dec/2025:17:10:21 +0100] "GET /platby/qqap/hunter-college-non-credit-courses HTTP/1.1" 200 7023 "-" "Mozilla/5.0 (compatible; SemrushBot/7~bl; +http://www.semrush.com/bot.html)"
54.145.82.217 - - [10/Dec/2025:17:10:24 +0100] "GET /platby/72zbxoz/activities-to-improve-listening-skills-for-kindergarten HTTP/1.1" 200 10109 "-" "Mozilla/5.0 AppleWebKit/537.36 (KHTML, like Gecko; compatible; Amazonbot/0.1; +https://developer.amazon.com/support/amazonbot) Chrome/119.0.6045.214 Safari/537.36"
185.191.171.16 - - [10/Dec/2025:17:10:25 +0100] "GET /platby/hca/task-to-be-undertaken-example HTTP/1.1" 200 12795 "-" "Mozilla/5.0 (compatible; SemrushBot/7~bl; +http://www.semrush.com/bot.html)"
44.214.19.8 - - [10/Dec/2025:17:10:27 +0100] "GET /platby/72zbxoz/employee-of-the-month-announcement-template HTTP/1.1" 200 9601 "-" "Mozilla/5.0 AppleWebKit/537.36 (KHTML, like Gecko; compatible; Amazonbot/0.1; +https://developer.amazon.com/support/amazonbot) Chrome/119.0.6045.214 Safari/537.36"
85.208.96.198 - - [10/Dec/2025:17:10:27 +0100] "GET /platby/72zbxoz/how-much-does-palace-playland-cost HTTP/1.1" 200 10219 "-" "Mozilla/5.0 (compatible; SemrushBot/7~bl; +http://www.semrush.com/bot.html)"
54.243.63.52 - - [10/Dec/2025:17:10:32 +0100] "GET /platby/72zbxoz/frank-fletcher-horse-racing HTTP/1.1" 200 9511 "-" "Mozilla/5.0 AppleWebKit/537.36 (KHTML, like Gecko; compatible; Amazonbot/0.1; +https://developer.amazon.com/support/amazonbot) Chrome/119.0.6045.214 Safari/537.36"
54.157.84.74 - - [10/Dec/2025:17:10:35 +0100] "GET /platby/72zbxoz/michigan-spring-wildflowers-purple HTTP/1.1" 200 9767 "-" "Mozilla/5.0 AppleWebKit/537.36 (KHTML, like Gecko; compatible; Amazonbot/0.1; +https://developer.amazon.com/support/amazonbot) Chrome/119.0.6045.214 Safari/537.36"
44.207.252.58 - - [10/Dec/2025:17:10:39 +0100] "GET /platby/72zbxoz/cleveland-browns-schedule-2022-printable HTTP/1.1" 200 10633 "-" "Mozilla/5.0 AppleWebKit/537.36 (KHTML, like Gecko; compatible; Amazonbot/0.1; +https://developer.amazon.com/support/amazonbot) Chrome/119.0.6045.214 Safari/537.36"
44.215.235.20 - - [10/Dec/2025:17:10:43 +0100] "GET /platby/72zbxoz/jaylon-moore-western-michigan-pff HTTP/1.1" 200 10165 "-" "Mozilla/5.0 AppleWebKit/537.36 (KHTML, like Gecko; compatible; Amazonbot/0.1; +https://developer.amazon.com/support/amazonbot) Chrome/119.0.6045.214 Safari/537.36"
35.173.38.202 - - [10/Dec/2025:17:10:47 +0100] "GET /platby/72zbxoz/protected-activity-regarding-harassment HTTP/1.1" 200 8757 "-" "Mozilla/5.0 AppleWebKit/537.36 (KHTML, like Gecko; compatible; Amazonbot/0.1; +https://developer.amazon.com/support/amazonbot) Chrome/119.0.6045.214 Safari/537.36"
54.225.148.123 - - [10/Dec/2025:17:10:51 +0100] "GET /platby/72zbxoz/sympathize-adjective-form HTTP/1.1" 200 8052 "-" "Mozilla/5.0 AppleWebKit/537.36 (KHTML, like Gecko; compatible; Amazonbot/0.1; +https://developer.amazon.com/support/amazonbot) Chrome/119.0.6045.214 Safari/537.36"
185.191.171.1 - - [10/Dec/2025:17:10:51 +0100] "GET /platby/hca/microsoft-teams-view-only-meeting HTTP/1.1" 200 12352 "-" "Mozilla/5.0 (compatible; SemrushBot/7~bl; +http://www.semrush.com/bot.html)"
185.191.171.17 - - [10/Dec/2025:17:10:52 +0100] "GET /platby/uwoy9/nfl-2019-falcons-schedule HTTP/1.1" 200 12177 "-" "Mozilla/5.0 (compatible; SemrushBot/7~bl; +http://www.semrush.com/bot.html)"
85.208.96.195 - - [10/Dec/2025:17:10:55 +0100] "GET /platby/hca/star-trek-gambit-cast HTTP/1.1" 200 8839 "-" "Mozilla/5.0 (compatible; SemrushBot/7~bl; +http://www.semrush.com/bot.html)"
52.54.95.127 - - [10/Dec/2025:17:10:55 +0100] "GET /platby/72zbxoz/pronunciation-synonym HTTP/1.1" 200 12579 "-" "Mozilla/5.0 AppleWebKit/537.36 (KHTML, like Gecko; compatible; Amazonbot/0.1; +https://developer.amazon.com/support/amazonbot) Chrome/119.0.6045.214 Safari/537.36"
85.208.96.203 - - [10/Dec/2025:17:11:08 +0100] "GET /platby/aohwuyx/saddiq-bey-3-point-percentage HTTP/1.1" 200 8795 "-" "Mozilla/5.0 (compatible; SemrushBot/7~bl; +http://www.semrush.com/bot.html)"
85.208.96.200 - - [10/Dec/2025:17:11:14 +0100] "GET /platby/72zbxoz/role-of-politics-in-society HTTP/1.1" 200 9166 "-" "Mozilla/5.0 (compatible; SemrushBot/7~bl; +http://www.semrush.com/bot.html)"
185.191.171.3 - - [10/Dec/2025:17:11:19 +0100] "GET /platby/hca/north-grafton-elementary-school HTTP/1.1" 200 10542 "-" "Mozilla/5.0 (compatible; SemrushBot/7~bl; +http://www.semrush.com/bot.html)"
85.208.96.196 - - [10/Dec/2025:17:11:56 +0100] "GET /platby/uwoy9/villarreal-cf-unai-emery HTTP/1.1" 200 12706 "-" "Mozilla/5.0 (compatible; SemrushBot/7~bl; +http://www.semrush.com/bot.html)"
185.191.171.14 - - [10/Dec/2025:17:11:58 +0100] "GET /platby/qqap/what-year-does-alien-take-place HTTP/1.1" 200 11928 "-" "Mozilla/5.0 (compatible; SemrushBot/7~bl; +http://www.semrush.com/bot.html)"
185.191.171.17 - - [10/Dec/2025:17:12:09 +0100] "GET /platby/72zbxoz/native-americans-today HTTP/1.1" 200 9365 "-" "Mozilla/5.0 (compatible; SemrushBot/7~bl; +http://www.semrush.com/bot.html)"
