185.191.171.1 - - [10/Dec/2025:17:12:10 +0100] "GET /platby/72zbxoz/portfolio-for-jira-pricing HTTP/1.1" 200 12538 "-" "Mozilla/5.0 (compatible; SemrushBot/7~bl; +http://www.semrush.com/bot.html)"
204.76.203.212 - - [10/Dec/2025:17:12:41 +0100] "GET /" 400 468 "-" "-"
85.208.96.200 - - [10/Dec/2025:17:12:45 +0100] "GET /platby/qqap/gaming-cafe-hyderabad HTTP/1.1" 200 7553 "-" "Mozilla/5.0 (compatible; SemrushBot/7~bl; +http://www.semrush.com/bot.html)"
185.191.171.1 - - [10/Dec/2025:17:12:51 +0100] "GET /platby/uwoy9/how-to-sync-microsoft-teams-with-outlook HTTP/1.1" 200 13998 "-" "Mozilla/5.0 (compatible; SemrushBot/7~bl; +http://www.semrush.com/bot.html)"
85.208.96.200 - - [10/Dec/2025:17:12:58 +0100] "GET /platby/uwoy9/the-astrologer's-handbook HTTP/1.1" 200 12583 "-" "Mozilla/5.0 (compatible; SemrushBot/7~bl; +http://www.semrush.com/bot.html)"
85.208.96.206 - - [10/Dec/2025:17:13:06 +0100] "GET /platby/hca/newport-county-fixtures HTTP/1.1" 200 7495 "-" "Mozilla/5.0 (compatible; SemrushBot/7~bl; +http://www.semrush.com/bot.html)"
185.191.171.17 - - [10/Dec/2025:17:13:52 +0100] "GET /platby/hca/her2-positive-prognosis HTTP/1.1" 200 11122 "-" "Mozilla/5.0 (compatible; SemrushBot/7~bl; +http://www.semrush.com/bot.html)"
85.208.96.210 - - [10/Dec/2025:17:14:19 +0100] "GET /platby/qqap/long-term-effects-of-montessori-education HTTP/1.1" 200 7810 "-" "Mozilla/5.0 (compatible; SemrushBot/7~bl; +http://www.semrush.com/bot.html)"
185.191.171.11 - - [10/Dec/2025:17:14:23 +0100] "GET /platby/hca/ricardo-allen-bengals-contract HTTP/1.1" 200 8925 "-" "Mozilla/5.0 (compatible; SemrushBot/7~bl; +http://www.semrush.com/bot.html)"
85.208.96.194 - - [10/Dec/2025:17:14:30 +0100] "GET /platby/qqap/black-fly-bites-treatment HTTP/1.1" 200 11393 "-" "Mozilla/5.0 (compatible; SemrushBot/7~bl; +http://www.semrush.com/bot.html)"
185.191.171.4 - - [10/Dec/2025:17:14:33 +0100] "GET /platby/qqap/umd-communications-alumni HTTP/1.1" 200 12359 "-" "Mozilla/5.0 (compatible; SemrushBot/7~bl; +http://www.semrush.com/bot.html)"
85.208.96.194 - - [10/Dec/2025:17:14:51 +0100] "GET /platby/hca/antonyms-and-synonyms-list HTTP/1.1" 200 5949 "-" "Mozilla/5.0 (compatible; SemrushBot/7~bl; +http://www.semrush.com/bot.html)"
185.191.171.12 - - [10/Dec/2025:17:15:02 +0100] "GET /platby/72zbxoz/loyola-university-maryland-transfer-deadline HTTP/1.1" 200 8722 "-" "Mozilla/5.0 (compatible; SemrushBot/7~bl; +http://www.semrush.com/bot.html)"
185.191.171.5 - - [10/Dec/2025:17:15:04 +0100] "GET /platby/uwoy9/colville-school-district-school-board HTTP/1.1" 200 9650 "-" "Mozilla/5.0 (compatible; SemrushBot/7~bl; +http://www.semrush.com/bot.html)"
85.208.96.194 - - [10/Dec/2025:17:15:05 +0100] "GET /platby/hca/white-wildflowers-new-england HTTP/1.1" 200 12220 "-" "Mozilla/5.0 (compatible; SemrushBot/7~bl; +http://www.semrush.com/bot.html)"
185.191.171.6 - - [10/Dec/2025:17:15:17 +0100] "GET /platby/72zbxoz/types-of-communication-media-pdf HTTP/1.1" 200 8635 "-" "Mozilla/5.0 (compatible; SemrushBot/7~bl; +http://www.semrush.com/bot.html)"
185.191.171.16 - - [10/Dec/2025:17:15:25 +0100] "GET /platby/72zbxoz/mlk-jimmie-lee-jackson-eulogy HTTP/1.1" 200 10913 "-" "Mozilla/5.0 (compatible; SemrushBot/7~bl; +http://www.semrush.com/bot.html)"
104.152.52.62 - - [10/Dec/2025:17:15:29 +0100] "GET / HTTP/1.1" 200 514 "-" "curl/7.61.1"
104.152.52.62 - - [10/Dec/2025:17:15:29 +0100] "GET /favicon.ico HTTP/1.1" 404 273 "-" "curl/7.61.1"
185.191.171.4 - - [10/Dec/2025:17:15:39 +0100] "GET /platby/hca/lancaster-legends-football HTTP/1.1" 200 9758 "-" "Mozilla/5.0 (compatible; SemrushBot/7~bl; +http://www.semrush.com/bot.html)"
85.208.96.212 - - [10/Dec/2025:17:15:51 +0100] "GET /platby/hca/alabama-champion-trees HTTP/1.1" 200 6851 "-" "Mozilla/5.0 (compatible; SemrushBot/7~bl; +http://www.semrush.com/bot.html)"
185.191.171.18 - - [10/Dec/2025:17:15:55 +0100] "GET /platby/72zbxoz/give-adjective-form-of-miracle HTTP/1.1" 200 7931 "-" "Mozilla/5.0 (compatible; SemrushBot/7~bl; +http://www.semrush.com/bot.html)"
185.191.171.6 - - [10/Dec/2025:17:16:19 +0100] "GET /platby/qqap/nearest-shopping-centre-to-my-location HTTP/1.1" 200 8303 "-" "Mozilla/5.0 (compatible; SemrushBot/7~bl; +http://www.semrush.com/bot.html)"
85.208.96.199 - - [10/Dec/2025:17:16:43 +0100] "GET /platby/qqap/prince2-risk-categories HTTP/1.1" 200 8507 "-" "Mozilla/5.0 (compatible; SemrushBot/7~bl; +http://www.semrush.com/bot.html)"
85.208.96.208 - - [10/Dec/2025:17:16:49 +0100] "GET /platby/hca/cathedral-high-school-baseball-schedule HTTP/1.1" 200 5967 "-" "Mozilla/5.0 (compatible; SemrushBot/7~bl; +http://www.semrush.com/bot.html)"
85.208.96.206 - - [10/Dec/2025:17:17:07 +0100] "GET /platby/hca/writing-improvisation HTTP/1.1" 200 7647 "-" "Mozilla/5.0 (compatible; SemrushBot/7~bl; +http://www.semrush.com/bot.html)"
85.208.96.193 - - [10/Dec/2025:17:17:11 +0100] "GET /platby/hca/rhode-island-red-color-variation HTTP/1.1" 200 6581 "-" "Mozilla/5.0 (compatible; SemrushBot/7~bl; +http://www.semrush.com/bot.html)"
151.254.134.53 - - [10/Dec/2025:17:17:56 +0100] "GET /platby/qqap/select-realty-negaunee%2C-mi HTTP/1.1" 200 10387 "-" "Mozilla/5.0 (compatible; MSIE 9.0; Windows NT 6.2; Trident/4.1)"
85.208.96.211 - - [10/Dec/2025:17:18:31 +0100] "GET /platby/uwoy9/lancet-astrazeneca-vaccine-12-weeks HTTP/1.1" 200 8350 "-" "Mozilla/5.0 (compatible; SemrushBot/7~bl; +http://www.semrush.com/bot.html)"
85.208.96.206 - - [10/Dec/2025:17:18:33 +0100] "GET /platby/72zbxoz/styx:-shards-of-darkness HTTP/1.1" 200 12302 "-" "Mozilla/5.0 (compatible; SemrushBot/7~bl; +http://www.semrush.com/bot.html)"
85.208.96.211 - - [10/Dec/2025:17:18:42 +0100] "GET /platby/hca/scalp-micropigmentation-birmingham HTTP/1.1" 200 11743 "-" "Mozilla/5.0 (compatible; SemrushBot/7~bl; +http://www.semrush.com/bot.html)"
185.191.171.17 - - [10/Dec/2025:17:18:51 +0100] "GET /platby/uwoy9/st-hilda's-primary-school-cca HTTP/1.1" 200 15116 "-" "Mozilla/5.0 (compatible; SemrushBot/7~bl; +http://www.semrush.com/bot.html)"
185.191.171.16 - - [10/Dec/2025:17:18:59 +0100] "GET /platby/72zbxoz/dna-genetics-grow-diaries HTTP/1.1" 200 12702 "-" "Mozilla/5.0 (compatible; SemrushBot/7~bl; +http://www.semrush.com/bot.html)"
85.208.96.202 - - [10/Dec/2025:17:19:05 +0100] "GET /platby/uwoy9/suggest-ways-to-improve-listening-skills HTTP/1.1" 200 10399 "-" "Mozilla/5.0 (compatible; SemrushBot/7~bl; +http://www.semrush.com/bot.html)"
85.208.96.212 - - [10/Dec/2025:17:19:13 +0100] "GET /platby/aohwuyx/international-training-methods HTTP/1.1" 200 9207 "-" "Mozilla/5.0 (compatible; SemrushBot/7~bl; +http://www.semrush.com/bot.html)"
85.208.96.198 - - [10/Dec/2025:17:19:24 +0100] "GET /platby/qqap/most-powerful-steam-locomotive HTTP/1.1" 200 13140 "-" "Mozilla/5.0 (compatible; SemrushBot/7~bl; +http://www.semrush.com/bot.html)"
85.208.96.206 - - [10/Dec/2025:17:19:26 +0100] "GET /platby/qqap/currie's-appliance-and-mattress HTTP/1.1" 200 8902 "-" "Mozilla/5.0 (compatible; SemrushBot/7~bl; +http://www.semrush.com/bot.html)"
85.208.96.195 - - [10/Dec/2025:17:19:28 +0100] "GET /platby/aohwuyx/walmart-bentonville,-ar-headquarters-address HTTP/1.1" 200 7698 "-" "Mozilla/5.0 (compatible; SemrushBot/7~bl; +http://www.semrush.com/bot.html)"
85.208.96.209 - - [10/Dec/2025:17:19:30 +0100] "GET /platby/uwoy9/harvard-plastic-surgery-fellowship HTTP/1.1" 200 8770 "-" "Mozilla/5.0 (compatible; SemrushBot/7~bl; +http://www.semrush.com/bot.html)"
185.191.171.5 - - [10/Dec/2025:17:19:36 +0100] "GET /platby/uwoy9/will-age-of-empires-work-on-windows-10 HTTP/1.1" 200 7964 "-" "Mozilla/5.0 (compatible; SemrushBot/7~bl; +http://www.semrush.com/bot.html)"
185.191.171.19 - - [10/Dec/2025:17:20:09 +0100] "GET /platby/aohwuyx/terraria-meteorite-spawn HTTP/1.1" 200 11794 "-" "Mozilla/5.0 (compatible; SemrushBot/7~bl; +http://www.semrush.com/bot.html)"
185.191.171.12 - - [10/Dec/2025:17:20:28 +0100] "GET /platby/hca/orlando-jones-pictures HTTP/1.1" 200 8259 "-" "Mozilla/5.0 (compatible; SemrushBot/7~bl; +http://www.semrush.com/bot.html)"
185.191.171.6 - - [10/Dec/2025:17:20:31 +0100] "GET /platby/aohwuyx/critical-listening-techniques-in-music HTTP/1.1" 200 14632 "-" "Mozilla/5.0 (compatible; SemrushBot/7~bl; +http://www.semrush.com/bot.html)"
139.59.59.225 - - [10/Dec/2025:17:20:52 +0100] "GET / HTTP/1.1" 200 873 "-" "Mozilla/5.0 (X11; Linux x86_64) AppleWebKit/537.36 (KHTML, like Gecko) Chrome/139.0.0.0 Safari/537.36"
139.59.59.225 - - [10/Dec/2025:17:20:53 +0100] "GET /favicon.ico HTTP/1.1" 200 1406 "http://ispc.klape.eu/" "Mozilla/5.0 (X11; Linux x86_64) AppleWebKit/537.36 (KHTML, like Gecko) Chrome/139.0.0.0 Safari/537.36"
139.59.59.225 - - [10/Dec/2025:17:20:53 +0100] "\x16\x03\x01\x02" 403 265 "-" "-"
85.208.96.209 - - [10/Dec/2025:17:21:07 +0100] "GET /platby/hca/alaska-weather-august HTTP/1.1" 200 8618 "-" "Mozilla/5.0 (compatible; SemrushBot/7~bl; +http://www.semrush.com/bot.html)"
85.208.96.200 - - [10/Dec/2025:17:21:10 +0100] "GET /platby/qqap/great-lakes-youth-hockey-league-standings HTTP/1.1" 200 11222 "-" "Mozilla/5.0 (compatible; SemrushBot/7~bl; +http://www.semrush.com/bot.html)"
104.236.85.222 - - [10/Dec/2025:17:21:11 +0100] "\x16\x03\x01\x02" 403 265 "-" "-"
185.191.171.5 - - [10/Dec/2025:17:21:13 +0100] "GET /platby/qqap/interesting-topics-in-physics-for-seminar HTTP/1.1" 200 8745 "-" "Mozilla/5.0 (compatible; SemrushBot/7~bl; +http://www.semrush.com/bot.html)"
35.205.124.240 - - [10/Dec/2025:17:21:42 +0100] "\x16\x03\x01\x05\xc2\x01" 403 265 "-" "-"
35.205.124.240 - - [10/Dec/2025:17:21:43 +0100] "\x16\x03\x01\x05\xc2\x01" 403 265 "-" "-"
35.205.124.240 - - [10/Dec/2025:17:21:43 +0100] "\x16\x03\x01\x05\xc2\x01" 403 265 "-" "-"
35.205.124.240 - - [10/Dec/2025:17:21:45 +0100] "\x16\x03\x01\x05\xc2\x01" 403 265 "-" "-"
35.205.124.240 - - [10/Dec/2025:17:21:45 +0100] "\x16\x03\x01\x05\xc2\x01" 403 265 "-" "-"
85.208.96.212 - - [10/Dec/2025:17:22:20 +0100] "GET /platby/aohwuyx/at&t-hotspot-connected-but-no-internet HTTP/1.1" 200 12973 "-" "Mozilla/5.0 (compatible; SemrushBot/7~bl; +http://www.semrush.com/bot.html)"
199.30.231.5 - - [10/Dec/2025:17:22:26 +0100] "\x16\x03\x01" 403 265 "-" "-"
85.208.96.201 - - [10/Dec/2025:17:22:31 +0100] "GET /platby/72zbxoz/best-shrubs-for-new-hampshire HTTP/1.1" 200 15252 "-" "Mozilla/5.0 (compatible; SemrushBot/7~bl; +http://www.semrush.com/bot.html)"
106.211.120.197 - - [10/Dec/2025:17:22:38 +0100] "\x16\x03\x03" 403 265 "-" "-"
85.208.96.194 - - [10/Dec/2025:17:22:44 +0100] "GET /platby/qqap/gwinnett-county-school-district-phone-number HTTP/1.1" 200 12680 "-" "Mozilla/5.0 (compatible; SemrushBot/7~bl; +http://www.semrush.com/bot.html)"
200.222.84.99 - - [10/Dec/2025:17:23:07 +0100] "GET /platby/qqap/houses-for-sale-in-west-elsdon HTTP/1.1" 200 8514 "-" "Opera/9.57.(X11; Linux i686; iu-CA) Presto/2.9.169 Version/11.00"
185.191.171.16 - - [10/Dec/2025:17:23:10 +0100] "GET /platby/aohwuyx/1988-topps-baseball-cards-unopened-box HTTP/1.1" 200 12364 "-" "Mozilla/5.0 (compatible; SemrushBot/7~bl; +http://www.semrush.com/bot.html)"
85.208.96.197 - - [10/Dec/2025:17:23:12 +0100] "GET /platby/qqap/beng-beng-beng-tiktok-music HTTP/1.1" 200 10561 "-" "Mozilla/5.0 (compatible; SemrushBot/7~bl; +http://www.semrush.com/bot.html)"
185.191.171.16 - - [10/Dec/2025:17:23:13 +0100] "GET /platby/72zbxoz/how-to-screen-record-on-windows-7 HTTP/1.1" 200 10781 "-" "Mozilla/5.0 (compatible; SemrushBot/7~bl; +http://www.semrush.com/bot.html)"
185.191.171.16 - - [10/Dec/2025:17:23:15 +0100] "GET /platby/aohwuyx/jacksonville-jaguars-seats HTTP/1.1" 200 7550 "-" "Mozilla/5.0 (compatible; SemrushBot/7~bl; +http://www.semrush.com/bot.html)"
85.208.96.193 - - [10/Dec/2025:17:23:17 +0100] "GET /platby/qqap/gwinnett-county-pay-scale-2021-2022 HTTP/1.1" 200 11039 "-" "Mozilla/5.0 (compatible; SemrushBot/7~bl; +http://www.semrush.com/bot.html)"
185.191.171.6 - - [10/Dec/2025:17:23:34 +0100] "GET /platby/uwoy9/jacksonville-arkansas-events HTTP/1.1" 200 8262 "-" "Mozilla/5.0 (compatible; SemrushBot/7~bl; +http://www.semrush.com/bot.html)"
85.208.96.198 - - [10/Dec/2025:17:23:49 +0100] "GET /platby/qqap/real-world-math-worksheets HTTP/1.1" 200 11646 "-" "Mozilla/5.0 (compatible; SemrushBot/7~bl; +http://www.semrush.com/bot.html)"
185.191.171.9 - - [10/Dec/2025:17:24:11 +0100] "GET /platby/qqap/spacetime-and-geometry-solutions HTTP/1.1" 200 10698 "-" "Mozilla/5.0 (compatible; SemrushBot/7~bl; +http://www.semrush.com/bot.html)"
85.208.96.196 - - [10/Dec/2025:17:24:13 +0100] "GET /platby/aohwuyx/microsoft-office-2013 HTTP/1.1" 200 12494 "-" "Mozilla/5.0 (compatible; SemrushBot/7~bl; +http://www.semrush.com/bot.html)"
85.208.96.208 - - [10/Dec/2025:17:24:14 +0100] "GET /platby/72zbxoz/cause-british-pronunciation HTTP/1.1" 200 12834 "-" "Mozilla/5.0 (compatible; SemrushBot/7~bl; +http://www.semrush.com/bot.html)"
85.208.96.204 - - [10/Dec/2025:17:24:44 +0100] "GET /platby/72zbxoz/batman-vs-superman-budget HTTP/1.1" 200 10131 "-" "Mozilla/5.0 (compatible; SemrushBot/7~bl; +http://www.semrush.com/bot.html)"
185.191.171.18 - - [10/Dec/2025:17:25:07 +0100] "GET /platby/aohwuyx/sans-certification-path HTTP/1.1" 200 12072 "-" "Mozilla/5.0 (compatible; SemrushBot/7~bl; +http://www.semrush.com/bot.html)"
185.191.171.19 - - [10/Dec/2025:17:25:08 +0100] "GET /platby/uwoy9/diversity-and-inclusion-articles-2021 HTTP/1.1" 200 13517 "-" "Mozilla/5.0 (compatible; SemrushBot/7~bl; +http://www.semrush.com/bot.html)"
85.208.96.211 - - [10/Dec/2025:17:25:13 +0100] "GET /platby/aohwuyx/handmade-jewellery-amsterdam HTTP/1.1" 200 8575 "-" "Mozilla/5.0 (compatible; SemrushBot/7~bl; +http://www.semrush.com/bot.html)"
103.211.52.222 - - [10/Dec/2025:17:25:56 +0100] "\x16\x03\x01\x01\xb5\x01" 403 265 "-" "-"
103.211.52.222 - - [10/Dec/2025:17:25:56 +0100] "\x16\x03\x03" 403 265 "-" "-"
185.191.171.8 - - [10/Dec/2025:17:26:04 +0100] "GET /platby/hca/oppo-cph1893-pattern-unlock-miracle-box HTTP/1.1" 200 9823 "-" "Mozilla/5.0 (compatible; SemrushBot/7~bl; +http://www.semrush.com/bot.html)"
85.208.96.210 - - [10/Dec/2025:17:26:32 +0100] "GET /platby/aohwuyx/national-diversity-council-conference-2020 HTTP/1.1" 200 12337 "-" "Mozilla/5.0 (compatible; SemrushBot/7~bl; +http://www.semrush.com/bot.html)"
85.208.96.206 - - [10/Dec/2025:17:26:39 +0100] "GET /platby/uwoy9/4th-grade-book-report-template-pdf HTTP/1.1" 200 14450 "-" "Mozilla/5.0 (compatible; SemrushBot/7~bl; +http://www.semrush.com/bot.html)"
185.191.171.16 - - [10/Dec/2025:17:26:47 +0100] "GET /platby/qqap/cambridgeside-shuttle HTTP/1.1" 200 7904 "-" "Mozilla/5.0 (compatible; SemrushBot/7~bl; +http://www.semrush.com/bot.html)"
204.76.203.206 - - [10/Dec/2025:17:26:55 +0100] "GET /" 400 468 "-" "-"
85.208.96.210 - - [10/Dec/2025:17:27:10 +0100] "GET /platby/72zbxoz/organizational-development-training-courses HTTP/1.1" 200 12117 "-" "Mozilla/5.0 (compatible; SemrushBot/7~bl; +http://www.semrush.com/bot.html)"
185.191.171.10 - - [10/Dec/2025:17:27:12 +0100] "GET /platby/qqap/diamondbacks-roster-2015 HTTP/1.1" 200 8678 "-" "Mozilla/5.0 (compatible; SemrushBot/7~bl; +http://www.semrush.com/bot.html)"
185.191.171.3 - - [10/Dec/2025:17:27:18 +0100] "GET /platby/qqap/equity-literacy-framework-definition HTTP/1.1" 200 7903 "-" "Mozilla/5.0 (compatible; SemrushBot/7~bl; +http://www.semrush.com/bot.html)"
204.76.203.206 - - [10/Dec/2025:17:27:24 +0100] "GET / HTTP/1.1" 200 316 "-" "Mozilla/5.0 (Windows NT 10.0; Win64; x64) AppleWebKit/537.36 (KHTML, like Gecko) Chrome/90.0.4430.85 Safari/537.36 Edg/90.0.818.46"
85.208.96.208 - - [10/Dec/2025:17:27:33 +0100] "GET /platby/uwoy9/hummingbird-migration-map-spring-2021 HTTP/1.1" 200 7987 "-" "Mozilla/5.0 (compatible; SemrushBot/7~bl; +http://www.semrush.com/bot.html)"
185.191.171.14 - - [10/Dec/2025:17:27:39 +0100] "GET /platby/aohwuyx/oswald-peraza-fangraphs HTTP/1.1" 200 9937 "-" "Mozilla/5.0 (compatible; SemrushBot/7~bl; +http://www.semrush.com/bot.html)"
85.208.96.204 - - [10/Dec/2025:17:27:47 +0100] "GET /platby/aohwuyx/no-cost-solar-program-texas HTTP/1.1" 200 11750 "-" "Mozilla/5.0 (compatible; SemrushBot/7~bl; +http://www.semrush.com/bot.html)"
85.208.96.194 - - [10/Dec/2025:17:28:12 +0100] "GET /platby/hca/breda-university-igad HTTP/1.1" 200 11872 "-" "Mozilla/5.0 (compatible; SemrushBot/7~bl; +http://www.semrush.com/bot.html)"
85.208.96.207 - - [10/Dec/2025:17:28:13 +0100] "GET /platby/qqap/the-lonely-island-incredible-thoughts HTTP/1.1" 200 6612 "-" "Mozilla/5.0 (compatible; SemrushBot/7~bl; +http://www.semrush.com/bot.html)"
185.191.171.18 - - [10/Dec/2025:17:28:14 +0100] "GET /platby/qqap/how-to-check-if-oauth-token-is-expired HTTP/1.1" 200 8369 "-" "Mozilla/5.0 (compatible; SemrushBot/7~bl; +http://www.semrush.com/bot.html)"
85.208.96.210 - - [10/Dec/2025:17:28:28 +0100] "GET /platby/qqap/dermalogica-ultracalming-cleanser-32-oz HTTP/1.1" 200 9725 "-" "Mozilla/5.0 (compatible; SemrushBot/7~bl; +http://www.semrush.com/bot.html)"
199.30.231.5 - - [10/Dec/2025:17:28:48 +0100] "\x16\x03\x01" 403 265 "-" "-"
85.208.96.202 - - [10/Dec/2025:17:29:10 +0100] "GET /platby/qqap/do-vascular-plants-have-roots HTTP/1.1" 200 6754 "-" "Mozilla/5.0 (compatible; SemrushBot/7~bl; +http://www.semrush.com/bot.html)"
85.208.96.193 - - [10/Dec/2025:17:29:11 +0100] "GET /platby/uwoy9/tomb-of-the-unknown-soldier-guard-salary HTTP/1.1" 200 10890 "-" "Mozilla/5.0 (compatible; SemrushBot/7~bl; +http://www.semrush.com/bot.html)"
85.208.96.212 - - [10/Dec/2025:17:29:13 +0100] "GET /platby/aohwuyx/stop-python-script-while-running HTTP/1.1" 200 15376 "-" "Mozilla/5.0 (compatible; SemrushBot/7~bl; +http://www.semrush.com/bot.html)"
160.238.124.117 - - [10/Dec/2025:17:29:34 +0100] "\x16\x03\x03\x02.\x01" 403 265 "-" "-"
85.208.96.201 - - [10/Dec/2025:17:30:02 +0100] "GET /platby/hca/heavy-rain-ethan-blackouts HTTP/1.1" 200 12296 "-" "Mozilla/5.0 (compatible; SemrushBot/7~bl; +http://www.semrush.com/bot.html)"
46.135.3.121 - - [10/Dec/2025:17:30:20 +0100] "\x16\x03\x01\x02" 403 265 "-" "-"
185.191.171.5 - - [10/Dec/2025:17:30:29 +0100] "GET /platby/72zbxoz/millwall-vs-stoke-city-head-to-head HTTP/1.1" 200 11267 "-" "Mozilla/5.0 (compatible; SemrushBot/7~bl; +http://www.semrush.com/bot.html)"
185.191.171.5 - - [10/Dec/2025:17:30:48 +0100] "GET /platby/aohwuyx/sony-xperia-pro-release-date HTTP/1.1" 200 13291 "-" "Mozilla/5.0 (compatible; SemrushBot/7~bl; +http://www.semrush.com/bot.html)"
185.191.171.8 - - [10/Dec/2025:17:30:53 +0100] "GET /platby/aohwuyx/what-happened-to-robert-archibald HTTP/1.1" 200 13711 "-" "Mozilla/5.0 (compatible; SemrushBot/7~bl; +http://www.semrush.com/bot.html)"
185.191.171.13 - - [10/Dec/2025:17:31:08 +0100] "GET /platby/qqap/mississippi-kite-attack HTTP/1.1" 200 9538 "-" "Mozilla/5.0 (compatible; SemrushBot/7~bl; +http://www.semrush.com/bot.html)"
185.191.171.10 - - [10/Dec/2025:17:31:13 +0100] "GET /platby/72zbxoz/huawei-p30-lite-not-holding-charge HTTP/1.1" 200 10120 "-" "Mozilla/5.0 (compatible; SemrushBot/7~bl; +http://www.semrush.com/bot.html)"
185.191.171.9 - - [10/Dec/2025:17:31:13 +0100] "GET /robots.txt HTTP/1.1" 200 54 "-" "Mozilla/5.0 (compatible; SemrushBot/7~bl; +http://www.semrush.com/bot.html)"
185.191.171.2 - - [10/Dec/2025:17:31:14 +0100] "GET /platby/qqap/matildas-vs-new-zealand-score-olympics HTTP/1.1" 200 10294 "-" "Mozilla/5.0 (compatible; SemrushBot/7~bl; +http://www.semrush.com/bot.html)"
85.208.96.210 - - [10/Dec/2025:17:31:17 +0100] "GET /platby/72zbxoz/general-theory-of-relativity-full-text HTTP/1.1" 200 15586 "-" "Mozilla/5.0 (compatible; SemrushBot/7~bl; +http://www.semrush.com/bot.html)"
185.191.171.15 - - [10/Dec/2025:17:31:23 +0100] "GET /platby/aohwuyx/jordan-13-dirty-bred-real-vs-fake HTTP/1.1" 200 11707 "-" "Mozilla/5.0 (compatible; SemrushBot/7~bl; +http://www.semrush.com/bot.html)"
185.191.171.16 - - [10/Dec/2025:17:31:25 +0100] "GET /platby/hca/essay-on-what-is-philosophy HTTP/1.1" 200 8046 "-" "Mozilla/5.0 (compatible; SemrushBot/7~bl; +http://www.semrush.com/bot.html)"
185.191.171.19 - - [10/Dec/2025:17:31:52 +0100] "GET /platby/qqap/18-year-old-england-football-player HTTP/1.1" 200 8137 "-" "Mozilla/5.0 (compatible; SemrushBot/7~bl; +http://www.semrush.com/bot.html)"
85.208.96.196 - - [10/Dec/2025:17:32:00 +0100] "GET /platby/hca/mcq-on-the-assistant-by-bernard-malamud HTTP/1.1" 200 12179 "-" "Mozilla/5.0 (compatible; SemrushBot/7~bl; +http://www.semrush.com/bot.html)"
216.244.66.239 - - [10/Dec/2025:17:32:04 +0100] "GET /robots.txt HTTP/1.1" 200 34 "-" "Mozilla/5.0 (compatible; DotBot/1.2; +https://opensiteexplorer.org/dotbot; help@moz.com)"
85.208.96.195 - - [10/Dec/2025:17:32:31 +0100] "GET /platby/aohwuyx/java-runtime-environment-not-found-windows-10 HTTP/1.1" 200 8597 "-" "Mozilla/5.0 (compatible; SemrushBot/7~bl; +http://www.semrush.com/bot.html)"
185.191.171.7 - - [10/Dec/2025:17:32:33 +0100] "GET /platby/aohwuyx/diversity-and-inclusion-games-for-virtual-teams HTTP/1.1" 200 8093 "-" "Mozilla/5.0 (compatible; SemrushBot/7~bl; +http://www.semrush.com/bot.html)"
185.191.171.16 - - [10/Dec/2025:17:32:53 +0100] "GET /platby/72zbxoz/carnegie-stout-public-library HTTP/1.1" 200 13173 "-" "Mozilla/5.0 (compatible; SemrushBot/7~bl; +http://www.semrush.com/bot.html)"
85.208.96.210 - - [10/Dec/2025:17:33:11 +0100] "GET /platby/qqap/women's-soccer-usa-vs-australia-olympics HTTP/1.1" 200 10203 "-" "Mozilla/5.0 (compatible; SemrushBot/7~bl; +http://www.semrush.com/bot.html)"
85.208.96.194 - - [10/Dec/2025:17:33:13 +0100] "GET /platby/qqap/turn-your-love-around-soul-train HTTP/1.1" 200 12144 "-" "Mozilla/5.0 (compatible; SemrushBot/7~bl; +http://www.semrush.com/bot.html)"
185.191.171.16 - - [10/Dec/2025:17:33:34 +0100] "GET /platby/qqap/fingerprint-hardware-for-gionee-5005 HTTP/1.1" 200 10406 "-" "Mozilla/5.0 (compatible; SemrushBot/7~bl; +http://www.semrush.com/bot.html)"
185.191.171.1 - - [10/Dec/2025:17:34:15 +0100] "GET /platby/aohwuyx/lenovo-camera-not-working-windows-10 HTTP/1.1" 200 9074 "-" "Mozilla/5.0 (compatible; SemrushBot/7~bl; +http://www.semrush.com/bot.html)"
185.191.171.10 - - [10/Dec/2025:17:34:20 +0100] "GET /platby/qqap/affectionately-in-a-sentence HTTP/1.1" 200 10672 "-" "Mozilla/5.0 (compatible; SemrushBot/7~bl; +http://www.semrush.com/bot.html)"
85.208.96.204 - - [10/Dec/2025:17:34:39 +0100] "GET /platby/aohwuyx/crash-bandicoot-wrath-of-cortex-gamecube HTTP/1.1" 200 9631 "-" "Mozilla/5.0 (compatible; SemrushBot/7~bl; +http://www.semrush.com/bot.html)"
85.208.96.194 - - [10/Dec/2025:17:34:58 +0100] "GET /platby/aohwuyx/samsung-side-fingerprint HTTP/1.1" 200 13314 "-" "Mozilla/5.0 (compatible; SemrushBot/7~bl; +http://www.semrush.com/bot.html)"
85.208.96.206 - - [10/Dec/2025:17:35:05 +0100] "GET /platby/qqap/judson-university-basketball-division HTTP/1.1" 200 11222 "-" "Mozilla/5.0 (compatible; SemrushBot/7~bl; +http://www.semrush.com/bot.html)"
185.191.171.10 - - [10/Dec/2025:17:35:25 +0100] "GET /platby/aohwuyx/university-of-maryland-law-school-ranking HTTP/1.1" 200 8189 "-" "Mozilla/5.0 (compatible; SemrushBot/7~bl; +http://www.semrush.com/bot.html)"
185.191.171.7 - - [10/Dec/2025:17:35:27 +0100] "GET /platby/aohwuyx/leadership-handbook-examples HTTP/1.1" 200 15842 "-" "Mozilla/5.0 (compatible; SemrushBot/7~bl; +http://www.semrush.com/bot.html)"
85.208.96.208 - - [10/Dec/2025:17:35:30 +0100] "GET /platby/hca/how-long-is-michigan-police-academy HTTP/1.1" 200 11213 "-" "Mozilla/5.0 (compatible; SemrushBot/7~bl; +http://www.semrush.com/bot.html)"
185.191.171.11 - - [10/Dec/2025:17:35:39 +0100] "GET /platby/aohwuyx/china-investment-in-argentina HTTP/1.1" 200 7366 "-" "Mozilla/5.0 (compatible; SemrushBot/7~bl; +http://www.semrush.com/bot.html)"
85.208.96.197 - - [10/Dec/2025:17:35:44 +0100] "GET /platby/uwoy9/forever-living-international HTTP/1.1" 200 9512 "-" "Mozilla/5.0 (compatible; SemrushBot/7~bl; +http://www.semrush.com/bot.html)"
85.208.96.210 - - [10/Dec/2025:17:35:47 +0100] "GET /platby/uwoy9/showdown-upgrades-fifa-21 HTTP/1.1" 200 9868 "-" "Mozilla/5.0 (compatible; SemrushBot/7~bl; +http://www.semrush.com/bot.html)"
185.191.171.1 - - [10/Dec/2025:17:35:53 +0100] "GET /platby/hca/avenue-clothing-store-location HTTP/1.1" 200 10642 "-" "Mozilla/5.0 (compatible; SemrushBot/7~bl; +http://www.semrush.com/bot.html)"
216.244.66.239 - - [10/Dec/2025:17:35:53 +0100] "GET /platby/article.php?5d4c26=eric-b-death HTTP/1.1" 200 19518 "-" "Mozilla/5.0 (compatible; DotBot/1.2; +https://opensiteexplorer.org/dotbot; help@moz.com)"
216.244.66.239 - - [10/Dec/2025:17:35:58 +0100] "GET /platby/article.php?5d4c26=thompson-square-record-label HTTP/1.1" 200 24430 "-" "Mozilla/5.0 (compatible; DotBot/1.2; +https://opensiteexplorer.org/dotbot; help@moz.com)"
216.244.66.239 - - [10/Dec/2025:17:36:02 +0100] "GET /platby/article.php?5d4c26=Bay-to-Breakers HTTP/1.1" 200 19368 "-" "Mozilla/5.0 (compatible; DotBot/1.2; +https://opensiteexplorer.org/dotbot; help@moz.com)"
216.244.66.239 - - [10/Dec/2025:17:36:05 +0100] "GET /platby/article.php?5d4c26=cracked-minecraft-skins HTTP/1.1" 200 20805 "-" "Mozilla/5.0 (compatible; DotBot/1.2; +https://opensiteexplorer.org/dotbot; help@moz.com)"
216.244.66.239 - - [10/Dec/2025:17:36:08 +0100] "GET /platby/article.php?5d4c26=get-over-it-foddy-net HTTP/1.1" 200 17835 "-" "Mozilla/5.0 (compatible; DotBot/1.2; +https://opensiteexplorer.org/dotbot; help@moz.com)"
216.244.66.239 - - [10/Dec/2025:17:36:11 +0100] "GET /platby/article.php?5d4c26=head-of-mars HTTP/1.1" 200 17082 "-" "Mozilla/5.0 (compatible; DotBot/1.2; +https://opensiteexplorer.org/dotbot; help@moz.com)"
216.244.66.239 - - [10/Dec/2025:17:36:14 +0100] "GET /platby/article.php?5d4c26=hot-copper-app HTTP/1.1" 200 22528 "-" "Mozilla/5.0 (compatible; DotBot/1.2; +https://opensiteexplorer.org/dotbot; help@moz.com)"
216.244.66.239 - - [10/Dec/2025:17:36:16 +0100] "GET /platby/article.php?5d4c26=kickass-malayalam-meaning HTTP/1.1" 200 22681 "-" "Mozilla/5.0 (compatible; DotBot/1.2; +https://opensiteexplorer.org/dotbot; help@moz.com)"
216.244.66.239 - - [10/Dec/2025:17:36:18 +0100] "GET /platby/article.php?5d4c26=krav-maga-vs-wing-chun HTTP/1.1" 200 22973 "-" "Mozilla/5.0 (compatible; DotBot/1.2; +https://opensiteexplorer.org/dotbot; help@moz.com)"
216.244.66.239 - - [10/Dec/2025:17:36:20 +0100] "GET /platby/article.php?5d4c26=r-v-oakes HTTP/1.1" 200 22558 "-" "Mozilla/5.0 (compatible; DotBot/1.2; +https://opensiteexplorer.org/dotbot; help@moz.com)"
216.244.66.239 - - [10/Dec/2025:17:36:21 +0100] "GET /platby/article.php?5d4c26=real-magic-company HTTP/1.1" 200 23706 "-" "Mozilla/5.0 (compatible; DotBot/1.2; +https://opensiteexplorer.org/dotbot; help@moz.com)"
216.244.66.239 - - [10/Dec/2025:17:36:23 +0100] "GET /platby/article.php?5d4c26=snes-complete-roms HTTP/1.1" 200 16638 "-" "Mozilla/5.0 (compatible; DotBot/1.2; +https://opensiteexplorer.org/dotbot; help@moz.com)"
216.244.66.239 - - [10/Dec/2025:17:36:24 +0100] "GET /platby/article.php?5d4c26=worst-small-cars HTTP/1.1" 200 22530 "-" "Mozilla/5.0 (compatible; DotBot/1.2; +https://opensiteexplorer.org/dotbot; help@moz.com)"
216.244.66.239 - - [10/Dec/2025:17:36:25 +0100] "GET /platby/article.php?5d4c26=92-news-facebook HTTP/1.1" 200 19391 "-" "Mozilla/5.0 (compatible; DotBot/1.2; +https://opensiteexplorer.org/dotbot; help@moz.com)"
216.244.66.239 - - [10/Dec/2025:17:36:26 +0100] "GET /platby/article.php?5d4c26=Climate-in-England HTTP/1.1" 200 24370 "-" "Mozilla/5.0 (compatible; DotBot/1.2; +https://opensiteexplorer.org/dotbot; help@moz.com)"
216.244.66.239 - - [10/Dec/2025:17:36:27 +0100] "GET /platby/article.php?5d4c26=Cry-in-space HTTP/1.1" 200 21000 "-" "Mozilla/5.0 (compatible; DotBot/1.2; +https://opensiteexplorer.org/dotbot; help@moz.com)"
216.244.66.239 - - [10/Dec/2025:17:36:28 +0100] "GET /platby/article.php?5d4c26=July-2017-calendar HTTP/1.1" 200 15756 "-" "Mozilla/5.0 (compatible; DotBot/1.2; +https://opensiteexplorer.org/dotbot; help@moz.com)"
216.244.66.239 - - [10/Dec/2025:17:36:30 +0100] "GET /platby/article.php?5d4c26=agile-team-structure-ppt HTTP/1.1" 200 21444 "-" "Mozilla/5.0 (compatible; DotBot/1.2; +https://opensiteexplorer.org/dotbot; help@moz.com)"
216.244.66.239 - - [10/Dec/2025:17:36:31 +0100] "GET /platby/article.php?5d4c26=best-upcoming-movies HTTP/1.1" 200 18860 "-" "Mozilla/5.0 (compatible; DotBot/1.2; +https://opensiteexplorer.org/dotbot; help@moz.com)"
216.244.66.239 - - [10/Dec/2025:17:36:33 +0100] "GET /platby/article.php?5d4c26=broncos-vs-rabbitohs-lineup HTTP/1.1" 200 24536 "-" "Mozilla/5.0 (compatible; DotBot/1.2; +https://opensiteexplorer.org/dotbot; help@moz.com)"
185.191.171.5 - - [10/Dec/2025:17:36:34 +0100] "GET /platby/qqap/aerospace-manufacturing-design HTTP/1.1" 200 8037 "-" "Mozilla/5.0 (compatible; SemrushBot/7~bl; +http://www.semrush.com/bot.html)"
216.244.66.239 - - [10/Dec/2025:17:36:34 +0100] "GET /platby/article.php?5d4c26=earthquake-northern-vt HTTP/1.1" 200 25167 "-" "Mozilla/5.0 (compatible; DotBot/1.2; +https://opensiteexplorer.org/dotbot; help@moz.com)"
216.244.66.239 - - [10/Dec/2025:17:36:35 +0100] "GET /platby/article.php?5d4c26=fujifilm-camera-film HTTP/1.1" 200 22625 "-" "Mozilla/5.0 (compatible; DotBot/1.2; +https://opensiteexplorer.org/dotbot; help@moz.com)"
185.191.171.12 - - [10/Dec/2025:17:36:35 +0100] "GET /platby/72zbxoz/eddie-jackson-food-network HTTP/1.1" 200 9491 "-" "Mozilla/5.0 (compatible; SemrushBot/7~bl; +http://www.semrush.com/bot.html)"
216.244.66.239 - - [10/Dec/2025:17:36:36 +0100] "GET /platby/article.php?5d4c26=goodbye-love-guy-lyrics HTTP/1.1" 200 25869 "-" "Mozilla/5.0 (compatible; DotBot/1.2; +https://opensiteexplorer.org/dotbot; help@moz.com)"
216.244.66.239 - - [10/Dec/2025:17:36:37 +0100] "GET /platby/article.php?5d4c26=guitar-hero-2-cheats HTTP/1.1" 200 21086 "-" "Mozilla/5.0 (compatible; DotBot/1.2; +https://opensiteexplorer.org/dotbot; help@moz.com)"
216.244.66.239 - - [10/Dec/2025:17:36:38 +0100] "GET /platby/article.php?5d4c26=honeywell-evohome-trv HTTP/1.1" 200 15526 "-" "Mozilla/5.0 (compatible; DotBot/1.2; +https://opensiteexplorer.org/dotbot; help@moz.com)"
216.244.66.239 - - [10/Dec/2025:17:36:40 +0100] "GET /platby/article.php?5d4c26=jeff-staples-doctor HTTP/1.1" 200 19336 "-" "Mozilla/5.0 (compatible; DotBot/1.2; +https://opensiteexplorer.org/dotbot; help@moz.com)"
216.244.66.239 - - [10/Dec/2025:17:36:42 +0100] "GET /platby/article.php?5d4c26=jobs-in-channel-92 HTTP/1.1" 200 22951 "-" "Mozilla/5.0 (compatible; DotBot/1.2; +https://opensiteexplorer.org/dotbot; help@moz.com)"
216.244.66.239 - - [10/Dec/2025:17:36:44 +0100] "GET /platby/article.php?5d4c26=netflix-business-model HTTP/1.1" 200 19692 "-" "Mozilla/5.0 (compatible; DotBot/1.2; +https://opensiteexplorer.org/dotbot; help@moz.com)"
216.244.66.239 - - [10/Dec/2025:17:36:46 +0100] "GET /platby/article.php?5d4c26=opposite-of-strong HTTP/1.1" 200 20216 "-" "Mozilla/5.0 (compatible; DotBot/1.2; +https://opensiteexplorer.org/dotbot; help@moz.com)"
216.244.66.239 - - [10/Dec/2025:17:36:49 +0100] "GET /platby/article.php?5d4c26=periwinkle-blue%27s-clues HTTP/1.1" 200 17539 "-" "Mozilla/5.0 (compatible; DotBot/1.2; +https://opensiteexplorer.org/dotbot; help@moz.com)"
216.244.66.239 - - [10/Dec/2025:17:36:51 +0100] "GET /platby/article.php?5d4c26=shovel-knight-final-boss HTTP/1.1" 200 21199 "-" "Mozilla/5.0 (compatible; DotBot/1.2; +https://opensiteexplorer.org/dotbot; help@moz.com)"
185.191.171.5 - - [10/Dec/2025:17:36:52 +0100] "GET /platby/hca/poland-crime-rate-vs-europe HTTP/1.1" 200 13439 "-" "Mozilla/5.0 (compatible; SemrushBot/7~bl; +http://www.semrush.com/bot.html)"
216.244.66.239 - - [10/Dec/2025:17:36:53 +0100] "GET /platby/article.php?5d4c26=smith-machine-exercises HTTP/1.1" 200 19201 "-" "Mozilla/5.0 (compatible; DotBot/1.2; +https://opensiteexplorer.org/dotbot; help@moz.com)"
216.244.66.239 - - [10/Dec/2025:17:36:55 +0100] "GET /platby/article.php?5d4c26=stockx-seller-review HTTP/1.1" 200 16453 "-" "Mozilla/5.0 (compatible; DotBot/1.2; +https://opensiteexplorer.org/dotbot; help@moz.com)"
216.244.66.239 - - [10/Dec/2025:17:36:56 +0100] "GET /platby/article.php?5d4c26=studio-c-old-cast HTTP/1.1" 200 26865 "-" "Mozilla/5.0 (compatible; DotBot/1.2; +https://opensiteexplorer.org/dotbot; help@moz.com)"
216.244.66.239 - - [10/Dec/2025:17:36:57 +0100] "GET /platby/article.php?5d4c26=vivitar-drone-website HTTP/1.1" 200 18368 "-" "Mozilla/5.0 (compatible; DotBot/1.2; +https://opensiteexplorer.org/dotbot; help@moz.com)"
216.244.66.239 - - [10/Dec/2025:17:36:59 +0100] "GET /platby/article.php?5d4c26=wagley-funeral-home HTTP/1.1" 200 20983 "-" "Mozilla/5.0 (compatible; DotBot/1.2; +https://opensiteexplorer.org/dotbot; help@moz.com)"
216.244.66.239 - - [10/Dec/2025:17:37:03 +0100] "GET /platby/article.php?5d4c26=Channel-9-Microsoft HTTP/1.1" 200 18073 "-" "Mozilla/5.0 (compatible; DotBot/1.2; +https://opensiteexplorer.org/dotbot; help@moz.com)"
216.244.66.239 - - [10/Dec/2025:17:37:05 +0100] "GET /platby/article.php?5d4c26=ansonia-clock-repair HTTP/1.1" 200 21676 "-" "Mozilla/5.0 (compatible; DotBot/1.2; +https://opensiteexplorer.org/dotbot; help@moz.com)"
216.244.66.239 - - [10/Dec/2025:17:37:07 +0100] "GET /platby/article.php?5d4c26=atlantic-starr-always-%28hq%29 HTTP/1.1" 200 16385 "-" "Mozilla/5.0 (compatible; DotBot/1.2; +https://opensiteexplorer.org/dotbot; help@moz.com)"
216.244.66.239 - - [10/Dec/2025:17:37:09 +0100] "GET /platby/article.php?5d4c26=atlas-holding-the-world HTTP/1.1" 200 23027 "-" "Mozilla/5.0 (compatible; DotBot/1.2; +https://opensiteexplorer.org/dotbot; help@moz.com)"
185.191.171.13 - - [10/Dec/2025:17:37:11 +0100] "GET /platby/qqap/dallas-cowboys-salary-cap-2020 HTTP/1.1" 200 9228 "-" "Mozilla/5.0 (compatible; SemrushBot/7~bl; +http://www.semrush.com/bot.html)"
216.244.66.239 - - [10/Dec/2025:17:37:11 +0100] "GET /platby/article.php?5d4c26=chase-hr-phone-number HTTP/1.1" 200 21064 "-" "Mozilla/5.0 (compatible; DotBot/1.2; +https://opensiteexplorer.org/dotbot; help@moz.com)"
216.244.66.239 - - [10/Dec/2025:17:37:12 +0100] "GET /platby/article.php?5d4c26=circle-border-transparent-background HTTP/1.1" 200 20047 "-" "Mozilla/5.0 (compatible; DotBot/1.2; +https://opensiteexplorer.org/dotbot; help@moz.com)"
216.244.66.239 - - [10/Dec/2025:17:37:14 +0100] "GET /platby/article.php?5d4c26=could-swissair-111-have-landed HTTP/1.1" 200 18708 "-" "Mozilla/5.0 (compatible; DotBot/1.2; +https://opensiteexplorer.org/dotbot; help@moz.com)"
185.191.171.11 - - [10/Dec/2025:17:37:14 +0100] "GET /platby/aohwuyx/tiara-princess-disney HTTP/1.1" 200 14738 "-" "Mozilla/5.0 (compatible; SemrushBot/7~bl; +http://www.semrush.com/bot.html)"
216.244.66.239 - - [10/Dec/2025:17:37:15 +0100] "GET /platby/article.php?5d4c26=detective-chief-inspector HTTP/1.1" 200 15830 "-" "Mozilla/5.0 (compatible; DotBot/1.2; +https://opensiteexplorer.org/dotbot; help@moz.com)"
216.244.66.239 - - [10/Dec/2025:17:37:16 +0100] "GET /platby/article.php?5d4c26=dragon%27s-dogma-max-stats HTTP/1.1" 200 20724 "-" "Mozilla/5.0 (compatible; DotBot/1.2; +https://opensiteexplorer.org/dotbot; help@moz.com)"
216.244.66.239 - - [10/Dec/2025:17:37:17 +0100] "GET /platby/article.php?5d4c26=fantasy-character-generator HTTP/1.1" 200 21703 "-" "Mozilla/5.0 (compatible; DotBot/1.2; +https://opensiteexplorer.org/dotbot; help@moz.com)"
216.244.66.239 - - [10/Dec/2025:17:37:18 +0100] "GET /platby/article.php?5d4c26=games-like-number-munchers HTTP/1.1" 200 16666 "-" "Mozilla/5.0 (compatible; DotBot/1.2; +https://opensiteexplorer.org/dotbot; help@moz.com)"
216.244.66.239 - - [10/Dec/2025:17:37:19 +0100] "GET /platby/article.php?5d4c26=gap-kids-outlet HTTP/1.1" 200 16379 "-" "Mozilla/5.0 (compatible; DotBot/1.2; +https://opensiteexplorer.org/dotbot; help@moz.com)"
216.244.66.239 - - [10/Dec/2025:17:37:20 +0100] "GET /platby/article.php?5d4c26=gene-kranz-pow-bracelet HTTP/1.1" 200 20726 "-" "Mozilla/5.0 (compatible; DotBot/1.2; +https://opensiteexplorer.org/dotbot; help@moz.com)"
216.244.66.239 - - [10/Dec/2025:17:37:23 +0100] "GET /platby/article.php?5d4c26=griffin-book-pdf HTTP/1.1" 200 22275 "-" "Mozilla/5.0 (compatible; DotBot/1.2; +https://opensiteexplorer.org/dotbot; help@moz.com)"
216.244.66.239 - - [10/Dec/2025:17:37:25 +0100] "GET /platby/article.php?5d4c26=guitar-hero-live-xbox-360 HTTP/1.1" 200 23757 "-" "Mozilla/5.0 (compatible; DotBot/1.2; +https://opensiteexplorer.org/dotbot; help@moz.com)"
216.244.66.239 - - [10/Dec/2025:17:37:27 +0100] "GET /platby/article.php?5d4c26=hbo-depression-documentary HTTP/1.1" 200 19245 "-" "Mozilla/5.0 (compatible; DotBot/1.2; +https://opensiteexplorer.org/dotbot; help@moz.com)"
216.244.66.239 - - [10/Dec/2025:17:37:30 +0100] "GET /platby/article.php?5d4c26=hourglass-nebula-elite-dangerous HTTP/1.1" 200 17394 "-" "Mozilla/5.0 (compatible; DotBot/1.2; +https://opensiteexplorer.org/dotbot; help@moz.com)"
216.244.66.239 - - [10/Dec/2025:17:37:32 +0100] "GET /platby/article.php?5d4c26=how-to-use-amazon-augmented-reality HTTP/1.1" 200 19632 "-" "Mozilla/5.0 (compatible; DotBot/1.2; +https://opensiteexplorer.org/dotbot; help@moz.com)"
216.244.66.239 - - [10/Dec/2025:17:37:34 +0100] "GET /platby/article.php?5d4c26=hurricane-bob-%281985%29 HTTP/1.1" 200 19870 "-" "Mozilla/5.0 (compatible; DotBot/1.2; +https://opensiteexplorer.org/dotbot; help@moz.com)"
216.244.66.239 - - [10/Dec/2025:17:37:36 +0100] "GET /platby/article.php?5d4c26=influencer-marketing-hub-tiktok HTTP/1.1" 200 23529 "-" "Mozilla/5.0 (compatible; DotBot/1.2; +https://opensiteexplorer.org/dotbot; help@moz.com)"
216.244.66.239 - - [10/Dec/2025:17:37:38 +0100] "GET /platby/article.php?5d4c26=instagram-office-san-francisco HTTP/1.1" 200 23001 "-" "Mozilla/5.0 (compatible; DotBot/1.2; +https://opensiteexplorer.org/dotbot; help@moz.com)"
185.191.171.7 - - [10/Dec/2025:17:37:38 +0100] "GET /platby/hca/phantom-of-the-opera-real-name HTTP/1.1" 200 11529 "-" "Mozilla/5.0 (compatible; SemrushBot/7~bl; +http://www.semrush.com/bot.html)"
216.244.66.239 - - [10/Dec/2025:17:37:39 +0100] "GET /platby/article.php?5d4c26=landmarks-that-start-with-d HTTP/1.1" 200 17032 "-" "Mozilla/5.0 (compatible; DotBot/1.2; +https://opensiteexplorer.org/dotbot; help@moz.com)"
216.244.66.239 - - [10/Dec/2025:17:37:41 +0100] "GET /platby/article.php?5d4c26=marconi-stallions-past-players HTTP/1.1" 200 23829 "-" "Mozilla/5.0 (compatible; DotBot/1.2; +https://opensiteexplorer.org/dotbot; help@moz.com)"
216.244.66.239 - - [10/Dec/2025:17:37:42 +0100] "GET /platby/article.php?5d4c26=metal-3d-printer-cost HTTP/1.1" 200 18281 "-" "Mozilla/5.0 (compatible; DotBot/1.2; +https://opensiteexplorer.org/dotbot; help@moz.com)"
216.244.66.239 - - [10/Dec/2025:17:37:43 +0100] "GET /platby/article.php?5d4c26=miracle-on-the-hudson-youtube HTTP/1.1" 200 15051 "-" "Mozilla/5.0 (compatible; DotBot/1.2; +https://opensiteexplorer.org/dotbot; help@moz.com)"
216.244.66.239 - - [10/Dec/2025:17:37:44 +0100] "GET /platby/article.php?5d4c26=persona-q-dlc-cia HTTP/1.1" 200 20534 "-" "Mozilla/5.0 (compatible; DotBot/1.2; +https://opensiteexplorer.org/dotbot; help@moz.com)"
216.244.66.239 - - [10/Dec/2025:17:37:45 +0100] "GET /platby/article.php?5d4c26=police-psychologist-nz HTTP/1.1" 200 24848 "-" "Mozilla/5.0 (compatible; DotBot/1.2; +https://opensiteexplorer.org/dotbot; help@moz.com)"
216.244.66.239 - - [10/Dec/2025:17:37:46 +0100] "GET /platby/article.php?5d4c26=private-label-hemp-clothing HTTP/1.1" 200 20010 "-" "Mozilla/5.0 (compatible; DotBot/1.2; +https://opensiteexplorer.org/dotbot; help@moz.com)"
216.244.66.239 - - [10/Dec/2025:17:37:47 +0100] "GET /platby/article.php?5d4c26=ryan-donk-fifa-20 HTTP/1.1" 200 14041 "-" "Mozilla/5.0 (compatible; DotBot/1.2; +https://opensiteexplorer.org/dotbot; help@moz.com)"
216.244.66.239 - - [10/Dec/2025:17:37:48 +0100] "GET /platby/article.php?5d4c26=scum-meaning-in-english HTTP/1.1" 200 22821 "-" "Mozilla/5.0 (compatible; DotBot/1.2; +https://opensiteexplorer.org/dotbot; help@moz.com)"
216.244.66.239 - - [10/Dec/2025:17:37:49 +0100] "GET /platby/article.php?5d4c26=theresa-russell-facebook HTTP/1.1" 200 18599 "-" "Mozilla/5.0 (compatible; DotBot/1.2; +https://opensiteexplorer.org/dotbot; help@moz.com)"
216.244.66.239 - - [10/Dec/2025:17:37:50 +0100] "GET /platby/article.php?5d4c26=venom-eddie-brock-616 HTTP/1.1" 200 19852 "-" "Mozilla/5.0 (compatible; DotBot/1.2; +https://opensiteexplorer.org/dotbot; help@moz.com)"
216.244.66.239 - - [10/Dec/2025:17:37:51 +0100] "GET /platby/article.php?5d4c26=we-turn-red-lyrics-meaning HTTP/1.1" 200 22937 "-" "Mozilla/5.0 (compatible; DotBot/1.2; +https://opensiteexplorer.org/dotbot; help@moz.com)"
216.244.66.239 - - [10/Dec/2025:17:37:53 +0100] "GET /platby/article.php?5d4c26=google-earth-offline-installer HTTP/1.1" 200 15079 "-" "Mozilla/5.0 (compatible; DotBot/1.2; +https://opensiteexplorer.org/dotbot; help@moz.com)"
216.244.66.239 - - [10/Dec/2025:17:37:55 +0100] "GET /platby/article.php?5d4c26=how-to-remove-hard-water-stains-from-glasses-in-dishwasher HTTP/1.1" 200 19974 "-" "Mozilla/5.0 (compatible; DotBot/1.2; +https://opensiteexplorer.org/dotbot; help@moz.com)"
216.244.66.239 - - [10/Dec/2025:17:37:57 +0100] "GET /platby/article.php?5d4c26=how-to-run-maven-command-in-intellij-terminal HTTP/1.1" 200 21074 "-" "Mozilla/5.0 (compatible; DotBot/1.2; +https://opensiteexplorer.org/dotbot; help@moz.com)"
216.244.66.239 - - [10/Dec/2025:17:37:59 +0100] "GET /platby/article.php?5d4c26=lauren-cohan-accent HTTP/1.1" 200 23288 "-" "Mozilla/5.0 (compatible; DotBot/1.2; +https://opensiteexplorer.org/dotbot; help@moz.com)"
216.244.66.239 - - [10/Dec/2025:17:38:02 +0100] "GET /platby/article.php?5d4c26=let-me-see-you-do-a-split-i%27m-moving-too-fast HTTP/1.1" 200 24851 "-" "Mozilla/5.0 (compatible; DotBot/1.2; +https://opensiteexplorer.org/dotbot; help@moz.com)"
216.244.66.239 - - [10/Dec/2025:17:38:05 +0100] "GET /platby/article.php?5d4c26=mike-hosking-breakfast-producer HTTP/1.1" 200 19790 "-" "Mozilla/5.0 (compatible; DotBot/1.2; +https://opensiteexplorer.org/dotbot; help@moz.com)"
216.244.66.239 - - [10/Dec/2025:17:38:07 +0100] "GET /platby/article.php?5d4c26=nacional-asuncion-vs-deportivo-santani HTTP/1.1" 200 23794 "-" "Mozilla/5.0 (compatible; DotBot/1.2; +https://opensiteexplorer.org/dotbot; help@moz.com)"
216.244.66.239 - - [10/Dec/2025:17:38:08 +0100] "GET /platby/article.php?5d4c26=nasa-wants-to-mine-an-asteroid HTTP/1.1" 200 18175 "-" "Mozilla/5.0 (compatible; DotBot/1.2; +https://opensiteexplorer.org/dotbot; help@moz.com)"
216.244.66.239 - - [10/Dec/2025:17:38:10 +0100] "GET /platby/article.php?5d4c26=reuters-institute-for-the-study-of-journalism HTTP/1.1" 200 18116 "-" "Mozilla/5.0 (compatible; DotBot/1.2; +https://opensiteexplorer.org/dotbot; help@moz.com)"
216.244.66.239 - - [10/Dec/2025:17:38:12 +0100] "GET /platby/article.php?5d4c26=tanzania-weather-april HTTP/1.1" 200 22361 "-" "Mozilla/5.0 (compatible; DotBot/1.2; +https://opensiteexplorer.org/dotbot; help@moz.com)"
216.244.66.239 - - [10/Dec/2025:17:38:14 +0100] "GET /platby/article.php?5d4c26=what-does-hmpt-mean-in-text HTTP/1.1" 200 17856 "-" "Mozilla/5.0 (compatible; DotBot/1.2; +https://opensiteexplorer.org/dotbot; help@moz.com)"
216.244.66.239 - - [10/Dec/2025:17:38:16 +0100] "GET /platby/article.php?5d4c26=when-did-ash-wednesday-end HTTP/1.1" 200 25647 "-" "Mozilla/5.0 (compatible; DotBot/1.2; +https://opensiteexplorer.org/dotbot; help@moz.com)"
216.244.66.239 - - [10/Dec/2025:17:38:17 +0100] "GET /platby/article.php?5d4c26=when-will-the-earth%27s-magnetic-field-flip HTTP/1.1" 200 17654 "-" "Mozilla/5.0 (compatible; DotBot/1.2; +https://opensiteexplorer.org/dotbot; help@moz.com)"
216.244.66.239 - - [10/Dec/2025:17:38:18 +0100] "GET /platby/article.php?5d4c26=yosemite-sam-accent HTTP/1.1" 200 22363 "-" "Mozilla/5.0 (compatible; DotBot/1.2; +https://opensiteexplorer.org/dotbot; help@moz.com)"
216.244.66.239 - - [10/Dec/2025:17:38:19 +0100] "GET /platby/article.php?5d4c26=Geographical-features-of-Pakistan HTTP/1.1" 200 20069 "-" "Mozilla/5.0 (compatible; DotBot/1.2; +https://opensiteexplorer.org/dotbot; help@moz.com)"
216.244.66.239 - - [10/Dec/2025:17:38:22 +0100] "GET /platby/article.php?5d4c26=new-gacha-games-august-2019 HTTP/1.1" 200 19589 "-" "Mozilla/5.0 (compatible; DotBot/1.2; +https://opensiteexplorer.org/dotbot; help@moz.com)"
216.244.66.239 - - [10/Dec/2025:17:38:25 +0100] "GET /platby/uwoy9/mako-shark-facts-national-geographic HTTP/1.1" 200 36193 "-" "Mozilla/5.0 (compatible; DotBot/1.2; +https://opensiteexplorer.org/dotbot; help@moz.com)"
216.244.66.239 - - [10/Dec/2025:17:38:29 +0100] "GET /platby/uwoy9/2021-and-2022-nba-draft-class HTTP/1.1" 200 43211 "-" "Mozilla/5.0 (compatible; DotBot/1.2; +https://opensiteexplorer.org/dotbot; help@moz.com)"
216.244.66.239 - - [10/Dec/2025:17:38:36 +0100] "GET /platby/uwoy9/crash-course-chemistry-chemical-reactions HTTP/1.1" 200 46566 "-" "Mozilla/5.0 (compatible; DotBot/1.2; +https://opensiteexplorer.org/dotbot; help@moz.com)"
216.244.66.239 - - [10/Dec/2025:17:38:41 +0100] "GET /platby/aohwuyx/utility-software-examples-list HTTP/1.1" 200 46171 "-" "Mozilla/5.0 (compatible; DotBot/1.2; +https://opensiteexplorer.org/dotbot; help@moz.com)"
216.244.66.239 - - [10/Dec/2025:17:38:45 +0100] "GET /platby/aohwuyx/valais-blacknose-sheep-characteristics HTTP/1.1" 200 51480 "-" "Mozilla/5.0 (compatible; DotBot/1.2; +https://opensiteexplorer.org/dotbot; help@moz.com)"
216.244.66.239 - - [10/Dec/2025:17:38:48 +0100] "GET /platby/uwoy9/diversity-plan-template HTTP/1.1" 200 44441 "-" "Mozilla/5.0 (compatible; DotBot/1.2; +https://opensiteexplorer.org/dotbot; help@moz.com)"
85.208.96.210 - - [10/Dec/2025:17:38:48 +0100] "GET /platby/aohwuyx/herbie-hancock-albums HTTP/1.1" 200 8552 "-" "Mozilla/5.0 (compatible; SemrushBot/7~bl; +http://www.semrush.com/bot.html)"
104.152.52.62 - - [10/Dec/2025:17:38:48 +0100] "GET / HTTP/1.1" 200 513 "-" "curl/7.61.1"
104.152.52.62 - - [10/Dec/2025:17:38:49 +0100] "GET /favicon.ico HTTP/1.1" 404 272 "-" "curl/7.61.1"
216.244.66.239 - - [10/Dec/2025:17:38:51 +0100] "GET /platby/uwoy9/sacramento-kings-mock-draft-2021 HTTP/1.1" 200 22318 "-" "Mozilla/5.0 (compatible; DotBot/1.2; +https://opensiteexplorer.org/dotbot; help@moz.com)"
216.244.66.239 - - [10/Dec/2025:17:38:53 +0100] "GET /platby/uwoy9/medgar-evers-early-life HTTP/1.1" 200 30980 "-" "Mozilla/5.0 (compatible; DotBot/1.2; +https://opensiteexplorer.org/dotbot; help@moz.com)"
216.244.66.239 - - [10/Dec/2025:17:38:56 +0100] "GET /platby/aohwuyx/microsoft-teams-restrict-access-to-files HTTP/1.1" 200 36345 "-" "Mozilla/5.0 (compatible; DotBot/1.2; +https://opensiteexplorer.org/dotbot; help@moz.com)"
216.244.66.239 - - [10/Dec/2025:17:38:58 +0100] "GET /platby/uwoy9/colgate-football-recruiting-questionnaire HTTP/1.1" 200 37513 "-" "Mozilla/5.0 (compatible; DotBot/1.2; +https://opensiteexplorer.org/dotbot; help@moz.com)"
216.244.66.239 - - [10/Dec/2025:17:38:59 +0100] "GET /platby/aohwuyx/difference-between-male-and-female-mute-swans HTTP/1.1" 200 32486 "-" "Mozilla/5.0 (compatible; DotBot/1.2; +https://opensiteexplorer.org/dotbot; help@moz.com)"
85.208.96.193 - - [10/Dec/2025:17:39:01 +0100] "GET /platby/qqap/raiders-2016-schedule HTTP/1.1" 200 10008 "-" "Mozilla/5.0 (compatible; SemrushBot/7~bl; +http://www.semrush.com/bot.html)"
216.244.66.239 - - [10/Dec/2025:17:39:01 +0100] "GET /platby/aohwuyx/phones-with-face-recognition HTTP/1.1" 200 34096 "-" "Mozilla/5.0 (compatible; DotBot/1.2; +https://opensiteexplorer.org/dotbot; help@moz.com)"
85.208.96.212 - - [10/Dec/2025:17:39:02 +0100] "GET /platby/72zbxoz/uconn-baseball-roster-2021 HTTP/1.1" 200 11635 "-" "Mozilla/5.0 (compatible; SemrushBot/7~bl; +http://www.semrush.com/bot.html)"
216.244.66.239 - - [10/Dec/2025:17:39:02 +0100] "GET /platby/aohwuyx/sharife-cooper-college HTTP/1.1" 200 45049 "-" "Mozilla/5.0 (compatible; DotBot/1.2; +https://opensiteexplorer.org/dotbot; help@moz.com)"
216.244.66.239 - - [10/Dec/2025:17:39:04 +0100] "GET /platby/uwoy9/back-to-the-future-window-scene HTTP/1.1" 200 45794 "-" "Mozilla/5.0 (compatible; DotBot/1.2; +https://opensiteexplorer.org/dotbot; help@moz.com)"
216.244.66.239 - - [10/Dec/2025:17:39:07 +0100] "GET /platby/uwoy9/weird-things-visible-from-space HTTP/1.1" 200 32630 "-" "Mozilla/5.0 (compatible; DotBot/1.2; +https://opensiteexplorer.org/dotbot; help@moz.com)"
185.191.171.12 - - [10/Dec/2025:17:39:07 +0100] "GET /platby/hca/racial-equity-and-leadership-initiative-consultant HTTP/1.1" 200 8264 "-" "Mozilla/5.0 (compatible; SemrushBot/7~bl; +http://www.semrush.com/bot.html)"
185.191.171.5 - - [10/Dec/2025:17:39:10 +0100] "GET /platby/hca/comma-after-year-in-a-sentence HTTP/1.1" 200 8509 "-" "Mozilla/5.0 (compatible; SemrushBot/7~bl; +http://www.semrush.com/bot.html)"
188.166.217.11 - - [10/Dec/2025:17:39:22 +0100] "\x16\x03\x01\x02" 403 265 "-" "-"
85.208.96.197 - - [10/Dec/2025:17:39:28 +0100] "GET /platby/aohwuyx/johnny-depp-net-worth-2010 HTTP/1.1" 200 12980 "-" "Mozilla/5.0 (compatible; SemrushBot/7~bl; +http://www.semrush.com/bot.html)"
85.208.96.202 - - [10/Dec/2025:17:39:29 +0100] "GET /platby/aohwuyx/nigerian-music-composers HTTP/1.1" 200 13398 "-" "Mozilla/5.0 (compatible; SemrushBot/7~bl; +http://www.semrush.com/bot.html)"
185.191.171.18 - - [10/Dec/2025:17:39:32 +0100] "GET /platby/72zbxoz/paul-kalkbrenner-tour-2022 HTTP/1.1" 200 10293 "-" "Mozilla/5.0 (compatible; SemrushBot/7~bl; +http://www.semrush.com/bot.html)"
85.208.96.205 - - [10/Dec/2025:17:39:34 +0100] "GET /platby/hca/south-dakota-state-university-cost HTTP/1.1" 200 11941 "-" "Mozilla/5.0 (compatible; SemrushBot/7~bl; +http://www.semrush.com/bot.html)"
85.208.96.202 - - [10/Dec/2025:17:39:38 +0100] "GET /platby/hca/ella-baker-center-jobs HTTP/1.1" 200 5642 "-" "Mozilla/5.0 (compatible; SemrushBot/7~bl; +http://www.semrush.com/bot.html)"
85.208.96.206 - - [10/Dec/2025:17:39:40 +0100] "GET /platby/qqap/solitary-and-gregarious-dragonfly HTTP/1.1" 200 8894 "-" "Mozilla/5.0 (compatible; SemrushBot/7~bl; +http://www.semrush.com/bot.html)"
85.208.96.202 - - [10/Dec/2025:17:39:57 +0100] "GET /platby/qqap/difference-between-xml-and-json HTTP/1.1" 200 7903 "-" "Mozilla/5.0 (compatible; SemrushBot/7~bl; +http://www.semrush.com/bot.html)"
