54.225.148.123 - - [10/Dec/2025:18:22:47 +0100] "GET /platby/72zbxoz/black-briar-golf-course HTTP/1.1" 200 12990 "-" "Mozilla/5.0 AppleWebKit/537.36 (KHTML, like Gecko; compatible; Amazonbot/0.1; +https://developer.amazon.com/support/amazonbot) Chrome/119.0.6045.214 Safari/537.36"
216.244.66.239 - - [10/Dec/2025:18:22:48 +0100] "GET /platby/article.php?5d4c26=nj-lottery-winner HTTP/1.1" 200 25758 "-" "Mozilla/5.0 (compatible; DotBot/1.2; +https://opensiteexplorer.org/dotbot; help@moz.com)"
216.244.66.239 - - [10/Dec/2025:18:22:51 +0100] "GET /platby/article.php?5d4c26=rovos-rail-careers HTTP/1.1" 200 15724 "-" "Mozilla/5.0 (compatible; DotBot/1.2; +https://opensiteexplorer.org/dotbot; help@moz.com)"
23.21.225.190 - - [10/Dec/2025:18:22:56 +0100] "GET /platby/72zbxoz/everywhere-you-look-everywhere-you-turn-apocalypse HTTP/1.1" 200 9256 "-" "Mozilla/5.0 AppleWebKit/537.36 (KHTML, like Gecko; compatible; Amazonbot/0.1; +https://developer.amazon.com/support/amazonbot) Chrome/119.0.6045.214 Safari/537.36"
3.218.35.239 - - [10/Dec/2025:18:22:57 +0100] "GET /platby/72zbxoz/orlando-magic-trade-deadline-2021 HTTP/1.1" 200 7615 "-" "Mozilla/5.0 AppleWebKit/537.36 (KHTML, like Gecko; compatible; Amazonbot/0.1; +https://developer.amazon.com/support/amazonbot) Chrome/119.0.6045.214 Safari/537.36"
216.244.66.239 - - [10/Dec/2025:18:22:57 +0100] "GET /platby/article.php?5d4c26=the-boulevard-stadium HTTP/1.1" 200 17831 "-" "Mozilla/5.0 (compatible; DotBot/1.2; +https://opensiteexplorer.org/dotbot; help@moz.com)"
3.210.223.61 - - [10/Dec/2025:18:23:00 +0100] "GET /platby/72zbxoz/falcons-receivers-2020-stats HTTP/1.1" 200 13480 "-" "Mozilla/5.0 AppleWebKit/537.36 (KHTML, like Gecko; compatible; Amazonbot/0.1; +https://developer.amazon.com/support/amazonbot) Chrome/119.0.6045.214 Safari/537.36"
216.244.66.239 - - [10/Dec/2025:18:23:01 +0100] "GET /platby/article.php?5d4c26=weather-maldives-15-day-forecast HTTP/1.1" 200 22247 "-" "Mozilla/5.0 (compatible; DotBot/1.2; +https://opensiteexplorer.org/dotbot; help@moz.com)"
216.244.66.239 - - [10/Dec/2025:18:23:04 +0100] "GET /platby/article.php?5d4c26=who-supports-nasa HTTP/1.1" 200 22568 "-" "Mozilla/5.0 (compatible; DotBot/1.2; +https://opensiteexplorer.org/dotbot; help@moz.com)"
3.213.46.222 - - [10/Dec/2025:18:23:04 +0100] "GET /platby/72zbxoz/principal-graduation-speech-2021 HTTP/1.1" 200 11526 "-" "Mozilla/5.0 AppleWebKit/537.36 (KHTML, like Gecko; compatible; Amazonbot/0.1; +https://developer.amazon.com/support/amazonbot) Chrome/119.0.6045.214 Safari/537.36"
216.244.66.239 - - [10/Dec/2025:18:23:06 +0100] "GET /platby/article.php?5d4c26=2014-champions-league-final-lineups HTTP/1.1" 200 19502 "-" "Mozilla/5.0 (compatible; DotBot/1.2; +https://opensiteexplorer.org/dotbot; help@moz.com)"
52.203.152.231 - - [10/Dec/2025:18:23:08 +0100] "GET /platby/72zbxoz/jordan-4-union-guava-ice-real-vs-fake HTTP/1.1" 200 8203 "-" "Mozilla/5.0 AppleWebKit/537.36 (KHTML, like Gecko; compatible; Amazonbot/0.1; +https://developer.amazon.com/support/amazonbot) Chrome/119.0.6045.214 Safari/537.36"
216.244.66.239 - - [10/Dec/2025:18:23:09 +0100] "GET /platby/article.php?5d4c26=All%E2%80%91Nippon-News-Network HTTP/1.1" 200 23522 "-" "Mozilla/5.0 (compatible; DotBot/1.2; +https://opensiteexplorer.org/dotbot; help@moz.com)"
176.65.149.45 - - [10/Dec/2025:18:23:11 +0100] "GET / HTTP/1.1" 200 316 "-" "Go-http-client/1.1"
216.244.66.239 - - [10/Dec/2025:18:23:11 +0100] "GET /platby/article.php?5d4c26=Heart-symbol-iPhone HTTP/1.1" 200 22012 "-" "Mozilla/5.0 (compatible; DotBot/1.2; +https://opensiteexplorer.org/dotbot; help@moz.com)"
18.214.238.178 - - [10/Dec/2025:18:23:12 +0100] "GET /platby/72zbxoz/agro-industry-products HTTP/1.1" 200 15353 "-" "Mozilla/5.0 AppleWebKit/537.36 (KHTML, like Gecko; compatible; Amazonbot/0.1; +https://developer.amazon.com/support/amazonbot) Chrome/119.0.6045.214 Safari/537.36"
216.244.66.239 - - [10/Dec/2025:18:23:13 +0100] "GET /platby/article.php?5d4c26=Hyundai-marketing-strategy HTTP/1.1" 200 15071 "-" "Mozilla/5.0 (compatible; DotBot/1.2; +https://opensiteexplorer.org/dotbot; help@moz.com)"
52.0.63.151 - - [10/Dec/2025:18:23:15 +0100] "GET /platby/72zbxoz/bs-computer-systems-engineering HTTP/1.1" 200 10653 "-" "Mozilla/5.0 AppleWebKit/537.36 (KHTML, like Gecko; compatible; Amazonbot/0.1; +https://developer.amazon.com/support/amazonbot) Chrome/119.0.6045.214 Safari/537.36"
216.244.66.239 - - [10/Dec/2025:18:23:15 +0100] "GET /platby/article.php?5d4c26=Shangri-La-Luxury-Circle HTTP/1.1" 200 18510 "-" "Mozilla/5.0 (compatible; DotBot/1.2; +https://opensiteexplorer.org/dotbot; help@moz.com)"
216.244.66.239 - - [10/Dec/2025:18:23:16 +0100] "GET /platby/article.php?5d4c26=Sofitel-French-Polynesia HTTP/1.1" 200 24984 "-" "Mozilla/5.0 (compatible; DotBot/1.2; +https://opensiteexplorer.org/dotbot; help@moz.com)"
216.244.66.239 - - [10/Dec/2025:18:23:18 +0100] "GET /platby/article.php?5d4c26=absolute-carnage-movie HTTP/1.1" 200 19105 "-" "Mozilla/5.0 (compatible; DotBot/1.2; +https://opensiteexplorer.org/dotbot; help@moz.com)"
85.208.96.202 - - [10/Dec/2025:18:23:18 +0100] "GET /platby/hca/when-do-crabapple-trees-bloom-in-minnesota HTTP/1.1" 200 14073 "-" "Mozilla/5.0 (compatible; SemrushBot/7~bl; +http://www.semrush.com/bot.html)"
34.231.156.59 - - [10/Dec/2025:18:23:19 +0100] "GET /platby/72zbxoz/sunpower-maxeon-3-400w-for-sale HTTP/1.1" 200 13872 "-" "Mozilla/5.0 AppleWebKit/537.36 (KHTML, like Gecko; compatible; Amazonbot/0.1; +https://developer.amazon.com/support/amazonbot) Chrome/119.0.6045.214 Safari/537.36"
216.244.66.239 - - [10/Dec/2025:18:23:20 +0100] "GET /platby/article.php?5d4c26=california-grill-phone-number HTTP/1.1" 200 18014 "-" "Mozilla/5.0 (compatible; DotBot/1.2; +https://opensiteexplorer.org/dotbot; help@moz.com)"
216.244.66.239 - - [10/Dec/2025:18:23:22 +0100] "GET /platby/article.php?5d4c26=cessna-cj1-for-sale HTTP/1.1" 200 18140 "-" "Mozilla/5.0 (compatible; DotBot/1.2; +https://opensiteexplorer.org/dotbot; help@moz.com)"
216.244.66.239 - - [10/Dec/2025:18:23:23 +0100] "GET /platby/article.php?5d4c26=cleveland-plain-dealer-archives HTTP/1.1" 200 15262 "-" "Mozilla/5.0 (compatible; DotBot/1.2; +https://opensiteexplorer.org/dotbot; help@moz.com)"
216.244.66.239 - - [10/Dec/2025:18:23:24 +0100] "GET /platby/article.php?5d4c26=cz-radio-online HTTP/1.1" 200 26055 "-" "Mozilla/5.0 (compatible; DotBot/1.2; +https://opensiteexplorer.org/dotbot; help@moz.com)"
34.192.67.98 - - [10/Dec/2025:18:23:25 +0100] "GET /platby/72zbxoz/oconee-county-schools-jobs HTTP/1.1" 200 8192 "-" "Mozilla/5.0 AppleWebKit/537.36 (KHTML, like Gecko; compatible; Amazonbot/0.1; +https://developer.amazon.com/support/amazonbot) Chrome/119.0.6045.214 Safari/537.36"
216.244.66.239 - - [10/Dec/2025:18:23:25 +0100] "GET /platby/article.php?5d4c26=decision-making-acronym HTTP/1.1" 200 18009 "-" "Mozilla/5.0 (compatible; DotBot/1.2; +https://opensiteexplorer.org/dotbot; help@moz.com)"
216.244.66.239 - - [10/Dec/2025:18:23:27 +0100] "GET /platby/article.php?5d4c26=devils-den-state-park-weather HTTP/1.1" 200 19998 "-" "Mozilla/5.0 (compatible; DotBot/1.2; +https://opensiteexplorer.org/dotbot; help@moz.com)"
216.244.66.239 - - [10/Dec/2025:18:23:28 +0100] "GET /platby/article.php?5d4c26=fun-dance-warm-up HTTP/1.1" 200 17966 "-" "Mozilla/5.0 (compatible; DotBot/1.2; +https://opensiteexplorer.org/dotbot; help@moz.com)"
216.244.66.239 - - [10/Dec/2025:18:23:29 +0100] "GET /platby/article.php?5d4c26=gold-jordan-6 HTTP/1.1" 200 21668 "-" "Mozilla/5.0 (compatible; DotBot/1.2; +https://opensiteexplorer.org/dotbot; help@moz.com)"
185.191.171.1 - - [10/Dec/2025:18:23:29 +0100] "GET /platby/qqap/boone-county-jail-inmates HTTP/1.1" 200 11697 "-" "Mozilla/5.0 (compatible; SemrushBot/7~bl; +http://www.semrush.com/bot.html)"
54.90.244.132 - - [10/Dec/2025:18:23:29 +0100] "GET /platby/72zbxoz/new-york-knicks-vintage-t-shirt HTTP/1.1" 200 15887 "-" "Mozilla/5.0 AppleWebKit/537.36 (KHTML, like Gecko; compatible; Amazonbot/0.1; +https://developer.amazon.com/support/amazonbot) Chrome/119.0.6045.214 Safari/537.36"
216.244.66.239 - - [10/Dec/2025:18:23:31 +0100] "GET /platby/article.php?5d4c26=guitar-hero%3A-metallica-song-list HTTP/1.1" 200 22698 "-" "Mozilla/5.0 (compatible; DotBot/1.2; +https://opensiteexplorer.org/dotbot; help@moz.com)"
100.28.204.82 - - [10/Dec/2025:18:23:31 +0100] "GET /platby/72zbxoz/overnight-spa-packages-near-me HTTP/1.1" 200 9624 "-" "Mozilla/5.0 AppleWebKit/537.36 (KHTML, like Gecko; compatible; Amazonbot/0.1; +https://developer.amazon.com/support/amazonbot) Chrome/119.0.6045.214 Safari/537.36"
216.244.66.239 - - [10/Dec/2025:18:23:34 +0100] "GET /platby/article.php?5d4c26=heather-mitts-parents HTTP/1.1" 200 18409 "-" "Mozilla/5.0 (compatible; DotBot/1.2; +https://opensiteexplorer.org/dotbot; help@moz.com)"
216.244.66.239 - - [10/Dec/2025:18:23:35 +0100] "GET /platby/article.php?5d4c26=hebrew-english-new-testament HTTP/1.1" 200 17739 "-" "Mozilla/5.0 (compatible; DotBot/1.2; +https://opensiteexplorer.org/dotbot; help@moz.com)"
34.231.77.232 - - [10/Dec/2025:18:23:36 +0100] "GET /platby/72zbxoz/south-african-breakfast-recipes HTTP/1.1" 200 12370 "-" "Mozilla/5.0 AppleWebKit/537.36 (KHTML, like Gecko; compatible; Amazonbot/0.1; +https://developer.amazon.com/support/amazonbot) Chrome/119.0.6045.214 Safari/537.36"
216.244.66.239 - - [10/Dec/2025:18:23:37 +0100] "GET /platby/article.php?5d4c26=hslda-academy-calendar HTTP/1.1" 200 18387 "-" "Mozilla/5.0 (compatible; DotBot/1.2; +https://opensiteexplorer.org/dotbot; help@moz.com)"
216.244.66.239 - - [10/Dec/2025:18:23:38 +0100] "GET /platby/article.php?5d4c26=i-am-waiting-meaning-in-bengali HTTP/1.1" 200 18533 "-" "Mozilla/5.0 (compatible; DotBot/1.2; +https://opensiteexplorer.org/dotbot; help@moz.com)"
54.210.152.179 - - [10/Dec/2025:18:23:39 +0100] "GET /platby/72zbxoz/jackson-rutledge-draft HTTP/1.1" 200 9890 "-" "Mozilla/5.0 AppleWebKit/537.36 (KHTML, like Gecko; compatible; Amazonbot/0.1; +https://developer.amazon.com/support/amazonbot) Chrome/119.0.6045.214 Safari/537.36"
216.244.66.239 - - [10/Dec/2025:18:23:40 +0100] "GET /platby/article.php?5d4c26=i-don%27t-like-physical-affection HTTP/1.1" 200 24134 "-" "Mozilla/5.0 (compatible; DotBot/1.2; +https://opensiteexplorer.org/dotbot; help@moz.com)"
216.244.66.239 - - [10/Dec/2025:18:23:41 +0100] "GET /platby/article.php?5d4c26=industrial-light-stand HTTP/1.1" 200 21282 "-" "Mozilla/5.0 (compatible; DotBot/1.2; +https://opensiteexplorer.org/dotbot; help@moz.com)"
216.244.66.239 - - [10/Dec/2025:18:23:43 +0100] "GET /platby/article.php?5d4c26=insect-study-preschool HTTP/1.1" 200 21205 "-" "Mozilla/5.0 (compatible; DotBot/1.2; +https://opensiteexplorer.org/dotbot; help@moz.com)"
18.214.124.6 - - [10/Dec/2025:18:23:43 +0100] "GET /platby/72zbxoz/arizona-cardinals-parking-map HTTP/1.1" 200 14477 "-" "Mozilla/5.0 AppleWebKit/537.36 (KHTML, like Gecko; compatible; Amazonbot/0.1; +https://developer.amazon.com/support/amazonbot) Chrome/119.0.6045.214 Safari/537.36"
216.244.66.239 - - [10/Dec/2025:18:23:44 +0100] "GET /platby/article.php?5d4c26=kallum-watkins-salary HTTP/1.1" 200 21803 "-" "Mozilla/5.0 (compatible; DotBot/1.2; +https://opensiteexplorer.org/dotbot; help@moz.com)"
216.244.66.239 - - [10/Dec/2025:18:23:45 +0100] "GET /platby/article.php?5d4c26=led-digital-wall-clock-battery-operated HTTP/1.1" 200 25638 "-" "Mozilla/5.0 (compatible; DotBot/1.2; +https://opensiteexplorer.org/dotbot; help@moz.com)"
141.98.11.170 - - [10/Dec/2025:18:23:46 +0100] "GET /" 400 468 "-" "-"
216.244.66.239 - - [10/Dec/2025:18:23:47 +0100] "GET /platby/article.php?5d4c26=lyakhovsky-islands-population HTTP/1.1" 200 21121 "-" "Mozilla/5.0 (compatible; DotBot/1.2; +https://opensiteexplorer.org/dotbot; help@moz.com)"
216.244.66.239 - - [10/Dec/2025:18:23:48 +0100] "GET /platby/article.php?5d4c26=mao-mao%3A-heroes-of-pure-heart-kisscartoon HTTP/1.1" 200 22596 "-" "Mozilla/5.0 (compatible; DotBot/1.2; +https://opensiteexplorer.org/dotbot; help@moz.com)"
52.203.65.83 - - [10/Dec/2025:18:23:49 +0100] "GET /platby/72zbxoz/running-wild-davenport HTTP/1.1" 200 11695 "-" "Mozilla/5.0 AppleWebKit/537.36 (KHTML, like Gecko; compatible; Amazonbot/0.1; +https://developer.amazon.com/support/amazonbot) Chrome/119.0.6045.214 Safari/537.36"
216.244.66.239 - - [10/Dec/2025:18:23:49 +0100] "GET /platby/article.php?5d4c26=marylebone-live-departures HTTP/1.1" 200 19774 "-" "Mozilla/5.0 (compatible; DotBot/1.2; +https://opensiteexplorer.org/dotbot; help@moz.com)"
216.244.66.239 - - [10/Dec/2025:18:23:50 +0100] "GET /platby/article.php?5d4c26=mirror-now-careers HTTP/1.1" 200 23416 "-" "Mozilla/5.0 (compatible; DotBot/1.2; +https://opensiteexplorer.org/dotbot; help@moz.com)"
54.83.240.58 - - [10/Dec/2025:18:23:51 +0100] "GET /platby/72zbxoz/motorola-g7-power-battery-replacement HTTP/1.1" 200 14112 "-" "Mozilla/5.0 AppleWebKit/537.36 (KHTML, like Gecko; compatible; Amazonbot/0.1; +https://developer.amazon.com/support/amazonbot) Chrome/119.0.6045.214 Safari/537.36"
216.244.66.239 - - [10/Dec/2025:18:23:51 +0100] "GET /platby/article.php?5d4c26=mortal-pubg-player HTTP/1.1" 200 18042 "-" "Mozilla/5.0 (compatible; DotBot/1.2; +https://opensiteexplorer.org/dotbot; help@moz.com)"
216.244.66.239 - - [10/Dec/2025:18:23:52 +0100] "GET /platby/article.php?5d4c26=music-note-tattoos-on-arm HTTP/1.1" 200 16900 "-" "Mozilla/5.0 (compatible; DotBot/1.2; +https://opensiteexplorer.org/dotbot; help@moz.com)"
216.244.66.239 - - [10/Dec/2025:18:23:54 +0100] "GET /platby/article.php?5d4c26=ntuc-fairprice-promotion HTTP/1.1" 200 21206 "-" "Mozilla/5.0 (compatible; DotBot/1.2; +https://opensiteexplorer.org/dotbot; help@moz.com)"
54.147.182.90 - - [10/Dec/2025:18:23:55 +0100] "GET /platby/72zbxoz/3-ingredient-alcoholic-drinks HTTP/1.1" 200 14396 "-" "Mozilla/5.0 AppleWebKit/537.36 (KHTML, like Gecko; compatible; Amazonbot/0.1; +https://developer.amazon.com/support/amazonbot) Chrome/119.0.6045.214 Safari/537.36"
216.244.66.239 - - [10/Dec/2025:18:23:55 +0100] "GET /platby/article.php?5d4c26=pedigree-puppy-food HTTP/1.1" 200 18230 "-" "Mozilla/5.0 (compatible; DotBot/1.2; +https://opensiteexplorer.org/dotbot; help@moz.com)"
216.244.66.239 - - [10/Dec/2025:18:23:57 +0100] "GET /platby/article.php?5d4c26=pennsylvania-railroad-monopoly HTTP/1.1" 200 15520 "-" "Mozilla/5.0 (compatible; DotBot/1.2; +https://opensiteexplorer.org/dotbot; help@moz.com)"
44.218.170.184 - - [10/Dec/2025:18:23:59 +0100] "GET /platby/qqap/tupac-poetic-justice-shirt-walmart HTTP/1.1" 200 10351 "-" "Mozilla/5.0 AppleWebKit/537.36 (KHTML, like Gecko; compatible; Amazonbot/0.1; +https://developer.amazon.com/support/amazonbot) Chrome/119.0.6045.214 Safari/537.36"
216.244.66.239 - - [10/Dec/2025:18:23:59 +0100] "GET /platby/article.php?5d4c26=piha-beach-accommodation HTTP/1.1" 200 22967 "-" "Mozilla/5.0 (compatible; DotBot/1.2; +https://opensiteexplorer.org/dotbot; help@moz.com)"
18.211.148.239 - - [10/Dec/2025:18:24:03 +0100] "GET /platby/72zbxoz/giovanni-di-lorenzo-freundin-2020 HTTP/1.1" 200 7210 "-" "Mozilla/5.0 AppleWebKit/537.36 (KHTML, like Gecko; compatible; Amazonbot/0.1; +https://developer.amazon.com/support/amazonbot) Chrome/119.0.6045.214 Safari/537.36"
216.244.66.239 - - [10/Dec/2025:18:24:03 +0100] "GET /platby/article.php?5d4c26=project-euler-solutions HTTP/1.1" 200 20576 "-" "Mozilla/5.0 (compatible; DotBot/1.2; +https://opensiteexplorer.org/dotbot; help@moz.com)"
216.244.66.239 - - [10/Dec/2025:18:24:07 +0100] "GET /platby/article.php?5d4c26=setting-up-wordpress-azure HTTP/1.1" 200 18838 "-" "Mozilla/5.0 (compatible; DotBot/1.2; +https://opensiteexplorer.org/dotbot; help@moz.com)"
107.22.208.39 - - [10/Dec/2025:18:24:07 +0100] "GET /platby/72zbxoz/david-easter-and-denise-welch HTTP/1.1" 200 10690 "-" "Mozilla/5.0 AppleWebKit/537.36 (KHTML, like Gecko; compatible; Amazonbot/0.1; +https://developer.amazon.com/support/amazonbot) Chrome/119.0.6045.214 Safari/537.36"
216.244.66.239 - - [10/Dec/2025:18:24:10 +0100] "GET /platby/article.php?5d4c26=spaceship-to-the-moon HTTP/1.1" 200 19046 "-" "Mozilla/5.0 (compatible; DotBot/1.2; +https://opensiteexplorer.org/dotbot; help@moz.com)"
44.223.115.10 - - [10/Dec/2025:18:24:12 +0100] "GET /platby/72zbxoz/common-blue-violet-ground-cover HTTP/1.1" 200 12686 "-" "Mozilla/5.0 AppleWebKit/537.36 (KHTML, like Gecko; compatible; Amazonbot/0.1; +https://developer.amazon.com/support/amazonbot) Chrome/119.0.6045.214 Safari/537.36"
185.191.171.14 - - [10/Dec/2025:18:24:13 +0100] "GET /platby/qqap/state-vs-federal-government-issues HTTP/1.1" 200 10913 "-" "Mozilla/5.0 (compatible; SemrushBot/7~bl; +http://www.semrush.com/bot.html)"
216.244.66.239 - - [10/Dec/2025:18:24:14 +0100] "GET /platby/article.php?5d4c26=tanjong-rhu-369 HTTP/1.1" 200 21195 "-" "Mozilla/5.0 (compatible; DotBot/1.2; +https://opensiteexplorer.org/dotbot; help@moz.com)"
85.208.96.197 - - [10/Dec/2025:18:24:14 +0100] "GET /platby/qqap/apprehension-in-a-sentence HTTP/1.1" 200 11017 "-" "Mozilla/5.0 (compatible; SemrushBot/7~bl; +http://www.semrush.com/bot.html)"
3.212.219.113 - - [10/Dec/2025:18:24:17 +0100] "GET /platby/qqap/famous-basketball-players-from-kansas HTTP/1.1" 200 11474 "-" "Mozilla/5.0 AppleWebKit/537.36 (KHTML, like Gecko; compatible; Amazonbot/0.1; +https://developer.amazon.com/support/amazonbot) Chrome/119.0.6045.214 Safari/537.36"
216.244.66.239 - - [10/Dec/2025:18:24:17 +0100] "GET /platby/article.php?5d4c26=trader-joe%27s-sweetango-apples HTTP/1.1" 200 20523 "-" "Mozilla/5.0 (compatible; DotBot/1.2; +https://opensiteexplorer.org/dotbot; help@moz.com)"
216.244.66.239 - - [10/Dec/2025:18:24:20 +0100] "GET /platby/article.php?5d4c26=vanilla-%26-cinnamon-yogurt HTTP/1.1" 200 21779 "-" "Mozilla/5.0 (compatible; DotBot/1.2; +https://opensiteexplorer.org/dotbot; help@moz.com)"
85.208.96.208 - - [10/Dec/2025:18:24:23 +0100] "GET /platby/uwoy9/bollywood-villain-actors HTTP/1.1" 200 8120 "-" "Mozilla/5.0 (compatible; SemrushBot/7~bl; +http://www.semrush.com/bot.html)"
216.244.66.239 - - [10/Dec/2025:18:24:23 +0100] "GET /platby/article.php?5d4c26=what-are-the-3-most-important-things-in-a-marriage%3F HTTP/1.1" 200 22363 "-" "Mozilla/5.0 (compatible; DotBot/1.2; +https://opensiteexplorer.org/dotbot; help@moz.com)"
85.208.96.200 - - [10/Dec/2025:18:24:24 +0100] "GET /platby/uwoy9/god-i-tired-of-being-single-and-lonely HTTP/1.1" 200 13485 "-" "Mozilla/5.0 (compatible; SemrushBot/7~bl; +http://www.semrush.com/bot.html)"
216.244.66.239 - - [10/Dec/2025:18:24:25 +0100] "GET /platby/article.php?5d4c26=when-to-use-hydrogen-peroxide HTTP/1.1" 200 20737 "-" "Mozilla/5.0 (compatible; DotBot/1.2; +https://opensiteexplorer.org/dotbot; help@moz.com)"
185.191.171.12 - - [10/Dec/2025:18:24:26 +0100] "GET /platby/qqap/what-is-the-best-middle-school-in-the-world HTTP/1.1" 200 9863 "-" "Mozilla/5.0 (compatible; SemrushBot/7~bl; +http://www.semrush.com/bot.html)"
216.244.66.239 - - [10/Dec/2025:18:24:27 +0100] "GET /platby/article.php?5d4c26=where-questions-in-french HTTP/1.1" 200 20799 "-" "Mozilla/5.0 (compatible; DotBot/1.2; +https://opensiteexplorer.org/dotbot; help@moz.com)"
216.244.66.239 - - [10/Dec/2025:18:24:29 +0100] "GET /platby/article.php?5d4c26=2-explain-the-importance-of-wearing-hakama-in-the-cambodian-martial-art-bokator HTTP/1.1" 200 21197 "-" "Mozilla/5.0 (compatible; DotBot/1.2; +https://opensiteexplorer.org/dotbot; help@moz.com)"
216.244.66.239 - - [10/Dec/2025:18:24:31 +0100] "GET /platby/article.php?5d4c26=Backpack-in-Spanish HTTP/1.1" 200 18958 "-" "Mozilla/5.0 (compatible; DotBot/1.2; +https://opensiteexplorer.org/dotbot; help@moz.com)"
216.244.66.239 - - [10/Dec/2025:18:24:35 +0100] "GET /platby/article.php?5d4c26=hawaiian-words-that-start-with-n HTTP/1.1" 200 15189 "-" "Mozilla/5.0 (compatible; DotBot/1.2; +https://opensiteexplorer.org/dotbot; help@moz.com)"
85.208.96.204 - - [10/Dec/2025:18:24:36 +0100] "GET /platby/uwoy9/nuclear-engineering-training HTTP/1.1" 200 10999 "-" "Mozilla/5.0 (compatible; SemrushBot/7~bl; +http://www.semrush.com/bot.html)"
216.244.66.239 - - [10/Dec/2025:18:24:39 +0100] "GET /platby/article.php?5d4c26=sri-lanka-tsunami-death-toll HTTP/1.1" 200 16453 "-" "Mozilla/5.0 (compatible; DotBot/1.2; +https://opensiteexplorer.org/dotbot; help@moz.com)"
216.244.66.239 - - [10/Dec/2025:18:24:41 +0100] "GET /platby/article.php?5d4c26=stamford-bridge-detailed-seating-plan HTTP/1.1" 200 21866 "-" "Mozilla/5.0 (compatible; DotBot/1.2; +https://opensiteexplorer.org/dotbot; help@moz.com)"
216.244.66.239 - - [10/Dec/2025:18:24:44 +0100] "GET /platby/article.php?5d4c26=swearing-an-affidavit HTTP/1.1" 200 20556 "-" "Mozilla/5.0 (compatible; DotBot/1.2; +https://opensiteexplorer.org/dotbot; help@moz.com)"
185.191.171.12 - - [10/Dec/2025:18:24:44 +0100] "GET /platby/qqap/beatriz-brazil-soccer HTTP/1.1" 200 10322 "-" "Mozilla/5.0 (compatible; SemrushBot/7~bl; +http://www.semrush.com/bot.html)"
216.244.66.239 - - [10/Dec/2025:18:24:47 +0100] "GET /platby/article.php?5d4c26=when-was-the-last-time-mount-tambora-erupted HTTP/1.1" 200 17907 "-" "Mozilla/5.0 (compatible; DotBot/1.2; +https://opensiteexplorer.org/dotbot; help@moz.com)"
216.244.66.239 - - [10/Dec/2025:18:24:49 +0100] "GET /platby/article.php?5d4c26=wireless-spectrum-map HTTP/1.1" 200 17115 "-" "Mozilla/5.0 (compatible; DotBot/1.2; +https://opensiteexplorer.org/dotbot; help@moz.com)"
216.244.66.239 - - [10/Dec/2025:18:24:51 +0100] "GET /platby/article.php?5d4c26=by-what-percentage-does-a-larks-foot-or-choker-attachment-weaken-a-tape-sling HTTP/1.1" 200 18444 "-" "Mozilla/5.0 (compatible; DotBot/1.2; +https://opensiteexplorer.org/dotbot; help@moz.com)"
216.244.66.239 - - [10/Dec/2025:18:24:53 +0100] "GET /platby/article.php?5d4c26=dividend-info-into-excel HTTP/1.1" 200 20185 "-" "Mozilla/5.0 (compatible; DotBot/1.2; +https://opensiteexplorer.org/dotbot; help@moz.com)"
216.244.66.239 - - [10/Dec/2025:18:24:54 +0100] "GET /platby/uwoy9/kentucky-limestone-water HTTP/1.1" 200 45352 "-" "Mozilla/5.0 (compatible; DotBot/1.2; +https://opensiteexplorer.org/dotbot; help@moz.com)"
216.244.66.239 - - [10/Dec/2025:18:24:56 +0100] "GET /platby/aohwuyx/bard-student-services HTTP/1.1" 200 43208 "-" "Mozilla/5.0 (compatible; DotBot/1.2; +https://opensiteexplorer.org/dotbot; help@moz.com)"
185.191.171.19 - - [10/Dec/2025:18:24:56 +0100] "GET /platby/72zbxoz/fingerprint-sensor-may-be-dirty-samsung HTTP/1.1" 200 7714 "-" "Mozilla/5.0 (compatible; SemrushBot/7~bl; +http://www.semrush.com/bot.html)"
216.244.66.239 - - [10/Dec/2025:18:24:57 +0100] "GET /platby/uwoy9/best-flower-girl-dresses-2021 HTTP/1.1" 200 41089 "-" "Mozilla/5.0 (compatible; DotBot/1.2; +https://opensiteexplorer.org/dotbot; help@moz.com)"
216.244.66.239 - - [10/Dec/2025:18:24:58 +0100] "GET /platby/uwoy9/marquette-county-waterfront-land-for-sale HTTP/1.1" 200 34856 "-" "Mozilla/5.0 (compatible; DotBot/1.2; +https://opensiteexplorer.org/dotbot; help@moz.com)"
85.208.96.194 - - [10/Dec/2025:18:24:59 +0100] "GET /platby/aohwuyx/superhero-real-names-alliteration HTTP/1.1" 200 10579 "-" "Mozilla/5.0 (compatible; SemrushBot/7~bl; +http://www.semrush.com/bot.html)"
216.244.66.239 - - [10/Dec/2025:18:25:00 +0100] "GET /platby/uwoy9/harding-university-graduation HTTP/1.1" 200 38340 "-" "Mozilla/5.0 (compatible; DotBot/1.2; +https://opensiteexplorer.org/dotbot; help@moz.com)"
216.244.66.239 - - [10/Dec/2025:18:25:02 +0100] "GET /platby/uwoy9/most-beautiful-music-videos HTTP/1.1" 200 40317 "-" "Mozilla/5.0 (compatible; DotBot/1.2; +https://opensiteexplorer.org/dotbot; help@moz.com)"
216.244.66.239 - - [10/Dec/2025:18:25:03 +0100] "GET /platby/uwoy9/rhododendron-vs-mountain-laurel HTTP/1.1" 200 37806 "-" "Mozilla/5.0 (compatible; DotBot/1.2; +https://opensiteexplorer.org/dotbot; help@moz.com)"
216.244.66.239 - - [10/Dec/2025:18:25:04 +0100] "GET /platby/aohwuyx/landmarks-in-kansas-city HTTP/1.1" 200 46746 "-" "Mozilla/5.0 (compatible; DotBot/1.2; +https://opensiteexplorer.org/dotbot; help@moz.com)"
216.244.66.239 - - [10/Dec/2025:18:25:06 +0100] "GET /platby/aohwuyx/where-did-tupac-live-in-harlem HTTP/1.1" 200 32837 "-" "Mozilla/5.0 (compatible; DotBot/1.2; +https://opensiteexplorer.org/dotbot; help@moz.com)"
216.244.66.239 - - [10/Dec/2025:18:25:08 +0100] "GET /platby/uwoy9/ibm-think-2021-sponsorship HTTP/1.1" 200 34638 "-" "Mozilla/5.0 (compatible; DotBot/1.2; +https://opensiteexplorer.org/dotbot; help@moz.com)"
216.244.66.239 - - [10/Dec/2025:18:25:10 +0100] "GET /platby/aohwuyx/1080p-wallpapers-for-pc-gaming HTTP/1.1" 200 45170 "-" "Mozilla/5.0 (compatible; DotBot/1.2; +https://opensiteexplorer.org/dotbot; help@moz.com)"
216.244.66.239 - - [10/Dec/2025:18:25:11 +0100] "GET /platby/aohwuyx/fort-hood-outdoor-recreation HTTP/1.1" 200 32163 "-" "Mozilla/5.0 (compatible; DotBot/1.2; +https://opensiteexplorer.org/dotbot; help@moz.com)"
216.244.66.239 - - [10/Dec/2025:18:25:13 +0100] "GET /platby/aohwuyx/voya-financial-advisor-login HTTP/1.1" 200 44496 "-" "Mozilla/5.0 (compatible; DotBot/1.2; +https://opensiteexplorer.org/dotbot; help@moz.com)"
216.244.66.239 - - [10/Dec/2025:18:25:14 +0100] "GET /platby/aohwuyx/horace-grant-hall-of-fame HTTP/1.1" 200 47057 "-" "Mozilla/5.0 (compatible; DotBot/1.2; +https://opensiteexplorer.org/dotbot; help@moz.com)"
216.244.66.239 - - [10/Dec/2025:18:25:15 +0100] "GET /platby/aohwuyx/what-is-the-value-of-diversity-in-an-organization HTTP/1.1" 200 38330 "-" "Mozilla/5.0 (compatible; DotBot/1.2; +https://opensiteexplorer.org/dotbot; help@moz.com)"
85.208.96.193 - - [10/Dec/2025:18:25:20 +0100] "GET /platby/qqap/365-science-experiments-book-pdf HTTP/1.1" 200 6244 "-" "Mozilla/5.0 (compatible; SemrushBot/7~bl; +http://www.semrush.com/bot.html)"
170.64.187.43 - - [10/Dec/2025:18:25:21 +0100] "GET /ab2g HTTP/1.1" 404 178 "-" "Mozilla/5.0 zgrab/0.x"
170.64.187.43 - - [10/Dec/2025:18:25:23 +0100] "GET /ab2h HTTP/1.1" 404 177 "-" "Mozilla/5.0 zgrab/0.x"
170.64.187.43 - - [10/Dec/2025:18:25:23 +0100] "GET /" 400 468 "-" "-"
170.64.187.43 - - [10/Dec/2025:18:25:25 +0100] "GET / HTTP/1.1" 200 2492 "-" "Mozilla/5.0 (Windows NT 10.0; Win64; x64) AppleWebKit/537.36 (KHTML, like Gecko) Chrome/108.0.0.0 Safari/537.36"
170.64.187.43 - - [10/Dec/2025:18:25:25 +0100] "GET /" 400 468 "-" "-"
170.64.187.43 - - [10/Dec/2025:18:25:27 +0100] "GET /download/powershell/ HTTP/1.1" 404 188 "-" "Mozilla/5.0 (Windows NT 6.1; WOW64; Trident/7.0; rv:11.0) like Gecko"
170.64.187.43 - - [10/Dec/2025:18:25:27 +0100] "GET /" 400 468 "-" "-"
185.191.171.17 - - [10/Dec/2025:18:25:41 +0100] "GET /platby/hca/massive-attack-paradise-circus-singer HTTP/1.1" 200 10793 "-" "Mozilla/5.0 (compatible; SemrushBot/7~bl; +http://www.semrush.com/bot.html)"
185.191.171.12 - - [10/Dec/2025:18:25:56 +0100] "GET /platby/72zbxoz/restaurants-near-svn-west-san-francisco HTTP/1.1" 200 12430 "-" "Mozilla/5.0 (compatible; SemrushBot/7~bl; +http://www.semrush.com/bot.html)"
185.191.171.4 - - [10/Dec/2025:18:25:58 +0100] "GET /platby/uwoy9/highway-to-hell-guitar-chords-pdf HTTP/1.1" 200 13919 "-" "Mozilla/5.0 (compatible; SemrushBot/7~bl; +http://www.semrush.com/bot.html)"
185.191.171.19 - - [10/Dec/2025:18:26:01 +0100] "GET /platby/uwoy9/electronic-piano-chord-finder HTTP/1.1" 200 7664 "-" "Mozilla/5.0 (compatible; SemrushBot/7~bl; +http://www.semrush.com/bot.html)"
185.191.171.12 - - [10/Dec/2025:18:26:10 +0100] "GET /platby/qqap/swipe-view-controller-swift HTTP/1.1" 200 8256 "-" "Mozilla/5.0 (compatible; SemrushBot/7~bl; +http://www.semrush.com/bot.html)"
185.191.171.4 - - [10/Dec/2025:18:26:37 +0100] "GET /platby/qqap/confederate-government HTTP/1.1" 200 6935 "-" "Mozilla/5.0 (compatible; SemrushBot/7~bl; +http://www.semrush.com/bot.html)"
85.208.96.194 - - [10/Dec/2025:18:26:50 +0100] "GET /platby/aohwuyx/why-was-charles-boycott-hated HTTP/1.1" 200 7407 "-" "Mozilla/5.0 (compatible; SemrushBot/7~bl; +http://www.semrush.com/bot.html)"
66.249.79.130 - - [10/Dec/2025:18:27:01 +0100] "\x16\x03\x01\x02" 403 265 "-" "-"
216.244.66.239 - - [10/Dec/2025:18:27:16 +0100] "GET /platby/aohwuyx/how-to-spot-fake-jordan-11-concord HTTP/1.1" 200 40499 "-" "Mozilla/5.0 (compatible; DotBot/1.2; +https://opensiteexplorer.org/dotbot; help@moz.com)"
185.191.171.8 - - [10/Dec/2025:18:27:17 +0100] "GET /platby/aohwuyx/django-jwt-authentication-example-github HTTP/1.1" 200 9588 "-" "Mozilla/5.0 (compatible; SemrushBot/7~bl; +http://www.semrush.com/bot.html)"
185.191.171.5 - - [10/Dec/2025:18:27:27 +0100] "GET /platby/aohwuyx/a-house-divided-against-itself-cannot-stand-origin HTTP/1.1" 200 12383 "-" "Mozilla/5.0 (compatible; SemrushBot/7~bl; +http://www.semrush.com/bot.html)"
185.191.171.18 - - [10/Dec/2025:18:27:58 +0100] "GET /platby/72zbxoz/nba-2k-league-application-2021 HTTP/1.1" 200 11950 "-" "Mozilla/5.0 (compatible; SemrushBot/7~bl; +http://www.semrush.com/bot.html)"
185.191.171.6 - - [10/Dec/2025:18:28:13 +0100] "GET /platby/72zbxoz/head-captain-yamamoto-bankai HTTP/1.1" 200 9768 "-" "Mozilla/5.0 (compatible; SemrushBot/7~bl; +http://www.semrush.com/bot.html)"
85.208.96.198 - - [10/Dec/2025:18:28:26 +0100] "GET /platby/72zbxoz/turbomachines-work-under-which-law HTTP/1.1" 200 14387 "-" "Mozilla/5.0 (compatible; SemrushBot/7~bl; +http://www.semrush.com/bot.html)"
66.249.79.3 - - [10/Dec/2025:18:28:32 +0100] "\x16\x03\x01\x02" 403 265 "-" "-"
185.191.171.11 - - [10/Dec/2025:18:28:32 +0100] "GET /platby/uwoy9/where-is-sherwood,-arkansas HTTP/1.1" 200 11119 "-" "Mozilla/5.0 (compatible; SemrushBot/7~bl; +http://www.semrush.com/bot.html)"
85.208.96.193 - - [10/Dec/2025:18:28:36 +0100] "GET /platby/uwoy9/websites-popular-with-college-students HTTP/1.1" 200 10124 "-" "Mozilla/5.0 (compatible; SemrushBot/7~bl; +http://www.semrush.com/bot.html)"
85.208.96.199 - - [10/Dec/2025:18:28:45 +0100] "GET /platby/uwoy9/highest-potential-players-fifa-21 HTTP/1.1" 200 10500 "-" "Mozilla/5.0 (compatible; SemrushBot/7~bl; +http://www.semrush.com/bot.html)"
85.208.96.205 - - [10/Dec/2025:18:28:50 +0100] "GET /platby/aohwuyx/how-to-spend-time-with-god-everyday HTTP/1.1" 200 9279 "-" "Mozilla/5.0 (compatible; SemrushBot/7~bl; +http://www.semrush.com/bot.html)"
85.208.96.205 - - [10/Dec/2025:18:28:56 +0100] "GET /platby/hca/zara-faux-leather-blazer HTTP/1.1" 200 11172 "-" "Mozilla/5.0 (compatible; SemrushBot/7~bl; +http://www.semrush.com/bot.html)"
85.208.96.205 - - [10/Dec/2025:18:29:15 +0100] "GET /platby/72zbxoz/und-transfer-credit-equivalency HTTP/1.1" 200 10594 "-" "Mozilla/5.0 (compatible; SemrushBot/7~bl; +http://www.semrush.com/bot.html)"
185.191.171.1 - - [10/Dec/2025:18:29:21 +0100] "GET /platby/qqap/pine-view-school-staff HTTP/1.1" 200 8123 "-" "Mozilla/5.0 (compatible; SemrushBot/7~bl; +http://www.semrush.com/bot.html)"
185.191.171.16 - - [10/Dec/2025:18:29:44 +0100] "GET /platby/uwoy9/special-masters-program-with-linkage-to-medical-school-list HTTP/1.1" 200 13443 "-" "Mozilla/5.0 (compatible; SemrushBot/7~bl; +http://www.semrush.com/bot.html)"
85.208.96.211 - - [10/Dec/2025:18:29:58 +0100] "GET /platby/72zbxoz/yellow-toadshade-trillium HTTP/1.1" 200 11514 "-" "Mozilla/5.0 (compatible; SemrushBot/7~bl; +http://www.semrush.com/bot.html)"
185.191.171.3 - - [10/Dec/2025:18:30:02 +0100] "GET /platby/hca/all-black-squad-announcement-2021 HTTP/1.1" 200 8151 "-" "Mozilla/5.0 (compatible; SemrushBot/7~bl; +http://www.semrush.com/bot.html)"
85.208.96.212 - - [10/Dec/2025:18:30:06 +0100] "GET /platby/qqap/elliptical-galaxy-illustration HTTP/1.1" 200 10917 "-" "Mozilla/5.0 (compatible; SemrushBot/7~bl; +http://www.semrush.com/bot.html)"
185.191.171.19 - - [10/Dec/2025:18:30:34 +0100] "GET /platby/hca/jurassic-park-entrance-gate-toy HTTP/1.1" 200 11962 "-" "Mozilla/5.0 (compatible; SemrushBot/7~bl; +http://www.semrush.com/bot.html)"
85.208.96.206 - - [10/Dec/2025:18:30:59 +0100] "GET /platby/aohwuyx/best-players-in-league-2-fifa-21 HTTP/1.1" 200 8900 "-" "Mozilla/5.0 (compatible; SemrushBot/7~bl; +http://www.semrush.com/bot.html)"
185.191.171.2 - - [10/Dec/2025:18:31:35 +0100] "GET /platby/uwoy9/lesson-plan-for-science-grade-6-pdf HTTP/1.1" 200 9734 "-" "Mozilla/5.0 (compatible; SemrushBot/7~bl; +http://www.semrush.com/bot.html)"
141.98.11.170 - - [10/Dec/2025:18:31:45 +0100] "GET / HTTP/1.1" 200 316 "-" "Mozilla/5.0 (Windows NT 10.0; Win64; x64) AppleWebKit/537.36 (KHTML, like Gecko) Chrome/90.0.4430.85 Safari/537.36 Edg/90.0.818.46"
185.191.171.14 - - [10/Dec/2025:18:32:19 +0100] "GET /platby/hca/does-xiaomi-poco-x3-pro-support-wireless-charging HTTP/1.1" 200 8954 "-" "Mozilla/5.0 (compatible; SemrushBot/7~bl; +http://www.semrush.com/bot.html)"
85.208.96.206 - - [10/Dec/2025:18:32:21 +0100] "GET /platby/aohwuyx/detroit-pistons-all-time-leaders HTTP/1.1" 200 8270 "-" "Mozilla/5.0 (compatible; SemrushBot/7~bl; +http://www.semrush.com/bot.html)"
85.208.96.193 - - [10/Dec/2025:18:32:39 +0100] "GET /platby/aohwuyx/employee-reward-ideas HTTP/1.1" 200 10145 "-" "Mozilla/5.0 (compatible; SemrushBot/7~bl; +http://www.semrush.com/bot.html)"
85.208.96.195 - - [10/Dec/2025:18:32:40 +0100] "GET /platby/qqap/small-towns-in-california HTTP/1.1" 200 5183 "-" "Mozilla/5.0 (compatible; SemrushBot/7~bl; +http://www.semrush.com/bot.html)"
185.191.171.16 - - [10/Dec/2025:18:32:54 +0100] "GET /platby/aohwuyx/miami-heat-record-by-year HTTP/1.1" 200 13580 "-" "Mozilla/5.0 (compatible; SemrushBot/7~bl; +http://www.semrush.com/bot.html)"
85.208.96.199 - - [10/Dec/2025:18:32:57 +0100] "GET /platby/72zbxoz/gantt-chart-template-excel HTTP/1.1" 200 13979 "-" "Mozilla/5.0 (compatible; SemrushBot/7~bl; +http://www.semrush.com/bot.html)"
185.191.171.5 - - [10/Dec/2025:18:33:10 +0100] "GET /platby/uwoy9/mechanical-engineering-iowa-state HTTP/1.1" 200 9005 "-" "Mozilla/5.0 (compatible; SemrushBot/7~bl; +http://www.semrush.com/bot.html)"
85.208.96.195 - - [10/Dec/2025:18:33:15 +0100] "GET /platby/aohwuyx/bangladesh-vs-west-indies-test-live HTTP/1.1" 200 7492 "-" "Mozilla/5.0 (compatible; SemrushBot/7~bl; +http://www.semrush.com/bot.html)"
85.208.96.210 - - [10/Dec/2025:18:33:23 +0100] "GET /platby/aohwuyx/marie-holmes-houses-for-sale HTTP/1.1" 200 7611 "-" "Mozilla/5.0 (compatible; SemrushBot/7~bl; +http://www.semrush.com/bot.html)"
185.191.171.13 - - [10/Dec/2025:18:33:34 +0100] "GET /platby/qqap/hershey-kisses-chocolate HTTP/1.1" 200 11131 "-" "Mozilla/5.0 (compatible; SemrushBot/7~bl; +http://www.semrush.com/bot.html)"
85.208.96.198 - - [10/Dec/2025:18:33:43 +0100] "GET /platby/qqap/20-words-associated-with-cultural-entertainment HTTP/1.1" 200 9129 "-" "Mozilla/5.0 (compatible; SemrushBot/7~bl; +http://www.semrush.com/bot.html)"
185.191.171.18 - - [10/Dec/2025:18:33:59 +0100] "GET /platby/uwoy9/frisco-fighters-location HTTP/1.1" 200 11348 "-" "Mozilla/5.0 (compatible; SemrushBot/7~bl; +http://www.semrush.com/bot.html)"
45.144.53.78 - - [10/Dec/2025:18:34:06 +0100] "\x16\x03\x01\x05\xda\x01" 403 265 "-" "-"
85.208.96.209 - - [10/Dec/2025:18:34:07 +0100] "GET /platby/uwoy9/kadarius-toney-jersey HTTP/1.1" 200 10963 "-" "Mozilla/5.0 (compatible; SemrushBot/7~bl; +http://www.semrush.com/bot.html)"
85.208.96.193 - - [10/Dec/2025:18:34:09 +0100] "GET /platby/aohwuyx/words-to-hallelujah-from-shrek HTTP/1.1" 200 13306 "-" "Mozilla/5.0 (compatible; SemrushBot/7~bl; +http://www.semrush.com/bot.html)"
185.191.171.18 - - [10/Dec/2025:18:35:02 +0100] "GET /platby/qqap/how-to-make-a-windows-98-boot-disk-cd-rom HTTP/1.1" 200 9294 "-" "Mozilla/5.0 (compatible; SemrushBot/7~bl; +http://www.semrush.com/bot.html)"
85.208.96.199 - - [10/Dec/2025:18:35:27 +0100] "GET /platby/72zbxoz/perr-schuurs-whoscored HTTP/1.1" 200 11100 "-" "Mozilla/5.0 (compatible; SemrushBot/7~bl; +http://www.semrush.com/bot.html)"
185.191.171.4 - - [10/Dec/2025:18:35:47 +0100] "GET /platby/72zbxoz/highest-kill-count-in-anime HTTP/1.1" 200 12192 "-" "Mozilla/5.0 (compatible; SemrushBot/7~bl; +http://www.semrush.com/bot.html)"
185.191.171.19 - - [10/Dec/2025:18:35:51 +0100] "GET /platby/qqap/in-display-fingerprint-sensor-screen-protector HTTP/1.1" 200 6293 "-" "Mozilla/5.0 (compatible; SemrushBot/7~bl; +http://www.semrush.com/bot.html)"
85.208.96.195 - - [10/Dec/2025:18:36:05 +0100] "GET /platby/72zbxoz/when-can-babies-eat-chocolate-pudding HTTP/1.1" 200 12059 "-" "Mozilla/5.0 (compatible; SemrushBot/7~bl; +http://www.semrush.com/bot.html)"
85.208.96.206 - - [10/Dec/2025:18:36:42 +0100] "GET /platby/hca/encore-un-soir-%2F-sans-attendre HTTP/1.1" 404 809 "-" "Mozilla/5.0 (compatible; SemrushBot/7~bl; +http://www.semrush.com/bot.html)"
185.191.171.14 - - [10/Dec/2025:18:36:44 +0100] "GET /platby/qqap/afc-leopards-vs-posta-rangers-sofascore HTTP/1.1" 200 10571 "-" "Mozilla/5.0 (compatible; SemrushBot/7~bl; +http://www.semrush.com/bot.html)"
85.208.96.211 - - [10/Dec/2025:18:36:48 +0100] "GET /platby/aohwuyx/best-universities-in-germany-for-engineering HTTP/1.1" 200 11621 "-" "Mozilla/5.0 (compatible; SemrushBot/7~bl; +http://www.semrush.com/bot.html)"
85.208.96.201 - - [10/Dec/2025:18:36:53 +0100] "GET /platby/72zbxoz/ziploc-sandwich-bags-bulk HTTP/1.1" 200 8530 "-" "Mozilla/5.0 (compatible; SemrushBot/7~bl; +http://www.semrush.com/bot.html)"
185.191.171.10 - - [10/Dec/2025:18:36:55 +0100] "GET /platby/72zbxoz/php-money_format-remove-decimal HTTP/1.1" 200 10039 "-" "Mozilla/5.0 (compatible; SemrushBot/7~bl; +http://www.semrush.com/bot.html)"
204.76.203.206 - - [10/Dec/2025:18:37:00 +0100] "GET /" 400 468 "-" "-"
185.191.171.18 - - [10/Dec/2025:18:37:01 +0100] "GET /platby/72zbxoz/hancock-whitney-address HTTP/1.1" 200 12974 "-" "Mozilla/5.0 (compatible; SemrushBot/7~bl; +http://www.semrush.com/bot.html)"
85.208.96.212 - - [10/Dec/2025:18:37:16 +0100] "GET /platby/72zbxoz/nike-white-sox-jersey-southside HTTP/1.1" 200 6760 "-" "Mozilla/5.0 (compatible; SemrushBot/7~bl; +http://www.semrush.com/bot.html)"
185.191.171.7 - - [10/Dec/2025:18:37:19 +0100] "GET /platby/uwoy9/hunter-college-education-major HTTP/1.1" 200 9450 "-" "Mozilla/5.0 (compatible; SemrushBot/7~bl; +http://www.semrush.com/bot.html)"
85.208.96.196 - - [10/Dec/2025:18:38:01 +0100] "GET /platby/hca/midsomer-murders''-the-fisher-king-spoiler HTTP/1.1" 200 12271 "-" "Mozilla/5.0 (compatible; SemrushBot/7~bl; +http://www.semrush.com/bot.html)"
185.191.171.10 - - [10/Dec/2025:18:38:03 +0100] "GET /platby/72zbxoz/park-university-baseball HTTP/1.1" 200 12535 "-" "Mozilla/5.0 (compatible; SemrushBot/7~bl; +http://www.semrush.com/bot.html)"
185.191.171.10 - - [10/Dec/2025:18:38:08 +0100] "GET /platby/hca/chicago-bears-draft-grade-2021 HTTP/1.1" 200 7000 "-" "Mozilla/5.0 (compatible; SemrushBot/7~bl; +http://www.semrush.com/bot.html)"
85.208.96.206 - - [10/Dec/2025:18:38:10 +0100] "GET /platby/aohwuyx/samsung-s20-camera-not-working HTTP/1.1" 200 14411 "-" "Mozilla/5.0 (compatible; SemrushBot/7~bl; +http://www.semrush.com/bot.html)"
85.208.96.195 - - [10/Dec/2025:18:38:19 +0100] "GET /platby/qqap/author-frank-mitchell HTTP/1.1" 200 9164 "-" "Mozilla/5.0 (compatible; SemrushBot/7~bl; +http://www.semrush.com/bot.html)"
204.76.203.206 - - [10/Dec/2025:18:38:34 +0100] "GET / HTTP/1.1" 200 316 "-" "Mozilla/5.0 (Windows NT 10.0; Win64; x64) AppleWebKit/537.36 (KHTML, like Gecko) Chrome/90.0.4430.85 Safari/537.36 Edg/90.0.818.46"
185.191.171.11 - - [10/Dec/2025:18:38:39 +0100] "GET /platby/qqap/legal-issues-in-higher-education HTTP/1.1" 200 13040 "-" "Mozilla/5.0 (compatible; SemrushBot/7~bl; +http://www.semrush.com/bot.html)"
85.208.96.198 - - [10/Dec/2025:18:39:44 +0100] "GET /robots.txt HTTP/1.1" 200 54 "-" "Mozilla/5.0 (compatible; SemrushBot/7~bl; +http://www.semrush.com/bot.html)"
85.208.96.201 - - [10/Dec/2025:18:39:44 +0100] "GET /platby/72zbxoz/quality-control-directory-of-mercury-quality-center-can-have HTTP/1.1" 200 14241 "-" "Mozilla/5.0 (compatible; SemrushBot/7~bl; +http://www.semrush.com/bot.html)"
85.208.96.195 - - [10/Dec/2025:18:39:47 +0100] "GET /platby/uwoy9/trading-card-maker-software HTTP/1.1" 200 12298 "-" "Mozilla/5.0 (compatible; SemrushBot/7~bl; +http://www.semrush.com/bot.html)"
85.208.96.196 - - [10/Dec/2025:18:39:52 +0100] "GET /platby/aohwuyx/average-private-school-fees-uk-2020 HTTP/1.1" 200 9955 "-" "Mozilla/5.0 (compatible; SemrushBot/7~bl; +http://www.semrush.com/bot.html)"
185.191.171.6 - - [10/Dec/2025:18:40:36 +0100] "GET /platby/aohwuyx/best-hand-saw-for-cutting-wood HTTP/1.1" 200 12868 "-" "Mozilla/5.0 (compatible; SemrushBot/7~bl; +http://www.semrush.com/bot.html)"
74.7.244.17 - - [10/Dec/2025:18:40:40 +0100] "\x16\x03\x01\x01\x02\x01" 403 265 "-" "-"
74.7.244.17 - - [10/Dec/2025:18:40:41 +0100] "\x16\x03\x01\x02" 403 265 "-" "-"
74.7.244.17 - - [10/Dec/2025:18:40:41 +0100] "\x16\x03\x01\x02" 403 265 "-" "-"
185.191.171.10 - - [10/Dec/2025:18:40:42 +0100] "GET /platby/aohwuyx/technical-requirements-checklist-sony HTTP/1.1" 200 12507 "-" "Mozilla/5.0 (compatible; SemrushBot/7~bl; +http://www.semrush.com/bot.html)"
185.191.171.10 - - [10/Dec/2025:18:40:59 +0100] "GET /platby/aohwuyx/something-that-rhymes-with-love HTTP/1.1" 200 8964 "-" "Mozilla/5.0 (compatible; SemrushBot/7~bl; +http://www.semrush.com/bot.html)"
185.191.171.3 - - [10/Dec/2025:18:41:01 +0100] "GET /platby/aohwuyx/university-of-freiburg-chemistry-faculty HTTP/1.1" 200 10310 "-" "Mozilla/5.0 (compatible; SemrushBot/7~bl; +http://www.semrush.com/bot.html)"
185.191.171.17 - - [10/Dec/2025:18:41:07 +0100] "GET /platby/72zbxoz/baby-african-clawed-frog-for-sale HTTP/1.1" 200 15178 "-" "Mozilla/5.0 (compatible; SemrushBot/7~bl; +http://www.semrush.com/bot.html)"
85.208.96.208 - - [10/Dec/2025:18:41:15 +0100] "GET /platby/aohwuyx/pomeranian-geese-personality HTTP/1.1" 200 12276 "-" "Mozilla/5.0 (compatible; SemrushBot/7~bl; +http://www.semrush.com/bot.html)"
85.208.96.207 - - [10/Dec/2025:18:41:17 +0100] "GET /platby/72zbxoz/morbius-the-living-vampire-villains-wiki HTTP/1.1" 200 14406 "-" "Mozilla/5.0 (compatible; SemrushBot/7~bl; +http://www.semrush.com/bot.html)"
57.141.6.11 - - [10/Dec/2025:18:41:38 +0100] "GET /platby/hca/brooklyn-tech-soccer-team HTTP/1.1" 200 15484 "-" "meta-externalagent/1.1 (+https://developers.facebook.com/docs/sharing/webmasters/crawler)"
185.191.171.15 - - [10/Dec/2025:18:41:39 +0100] "GET /platby/qqap/how-to-start-a-solar-panel-installation-business HTTP/1.1" 200 13314 "-" "Mozilla/5.0 (compatible; SemrushBot/7~bl; +http://www.semrush.com/bot.html)"
205.254.166.151 - - [10/Dec/2025:18:41:41 +0100] "\x16\x03\x03" 403 265 "-" "-"
185.191.171.1 - - [10/Dec/2025:18:41:41 +0100] "GET /platby/aohwuyx/application-of-the-full-disclosure-principle HTTP/1.1" 200 8147 "-" "Mozilla/5.0 (compatible; SemrushBot/7~bl; +http://www.semrush.com/bot.html)"
85.208.96.194 - - [10/Dec/2025:18:41:53 +0100] "GET /platby/uwoy9/divergent-thinking-synonym HTTP/1.1" 200 7192 "-" "Mozilla/5.0 (compatible; SemrushBot/7~bl; +http://www.semrush.com/bot.html)"
85.208.96.210 - - [10/Dec/2025:18:42:05 +0100] "GET /platby/aohwuyx/venetian-deepstack-2021 HTTP/1.1" 200 11179 "-" "Mozilla/5.0 (compatible; SemrushBot/7~bl; +http://www.semrush.com/bot.html)"
185.191.171.16 - - [10/Dec/2025:18:42:07 +0100] "GET /platby/aohwuyx/huawei-p30-pro-screen-unresponsive HTTP/1.1" 200 7673 "-" "Mozilla/5.0 (compatible; SemrushBot/7~bl; +http://www.semrush.com/bot.html)"
185.191.171.1 - - [10/Dec/2025:18:42:12 +0100] "GET /platby/hca/wikibooks-c-programming HTTP/1.1" 200 11066 "-" "Mozilla/5.0 (compatible; SemrushBot/7~bl; +http://www.semrush.com/bot.html)"
85.208.96.208 - - [10/Dec/2025:18:42:36 +0100] "GET /platby/aohwuyx/charleston-battery-fc-table HTTP/1.1" 200 10950 "-" "Mozilla/5.0 (compatible; SemrushBot/7~bl; +http://www.semrush.com/bot.html)"
85.208.96.208 - - [10/Dec/2025:18:42:38 +0100] "GET /platby/aohwuyx/can-birds-predict-earthquakes HTTP/1.1" 200 9385 "-" "Mozilla/5.0 (compatible; SemrushBot/7~bl; +http://www.semrush.com/bot.html)"
85.208.96.200 - - [10/Dec/2025:18:43:13 +0100] "GET /platby/qqap/best-romance-manhwa-webtoon-completed HTTP/1.1" 200 9477 "-" "Mozilla/5.0 (compatible; SemrushBot/7~bl; +http://www.semrush.com/bot.html)"
185.191.171.11 - - [10/Dec/2025:18:43:47 +0100] "GET /platby/qqap/what-industry-is-ulta-beauty-in HTTP/1.1" 200 6692 "-" "Mozilla/5.0 (compatible; SemrushBot/7~bl; +http://www.semrush.com/bot.html)"
186.134.75.128 - - [10/Dec/2025:18:43:55 +0100] "GET http://ispc.klape.eu/platby/qqap/highest-agricultural-producing-states-in-nigeria HTTP/1.1" 200 7286 "-" "Mozilla/5.0 (Windows; U; Windows NT 5.1) AppleWebKit/531.47.5 (KHTML, like Gecko) Version/5.1 Safari/531.47.5"
185.191.171.11 - - [10/Dec/2025:18:44:18 +0100] "GET /platby/qqap/how-to-change-fingerprint-in-samsung HTTP/1.1" 200 10416 "-" "Mozilla/5.0 (compatible; SemrushBot/7~bl; +http://www.semrush.com/bot.html)"
85.208.96.209 - - [10/Dec/2025:18:44:30 +0100] "GET /platby/hca/shooters-victory-park HTTP/1.1" 200 6649 "-" "Mozilla/5.0 (compatible; SemrushBot/7~bl; +http://www.semrush.com/bot.html)"
66.249.79.231 - - [10/Dec/2025:18:44:31 +0100] "\x16\x03\x01\x02" 403 265 "-" "-"
85.208.96.195 - - [10/Dec/2025:18:44:31 +0100] "GET /platby/hca/lucy-griffiths-boy-george HTTP/1.1" 200 10366 "-" "Mozilla/5.0 (compatible; SemrushBot/7~bl; +http://www.semrush.com/bot.html)"
85.208.96.205 - - [10/Dec/2025:18:44:42 +0100] "GET /platby/72zbxoz/another-word-for-service-provider HTTP/1.1" 200 12584 "-" "Mozilla/5.0 (compatible; SemrushBot/7~bl; +http://www.semrush.com/bot.html)"
185.191.171.17 - - [10/Dec/2025:18:44:51 +0100] "GET /platby/aohwuyx/24-carat-black-i-need-a-change HTTP/1.1" 200 13992 "-" "Mozilla/5.0 (compatible; SemrushBot/7~bl; +http://www.semrush.com/bot.html)"
185.191.171.14 - - [10/Dec/2025:18:44:57 +0100] "GET /platby/qqap/tony-brown-referee-cancer HTTP/1.1" 200 7250 "-" "Mozilla/5.0 (compatible; SemrushBot/7~bl; +http://www.semrush.com/bot.html)"
185.191.171.15 - - [10/Dec/2025:18:45:12 +0100] "GET /platby/aohwuyx/best-premier-league-right-winger-fifa-20 HTTP/1.1" 200 7789 "-" "Mozilla/5.0 (compatible; SemrushBot/7~bl; +http://www.semrush.com/bot.html)"
185.191.171.13 - - [10/Dec/2025:18:45:20 +0100] "GET /platby/qqap/iowa-wildflowers-white HTTP/1.1" 200 7074 "-" "Mozilla/5.0 (compatible; SemrushBot/7~bl; +http://www.semrush.com/bot.html)"
185.191.171.19 - - [10/Dec/2025:18:45:21 +0100] "GET /platby/72zbxoz/alfresco-community-edition-docker HTTP/1.1" 200 10600 "-" "Mozilla/5.0 (compatible; SemrushBot/7~bl; +http://www.semrush.com/bot.html)"
185.191.171.17 - - [10/Dec/2025:18:45:23 +0100] "GET /platby/uwoy9/samsung-m31s-glass-replacement HTTP/1.1" 200 10973 "-" "Mozilla/5.0 (compatible; SemrushBot/7~bl; +http://www.semrush.com/bot.html)"
185.191.171.8 - - [10/Dec/2025:18:46:00 +0100] "GET /platby/72zbxoz/samsung-emergency-mode-password HTTP/1.1" 200 9738 "-" "Mozilla/5.0 (compatible; SemrushBot/7~bl; +http://www.semrush.com/bot.html)"
185.191.171.15 - - [10/Dec/2025:18:46:04 +0100] "GET /platby/72zbxoz/kris-bubic-next-start HTTP/1.1" 200 10235 "-" "Mozilla/5.0 (compatible; SemrushBot/7~bl; +http://www.semrush.com/bot.html)"
185.191.171.17 - - [10/Dec/2025:18:46:10 +0100] "GET /platby/72zbxoz/tony-soprano-quotes-who-cares HTTP/1.1" 200 12699 "-" "Mozilla/5.0 (compatible; SemrushBot/7~bl; +http://www.semrush.com/bot.html)"
85.208.96.207 - - [10/Dec/2025:18:46:19 +0100] "GET /platby/hca/diversity-news-articles-2020 HTTP/1.1" 200 8137 "-" "Mozilla/5.0 (compatible; SemrushBot/7~bl; +http://www.semrush.com/bot.html)"
185.191.171.15 - - [10/Dec/2025:18:46:28 +0100] "GET /platby/uwoy9/convert-junit-xml-to-html-report-python HTTP/1.1" 200 10274 "-" "Mozilla/5.0 (compatible; SemrushBot/7~bl; +http://www.semrush.com/bot.html)"
185.191.171.1 - - [10/Dec/2025:18:46:29 +0100] "GET /platby/72zbxoz/most-expensive-private-school-gold-coast HTTP/1.1" 200 10140 "-" "Mozilla/5.0 (compatible; SemrushBot/7~bl; +http://www.semrush.com/bot.html)"
185.191.171.9 - - [10/Dec/2025:18:46:49 +0100] "GET /platby/hca/therapeutic-massage-therapist-near-me HTTP/1.1" 200 6694 "-" "Mozilla/5.0 (compatible; SemrushBot/7~bl; +http://www.semrush.com/bot.html)"
185.191.171.6 - - [10/Dec/2025:18:46:59 +0100] "GET /platby/uwoy9/aircraft-propulsion-lecture-notes HTTP/1.1" 200 8195 "-" "Mozilla/5.0 (compatible; SemrushBot/7~bl; +http://www.semrush.com/bot.html)"
44.209.187.99 - - [10/Dec/2025:18:47:09 +0100] "GET /platby/72zbxoz/sykes-cottages-whitby HTTP/1.1" 200 11120 "-" "Mozilla/5.0 AppleWebKit/537.36 (KHTML, like Gecko; compatible; Amazonbot/0.1; +https://developer.amazon.com/support/amazonbot) Chrome/119.0.6045.214 Safari/537.36"
52.2.58.41 - - [10/Dec/2025:18:47:15 +0100] "GET /platby/72zbxoz/lipscomb-basketball-conference HTTP/1.1" 200 8901 "-" "Mozilla/5.0 AppleWebKit/537.36 (KHTML, like Gecko; compatible; Amazonbot/0.1; +https://developer.amazon.com/support/amazonbot) Chrome/119.0.6045.214 Safari/537.36"
52.203.65.83 - - [10/Dec/2025:18:47:15 +0100] "GET /platby/72zbxoz/righteousness-in-spanish HTTP/1.1" 200 13272 "-" "Mozilla/5.0 AppleWebKit/537.36 (KHTML, like Gecko; compatible; Amazonbot/0.1; +https://developer.amazon.com/support/amazonbot) Chrome/119.0.6045.214 Safari/537.36"
18.207.79.144 - - [10/Dec/2025:18:47:21 +0100] "GET /platby/72zbxoz/relaxing-guitar-music-for-kids HTTP/1.1" 200 14541 "-" "Mozilla/5.0 AppleWebKit/537.36 (KHTML, like Gecko; compatible; Amazonbot/0.1; +https://developer.amazon.com/support/amazonbot) Chrome/119.0.6045.214 Safari/537.36"
52.5.242.243 - - [10/Dec/2025:18:47:25 +0100] "GET /platby/72zbxoz/ffsa-state-league-1---2020 HTTP/1.1" 200 15326 "-" "Mozilla/5.0 AppleWebKit/537.36 (KHTML, like Gecko; compatible; Amazonbot/0.1; +https://developer.amazon.com/support/amazonbot) Chrome/119.0.6045.214 Safari/537.36"
54.209.100.30 - - [10/Dec/2025:18:47:31 +0100] "GET /platby/72zbxoz/heterologous-vaccine-examples HTTP/1.1" 200 13599 "-" "Mozilla/5.0 AppleWebKit/537.36 (KHTML, like Gecko; compatible; Amazonbot/0.1; +https://developer.amazon.com/support/amazonbot) Chrome/119.0.6045.214 Safari/537.36"
54.90.244.132 - - [10/Dec/2025:18:47:31 +0100] "GET /platby/72zbxoz/spraying-duck-eggs-during-incubation HTTP/1.1" 200 14797 "-" "Mozilla/5.0 AppleWebKit/537.36 (KHTML, like Gecko; compatible; Amazonbot/0.1; +https://developer.amazon.com/support/amazonbot) Chrome/119.0.6045.214 Safari/537.36"
