85.208.96.201 - - [10/Dec/2025:14:59:00 +0100] "GET /platby/qqap/fatal-fury-arcade-moves-list HTTP/1.1" 200 12937 "-" "Mozilla/5.0 (compatible; SemrushBot/7~bl; +http://www.semrush.com/bot.html)"
185.191.171.1 - - [10/Dec/2025:14:59:12 +0100] "GET /platby/72zbxoz/comparative-study-example-pdf HTTP/1.1" 200 8593 "-" "Mozilla/5.0 (compatible; SemrushBot/7~bl; +http://www.semrush.com/bot.html)"
85.208.96.200 - - [10/Dec/2025:14:59:19 +0100] "GET /platby/qqap/galaxy-s20-fe-power-button-broken HTTP/1.1" 200 6330 "-" "Mozilla/5.0 (compatible; SemrushBot/7~bl; +http://www.semrush.com/bot.html)"
85.208.96.196 - - [10/Dec/2025:14:59:23 +0100] "GET /platby/hca/all-saints'-academy-football-roster HTTP/1.1" 200 6476 "-" "Mozilla/5.0 (compatible; SemrushBot/7~bl; +http://www.semrush.com/bot.html)"
185.191.171.7 - - [10/Dec/2025:14:59:24 +0100] "GET /platby/72zbxoz/bard-early-college-high-school HTTP/1.1" 200 8337 "-" "Mozilla/5.0 (compatible; SemrushBot/7~bl; +http://www.semrush.com/bot.html)"
85.208.96.196 - - [10/Dec/2025:14:59:46 +0100] "GET /platby/aohwuyx/identify-happily-as-a-kind-of-adverb HTTP/1.1" 200 7794 "-" "Mozilla/5.0 (compatible; SemrushBot/7~bl; +http://www.semrush.com/bot.html)"
85.208.96.193 - - [10/Dec/2025:15:00:02 +0100] "GET /platby/aohwuyx/list-of-nyc-restaurants-closed HTTP/1.1" 200 7941 "-" "Mozilla/5.0 (compatible; SemrushBot/7~bl; +http://www.semrush.com/bot.html)"
85.208.96.194 - - [10/Dec/2025:15:01:06 +0100] "GET /platby/qqap/hotels-near-kennedy-space-center HTTP/1.1" 200 8469 "-" "Mozilla/5.0 (compatible; SemrushBot/7~bl; +http://www.semrush.com/bot.html)"
185.191.171.9 - - [10/Dec/2025:15:01:09 +0100] "GET /platby/qqap/handle-with-care-book-ending HTTP/1.1" 200 6694 "-" "Mozilla/5.0 (compatible; SemrushBot/7~bl; +http://www.semrush.com/bot.html)"
85.208.96.200 - - [10/Dec/2025:15:01:11 +0100] "GET /platby/hca/friday-the-13th-lawsuit-update-may-2021 HTTP/1.1" 200 6288 "-" "Mozilla/5.0 (compatible; SemrushBot/7~bl; +http://www.semrush.com/bot.html)"
85.208.96.205 - - [10/Dec/2025:15:01:12 +0100] "GET /platby/qqap/isabela-island-florida HTTP/1.1" 200 6762 "-" "Mozilla/5.0 (compatible; SemrushBot/7~bl; +http://www.semrush.com/bot.html)"
185.191.171.14 - - [10/Dec/2025:15:01:49 +0100] "GET /platby/uwoy9/oldest-england-player-2021 HTTP/1.1" 200 13063 "-" "Mozilla/5.0 (compatible; SemrushBot/7~bl; +http://www.semrush.com/bot.html)"
185.191.171.13 - - [10/Dec/2025:15:01:53 +0100] "GET /platby/qqap/somerset-community-college-address HTTP/1.1" 200 6389 "-" "Mozilla/5.0 (compatible; SemrushBot/7~bl; +http://www.semrush.com/bot.html)"
85.208.96.198 - - [10/Dec/2025:15:02:01 +0100] "GET /platby/hca/kevin-garnett-daughters HTTP/1.1" 200 6013 "-" "Mozilla/5.0 (compatible; SemrushBot/7~bl; +http://www.semrush.com/bot.html)"
85.208.96.194 - - [10/Dec/2025:15:02:03 +0100] "GET /platby/hca/wichita-kansas-population-2021 HTTP/1.1" 200 11913 "-" "Mozilla/5.0 (compatible; SemrushBot/7~bl; +http://www.semrush.com/bot.html)"
185.191.171.2 - - [10/Dec/2025:15:02:16 +0100] "GET /platby/qqap/information-science-phd-cornell HTTP/1.1" 200 7634 "-" "Mozilla/5.0 (compatible; SemrushBot/7~bl; +http://www.semrush.com/bot.html)"
185.191.171.9 - - [10/Dec/2025:15:02:18 +0100] "GET /platby/aohwuyx/chernobyl-and-chernobyl-aftermath HTTP/1.1" 200 8727 "-" "Mozilla/5.0 (compatible; SemrushBot/7~bl; +http://www.semrush.com/bot.html)"
182.252.94.119 - - [10/Dec/2025:15:02:25 +0100] "\x16\x03\x01\x01\x01\x01" 403 265 "-" "-"
182.252.94.112 - - [10/Dec/2025:15:02:25 +0100] "\x16\x03\x01\x01\x01\x01" 403 265 "-" "-"
182.252.94.112 - - [10/Dec/2025:15:02:25 +0100] "\x16\x03\x01\x01\x01\x01" 403 265 "-" "-"
182.252.94.112 - - [10/Dec/2025:15:02:25 +0100] "\x16\x03\x01\x01\x01\x01" 403 265 "-" "-"
182.252.94.113 - - [10/Dec/2025:15:02:25 +0100] "\x16\x03\x01\x01\x01\x01" 403 265 "-" "-"
182.252.94.112 - - [10/Dec/2025:15:02:25 +0100] "\x16\x03\x01\x01\x05\x01" 403 265 "-" "-"
182.252.94.112 - - [10/Dec/2025:15:02:25 +0100] "\x16\x03\x01\x01\x05\x01" 403 265 "-" "-"
182.252.94.112 - - [10/Dec/2025:15:02:25 +0100] "\x16\x03\x01\x01\x05\x01" 403 265 "-" "-"
182.252.94.116 - - [10/Dec/2025:15:02:26 +0100] "\x16\x03\x01\x01\x05\x01" 403 265 "-" "-"
182.252.94.112 - - [10/Dec/2025:15:02:26 +0100] "\x16\x03\x01\x01\x05\x01" 403 265 "-" "-"
182.252.94.112 - - [10/Dec/2025:15:02:26 +0100] "\x16\x03\x01\x01\x01\x01" 403 265 "-" "-"
182.252.94.117 - - [10/Dec/2025:15:02:26 +0100] "\x16\x03\x01\x01\x01\x01" 403 265 "-" "-"
182.252.94.116 - - [10/Dec/2025:15:02:26 +0100] "\x16\x03\x01\x01\x01\x01" 403 265 "-" "-"
182.252.94.119 - - [10/Dec/2025:15:02:26 +0100] "\x16\x03\x01\x01\x01\x01" 403 265 "-" "-"
182.252.94.112 - - [10/Dec/2025:15:02:26 +0100] "\x16\x03\x01\x01\x05\x01" 403 265 "-" "-"
182.252.94.119 - - [10/Dec/2025:15:02:26 +0100] "\x16\x03\x01\x01\x05\x01" 403 265 "-" "-"
182.252.94.117 - - [10/Dec/2025:15:02:26 +0100] "\x16\x03\x01\x01\x05\x01" 403 265 "-" "-"
182.252.94.119 - - [10/Dec/2025:15:02:26 +0100] "\x16\x03\x01\x01\x01\x01" 403 265 "-" "-"
182.252.94.117 - - [10/Dec/2025:15:02:26 +0100] "\x16\x03\x01\x01\x05\x01" 403 265 "-" "-"
182.252.94.117 - - [10/Dec/2025:15:02:26 +0100] "\x16\x03\x01\x01\x05\x01" 403 265 "-" "-"
185.191.171.3 - - [10/Dec/2025:15:02:44 +0100] "GET /platby/aohwuyx/race-isn't-a-social-construct HTTP/1.1" 200 10150 "-" "Mozilla/5.0 (compatible; SemrushBot/7~bl; +http://www.semrush.com/bot.html)"
176.65.132.67 - - [10/Dec/2025:15:02:49 +0100] "GET /" 400 468 "-" "-"
85.208.96.206 - - [10/Dec/2025:15:02:51 +0100] "GET /platby/uwoy9/confluence-macros-shortcut HTTP/1.1" 200 12185 "-" "Mozilla/5.0 (compatible; SemrushBot/7~bl; +http://www.semrush.com/bot.html)"
185.191.171.11 - - [10/Dec/2025:15:02:57 +0100] "GET /platby/aohwuyx/shakespeare-in-love-moral-lesson HTTP/1.1" 200 14018 "-" "Mozilla/5.0 (compatible; SemrushBot/7~bl; +http://www.semrush.com/bot.html)"
57.141.6.18 - - [10/Dec/2025:15:02:58 +0100] "\x16\x03\x01\x01L\x01" 403 265 "-" "-"
85.208.96.193 - - [10/Dec/2025:15:03:06 +0100] "GET /platby/aohwuyx/new-zealand-men's-football-team-fixtures HTTP/1.1" 200 9541 "-" "Mozilla/5.0 (compatible; SemrushBot/7~bl; +http://www.semrush.com/bot.html)"
185.191.171.11 - - [10/Dec/2025:15:03:08 +0100] "GET /platby/qqap/jarred-vanderbilt-highlights HTTP/1.1" 200 9283 "-" "Mozilla/5.0 (compatible; SemrushBot/7~bl; +http://www.semrush.com/bot.html)"
85.208.96.194 - - [10/Dec/2025:15:03:18 +0100] "GET /platby/aohwuyx/failure-to-focus-on-the-message HTTP/1.1" 200 10403 "-" "Mozilla/5.0 (compatible; SemrushBot/7~bl; +http://www.semrush.com/bot.html)"
185.191.171.11 - - [10/Dec/2025:15:03:22 +0100] "GET /platby/hca/tampa-bay-buccaneers-schedule-2021 HTTP/1.1" 200 7702 "-" "Mozilla/5.0 (compatible; SemrushBot/7~bl; +http://www.semrush.com/bot.html)"
85.208.96.211 - - [10/Dec/2025:15:03:28 +0100] "GET /platby/uwoy9/another-word-for-told-to-do-something HTTP/1.1" 200 9856 "-" "Mozilla/5.0 (compatible; SemrushBot/7~bl; +http://www.semrush.com/bot.html)"
204.76.203.206 - - [10/Dec/2025:15:03:32 +0100] "GET /" 400 468 "-" "-"
185.191.171.12 - - [10/Dec/2025:15:04:04 +0100] "GET /platby/uwoy9/woodland-phlox-blue-moon HTTP/1.1" 200 8560 "-" "Mozilla/5.0 (compatible; SemrushBot/7~bl; +http://www.semrush.com/bot.html)"
185.191.171.19 - - [10/Dec/2025:15:04:06 +0100] "GET /platby/hca/wyndham-grand-desert-presidential-suite HTTP/1.1" 200 8766 "-" "Mozilla/5.0 (compatible; SemrushBot/7~bl; +http://www.semrush.com/bot.html)"
204.76.203.206 - - [10/Dec/2025:15:04:29 +0100] "GET / HTTP/1.1" 200 316 "-" "Mozilla/5.0 (Windows NT 10.0; Win64; x64) AppleWebKit/537.36 (KHTML, like Gecko) Chrome/90.0.4430.85 Safari/537.36 Edg/90.0.818.46"
216.244.66.239 - - [10/Dec/2025:15:04:53 +0100] "GET /robots.txt HTTP/1.1" 200 34 "-" "Mozilla/5.0 (compatible; DotBot/1.2; +https://opensiteexplorer.org/dotbot; help@moz.com)"
185.191.171.9 - - [10/Dec/2025:15:05:09 +0100] "GET /platby/qqap/kiosk-software-companies HTTP/1.1" 200 13176 "-" "Mozilla/5.0 (compatible; SemrushBot/7~bl; +http://www.semrush.com/bot.html)"
85.208.96.209 - - [10/Dec/2025:15:05:28 +0100] "GET /platby/uwoy9/julia-exponential-function HTTP/1.1" 200 11741 "-" "Mozilla/5.0 (compatible; SemrushBot/7~bl; +http://www.semrush.com/bot.html)"
185.191.171.14 - - [10/Dec/2025:15:05:31 +0100] "GET /platby/hca/chest-pain-when-lying-on-left-side HTTP/1.1" 200 7156 "-" "Mozilla/5.0 (compatible; SemrushBot/7~bl; +http://www.semrush.com/bot.html)"
85.208.96.194 - - [10/Dec/2025:15:05:54 +0100] "GET /platby/qqap/hero-wars-tower-secret-doors HTTP/1.1" 200 14715 "-" "Mozilla/5.0 (compatible; SemrushBot/7~bl; +http://www.semrush.com/bot.html)"
185.191.171.14 - - [10/Dec/2025:15:06:07 +0100] "GET /platby/uwoy9/minimum-wage-in-france-per-hour-for-international-students HTTP/1.1" 200 13865 "-" "Mozilla/5.0 (compatible; SemrushBot/7~bl; +http://www.semrush.com/bot.html)"
85.208.96.194 - - [10/Dec/2025:15:06:09 +0100] "GET /platby/hca/justus-sheffield-rotoworld HTTP/1.1" 200 11349 "-" "Mozilla/5.0 (compatible; SemrushBot/7~bl; +http://www.semrush.com/bot.html)"
185.191.171.13 - - [10/Dec/2025:15:06:14 +0100] "GET /platby/qqap/gocio-elementary-school-niche HTTP/1.1" 200 9009 "-" "Mozilla/5.0 (compatible; SemrushBot/7~bl; +http://www.semrush.com/bot.html)"
185.191.171.2 - - [10/Dec/2025:15:06:18 +0100] "GET /platby/72zbxoz/battleborn-steam-charts HTTP/1.1" 200 9937 "-" "Mozilla/5.0 (compatible; SemrushBot/7~bl; +http://www.semrush.com/bot.html)"
103.23.137.115 - - [10/Dec/2025:15:06:22 +0100] "\x16\x03\x01\x02" 403 265 "-" "-"
85.208.96.194 - - [10/Dec/2025:15:06:25 +0100] "GET /platby/uwoy9/italian-restaurant-pattaya HTTP/1.1" 200 12715 "-" "Mozilla/5.0 (compatible; SemrushBot/7~bl; +http://www.semrush.com/bot.html)"
85.208.96.210 - - [10/Dec/2025:15:06:34 +0100] "GET /platby/uwoy9/jonathan-toews'-medical-condition-update HTTP/1.1" 200 10919 "-" "Mozilla/5.0 (compatible; SemrushBot/7~bl; +http://www.semrush.com/bot.html)"
185.191.171.13 - - [10/Dec/2025:15:06:41 +0100] "GET /platby/aohwuyx/chs-field-concessions-2021 HTTP/1.1" 200 8600 "-" "Mozilla/5.0 (compatible; SemrushBot/7~bl; +http://www.semrush.com/bot.html)"
85.208.96.195 - - [10/Dec/2025:15:06:53 +0100] "GET /platby/aohwuyx/broncos-wide-receivers-2020 HTTP/1.1" 200 12799 "-" "Mozilla/5.0 (compatible; SemrushBot/7~bl; +http://www.semrush.com/bot.html)"
85.208.96.212 - - [10/Dec/2025:15:07:08 +0100] "GET /platby/aohwuyx/types-of-blue-birds-in-wisconsin HTTP/1.1" 200 16463 "-" "Mozilla/5.0 (compatible; SemrushBot/7~bl; +http://www.semrush.com/bot.html)"
85.208.96.203 - - [10/Dec/2025:15:07:25 +0100] "GET /platby/72zbxoz/restaurants-with-party-platters-near-me HTTP/1.1" 200 15881 "-" "Mozilla/5.0 (compatible; SemrushBot/7~bl; +http://www.semrush.com/bot.html)"
85.208.96.198 - - [10/Dec/2025:15:07:27 +0100] "GET /platby/qqap/carroll-county-mo-inmate-roster HTTP/1.1" 200 9903 "-" "Mozilla/5.0 (compatible; SemrushBot/7~bl; +http://www.semrush.com/bot.html)"
185.191.171.9 - - [10/Dec/2025:15:07:29 +0100] "GET /platby/hca/love's-second-chance-film-location HTTP/1.1" 200 13218 "-" "Mozilla/5.0 (compatible; SemrushBot/7~bl; +http://www.semrush.com/bot.html)"
185.191.171.9 - - [10/Dec/2025:15:07:31 +0100] "GET /platby/qqap/thomas-and-friends-festival HTTP/1.1" 200 6066 "-" "Mozilla/5.0 (compatible; SemrushBot/7~bl; +http://www.semrush.com/bot.html)"
185.191.171.11 - - [10/Dec/2025:15:07:38 +0100] "GET /platby/72zbxoz/honor-view-20-screen-flickering HTTP/1.1" 200 10618 "-" "Mozilla/5.0 (compatible; SemrushBot/7~bl; +http://www.semrush.com/bot.html)"
85.208.96.209 - - [10/Dec/2025:15:08:07 +0100] "GET /platby/uwoy9/krepelka-learning-center HTTP/1.1" 200 12130 "-" "Mozilla/5.0 (compatible; SemrushBot/7~bl; +http://www.semrush.com/bot.html)"
141.98.11.170 - - [10/Dec/2025:15:08:15 +0100] "GET / HTTP/1.1" 200 316 "-" "Mozilla/5.0 (Windows NT 10.0; Win64; x64) AppleWebKit/537.36 (KHTML, like Gecko) Chrome/90.0.4430.85 Safari/537.36 Edg/90.0.818.46"
85.208.96.212 - - [10/Dec/2025:15:08:25 +0100] "GET /platby/aohwuyx/green-bay-packers-draft-picks-2019 HTTP/1.1" 200 11201 "-" "Mozilla/5.0 (compatible; SemrushBot/7~bl; +http://www.semrush.com/bot.html)"
85.208.96.202 - - [10/Dec/2025:15:09:13 +0100] "GET /platby/qqap/weston-workers-fc-sofascore HTTP/1.1" 200 13883 "-" "Mozilla/5.0 (compatible; SemrushBot/7~bl; +http://www.semrush.com/bot.html)"
139.162.172.80 - - [10/Dec/2025:15:09:19 +0100] "\x16\x03\x01\x01X\x01" 403 265 "-" "-"
139.162.172.80 - - [10/Dec/2025:15:09:19 +0100] "GET /" 400 468 "-" "-"
85.208.96.199 - - [10/Dec/2025:15:09:31 +0100] "GET /platby/aohwuyx/advantages-and-disadvantages-of-textbook-slideshare HTTP/1.1" 200 16136 "-" "Mozilla/5.0 (compatible; SemrushBot/7~bl; +http://www.semrush.com/bot.html)"
216.244.66.239 - - [10/Dec/2025:15:09:43 +0100] "GET /platby/article.php?5d4c26=knights-vs-bulldogs HTTP/1.1" 200 19615 "-" "Mozilla/5.0 (compatible; DotBot/1.2; +https://opensiteexplorer.org/dotbot; help@moz.com)"
216.244.66.239 - - [10/Dec/2025:15:09:48 +0100] "GET /platby/article.php?5d4c26=prison-architect-3ds HTTP/1.1" 200 20939 "-" "Mozilla/5.0 (compatible; DotBot/1.2; +https://opensiteexplorer.org/dotbot; help@moz.com)"
216.244.66.239 - - [10/Dec/2025:15:09:52 +0100] "GET /platby/article.php?5d4c26=John-John-Florence HTTP/1.1" 200 17662 "-" "Mozilla/5.0 (compatible; DotBot/1.2; +https://opensiteexplorer.org/dotbot; help@moz.com)"
85.208.96.199 - - [10/Dec/2025:15:09:52 +0100] "GET /platby/hca/mark-of-excellence-synonym HTTP/1.1" 200 12889 "-" "Mozilla/5.0 (compatible; SemrushBot/7~bl; +http://www.semrush.com/bot.html)"
216.244.66.239 - - [10/Dec/2025:15:09:56 +0100] "GET /platby/article.php?5d4c26=World-Trigger-Kei HTTP/1.1" 200 15017 "-" "Mozilla/5.0 (compatible; DotBot/1.2; +https://opensiteexplorer.org/dotbot; help@moz.com)"
216.244.66.239 - - [10/Dec/2025:15:09:59 +0100] "GET /platby/article.php?5d4c26=amazon-brand-image HTTP/1.1" 200 14597 "-" "Mozilla/5.0 (compatible; DotBot/1.2; +https://opensiteexplorer.org/dotbot; help@moz.com)"
216.244.66.239 - - [10/Dec/2025:15:10:02 +0100] "GET /platby/article.php?5d4c26=canada-rugby-results HTTP/1.1" 200 19397 "-" "Mozilla/5.0 (compatible; DotBot/1.2; +https://opensiteexplorer.org/dotbot; help@moz.com)"
216.244.66.239 - - [10/Dec/2025:15:10:06 +0100] "GET /platby/article.php?5d4c26=cbd-uk-balm HTTP/1.1" 200 17740 "-" "Mozilla/5.0 (compatible; DotBot/1.2; +https://opensiteexplorer.org/dotbot; help@moz.com)"
185.191.171.13 - - [10/Dec/2025:15:10:07 +0100] "GET /platby/72zbxoz/forest-view-apartments-haslett,-mi HTTP/1.1" 200 10277 "-" "Mozilla/5.0 (compatible; SemrushBot/7~bl; +http://www.semrush.com/bot.html)"
85.208.96.197 - - [10/Dec/2025:15:10:08 +0100] "GET /platby/qqap/fully-funded-scholarships-in-australia-2020 HTTP/1.1" 200 6470 "-" "Mozilla/5.0 (compatible; SemrushBot/7~bl; +http://www.semrush.com/bot.html)"
216.244.66.239 - - [10/Dec/2025:15:10:09 +0100] "GET /platby/article.php?5d4c26=graham-island-weather HTTP/1.1" 200 19178 "-" "Mozilla/5.0 (compatible; DotBot/1.2; +https://opensiteexplorer.org/dotbot; help@moz.com)"
216.244.66.239 - - [10/Dec/2025:15:10:12 +0100] "GET /platby/article.php?5d4c26=how-strong-is-kakuzu HTTP/1.1" 200 24061 "-" "Mozilla/5.0 (compatible; DotBot/1.2; +https://opensiteexplorer.org/dotbot; help@moz.com)"
185.191.171.11 - - [10/Dec/2025:15:10:13 +0100] "GET /platby/uwoy9/consider-the-function-represented-by-9x+3y=12 HTTP/1.1" 200 12978 "-" "Mozilla/5.0 (compatible; SemrushBot/7~bl; +http://www.semrush.com/bot.html)"
85.208.96.194 - - [10/Dec/2025:15:10:15 +0100] "GET /platby/qqap/daulton-jefferies-fangraphs HTTP/1.1" 200 11720 "-" "Mozilla/5.0 (compatible; SemrushBot/7~bl; +http://www.semrush.com/bot.html)"
216.244.66.239 - - [10/Dec/2025:15:10:15 +0100] "GET /platby/article.php?5d4c26=pbs-masterpiece%3A-2018 HTTP/1.1" 200 14771 "-" "Mozilla/5.0 (compatible; DotBot/1.2; +https://opensiteexplorer.org/dotbot; help@moz.com)"
216.244.66.239 - - [10/Dec/2025:15:10:17 +0100] "GET /platby/article.php?5d4c26=soul-saver-facebook HTTP/1.1" 200 23597 "-" "Mozilla/5.0 (compatible; DotBot/1.2; +https://opensiteexplorer.org/dotbot; help@moz.com)"
216.244.66.239 - - [10/Dec/2025:15:10:19 +0100] "GET /platby/article.php?5d4c26=surrey-crime-news HTTP/1.1" 200 15590 "-" "Mozilla/5.0 (compatible; DotBot/1.2; +https://opensiteexplorer.org/dotbot; help@moz.com)"
216.244.66.239 - - [10/Dec/2025:15:10:21 +0100] "GET /platby/article.php?5d4c26=Cha-cha-music HTTP/1.1" 200 17268 "-" "Mozilla/5.0 (compatible; DotBot/1.2; +https://opensiteexplorer.org/dotbot; help@moz.com)"
185.191.171.1 - - [10/Dec/2025:15:10:22 +0100] "GET /platby/72zbxoz/commercial-gym-equipment-for-sale HTTP/1.1" 200 9424 "-" "Mozilla/5.0 (compatible; SemrushBot/7~bl; +http://www.semrush.com/bot.html)"
216.244.66.239 - - [10/Dec/2025:15:10:22 +0100] "GET /platby/article.php?5d4c26=TC-Electronic-Ditto-X2 HTTP/1.1" 200 18572 "-" "Mozilla/5.0 (compatible; DotBot/1.2; +https://opensiteexplorer.org/dotbot; help@moz.com)"
216.244.66.239 - - [10/Dec/2025:15:10:24 +0100] "GET /platby/article.php?5d4c26=ai-in-china HTTP/1.1" 200 19333 "-" "Mozilla/5.0 (compatible; DotBot/1.2; +https://opensiteexplorer.org/dotbot; help@moz.com)"
216.244.66.239 - - [10/Dec/2025:15:10:25 +0100] "GET /platby/article.php?5d4c26=apple-stock-explained HTTP/1.1" 200 21460 "-" "Mozilla/5.0 (compatible; DotBot/1.2; +https://opensiteexplorer.org/dotbot; help@moz.com)"
216.244.66.239 - - [10/Dec/2025:15:10:26 +0100] "GET /platby/article.php?5d4c26=carol-gilligan-in-a-different-voice HTTP/1.1" 200 20959 "-" "Mozilla/5.0 (compatible; DotBot/1.2; +https://opensiteexplorer.org/dotbot; help@moz.com)"
216.244.66.239 - - [10/Dec/2025:15:10:28 +0100] "GET /platby/article.php?5d4c26=cyclone-in-madagascar-2020 HTTP/1.1" 200 22426 "-" "Mozilla/5.0 (compatible; DotBot/1.2; +https://opensiteexplorer.org/dotbot; help@moz.com)"
216.244.66.239 - - [10/Dec/2025:15:10:29 +0100] "GET /platby/article.php?5d4c26=farmland-private-equity HTTP/1.1" 200 23613 "-" "Mozilla/5.0 (compatible; DotBot/1.2; +https://opensiteexplorer.org/dotbot; help@moz.com)"
216.244.66.239 - - [10/Dec/2025:15:10:30 +0100] "GET /platby/article.php?5d4c26=federico-vi%C3%B1as-novia HTTP/1.1" 200 17696 "-" "Mozilla/5.0 (compatible; DotBot/1.2; +https://opensiteexplorer.org/dotbot; help@moz.com)"
216.244.66.239 - - [10/Dec/2025:15:10:31 +0100] "GET /platby/article.php?5d4c26=female-astronauts-movie HTTP/1.1" 200 20672 "-" "Mozilla/5.0 (compatible; DotBot/1.2; +https://opensiteexplorer.org/dotbot; help@moz.com)"
216.244.66.239 - - [10/Dec/2025:15:10:32 +0100] "GET /platby/article.php?5d4c26=fifa-street-2019 HTTP/1.1" 200 19566 "-" "Mozilla/5.0 (compatible; DotBot/1.2; +https://opensiteexplorer.org/dotbot; help@moz.com)"
216.244.66.239 - - [10/Dec/2025:15:10:33 +0100] "GET /platby/article.php?5d4c26=gnc-commercial-girl HTTP/1.1" 200 18008 "-" "Mozilla/5.0 (compatible; DotBot/1.2; +https://opensiteexplorer.org/dotbot; help@moz.com)"
66.249.79.226 - - [10/Dec/2025:15:10:34 +0100] "\x16\x03\x01\x02" 403 265 "-" "-"
216.244.66.239 - - [10/Dec/2025:15:10:34 +0100] "GET /platby/article.php?5d4c26=grand-junction-police-codes HTTP/1.1" 200 15569 "-" "Mozilla/5.0 (compatible; DotBot/1.2; +https://opensiteexplorer.org/dotbot; help@moz.com)"
216.244.66.239 - - [10/Dec/2025:15:10:35 +0100] "GET /platby/article.php?5d4c26=herald-sun-front-page HTTP/1.1" 200 24753 "-" "Mozilla/5.0 (compatible; DotBot/1.2; +https://opensiteexplorer.org/dotbot; help@moz.com)"
216.244.66.239 - - [10/Dec/2025:15:10:36 +0100] "GET /platby/article.php?5d4c26=ian-owens-instagram HTTP/1.1" 200 15440 "-" "Mozilla/5.0 (compatible; DotBot/1.2; +https://opensiteexplorer.org/dotbot; help@moz.com)"
185.191.171.11 - - [10/Dec/2025:15:10:36 +0100] "GET /platby/qqap/nebraska-state-soccer-blue-sombrero HTTP/1.1" 200 13200 "-" "Mozilla/5.0 (compatible; SemrushBot/7~bl; +http://www.semrush.com/bot.html)"
216.244.66.239 - - [10/Dec/2025:15:10:37 +0100] "GET /platby/article.php?5d4c26=in-your-eyes---the-weeknd HTTP/1.1" 200 19376 "-" "Mozilla/5.0 (compatible; DotBot/1.2; +https://opensiteexplorer.org/dotbot; help@moz.com)"
216.244.66.239 - - [10/Dec/2025:15:10:40 +0100] "GET /platby/article.php?5d4c26=iphone-se-for-sale-canada HTTP/1.1" 200 21631 "-" "Mozilla/5.0 (compatible; DotBot/1.2; +https://opensiteexplorer.org/dotbot; help@moz.com)"
216.244.66.239 - - [10/Dec/2025:15:10:41 +0100] "GET /platby/article.php?5d4c26=james-ryan-obituary HTTP/1.1" 200 21581 "-" "Mozilla/5.0 (compatible; DotBot/1.2; +https://opensiteexplorer.org/dotbot; help@moz.com)"
216.244.66.239 - - [10/Dec/2025:15:10:43 +0100] "GET /platby/article.php?5d4c26=lillith-voice-actor HTTP/1.1" 200 21701 "-" "Mozilla/5.0 (compatible; DotBot/1.2; +https://opensiteexplorer.org/dotbot; help@moz.com)"
216.244.66.239 - - [10/Dec/2025:15:10:45 +0100] "GET /platby/article.php?5d4c26=love-yourself-first-in-japanese HTTP/1.1" 200 16620 "-" "Mozilla/5.0 (compatible; DotBot/1.2; +https://opensiteexplorer.org/dotbot; help@moz.com)"
216.244.66.239 - - [10/Dec/2025:15:10:46 +0100] "GET /platby/article.php?5d4c26=magic-murray-fake HTTP/1.1" 200 22894 "-" "Mozilla/5.0 (compatible; DotBot/1.2; +https://opensiteexplorer.org/dotbot; help@moz.com)"
216.244.66.239 - - [10/Dec/2025:15:10:47 +0100] "GET /platby/article.php?5d4c26=magnus-effect-plane HTTP/1.1" 200 21565 "-" "Mozilla/5.0 (compatible; DotBot/1.2; +https://opensiteexplorer.org/dotbot; help@moz.com)"
216.244.66.239 - - [10/Dec/2025:15:10:48 +0100] "GET /platby/article.php?5d4c26=monos-rotten-tomatoes HTTP/1.1" 200 18272 "-" "Mozilla/5.0 (compatible; DotBot/1.2; +https://opensiteexplorer.org/dotbot; help@moz.com)"
85.208.96.211 - - [10/Dec/2025:15:10:49 +0100] "GET /platby/hca/customer-co-creation-lego HTTP/1.1" 200 12526 "-" "Mozilla/5.0 (compatible; SemrushBot/7~bl; +http://www.semrush.com/bot.html)"
216.244.66.239 - - [10/Dec/2025:15:10:50 +0100] "GET /platby/article.php?5d4c26=pakistan-news-wiki HTTP/1.1" 200 21689 "-" "Mozilla/5.0 (compatible; DotBot/1.2; +https://opensiteexplorer.org/dotbot; help@moz.com)"
216.244.66.239 - - [10/Dec/2025:15:10:51 +0100] "GET /platby/article.php?5d4c26=santa-cruz-live HTTP/1.1" 200 20798 "-" "Mozilla/5.0 (compatible; DotBot/1.2; +https://opensiteexplorer.org/dotbot; help@moz.com)"
216.244.66.239 - - [10/Dec/2025:15:10:52 +0100] "GET /platby/article.php?5d4c26=sonu-sood-father HTTP/1.1" 200 23445 "-" "Mozilla/5.0 (compatible; DotBot/1.2; +https://opensiteexplorer.org/dotbot; help@moz.com)"
216.244.66.239 - - [10/Dec/2025:15:10:53 +0100] "GET /platby/article.php?5d4c26=tony-gardner-wife HTTP/1.1" 200 21589 "-" "Mozilla/5.0 (compatible; DotBot/1.2; +https://opensiteexplorer.org/dotbot; help@moz.com)"
216.244.66.239 - - [10/Dec/2025:15:10:54 +0100] "GET /platby/article.php?5d4c26=tony-hawk%27s-project-8-ps2-iso HTTP/1.1" 200 24052 "-" "Mozilla/5.0 (compatible; DotBot/1.2; +https://opensiteexplorer.org/dotbot; help@moz.com)"
216.244.66.239 - - [10/Dec/2025:15:10:55 +0100] "GET /platby/article.php?5d4c26=tutoring-center-ideas HTTP/1.1" 200 18396 "-" "Mozilla/5.0 (compatible; DotBot/1.2; +https://opensiteexplorer.org/dotbot; help@moz.com)"
216.244.66.239 - - [10/Dec/2025:15:10:56 +0100] "GET /platby/article.php?5d4c26=visiting-besakih-temple HTTP/1.1" 200 23749 "-" "Mozilla/5.0 (compatible; DotBot/1.2; +https://opensiteexplorer.org/dotbot; help@moz.com)"
216.244.66.239 - - [10/Dec/2025:15:10:57 +0100] "GET /platby/article.php?5d4c26=2016-election-coverage-nbc HTTP/1.1" 200 16385 "-" "Mozilla/5.0 (compatible; DotBot/1.2; +https://opensiteexplorer.org/dotbot; help@moz.com)"
216.244.66.239 - - [10/Dec/2025:15:10:58 +0100] "GET /platby/article.php?5d4c26=Don%27t-Come-Back-Here HTTP/1.1" 200 16748 "-" "Mozilla/5.0 (compatible; DotBot/1.2; +https://opensiteexplorer.org/dotbot; help@moz.com)"
216.244.66.239 - - [10/Dec/2025:15:10:59 +0100] "GET /platby/article.php?5d4c26=aa-clothing-wholesale HTTP/1.1" 200 22559 "-" "Mozilla/5.0 (compatible; DotBot/1.2; +https://opensiteexplorer.org/dotbot; help@moz.com)"
216.244.66.239 - - [10/Dec/2025:15:11:00 +0100] "GET /platby/article.php?5d4c26=american-academy-of-family-physicians-board-review-questions HTTP/1.1" 200 25609 "-" "Mozilla/5.0 (compatible; DotBot/1.2; +https://opensiteexplorer.org/dotbot; help@moz.com)"
216.244.66.239 - - [10/Dec/2025:15:11:01 +0100] "GET /platby/article.php?5d4c26=butch-and-sundance-are-back HTTP/1.1" 200 17658 "-" "Mozilla/5.0 (compatible; DotBot/1.2; +https://opensiteexplorer.org/dotbot; help@moz.com)"
216.244.66.239 - - [10/Dec/2025:15:11:02 +0100] "GET /platby/article.php?5d4c26=buzz-the-mega-quiz-iso HTTP/1.1" 200 25803 "-" "Mozilla/5.0 (compatible; DotBot/1.2; +https://opensiteexplorer.org/dotbot; help@moz.com)"
216.244.66.239 - - [10/Dec/2025:15:11:03 +0100] "GET /platby/article.php?5d4c26=counting-crows-this-desert-life-vinyl HTTP/1.1" 200 21929 "-" "Mozilla/5.0 (compatible; DotBot/1.2; +https://opensiteexplorer.org/dotbot; help@moz.com)"
216.244.66.239 - - [10/Dec/2025:15:11:04 +0100] "GET /platby/article.php?5d4c26=derby-county-fixtures-2019%2F20 HTTP/1.1" 200 21812 "-" "Mozilla/5.0 (compatible; DotBot/1.2; +https://opensiteexplorer.org/dotbot; help@moz.com)"
216.244.66.239 - - [10/Dec/2025:15:11:05 +0100] "GET /platby/article.php?5d4c26=detailed-map-of-indonesia HTTP/1.1" 200 16141 "-" "Mozilla/5.0 (compatible; DotBot/1.2; +https://opensiteexplorer.org/dotbot; help@moz.com)"
216.244.66.239 - - [10/Dec/2025:15:11:06 +0100] "GET /platby/article.php?5d4c26=flash-vs-quicksilver HTTP/1.1" 200 14864 "-" "Mozilla/5.0 (compatible; DotBot/1.2; +https://opensiteexplorer.org/dotbot; help@moz.com)"
185.191.171.12 - - [10/Dec/2025:15:11:07 +0100] "GET /platby/qqap/fibonacci-expansion-strategy HTTP/1.1" 200 6809 "-" "Mozilla/5.0 (compatible; SemrushBot/7~bl; +http://www.semrush.com/bot.html)"
216.244.66.239 - - [10/Dec/2025:15:11:07 +0100] "GET /platby/article.php?5d4c26=harvey-friedman---attorney HTTP/1.1" 200 19060 "-" "Mozilla/5.0 (compatible; DotBot/1.2; +https://opensiteexplorer.org/dotbot; help@moz.com)"
85.208.96.197 - - [10/Dec/2025:15:11:08 +0100] "GET /platby/72zbxoz/noel-acciari-contract HTTP/1.1" 200 11997 "-" "Mozilla/5.0 (compatible; SemrushBot/7~bl; +http://www.semrush.com/bot.html)"
216.244.66.239 - - [10/Dec/2025:15:11:09 +0100] "GET /platby/article.php?5d4c26=john-malone%3A-discovery HTTP/1.1" 200 24275 "-" "Mozilla/5.0 (compatible; DotBot/1.2; +https://opensiteexplorer.org/dotbot; help@moz.com)"
216.244.66.239 - - [10/Dec/2025:15:11:10 +0100] "GET /platby/article.php?5d4c26=johnnie-walker-swing HTTP/1.1" 200 16278 "-" "Mozilla/5.0 (compatible; DotBot/1.2; +https://opensiteexplorer.org/dotbot; help@moz.com)"
85.208.96.209 - - [10/Dec/2025:15:11:10 +0100] "GET /platby/aohwuyx/phillies-record-by-month HTTP/1.1" 200 8224 "-" "Mozilla/5.0 (compatible; SemrushBot/7~bl; +http://www.semrush.com/bot.html)"
216.244.66.239 - - [10/Dec/2025:15:11:11 +0100] "GET /platby/article.php?5d4c26=kirby%27s-adventure---sound-effects HTTP/1.1" 200 22119 "-" "Mozilla/5.0 (compatible; DotBot/1.2; +https://opensiteexplorer.org/dotbot; help@moz.com)"
216.244.66.239 - - [10/Dec/2025:15:11:12 +0100] "GET /platby/article.php?5d4c26=minecraft-spectator-mode HTTP/1.1" 200 26072 "-" "Mozilla/5.0 (compatible; DotBot/1.2; +https://opensiteexplorer.org/dotbot; help@moz.com)"
216.244.66.239 - - [10/Dec/2025:15:11:13 +0100] "GET /platby/article.php?5d4c26=mtg-legendary-rule-2018 HTTP/1.1" 200 24692 "-" "Mozilla/5.0 (compatible; DotBot/1.2; +https://opensiteexplorer.org/dotbot; help@moz.com)"
216.244.66.239 - - [10/Dec/2025:15:11:14 +0100] "GET /platby/article.php?5d4c26=nissan-pulsar-1988-blue HTTP/1.1" 200 18004 "-" "Mozilla/5.0 (compatible; DotBot/1.2; +https://opensiteexplorer.org/dotbot; help@moz.com)"
216.244.66.239 - - [10/Dec/2025:15:11:15 +0100] "GET /platby/article.php?5d4c26=nyc-to-san-diego HTTP/1.1" 200 19264 "-" "Mozilla/5.0 (compatible; DotBot/1.2; +https://opensiteexplorer.org/dotbot; help@moz.com)"
216.244.66.239 - - [10/Dec/2025:15:11:16 +0100] "GET /platby/article.php?5d4c26=persona-q2-romance HTTP/1.1" 200 17358 "-" "Mozilla/5.0 (compatible; DotBot/1.2; +https://opensiteexplorer.org/dotbot; help@moz.com)"
216.244.66.239 - - [10/Dec/2025:15:11:17 +0100] "GET /platby/article.php?5d4c26=rahab-bible-study-questions HTTP/1.1" 200 21250 "-" "Mozilla/5.0 (compatible; DotBot/1.2; +https://opensiteexplorer.org/dotbot; help@moz.com)"
216.244.66.239 - - [10/Dec/2025:15:11:18 +0100] "GET /platby/article.php?5d4c26=rivers-in-new-zealand HTTP/1.1" 200 15546 "-" "Mozilla/5.0 (compatible; DotBot/1.2; +https://opensiteexplorer.org/dotbot; help@moz.com)"
216.244.66.239 - - [10/Dec/2025:15:11:19 +0100] "GET /platby/article.php?5d4c26=seoul-live-weather HTTP/1.1" 200 22802 "-" "Mozilla/5.0 (compatible; DotBot/1.2; +https://opensiteexplorer.org/dotbot; help@moz.com)"
216.244.66.239 - - [10/Dec/2025:15:11:19 +0100] "GET /platby/article.php?5d4c26=shovel-knight-dig-reddit HTTP/1.1" 200 22820 "-" "Mozilla/5.0 (compatible; DotBot/1.2; +https://opensiteexplorer.org/dotbot; help@moz.com)"
85.208.96.210 - - [10/Dec/2025:15:11:20 +0100] "GET /platby/aohwuyx/what-is-transgender-mean HTTP/1.1" 200 8309 "-" "Mozilla/5.0 (compatible; SemrushBot/7~bl; +http://www.semrush.com/bot.html)"
216.244.66.239 - - [10/Dec/2025:15:11:20 +0100] "GET /platby/article.php?5d4c26=super-metroid-bosses-ranked HTTP/1.1" 200 19953 "-" "Mozilla/5.0 (compatible; DotBot/1.2; +https://opensiteexplorer.org/dotbot; help@moz.com)"
216.244.66.239 - - [10/Dec/2025:15:11:21 +0100] "GET /platby/article.php?5d4c26=switzerland-social-structure HTTP/1.1" 200 26138 "-" "Mozilla/5.0 (compatible; DotBot/1.2; +https://opensiteexplorer.org/dotbot; help@moz.com)"
216.244.66.239 - - [10/Dec/2025:15:11:22 +0100] "GET /platby/article.php?5d4c26=take-care-of-your-health-quotes HTTP/1.1" 200 18890 "-" "Mozilla/5.0 (compatible; DotBot/1.2; +https://opensiteexplorer.org/dotbot; help@moz.com)"
216.244.66.239 - - [10/Dec/2025:15:11:23 +0100] "GET /platby/article.php?5d4c26=the-circuit-tigard HTTP/1.1" 200 23142 "-" "Mozilla/5.0 (compatible; DotBot/1.2; +https://opensiteexplorer.org/dotbot; help@moz.com)"
216.244.66.239 - - [10/Dec/2025:15:11:24 +0100] "GET /platby/article.php?5d4c26=the-incredible-true-story-lyrics HTTP/1.1" 200 23193 "-" "Mozilla/5.0 (compatible; DotBot/1.2; +https://opensiteexplorer.org/dotbot; help@moz.com)"
216.244.66.239 - - [10/Dec/2025:15:11:25 +0100] "GET /platby/article.php?5d4c26=transformers-8-2023 HTTP/1.1" 200 18431 "-" "Mozilla/5.0 (compatible; DotBot/1.2; +https://opensiteexplorer.org/dotbot; help@moz.com)"
216.244.66.239 - - [10/Dec/2025:15:11:26 +0100] "GET /platby/article.php?5d4c26=uss-excelsior-blueprints HTTP/1.1" 200 15781 "-" "Mozilla/5.0 (compatible; DotBot/1.2; +https://opensiteexplorer.org/dotbot; help@moz.com)"
185.191.171.4 - - [10/Dec/2025:15:11:27 +0100] "GET /platby/aohwuyx/phone-number-for-iheartradio-customer-service HTTP/1.1" 200 8928 "-" "Mozilla/5.0 (compatible; SemrushBot/7~bl; +http://www.semrush.com/bot.html)"
216.244.66.239 - - [10/Dec/2025:15:11:27 +0100] "GET /platby/article.php?5d4c26=viscera-cleanup-detail-achievement-guide HTTP/1.1" 200 22861 "-" "Mozilla/5.0 (compatible; DotBot/1.2; +https://opensiteexplorer.org/dotbot; help@moz.com)"
216.244.66.239 - - [10/Dec/2025:15:11:28 +0100] "GET /platby/article.php?5d4c26=wet-n-wild-fireworks HTTP/1.1" 200 23545 "-" "Mozilla/5.0 (compatible; DotBot/1.2; +https://opensiteexplorer.org/dotbot; help@moz.com)"
216.244.66.239 - - [10/Dec/2025:15:11:29 +0100] "GET /platby/article.php?5d4c26=who-wrote-yesterday HTTP/1.1" 200 23595 "-" "Mozilla/5.0 (compatible; DotBot/1.2; +https://opensiteexplorer.org/dotbot; help@moz.com)"
216.244.66.239 - - [10/Dec/2025:15:11:30 +0100] "GET /platby/article.php?5d4c26=working-man-%282020%29 HTTP/1.1" 200 19909 "-" "Mozilla/5.0 (compatible; DotBot/1.2; +https://opensiteexplorer.org/dotbot; help@moz.com)"
216.244.66.239 - - [10/Dec/2025:15:11:31 +0100] "GET /platby/article.php?5d4c26=yoga-poses-for-full-body-stretch HTTP/1.1" 200 15016 "-" "Mozilla/5.0 (compatible; DotBot/1.2; +https://opensiteexplorer.org/dotbot; help@moz.com)"
85.208.96.207 - - [10/Dec/2025:15:11:31 +0100] "GET /platby/72zbxoz/university-dorm-rooms-uk HTTP/1.1" 200 14805 "-" "Mozilla/5.0 (compatible; SemrushBot/7~bl; +http://www.semrush.com/bot.html)"
216.244.66.239 - - [10/Dec/2025:15:11:32 +0100] "GET /platby/article.php?5d4c26=Cocoa-Beach-swimming-conditions HTTP/1.1" 200 23340 "-" "Mozilla/5.0 (compatible; DotBot/1.2; +https://opensiteexplorer.org/dotbot; help@moz.com)"
216.244.66.239 - - [10/Dec/2025:15:11:33 +0100] "GET /platby/article.php?5d4c26=Electrical-Engineering-Faculty HTTP/1.1" 200 17308 "-" "Mozilla/5.0 (compatible; DotBot/1.2; +https://opensiteexplorer.org/dotbot; help@moz.com)"
216.244.66.239 - - [10/Dec/2025:15:11:35 +0100] "GET /platby/article.php?5d4c26=abandoned-french-chateau-for-sale-2020 HTTP/1.1" 200 18764 "-" "Mozilla/5.0 (compatible; DotBot/1.2; +https://opensiteexplorer.org/dotbot; help@moz.com)"
216.244.66.239 - - [10/Dec/2025:15:11:36 +0100] "GET /platby/article.php?5d4c26=abbotsford-real-estate HTTP/1.1" 200 18860 "-" "Mozilla/5.0 (compatible; DotBot/1.2; +https://opensiteexplorer.org/dotbot; help@moz.com)"
216.244.66.239 - - [10/Dec/2025:15:11:37 +0100] "GET /platby/article.php?5d4c26=american-association-of-physicians-and-surgeons HTTP/1.1" 200 18097 "-" "Mozilla/5.0 (compatible; DotBot/1.2; +https://opensiteexplorer.org/dotbot; help@moz.com)"
216.244.66.239 - - [10/Dec/2025:15:11:39 +0100] "GET /platby/article.php?5d4c26=baby-boy-costumes-12-18-months HTTP/1.1" 200 23503 "-" "Mozilla/5.0 (compatible; DotBot/1.2; +https://opensiteexplorer.org/dotbot; help@moz.com)"
216.244.66.239 - - [10/Dec/2025:15:11:40 +0100] "GET /platby/article.php?5d4c26=blue%27s-clues-put-the-mail-in-mailbox HTTP/1.1" 200 21172 "-" "Mozilla/5.0 (compatible; DotBot/1.2; +https://opensiteexplorer.org/dotbot; help@moz.com)"
216.244.66.239 - - [10/Dec/2025:15:11:41 +0100] "GET /platby/article.php?5d4c26=colorful-sea-stones HTTP/1.1" 200 14639 "-" "Mozilla/5.0 (compatible; DotBot/1.2; +https://opensiteexplorer.org/dotbot; help@moz.com)"
216.244.66.239 - - [10/Dec/2025:15:11:41 +0100] "GET /platby/article.php?5d4c26=danny-bonaduce-net-worth HTTP/1.1" 200 18623 "-" "Mozilla/5.0 (compatible; DotBot/1.2; +https://opensiteexplorer.org/dotbot; help@moz.com)"
216.244.66.239 - - [10/Dec/2025:15:11:42 +0100] "GET /platby/article.php?5d4c26=de-broglie-wavelength-equation HTTP/1.1" 200 25347 "-" "Mozilla/5.0 (compatible; DotBot/1.2; +https://opensiteexplorer.org/dotbot; help@moz.com)"
216.244.66.239 - - [10/Dec/2025:15:11:43 +0100] "GET /platby/article.php?5d4c26=difficult-spelling-bee-words HTTP/1.1" 200 24298 "-" "Mozilla/5.0 (compatible; DotBot/1.2; +https://opensiteexplorer.org/dotbot; help@moz.com)"
216.244.66.239 - - [10/Dec/2025:15:11:44 +0100] "GET /platby/article.php?5d4c26=dusable-museum-of-african-american-history-jobs HTTP/1.1" 200 19994 "-" "Mozilla/5.0 (compatible; DotBot/1.2; +https://opensiteexplorer.org/dotbot; help@moz.com)"
216.244.66.239 - - [10/Dec/2025:15:11:45 +0100] "GET /platby/article.php?5d4c26=general-dynamics-electric-boat-benefits HTTP/1.1" 200 22595 "-" "Mozilla/5.0 (compatible; DotBot/1.2; +https://opensiteexplorer.org/dotbot; help@moz.com)"
216.244.66.239 - - [10/Dec/2025:15:11:46 +0100] "GET /platby/article.php?5d4c26=god-put-a-smile-on-your-face-lyrics-coldplay HTTP/1.1" 200 19857 "-" "Mozilla/5.0 (compatible; DotBot/1.2; +https://opensiteexplorer.org/dotbot; help@moz.com)"
85.208.96.198 - - [10/Dec/2025:15:11:47 +0100] "GET /platby/hca/andre-miller-2k21-challenges HTTP/1.1" 200 9525 "-" "Mozilla/5.0 (compatible; SemrushBot/7~bl; +http://www.semrush.com/bot.html)"
216.244.66.239 - - [10/Dec/2025:15:11:47 +0100] "GET /platby/article.php?5d4c26=hedi-slimane-camera HTTP/1.1" 200 16517 "-" "Mozilla/5.0 (compatible; DotBot/1.2; +https://opensiteexplorer.org/dotbot; help@moz.com)"
216.244.66.239 - - [10/Dec/2025:15:11:48 +0100] "GET /platby/article.php?5d4c26=in-memory-of-daughter-gifts HTTP/1.1" 200 18929 "-" "Mozilla/5.0 (compatible; DotBot/1.2; +https://opensiteexplorer.org/dotbot; help@moz.com)"
216.244.66.239 - - [10/Dec/2025:15:11:49 +0100] "GET /platby/article.php?5d4c26=maxwell-don%27t-starve-together HTTP/1.1" 200 18001 "-" "Mozilla/5.0 (compatible; DotBot/1.2; +https://opensiteexplorer.org/dotbot; help@moz.com)"
216.244.66.239 - - [10/Dec/2025:15:11:50 +0100] "GET /platby/article.php?5d4c26=shantae-and-the-pirate%27s-curse-100%25-walkthrough HTTP/1.1" 200 20157 "-" "Mozilla/5.0 (compatible; DotBot/1.2; +https://opensiteexplorer.org/dotbot; help@moz.com)"
216.244.66.239 - - [10/Dec/2025:15:11:51 +0100] "GET /platby/article.php?5d4c26=soviet-unmanned-lunar-lander HTTP/1.1" 200 23834 "-" "Mozilla/5.0 (compatible; DotBot/1.2; +https://opensiteexplorer.org/dotbot; help@moz.com)"
216.244.66.239 - - [10/Dec/2025:15:11:52 +0100] "GET /platby/article.php?5d4c26=space-themed-party-food HTTP/1.1" 200 15481 "-" "Mozilla/5.0 (compatible; DotBot/1.2; +https://opensiteexplorer.org/dotbot; help@moz.com)"
216.244.66.239 - - [10/Dec/2025:15:11:53 +0100] "GET /platby/article.php?5d4c26=thelotter-lottery-results HTTP/1.1" 200 21938 "-" "Mozilla/5.0 (compatible; DotBot/1.2; +https://opensiteexplorer.org/dotbot; help@moz.com)"
216.244.66.239 - - [10/Dec/2025:15:11:54 +0100] "GET /platby/article.php?5d4c26=transcription-and-translation-in-prokaryotes-ppt HTTP/1.1" 200 19510 "-" "Mozilla/5.0 (compatible; DotBot/1.2; +https://opensiteexplorer.org/dotbot; help@moz.com)"
216.244.66.239 - - [10/Dec/2025:15:11:55 +0100] "GET /platby/article.php?5d4c26=washington-food-handlers-card-test-answers HTTP/1.1" 200 15097 "-" "Mozilla/5.0 (compatible; DotBot/1.2; +https://opensiteexplorer.org/dotbot; help@moz.com)"
216.244.66.239 - - [10/Dec/2025:15:11:56 +0100] "GET /platby/article.php?5d4c26=what-movie-was-right-here-waiting-for-you-in HTTP/1.1" 200 17426 "-" "Mozilla/5.0 (compatible; DotBot/1.2; +https://opensiteexplorer.org/dotbot; help@moz.com)"
216.244.66.239 - - [10/Dec/2025:15:11:57 +0100] "GET /platby/article.php?5d4c26=xenoblade-chronicles%3A-definitive-edition-works-set HTTP/1.1" 200 16354 "-" "Mozilla/5.0 (compatible; DotBot/1.2; +https://opensiteexplorer.org/dotbot; help@moz.com)"
216.244.66.239 - - [10/Dec/2025:15:11:58 +0100] "GET /platby/article.php?5d4c26=%2B-18moreBest-dinners-with-kidsNok%27s-Kitchen%2C-Spirit-Of-Thai%2C-and-more HTTP/1.1" 200 17055 "-" "Mozilla/5.0 (compatible; DotBot/1.2; +https://opensiteexplorer.org/dotbot; help@moz.com)"
216.244.66.239 - - [10/Dec/2025:15:11:59 +0100] "GET /platby/article.php?5d4c26=alamat-willow-baby-shop-surabaya HTTP/1.1" 200 20380 "-" "Mozilla/5.0 (compatible; DotBot/1.2; +https://opensiteexplorer.org/dotbot; help@moz.com)"
216.244.66.239 - - [10/Dec/2025:15:12:00 +0100] "GET /platby/article.php?5d4c26=the-consumer-product-safety-improvement-act-of-2008-does-not-cover-which-of-the-following%3F-quizlet HTTP/1.1" 200 26132 "-" "Mozilla/5.0 (compatible; DotBot/1.2; +https://opensiteexplorer.org/dotbot; help@moz.com)"
216.244.66.239 - - [10/Dec/2025:15:12:01 +0100] "GET /platby/aohwuyx/newton-county-sheriff-department HTTP/1.1" 200 39503 "-" "Mozilla/5.0 (compatible; DotBot/1.2; +https://opensiteexplorer.org/dotbot; help@moz.com)"
216.244.66.239 - - [10/Dec/2025:15:12:02 +0100] "GET /platby/uwoy9/bangladesh-live-score HTTP/1.1" 200 38580 "-" "Mozilla/5.0 (compatible; DotBot/1.2; +https://opensiteexplorer.org/dotbot; help@moz.com)"
216.244.66.239 - - [10/Dec/2025:15:12:03 +0100] "GET /platby/uwoy9/kevin-mcnally-phyllis-logan HTTP/1.1" 200 45604 "-" "Mozilla/5.0 (compatible; DotBot/1.2; +https://opensiteexplorer.org/dotbot; help@moz.com)"
216.244.66.239 - - [10/Dec/2025:15:12:04 +0100] "GET /platby/aohwuyx/%2B-1moreupscale-drinksdexter%27s-windermere%2C-the-vineyard%2C-and-more HTTP/1.1" 200 38437 "-" "Mozilla/5.0 (compatible; DotBot/1.2; +https://opensiteexplorer.org/dotbot; help@moz.com)"
216.244.66.239 - - [10/Dec/2025:15:12:05 +0100] "GET /platby/uwoy9/eastbay-shoes-basketball HTTP/1.1" 200 33104 "-" "Mozilla/5.0 (compatible; DotBot/1.2; +https://opensiteexplorer.org/dotbot; help@moz.com)"
216.244.66.239 - - [10/Dec/2025:15:12:06 +0100] "GET /platby/uwoy9/don%27t-call-us-dead%3A-poems HTTP/1.1" 200 36519 "-" "Mozilla/5.0 (compatible; DotBot/1.2; +https://opensiteexplorer.org/dotbot; help@moz.com)"
216.244.66.239 - - [10/Dec/2025:15:12:07 +0100] "GET /platby/uwoy9/how-much-is-katie-piper-worth HTTP/1.1" 200 36561 "-" "Mozilla/5.0 (compatible; DotBot/1.2; +https://opensiteexplorer.org/dotbot; help@moz.com)"
216.244.66.239 - - [10/Dec/2025:15:12:08 +0100] "GET /platby/aohwuyx/a-house-divided-against-itself-cannot-stand-origin HTTP/1.1" 200 45348 "-" "Mozilla/5.0 (compatible; DotBot/1.2; +https://opensiteexplorer.org/dotbot; help@moz.com)"
216.244.66.239 - - [10/Dec/2025:15:12:09 +0100] "GET /platby/aohwuyx/examples-of-lockdown-in-the-bible HTTP/1.1" 200 35400 "-" "Mozilla/5.0 (compatible; DotBot/1.2; +https://opensiteexplorer.org/dotbot; help@moz.com)"
216.244.66.239 - - [10/Dec/2025:15:12:10 +0100] "GET /platby/aohwuyx/social-justice-examples-in-schools HTTP/1.1" 200 51329 "-" "Mozilla/5.0 (compatible; DotBot/1.2; +https://opensiteexplorer.org/dotbot; help@moz.com)"
85.208.96.209 - - [10/Dec/2025:15:12:11 +0100] "GET /platby/qqap/journal-about-covid-19-pandemic HTTP/1.1" 200 8106 "-" "Mozilla/5.0 (compatible; SemrushBot/7~bl; +http://www.semrush.com/bot.html)"
216.244.66.239 - - [10/Dec/2025:15:12:11 +0100] "GET /platby/uwoy9/dermalogica-professional-cleanser HTTP/1.1" 200 36100 "-" "Mozilla/5.0 (compatible; DotBot/1.2; +https://opensiteexplorer.org/dotbot; help@moz.com)"
216.244.66.239 - - [10/Dec/2025:15:12:13 +0100] "GET /platby/uwoy9/usestate-with-sessionstorage HTTP/1.1" 200 41879 "-" "Mozilla/5.0 (compatible; DotBot/1.2; +https://opensiteexplorer.org/dotbot; help@moz.com)"
216.244.66.239 - - [10/Dec/2025:15:12:13 +0100] "GET /platby/uwoy9/where-does-helichrysum-grow HTTP/1.1" 200 43402 "-" "Mozilla/5.0 (compatible; DotBot/1.2; +https://opensiteexplorer.org/dotbot; help@moz.com)"
85.208.96.200 - - [10/Dec/2025:15:12:31 +0100] "GET /platby/hca/eastern-meadowlark-characteristics HTTP/1.1" 200 11069 "-" "Mozilla/5.0 (compatible; SemrushBot/7~bl; +http://www.semrush.com/bot.html)"
103.23.137.115 - - [10/Dec/2025:15:12:51 +0100] "\x16\x03\x01\x02" 403 265 "-" "-"
85.208.96.209 - - [10/Dec/2025:15:13:29 +0100] "GET /platby/hca/eyebrow-microblading-raleigh-nc HTTP/1.1" 200 12940 "-" "Mozilla/5.0 (compatible; SemrushBot/7~bl; +http://www.semrush.com/bot.html)"
185.191.171.19 - - [10/Dec/2025:15:13:38 +0100] "GET /platby/72zbxoz/rescue-trapstik-for-flies HTTP/1.1" 200 7966 "-" "Mozilla/5.0 (compatible; SemrushBot/7~bl; +http://www.semrush.com/bot.html)"
85.208.96.207 - - [10/Dec/2025:15:14:06 +0100] "GET /platby/qqap/discriminant-solutions HTTP/1.1" 200 7543 "-" "Mozilla/5.0 (compatible; SemrushBot/7~bl; +http://www.semrush.com/bot.html)"
185.191.171.12 - - [10/Dec/2025:15:14:10 +0100] "GET /platby/uwoy9/spring-mvc-session-management HTTP/1.1" 200 12861 "-" "Mozilla/5.0 (compatible; SemrushBot/7~bl; +http://www.semrush.com/bot.html)"
185.191.171.10 - - [10/Dec/2025:15:14:12 +0100] "GET /platby/uwoy9/alternative-words-for-good,-better,-best HTTP/1.1" 200 16196 "-" "Mozilla/5.0 (compatible; SemrushBot/7~bl; +http://www.semrush.com/bot.html)"
185.191.171.11 - - [10/Dec/2025:15:14:15 +0100] "GET /platby/hca/big-chickens-with-feathers-on-their-feet HTTP/1.1" 200 11860 "-" "Mozilla/5.0 (compatible; SemrushBot/7~bl; +http://www.semrush.com/bot.html)"
85.208.96.208 - - [10/Dec/2025:15:14:18 +0100] "GET /platby/72zbxoz/national-film-registry-1997 HTTP/1.1" 200 8727 "-" "Mozilla/5.0 (compatible; SemrushBot/7~bl; +http://www.semrush.com/bot.html)"
85.208.96.204 - - [10/Dec/2025:15:14:30 +0100] "GET /platby/72zbxoz/calypso-lemonade-variety-pack HTTP/1.1" 200 13506 "-" "Mozilla/5.0 (compatible; SemrushBot/7~bl; +http://www.semrush.com/bot.html)"
185.191.171.14 - - [10/Dec/2025:15:14:41 +0100] "GET /platby/qqap/boston-red-sox-logos-through-the-years HTTP/1.1" 200 8989 "-" "Mozilla/5.0 (compatible; SemrushBot/7~bl; +http://www.semrush.com/bot.html)"
185.191.171.11 - - [10/Dec/2025:15:15:05 +0100] "GET /platby/hca/university-of-kentucky-summer-camps-2021 HTTP/1.1" 200 13037 "-" "Mozilla/5.0 (compatible; SemrushBot/7~bl; +http://www.semrush.com/bot.html)"
85.208.96.202 - - [10/Dec/2025:15:15:12 +0100] "GET /platby/qqap/boruto-summoning-animal HTTP/1.1" 200 11650 "-" "Mozilla/5.0 (compatible; SemrushBot/7~bl; +http://www.semrush.com/bot.html)"
185.191.171.15 - - [10/Dec/2025:15:15:20 +0100] "GET /platby/aohwuyx/thoughts,-feelings-actions-examples HTTP/1.1" 200 10897 "-" "Mozilla/5.0 (compatible; SemrushBot/7~bl; +http://www.semrush.com/bot.html)"
185.191.171.15 - - [10/Dec/2025:15:15:32 +0100] "GET /platby/qqap/california-quail-vs-coturnix HTTP/1.1" 200 12704 "-" "Mozilla/5.0 (compatible; SemrushBot/7~bl; +http://www.semrush.com/bot.html)"
169.228.66.212 - - [10/Dec/2025:15:15:36 +0100] "\x16\x03\x01\v\xad\x01" 400 289 "-" "-"
85.208.96.212 - - [10/Dec/2025:15:15:41 +0100] "GET /platby/aohwuyx/st-hilda's-primary-school-cca HTTP/1.1" 200 15480 "-" "Mozilla/5.0 (compatible; SemrushBot/7~bl; +http://www.semrush.com/bot.html)"
85.208.96.196 - - [10/Dec/2025:15:15:43 +0100] "GET /platby/72zbxoz/is-brownie-brittle-halal HTTP/1.1" 200 9315 "-" "Mozilla/5.0 (compatible; SemrushBot/7~bl; +http://www.semrush.com/bot.html)"
85.208.96.210 - - [10/Dec/2025:15:15:46 +0100] "GET /platby/72zbxoz/toledo-botanical-garden-plant-sale-2021 HTTP/1.1" 200 16084 "-" "Mozilla/5.0 (compatible; SemrushBot/7~bl; +http://www.semrush.com/bot.html)"
85.208.96.197 - - [10/Dec/2025:15:15:58 +0100] "GET /platby/uwoy9/changing-of-the-guard-buckingham-palace HTTP/1.1" 200 8374 "-" "Mozilla/5.0 (compatible; SemrushBot/7~bl; +http://www.semrush.com/bot.html)"
85.208.96.208 - - [10/Dec/2025:15:16:12 +0100] "GET /platby/aohwuyx/big-bluestem-seeding-rate HTTP/1.1" 200 8684 "-" "Mozilla/5.0 (compatible; SemrushBot/7~bl; +http://www.semrush.com/bot.html)"
85.208.96.206 - - [10/Dec/2025:15:16:31 +0100] "GET /platby/uwoy9/temporary-hair-tattoo HTTP/1.1" 200 7410 "-" "Mozilla/5.0 (compatible; SemrushBot/7~bl; +http://www.semrush.com/bot.html)"
8.209.96.179 - - [10/Dec/2025:15:17:08 +0100] "\x16\x03\x01" 403 265 "-" "-"
85.208.96.206 - - [10/Dec/2025:15:17:28 +0100] "GET /platby/qqap/iraq-national-football-team-kit HTTP/1.1" 200 12111 "-" "Mozilla/5.0 (compatible; SemrushBot/7~bl; +http://www.semrush.com/bot.html)"
85.208.96.200 - - [10/Dec/2025:15:17:52 +0100] "GET /platby/uwoy9/ghost-touch-iphone-7-plus HTTP/1.1" 200 9551 "-" "Mozilla/5.0 (compatible; SemrushBot/7~bl; +http://www.semrush.com/bot.html)"
185.191.171.18 - - [10/Dec/2025:15:18:09 +0100] "GET /platby/hca/virtual-hugs-and-kisses-message HTTP/1.1" 200 7758 "-" "Mozilla/5.0 (compatible; SemrushBot/7~bl; +http://www.semrush.com/bot.html)"
85.208.96.203 - - [10/Dec/2025:15:18:11 +0100] "GET /platby/aohwuyx/eyebrow-threading-bugis HTTP/1.1" 200 15816 "-" "Mozilla/5.0 (compatible; SemrushBot/7~bl; +http://www.semrush.com/bot.html)"
185.191.171.6 - - [10/Dec/2025:15:18:20 +0100] "GET /platby/aohwuyx/fernandina-beach-high-school HTTP/1.1" 200 12142 "-" "Mozilla/5.0 (compatible; SemrushBot/7~bl; +http://www.semrush.com/bot.html)"
185.191.171.16 - - [10/Dec/2025:15:18:23 +0100] "GET /platby/aohwuyx/forever-21-toronto-locations HTTP/1.1" 200 11950 "-" "Mozilla/5.0 (compatible; SemrushBot/7~bl; +http://www.semrush.com/bot.html)"
185.191.171.18 - - [10/Dec/2025:15:18:25 +0100] "GET /platby/aohwuyx/ezgjan-alioski-arnautovic HTTP/1.1" 200 10168 "-" "Mozilla/5.0 (compatible; SemrushBot/7~bl; +http://www.semrush.com/bot.html)"
185.191.171.15 - - [10/Dec/2025:15:18:44 +0100] "GET /platby/qqap/movements---feel-something-pink-vinyl HTTP/1.1" 200 7841 "-" "Mozilla/5.0 (compatible; SemrushBot/7~bl; +http://www.semrush.com/bot.html)"
85.208.96.198 - - [10/Dec/2025:15:18:48 +0100] "GET /robots.txt HTTP/1.1" 200 54 "-" "Mozilla/5.0 (compatible; SemrushBot/7~bl; +http://www.semrush.com/bot.html)"
185.191.171.5 - - [10/Dec/2025:15:18:49 +0100] "GET /platby/uwoy9/matlab-for-beginners-tutorial HTTP/1.1" 200 14361 "-" "Mozilla/5.0 (compatible; SemrushBot/7~bl; +http://www.semrush.com/bot.html)"
185.191.171.4 - - [10/Dec/2025:15:18:55 +0100] "GET /platby/hca/understanding-emotions-mean HTTP/1.1" 200 6831 "-" "Mozilla/5.0 (compatible; SemrushBot/7~bl; +http://www.semrush.com/bot.html)"
185.191.171.3 - - [10/Dec/2025:15:19:19 +0100] "GET /platby/hca/despair-as-a-verb-in-a-sentence HTTP/1.1" 200 6632 "-" "Mozilla/5.0 (compatible; SemrushBot/7~bl; +http://www.semrush.com/bot.html)"
185.191.171.4 - - [10/Dec/2025:15:19:23 +0100] "GET /platby/qqap/root-cuttings-definition HTTP/1.1" 200 6908 "-" "Mozilla/5.0 (compatible; SemrushBot/7~bl; +http://www.semrush.com/bot.html)"
85.208.96.194 - - [10/Dec/2025:15:19:33 +0100] "GET /platby/uwoy9/res-gestae-divi-augusti-latin HTTP/1.1" 200 11709 "-" "Mozilla/5.0 (compatible; SemrushBot/7~bl; +http://www.semrush.com/bot.html)"
85.208.96.194 - - [10/Dec/2025:15:19:44 +0100] "GET /platby/qqap/pistons-leading-scorers HTTP/1.1" 200 5434 "-" "Mozilla/5.0 (compatible; SemrushBot/7~bl; +http://www.semrush.com/bot.html)"
85.208.96.206 - - [10/Dec/2025:15:19:46 +0100] "GET /platby/qqap/waldorf-school-silicon-valley HTTP/1.1" 200 5385 "-" "Mozilla/5.0 (compatible; SemrushBot/7~bl; +http://www.semrush.com/bot.html)"
185.191.171.3 - - [10/Dec/2025:15:19:47 +0100] "GET /platby/qqap/hotels-near-university-of-maryland HTTP/1.1" 200 8804 "-" "Mozilla/5.0 (compatible; SemrushBot/7~bl; +http://www.semrush.com/bot.html)"
185.191.171.8 - - [10/Dec/2025:15:19:55 +0100] "GET /platby/qqap/jordan-4-travis-scott-brown HTTP/1.1" 200 7724 "-" "Mozilla/5.0 (compatible; SemrushBot/7~bl; +http://www.semrush.com/bot.html)"
185.191.171.5 - - [10/Dec/2025:15:20:13 +0100] "GET /platby/qqap/peoria-unified-school-district-calendar-2022-2023 HTTP/1.1" 200 9423 "-" "Mozilla/5.0 (compatible; SemrushBot/7~bl; +http://www.semrush.com/bot.html)"
