85.208.96.212 - - [10/Dec/2025:06:56:54 +0100] "GET /platby/qqap/faith-driven-entrepreneur-marketplace HTTP/1.1" 200 7271 "-" "Mozilla/5.0 (compatible; SemrushBot/7~bl; +http://www.semrush.com/bot.html)"
85.208.96.202 - - [10/Dec/2025:06:56:55 +0100] "GET /platby/72zbxoz/st-aloysius-school-tuition HTTP/1.1" 200 8942 "-" "Mozilla/5.0 (compatible; SemrushBot/7~bl; +http://www.semrush.com/bot.html)"
185.191.171.12 - - [10/Dec/2025:06:57:07 +0100] "GET /platby/aohwuyx/every-single-night-and-every-freakin'-day HTTP/1.1" 200 10042 "-" "Mozilla/5.0 (compatible; SemrushBot/7~bl; +http://www.semrush.com/bot.html)"
223.178.86.199 - - [10/Dec/2025:06:57:13 +0100] "\x16\x03\x01\x02" 403 265 "-" "-"
223.178.86.199 - - [10/Dec/2025:06:57:13 +0100] "\x16\x03\x01\x02" 403 265 "-" "-"
223.178.86.199 - - [10/Dec/2025:06:57:14 +0100] "\x16\x03\x01\x02" 403 265 "-" "-"
85.208.96.199 - - [10/Dec/2025:06:57:48 +0100] "GET /platby/hca/umass-lowell-baseball-schedule-2021northern-arizona-wranglers-arena HTTP/1.1" 200 7786 "-" "Mozilla/5.0 (compatible; SemrushBot/7~bl; +http://www.semrush.com/bot.html)"
185.191.171.11 - - [10/Dec/2025:06:57:59 +0100] "GET /platby/72zbxoz/you're-always-in-my-thoughts-quotes HTTP/1.1" 200 10350 "-" "Mozilla/5.0 (compatible; SemrushBot/7~bl; +http://www.semrush.com/bot.html)"
114.119.149.2 - - [10/Dec/2025:06:58:01 +0100] "GET /platby/hca/personality-psychology HTTP/1.1" 200 6891 "http://ispc.klape.eu/platby/hca/gordon-cooper-technology-center-seminole-ok" "Mozilla/5.0 (Linux; Android 7.0;) AppleWebKit/537.36 (KHTML, like Gecko) Mobile Safari/537.36 (compatible; PetalBot;+https://webmaster.petalsearch.com/site/petalbot)"
185.191.171.10 - - [10/Dec/2025:06:58:24 +0100] "GET /platby/aohwuyx/tracy-spiridakos-and-jesse-lee-soffer HTTP/1.1" 200 8146 "-" "Mozilla/5.0 (compatible; SemrushBot/7~bl; +http://www.semrush.com/bot.html)"
185.191.171.12 - - [10/Dec/2025:06:58:28 +0100] "GET /platby/72zbxoz/accident-on-i-20-covington,-ga-today HTTP/1.1" 200 10031 "-" "Mozilla/5.0 (compatible; SemrushBot/7~bl; +http://www.semrush.com/bot.html)"
85.208.96.210 - - [10/Dec/2025:06:58:48 +0100] "GET /platby/qqap/the-times-they-are-a'changin' HTTP/1.1" 200 6821 "-" "Mozilla/5.0 (compatible; SemrushBot/7~bl; +http://www.semrush.com/bot.html)"
185.191.171.14 - - [10/Dec/2025:06:58:51 +0100] "GET /platby/qqap/university-of-montana-football HTTP/1.1" 200 7475 "-" "Mozilla/5.0 (compatible; SemrushBot/7~bl; +http://www.semrush.com/bot.html)"
185.191.171.8 - - [10/Dec/2025:06:58:58 +0100] "GET /platby/uwoy9/jordan-1-mid-lakers-top-3-release-date HTTP/1.1" 200 7376 "-" "Mozilla/5.0 (compatible; SemrushBot/7~bl; +http://www.semrush.com/bot.html)"
85.208.96.206 - - [10/Dec/2025:06:59:03 +0100] "GET /platby/72zbxoz/horry-county-school-calendar-2021-2022 HTTP/1.1" 200 10662 "-" "Mozilla/5.0 (compatible; SemrushBot/7~bl; +http://www.semrush.com/bot.html)"
185.191.171.7 - - [10/Dec/2025:06:59:08 +0100] "GET /platby/uwoy9/jersey-giant-hatching-eggs-ebay HTTP/1.1" 200 10940 "-" "Mozilla/5.0 (compatible; SemrushBot/7~bl; +http://www.semrush.com/bot.html)"
185.191.171.17 - - [10/Dec/2025:06:59:17 +0100] "GET /platby/hca/best-motorcycle-jacket-for-hot-weather-australia HTTP/1.1" 200 7080 "-" "Mozilla/5.0 (compatible; SemrushBot/7~bl; +http://www.semrush.com/bot.html)"
114.119.152.142 - - [10/Dec/2025:06:59:24 +0100] "GET /platby/uwoy9/how-to-stop-huawei-p30-from-locking HTTP/1.1" 200 14574 "http://ispc.klape.eu/platby/uwoy9/how-to-stop-huawei-p30-from-locking" "Mozilla/5.0 (Linux; Android 7.0;) AppleWebKit/537.36 (KHTML, like Gecko) Mobile Safari/537.36 (compatible; PetalBot;+https://webmaster.petalsearch.com/site/petalbot)"
185.191.171.17 - - [10/Dec/2025:06:59:28 +0100] "GET /platby/hca/reading-facial-expressions-test HTTP/1.1" 200 11328 "-" "Mozilla/5.0 (compatible; SemrushBot/7~bl; +http://www.semrush.com/bot.html)"
51.89.39.44 - - [10/Dec/2025:06:59:42 +0100] "\x16\x03\x01\x02" 403 265 "-" "-"
85.208.96.206 - - [10/Dec/2025:06:59:55 +0100] "GET /platby/qqap/philosophical-sagacity-criticism HTTP/1.1" 200 9599 "-" "Mozilla/5.0 (compatible; SemrushBot/7~bl; +http://www.semrush.com/bot.html)"
185.191.171.17 - - [10/Dec/2025:07:00:07 +0100] "GET /platby/uwoy9/oldest-private-school-in-brisbane HTTP/1.1" 200 6438 "-" "Mozilla/5.0 (compatible; SemrushBot/7~bl; +http://www.semrush.com/bot.html)"
85.208.96.203 - - [10/Dec/2025:07:00:10 +0100] "GET /platby/72zbxoz/ratatouille-penne-pasta HTTP/1.1" 200 8857 "-" "Mozilla/5.0 (compatible; SemrushBot/7~bl; +http://www.semrush.com/bot.html)"
185.191.171.12 - - [10/Dec/2025:07:00:13 +0100] "GET /platby/72zbxoz/exciting-make-sentence HTTP/1.1" 200 8430 "-" "Mozilla/5.0 (compatible; SemrushBot/7~bl; +http://www.semrush.com/bot.html)"
85.208.96.211 - - [10/Dec/2025:07:00:45 +0100] "GET /platby/hca/flower-delivery-peoria,-az HTTP/1.1" 200 7630 "-" "Mozilla/5.0 (compatible; SemrushBot/7~bl; +http://www.semrush.com/bot.html)"
85.208.96.199 - - [10/Dec/2025:07:00:46 +0100] "GET /platby/uwoy9/marquette-real-estate HTTP/1.1" 200 12077 "-" "Mozilla/5.0 (compatible; SemrushBot/7~bl; +http://www.semrush.com/bot.html)"
114.119.139.66 - - [10/Dec/2025:07:00:48 +0100] "GET /platby/article.php?5d4c26=where-was-billy-slater-born HTTP/1.1" 200 7372 "http://ispc.klape.eu/platby/article.php?5d4c26=mac-progress-bar-stuck-at-100-mojave" "Mozilla/5.0 (Linux; Android 7.0;) AppleWebKit/537.36 (KHTML, like Gecko) Mobile Safari/537.36 (compatible; PetalBot;+https://webmaster.petalsearch.com/site/petalbot)"
85.208.96.193 - - [10/Dec/2025:07:01:05 +0100] "GET /platby/aohwuyx/will-the-circle-be-unbroken-chords-in-d HTTP/1.1" 200 10079 "-" "Mozilla/5.0 (compatible; SemrushBot/7~bl; +http://www.semrush.com/bot.html)"
85.208.96.198 - - [10/Dec/2025:07:01:09 +0100] "GET /platby/uwoy9/bellagio-water-show-times-2021 HTTP/1.1" 200 8059 "-" "Mozilla/5.0 (compatible; SemrushBot/7~bl; +http://www.semrush.com/bot.html)"
85.208.96.201 - - [10/Dec/2025:07:01:13 +0100] "GET /platby/72zbxoz/tattoo-shops-near-me-open-now HTTP/1.1" 200 7620 "-" "Mozilla/5.0 (compatible; SemrushBot/7~bl; +http://www.semrush.com/bot.html)"
185.191.171.9 - - [10/Dec/2025:07:02:00 +0100] "GET /platby/hca/julie-liston-o-callaghan HTTP/1.1" 200 10991 "-" "Mozilla/5.0 (compatible; SemrushBot/7~bl; +http://www.semrush.com/bot.html)"
185.191.171.19 - - [10/Dec/2025:07:02:10 +0100] "GET /platby/uwoy9/desktop-wallpaper-1920x1080 HTTP/1.1" 200 11529 "-" "Mozilla/5.0 (compatible; SemrushBot/7~bl; +http://www.semrush.com/bot.html)"
114.119.152.142 - - [10/Dec/2025:07:02:11 +0100] "GET /platby/article.php?5d4c26=warhammer-online-wiki HTTP/1.1" 200 6374 "http://ispc.klape.eu/platby/article.php?5d4c26=assassin-archer---modern-day-robin-hood-mod-apk" "Mozilla/5.0 (Linux; Android 7.0;) AppleWebKit/537.36 (KHTML, like Gecko) Mobile Safari/537.36 (compatible; PetalBot;+https://webmaster.petalsearch.com/site/petalbot)"
185.191.171.14 - - [10/Dec/2025:07:02:28 +0100] "GET /platby/hca/matthew-mcconaughey-livin-no-g HTTP/1.1" 200 9694 "-" "Mozilla/5.0 (compatible; SemrushBot/7~bl; +http://www.semrush.com/bot.html)"
85.208.96.207 - - [10/Dec/2025:07:02:30 +0100] "GET /platby/hca/best-national-teams-in-fifa-21 HTTP/1.1" 200 12001 "-" "Mozilla/5.0 (compatible; SemrushBot/7~bl; +http://www.semrush.com/bot.html)"
85.208.96.193 - - [10/Dec/2025:07:02:41 +0100] "GET /platby/uwoy9/yours-truly-band-singer HTTP/1.1" 200 12644 "-" "Mozilla/5.0 (compatible; SemrushBot/7~bl; +http://www.semrush.com/bot.html)"
185.191.171.12 - - [10/Dec/2025:07:02:48 +0100] "GET /platby/qqap/upper-body-fat-burning-workout-female HTTP/1.1" 200 13152 "-" "Mozilla/5.0 (compatible; SemrushBot/7~bl; +http://www.semrush.com/bot.html)"
85.208.96.211 - - [10/Dec/2025:07:03:08 +0100] "GET /platby/aohwuyx/flying-fibers-yorkshire-medley HTTP/1.1" 200 10805 "-" "Mozilla/5.0 (compatible; SemrushBot/7~bl; +http://www.semrush.com/bot.html)"
85.208.96.206 - - [10/Dec/2025:07:03:14 +0100] "GET /platby/72zbxoz/northside-achievement-zone HTTP/1.1" 200 8125 "-" "Mozilla/5.0 (compatible; SemrushBot/7~bl; +http://www.semrush.com/bot.html)"
185.191.171.8 - - [10/Dec/2025:07:03:18 +0100] "GET /platby/qqap/brown-ducklings-at-tractor-supply HTTP/1.1" 200 12113 "-" "Mozilla/5.0 (compatible; SemrushBot/7~bl; +http://www.semrush.com/bot.html)"
85.208.96.197 - - [10/Dec/2025:07:03:21 +0100] "GET /platby/uwoy9/how-to-write-a-risk-management-plan HTTP/1.1" 200 13879 "-" "Mozilla/5.0 (compatible; SemrushBot/7~bl; +http://www.semrush.com/bot.html)"
85.208.96.209 - - [10/Dec/2025:07:03:28 +0100] "GET /platby/hca/seated-theraband-exercises-for-seniors HTTP/1.1" 200 10054 "-" "Mozilla/5.0 (compatible; SemrushBot/7~bl; +http://www.semrush.com/bot.html)"
114.119.129.163 - - [10/Dec/2025:07:03:34 +0100] "GET /platby/article.php?5d4c26=planck-2018-results-vii-isotropy-and-statistics-of-the-cmb HTTP/1.1" 200 6952 "http://ispc.klape.eu/platby/article.php?5d4c26=dfw-to-maui" "Mozilla/5.0 (Linux; Android 7.0;) AppleWebKit/537.36 (KHTML, like Gecko) Mobile Safari/537.36 (compatible; PetalBot;+https://webmaster.petalsearch.com/site/petalbot)"
204.76.203.206 - - [10/Dec/2025:07:03:40 +0100] "GET /" 400 468 "-" "-"
90.69.150.97 - - [10/Dec/2025:07:04:01 +0100] "\x16\x03\x01\x02" 403 265 "-" "-"
85.208.96.206 - - [10/Dec/2025:07:04:09 +0100] "GET /robots.txt HTTP/1.1" 200 54 "-" "Mozilla/5.0 (compatible; SemrushBot/7~bl; +http://www.semrush.com/bot.html)"
85.208.96.193 - - [10/Dec/2025:07:04:09 +0100] "GET /platby/72zbxoz/fast-growing-herbs-from-seed HTTP/1.1" 200 7615 "-" "Mozilla/5.0 (compatible; SemrushBot/7~bl; +http://www.semrush.com/bot.html)"
185.191.171.17 - - [10/Dec/2025:07:04:11 +0100] "GET /platby/qqap/springerlink-database HTTP/1.1" 200 8459 "-" "Mozilla/5.0 (compatible; SemrushBot/7~bl; +http://www.semrush.com/bot.html)"
85.208.96.197 - - [10/Dec/2025:07:04:31 +0100] "GET /platby/hca/nature-of-feelings-and-emotions HTTP/1.1" 200 12546 "-" "Mozilla/5.0 (compatible; SemrushBot/7~bl; +http://www.semrush.com/bot.html)"
185.191.171.17 - - [10/Dec/2025:07:04:33 +0100] "GET /platby/aohwuyx/mandy-minella-sofascore HTTP/1.1" 200 12243 "-" "Mozilla/5.0 (compatible; SemrushBot/7~bl; +http://www.semrush.com/bot.html)"
114.119.152.142 - - [10/Dec/2025:07:05:00 +0100] "GET /platby/article.php?5d4c26=vomit-comet-apollo-13 HTTP/1.1" 200 6693 "http://ispc.klape.eu/platby/article.php?5d4c26=south-park-stick-of-truth-sewer-map" "Mozilla/5.0 (Linux; Android 7.0;) AppleWebKit/537.36 (KHTML, like Gecko) Mobile Safari/537.36 (compatible; PetalBot;+https://webmaster.petalsearch.com/site/petalbot)"
85.208.96.200 - - [10/Dec/2025:07:05:02 +0100] "GET /platby/aohwuyx/jira-advanced-roadmaps-server HTTP/1.1" 200 11553 "-" "Mozilla/5.0 (compatible; SemrushBot/7~bl; +http://www.semrush.com/bot.html)"
85.208.96.200 - - [10/Dec/2025:07:05:09 +0100] "GET /platby/aohwuyx/redbrick-property-group HTTP/1.1" 200 8884 "-" "Mozilla/5.0 (compatible; SemrushBot/7~bl; +http://www.semrush.com/bot.html)"
85.208.96.203 - - [10/Dec/2025:07:05:11 +0100] "GET /platby/hca/nevada-wildflower-seeds HTTP/1.1" 200 5575 "-" "Mozilla/5.0 (compatible; SemrushBot/7~bl; +http://www.semrush.com/bot.html)"
204.76.203.206 - - [10/Dec/2025:07:05:12 +0100] "GET / HTTP/1.1" 200 316 "-" "Mozilla/5.0 (Windows NT 10.0; Win64; x64) AppleWebKit/537.36 (KHTML, like Gecko) Chrome/90.0.4430.85 Safari/537.36 Edg/90.0.818.46"
185.191.171.7 - - [10/Dec/2025:07:05:13 +0100] "GET /platby/hca/robert-stevenson-poems HTTP/1.1" 200 6124 "-" "Mozilla/5.0 (compatible; SemrushBot/7~bl; +http://www.semrush.com/bot.html)"
185.191.171.16 - - [10/Dec/2025:07:05:38 +0100] "GET /platby/aohwuyx/cockney-rhyming-slang-origin HTTP/1.1" 200 8363 "-" "Mozilla/5.0 (compatible; SemrushBot/7~bl; +http://www.semrush.com/bot.html)"
15.235.59.82 - - [10/Dec/2025:07:05:58 +0100] "\x16\x03\x01\x02" 403 265 "-" "-"
15.235.59.82 - - [10/Dec/2025:07:05:59 +0100] "\x16\x03\x01\x02" 403 265 "-" "-"
15.235.59.82 - - [10/Dec/2025:07:05:59 +0100] "\x16\x03\x01\x02" 403 265 "-" "-"
15.235.59.82 - - [10/Dec/2025:07:05:59 +0100] "\x16\x03\x01\x02" 403 265 "-" "-"
185.191.171.14 - - [10/Dec/2025:07:06:07 +0100] "GET /platby/qqap/nacional-asuncion---guairena HTTP/1.1" 200 7192 "-" "Mozilla/5.0 (compatible; SemrushBot/7~bl; +http://www.semrush.com/bot.html)"
185.191.171.12 - - [10/Dec/2025:07:06:10 +0100] "GET /platby/hca/german-nouns-with-articles-and-plural HTTP/1.1" 200 11786 "-" "Mozilla/5.0 (compatible; SemrushBot/7~bl; +http://www.semrush.com/bot.html)"
85.208.96.208 - - [10/Dec/2025:07:06:13 +0100] "GET /platby/uwoy9/accommodation-in-singapore-for-students HTTP/1.1" 200 13913 "-" "Mozilla/5.0 (compatible; SemrushBot/7~bl; +http://www.semrush.com/bot.html)"
114.119.149.2 - - [10/Dec/2025:07:06:27 +0100] "GET /platby/qqap/outdoor-dining-newark,-nj HTTP/1.1" 200 6888 "http://ispc.klape.eu/platby/qqap/where-did-this-is-livin%27-barry-come-from" "Mozilla/5.0 (Linux; Android 7.0;) AppleWebKit/537.36 (KHTML, like Gecko) Mobile Safari/537.36 (compatible; PetalBot;+https://webmaster.petalsearch.com/site/petalbot)"
185.191.171.3 - - [10/Dec/2025:07:06:31 +0100] "GET /platby/aohwuyx/dhhs-covid-vaccine-sign-up HTTP/1.1" 200 11774 "-" "Mozilla/5.0 (compatible; SemrushBot/7~bl; +http://www.semrush.com/bot.html)"
185.191.171.3 - - [10/Dec/2025:07:06:48 +0100] "GET /platby/72zbxoz/calypso-technology-mumbai HTTP/1.1" 200 11202 "-" "Mozilla/5.0 (compatible; SemrushBot/7~bl; +http://www.semrush.com/bot.html)"
185.191.171.16 - - [10/Dec/2025:07:07:07 +0100] "GET /platby/aohwuyx/greg-noll-cause-of-death HTTP/1.1" 200 9973 "-" "Mozilla/5.0 (compatible; SemrushBot/7~bl; +http://www.semrush.com/bot.html)"
185.191.171.14 - - [10/Dec/2025:07:07:14 +0100] "GET /platby/aohwuyx/started-from-the-bottom-cast HTTP/1.1" 200 14716 "-" "Mozilla/5.0 (compatible; SemrushBot/7~bl; +http://www.semrush.com/bot.html)"
185.191.171.18 - - [10/Dec/2025:07:07:17 +0100] "GET /platby/qqap/tattooed-chef-stock-forecast-2025 HTTP/1.1" 200 9799 "-" "Mozilla/5.0 (compatible; SemrushBot/7~bl; +http://www.semrush.com/bot.html)"
85.208.96.205 - - [10/Dec/2025:07:07:19 +0100] "GET /platby/uwoy9/power-button-not-working-how-to-restart-phone HTTP/1.1" 200 10436 "-" "Mozilla/5.0 (compatible; SemrushBot/7~bl; +http://www.semrush.com/bot.html)"
79.124.40.174 - - [10/Dec/2025:07:07:25 +0100] "GET /" 400 468 "-" "-"
185.191.171.12 - - [10/Dec/2025:07:07:33 +0100] "GET /platby/aohwuyx/bill-bradley-grand-designs HTTP/1.1" 200 13798 "-" "Mozilla/5.0 (compatible; SemrushBot/7~bl; +http://www.semrush.com/bot.html)"
85.208.96.208 - - [10/Dec/2025:07:07:45 +0100] "GET /platby/qqap/bowness-outdoor-dining HTTP/1.1" 200 6049 "-" "Mozilla/5.0 (compatible; SemrushBot/7~bl; +http://www.semrush.com/bot.html)"
114.119.130.237 - - [10/Dec/2025:07:07:46 +0100] "GET /platby/article.php?5d4c26=no-such-thing---john-mayer HTTP/1.1" 200 6843 "http://ispc.klape.eu/platby/article.php?5d4c26=The-Eye-of-Gehenna" "Mozilla/5.0 (Linux; Android 7.0;) AppleWebKit/537.36 (KHTML, like Gecko) Mobile Safari/537.36 (compatible; PetalBot;+https://webmaster.petalsearch.com/site/petalbot)"
185.191.171.13 - - [10/Dec/2025:07:08:05 +0100] "GET /platby/hca/north-staffs-hospital-address HTTP/1.1" 200 7547 "-" "Mozilla/5.0 (compatible; SemrushBot/7~bl; +http://www.semrush.com/bot.html)"
185.191.171.6 - - [10/Dec/2025:07:08:13 +0100] "GET /platby/hca/care-program-socalgas HTTP/1.1" 200 9047 "-" "Mozilla/5.0 (compatible; SemrushBot/7~bl; +http://www.semrush.com/bot.html)"
185.191.171.14 - - [10/Dec/2025:07:08:29 +0100] "GET /platby/qqap/bible-lessons-for-12-14-year-olds HTTP/1.1" 200 11164 "-" "Mozilla/5.0 (compatible; SemrushBot/7~bl; +http://www.semrush.com/bot.html)"
185.191.171.1 - - [10/Dec/2025:07:08:33 +0100] "GET /platby/hca/the-annunciation-painting HTTP/1.1" 200 8940 "-" "Mozilla/5.0 (compatible; SemrushBot/7~bl; +http://www.semrush.com/bot.html)"
85.208.96.206 - - [10/Dec/2025:07:09:02 +0100] "GET /platby/qqap/inspirational-topics-for-powerpoint-presentation HTTP/1.1" 200 8398 "-" "Mozilla/5.0 (compatible; SemrushBot/7~bl; +http://www.semrush.com/bot.html)"
114.119.140.102 - - [10/Dec/2025:07:09:09 +0100] "GET /platby/hca/highest-paid-mlb-player-of-all-time HTTP/1.1" 200 10141 "http://ispc.klape.eu/platby/hca/national-women%27s-law-center-salaries" "Mozilla/5.0 (Linux; Android 7.0;) AppleWebKit/537.36 (KHTML, like Gecko) Mobile Safari/537.36 (compatible; PetalBot;+https://webmaster.petalsearch.com/site/petalbot)"
85.208.96.206 - - [10/Dec/2025:07:09:18 +0100] "GET /platby/qqap/first-time-try-to-cook-quotes HTTP/1.1" 200 12624 "-" "Mozilla/5.0 (compatible; SemrushBot/7~bl; +http://www.semrush.com/bot.html)"
85.208.96.202 - - [10/Dec/2025:07:09:28 +0100] "GET /platby/aohwuyx/national-interest-exception-letter-sample HTTP/1.1" 200 8684 "-" "Mozilla/5.0 (compatible; SemrushBot/7~bl; +http://www.semrush.com/bot.html)"
185.191.171.10 - - [10/Dec/2025:07:09:31 +0100] "GET /platby/hca/types-of-jewelry-categories HTTP/1.1" 200 9913 "-" "Mozilla/5.0 (compatible; SemrushBot/7~bl; +http://www.semrush.com/bot.html)"
185.191.171.8 - - [10/Dec/2025:07:09:56 +0100] "GET /platby/qqap/note-8-power-button-broken HTTP/1.1" 200 11002 "-" "Mozilla/5.0 (compatible; SemrushBot/7~bl; +http://www.semrush.com/bot.html)"
185.191.171.15 - - [10/Dec/2025:07:10:09 +0100] "GET /platby/aohwuyx/derrick-rose-jersey-nike HTTP/1.1" 200 9049 "-" "Mozilla/5.0 (compatible; SemrushBot/7~bl; +http://www.semrush.com/bot.html)"
85.208.96.212 - - [10/Dec/2025:07:11:22 +0100] "GET /platby/aohwuyx/lawrence-thomas-model HTTP/1.1" 200 14180 "-" "Mozilla/5.0 (compatible; SemrushBot/7~bl; +http://www.semrush.com/bot.html)"
114.119.130.237 - - [10/Dec/2025:07:11:41 +0100] "GET /platby/article.php?5d4c26=jan-malcolm-wiki HTTP/1.1" 200 7540 "http://ispc.klape.eu/platby/article.php?5d4c26=she-was-on-it-ready-i-was-on-it-heavy-fivio" "Mozilla/5.0 (Linux; Android 7.0;) AppleWebKit/537.36 (KHTML, like Gecko) Mobile Safari/537.36 (compatible; PetalBot;+https://webmaster.petalsearch.com/site/petalbot)"
85.208.96.212 - - [10/Dec/2025:07:12:19 +0100] "GET /platby/aohwuyx/lawrence-thomas-model HTTP/1.1" 200 14180 "-" "Mozilla/5.0 (compatible; SemrushBot/7~bl; +http://www.semrush.com/bot.html)"
114.119.149.2 - - [10/Dec/2025:07:13:34 +0100] "GET /platby/article.php?5d4c26=parliament-hill-school-address HTTP/1.1" 200 6963 "http://ispc.klape.eu/platby/article.php?5d4c26=female-body-transformation-plan" "Mozilla/5.0 (Linux; Android 7.0;) AppleWebKit/537.36 (KHTML, like Gecko) Mobile Safari/537.36 (compatible; PetalBot;+https://webmaster.petalsearch.com/site/petalbot)"
185.191.171.14 - - [10/Dec/2025:07:13:35 +0100] "GET /platby/aohwuyx/lay's-kettle-cooked-commercial HTTP/1.1" 200 11436 "-" "Mozilla/5.0 (compatible; SemrushBot/7~bl; +http://www.semrush.com/bot.html)"
185.191.171.14 - - [10/Dec/2025:07:13:39 +0100] "GET /platby/aohwuyx/lay's-kettle-cooked-commercial HTTP/1.1" 200 11436 "-" "Mozilla/5.0 (compatible; SemrushBot/7~bl; +http://www.semrush.com/bot.html)"
114.119.129.163 - - [10/Dec/2025:07:13:44 +0100] "GET /platby/uwoy9/vegetarian-restaurants HTTP/1.1" 200 8719 "http://ispc.klape.eu/platby/uwoy9/vegetarian-restaurants" "Mozilla/5.0 (Linux; Android 7.0;) AppleWebKit/537.36 (KHTML, like Gecko) Mobile Safari/537.36 (compatible; PetalBot;+https://webmaster.petalsearch.com/site/petalbot)"
185.191.171.19 - - [10/Dec/2025:07:13:48 +0100] "GET /platby/72zbxoz/mediacorp-police-drama HTTP/1.1" 200 14750 "-" "Mozilla/5.0 (compatible; SemrushBot/7~bl; +http://www.semrush.com/bot.html)"
85.208.96.207 - - [10/Dec/2025:07:13:51 +0100] "GET /platby/qqap/lauri-markkanen-potential HTTP/1.1" 200 6323 "-" "Mozilla/5.0 (compatible; SemrushBot/7~bl; +http://www.semrush.com/bot.html)"
185.191.171.19 - - [10/Dec/2025:07:13:52 +0100] "GET /platby/uwoy9/coastal-carolina-volleyball-schedule-2021 HTTP/1.1" 200 11728 "-" "Mozilla/5.0 (compatible; SemrushBot/7~bl; +http://www.semrush.com/bot.html)"
185.191.171.4 - - [10/Dec/2025:07:13:53 +0100] "GET /platby/hca/aeronautical-vs-aerospace-engineering-salary HTTP/1.1" 200 10398 "-" "Mozilla/5.0 (compatible; SemrushBot/7~bl; +http://www.semrush.com/bot.html)"
185.191.171.8 - - [10/Dec/2025:07:13:55 +0100] "GET /platby/aohwuyx/eldor-shomurodov-wife HTTP/1.1" 200 10932 "-" "Mozilla/5.0 (compatible; SemrushBot/7~bl; +http://www.semrush.com/bot.html)"
85.208.96.204 - - [10/Dec/2025:07:13:57 +0100] "GET /platby/72zbxoz/big-mac-and-little-lu's-reservations HTTP/1.1" 200 13232 "-" "Mozilla/5.0 (compatible; SemrushBot/7~bl; +http://www.semrush.com/bot.html)"
85.208.96.210 - - [10/Dec/2025:07:13:59 +0100] "GET /platby/qqap/jermain-defoe-house-mallorca HTTP/1.1" 200 10296 "-" "Mozilla/5.0 (compatible; SemrushBot/7~bl; +http://www.semrush.com/bot.html)"
185.191.171.17 - - [10/Dec/2025:07:14:01 +0100] "GET /platby/hca/bible-lessons-about-gardening HTTP/1.1" 200 7408 "-" "Mozilla/5.0 (compatible; SemrushBot/7~bl; +http://www.semrush.com/bot.html)"
85.208.96.200 - - [10/Dec/2025:07:14:02 +0100] "GET /platby/72zbxoz/sherwood,-arkansas-apartments HTTP/1.1" 200 12550 "-" "Mozilla/5.0 (compatible; SemrushBot/7~bl; +http://www.semrush.com/bot.html)"
85.208.96.197 - - [10/Dec/2025:07:14:03 +0100] "GET /platby/hca/usa-vs-australia-olympics-2021-live-stream HTTP/1.1" 200 7649 "-" "Mozilla/5.0 (compatible; SemrushBot/7~bl; +http://www.semrush.com/bot.html)"
185.191.171.12 - - [10/Dec/2025:07:14:05 +0100] "GET /platby/uwoy9/fortigate-proxy-authentication HTTP/1.1" 200 10814 "-" "Mozilla/5.0 (compatible; SemrushBot/7~bl; +http://www.semrush.com/bot.html)"
185.191.171.19 - - [10/Dec/2025:07:14:07 +0100] "GET /platby/uwoy9/folarin-balogun-transfermarkt HTTP/1.1" 200 8529 "-" "Mozilla/5.0 (compatible; SemrushBot/7~bl; +http://www.semrush.com/bot.html)"
185.191.171.8 - - [10/Dec/2025:07:14:08 +0100] "GET /platby/qqap/darwin-island-collapse HTTP/1.1" 200 7614 "-" "Mozilla/5.0 (compatible; SemrushBot/7~bl; +http://www.semrush.com/bot.html)"
185.191.171.18 - - [10/Dec/2025:07:14:10 +0100] "GET /platby/hca/dermot-bannon's-incredible-homes-new-york HTTP/1.1" 200 11028 "-" "Mozilla/5.0 (compatible; SemrushBot/7~bl; +http://www.semrush.com/bot.html)"
185.191.171.17 - - [10/Dec/2025:07:14:11 +0100] "GET /platby/aohwuyx/methods-of-teaching-science-in-secondary-schools-pdf HTTP/1.1" 200 16190 "-" "Mozilla/5.0 (compatible; SemrushBot/7~bl; +http://www.semrush.com/bot.html)"
85.208.96.210 - - [10/Dec/2025:07:14:13 +0100] "GET /platby/aohwuyx/bitbucket-login-command-line HTTP/1.1" 200 14444 "-" "Mozilla/5.0 (compatible; SemrushBot/7~bl; +http://www.semrush.com/bot.html)"
85.208.96.193 - - [10/Dec/2025:07:14:14 +0100] "GET /platby/72zbxoz/larry-king-net-worth-at-death HTTP/1.1" 200 10135 "-" "Mozilla/5.0 (compatible; SemrushBot/7~bl; +http://www.semrush.com/bot.html)"
85.208.96.200 - - [10/Dec/2025:07:14:16 +0100] "GET /platby/uwoy9/heart-attack-spelling HTTP/1.1" 200 9076 "-" "Mozilla/5.0 (compatible; SemrushBot/7~bl; +http://www.semrush.com/bot.html)"
85.208.96.200 - - [10/Dec/2025:07:14:17 +0100] "GET /platby/aohwuyx/sony-xperia-1-iii-official-case HTTP/1.1" 200 8470 "-" "Mozilla/5.0 (compatible; SemrushBot/7~bl; +http://www.semrush.com/bot.html)"
185.191.171.19 - - [10/Dec/2025:07:14:24 +0100] "GET /platby/uwoy9/yoga-poses-for-frozen-shoulder HTTP/1.1" 200 9070 "-" "Mozilla/5.0 (compatible; SemrushBot/7~bl; +http://www.semrush.com/bot.html)"
185.191.171.17 - - [10/Dec/2025:07:14:43 +0100] "GET /platby/aohwuyx/beacon-high-school-principal HTTP/1.1" 200 11064 "-" "Mozilla/5.0 (compatible; SemrushBot/7~bl; +http://www.semrush.com/bot.html)"
114.119.129.163 - - [10/Dec/2025:07:14:44 +0100] "GET /platby/article.php?5d4c26=imc-international-mining-robinhood HTTP/1.1" 200 4530 "http://ispc.klape.eu/platby/article.php?5d4c26=the-new-adventures-of-winnie-the-pooh-remastered" "Mozilla/5.0 (Linux; Android 7.0;) AppleWebKit/537.36 (KHTML, like Gecko) Mobile Safari/537.36 (compatible; PetalBot;+https://webmaster.petalsearch.com/site/petalbot)"
85.208.96.205 - - [10/Dec/2025:07:14:53 +0100] "GET /platby/hca/pittsburgh-pirates-trades-2020 HTTP/1.1" 200 10879 "-" "Mozilla/5.0 (compatible; SemrushBot/7~bl; +http://www.semrush.com/bot.html)"
185.191.171.12 - - [10/Dec/2025:07:15:05 +0100] "GET /platby/qqap/recent-deaths-in-council-bluffs,-iowa HTTP/1.1" 200 10928 "-" "Mozilla/5.0 (compatible; SemrushBot/7~bl; +http://www.semrush.com/bot.html)"
74.7.175.137 - - [10/Dec/2025:07:15:30 +0100] "\x16\x03\x01" 403 265 "-" "-"
185.191.171.1 - - [10/Dec/2025:07:15:30 +0100] "GET /platby/aohwuyx/brennan-home-furniture-woodstock-nb HTTP/1.1" 200 11183 "-" "Mozilla/5.0 (compatible; SemrushBot/7~bl; +http://www.semrush.com/bot.html)"
74.7.175.137 - - [10/Dec/2025:07:15:30 +0100] "\x16\x03\x01\x02" 403 265 "-" "-"
74.7.175.137 - - [10/Dec/2025:07:15:31 +0100] "\x16\x03\x01\x02" 403 265 "-" "-"
85.208.96.207 - - [10/Dec/2025:07:15:37 +0100] "GET /platby/qqap/champions-league-slot-for-england HTTP/1.1" 200 11610 "-" "Mozilla/5.0 (compatible; SemrushBot/7~bl; +http://www.semrush.com/bot.html)"
85.208.96.205 - - [10/Dec/2025:07:15:41 +0100] "GET /platby/qqap/fingerprint-appointment HTTP/1.1" 200 13870 "-" "Mozilla/5.0 (compatible; SemrushBot/7~bl; +http://www.semrush.com/bot.html)"
85.208.96.198 - - [10/Dec/2025:07:15:44 +0100] "GET /platby/72zbxoz/kelly-johnson-parkway HTTP/1.1" 200 14104 "-" "Mozilla/5.0 (compatible; SemrushBot/7~bl; +http://www.semrush.com/bot.html)"
85.208.96.206 - - [10/Dec/2025:07:15:46 +0100] "GET /platby/qqap/best-real-estate-law-schools HTTP/1.1" 200 11587 "-" "Mozilla/5.0 (compatible; SemrushBot/7~bl; +http://www.semrush.com/bot.html)"
85.208.96.211 - - [10/Dec/2025:07:15:58 +0100] "GET /platby/uwoy9/why-is-title-ix-important-in-sports HTTP/1.1" 200 12647 "-" "Mozilla/5.0 (compatible; SemrushBot/7~bl; +http://www.semrush.com/bot.html)"
114.119.129.163 - - [10/Dec/2025:07:16:06 +0100] "GET /platby/article.php?5d4c26=understanding-einstein-the-special-theory-of-relativity HTTP/1.1" 200 6821 "http://ispc.klape.eu/platby/article.php?5d4c26=how-many-local-authorities-are-there-in-2019-uk" "Mozilla/5.0 (Linux; Android 7.0;) AppleWebKit/537.36 (KHTML, like Gecko) Mobile Safari/537.36 (compatible; PetalBot;+https://webmaster.petalsearch.com/site/petalbot)"
185.191.171.12 - - [10/Dec/2025:07:16:28 +0100] "GET /platby/uwoy9/zeke-vanderhoek-email HTTP/1.1" 200 11066 "-" "Mozilla/5.0 (compatible; SemrushBot/7~bl; +http://www.semrush.com/bot.html)"
185.191.171.17 - - [10/Dec/2025:07:16:31 +0100] "GET /platby/hca/carmel-ny-high-school-baseball HTTP/1.1" 200 9955 "-" "Mozilla/5.0 (compatible; SemrushBot/7~bl; +http://www.semrush.com/bot.html)"
185.191.171.11 - - [10/Dec/2025:07:16:33 +0100] "GET /platby/72zbxoz/ratatouille-pasta-bake-vegan HTTP/1.1" 200 9933 "-" "Mozilla/5.0 (compatible; SemrushBot/7~bl; +http://www.semrush.com/bot.html)"
185.191.171.4 - - [10/Dec/2025:07:17:27 +0100] "GET /platby/hca/feelings-drawing-easy HTTP/1.1" 200 8429 "-" "Mozilla/5.0 (compatible; SemrushBot/7~bl; +http://www.semrush.com/bot.html)"
114.119.129.163 - - [10/Dec/2025:07:17:30 +0100] "GET /platby/article.php?5d4c26=leather-quote-bracelets HTTP/1.1" 200 7766 "http://ispc.klape.eu/platby/article.php?5d4c26=george-kruis-rowing" "Mozilla/5.0 (Linux; Android 7.0;) AppleWebKit/537.36 (KHTML, like Gecko) Mobile Safari/537.36 (compatible; PetalBot;+https://webmaster.petalsearch.com/site/petalbot)"
85.208.96.210 - - [10/Dec/2025:07:17:35 +0100] "GET /platby/72zbxoz/black-dance-competition HTTP/1.1" 200 8819 "-" "Mozilla/5.0 (compatible; SemrushBot/7~bl; +http://www.semrush.com/bot.html)"
185.191.171.18 - - [10/Dec/2025:07:17:38 +0100] "GET /platby/hca/fun-facts-about-the-venetian-hotel-las-vegas HTTP/1.1" 200 6972 "-" "Mozilla/5.0 (compatible; SemrushBot/7~bl; +http://www.semrush.com/bot.html)"
185.191.171.11 - - [10/Dec/2025:07:17:40 +0100] "GET /platby/qqap/chiellini-on-messi-and-ronaldo HTTP/1.1" 200 7505 "-" "Mozilla/5.0 (compatible; SemrushBot/7~bl; +http://www.semrush.com/bot.html)"
185.191.171.3 - - [10/Dec/2025:07:17:48 +0100] "GET /platby/aohwuyx/houses-for-sale-in-west-lawn,-pa HTTP/1.1" 200 11492 "-" "Mozilla/5.0 (compatible; SemrushBot/7~bl; +http://www.semrush.com/bot.html)"
85.208.96.211 - - [10/Dec/2025:07:18:13 +0100] "GET /platby/aohwuyx/sight-words-for-kindergarten HTTP/1.1" 200 8275 "-" "Mozilla/5.0 (compatible; SemrushBot/7~bl; +http://www.semrush.com/bot.html)"
185.191.171.4 - - [10/Dec/2025:07:18:23 +0100] "GET /platby/hca/st-anne's-college,-oxford-accommodation-costs HTTP/1.1" 200 10269 "-" "Mozilla/5.0 (compatible; SemrushBot/7~bl; +http://www.semrush.com/bot.html)"
85.208.96.212 - - [10/Dec/2025:07:18:33 +0100] "GET /platby/qqap/what-rhymes-with-up-for-a-poem HTTP/1.1" 200 13216 "-" "Mozilla/5.0 (compatible; SemrushBot/7~bl; +http://www.semrush.com/bot.html)"
185.191.171.15 - - [10/Dec/2025:07:18:45 +0100] "GET /platby/aohwuyx/photography-school-near-me HTTP/1.1" 200 13792 "-" "Mozilla/5.0 (compatible; SemrushBot/7~bl; +http://www.semrush.com/bot.html)"
185.191.171.14 - - [10/Dec/2025:07:18:50 +0100] "GET /platby/hca/umd-parking-permit-fall-2021 HTTP/1.1" 200 12463 "-" "Mozilla/5.0 (compatible; SemrushBot/7~bl; +http://www.semrush.com/bot.html)"
114.119.128.6 - - [10/Dec/2025:07:18:56 +0100] "GET /platby/aohwuyx/the-hook-menu-jacksonville,-ar HTTP/1.1" 200 8085 "http://ispc.klape.eu/platby/aohwuyx/is-jacksonville-arkansas-a-dry%27%27-county" "Mozilla/5.0 (Linux; Android 7.0;) AppleWebKit/537.36 (KHTML, like Gecko) Mobile Safari/537.36 (compatible; PetalBot;+https://webmaster.petalsearch.com/site/petalbot)"
85.208.96.206 - - [10/Dec/2025:07:19:06 +0100] "GET /platby/qqap/togo-country-overview HTTP/1.1" 200 14498 "-" "Mozilla/5.0 (compatible; SemrushBot/7~bl; +http://www.semrush.com/bot.html)"
185.191.171.14 - - [10/Dec/2025:07:19:09 +0100] "GET /platby/hca/best-time-to-bath-according-to-ayurveda HTTP/1.1" 200 9361 "-" "Mozilla/5.0 (compatible; SemrushBot/7~bl; +http://www.semrush.com/bot.html)"
85.208.96.204 - - [10/Dec/2025:07:19:37 +0100] "GET /platby/aohwuyx/inarticulate-examples HTTP/1.1" 200 12347 "-" "Mozilla/5.0 (compatible; SemrushBot/7~bl; +http://www.semrush.com/bot.html)"
185.191.171.6 - - [10/Dec/2025:07:19:43 +0100] "GET /platby/qqap/assumption-of-the-virgin-date HTTP/1.1" 200 7137 "-" "Mozilla/5.0 (compatible; SemrushBot/7~bl; +http://www.semrush.com/bot.html)"
85.208.96.208 - - [10/Dec/2025:07:19:52 +0100] "GET /platby/72zbxoz/glad-monster-sad-monster-spanish HTTP/1.1" 200 9972 "-" "Mozilla/5.0 (compatible; SemrushBot/7~bl; +http://www.semrush.com/bot.html)"
85.208.96.199 - - [10/Dec/2025:07:20:10 +0100] "GET /platby/uwoy9/hashicorp-vault-plugin HTTP/1.1" 200 9685 "-" "Mozilla/5.0 (compatible; SemrushBot/7~bl; +http://www.semrush.com/bot.html)"
114.119.140.102 - - [10/Dec/2025:07:20:17 +0100] "GET /platby/article.php?5d4c26=london-crime-news-24/7 HTTP/1.1" 200 5662 "http://ispc.klape.eu/platby/article.php?5d4c26=one-tree-hill-soundtrack-season-3" "Mozilla/5.0 (Linux; Android 7.0;) AppleWebKit/537.36 (KHTML, like Gecko) Mobile Safari/537.36 (compatible; PetalBot;+https://webmaster.petalsearch.com/site/petalbot)"
185.191.171.19 - - [10/Dec/2025:07:20:29 +0100] "GET /platby/aohwuyx/roger-craig-highlights HTTP/1.1" 200 8154 "-" "Mozilla/5.0 (compatible; SemrushBot/7~bl; +http://www.semrush.com/bot.html)"
185.191.171.16 - - [10/Dec/2025:07:20:31 +0100] "GET /platby/72zbxoz/catch-chocolate-easter-egg HTTP/1.1" 200 9076 "-" "Mozilla/5.0 (compatible; SemrushBot/7~bl; +http://www.semrush.com/bot.html)"
185.191.171.12 - - [10/Dec/2025:07:20:38 +0100] "GET /platby/qqap/kiehl's-ultra-facial-moisturizer HTTP/1.1" 200 8455 "-" "Mozilla/5.0 (compatible; SemrushBot/7~bl; +http://www.semrush.com/bot.html)"
85.208.96.200 - - [10/Dec/2025:07:20:47 +0100] "GET /platby/uwoy9/north-high-school-akron,-ohio-yearbook HTTP/1.1" 200 7839 "-" "Mozilla/5.0 (compatible; SemrushBot/7~bl; +http://www.semrush.com/bot.html)"
204.76.203.206 - - [10/Dec/2025:07:21:17 +0100] "GET /" 400 468 "-" "-"
85.208.96.209 - - [10/Dec/2025:07:21:33 +0100] "GET /platby/qqap/nassef-sawiris-investments HTTP/1.1" 200 6012 "-" "Mozilla/5.0 (compatible; SemrushBot/7~bl; +http://www.semrush.com/bot.html)"
85.208.96.212 - - [10/Dec/2025:07:21:41 +0100] "GET /platby/qqap/is-hydrogen-dangerous-in-cars HTTP/1.1" 200 11222 "-" "Mozilla/5.0 (compatible; SemrushBot/7~bl; +http://www.semrush.com/bot.html)"
114.119.130.237 - - [10/Dec/2025:07:21:41 +0100] "GET /platby/aohwuyx/list-of-private-schools-in-east-london HTTP/1.1" 200 10722 "http://ispc.klape.eu/platby/aohwuyx/how-to-link-teams-to-sharepoint-folder" "Mozilla/5.0 (Linux; Android 7.0;) AppleWebKit/537.36 (KHTML, like Gecko) Mobile Safari/537.36 (compatible; PetalBot;+https://webmaster.petalsearch.com/site/petalbot)"
85.208.96.207 - - [10/Dec/2025:07:21:46 +0100] "GET /platby/aohwuyx/reservoirs-used-in-a-sentence-science HTTP/1.1" 200 15197 "-" "Mozilla/5.0 (compatible; SemrushBot/7~bl; +http://www.semrush.com/bot.html)"
85.208.96.203 - - [10/Dec/2025:07:21:49 +0100] "GET /platby/qqap/explain-natural-knowledge-pdf HTTP/1.1" 200 9821 "-" "Mozilla/5.0 (compatible; SemrushBot/7~bl; +http://www.semrush.com/bot.html)"
185.191.171.5 - - [10/Dec/2025:07:22:06 +0100] "GET /platby/qqap/long-march-9-vs-falcon-heavy HTTP/1.1" 200 9381 "-" "Mozilla/5.0 (compatible; SemrushBot/7~bl; +http://www.semrush.com/bot.html)"
185.191.171.19 - - [10/Dec/2025:07:22:15 +0100] "GET /platby/uwoy9/j-cole-basketball-jersey HTTP/1.1" 200 7533 "-" "Mozilla/5.0 (compatible; SemrushBot/7~bl; +http://www.semrush.com/bot.html)"
85.208.96.206 - - [10/Dec/2025:07:22:28 +0100] "GET /platby/72zbxoz/university-of-prince-edward-island-world-ranking-2021 HTTP/1.1" 200 12266 "-" "Mozilla/5.0 (compatible; SemrushBot/7~bl; +http://www.semrush.com/bot.html)"
85.208.96.193 - - [10/Dec/2025:07:22:45 +0100] "GET /platby/hca/didi-tera-devar-deewana-singer HTTP/1.1" 200 8223 "-" "Mozilla/5.0 (compatible; SemrushBot/7~bl; +http://www.semrush.com/bot.html)"
85.208.96.202 - - [10/Dec/2025:07:22:52 +0100] "GET /platby/hca/sharepoint-web-application HTTP/1.1" 200 7088 "-" "Mozilla/5.0 (compatible; SemrushBot/7~bl; +http://www.semrush.com/bot.html)"
114.119.128.6 - - [10/Dec/2025:07:23:05 +0100] "GET /platby/article.php?5d4c26=lou-reed-songwriting-reddit HTTP/1.1" 200 7475 "http://ispc.klape.eu/platby/article.php?5d4c26=covent-garden-ladies-review" "Mozilla/5.0 (Linux; Android 7.0;) AppleWebKit/537.36 (KHTML, like Gecko) Mobile Safari/537.36 (compatible; PetalBot;+https://webmaster.petalsearch.com/site/petalbot)"
172.203.190.136 - - [10/Dec/2025:07:23:10 +0100] "\x16\x03\x01\x02" 403 265 "-" "-"
172.203.190.137 - - [10/Dec/2025:07:23:10 +0100] "\x16\x03\x01\x02" 403 265 "-" "-"
172.203.190.141 - - [10/Dec/2025:07:23:11 +0100] "\x16\x03\x01\x02" 403 265 "-" "-"
185.191.171.16 - - [10/Dec/2025:07:23:11 +0100] "GET /platby/72zbxoz/mozilla-application-suite HTTP/1.1" 200 8777 "-" "Mozilla/5.0 (compatible; SemrushBot/7~bl; +http://www.semrush.com/bot.html)"
172.203.190.142 - - [10/Dec/2025:07:23:11 +0100] "\x16\x03\x01\x02" 403 265 "-" "-"
172.203.190.132 - - [10/Dec/2025:07:23:12 +0100] "\x16\x03\x01\x02" 403 265 "-" "-"
172.203.190.130 - - [10/Dec/2025:07:23:12 +0100] "\x16\x03\x01\x02" 403 265 "-" "-"
172.203.190.137 - - [10/Dec/2025:07:23:12 +0100] "\x16\x03\x01\x02" 403 265 "-" "-"
172.203.190.132 - - [10/Dec/2025:07:23:13 +0100] "\x16\x03\x01\x02" 403 265 "-" "-"
172.203.190.134 - - [10/Dec/2025:07:23:13 +0100] "\x16\x03\x01\x02" 403 265 "-" "-"
172.203.190.130 - - [10/Dec/2025:07:23:14 +0100] "\x16\x03\x01\x02" 403 265 "-" "-"
172.203.190.135 - - [10/Dec/2025:07:23:14 +0100] "\x16\x03\x01\x02" 403 265 "-" "-"
172.203.190.136 - - [10/Dec/2025:07:23:14 +0100] "\x16\x03\x01\x02" 403 265 "-" "-"
172.203.190.137 - - [10/Dec/2025:07:23:15 +0100] "\x16\x03\x01\x02" 403 265 "-" "-"
172.203.190.128 - - [10/Dec/2025:07:23:15 +0100] "\x16\x03\x01\x02" 403 265 "-" "-"
172.203.190.128 - - [10/Dec/2025:07:23:15 +0100] "\x16\x03\x01\x02" 403 265 "-" "-"
172.203.190.130 - - [10/Dec/2025:07:23:16 +0100] "\x16\x03\x01\x02" 403 265 "-" "-"
85.208.96.197 - - [10/Dec/2025:07:23:21 +0100] "GET /platby/72zbxoz/how-to-promote-diversity,-equity-and-inclusion HTTP/1.1" 200 11440 "-" "Mozilla/5.0 (compatible; SemrushBot/7~bl; +http://www.semrush.com/bot.html)"
45.131.155.103 - - [10/Dec/2025:07:23:24 +0100] "\x16\x03\x01\x05\xd0\x01" 403 265 "-" "-"
45.131.155.103 - - [10/Dec/2025:07:23:24 +0100] "\x16\x03\x01\x05\xd3\x01" 403 265 "-" "-"
45.131.155.103 - - [10/Dec/2025:07:23:24 +0100] "\x16\x03\x01\x05\xd4\x01" 403 265 "-" "-"
45.131.155.103 - - [10/Dec/2025:07:23:24 +0100] "\x16\x03\x01\x05\xd7\x01" 403 265 "-" "-"
45.131.155.103 - - [10/Dec/2025:07:23:24 +0100] "\x16\x03\x01\x05\xcf\x01" 403 265 "-" "-"
45.131.155.103 - - [10/Dec/2025:07:23:24 +0100] "\x16\x03\x01\x05\xce\x01" 403 265 "-" "-"
45.131.155.103 - - [10/Dec/2025:07:23:24 +0100] "\x16\x03\x01\x05\xd5\x01" 403 265 "-" "-"
45.131.155.103 - - [10/Dec/2025:07:23:24 +0100] "\x16\x03\x01\x05\xd1\x01" 403 265 "-" "-"
45.131.155.103 - - [10/Dec/2025:07:23:24 +0100] "\x16\x03\x01\x05\xd1\x01" 403 265 "-" "-"
45.131.155.103 - - [10/Dec/2025:07:23:24 +0100] "\x16\x03\x01\x05\xd2\x01" 403 265 "-" "-"
45.131.155.103 - - [10/Dec/2025:07:23:24 +0100] "\x16\x03\x01\x05\xd2\x01" 403 265 "-" "-"
45.131.155.103 - - [10/Dec/2025:07:23:24 +0100] "\x16\x03\x01\x05\xdf\x01" 403 265 "-" "-"
45.131.155.103 - - [10/Dec/2025:07:23:24 +0100] "\x16\x03\x01\x05\xd1\x01" 403 265 "-" "-"
45.131.155.103 - - [10/Dec/2025:07:23:24 +0100] "\x16\x03\x01\x05\xcf\x01" 403 265 "-" "-"
45.131.155.103 - - [10/Dec/2025:07:23:24 +0100] "\x16\x03\x01\x05\xcf\x01" 403 265 "-" "-"
45.131.155.103 - - [10/Dec/2025:07:23:24 +0100] "\x16\x03\x01\x05\xca\x01" 403 265 "-" "-"
45.131.155.103 - - [10/Dec/2025:07:23:24 +0100] "\x16\x03\x01\x05\xe2\x01" 403 265 "-" "-"
45.131.155.103 - - [10/Dec/2025:07:23:24 +0100] "\x16\x03\x01\x05\xd0\x01" 403 265 "-" "-"
45.131.155.103 - - [10/Dec/2025:07:23:24 +0100] "\x16\x03\x01\x05\xcc\x01" 403 265 "-" "-"
45.131.155.103 - - [10/Dec/2025:07:23:24 +0100] "\x16\x03\x01\x05\xce\x01" 403 265 "-" "-"
45.131.155.103 - - [10/Dec/2025:07:23:24 +0100] "\x16\x03\x01\x05\xcc\x01" 403 265 "-" "-"
45.131.155.103 - - [10/Dec/2025:07:23:24 +0100] "\x16\x03\x01\x05\xe2\x01" 403 265 "-" "-"
45.131.155.103 - - [10/Dec/2025:07:23:24 +0100] "\x16\x03\x01\x05\xd0\x01" 403 265 "-" "-"
45.131.155.103 - - [10/Dec/2025:07:23:24 +0100] "\x16\x03\x01\x05\xd0\x01" 403 265 "-" "-"
45.131.155.103 - - [10/Dec/2025:07:23:24 +0100] "\x16\x03\x01\x05\xcd\x01" 403 265 "-" "-"
45.131.155.103 - - [10/Dec/2025:07:23:24 +0100] "\x16\x03\x01\x05\xce\x01" 403 265 "-" "-"
45.131.155.103 - - [10/Dec/2025:07:23:24 +0100] "\x16\x03\x01\x05\xd4\x01" 403 265 "-" "-"
45.131.155.103 - - [10/Dec/2025:07:23:24 +0100] "\x16\x03\x01\x05\xcd\x01" 403 265 "-" "-"
45.131.155.103 - - [10/Dec/2025:07:23:25 +0100] "GET / HTTP/1.1" 403 221 "-" "Mozilla/5.0 (X11; Linux x86_64) AppleWebKit/537.36 (KHTML, like Gecko) Chrome/137.0.0.0 Safari/537.36"
45.131.155.103 - - [10/Dec/2025:07:23:25 +0100] "GET / HTTP/1.1" 403 223 "-" "Mozilla/5.0 (Windows NT 10.0; Win64; x64) AppleWebKit/537.36 (KHTML, like Gecko) Chrome/91.0.4472.124 Safari/537.36"
45.131.155.103 - - [10/Dec/2025:07:23:25 +0100] "GET / HTTP/1.1" 403 224 "-" "Mozilla/5.0 (Windows NT 10.0; Win64; x64) AppleWebKit/537.36 (KHTML, like Gecko) Chrome/139.0.0.0 Safari/537.36"
45.131.155.103 - - [10/Dec/2025:07:23:25 +0100] "GET / HTTP/1.1" 403 226 "-" "Mozilla/5.0 (Macintosh; Intel Mac OS X 10_15_7) AppleWebKit/605.1.15 (KHTML, like Gecko) Version/26.0 Safari/605.1.15"
45.131.155.103 - - [10/Dec/2025:07:23:25 +0100] "GET / HTTP/1.1" 403 220 "-" "Mozilla/5.0 (Macintosh; Intel Mac OS X 10_15_7) AppleWebKit/605.1.15 (KHTML, like Gecko) Version/26.0 Safari/605.1.15"
45.131.155.103 - - [10/Dec/2025:07:23:25 +0100] "GET / HTTP/1.1" 403 219 "-" "Mozilla/5.0 (X11; CrOS x86_64 14541.0.0) AppleWebKit/537.36 (KHTML, like Gecko) Chrome/138.0.0.0 Safari/537.36"
45.131.155.103 - - [10/Dec/2025:07:23:25 +0100] "GET / HTTP/1.1" 403 221 "-" "Mozilla/5.0 (X11; CrOS x86_64 14541.0.0) AppleWebKit/537.36 (KHTML, like Gecko) Chrome/138.0.0.0 Safari/537.36"
45.131.155.103 - - [10/Dec/2025:07:23:25 +0100] "GET / HTTP/1.1" 403 224 "-" "Mozilla/5.0 (Windows NT 10.0; Win64; x64; rv:142.0) Gecko/20100101 Firefox/142.0"
45.131.155.103 - - [10/Dec/2025:07:23:25 +0100] "GET / HTTP/1.1" 403 222 "-" "Mozilla/5.0 (Windows NT 10.0; Win64; x64) AppleWebKit/537.36 (KHTML, like Gecko) Chrome/138.0.0.0 Safari/537.36"
45.131.155.103 - - [10/Dec/2025:07:23:25 +0100] "GET / HTTP/1.1" 403 221 "-" "Mozilla/5.0 (Macintosh; Intel Mac OS X 10_15_7) AppleWebKit/537.36 (KHTML, like Gecko) obsidian/1.8.10 Chrome/132.0.6834.196 Electron/34.2.0 Safari/537.36"
45.131.155.103 - - [10/Dec/2025:07:23:25 +0100] "GET / HTTP/1.1" 403 231 "-" "Mozilla/5.0 (Windows NT 10.0; Win64; x64) AppleWebKit/537.36 (KHTML, like Gecko) Chrome/136.0.0.0 Safari/537.36"
45.131.155.103 - - [10/Dec/2025:07:23:25 +0100] "GET / HTTP/1.1" 403 223 "-" "Mozilla/5.0 (Macintosh; Intel Mac OS X 10_15_7) AppleWebKit/537.36 (KHTML, like Gecko) Chrome/134.0.0.0 Safari/537.36"
45.131.155.103 - - [10/Dec/2025:07:23:25 +0100] "GET / HTTP/1.1" 403 222 "-" "Mozilla/5.0 (Windows NT 10.0; Win64; x64) AppleWebKit/537.36 (KHTML, like Gecko) Chrome/135.0.0.0 Safari/537.36"
45.131.155.103 - - [10/Dec/2025:07:23:25 +0100] "GET / HTTP/1.1" 403 220 "-" "Mozilla/5.0 (Windows NT 10.0; Win64; x64) AppleWebKit/537.36 (KHTML, like Gecko) Chrome/117.0.5938.132 Safari/537.36"
45.131.155.103 - - [10/Dec/2025:07:23:25 +0100] "GET / HTTP/1.1" 403 220 "-" "Mozilla/5.0 (Macintosh; Intel Mac OS X 10_15_7) AppleWebKit/537.36 (KHTML, like Gecko) obsidian/1.8.10 Chrome/132.0.6834.196 Electron/34.2.0 Safari/537.36"
45.131.155.103 - - [10/Dec/2025:07:23:25 +0100] "GET / HTTP/1.1" 403 217 "-" "Mozilla/5.0 (Windows NT 10.0; Win64; x64) AppleWebKit/537.36"
45.131.155.103 - - [10/Dec/2025:07:23:25 +0100] "GET / HTTP/1.1" 403 221 "-" "Mozilla/5.0 (Windows NT 10.0; Win64; x64) AppleWebKit/537.36 (KHTML, like Gecko) Chrome/136.0.0.0 Safari/537.36"
45.131.155.103 - - [10/Dec/2025:07:23:25 +0100] "GET / HTTP/1.1" 403 235 "-" "Mozilla/5.0 (Macintosh; Intel Mac OS X 10_15_7) AppleWebKit/605.1.15 (KHTML, like Gecko) Version/18.6 Safari/605.1.15"
45.131.155.103 - - [10/Dec/2025:07:23:25 +0100] "GET / HTTP/1.1" 403 218 "-" "Mozilla/5.0 (X11; CrOS x86_64 14541.0.0) AppleWebKit/537.36 (KHTML, like Gecko) Chrome/139.0.0.0 Safari/537.36"
45.131.155.103 - - [10/Dec/2025:07:23:25 +0100] "GET / HTTP/1.1" 403 219 "-" "Mozilla/5.0 (Windows NT 10.0; Win64; x64) AppleWebKit/537.36 (KHTML, like Gecko) Chrome/109.0.0.0 Safari/537.36"
45.131.155.103 - - [10/Dec/2025:07:23:25 +0100] "GET / HTTP/1.1" 403 218 "-" "Mozilla/5.0 (Windows NT 10.0; Win64; x64; rv:143.0) Gecko/20100101 Firefox/143.0"
45.131.155.103 - - [10/Dec/2025:07:23:25 +0100] "GET / HTTP/1.1" 403 233 "-" "Mozilla/5.0 (X11; Linux x86_64) AppleWebKit/537.36 (KHTML, like Gecko) Chrome/126.0.0.0 Safari/537.36"
45.131.155.103 - - [10/Dec/2025:07:23:25 +0100] "GET / HTTP/1.1" 403 221 "-" "Mozilla/5.0 (Windows NT 10.0; Win64; x64) AppleWebKit/537.36 (KHTML, like Gecko) Chrome/135.0.0.0 Safari/537.36"
45.131.155.103 - - [10/Dec/2025:07:23:25 +0100] "GET / HTTP/1.1" 403 218 "-" "Mozilla/5.0 (Windows NT 10.0; Win64; x64) AppleWebKit/537.36 (KHTML, like Gecko) Chrome/130.0.0.0 Safari/537.36"
45.131.155.103 - - [10/Dec/2025:07:23:25 +0100] "GET / HTTP/1.1" 403 222 "-" "Mozilla/5.0 (X11; Linux x86_64) AppleWebKit/537.36 (KHTML, like Gecko) Chrome/139.0.0.0 Safari/537.36"
45.131.155.103 - - [10/Dec/2025:07:23:25 +0100] "GET / HTTP/1.1" 403 223 "-" "Mozilla/5.0 (X11; Linux x86_64) AppleWebKit/537.36 (KHTML, like Gecko) Chrome/134.0.0.0 Safari/537.36"
45.131.155.103 - - [10/Dec/2025:07:23:25 +0100] "GET / HTTP/1.1" 403 219 "-" "Mozilla/5.0 (Windows NT 10.0; Win64; x64) AppleWebKit/537.36 (KHTML, like Gecko) Chrome/140.0.0.0 Safari/537.36"
45.131.155.103 - - [10/Dec/2025:07:23:25 +0100] "GET / HTTP/1.1" 403 218 "-" "Mozilla/5.0 (Windows NT 10.0; Win64; x64) AppleWebKit/537.36 (KHTML, like Gecko) Chrome/132.0.0.0 Safari/537.36"
85.208.96.210 - - [10/Dec/2025:07:23:26 +0100] "GET /platby/uwoy9/willie-brown-kwame-brown-father HTTP/1.1" 200 12779 "-" "Mozilla/5.0 (compatible; SemrushBot/7~bl; +http://www.semrush.com/bot.html)"
45.82.78.113 - - [10/Dec/2025:07:23:28 +0100] "GET /favicon.ico HTTP/1.1" 403 230 "http://tshombeknife.com:443/" "Mozilla/5.0 (Windows NT 10.0; Win64; x64; rv:109.0) Gecko/20100101 Firefox/113.0"
45.82.78.113 - - [10/Dec/2025:07:23:32 +0100] "GET /favicon.ico HTTP/1.1" 403 228 "http://matl-bula.com:443/" "Mozilla/5.0 (Windows NT 10.0; Win64; x64) AppleWebKit/537.36 (KHTML, like Gecko) Chrome/114.0.0.0 Safari/537.36 Edg/114.0.1823.58"
45.82.78.113 - - [10/Dec/2025:07:23:33 +0100] "GET /favicon.ico HTTP/1.1" 403 228 "http://hyundai-cz.com:443/" "Mozilla/5.0 (X11; CrOS x86_64 14541.0.0) AppleWebKit/537.36 (KHTML, like Gecko) Chrome/114.0.0.0 Safari/537.36"
45.82.78.114 - - [10/Dec/2025:07:23:33 +0100] "GET /favicon.ico HTTP/1.1" 403 227 "http://blue-cap.cz:443/" "Mozilla/5.0 (Macintosh; Intel Mac OS X 10_15_7) AppleWebKit/537.36 (KHTML, like Gecko) Chrome/111.0.0.0 Safari/537.36"
45.82.78.113 - - [10/Dec/2025:07:23:33 +0100] "GET /favicon.ico HTTP/1.1" 403 233 "http://zednictvi-stastny.eu:443/" "Mozilla/5.0 (Windows NT 10.0; Win64; x64) AppleWebKit/537.36 (KHTML, like Gecko) Chrome/113.0.0.0 Safari/537.36"
45.82.78.114 - - [10/Dec/2025:07:23:33 +0100] "GET /favicon.ico HTTP/1.1" 403 228 "http://zip-lines.eu:443/" "Mozilla/5.0 (Macintosh; Intel Mac OS X 10_15_7) AppleWebKit/537.36 (KHTML, like Gecko) Chrome/112.0.0.0 Safari/537.36"
45.82.78.114 - - [10/Dec/2025:07:23:33 +0100] "GET /favicon.ico HTTP/1.1" 403 227 "http://ziplines.cz:443/" "Mozilla/5.0 (X11; Linux x86_64) AppleWebKit/537.36 (KHTML, like Gecko) Chrome/113.0.0.0 Safari/537.36"
45.82.78.114 - - [10/Dec/2025:07:23:33 +0100] "GET /favicon.ico HTTP/1.1" 403 228 "http://glizigen.cz:443/" "Mozilla/5.0 (Windows NT 10.0; Win64; x64) AppleWebKit/537.36 (KHTML, like Gecko) Chrome/110.0.0.0 Safari/537.36"
45.82.78.113 - - [10/Dec/2025:07:23:33 +0100] "GET /favicon.ico HTTP/1.1" 403 240 "http://matlbula-manipulacnitechnika.cz:443/" "Mozilla/5.0 (Windows NT 10.0; Win64; x64) AppleWebKit/537.36 (KHTML, like Gecko) Chrome/114.0.0.0 Safari/537.36 Edg/114.0.1823.58"
45.82.78.113 - - [10/Dec/2025:07:23:33 +0100] "GET /favicon.ico HTTP/1.1" 403 242 "http://matlbula-vysokozdviznevoziky.cz:443/" "Mozilla/5.0 (Macintosh; Intel Mac OS X 10_15_7) AppleWebKit/537.36 (KHTML, like Gecko) Chrome/114.0.0.0 Safari/537.36"
85.208.96.201 - - [10/Dec/2025:07:23:33 +0100] "GET /platby/qqap/2015-los-angeles-lakers-roster HTTP/1.1" 200 7884 "-" "Mozilla/5.0 (compatible; SemrushBot/7~bl; +http://www.semrush.com/bot.html)"
45.82.78.114 - - [10/Dec/2025:07:23:34 +0100] "GET /favicon.ico HTTP/1.1" 403 226 "http://martof.cz:443/" "Mozilla/5.0 (Windows NT 10.0; Win64; x64) AppleWebKit/537.36 (KHTML, like Gecko) Chrome/113.0.0.0 Safari/537.36"
45.82.78.113 - - [10/Dec/2025:07:23:34 +0100] "GET /favicon.ico HTTP/1.1" 403 228 "http://diamant-di.com:443/" "Mozilla/5.0 (Windows NT 10.0; Win64; x64) AppleWebKit/537.36 (KHTML, like Gecko) Chrome/114.0.0.0 Safari/537.36 Edg/114.0.1823.41"
45.82.78.113 - - [10/Dec/2025:07:23:34 +0100] "GET /favicon.ico HTTP/1.1" 403 229 "http://matl-bula.info:443/" "Mozilla/5.0 (Macintosh; Intel Mac OS X 10_15_7) AppleWebKit/605.1.15 (KHTML, like Gecko) Version/16.5.1 Safari/605.1.15"
45.82.78.113 - - [10/Dec/2025:07:23:34 +0100] "GET /favicon.ico HTTP/1.1" 403 231 "http://pronajemplosin.com:443/" "Mozilla/5.0 (X11; Ubuntu; Linux x86_64; rv:109.0) Gecko/20100101 Firefox/113.0"
45.82.78.113 - - [10/Dec/2025:07:23:34 +0100] "GET /favicon.ico HTTP/1.1" 403 228 "http://combilift.cz:443/" "Mozilla/5.0 (Windows NT 10.0; Win64; x64; rv:109.0) Gecko/20100101 Firefox/112.0"
204.76.203.206 - - [10/Dec/2025:07:23:34 +0100] "GET / HTTP/1.1" 200 316 "-" "Mozilla/5.0 (Windows NT 10.0; Win64; x64) AppleWebKit/537.36 (KHTML, like Gecko) Chrome/90.0.4430.85 Safari/537.36 Edg/90.0.818.46"
45.82.78.114 - - [10/Dec/2025:07:23:34 +0100] "GET /favicon.ico HTTP/1.1" 403 226 "http://capstan.cz:443/" "Mozilla/5.0 (Windows NT 10.0; Win64; x64) AppleWebKit/537.36 (KHTML, like Gecko) Chrome/113.0.0.0 Safari/537.36 Edg/113.0.1774.57"
45.82.78.113 - - [10/Dec/2025:07:23:34 +0100] "GET /favicon.ico HTTP/1.1" 403 229 "http://matl-bula.org:443/" "Mozilla/5.0 (Windows NT 10.0; Win64; x64) AppleWebKit/537.36 (KHTML, like Gecko) Chrome/114.0.0.0 Safari/537.36"
45.82.78.113 - - [10/Dec/2025:07:23:34 +0100] "GET /favicon.ico HTTP/1.1" 403 228 "http://matl-bula.net:443/" "Mozilla/5.0 (Windows NT 10.0; rv:102.0) Gecko/20100101 Firefox/102.0"
45.82.78.113 - - [10/Dec/2025:07:23:34 +0100] "GET /favicon.ico HTTP/1.1" 403 230 "http://antiqkabinet.cz:443/" "Mozilla/5.0 (Macintosh; Intel Mac OS X 10_15_7) AppleWebKit/605.1.15 (KHTML, like Gecko) Version/16.4 Safari/605.1.15"
45.82.78.113 - - [10/Dec/2025:07:23:34 +0100] "GET /favicon.ico HTTP/1.1" 403 228 "http://anoraksro.cz:443/" "Mozilla/5.0 (X11; Linux x86_64; rv:109.0) Gecko/20100101 Firefox/114.0"
45.82.78.114 - - [10/Dec/2025:07:23:34 +0100] "GET /favicon.ico HTTP/1.1" 403 231 "http://racing-kennel.com:443/" "Mozilla/5.0 (Macintosh; Intel Mac OS X 10.15; rv:109.0) Gecko/20100101 Firefox/113.0"
45.82.78.114 - - [10/Dec/2025:07:23:34 +0100] "GET /favicon.ico HTTP/1.1" 403 226 "http://tank24.cz:443/" "Mozilla/5.0 (Windows NT 10.0; rv:114.0) Gecko/20100101 Firefox/114.0"
45.82.78.113 - - [10/Dec/2025:07:23:34 +0100] "GET /favicon.ico HTTP/1.1" 403 226 "http://blc-eu.com:443/" "Mozilla/5.0 (Windows NT 10.0; rv:113.0) Gecko/20100101 Firefox/113.0"
45.82.78.114 - - [10/Dec/2025:07:23:34 +0100] "GET /favicon.ico HTTP/1.1" 403 225 "http://jkbs.cz:443/" "Mozilla/5.0 (Macintosh; Intel Mac OS X 10_15_7) AppleWebKit/605.1.15 (KHTML, like Gecko) Version/16.4 Safari/605.1.15"
