44.215.231.15 - - [10/Dec/2025:18:47:36 +0100] "GET /platby/72zbxoz/has-esther-dingley-been-found HTTP/1.1" 200 8622 "-" "Mozilla/5.0 AppleWebKit/537.36 (KHTML, like Gecko; compatible; Amazonbot/0.1; +https://developer.amazon.com/support/amazonbot) Chrome/119.0.6045.214 Safari/537.36"
35.169.119.108 - - [10/Dec/2025:18:47:41 +0100] "GET /platby/72zbxoz/dermalogica-precleanse-travel-size HTTP/1.1" 200 12733 "-" "Mozilla/5.0 AppleWebKit/537.36 (KHTML, like Gecko; compatible; Amazonbot/0.1; +https://developer.amazon.com/support/amazonbot) Chrome/119.0.6045.214 Safari/537.36"
52.73.6.26 - - [10/Dec/2025:18:47:44 +0100] "GET /platby/72zbxoz/difference-between-thoughts-and-feelings-worksheet HTTP/1.1" 200 10027 "-" "Mozilla/5.0 AppleWebKit/537.36 (KHTML, like Gecko; compatible; Amazonbot/0.1; +https://developer.amazon.com/support/amazonbot) Chrome/119.0.6045.214 Safari/537.36"
52.205.141.124 - - [10/Dec/2025:18:47:47 +0100] "GET /platby/72zbxoz/fingerprint-sensor-may-be-dirty-samsung HTTP/1.1" 200 7714 "-" "Mozilla/5.0 AppleWebKit/537.36 (KHTML, like Gecko; compatible; Amazonbot/0.1; +https://developer.amazon.com/support/amazonbot) Chrome/119.0.6045.214 Safari/537.36"
3.229.2.217 - - [10/Dec/2025:18:47:53 +0100] "GET /platby/72zbxoz/hamilton-bulldogs-store HTTP/1.1" 200 13993 "-" "Mozilla/5.0 AppleWebKit/537.36 (KHTML, like Gecko; compatible; Amazonbot/0.1; +https://developer.amazon.com/support/amazonbot) Chrome/119.0.6045.214 Safari/537.36"
34.204.150.196 - - [10/Dec/2025:18:47:57 +0100] "GET /platby/72zbxoz/ss-great-britain-interior HTTP/1.1" 200 12510 "-" "Mozilla/5.0 AppleWebKit/537.36 (KHTML, like Gecko; compatible; Amazonbot/0.1; +https://developer.amazon.com/support/amazonbot) Chrome/119.0.6045.214 Safari/537.36"
185.191.171.2 - - [10/Dec/2025:18:47:57 +0100] "GET /platby/uwoy9/2018-carolina-panthers-schedule HTTP/1.1" 200 11585 "-" "Mozilla/5.0 (compatible; SemrushBot/7~bl; +http://www.semrush.com/bot.html)"
23.23.180.225 - - [10/Dec/2025:18:48:02 +0100] "GET /platby/72zbxoz/recurrent-energy-news HTTP/1.1" 200 7541 "-" "Mozilla/5.0 AppleWebKit/537.36 (KHTML, like Gecko; compatible; Amazonbot/0.1; +https://developer.amazon.com/support/amazonbot) Chrome/119.0.6045.214 Safari/537.36"
35.170.205.140 - - [10/Dec/2025:18:48:06 +0100] "GET /platby/72zbxoz/santa-clara-county-vaccine-appointment HTTP/1.1" 200 9119 "-" "Mozilla/5.0 AppleWebKit/537.36 (KHTML, like Gecko; compatible; Amazonbot/0.1; +https://developer.amazon.com/support/amazonbot) Chrome/119.0.6045.214 Safari/537.36"
35.173.38.202 - - [10/Dec/2025:18:48:09 +0100] "GET /platby/72zbxoz/air-jordan-1-edge-glow-women's HTTP/1.1" 200 13156 "-" "Mozilla/5.0 AppleWebKit/537.36 (KHTML, like Gecko; compatible; Amazonbot/0.1; +https://developer.amazon.com/support/amazonbot) Chrome/119.0.6045.214 Safari/537.36"
44.209.89.189 - - [10/Dec/2025:18:48:12 +0100] "GET /platby/72zbxoz/fifa-world-cup-2022-qualifiers-oceania-table HTTP/1.1" 200 11104 "-" "Mozilla/5.0 AppleWebKit/537.36 (KHTML, like Gecko; compatible; Amazonbot/0.1; +https://developer.amazon.com/support/amazonbot) Chrome/119.0.6045.214 Safari/537.36"
185.191.171.1 - - [10/Dec/2025:18:48:14 +0100] "GET /platby/hca/compare-and-contrast-essay-typer HTTP/1.1" 200 9984 "-" "Mozilla/5.0 (compatible; SemrushBot/7~bl; +http://www.semrush.com/bot.html)"
52.45.194.165 - - [10/Dec/2025:18:48:17 +0100] "GET /platby/72zbxoz/top-10-running-backs-2021-fantasy HTTP/1.1" 200 8291 "-" "Mozilla/5.0 AppleWebKit/537.36 (KHTML, like Gecko; compatible; Amazonbot/0.1; +https://developer.amazon.com/support/amazonbot) Chrome/119.0.6045.214 Safari/537.36"
3.235.215.92 - - [10/Dec/2025:18:48:22 +0100] "GET /platby/72zbxoz/eagles-vs-cowboys-2016-week-17 HTTP/1.1" 200 10630 "-" "Mozilla/5.0 AppleWebKit/537.36 (KHTML, like Gecko; compatible; Amazonbot/0.1; +https://developer.amazon.com/support/amazonbot) Chrome/119.0.6045.214 Safari/537.36"
85.208.96.212 - - [10/Dec/2025:18:48:24 +0100] "GET /platby/qqap/systems-engineering-courses HTTP/1.1" 200 6689 "-" "Mozilla/5.0 (compatible; SemrushBot/7~bl; +http://www.semrush.com/bot.html)"
23.23.212.212 - - [10/Dec/2025:18:48:24 +0100] "GET /platby/72zbxoz/every-effort-counts-quotes HTTP/1.1" 200 9507 "-" "Mozilla/5.0 AppleWebKit/537.36 (KHTML, like Gecko; compatible; Amazonbot/0.1; +https://developer.amazon.com/support/amazonbot) Chrome/119.0.6045.214 Safari/537.36"
44.209.89.189 - - [10/Dec/2025:18:48:28 +0100] "GET /platby/72zbxoz/post-listening-activities HTTP/1.1" 200 8395 "-" "Mozilla/5.0 AppleWebKit/537.36 (KHTML, like Gecko; compatible; Amazonbot/0.1; +https://developer.amazon.com/support/amazonbot) Chrome/119.0.6045.214 Safari/537.36"
18.214.138.148 - - [10/Dec/2025:18:48:31 +0100] "GET /platby/72zbxoz/drake-graduation-2021 HTTP/1.1" 200 14660 "-" "Mozilla/5.0 AppleWebKit/537.36 (KHTML, like Gecko; compatible; Amazonbot/0.1; +https://developer.amazon.com/support/amazonbot) Chrome/119.0.6045.214 Safari/537.36"
44.220.2.97 - - [10/Dec/2025:18:48:37 +0100] "GET /platby/72zbxoz/maryland-soccer-teams-looking-for-players HTTP/1.1" 200 8820 "-" "Mozilla/5.0 AppleWebKit/537.36 (KHTML, like Gecko; compatible; Amazonbot/0.1; +https://developer.amazon.com/support/amazonbot) Chrome/119.0.6045.214 Safari/537.36"
85.208.96.205 - - [10/Dec/2025:18:48:39 +0100] "GET /platby/hca/best-blocking-wide-receivers-of-all-time HTTP/1.1" 200 8154 "-" "Mozilla/5.0 (compatible; SemrushBot/7~bl; +http://www.semrush.com/bot.html)"
44.205.120.22 - - [10/Dec/2025:18:48:40 +0100] "GET /platby/72zbxoz/sega-rally-championship HTTP/1.1" 200 8434 "-" "Mozilla/5.0 AppleWebKit/537.36 (KHTML, like Gecko; compatible; Amazonbot/0.1; +https://developer.amazon.com/support/amazonbot) Chrome/119.0.6045.214 Safari/537.36"
34.231.77.232 - - [10/Dec/2025:18:48:43 +0100] "GET /platby/72zbxoz/where-are-roseate-spoonbills-found-in-florida HTTP/1.1" 200 12895 "-" "Mozilla/5.0 AppleWebKit/537.36 (KHTML, like Gecko; compatible; Amazonbot/0.1; +https://developer.amazon.com/support/amazonbot) Chrome/119.0.6045.214 Safari/537.36"
185.191.171.1 - - [10/Dec/2025:18:48:50 +0100] "GET /platby/hca/seattle-university-men's-soccer-division HTTP/1.1" 200 10983 "-" "Mozilla/5.0 (compatible; SemrushBot/7~bl; +http://www.semrush.com/bot.html)"
85.208.96.206 - - [10/Dec/2025:18:49:08 +0100] "GET /platby/uwoy9/francis-jacobs-rangers HTTP/1.1" 200 11075 "-" "Mozilla/5.0 (compatible; SemrushBot/7~bl; +http://www.semrush.com/bot.html)"
204.76.203.212 - - [10/Dec/2025:18:49:20 +0100] "GET /" 400 468 "-" "-"
85.208.96.207 - - [10/Dec/2025:18:49:23 +0100] "GET /platby/qqap/justice-league-snyder-cut-fandom HTTP/1.1" 200 8566 "-" "Mozilla/5.0 (compatible; SemrushBot/7~bl; +http://www.semrush.com/bot.html)"
185.191.171.2 - - [10/Dec/2025:18:49:38 +0100] "GET /platby/qqap/summer-writing-camps-for-middle-schoolers-near-me HTTP/1.1" 200 6804 "-" "Mozilla/5.0 (compatible; SemrushBot/7~bl; +http://www.semrush.com/bot.html)"
185.191.171.11 - - [10/Dec/2025:18:49:40 +0100] "GET /platby/hca/seed-company-catalogs HTTP/1.1" 200 9903 "-" "Mozilla/5.0 (compatible; SemrushBot/7~bl; +http://www.semrush.com/bot.html)"
85.208.96.201 - - [10/Dec/2025:18:49:42 +0100] "GET /platby/72zbxoz/andrew-thomas-minnesota HTTP/1.1" 200 9970 "-" "Mozilla/5.0 (compatible; SemrushBot/7~bl; +http://www.semrush.com/bot.html)"
185.191.171.14 - - [10/Dec/2025:18:49:55 +0100] "GET /platby/72zbxoz/check-apache-version-linux HTTP/1.1" 200 10455 "-" "Mozilla/5.0 (compatible; SemrushBot/7~bl; +http://www.semrush.com/bot.html)"
185.191.171.3 - - [10/Dec/2025:18:50:17 +0100] "GET /platby/hca/types-of-sf6-circuit-breaker HTTP/1.1" 200 9638 "-" "Mozilla/5.0 (compatible; SemrushBot/7~bl; +http://www.semrush.com/bot.html)"
85.208.96.211 - - [10/Dec/2025:18:50:18 +0100] "GET /platby/qqap/kilcher-nettle-bread-recipe HTTP/1.1" 200 12308 "-" "Mozilla/5.0 (compatible; SemrushBot/7~bl; +http://www.semrush.com/bot.html)"
85.208.96.208 - - [10/Dec/2025:18:50:20 +0100] "GET /platby/aohwuyx/superstructures:-engineering-marvels-burj-khalifa HTTP/1.1" 200 8963 "-" "Mozilla/5.0 (compatible; SemrushBot/7~bl; +http://www.semrush.com/bot.html)"
185.191.171.2 - - [10/Dec/2025:18:50:21 +0100] "GET /platby/uwoy9/up-late-with-alec-baldwin HTTP/1.1" 200 7704 "-" "Mozilla/5.0 (compatible; SemrushBot/7~bl; +http://www.semrush.com/bot.html)"
85.208.96.209 - - [10/Dec/2025:18:50:23 +0100] "GET /platby/hca/ethan-happ-eurobasket HTTP/1.1" 200 10732 "-" "Mozilla/5.0 (compatible; SemrushBot/7~bl; +http://www.semrush.com/bot.html)"
185.191.171.12 - - [10/Dec/2025:18:50:26 +0100] "GET /platby/72zbxoz/what-jewelry-metals-are-magnetic HTTP/1.1" 200 9126 "-" "Mozilla/5.0 (compatible; SemrushBot/7~bl; +http://www.semrush.com/bot.html)"
85.208.96.199 - - [10/Dec/2025:18:50:59 +0100] "GET /platby/hca/nchsaa-football-state-championships HTTP/1.1" 200 9491 "-" "Mozilla/5.0 (compatible; SemrushBot/7~bl; +http://www.semrush.com/bot.html)"
185.191.171.1 - - [10/Dec/2025:18:51:13 +0100] "GET /platby/hca/pineapple-kush-benefits HTTP/1.1" 200 7215 "-" "Mozilla/5.0 (compatible; SemrushBot/7~bl; +http://www.semrush.com/bot.html)"
193.34.213.150 - - [10/Dec/2025:18:51:37 +0100] "GET /" 400 468 "-" "-"
185.191.171.17 - - [10/Dec/2025:18:52:26 +0100] "GET /platby/uwoy9/atlassian-service-level-agreement HTTP/1.1" 200 14510 "-" "Mozilla/5.0 (compatible; SemrushBot/7~bl; +http://www.semrush.com/bot.html)"
85.208.96.206 - - [10/Dec/2025:18:52:28 +0100] "GET /platby/uwoy9/advertising-without-cookies HTTP/1.1" 200 10197 "-" "Mozilla/5.0 (compatible; SemrushBot/7~bl; +http://www.semrush.com/bot.html)"
85.208.96.197 - - [10/Dec/2025:18:52:32 +0100] "GET /platby/aohwuyx/similarities-and-differences-between-scrum-and-kanban HTTP/1.1" 200 9604 "-" "Mozilla/5.0 (compatible; SemrushBot/7~bl; +http://www.semrush.com/bot.html)"
85.208.96.208 - - [10/Dec/2025:18:53:00 +0100] "GET /platby/hca/title-ix-grievance-process HTTP/1.1" 200 8449 "-" "Mozilla/5.0 (compatible; SemrushBot/7~bl; +http://www.semrush.com/bot.html)"
185.191.171.3 - - [10/Dec/2025:18:53:02 +0100] "GET /platby/aohwuyx/mercedes-benz-arena-new-orleans-seating-chart HTTP/1.1" 200 9242 "-" "Mozilla/5.0 (compatible; SemrushBot/7~bl; +http://www.semrush.com/bot.html)"
85.208.96.193 - - [10/Dec/2025:18:53:03 +0100] "GET /platby/aohwuyx/pharmascience-revenue HTTP/1.1" 200 10401 "-" "Mozilla/5.0 (compatible; SemrushBot/7~bl; +http://www.semrush.com/bot.html)"
85.208.96.196 - - [10/Dec/2025:18:53:19 +0100] "GET /platby/qqap/fifa-21-player-career-mode-not-getting-picked HTTP/1.1" 200 11946 "-" "Mozilla/5.0 (compatible; SemrushBot/7~bl; +http://www.semrush.com/bot.html)"
185.191.171.3 - - [10/Dec/2025:18:53:31 +0100] "GET /platby/72zbxoz/jewelry-transformations HTTP/1.1" 200 9088 "-" "Mozilla/5.0 (compatible; SemrushBot/7~bl; +http://www.semrush.com/bot.html)"
185.191.171.1 - - [10/Dec/2025:18:53:33 +0100] "GET /platby/uwoy9/project-brief-template HTTP/1.1" 200 9504 "-" "Mozilla/5.0 (compatible; SemrushBot/7~bl; +http://www.semrush.com/bot.html)"
85.208.96.211 - - [10/Dec/2025:18:53:44 +0100] "GET /platby/uwoy9/university-of-baltimore-law-school-lsat HTTP/1.1" 200 8390 "-" "Mozilla/5.0 (compatible; SemrushBot/7~bl; +http://www.semrush.com/bot.html)"
85.208.96.194 - - [10/Dec/2025:18:53:51 +0100] "GET /platby/uwoy9/goslings-pronunciation HTTP/1.1" 200 13418 "-" "Mozilla/5.0 (compatible; SemrushBot/7~bl; +http://www.semrush.com/bot.html)"
85.208.96.200 - - [10/Dec/2025:18:54:21 +0100] "GET /platby/hca/collingwood-football-club HTTP/1.1" 200 10838 "-" "Mozilla/5.0 (compatible; SemrushBot/7~bl; +http://www.semrush.com/bot.html)"
185.191.171.14 - - [10/Dec/2025:18:54:25 +0100] "GET /platby/uwoy9/wren-and-martin---vocabulary HTTP/1.1" 200 10287 "-" "Mozilla/5.0 (compatible; SemrushBot/7~bl; +http://www.semrush.com/bot.html)"
85.208.96.204 - - [10/Dec/2025:18:54:37 +0100] "GET /platby/aohwuyx/federal-protected-classes HTTP/1.1" 200 9592 "-" "Mozilla/5.0 (compatible; SemrushBot/7~bl; +http://www.semrush.com/bot.html)"
85.208.96.202 - - [10/Dec/2025:18:54:38 +0100] "GET /platby/uwoy9/futures-symbols-thinkorswim HTTP/1.1" 200 13934 "-" "Mozilla/5.0 (compatible; SemrushBot/7~bl; +http://www.semrush.com/bot.html)"
185.191.171.11 - - [10/Dec/2025:18:54:40 +0100] "GET /platby/72zbxoz/wendell-carter-fantasy HTTP/1.1" 200 7613 "-" "Mozilla/5.0 (compatible; SemrushBot/7~bl; +http://www.semrush.com/bot.html)"
185.191.171.14 - - [10/Dec/2025:18:54:52 +0100] "GET /platby/qqap/crataegus-oxyacantha-for-sale HTTP/1.1" 200 9659 "-" "Mozilla/5.0 (compatible; SemrushBot/7~bl; +http://www.semrush.com/bot.html)"
173.252.87.113 - - [10/Dec/2025:18:54:55 +0100] "\x16\x03\x01\x01K\x01" 403 265 "-" "-"
57.141.6.7 - - [10/Dec/2025:18:54:56 +0100] "\x16\x03\x01\x01K\x01" 403 265 "-" "-"
69.171.231.29 - - [10/Dec/2025:18:54:57 +0100] "\x16\x03\x01\x01K\x01" 403 265 "-" "-"
185.191.171.19 - - [10/Dec/2025:18:54:58 +0100] "GET /platby/uwoy9/severe-weather-powerpoint-2nd-grade HTTP/1.1" 200 12962 "-" "Mozilla/5.0 (compatible; SemrushBot/7~bl; +http://www.semrush.com/bot.html)"
204.76.203.206 - - [10/Dec/2025:18:55:00 +0100] "GET /" 400 468 "-" "-"
74.7.244.55 - - [10/Dec/2025:18:55:40 +0100] "\x16\x03\x01\x01" 403 265 "-" "-"
74.7.244.55 - - [10/Dec/2025:18:55:41 +0100] "\x16\x03\x01\x02" 403 265 "-" "-"
74.7.244.55 - - [10/Dec/2025:18:55:41 +0100] "\x16\x03\x01\x02" 403 265 "-" "-"
204.76.203.206 - - [10/Dec/2025:18:56:00 +0100] "GET / HTTP/1.1" 200 316 "-" "Mozilla/5.0 (Windows NT 10.0; Win64; x64) AppleWebKit/537.36 (KHTML, like Gecko) Chrome/90.0.4430.85 Safari/537.36 Edg/90.0.818.46"
85.208.96.196 - - [10/Dec/2025:18:56:08 +0100] "GET /platby/qqap/cell-phone-screen-replacement HTTP/1.1" 200 8569 "-" "Mozilla/5.0 (compatible; SemrushBot/7~bl; +http://www.semrush.com/bot.html)"
185.191.171.10 - - [10/Dec/2025:18:56:41 +0100] "GET /platby/72zbxoz/mystikal-ghetto-child HTTP/1.1" 200 11970 "-" "Mozilla/5.0 (compatible; SemrushBot/7~bl; +http://www.semrush.com/bot.html)"
85.208.96.196 - - [10/Dec/2025:18:56:47 +0100] "GET /platby/qqap/team-rubicon-financials HTTP/1.1" 200 7811 "-" "Mozilla/5.0 (compatible; SemrushBot/7~bl; +http://www.semrush.com/bot.html)"
85.208.96.198 - - [10/Dec/2025:18:57:00 +0100] "GET /platby/72zbxoz/ruth-dodsworth-children HTTP/1.1" 200 7853 "-" "Mozilla/5.0 (compatible; SemrushBot/7~bl; +http://www.semrush.com/bot.html)"
185.191.171.10 - - [10/Dec/2025:18:57:03 +0100] "GET /platby/hca/dragan-bender-contract HTTP/1.1" 200 9944 "-" "Mozilla/5.0 (compatible; SemrushBot/7~bl; +http://www.semrush.com/bot.html)"
185.191.171.12 - - [10/Dec/2025:18:57:08 +0100] "GET /platby/hca/gamakatsu-octopus-hook HTTP/1.1" 200 9399 "-" "Mozilla/5.0 (compatible; SemrushBot/7~bl; +http://www.semrush.com/bot.html)"
85.208.96.207 - - [10/Dec/2025:18:57:12 +0100] "GET /platby/hca/social-injustice-examples-2020 HTTP/1.1" 200 12459 "-" "Mozilla/5.0 (compatible; SemrushBot/7~bl; +http://www.semrush.com/bot.html)"
85.208.96.195 - - [10/Dec/2025:18:57:35 +0100] "GET /platby/72zbxoz/jerry-west-net-worth-2020 HTTP/1.1" 200 8147 "-" "Mozilla/5.0 (compatible; SemrushBot/7~bl; +http://www.semrush.com/bot.html)"
185.191.171.13 - - [10/Dec/2025:18:57:41 +0100] "GET /platby/aohwuyx/floppy-disk-reader-walmart HTTP/1.1" 200 13118 "-" "Mozilla/5.0 (compatible; SemrushBot/7~bl; +http://www.semrush.com/bot.html)"
185.191.171.14 - - [10/Dec/2025:18:57:50 +0100] "GET /platby/72zbxoz/student-portfolio-website-examples HTTP/1.1" 200 9878 "-" "Mozilla/5.0 (compatible; SemrushBot/7~bl; +http://www.semrush.com/bot.html)"
185.191.171.11 - - [10/Dec/2025:18:57:52 +0100] "GET /platby/qqap/fire-emblem-awakening HTTP/1.1" 200 9387 "-" "Mozilla/5.0 (compatible; SemrushBot/7~bl; +http://www.semrush.com/bot.html)"
185.191.171.9 - - [10/Dec/2025:18:58:22 +0100] "GET /platby/aohwuyx/melbourne-v-newcastle-jets-prediction HTTP/1.1" 200 10670 "-" "Mozilla/5.0 (compatible; SemrushBot/7~bl; +http://www.semrush.com/bot.html)"
85.208.96.195 - - [10/Dec/2025:18:58:30 +0100] "GET /platby/uwoy9/liberation-psychology-example HTTP/1.1" 200 7432 "-" "Mozilla/5.0 (compatible; SemrushBot/7~bl; +http://www.semrush.com/bot.html)"
85.208.96.194 - - [10/Dec/2025:18:58:38 +0100] "GET /platby/hca/types-of-messages-in-communication HTTP/1.1" 200 7139 "-" "Mozilla/5.0 (compatible; SemrushBot/7~bl; +http://www.semrush.com/bot.html)"
185.191.171.19 - - [10/Dec/2025:18:58:40 +0100] "GET /platby/qqap/space-wallpaper-iphone HTTP/1.1" 200 10834 "-" "Mozilla/5.0 (compatible; SemrushBot/7~bl; +http://www.semrush.com/bot.html)"
185.191.171.19 - - [10/Dec/2025:18:58:46 +0100] "GET /platby/qqap/anime-themed-cafe-near-me HTTP/1.1" 200 10696 "-" "Mozilla/5.0 (compatible; SemrushBot/7~bl; +http://www.semrush.com/bot.html)"
185.191.171.13 - - [10/Dec/2025:18:58:56 +0100] "GET /platby/uwoy9/graham-central-station-release-yourself HTTP/1.1" 200 8996 "-" "Mozilla/5.0 (compatible; SemrushBot/7~bl; +http://www.semrush.com/bot.html)"
85.208.96.195 - - [10/Dec/2025:18:58:58 +0100] "GET /platby/qqap/grafton-berryville-residential-treatment-center HTTP/1.1" 200 8958 "-" "Mozilla/5.0 (compatible; SemrushBot/7~bl; +http://www.semrush.com/bot.html)"
85.208.96.205 - - [10/Dec/2025:19:00:27 +0100] "GET /platby/qqap/koopmeiners-transfermarkt HTTP/1.1" 200 9708 "-" "Mozilla/5.0 (compatible; SemrushBot/7~bl; +http://www.semrush.com/bot.html)"
185.191.171.13 - - [10/Dec/2025:19:00:40 +0100] "GET /platby/hca/fielding-primary-school-french HTTP/1.1" 200 13048 "-" "Mozilla/5.0 (compatible; SemrushBot/7~bl; +http://www.semrush.com/bot.html)"
85.208.96.197 - - [10/Dec/2025:19:00:53 +0100] "GET /platby/aohwuyx/windows-7-startup-repair HTTP/1.1" 200 9584 "-" "Mozilla/5.0 (compatible; SemrushBot/7~bl; +http://www.semrush.com/bot.html)"
185.191.171.2 - - [10/Dec/2025:19:01:02 +0100] "GET /platby/72zbxoz/northern-california-walnut HTTP/1.1" 200 9269 "-" "Mozilla/5.0 (compatible; SemrushBot/7~bl; +http://www.semrush.com/bot.html)"
85.208.96.203 - - [10/Dec/2025:19:01:04 +0100] "GET /platby/aohwuyx/not-following-your-heart-quotes HTTP/1.1" 200 13197 "-" "Mozilla/5.0 (compatible; SemrushBot/7~bl; +http://www.semrush.com/bot.html)"
185.191.171.5 - - [10/Dec/2025:19:01:05 +0100] "GET /platby/72zbxoz/3-ingredient-alcoholic-drinks HTTP/1.1" 200 14396 "-" "Mozilla/5.0 (compatible; SemrushBot/7~bl; +http://www.semrush.com/bot.html)"
85.208.96.209 - - [10/Dec/2025:19:01:08 +0100] "GET /platby/uwoy9/the-eleventh-hour-book-pages HTTP/1.1" 200 9504 "-" "Mozilla/5.0 (compatible; SemrushBot/7~bl; +http://www.semrush.com/bot.html)"
85.208.96.204 - - [10/Dec/2025:19:01:17 +0100] "GET /platby/hca/best-cheap-rb-fifa-21-ultimate-team HTTP/1.1" 200 5861 "-" "Mozilla/5.0 (compatible; SemrushBot/7~bl; +http://www.semrush.com/bot.html)"
185.191.171.11 - - [10/Dec/2025:19:01:39 +0100] "GET /platby/72zbxoz/arkansas-state-plant-board-meeting HTTP/1.1" 200 8497 "-" "Mozilla/5.0 (compatible; SemrushBot/7~bl; +http://www.semrush.com/bot.html)"
185.191.171.10 - - [10/Dec/2025:19:01:41 +0100] "GET /robots.txt HTTP/1.1" 200 54 "-" "Mozilla/5.0 (compatible; SemrushBot/7~bl; +http://www.semrush.com/bot.html)"
85.208.96.195 - - [10/Dec/2025:19:01:42 +0100] "GET /platby/qqap/texas-snap-renewal-form HTTP/1.1" 200 11506 "-" "Mozilla/5.0 (compatible; SemrushBot/7~bl; +http://www.semrush.com/bot.html)"
185.191.171.17 - - [10/Dec/2025:19:01:54 +0100] "GET /platby/uwoy9/definition-of-a-good-woman-in-the-bible HTTP/1.1" 200 8309 "-" "Mozilla/5.0 (compatible; SemrushBot/7~bl; +http://www.semrush.com/bot.html)"
85.208.96.202 - - [10/Dec/2025:19:02:00 +0100] "GET /platby/uwoy9/kyle-tucker-number-change HTTP/1.1" 200 8675 "-" "Mozilla/5.0 (compatible; SemrushBot/7~bl; +http://www.semrush.com/bot.html)"
185.191.171.13 - - [10/Dec/2025:19:02:21 +0100] "GET /platby/qqap/sage-green-room-decor HTTP/1.1" 200 9325 "-" "Mozilla/5.0 (compatible; SemrushBot/7~bl; +http://www.semrush.com/bot.html)"
185.191.171.19 - - [10/Dec/2025:19:02:29 +0100] "GET /platby/uwoy9/euro-2020-groups-fixtures HTTP/1.1" 200 8354 "-" "Mozilla/5.0 (compatible; SemrushBot/7~bl; +http://www.semrush.com/bot.html)"
45.150.72.132 - - [10/Dec/2025:19:02:35 +0100] "\x16\x03\x01" 403 265 "-" "-"
85.208.96.198 - - [10/Dec/2025:19:02:39 +0100] "GET /platby/aohwuyx/hawthorne-pizza-charlotte HTTP/1.1" 200 8909 "-" "Mozilla/5.0 (compatible; SemrushBot/7~bl; +http://www.semrush.com/bot.html)"
85.208.96.199 - - [10/Dec/2025:19:02:41 +0100] "GET /platby/hca/kerala-agro-industries-products HTTP/1.1" 200 11787 "-" "Mozilla/5.0 (compatible; SemrushBot/7~bl; +http://www.semrush.com/bot.html)"
185.191.171.10 - - [10/Dec/2025:19:03:17 +0100] "GET /platby/hca/light-sussex-breeders HTTP/1.1" 200 6665 "-" "Mozilla/5.0 (compatible; SemrushBot/7~bl; +http://www.semrush.com/bot.html)"
216.244.66.239 - - [10/Dec/2025:19:03:19 +0100] "GET /robots.txt HTTP/1.1" 200 34 "-" "Mozilla/5.0 (compatible; DotBot/1.2; +https://opensiteexplorer.org/dotbot; help@moz.com)"
185.191.171.13 - - [10/Dec/2025:19:03:19 +0100] "GET /platby/72zbxoz/california-tattoo-forearm HTTP/1.1" 200 15101 "-" "Mozilla/5.0 (compatible; SemrushBot/7~bl; +http://www.semrush.com/bot.html)"
85.208.96.199 - - [10/Dec/2025:19:03:27 +0100] "GET /platby/uwoy9/random-sentence-generator-input-words HTTP/1.1" 200 10583 "-" "Mozilla/5.0 (compatible; SemrushBot/7~bl; +http://www.semrush.com/bot.html)"
141.98.11.140 - - [10/Dec/2025:19:04:09 +0100] "GET /" 400 468 "-" "-"
85.208.96.194 - - [10/Dec/2025:19:04:11 +0100] "GET /platby/hca/nolan-ryan-signed-baseball HTTP/1.1" 200 6800 "-" "Mozilla/5.0 (compatible; SemrushBot/7~bl; +http://www.semrush.com/bot.html)"
85.208.96.210 - - [10/Dec/2025:19:05:05 +0100] "GET /platby/qqap/centriacinar-emphysema HTTP/1.1" 200 6970 "-" "Mozilla/5.0 (compatible; SemrushBot/7~bl; +http://www.semrush.com/bot.html)"
85.208.96.195 - - [10/Dec/2025:19:05:07 +0100] "GET /platby/uwoy9/houston-astros-logo-vector HTTP/1.1" 200 8159 "-" "Mozilla/5.0 (compatible; SemrushBot/7~bl; +http://www.semrush.com/bot.html)"
185.191.171.10 - - [10/Dec/2025:19:05:08 +0100] "GET /platby/uwoy9/cause-i-don't-wanna-lose-you HTTP/1.1" 200 11777 "-" "Mozilla/5.0 (compatible; SemrushBot/7~bl; +http://www.semrush.com/bot.html)"
85.208.96.194 - - [10/Dec/2025:19:05:10 +0100] "GET /platby/72zbxoz/tunisia-vs-morocco-under-20 HTTP/1.1" 200 14712 "-" "Mozilla/5.0 (compatible; SemrushBot/7~bl; +http://www.semrush.com/bot.html)"
85.208.96.198 - - [10/Dec/2025:19:05:20 +0100] "GET /platby/hca/dinamo-sassari-basketball-roster HTTP/1.1" 200 8745 "-" "Mozilla/5.0 (compatible; SemrushBot/7~bl; +http://www.semrush.com/bot.html)"
85.208.96.212 - - [10/Dec/2025:19:05:25 +0100] "GET /platby/qqap/2025-world-junior-hockey-championships HTTP/1.1" 200 9480 "-" "Mozilla/5.0 (compatible; SemrushBot/7~bl; +http://www.semrush.com/bot.html)"
85.208.96.196 - - [10/Dec/2025:19:05:39 +0100] "GET /platby/hca/used-commercial-arcade-games-for-sale HTTP/1.1" 200 14876 "-" "Mozilla/5.0 (compatible; SemrushBot/7~bl; +http://www.semrush.com/bot.html)"
85.208.96.210 - - [10/Dec/2025:19:05:43 +0100] "GET /platby/hca/ronan-curtis-snapchat HTTP/1.1" 200 6030 "-" "Mozilla/5.0 (compatible; SemrushBot/7~bl; +http://www.semrush.com/bot.html)"
185.191.171.5 - - [10/Dec/2025:19:05:53 +0100] "GET /platby/aohwuyx/best-time-to-wake-up-according-to-vedas HTTP/1.1" 200 11339 "-" "Mozilla/5.0 (compatible; SemrushBot/7~bl; +http://www.semrush.com/bot.html)"
185.191.171.19 - - [10/Dec/2025:19:05:55 +0100] "GET /platby/72zbxoz/how-fast-do-rockets-travel-in-space-mph HTTP/1.1" 200 8048 "-" "Mozilla/5.0 (compatible; SemrushBot/7~bl; +http://www.semrush.com/bot.html)"
85.208.96.197 - - [10/Dec/2025:19:06:04 +0100] "GET /platby/uwoy9/holy-cross-lacrosse-schedule-2019 HTTP/1.1" 200 7628 "-" "Mozilla/5.0 (compatible; SemrushBot/7~bl; +http://www.semrush.com/bot.html)"
85.208.96.197 - - [10/Dec/2025:19:06:23 +0100] "GET /platby/hca/green-crack-vs-durban-poison HTTP/1.1" 200 11039 "-" "Mozilla/5.0 (compatible; SemrushBot/7~bl; +http://www.semrush.com/bot.html)"
185.191.171.6 - - [10/Dec/2025:19:06:30 +0100] "GET /platby/hca/bridge-to-books-stillwater HTTP/1.1" 200 8748 "-" "Mozilla/5.0 (compatible; SemrushBot/7~bl; +http://www.semrush.com/bot.html)"
5.187.35.158 - - [10/Dec/2025:19:06:38 +0100] "\x16\x03\x01\x01\x10\x01" 403 265 "-" "-"
85.208.96.208 - - [10/Dec/2025:19:06:42 +0100] "GET /platby/hca/oghenekaro-etebo-current-club HTTP/1.1" 200 7057 "-" "Mozilla/5.0 (compatible; SemrushBot/7~bl; +http://www.semrush.com/bot.html)"
85.208.96.209 - - [10/Dec/2025:19:06:43 +0100] "GET /platby/72zbxoz/reverse-charging-samsung-phones HTTP/1.1" 200 8741 "-" "Mozilla/5.0 (compatible; SemrushBot/7~bl; +http://www.semrush.com/bot.html)"
185.191.171.5 - - [10/Dec/2025:19:06:51 +0100] "GET /platby/aohwuyx/organization-management-pdf HTTP/1.1" 200 15255 "-" "Mozilla/5.0 (compatible; SemrushBot/7~bl; +http://www.semrush.com/bot.html)"
185.191.171.19 - - [10/Dec/2025:19:06:59 +0100] "GET /platby/qqap/neuropsychology-research-papers HTTP/1.1" 200 10832 "-" "Mozilla/5.0 (compatible; SemrushBot/7~bl; +http://www.semrush.com/bot.html)"
216.244.66.239 - - [10/Dec/2025:19:07:39 +0100] "GET /platby/article.php?5d4c26=thug-pro-skins HTTP/1.1" 200 20018 "-" "Mozilla/5.0 (compatible; DotBot/1.2; +https://opensiteexplorer.org/dotbot; help@moz.com)"
66.249.79.204 - - [10/Dec/2025:19:07:58 +0100] "\x16\x03\x01\x02" 403 265 "-" "-"
216.244.66.239 - - [10/Dec/2025:19:08:00 +0100] "GET /platby/article.php?5d4c26=League-1-trophy HTTP/1.1" 200 17082 "-" "Mozilla/5.0 (compatible; DotBot/1.2; +https://opensiteexplorer.org/dotbot; help@moz.com)"
216.244.66.239 - - [10/Dec/2025:19:08:05 +0100] "GET /platby/article.php?5d4c26=Unpopular-clothing-brands HTTP/1.1" 200 21085 "-" "Mozilla/5.0 (compatible; DotBot/1.2; +https://opensiteexplorer.org/dotbot; help@moz.com)"
216.244.66.239 - - [10/Dec/2025:19:08:08 +0100] "GET /platby/article.php?5d4c26=amplify-snack-brands-wiki HTTP/1.1" 200 21352 "-" "Mozilla/5.0 (compatible; DotBot/1.2; +https://opensiteexplorer.org/dotbot; help@moz.com)"
216.244.66.239 - - [10/Dec/2025:19:08:11 +0100] "GET /platby/article.php?5d4c26=civ-6-twitter HTTP/1.1" 200 23884 "-" "Mozilla/5.0 (compatible; DotBot/1.2; +https://opensiteexplorer.org/dotbot; help@moz.com)"
85.208.96.208 - - [10/Dec/2025:19:08:12 +0100] "GET /platby/qqap/how-many-kids-does-master-p-have HTTP/1.1" 200 13593 "-" "Mozilla/5.0 (compatible; SemrushBot/7~bl; +http://www.semrush.com/bot.html)"
216.244.66.239 - - [10/Dec/2025:19:08:14 +0100] "GET /platby/article.php?5d4c26=doll-parts-%28live%29 HTTP/1.1" 200 19011 "-" "Mozilla/5.0 (compatible; DotBot/1.2; +https://opensiteexplorer.org/dotbot; help@moz.com)"
216.244.66.239 - - [10/Dec/2025:19:08:16 +0100] "GET /platby/article.php?5d4c26=drew-roy-movies HTTP/1.1" 200 19134 "-" "Mozilla/5.0 (compatible; DotBot/1.2; +https://opensiteexplorer.org/dotbot; help@moz.com)"
216.244.66.239 - - [10/Dec/2025:19:08:18 +0100] "GET /platby/article.php?5d4c26=mckinsey-asset-management HTTP/1.1" 200 23402 "-" "Mozilla/5.0 (compatible; DotBot/1.2; +https://opensiteexplorer.org/dotbot; help@moz.com)"
216.244.66.239 - - [10/Dec/2025:19:08:20 +0100] "GET /platby/article.php?5d4c26=sambo-vs-judo HTTP/1.1" 200 23771 "-" "Mozilla/5.0 (compatible; DotBot/1.2; +https://opensiteexplorer.org/dotbot; help@moz.com)"
216.244.66.239 - - [10/Dec/2025:19:08:22 +0100] "GET /platby/article.php?5d4c26=walmart-tv-65-inch HTTP/1.1" 200 16693 "-" "Mozilla/5.0 (compatible; DotBot/1.2; +https://opensiteexplorer.org/dotbot; help@moz.com)"
216.244.66.239 - - [10/Dec/2025:19:08:23 +0100] "GET /platby/article.php?5d4c26=California-flood-1997 HTTP/1.1" 200 19070 "-" "Mozilla/5.0 (compatible; DotBot/1.2; +https://opensiteexplorer.org/dotbot; help@moz.com)"
216.244.66.239 - - [10/Dec/2025:19:08:26 +0100] "GET /platby/article.php?5d4c26=Custom-Mac-keyboard HTTP/1.1" 200 15534 "-" "Mozilla/5.0 (compatible; DotBot/1.2; +https://opensiteexplorer.org/dotbot; help@moz.com)"
216.244.66.239 - - [10/Dec/2025:19:08:28 +0100] "GET /platby/article.php?5d4c26=Fed-up-QuotesFunny HTTP/1.1" 200 16514 "-" "Mozilla/5.0 (compatible; DotBot/1.2; +https://opensiteexplorer.org/dotbot; help@moz.com)"
216.244.66.239 - - [10/Dec/2025:19:08:29 +0100] "GET /platby/article.php?5d4c26=LG-OLED-55 HTTP/1.1" 200 22639 "-" "Mozilla/5.0 (compatible; DotBot/1.2; +https://opensiteexplorer.org/dotbot; help@moz.com)"
216.244.66.239 - - [10/Dec/2025:19:08:31 +0100] "GET /platby/article.php?5d4c26=Loyalty-to-the-King HTTP/1.1" 200 18555 "-" "Mozilla/5.0 (compatible; DotBot/1.2; +https://opensiteexplorer.org/dotbot; help@moz.com)"
185.191.171.19 - - [10/Dec/2025:19:08:31 +0100] "GET /platby/qqap/basis-peoria-calendar-2021-2022 HTTP/1.1" 200 12911 "-" "Mozilla/5.0 (compatible; SemrushBot/7~bl; +http://www.semrush.com/bot.html)"
216.244.66.239 - - [10/Dec/2025:19:08:32 +0100] "GET /platby/article.php?5d4c26=Rockets-for-kids HTTP/1.1" 200 19984 "-" "Mozilla/5.0 (compatible; DotBot/1.2; +https://opensiteexplorer.org/dotbot; help@moz.com)"
216.244.66.239 - - [10/Dec/2025:19:08:33 +0100] "GET /platby/article.php?5d4c26=Very-nice-cake HTTP/1.1" 200 20713 "-" "Mozilla/5.0 (compatible; DotBot/1.2; +https://opensiteexplorer.org/dotbot; help@moz.com)"
216.244.66.239 - - [10/Dec/2025:19:08:35 +0100] "GET /platby/article.php?5d4c26=anime-2019-ranker HTTP/1.1" 200 23518 "-" "Mozilla/5.0 (compatible; DotBot/1.2; +https://opensiteexplorer.org/dotbot; help@moz.com)"
216.244.66.239 - - [10/Dec/2025:19:08:36 +0100] "GET /platby/article.php?5d4c26=ashtanga-yoga-for-beginners HTTP/1.1" 200 19532 "-" "Mozilla/5.0 (compatible; DotBot/1.2; +https://opensiteexplorer.org/dotbot; help@moz.com)"
216.244.66.239 - - [10/Dec/2025:19:08:37 +0100] "GET /platby/article.php?5d4c26=banks-music-midtown HTTP/1.1" 200 16737 "-" "Mozilla/5.0 (compatible; DotBot/1.2; +https://opensiteexplorer.org/dotbot; help@moz.com)"
216.244.66.239 - - [10/Dec/2025:19:08:40 +0100] "GET /platby/article.php?5d4c26=barnet-fa-trophy HTTP/1.1" 200 16108 "-" "Mozilla/5.0 (compatible; DotBot/1.2; +https://opensiteexplorer.org/dotbot; help@moz.com)"
216.244.66.239 - - [10/Dec/2025:19:08:41 +0100] "GET /platby/article.php?5d4c26=coding-for-creatives HTTP/1.1" 200 25057 "-" "Mozilla/5.0 (compatible; DotBot/1.2; +https://opensiteexplorer.org/dotbot; help@moz.com)"
216.244.66.239 - - [10/Dec/2025:19:08:43 +0100] "GET /platby/article.php?5d4c26=diesel-jeans-price HTTP/1.1" 200 16453 "-" "Mozilla/5.0 (compatible; DotBot/1.2; +https://opensiteexplorer.org/dotbot; help@moz.com)"
216.244.66.239 - - [10/Dec/2025:19:08:46 +0100] "GET /platby/article.php?5d4c26=fifa-world-cup-game HTTP/1.1" 200 17801 "-" "Mozilla/5.0 (compatible; DotBot/1.2; +https://opensiteexplorer.org/dotbot; help@moz.com)"
216.244.66.239 - - [10/Dec/2025:19:08:51 +0100] "GET /platby/article.php?5d4c26=gambit-hush-reddit HTTP/1.1" 200 22494 "-" "Mozilla/5.0 (compatible; DotBot/1.2; +https://opensiteexplorer.org/dotbot; help@moz.com)"
216.244.66.239 - - [10/Dec/2025:19:08:55 +0100] "GET /platby/article.php?5d4c26=jackie-taylor-biography HTTP/1.1" 200 20022 "-" "Mozilla/5.0 (compatible; DotBot/1.2; +https://opensiteexplorer.org/dotbot; help@moz.com)"
185.191.171.16 - - [10/Dec/2025:19:08:59 +0100] "GET /platby/qqap/hilton-downtown-knoxville-phone-number HTTP/1.1" 200 6969 "-" "Mozilla/5.0 (compatible; SemrushBot/7~bl; +http://www.semrush.com/bot.html)"
216.244.66.239 - - [10/Dec/2025:19:08:59 +0100] "GET /platby/article.php?5d4c26=jordan-retro-6-black-and-gold HTTP/1.1" 200 24374 "-" "Mozilla/5.0 (compatible; DotBot/1.2; +https://opensiteexplorer.org/dotbot; help@moz.com)"
216.244.66.239 - - [10/Dec/2025:19:09:02 +0100] "GET /platby/article.php?5d4c26=mac-recovery-mode-not-connecting-to-wifi HTTP/1.1" 200 20363 "-" "Mozilla/5.0 (compatible; DotBot/1.2; +https://opensiteexplorer.org/dotbot; help@moz.com)"
216.244.66.239 - - [10/Dec/2025:19:09:05 +0100] "GET /platby/article.php?5d4c26=name-meaning-lucian HTTP/1.1" 200 20708 "-" "Mozilla/5.0 (compatible; DotBot/1.2; +https://opensiteexplorer.org/dotbot; help@moz.com)"
216.244.66.239 - - [10/Dec/2025:19:09:07 +0100] "GET /platby/article.php?5d4c26=rakuten-tv-on-lg-smart-tv HTTP/1.1" 200 22665 "-" "Mozilla/5.0 (compatible; DotBot/1.2; +https://opensiteexplorer.org/dotbot; help@moz.com)"
216.244.66.239 - - [10/Dec/2025:19:09:09 +0100] "GET /platby/article.php?5d4c26=refurbished-ipad-mini-2 HTTP/1.1" 200 22159 "-" "Mozilla/5.0 (compatible; DotBot/1.2; +https://opensiteexplorer.org/dotbot; help@moz.com)"
85.208.96.209 - - [10/Dec/2025:19:09:10 +0100] "GET /platby/72zbxoz/how-to-create-bundle-identifier-in-xcode HTTP/1.1" 200 12659 "-" "Mozilla/5.0 (compatible; SemrushBot/7~bl; +http://www.semrush.com/bot.html)"
216.244.66.239 - - [10/Dec/2025:19:09:11 +0100] "GET /platby/article.php?5d4c26=vienna%2C-va-festival HTTP/1.1" 200 23145 "-" "Mozilla/5.0 (compatible; DotBot/1.2; +https://opensiteexplorer.org/dotbot; help@moz.com)"
185.191.171.17 - - [10/Dec/2025:19:09:11 +0100] "GET /platby/hca/john-bowne-high-school-principal HTTP/1.1" 200 10689 "-" "Mozilla/5.0 (compatible; SemrushBot/7~bl; +http://www.semrush.com/bot.html)"
216.244.66.239 - - [10/Dec/2025:19:09:13 +0100] "GET /platby/article.php?5d4c26=vortex-diamondback-case HTTP/1.1" 200 17984 "-" "Mozilla/5.0 (compatible; DotBot/1.2; +https://opensiteexplorer.org/dotbot; help@moz.com)"
216.244.66.239 - - [10/Dec/2025:19:09:14 +0100] "GET /platby/article.php?5d4c26=washington-is-next-lyrics HTTP/1.1" 200 21629 "-" "Mozilla/5.0 (compatible; DotBot/1.2; +https://opensiteexplorer.org/dotbot; help@moz.com)"
185.191.171.2 - - [10/Dec/2025:19:09:15 +0100] "GET /platby/uwoy9/revivex-durable-water-repellent-vancouver HTTP/1.1" 200 9468 "-" "Mozilla/5.0 (compatible; SemrushBot/7~bl; +http://www.semrush.com/bot.html)"
216.244.66.239 - - [10/Dec/2025:19:09:15 +0100] "GET /platby/article.php?5d4c26=weather-bayview-auckland HTTP/1.1" 200 16193 "-" "Mozilla/5.0 (compatible; DotBot/1.2; +https://opensiteexplorer.org/dotbot; help@moz.com)"
216.244.66.239 - - [10/Dec/2025:19:09:17 +0100] "GET /platby/article.php?5d4c26=word-unscrambler-net HTTP/1.1" 200 19098 "-" "Mozilla/5.0 (compatible; DotBot/1.2; +https://opensiteexplorer.org/dotbot; help@moz.com)"
216.244.66.239 - - [10/Dec/2025:19:09:19 +0100] "GET /platby/article.php?5d4c26=yosemite-sam-episodes HTTP/1.1" 200 15310 "-" "Mozilla/5.0 (compatible; DotBot/1.2; +https://opensiteexplorer.org/dotbot; help@moz.com)"
216.244.66.239 - - [10/Dec/2025:19:09:21 +0100] "GET /platby/article.php?5d4c26=Albert-Einstein-Quotes HTTP/1.1" 200 25337 "-" "Mozilla/5.0 (compatible; DotBot/1.2; +https://opensiteexplorer.org/dotbot; help@moz.com)"
216.244.66.239 - - [10/Dec/2025:19:09:23 +0100] "GET /platby/article.php?5d4c26=Fame-vs-success HTTP/1.1" 200 15027 "-" "Mozilla/5.0 (compatible; DotBot/1.2; +https://opensiteexplorer.org/dotbot; help@moz.com)"
216.244.66.239 - - [10/Dec/2025:19:09:28 +0100] "GET /platby/article.php?5d4c26=London-to-Hawaii HTTP/1.1" 200 19040 "-" "Mozilla/5.0 (compatible; DotBot/1.2; +https://opensiteexplorer.org/dotbot; help@moz.com)"
85.208.96.195 - - [10/Dec/2025:19:09:29 +0100] "GET /platby/uwoy9/cunard-queen-elizabeth HTTP/1.1" 200 7974 "-" "Mozilla/5.0 (compatible; SemrushBot/7~bl; +http://www.semrush.com/bot.html)"
85.208.96.203 - - [10/Dec/2025:19:09:30 +0100] "GET /platby/qqap/life-in-a-northern-town-covers HTTP/1.1" 200 7765 "-" "Mozilla/5.0 (compatible; SemrushBot/7~bl; +http://www.semrush.com/bot.html)"
216.244.66.239 - - [10/Dec/2025:19:09:31 +0100] "GET /platby/article.php?5d4c26=Stretches-before-football HTTP/1.1" 200 17445 "-" "Mozilla/5.0 (compatible; DotBot/1.2; +https://opensiteexplorer.org/dotbot; help@moz.com)"
216.244.66.239 - - [10/Dec/2025:19:09:34 +0100] "GET /platby/article.php?5d4c26=Warm-up-before-football HTTP/1.1" 200 21663 "-" "Mozilla/5.0 (compatible; DotBot/1.2; +https://opensiteexplorer.org/dotbot; help@moz.com)"
216.244.66.239 - - [10/Dec/2025:19:09:37 +0100] "GET /platby/article.php?5d4c26=answer-to-complaint-california HTTP/1.1" 200 19127 "-" "Mozilla/5.0 (compatible; DotBot/1.2; +https://opensiteexplorer.org/dotbot; help@moz.com)"
216.244.66.239 - - [10/Dec/2025:19:09:39 +0100] "GET /platby/article.php?5d4c26=cell-tower-companies-looking-for-land HTTP/1.1" 200 15253 "-" "Mozilla/5.0 (compatible; DotBot/1.2; +https://opensiteexplorer.org/dotbot; help@moz.com)"
216.244.66.239 - - [10/Dec/2025:19:09:41 +0100] "GET /platby/article.php?5d4c26=cinderella-liberty-%281973-full-movie%29 HTTP/1.1" 200 22103 "-" "Mozilla/5.0 (compatible; DotBot/1.2; +https://opensiteexplorer.org/dotbot; help@moz.com)"
216.244.66.239 - - [10/Dec/2025:19:09:43 +0100] "GET /platby/article.php?5d4c26=dawn-dish-soap-8-oz-walmart HTTP/1.1" 200 21709 "-" "Mozilla/5.0 (compatible; DotBot/1.2; +https://opensiteexplorer.org/dotbot; help@moz.com)"
216.244.66.239 - - [10/Dec/2025:19:09:45 +0100] "GET /platby/article.php?5d4c26=dinosaur-survival-game-ps4 HTTP/1.1" 200 16990 "-" "Mozilla/5.0 (compatible; DotBot/1.2; +https://opensiteexplorer.org/dotbot; help@moz.com)"
216.244.66.239 - - [10/Dec/2025:19:09:47 +0100] "GET /platby/article.php?5d4c26=disaster-report-4%3A-summer-memories HTTP/1.1" 200 24194 "-" "Mozilla/5.0 (compatible; DotBot/1.2; +https://opensiteexplorer.org/dotbot; help@moz.com)"
216.244.66.239 - - [10/Dec/2025:19:09:52 +0100] "GET /platby/article.php?5d4c26=earthquakes-in-2014 HTTP/1.1" 200 16607 "-" "Mozilla/5.0 (compatible; DotBot/1.2; +https://opensiteexplorer.org/dotbot; help@moz.com)"
216.244.66.239 - - [10/Dec/2025:19:09:55 +0100] "GET /platby/article.php?5d4c26=easter-quiz-riddle-answers HTTP/1.1" 200 20422 "-" "Mozilla/5.0 (compatible; DotBot/1.2; +https://opensiteexplorer.org/dotbot; help@moz.com)"
185.191.171.19 - - [10/Dec/2025:19:09:57 +0100] "GET /platby/aohwuyx/pooley-bridge-restaurants HTTP/1.1" 200 7659 "-" "Mozilla/5.0 (compatible; SemrushBot/7~bl; +http://www.semrush.com/bot.html)"
216.244.66.239 - - [10/Dec/2025:19:09:58 +0100] "GET /platby/article.php?5d4c26=gold-glitter-border HTTP/1.1" 200 16917 "-" "Mozilla/5.0 (compatible; DotBot/1.2; +https://opensiteexplorer.org/dotbot; help@moz.com)"
216.244.66.239 - - [10/Dec/2025:19:10:01 +0100] "GET /platby/article.php?5d4c26=hari-krishna-exports HTTP/1.1" 200 16064 "-" "Mozilla/5.0 (compatible; DotBot/1.2; +https://opensiteexplorer.org/dotbot; help@moz.com)"
216.244.66.239 - - [10/Dec/2025:19:10:04 +0100] "GET /platby/article.php?5d4c26=how-to-file-a-civil-lawsuit HTTP/1.1" 200 22637 "-" "Mozilla/5.0 (compatible; DotBot/1.2; +https://opensiteexplorer.org/dotbot; help@moz.com)"
216.244.66.239 - - [10/Dec/2025:19:10:06 +0100] "GET /platby/article.php?5d4c26=how-to-model-inflation-expectations HTTP/1.1" 200 16374 "-" "Mozilla/5.0 (compatible; DotBot/1.2; +https://opensiteexplorer.org/dotbot; help@moz.com)"
216.244.66.239 - - [10/Dec/2025:19:10:07 +0100] "GET /platby/article.php?5d4c26=ic-1101-distance-from-earth HTTP/1.1" 200 15743 "-" "Mozilla/5.0 (compatible; DotBot/1.2; +https://opensiteexplorer.org/dotbot; help@moz.com)"
216.244.66.239 - - [10/Dec/2025:19:10:11 +0100] "GET /platby/article.php?5d4c26=il-makiage-concealer-shade-8 HTTP/1.1" 200 20197 "-" "Mozilla/5.0 (compatible; DotBot/1.2; +https://opensiteexplorer.org/dotbot; help@moz.com)"
216.244.66.239 - - [10/Dec/2025:19:10:15 +0100] "GET /platby/article.php?5d4c26=inside-mental-hospital-documentary HTTP/1.1" 200 23805 "-" "Mozilla/5.0 (compatible; DotBot/1.2; +https://opensiteexplorer.org/dotbot; help@moz.com)"
85.208.96.208 - - [10/Dec/2025:19:10:16 +0100] "GET /platby/aohwuyx/massive-earthquake-in-japan HTTP/1.1" 200 7735 "-" "Mozilla/5.0 (compatible; SemrushBot/7~bl; +http://www.semrush.com/bot.html)"
185.191.171.17 - - [10/Dec/2025:19:10:17 +0100] "GET /platby/qqap/browning-school-alumni HTTP/1.1" 200 7094 "-" "Mozilla/5.0 (compatible; SemrushBot/7~bl; +http://www.semrush.com/bot.html)"
216.244.66.239 - - [10/Dec/2025:19:10:17 +0100] "GET /platby/article.php?5d4c26=lord-of-magna-maiden-heaven-citra HTTP/1.1" 200 19986 "-" "Mozilla/5.0 (compatible; DotBot/1.2; +https://opensiteexplorer.org/dotbot; help@moz.com)"
216.244.66.239 - - [10/Dec/2025:19:10:19 +0100] "GET /platby/article.php?5d4c26=loring-air-force-base-2019 HTTP/1.1" 200 24191 "-" "Mozilla/5.0 (compatible; DotBot/1.2; +https://opensiteexplorer.org/dotbot; help@moz.com)"
216.244.66.239 - - [10/Dec/2025:19:10:21 +0100] "GET /platby/article.php?5d4c26=mathnasium-craniumcafe-com-login HTTP/1.1" 200 21524 "-" "Mozilla/5.0 (compatible; DotBot/1.2; +https://opensiteexplorer.org/dotbot; help@moz.com)"
216.244.66.239 - - [10/Dec/2025:19:10:23 +0100] "GET /platby/article.php?5d4c26=meaning-of-august-and-everything-after HTTP/1.1" 200 14456 "-" "Mozilla/5.0 (compatible; DotBot/1.2; +https://opensiteexplorer.org/dotbot; help@moz.com)"
185.191.171.13 - - [10/Dec/2025:19:10:26 +0100] "GET /platby/uwoy9/healing-spirits-massage-school HTTP/1.1" 200 16399 "-" "Mozilla/5.0 (compatible; SemrushBot/7~bl; +http://www.semrush.com/bot.html)"
216.244.66.239 - - [10/Dec/2025:19:10:27 +0100] "GET /platby/article.php?5d4c26=michael-moynihan-linkedin HTTP/1.1" 200 17911 "-" "Mozilla/5.0 (compatible; DotBot/1.2; +https://opensiteexplorer.org/dotbot; help@moz.com)"
216.244.66.239 - - [10/Dec/2025:19:10:29 +0100] "GET /platby/article.php?5d4c26=microsoft-quantum-computing-raleigh HTTP/1.1" 200 16775 "-" "Mozilla/5.0 (compatible; DotBot/1.2; +https://opensiteexplorer.org/dotbot; help@moz.com)"
216.244.66.239 - - [10/Dec/2025:19:10:31 +0100] "GET /platby/article.php?5d4c26=need-of-consumer-movement HTTP/1.1" 200 15627 "-" "Mozilla/5.0 (compatible; DotBot/1.2; +https://opensiteexplorer.org/dotbot; help@moz.com)"
85.208.96.193 - - [10/Dec/2025:19:10:31 +0100] "GET /platby/hca/2019-tennessee-titans HTTP/1.1" 200 6189 "-" "Mozilla/5.0 (compatible; SemrushBot/7~bl; +http://www.semrush.com/bot.html)"
216.244.66.239 - - [10/Dec/2025:19:10:33 +0100] "GET /platby/article.php?5d4c26=ohakune-to-mt-ruapehu HTTP/1.1" 200 16738 "-" "Mozilla/5.0 (compatible; DotBot/1.2; +https://opensiteexplorer.org/dotbot; help@moz.com)"
216.244.66.239 - - [10/Dec/2025:19:10:36 +0100] "GET /platby/article.php?5d4c26=paramedic-vs-emt HTTP/1.1" 200 23223 "-" "Mozilla/5.0 (compatible; DotBot/1.2; +https://opensiteexplorer.org/dotbot; help@moz.com)"
216.244.66.239 - - [10/Dec/2025:19:10:37 +0100] "GET /platby/article.php?5d4c26=qwop-horse-unblocked HTTP/1.1" 200 23129 "-" "Mozilla/5.0 (compatible; DotBot/1.2; +https://opensiteexplorer.org/dotbot; help@moz.com)"
216.244.66.239 - - [10/Dec/2025:19:10:38 +0100] "GET /platby/article.php?5d4c26=rx-5700-xt-review HTTP/1.1" 200 14763 "-" "Mozilla/5.0 (compatible; DotBot/1.2; +https://opensiteexplorer.org/dotbot; help@moz.com)"
216.244.66.239 - - [10/Dec/2025:19:10:40 +0100] "GET /platby/article.php?5d4c26=stages-of-starting-a-business HTTP/1.1" 200 24094 "-" "Mozilla/5.0 (compatible; DotBot/1.2; +https://opensiteexplorer.org/dotbot; help@moz.com)"
216.244.66.239 - - [10/Dec/2025:19:10:41 +0100] "GET /platby/article.php?5d4c26=the-struggle-netflix HTTP/1.1" 200 18867 "-" "Mozilla/5.0 (compatible; DotBot/1.2; +https://opensiteexplorer.org/dotbot; help@moz.com)"
216.244.66.239 - - [10/Dec/2025:19:10:42 +0100] "GET /platby/article.php?5d4c26=tohmat-drama-story HTTP/1.1" 200 25417 "-" "Mozilla/5.0 (compatible; DotBot/1.2; +https://opensiteexplorer.org/dotbot; help@moz.com)"
85.208.96.208 - - [10/Dec/2025:19:10:44 +0100] "GET /platby/aohwuyx/what-is-the-lowest-point-in-the-united-states HTTP/1.1" 200 13695 "-" "Mozilla/5.0 (compatible; SemrushBot/7~bl; +http://www.semrush.com/bot.html)"
216.244.66.239 - - [10/Dec/2025:19:10:44 +0100] "GET /platby/article.php?5d4c26=under-direction-synonym HTTP/1.1" 200 18863 "-" "Mozilla/5.0 (compatible; DotBot/1.2; +https://opensiteexplorer.org/dotbot; help@moz.com)"
216.244.66.239 - - [10/Dec/2025:19:10:45 +0100] "GET /platby/article.php?5d4c26=unique-things-to-do-in-madrid HTTP/1.1" 200 17050 "-" "Mozilla/5.0 (compatible; DotBot/1.2; +https://opensiteexplorer.org/dotbot; help@moz.com)"
185.191.171.17 - - [10/Dec/2025:19:10:46 +0100] "GET /platby/uwoy9/american-goldfinch-facts HTTP/1.1" 200 10623 "-" "Mozilla/5.0 (compatible; SemrushBot/7~bl; +http://www.semrush.com/bot.html)"
216.244.66.239 - - [10/Dec/2025:19:10:48 +0100] "GET /platby/article.php?5d4c26=v2-rocket-manual HTTP/1.1" 200 23605 "-" "Mozilla/5.0 (compatible; DotBot/1.2; +https://opensiteexplorer.org/dotbot; help@moz.com)"
216.244.66.239 - - [10/Dec/2025:19:10:52 +0100] "GET /platby/article.php?5d4c26=what-time-can-you-buy-alcohol-in-california HTTP/1.1" 200 26557 "-" "Mozilla/5.0 (compatible; DotBot/1.2; +https://opensiteexplorer.org/dotbot; help@moz.com)"
216.244.66.239 - - [10/Dec/2025:19:10:55 +0100] "GET /platby/article.php?5d4c26=where-are-passport-yachts-built HTTP/1.1" 200 19150 "-" "Mozilla/5.0 (compatible; DotBot/1.2; +https://opensiteexplorer.org/dotbot; help@moz.com)"
185.191.171.9 - - [10/Dec/2025:19:10:55 +0100] "GET /platby/hca/diamonds-ballyhoo-chords HTTP/1.1" 200 8749 "-" "Mozilla/5.0 (compatible; SemrushBot/7~bl; +http://www.semrush.com/bot.html)"
216.244.66.239 - - [10/Dec/2025:19:10:58 +0100] "GET /platby/article.php?5d4c26=2016-rugby-league-four-nations HTTP/1.1" 200 16392 "-" "Mozilla/5.0 (compatible; DotBot/1.2; +https://opensiteexplorer.org/dotbot; help@moz.com)"
216.244.66.239 - - [10/Dec/2025:19:11:00 +0100] "GET /platby/article.php?5d4c26=2nd-grade-vocabulary-worksheets HTTP/1.1" 200 16527 "-" "Mozilla/5.0 (compatible; DotBot/1.2; +https://opensiteexplorer.org/dotbot; help@moz.com)"
85.208.96.205 - - [10/Dec/2025:19:11:01 +0100] "GET /platby/aohwuyx/has-spin-the-wheel-been-cancelled-uk HTTP/1.1" 200 16379 "-" "Mozilla/5.0 (compatible; SemrushBot/7~bl; +http://www.semrush.com/bot.html)"
216.244.66.239 - - [10/Dec/2025:19:11:02 +0100] "GET /platby/article.php?5d4c26=a-homeowner-lives-in-a-150-year-old-adobe-building HTTP/1.1" 200 18578 "-" "Mozilla/5.0 (compatible; DotBot/1.2; +https://opensiteexplorer.org/dotbot; help@moz.com)"
216.244.66.239 - - [10/Dec/2025:19:11:04 +0100] "GET /platby/article.php?5d4c26=adidas-trimm-star-light-blue HTTP/1.1" 200 19135 "-" "Mozilla/5.0 (compatible; DotBot/1.2; +https://opensiteexplorer.org/dotbot; help@moz.com)"
216.244.66.239 - - [10/Dec/2025:19:11:06 +0100] "GET /platby/article.php?5d4c26=angel-city-brewery-events HTTP/1.1" 200 16190 "-" "Mozilla/5.0 (compatible; DotBot/1.2; +https://opensiteexplorer.org/dotbot; help@moz.com)"
216.244.66.239 - - [10/Dec/2025:19:11:08 +0100] "GET /platby/article.php?5d4c26=bad-times-at-the-el-royale-soundtrack HTTP/1.1" 200 18703 "-" "Mozilla/5.0 (compatible; DotBot/1.2; +https://opensiteexplorer.org/dotbot; help@moz.com)"
216.244.66.239 - - [10/Dec/2025:19:11:13 +0100] "GET /platby/article.php?5d4c26=banquet-server-duties-resume HTTP/1.1" 200 18848 "-" "Mozilla/5.0 (compatible; DotBot/1.2; +https://opensiteexplorer.org/dotbot; help@moz.com)"
216.244.66.239 - - [10/Dec/2025:19:11:16 +0100] "GET /platby/article.php?5d4c26=ben-maller-show-justin-cooper HTTP/1.1" 200 20937 "-" "Mozilla/5.0 (compatible; DotBot/1.2; +https://opensiteexplorer.org/dotbot; help@moz.com)"
216.244.66.239 - - [10/Dec/2025:19:11:19 +0100] "GET /platby/article.php?5d4c26=best-area-to-stay-in-barcelona-for-nightlife HTTP/1.1" 200 15232 "-" "Mozilla/5.0 (compatible; DotBot/1.2; +https://opensiteexplorer.org/dotbot; help@moz.com)"
216.244.66.239 - - [10/Dec/2025:19:11:22 +0100] "GET /platby/article.php?5d4c26=blue-shield-specialty-duo HTTP/1.1" 200 22154 "-" "Mozilla/5.0 (compatible; DotBot/1.2; +https://opensiteexplorer.org/dotbot; help@moz.com)"
216.244.66.239 - - [10/Dec/2025:19:11:24 +0100] "GET /platby/article.php?5d4c26=buzz-junior%3A-jungle-party-ps4 HTTP/1.1" 200 16377 "-" "Mozilla/5.0 (compatible; DotBot/1.2; +https://opensiteexplorer.org/dotbot; help@moz.com)"
216.244.66.239 - - [10/Dec/2025:19:11:26 +0100] "GET /platby/article.php?5d4c26=data-driven-organization-design HTTP/1.1" 200 22651 "-" "Mozilla/5.0 (compatible; DotBot/1.2; +https://opensiteexplorer.org/dotbot; help@moz.com)"
216.244.66.239 - - [10/Dec/2025:19:11:28 +0100] "GET /platby/article.php?5d4c26=first-grade-curriculum-homeschool HTTP/1.1" 200 18351 "-" "Mozilla/5.0 (compatible; DotBot/1.2; +https://opensiteexplorer.org/dotbot; help@moz.com)"
216.244.66.239 - - [10/Dec/2025:19:11:29 +0100] "GET /platby/article.php?5d4c26=from-beyond-the-grave-blu-ray HTTP/1.1" 200 20676 "-" "Mozilla/5.0 (compatible; DotBot/1.2; +https://opensiteexplorer.org/dotbot; help@moz.com)"
216.244.66.239 - - [10/Dec/2025:19:11:31 +0100] "GET /platby/article.php?5d4c26=gather-together-scripture HTTP/1.1" 200 16828 "-" "Mozilla/5.0 (compatible; DotBot/1.2; +https://opensiteexplorer.org/dotbot; help@moz.com)"
216.244.66.239 - - [10/Dec/2025:19:11:32 +0100] "GET /platby/article.php?5d4c26=jane-goodall%3A-the-hope-trailer HTTP/1.1" 200 22003 "-" "Mozilla/5.0 (compatible; DotBot/1.2; +https://opensiteexplorer.org/dotbot; help@moz.com)"
216.244.66.239 - - [10/Dec/2025:19:11:34 +0100] "GET /platby/article.php?5d4c26=juwan-howard-yellow-ferrari HTTP/1.1" 200 15660 "-" "Mozilla/5.0 (compatible; DotBot/1.2; +https://opensiteexplorer.org/dotbot; help@moz.com)"
216.244.66.239 - - [10/Dec/2025:19:11:36 +0100] "GET /platby/article.php?5d4c26=lamine-diaby-fadiga-instagram HTTP/1.1" 200 20110 "-" "Mozilla/5.0 (compatible; DotBot/1.2; +https://opensiteexplorer.org/dotbot; help@moz.com)"
216.244.66.239 - - [10/Dec/2025:19:11:38 +0100] "GET /platby/article.php?5d4c26=malay-secret-societies-in-singapore HTTP/1.1" 200 17571 "-" "Mozilla/5.0 (compatible; DotBot/1.2; +https://opensiteexplorer.org/dotbot; help@moz.com)"
216.244.66.239 - - [10/Dec/2025:19:11:39 +0100] "GET /platby/article.php?5d4c26=nike-sb-team-classic-canada HTTP/1.1" 200 16532 "-" "Mozilla/5.0 (compatible; DotBot/1.2; +https://opensiteexplorer.org/dotbot; help@moz.com)"
216.244.66.239 - - [10/Dec/2025:19:11:41 +0100] "GET /platby/article.php?5d4c26=part-time-jobs-in-accra-2019 HTTP/1.1" 200 21165 "-" "Mozilla/5.0 (compatible; DotBot/1.2; +https://opensiteexplorer.org/dotbot; help@moz.com)"
