185.191.171.8 - - [10/Dec/2025:15:20:18 +0100] "GET /platby/uwoy9/when-does-foot-locker-announce-raffle-winners HTTP/1.1" 200 11168 "-" "Mozilla/5.0 (compatible; SemrushBot/7~bl; +http://www.semrush.com/bot.html)"
85.208.96.209 - - [10/Dec/2025:15:20:44 +0100] "GET /platby/72zbxoz/mishael-morgan-weight-loss HTTP/1.1" 200 13591 "-" "Mozilla/5.0 (compatible; SemrushBot/7~bl; +http://www.semrush.com/bot.html)"
204.76.203.206 - - [10/Dec/2025:15:20:50 +0100] "GET /" 400 468 "-" "-"
185.191.171.12 - - [10/Dec/2025:15:21:27 +0100] "GET /platby/hca/potbelly-mediterranean HTTP/1.1" 200 8421 "-" "Mozilla/5.0 (compatible; SemrushBot/7~bl; +http://www.semrush.com/bot.html)"
185.191.171.8 - - [10/Dec/2025:15:21:54 +0100] "GET /platby/qqap/what-do-forensic-psychologists-do-on-a-daily-basis HTTP/1.1" 200 10244 "-" "Mozilla/5.0 (compatible; SemrushBot/7~bl; +http://www.semrush.com/bot.html)"
204.76.203.206 - - [10/Dec/2025:15:22:07 +0100] "GET / HTTP/1.1" 200 316 "-" "Mozilla/5.0 (Windows NT 10.0; Win64; x64) AppleWebKit/537.36 (KHTML, like Gecko) Chrome/90.0.4430.85 Safari/537.36 Edg/90.0.818.46"
185.191.171.8 - - [10/Dec/2025:15:22:09 +0100] "GET /platby/hca/best-cdm-premier-league-fifa-21 HTTP/1.1" 200 10558 "-" "Mozilla/5.0 (compatible; SemrushBot/7~bl; +http://www.semrush.com/bot.html)"
85.208.96.195 - - [10/Dec/2025:15:22:13 +0100] "GET /platby/qqap/shock-absorption-synonyms HTTP/1.1" 200 7694 "-" "Mozilla/5.0 (compatible; SemrushBot/7~bl; +http://www.semrush.com/bot.html)"
85.208.96.207 - - [10/Dec/2025:15:22:17 +0100] "GET /platby/72zbxoz/inactive-crowd-definition HTTP/1.1" 200 13190 "-" "Mozilla/5.0 (compatible; SemrushBot/7~bl; +http://www.semrush.com/bot.html)"
185.191.171.19 - - [10/Dec/2025:15:22:28 +0100] "GET /platby/hca/gentrification-definition HTTP/1.1" 200 10163 "-" "Mozilla/5.0 (compatible; SemrushBot/7~bl; +http://www.semrush.com/bot.html)"
85.208.96.205 - - [10/Dec/2025:15:22:46 +0100] "GET /platby/qqap/different-aesthetics-2021-list HTTP/1.1" 200 10812 "-" "Mozilla/5.0 (compatible; SemrushBot/7~bl; +http://www.semrush.com/bot.html)"
85.208.96.205 - - [10/Dec/2025:15:22:47 +0100] "GET /platby/aohwuyx/a-list-apart-conference HTTP/1.1" 200 15740 "-" "Mozilla/5.0 (compatible; SemrushBot/7~bl; +http://www.semrush.com/bot.html)"
185.191.171.9 - - [10/Dec/2025:15:23:00 +0100] "GET /platby/qqap/does-google-pixel-4a-have-fingerprint-sensor HTTP/1.1" 200 9265 "-" "Mozilla/5.0 (compatible; SemrushBot/7~bl; +http://www.semrush.com/bot.html)"
85.208.96.208 - - [10/Dec/2025:15:23:09 +0100] "GET /platby/hca/annual-salary-calculator-quebec HTTP/1.1" 200 8996 "-" "Mozilla/5.0 (compatible; SemrushBot/7~bl; +http://www.semrush.com/bot.html)"
185.191.171.14 - - [10/Dec/2025:15:23:11 +0100] "GET /platby/aohwuyx/largest-solar-farm-in-australia HTTP/1.1" 200 11048 "-" "Mozilla/5.0 (compatible; SemrushBot/7~bl; +http://www.semrush.com/bot.html)"
185.191.171.9 - - [10/Dec/2025:15:23:26 +0100] "GET /platby/hca/marrying-a-jordanian-woman HTTP/1.1" 200 9244 "-" "Mozilla/5.0 (compatible; SemrushBot/7~bl; +http://www.semrush.com/bot.html)"
185.191.171.5 - - [10/Dec/2025:15:23:33 +0100] "GET /platby/72zbxoz/taron-johnson-contract HTTP/1.1" 200 12439 "-" "Mozilla/5.0 (compatible; SemrushBot/7~bl; +http://www.semrush.com/bot.html)"
185.191.171.1 - - [10/Dec/2025:15:23:43 +0100] "GET /platby/uwoy9/great-white-trillium-ontario HTTP/1.1" 200 8467 "-" "Mozilla/5.0 (compatible; SemrushBot/7~bl; +http://www.semrush.com/bot.html)"
185.191.171.3 - - [10/Dec/2025:15:23:45 +0100] "GET /platby/hca/fifa-16-fastest-players-career-mode HTTP/1.1" 200 5814 "-" "Mozilla/5.0 (compatible; SemrushBot/7~bl; +http://www.semrush.com/bot.html)"
85.208.96.202 - - [10/Dec/2025:15:23:47 +0100] "GET /platby/uwoy9/solar-panels-canada-cost HTTP/1.1" 200 12406 "-" "Mozilla/5.0 (compatible; SemrushBot/7~bl; +http://www.semrush.com/bot.html)"
146.103.126.185 - - [10/Dec/2025:15:24:09 +0100] "\x16\x03\x01\x01I\x01" 403 265 "-" "-"
146.103.126.185 - - [10/Dec/2025:15:24:09 +0100] "\x16\x03\x01\x01I\x01" 403 265 "-" "-"
146.103.126.185 - - [10/Dec/2025:15:24:09 +0100] "\x16\x03\x01\x01I\x01" 403 265 "-" "-"
85.208.96.206 - - [10/Dec/2025:15:24:16 +0100] "GET /platby/uwoy9/farmers-and-agricultural-finance-project HTTP/1.1" 200 14762 "-" "Mozilla/5.0 (compatible; SemrushBot/7~bl; +http://www.semrush.com/bot.html)"
185.191.171.15 - - [10/Dec/2025:15:24:21 +0100] "GET /platby/72zbxoz/alex-smith-injury-photo HTTP/1.1" 200 9938 "-" "Mozilla/5.0 (compatible; SemrushBot/7~bl; +http://www.semrush.com/bot.html)"
185.191.171.16 - - [10/Dec/2025:15:24:31 +0100] "GET /platby/hca/backyard-skateboarding-2006 HTTP/1.1" 200 8989 "-" "Mozilla/5.0 (compatible; SemrushBot/7~bl; +http://www.semrush.com/bot.html)"
185.191.171.5 - - [10/Dec/2025:15:24:41 +0100] "GET /platby/aohwuyx/green-mountain-glades HTTP/1.1" 200 9630 "-" "Mozilla/5.0 (compatible; SemrushBot/7~bl; +http://www.semrush.com/bot.html)"
85.208.96.201 - - [10/Dec/2025:15:25:40 +0100] "GET /platby/uwoy9/realme-side-fingerprint HTTP/1.1" 200 10194 "-" "Mozilla/5.0 (compatible; SemrushBot/7~bl; +http://www.semrush.com/bot.html)"
185.191.171.3 - - [10/Dec/2025:15:25:54 +0100] "GET /platby/qqap/flower-girl-dresses-2021 HTTP/1.1" 200 7984 "-" "Mozilla/5.0 (compatible; SemrushBot/7~bl; +http://www.semrush.com/bot.html)"
185.191.171.12 - - [10/Dec/2025:15:25:56 +0100] "GET /platby/qqap/garrison-hearst-stats HTTP/1.1" 200 10697 "-" "Mozilla/5.0 (compatible; SemrushBot/7~bl; +http://www.semrush.com/bot.html)"
85.208.96.205 - - [10/Dec/2025:15:26:27 +0100] "GET /platby/72zbxoz/why-does-boruto-summon-a-snake HTTP/1.1" 200 14974 "-" "Mozilla/5.0 (compatible; SemrushBot/7~bl; +http://www.semrush.com/bot.html)"
85.208.96.196 - - [10/Dec/2025:15:26:30 +0100] "GET /platby/aohwuyx/groupon-charlotte-hotel's HTTP/1.1" 200 12304 "-" "Mozilla/5.0 (compatible; SemrushBot/7~bl; +http://www.semrush.com/bot.html)"
185.191.171.13 - - [10/Dec/2025:15:26:37 +0100] "GET /platby/aohwuyx/pablo-sandoval-2012-world-series HTTP/1.1" 200 7429 "-" "Mozilla/5.0 (compatible; SemrushBot/7~bl; +http://www.semrush.com/bot.html)"
85.208.96.205 - - [10/Dec/2025:15:26:47 +0100] "GET /platby/hca/virtual-group-activities-for-students HTTP/1.1" 200 10584 "-" "Mozilla/5.0 (compatible; SemrushBot/7~bl; +http://www.semrush.com/bot.html)"
185.191.171.14 - - [10/Dec/2025:15:27:00 +0100] "GET /platby/aohwuyx/paper-presentation-samples-pdf HTTP/1.1" 200 10914 "-" "Mozilla/5.0 (compatible; SemrushBot/7~bl; +http://www.semrush.com/bot.html)"
85.208.96.193 - - [10/Dec/2025:15:27:07 +0100] "GET /platby/hca/little-brother-goodreads HTTP/1.1" 200 12366 "-" "Mozilla/5.0 (compatible; SemrushBot/7~bl; +http://www.semrush.com/bot.html)"
185.191.171.3 - - [10/Dec/2025:15:27:10 +0100] "GET /platby/uwoy9/kansas-city-chiefs-name-change-2021 HTTP/1.1" 200 8957 "-" "Mozilla/5.0 (compatible; SemrushBot/7~bl; +http://www.semrush.com/bot.html)"
185.191.171.9 - - [10/Dec/2025:15:27:26 +0100] "GET /platby/uwoy9/caste:-the-origins-of-our-discontents-table-of-contents HTTP/1.1" 200 10596 "-" "Mozilla/5.0 (compatible; SemrushBot/7~bl; +http://www.semrush.com/bot.html)"
185.191.171.11 - - [10/Dec/2025:15:27:28 +0100] "GET /platby/uwoy9/elitch-gardens-2021-tickets HTTP/1.1" 200 10743 "-" "Mozilla/5.0 (compatible; SemrushBot/7~bl; +http://www.semrush.com/bot.html)"
185.191.171.9 - - [10/Dec/2025:15:27:30 +0100] "GET /platby/uwoy9/owners-of-scottish-football-clubs HTTP/1.1" 200 7466 "-" "Mozilla/5.0 (compatible; SemrushBot/7~bl; +http://www.semrush.com/bot.html)"
185.191.171.15 - - [10/Dec/2025:15:27:34 +0100] "GET /platby/72zbxoz/new-york-times-sports-columnists HTTP/1.1" 200 13351 "-" "Mozilla/5.0 (compatible; SemrushBot/7~bl; +http://www.semrush.com/bot.html)"
85.208.96.193 - - [10/Dec/2025:15:27:45 +0100] "GET /platby/qqap/northern-colorado-football-schedule-2021 HTTP/1.1" 200 7680 "-" "Mozilla/5.0 (compatible; SemrushBot/7~bl; +http://www.semrush.com/bot.html)"
85.208.96.193 - - [10/Dec/2025:15:28:02 +0100] "GET /platby/uwoy9/1977-nfl-draft-transactions HTTP/1.1" 200 13239 "-" "Mozilla/5.0 (compatible; SemrushBot/7~bl; +http://www.semrush.com/bot.html)"
85.208.96.196 - - [10/Dec/2025:15:28:25 +0100] "GET /platby/aohwuyx/when-expressing-understanding-you-should HTTP/1.1" 200 12851 "-" "Mozilla/5.0 (compatible; SemrushBot/7~bl; +http://www.semrush.com/bot.html)"
85.208.96.212 - - [10/Dec/2025:15:28:31 +0100] "GET /platby/qqap/wilma-jean-the-worry-machine-summary HTTP/1.1" 200 8976 "-" "Mozilla/5.0 (compatible; SemrushBot/7~bl; +http://www.semrush.com/bot.html)"
185.191.171.17 - - [10/Dec/2025:15:28:32 +0100] "GET /platby/hca/veronica-flower-purple HTTP/1.1" 200 11494 "-" "Mozilla/5.0 (compatible; SemrushBot/7~bl; +http://www.semrush.com/bot.html)"
85.208.96.195 - - [10/Dec/2025:15:28:50 +0100] "GET /platby/uwoy9/jenna-ortega-house-tour HTTP/1.1" 200 12300 "-" "Mozilla/5.0 (compatible; SemrushBot/7~bl; +http://www.semrush.com/bot.html)"
185.191.171.9 - - [10/Dec/2025:15:29:51 +0100] "GET /platby/aohwuyx/teach-for-america-process HTTP/1.1" 200 9292 "-" "Mozilla/5.0 (compatible; SemrushBot/7~bl; +http://www.semrush.com/bot.html)"
185.191.171.7 - - [10/Dec/2025:15:29:54 +0100] "GET /platby/72zbxoz/atlas-curriculum-database HTTP/1.1" 200 10886 "-" "Mozilla/5.0 (compatible; SemrushBot/7~bl; +http://www.semrush.com/bot.html)"
185.191.171.6 - - [10/Dec/2025:15:30:14 +0100] "GET /platby/uwoy9/jim-taiclet-lockheed-martin-salary HTTP/1.1" 200 11345 "-" "Mozilla/5.0 (compatible; SemrushBot/7~bl; +http://www.semrush.com/bot.html)"
85.208.96.202 - - [10/Dec/2025:15:30:31 +0100] "GET /platby/qqap/hardin-simmons-university-bookstore HTTP/1.1" 200 6226 "-" "Mozilla/5.0 (compatible; SemrushBot/7~bl; +http://www.semrush.com/bot.html)"
185.191.171.16 - - [10/Dec/2025:15:30:36 +0100] "GET /platby/uwoy9/docusign-stock-long-term HTTP/1.1" 200 10006 "-" "Mozilla/5.0 (compatible; SemrushBot/7~bl; +http://www.semrush.com/bot.html)"
85.208.96.200 - - [10/Dec/2025:15:30:37 +0100] "GET /platby/aohwuyx/writing-resources-for-college-students HTTP/1.1" 200 14251 "-" "Mozilla/5.0 (compatible; SemrushBot/7~bl; +http://www.semrush.com/bot.html)"
185.191.171.10 - - [10/Dec/2025:15:30:50 +0100] "GET /platby/72zbxoz/atlanta-falcons-2017-roster HTTP/1.1" 200 11660 "-" "Mozilla/5.0 (compatible; SemrushBot/7~bl; +http://www.semrush.com/bot.html)"
185.191.171.1 - - [10/Dec/2025:15:31:01 +0100] "GET /platby/qqap/30-day-full-body-workout-plan HTTP/1.1" 200 13003 "-" "Mozilla/5.0 (compatible; SemrushBot/7~bl; +http://www.semrush.com/bot.html)"
185.191.171.18 - - [10/Dec/2025:15:31:16 +0100] "GET /platby/aohwuyx/how-to-report-a-group-home-to-the-state HTTP/1.1" 200 10977 "-" "Mozilla/5.0 (compatible; SemrushBot/7~bl; +http://www.semrush.com/bot.html)"
85.208.96.208 - - [10/Dec/2025:15:31:26 +0100] "GET /platby/qqap/back-walkover-definition HTTP/1.1" 200 11498 "-" "Mozilla/5.0 (compatible; SemrushBot/7~bl; +http://www.semrush.com/bot.html)"
85.208.96.197 - - [10/Dec/2025:15:31:32 +0100] "GET /platby/72zbxoz/ou-college-of-dentistry-tuition HTTP/1.1" 200 12279 "-" "Mozilla/5.0 (compatible; SemrushBot/7~bl; +http://www.semrush.com/bot.html)"
199.30.231.5 - - [10/Dec/2025:15:31:34 +0100] "\x16\x03\x01" 403 265 "-" "-"
185.191.171.14 - - [10/Dec/2025:15:31:34 +0100] "GET /platby/72zbxoz/how-many-flutter-kicks-should-i-do HTTP/1.1" 200 11367 "-" "Mozilla/5.0 (compatible; SemrushBot/7~bl; +http://www.semrush.com/bot.html)"
85.208.96.193 - - [10/Dec/2025:15:31:39 +0100] "GET /platby/hca/dinamo-sassari-grissinbon-reggio-emilia HTTP/1.1" 200 11441 "-" "Mozilla/5.0 (compatible; SemrushBot/7~bl; +http://www.semrush.com/bot.html)"
185.191.171.6 - - [10/Dec/2025:15:31:52 +0100] "GET /platby/72zbxoz/what-is-another-word-for-great-achievement HTTP/1.1" 200 11059 "-" "Mozilla/5.0 (compatible; SemrushBot/7~bl; +http://www.semrush.com/bot.html)"
185.191.171.6 - - [10/Dec/2025:15:32:05 +0100] "GET /platby/qqap/basis-chandler-calendar-2021 HTTP/1.1" 200 8270 "-" "Mozilla/5.0 (compatible; SemrushBot/7~bl; +http://www.semrush.com/bot.html)"
195.177.94.189 - - [10/Dec/2025:15:32:20 +0100] "GET /phpmyadmin/scripts/setup.php HTTP/1.1" 200 11106 "-" "Mozilla/4.0 (compatible; MSIE 6.0; MSIE 5.5; Windows NT 5.1) Opera 7.01 [en]"
195.177.94.189 - - [10/Dec/2025:15:32:20 +0100] "POST /phpmyadmin/scripts/setup.php HTTP/1.1" 200 18608 "http://109.105.49.240:8081/phpmyadmin/scripts/setup.php" "Mozilla/4.0 (compatible; MSIE 6.0; MSIE 5.5; Windows NT 5.1) Opera 7.01 [en]"
85.208.96.205 - - [10/Dec/2025:15:32:28 +0100] "GET /platby/qqap/eagle-rock-high-school-yearbook HTTP/1.1" 200 6322 "-" "Mozilla/5.0 (compatible; SemrushBot/7~bl; +http://www.semrush.com/bot.html)"
185.191.171.9 - - [10/Dec/2025:15:32:33 +0100] "GET /platby/hca/carolina-panthers-schedule-2021-tickets HTTP/1.1" 200 8845 "-" "Mozilla/5.0 (compatible; SemrushBot/7~bl; +http://www.semrush.com/bot.html)"
185.191.171.5 - - [10/Dec/2025:15:32:39 +0100] "GET /platby/hca/bailey's-jewelry-sale HTTP/1.1" 200 6893 "-" "Mozilla/5.0 (compatible; SemrushBot/7~bl; +http://www.semrush.com/bot.html)"
85.208.96.206 - - [10/Dec/2025:15:32:50 +0100] "GET /platby/72zbxoz/galapagos-flora-facts HTTP/1.1" 200 9577 "-" "Mozilla/5.0 (compatible; SemrushBot/7~bl; +http://www.semrush.com/bot.html)"
185.191.171.1 - - [10/Dec/2025:15:32:53 +0100] "GET /platby/hca/nepal-fifa-ranking-2020 HTTP/1.1" 200 10974 "-" "Mozilla/5.0 (compatible; SemrushBot/7~bl; +http://www.semrush.com/bot.html)"
195.177.94.189 - - [10/Dec/2025:15:33:27 +0100] "GET /phpmyadmin/scripts/setup.php HTTP/1.1" 200 11105 "-" "Mozilla/4.0 (compatible; MSIE 6.0; MSIE 5.5; Windows NT 5.1) Opera 7.01 [en]"
195.177.94.189 - - [10/Dec/2025:15:33:27 +0100] "POST /phpmyadmin/scripts/setup.php HTTP/1.1" 200 18608 "http://109.105.49.240:443/phpmyadmin/scripts/setup.php" "Mozilla/4.0 (compatible; MSIE 6.0; MSIE 5.5; Windows NT 5.1) Opera 7.01 [en]"
185.191.171.6 - - [10/Dec/2025:15:33:51 +0100] "GET /platby/aohwuyx/confluence-regulatory-reporting HTTP/1.1" 200 10201 "-" "Mozilla/5.0 (compatible; SemrushBot/7~bl; +http://www.semrush.com/bot.html)"
85.208.96.195 - - [10/Dec/2025:15:34:13 +0100] "GET /platby/uwoy9/dogecoin-cloud-mining HTTP/1.1" 200 9769 "-" "Mozilla/5.0 (compatible; SemrushBot/7~bl; +http://www.semrush.com/bot.html)"
185.191.171.8 - - [10/Dec/2025:15:34:34 +0100] "GET /platby/uwoy9/cleveland-browns-record-2021 HTTP/1.1" 200 11852 "-" "Mozilla/5.0 (compatible; SemrushBot/7~bl; +http://www.semrush.com/bot.html)"
185.191.171.19 - - [10/Dec/2025:15:34:36 +0100] "GET /platby/aohwuyx/travoltron-jimmy-neutron HTTP/1.1" 200 14414 "-" "Mozilla/5.0 (compatible; SemrushBot/7~bl; +http://www.semrush.com/bot.html)"
185.191.171.8 - - [10/Dec/2025:15:34:37 +0100] "GET /platby/qqap/wainwrights-near-ambleside HTTP/1.1" 200 9812 "-" "Mozilla/5.0 (compatible; SemrushBot/7~bl; +http://www.semrush.com/bot.html)"
185.191.171.14 - - [10/Dec/2025:15:34:39 +0100] "GET /platby/aohwuyx/excel-sports-management HTTP/1.1" 200 9996 "-" "Mozilla/5.0 (compatible; SemrushBot/7~bl; +http://www.semrush.com/bot.html)"
54.84.250.51 - - [10/Dec/2025:15:34:47 +0100] "GET /platby/72zbxoz/responsive-portfolio-gallery-codepen HTTP/1.1" 200 13494 "-" "Mozilla/5.0 AppleWebKit/537.36 (KHTML, like Gecko; compatible; Amazonbot/0.1; +https://developer.amazon.com/support/amazonbot) Chrome/119.0.6045.214 Safari/537.36"
100.24.167.60 - - [10/Dec/2025:15:34:52 +0100] "GET /platby/72zbxoz/dodgers-font-generator HTTP/1.1" 200 7512 "-" "Mozilla/5.0 AppleWebKit/537.36 (KHTML, like Gecko; compatible; Amazonbot/0.1; +https://developer.amazon.com/support/amazonbot) Chrome/119.0.6045.214 Safari/537.36"
34.194.233.48 - - [10/Dec/2025:15:34:55 +0100] "GET /platby/72zbxoz/use-medium-in-a-sentence-in-contemporary-art HTTP/1.1" 200 10728 "-" "Mozilla/5.0 AppleWebKit/537.36 (KHTML, like Gecko; compatible; Amazonbot/0.1; +https://developer.amazon.com/support/amazonbot) Chrome/119.0.6045.214 Safari/537.36"
185.191.171.8 - - [10/Dec/2025:15:34:56 +0100] "GET /platby/qqap/huawei-y9-prime-fingerprint-sensor-not-working HTTP/1.1" 200 12670 "-" "Mozilla/5.0 (compatible; SemrushBot/7~bl; +http://www.semrush.com/bot.html)"
54.159.18.27 - - [10/Dec/2025:15:35:00 +0100] "GET /platby/qqap/what-do-you-call-someone-from-massachusetts HTTP/1.1" 200 7737 "-" "Mozilla/5.0 AppleWebKit/537.36 (KHTML, like Gecko; compatible; Amazonbot/0.1; +https://developer.amazon.com/support/amazonbot) Chrome/119.0.6045.214 Safari/537.36"
35.169.119.108 - - [10/Dec/2025:15:35:03 +0100] "GET /platby/72zbxoz/yellow-flowers-in-new-mexico HTTP/1.1" 200 12705 "-" "Mozilla/5.0 AppleWebKit/537.36 (KHTML, like Gecko; compatible; Amazonbot/0.1; +https://developer.amazon.com/support/amazonbot) Chrome/119.0.6045.214 Safari/537.36"
85.208.96.210 - - [10/Dec/2025:15:35:05 +0100] "GET /platby/hca/modern-institute-of-engineering-and-management HTTP/1.1" 200 6743 "-" "Mozilla/5.0 (compatible; SemrushBot/7~bl; +http://www.semrush.com/bot.html)"
52.45.194.165 - - [10/Dec/2025:15:35:07 +0100] "GET /platby/72zbxoz/apartments-for-rent-in-hancock,-md HTTP/1.1" 200 12002 "-" "Mozilla/5.0 AppleWebKit/537.36 (KHTML, like Gecko; compatible; Amazonbot/0.1; +https://developer.amazon.com/support/amazonbot) Chrome/119.0.6045.214 Safari/537.36"
34.205.163.103 - - [10/Dec/2025:15:35:11 +0100] "GET /platby/72zbxoz/bowmar-nutrition-weight-loss HTTP/1.1" 200 13446 "-" "Mozilla/5.0 AppleWebKit/537.36 (KHTML, like Gecko; compatible; Amazonbot/0.1; +https://developer.amazon.com/support/amazonbot) Chrome/119.0.6045.214 Safari/537.36"
35.203.210.37 - - [10/Dec/2025:15:35:13 +0100] "\x16\x03\x01" 403 265 "-" "-"
52.45.15.233 - - [10/Dec/2025:15:35:15 +0100] "GET /platby/72zbxoz/canberra-fc-gungahlin-united HTTP/1.1" 200 12594 "-" "Mozilla/5.0 AppleWebKit/537.36 (KHTML, like Gecko; compatible; Amazonbot/0.1; +https://developer.amazon.com/support/amazonbot) Chrome/119.0.6045.214 Safari/537.36"
85.208.96.205 - - [10/Dec/2025:15:35:17 +0100] "GET /platby/qqap/truth-stained-lies-series HTTP/1.1" 200 8013 "-" "Mozilla/5.0 (compatible; SemrushBot/7~bl; +http://www.semrush.com/bot.html)"
184.73.195.18 - - [10/Dec/2025:15:35:20 +0100] "GET /platby/72zbxoz/real-madrid-vs-ac-milan-2009 HTTP/1.1" 200 11141 "-" "Mozilla/5.0 AppleWebKit/537.36 (KHTML, like Gecko; compatible; Amazonbot/0.1; +https://developer.amazon.com/support/amazonbot) Chrome/119.0.6045.214 Safari/537.36"
52.4.76.156 - - [10/Dec/2025:15:35:24 +0100] "GET /platby/72zbxoz/facts-about-the-texas-flag HTTP/1.1" 200 14455 "-" "Mozilla/5.0 AppleWebKit/537.36 (KHTML, like Gecko; compatible; Amazonbot/0.1; +https://developer.amazon.com/support/amazonbot) Chrome/119.0.6045.214 Safari/537.36"
54.235.191.179 - - [10/Dec/2025:15:35:27 +0100] "GET /platby/72zbxoz/turtle-shell-crossword-clue HTTP/1.1" 200 12099 "-" "Mozilla/5.0 AppleWebKit/537.36 (KHTML, like Gecko; compatible; Amazonbot/0.1; +https://developer.amazon.com/support/amazonbot) Chrome/119.0.6045.214 Safari/537.36"
54.166.126.132 - - [10/Dec/2025:15:35:32 +0100] "GET /platby/72zbxoz/demolition-university HTTP/1.1" 200 14039 "-" "Mozilla/5.0 AppleWebKit/537.36 (KHTML, like Gecko; compatible; Amazonbot/0.1; +https://developer.amazon.com/support/amazonbot) Chrome/119.0.6045.214 Safari/537.36"
35.171.117.160 - - [10/Dec/2025:15:35:36 +0100] "GET /platby/72zbxoz/fake-wildflowers-cases HTTP/1.1" 200 8117 "-" "Mozilla/5.0 AppleWebKit/537.36 (KHTML, like Gecko; compatible; Amazonbot/0.1; +https://developer.amazon.com/support/amazonbot) Chrome/119.0.6045.214 Safari/537.36"
3.214.176.44 - - [10/Dec/2025:15:35:40 +0100] "GET /platby/72zbxoz/john-bowne-high-school-shooting HTTP/1.1" 200 12660 "-" "Mozilla/5.0 AppleWebKit/537.36 (KHTML, like Gecko; compatible; Amazonbot/0.1; +https://developer.amazon.com/support/amazonbot) Chrome/119.0.6045.214 Safari/537.36"
3.212.205.90 - - [10/Dec/2025:15:35:44 +0100] "GET /platby/72zbxoz/how-to-get-user-id-and-password-from-cookies HTTP/1.1" 200 12398 "-" "Mozilla/5.0 AppleWebKit/537.36 (KHTML, like Gecko; compatible; Amazonbot/0.1; +https://developer.amazon.com/support/amazonbot) Chrome/119.0.6045.214 Safari/537.36"
85.208.96.194 - - [10/Dec/2025:15:35:44 +0100] "GET /platby/72zbxoz/superman-parody-characters HTTP/1.1" 200 12798 "-" "Mozilla/5.0 (compatible; SemrushBot/7~bl; +http://www.semrush.com/bot.html)"
85.208.96.198 - - [10/Dec/2025:15:35:45 +0100] "GET /platby/uwoy9/chains-of-love-the-locksmith HTTP/1.1" 200 15965 "-" "Mozilla/5.0 (compatible; SemrushBot/7~bl; +http://www.semrush.com/bot.html)"
85.208.96.201 - - [10/Dec/2025:15:35:47 +0100] "GET /platby/aohwuyx/george-stephenson-rocket-facts HTTP/1.1" 200 8584 "-" "Mozilla/5.0 (compatible; SemrushBot/7~bl; +http://www.semrush.com/bot.html)"
100.25.120.246 - - [10/Dec/2025:15:35:47 +0100] "GET /platby/72zbxoz/otis-boykin-28-inventions HTTP/1.1" 200 10013 "-" "Mozilla/5.0 AppleWebKit/537.36 (KHTML, like Gecko; compatible; Amazonbot/0.1; +https://developer.amazon.com/support/amazonbot) Chrome/119.0.6045.214 Safari/537.36"
204.76.203.212 - - [10/Dec/2025:15:35:50 +0100] "GET /" 400 468 "-" "-"
3.212.86.97 - - [10/Dec/2025:15:35:51 +0100] "GET /platby/72zbxoz/nurishment-drink-sainsbury's HTTP/1.1" 200 16541 "-" "Mozilla/5.0 AppleWebKit/537.36 (KHTML, like Gecko; compatible; Amazonbot/0.1; +https://developer.amazon.com/support/amazonbot) Chrome/119.0.6045.214 Safari/537.36"
185.191.171.6 - - [10/Dec/2025:15:35:54 +0100] "GET /platby/72zbxoz/west-reading-pavilion-address HTTP/1.1" 200 13599 "-" "Mozilla/5.0 (compatible; SemrushBot/7~bl; +http://www.semrush.com/bot.html)"
3.213.85.234 - - [10/Dec/2025:15:35:56 +0100] "GET /platby/72zbxoz/villanova-college-swimming HTTP/1.1" 200 7297 "-" "Mozilla/5.0 AppleWebKit/537.36 (KHTML, like Gecko; compatible; Amazonbot/0.1; +https://developer.amazon.com/support/amazonbot) Chrome/119.0.6045.214 Safari/537.36"
54.83.240.58 - - [10/Dec/2025:15:36:00 +0100] "GET /platby/72zbxoz/2020-nebraska-football HTTP/1.1" 200 7192 "-" "Mozilla/5.0 AppleWebKit/537.36 (KHTML, like Gecko; compatible; Amazonbot/0.1; +https://developer.amazon.com/support/amazonbot) Chrome/119.0.6045.214 Safari/537.36"
85.208.96.207 - - [10/Dec/2025:15:36:03 +0100] "GET /platby/uwoy9/how-much-do-college-dorms-cost-a-month HTTP/1.1" 200 9216 "-" "Mozilla/5.0 (compatible; SemrushBot/7~bl; +http://www.semrush.com/bot.html)"
52.2.4.213 - - [10/Dec/2025:15:36:04 +0100] "GET /platby/72zbxoz/augustinus-bader-essence-toner HTTP/1.1" 200 12556 "-" "Mozilla/5.0 AppleWebKit/537.36 (KHTML, like Gecko; compatible; Amazonbot/0.1; +https://developer.amazon.com/support/amazonbot) Chrome/119.0.6045.214 Safari/537.36"
85.208.96.206 - - [10/Dec/2025:15:36:06 +0100] "GET /platby/qqap/2016-atlanta-falcons-roster HTTP/1.1" 200 11226 "-" "Mozilla/5.0 (compatible; SemrushBot/7~bl; +http://www.semrush.com/bot.html)"
44.195.145.102 - - [10/Dec/2025:15:36:08 +0100] "GET /platby/72zbxoz/maid-in-manhattan-dress-oh-polly HTTP/1.1" 200 10135 "-" "Mozilla/5.0 AppleWebKit/537.36 (KHTML, like Gecko; compatible; Amazonbot/0.1; +https://developer.amazon.com/support/amazonbot) Chrome/119.0.6045.214 Safari/537.36"
85.208.96.207 - - [10/Dec/2025:15:36:09 +0100] "GET /platby/aohwuyx/10-minute-1080p-video-size HTTP/1.1" 200 17599 "-" "Mozilla/5.0 (compatible; SemrushBot/7~bl; +http://www.semrush.com/bot.html)"
52.205.222.214 - - [10/Dec/2025:15:36:14 +0100] "GET /platby/72zbxoz/charles-sonny''-pagano HTTP/1.1" 200 10069 "-" "Mozilla/5.0 AppleWebKit/537.36 (KHTML, like Gecko; compatible; Amazonbot/0.1; +https://developer.amazon.com/support/amazonbot) Chrome/119.0.6045.214 Safari/537.36"
34.224.9.144 - - [10/Dec/2025:15:36:15 +0100] "GET /platby/72zbxoz/restaurants-near-svn-west-san-francisco HTTP/1.1" 200 12430 "-" "Mozilla/5.0 AppleWebKit/537.36 (KHTML, like Gecko; compatible; Amazonbot/0.1; +https://developer.amazon.com/support/amazonbot) Chrome/119.0.6045.214 Safari/537.36"
35.203.210.37 - - [10/Dec/2025:15:36:16 +0100] "\x16\x03\x01" 403 265 "-" "-"
85.208.96.212 - - [10/Dec/2025:15:36:16 +0100] "GET /platby/qqap/evan-mobley-highlights HTTP/1.1" 200 8695 "-" "Mozilla/5.0 (compatible; SemrushBot/7~bl; +http://www.semrush.com/bot.html)"
85.208.96.197 - - [10/Dec/2025:15:36:42 +0100] "GET /platby/uwoy9/how-many-baboons-are-left-in-the-world HTTP/1.1" 200 8946 "-" "Mozilla/5.0 (compatible; SemrushBot/7~bl; +http://www.semrush.com/bot.html)"
185.191.171.15 - - [10/Dec/2025:15:36:54 +0100] "GET /platby/72zbxoz/john-egan-crystal-palace HTTP/1.1" 200 9886 "-" "Mozilla/5.0 (compatible; SemrushBot/7~bl; +http://www.semrush.com/bot.html)"
185.191.171.11 - - [10/Dec/2025:15:37:10 +0100] "GET /platby/aohwuyx/real-sociedad-vs-real-madrid-h2h HTTP/1.1" 200 10900 "-" "Mozilla/5.0 (compatible; SemrushBot/7~bl; +http://www.semrush.com/bot.html)"
85.208.96.200 - - [10/Dec/2025:15:37:57 +0100] "GET /platby/qqap/liberty-basketball-alumni HTTP/1.1" 200 12126 "-" "Mozilla/5.0 (compatible; SemrushBot/7~bl; +http://www.semrush.com/bot.html)"
66.249.79.235 - - [10/Dec/2025:15:37:59 +0100] "\x16\x03\x01\x02" 403 265 "-" "-"
85.208.96.205 - - [10/Dec/2025:15:38:20 +0100] "GET /platby/aohwuyx/waka-waka-nuka-licka-waka-waka-nuka-licka HTTP/1.1" 200 8323 "-" "Mozilla/5.0 (compatible; SemrushBot/7~bl; +http://www.semrush.com/bot.html)"
85.208.96.197 - - [10/Dec/2025:15:38:25 +0100] "GET /platby/hca/film-schools-in-southern-california HTTP/1.1" 200 11773 "-" "Mozilla/5.0 (compatible; SemrushBot/7~bl; +http://www.semrush.com/bot.html)"
85.208.96.206 - - [10/Dec/2025:15:38:33 +0100] "GET /platby/qqap/thomas-%22tommy%22-shelby HTTP/1.1" 200 11182 "-" "Mozilla/5.0 (compatible; SemrushBot/7~bl; +http://www.semrush.com/bot.html)"
185.191.171.5 - - [10/Dec/2025:15:39:08 +0100] "GET /platby/uwoy9/neji-hyuga-techniques HTTP/1.1" 200 10572 "-" "Mozilla/5.0 (compatible; SemrushBot/7~bl; +http://www.semrush.com/bot.html)"
185.191.171.2 - - [10/Dec/2025:15:39:15 +0100] "GET /platby/qqap/vietnam-soccer-game-today HTTP/1.1" 200 7372 "-" "Mozilla/5.0 (compatible; SemrushBot/7~bl; +http://www.semrush.com/bot.html)"
185.191.171.18 - - [10/Dec/2025:15:39:22 +0100] "GET /platby/uwoy9/olivet-nazarene-university-baseball HTTP/1.1" 200 6245 "-" "Mozilla/5.0 (compatible; SemrushBot/7~bl; +http://www.semrush.com/bot.html)"
85.208.96.205 - - [10/Dec/2025:15:39:27 +0100] "GET /platby/uwoy9/manifest-show-zodiac-signs HTTP/1.1" 200 9792 "-" "Mozilla/5.0 (compatible; SemrushBot/7~bl; +http://www.semrush.com/bot.html)"
204.76.203.206 - - [10/Dec/2025:15:39:29 +0100] "GET /" 400 468 "-" "-"
85.208.96.207 - - [10/Dec/2025:15:39:35 +0100] "GET /platby/qqap/nate-mcmillan-college HTTP/1.1" 200 6012 "-" "Mozilla/5.0 (compatible; SemrushBot/7~bl; +http://www.semrush.com/bot.html)"
85.208.96.201 - - [10/Dec/2025:15:39:46 +0100] "GET /platby/72zbxoz/joseph-ossai-highlights HTTP/1.1" 200 9664 "-" "Mozilla/5.0 (compatible; SemrushBot/7~bl; +http://www.semrush.com/bot.html)"
85.208.96.203 - - [10/Dec/2025:15:39:53 +0100] "GET /robots.txt HTTP/1.1" 200 54 "-" "Mozilla/5.0 (compatible; SemrushBot/7~bl; +http://www.semrush.com/bot.html)"
185.191.171.11 - - [10/Dec/2025:15:39:54 +0100] "GET /platby/hca/bilingual-language-development-in-early-childhood HTTP/1.1" 200 12993 "-" "Mozilla/5.0 (compatible; SemrushBot/7~bl; +http://www.semrush.com/bot.html)"
185.191.171.14 - - [10/Dec/2025:15:40:03 +0100] "GET /platby/aohwuyx/science-icebreaker-activities HTTP/1.1" 200 11528 "-" "Mozilla/5.0 (compatible; SemrushBot/7~bl; +http://www.semrush.com/bot.html)"
85.208.96.194 - - [10/Dec/2025:15:40:05 +0100] "GET /platby/aohwuyx/diversity-consultant-colorado HTTP/1.1" 200 9138 "-" "Mozilla/5.0 (compatible; SemrushBot/7~bl; +http://www.semrush.com/bot.html)"
185.191.171.10 - - [10/Dec/2025:15:40:06 +0100] "GET /platby/hca/before-stonewall-transcript HTTP/1.1" 200 11104 "-" "Mozilla/5.0 (compatible; SemrushBot/7~bl; +http://www.semrush.com/bot.html)"
85.208.96.195 - - [10/Dec/2025:15:40:21 +0100] "GET /platby/aohwuyx/patriots-quarterbacks-2020-roster HTTP/1.1" 200 7968 "-" "Mozilla/5.0 (compatible; SemrushBot/7~bl; +http://www.semrush.com/bot.html)"
185.191.171.5 - - [10/Dec/2025:15:40:37 +0100] "GET /platby/aohwuyx/chicago-bears-2018-and-2019-schedule HTTP/1.1" 200 8745 "-" "Mozilla/5.0 (compatible; SemrushBot/7~bl; +http://www.semrush.com/bot.html)"
85.208.96.195 - - [10/Dec/2025:15:40:47 +0100] "GET /platby/aohwuyx/learning-bridges-nyc-locations HTTP/1.1" 200 11367 "-" "Mozilla/5.0 (compatible; SemrushBot/7~bl; +http://www.semrush.com/bot.html)"
204.76.203.206 - - [10/Dec/2025:15:40:51 +0100] "GET / HTTP/1.1" 200 316 "-" "Mozilla/5.0 (Windows NT 10.0; Win64; x64) AppleWebKit/537.36 (KHTML, like Gecko) Chrome/90.0.4430.85 Safari/537.36 Edg/90.0.818.46"
185.191.171.10 - - [10/Dec/2025:15:40:58 +0100] "GET /platby/aohwuyx/supinated-front-raise-muscles-worked HTTP/1.1" 200 12636 "-" "Mozilla/5.0 (compatible; SemrushBot/7~bl; +http://www.semrush.com/bot.html)"
94.59.4.219 - - [10/Dec/2025:15:41:10 +0100] "GET /platby/qqap/chicago-firefighter-paramedic-salary HTTP/1.1" 200 10684 "-" "Opera/9.51.(X11; Linux x86_64; ha-NG) Presto/2.9.186 Version/11.00"
85.208.96.198 - - [10/Dec/2025:15:41:28 +0100] "GET /platby/72zbxoz/ibiza-in-spanish-translation HTTP/1.1" 200 7680 "-" "Mozilla/5.0 (compatible; SemrushBot/7~bl; +http://www.semrush.com/bot.html)"
85.208.96.205 - - [10/Dec/2025:15:42:02 +0100] "GET /platby/uwoy9/top-10-aircraft-manufacturing-countries HTTP/1.1" 200 8662 "-" "Mozilla/5.0 (compatible; SemrushBot/7~bl; +http://www.semrush.com/bot.html)"
185.191.171.14 - - [10/Dec/2025:15:42:25 +0100] "GET /platby/72zbxoz/summer-basketball-clinics-near-me HTTP/1.1" 200 9922 "-" "Mozilla/5.0 (compatible; SemrushBot/7~bl; +http://www.semrush.com/bot.html)"
85.208.96.200 - - [10/Dec/2025:15:42:33 +0100] "GET /platby/uwoy9/i-forgot-my-app-lock-password-oppo HTTP/1.1" 200 8239 "-" "Mozilla/5.0 (compatible; SemrushBot/7~bl; +http://www.semrush.com/bot.html)"
185.191.171.16 - - [10/Dec/2025:15:42:35 +0100] "GET /platby/aohwuyx/sam-darnold-interceptions-2020 HTTP/1.1" 200 10426 "-" "Mozilla/5.0 (compatible; SemrushBot/7~bl; +http://www.semrush.com/bot.html)"
185.191.171.19 - - [10/Dec/2025:15:43:09 +0100] "GET /platby/hca/amber-stevens-west-and-solange HTTP/1.1" 200 12038 "-" "Mozilla/5.0 (compatible; SemrushBot/7~bl; +http://www.semrush.com/bot.html)"
185.191.171.15 - - [10/Dec/2025:15:43:29 +0100] "GET /platby/aohwuyx/kurt-warner-wife-super-bowl HTTP/1.1" 200 12403 "-" "Mozilla/5.0 (compatible; SemrushBot/7~bl; +http://www.semrush.com/bot.html)"
85.208.96.210 - - [10/Dec/2025:15:43:36 +0100] "GET /platby/qqap/pullover-sweatshirt-with-zipper HTTP/1.1" 200 8442 "-" "Mozilla/5.0 (compatible; SemrushBot/7~bl; +http://www.semrush.com/bot.html)"
185.191.171.19 - - [10/Dec/2025:15:43:38 +0100] "GET /platby/hca/university-of-newcastle,-australia HTTP/1.1" 200 11093 "-" "Mozilla/5.0 (compatible; SemrushBot/7~bl; +http://www.semrush.com/bot.html)"
85.208.96.198 - - [10/Dec/2025:15:43:48 +0100] "GET /platby/hca/pankaj-kapoor-brother HTTP/1.1" 200 10808 "-" "Mozilla/5.0 (compatible; SemrushBot/7~bl; +http://www.semrush.com/bot.html)"
185.191.171.10 - - [10/Dec/2025:15:43:51 +0100] "GET /platby/72zbxoz/apostrophe-symbol-font HTTP/1.1" 200 8757 "-" "Mozilla/5.0 (compatible; SemrushBot/7~bl; +http://www.semrush.com/bot.html)"
85.208.96.212 - - [10/Dec/2025:15:43:57 +0100] "GET /platby/72zbxoz/effluent-pronunciation HTTP/1.1" 200 11632 "-" "Mozilla/5.0 (compatible; SemrushBot/7~bl; +http://www.semrush.com/bot.html)"
185.191.171.19 - - [10/Dec/2025:15:44:06 +0100] "GET /platby/hca/the-barbershop-ashwaubenon HTTP/1.1" 200 11054 "-" "Mozilla/5.0 (compatible; SemrushBot/7~bl; +http://www.semrush.com/bot.html)"
185.191.171.19 - - [10/Dec/2025:15:44:07 +0100] "GET /platby/qqap/covid-restrictions-oregon HTTP/1.1" 200 6140 "-" "Mozilla/5.0 (compatible; SemrushBot/7~bl; +http://www.semrush.com/bot.html)"
185.191.171.9 - - [10/Dec/2025:15:44:28 +0100] "GET /platby/hca/principles-of-management-book-citation HTTP/1.1" 200 7328 "-" "Mozilla/5.0 (compatible; SemrushBot/7~bl; +http://www.semrush.com/bot.html)"
85.208.96.209 - - [10/Dec/2025:15:44:41 +0100] "GET /platby/qqap/water-temperature-lara-beach HTTP/1.1" 200 14837 "-" "Mozilla/5.0 (compatible; SemrushBot/7~bl; +http://www.semrush.com/bot.html)"
185.191.171.8 - - [10/Dec/2025:15:44:57 +0100] "GET /platby/qqap/jira-enterprise-vs-cloud HTTP/1.1" 200 13816 "-" "Mozilla/5.0 (compatible; SemrushBot/7~bl; +http://www.semrush.com/bot.html)"
85.208.96.210 - - [10/Dec/2025:15:44:59 +0100] "GET /platby/uwoy9/canada-geese-migration HTTP/1.1" 200 9377 "-" "Mozilla/5.0 (compatible; SemrushBot/7~bl; +http://www.semrush.com/bot.html)"
85.208.96.209 - - [10/Dec/2025:15:45:01 +0100] "GET /platby/uwoy9/motorcycle-shirt-kevlar HTTP/1.1" 200 15248 "-" "Mozilla/5.0 (compatible; SemrushBot/7~bl; +http://www.semrush.com/bot.html)"
85.208.96.202 - - [10/Dec/2025:15:45:31 +0100] "GET /platby/hca/components-of-reading-comprehension HTTP/1.1" 200 6823 "-" "Mozilla/5.0 (compatible; SemrushBot/7~bl; +http://www.semrush.com/bot.html)"
185.191.171.8 - - [10/Dec/2025:15:46:10 +0100] "GET /platby/aohwuyx/female-hockey-showcase-2021 HTTP/1.1" 200 10096 "-" "Mozilla/5.0 (compatible; SemrushBot/7~bl; +http://www.semrush.com/bot.html)"
80.248.227.21 - - [10/Dec/2025:15:46:29 +0100] "\x16\x03\x01" 403 265 "-" "-"
85.208.96.203 - - [10/Dec/2025:15:46:31 +0100] "GET /platby/uwoy9/umass-lowell-division-1 HTTP/1.1" 200 11655 "-" "Mozilla/5.0 (compatible; SemrushBot/7~bl; +http://www.semrush.com/bot.html)"
85.208.96.209 - - [10/Dec/2025:15:46:41 +0100] "GET /platby/hca/best-sativa-strains-for-creativity HTTP/1.1" 200 11152 "-" "Mozilla/5.0 (compatible; SemrushBot/7~bl; +http://www.semrush.com/bot.html)"
185.191.171.8 - - [10/Dec/2025:15:46:52 +0100] "GET /platby/aohwuyx/venetian-resort-las-vegas HTTP/1.1" 200 12951 "-" "Mozilla/5.0 (compatible; SemrushBot/7~bl; +http://www.semrush.com/bot.html)"
85.208.96.210 - - [10/Dec/2025:15:46:54 +0100] "GET /platby/72zbxoz/innervisions-festival-2021 HTTP/1.1" 200 12047 "-" "Mozilla/5.0 (compatible; SemrushBot/7~bl; +http://www.semrush.com/bot.html)"
85.208.96.198 - - [10/Dec/2025:15:47:18 +0100] "GET /platby/uwoy9/edward-dogliani-games HTTP/1.1" 200 9648 "-" "Mozilla/5.0 (compatible; SemrushBot/7~bl; +http://www.semrush.com/bot.html)"
185.191.171.17 - - [10/Dec/2025:15:47:32 +0100] "GET /platby/aohwuyx/blue-ocean-strategy-framework HTTP/1.1" 200 9538 "-" "Mozilla/5.0 (compatible; SemrushBot/7~bl; +http://www.semrush.com/bot.html)"
185.191.171.16 - - [10/Dec/2025:15:47:41 +0100] "GET /platby/aohwuyx/types-of-messages-in-business-communication HTTP/1.1" 200 13244 "-" "Mozilla/5.0 (compatible; SemrushBot/7~bl; +http://www.semrush.com/bot.html)"
85.208.96.195 - - [10/Dec/2025:15:47:46 +0100] "GET /platby/hca/rocket-nozzle-design-calculation HTTP/1.1" 200 10331 "-" "Mozilla/5.0 (compatible; SemrushBot/7~bl; +http://www.semrush.com/bot.html)"
185.191.171.6 - - [10/Dec/2025:15:47:55 +0100] "GET /platby/aohwuyx/netspend-cash-advance-apps HTTP/1.1" 200 12561 "-" "Mozilla/5.0 (compatible; SemrushBot/7~bl; +http://www.semrush.com/bot.html)"
85.208.96.210 - - [10/Dec/2025:15:47:57 +0100] "GET /platby/hca/handmade-paper-gift-bags-step-by-step HTTP/1.1" 200 13024 "-" "Mozilla/5.0 (compatible; SemrushBot/7~bl; +http://www.semrush.com/bot.html)"
66.249.79.65 - - [10/Dec/2025:15:48:00 +0100] "\x16\x03\x01\x02" 403 265 "-" "-"
185.191.171.8 - - [10/Dec/2025:15:48:07 +0100] "GET /platby/uwoy9/okta-authorization-server HTTP/1.1" 200 11097 "-" "Mozilla/5.0 (compatible; SemrushBot/7~bl; +http://www.semrush.com/bot.html)"
69.171.230.7 - - [10/Dec/2025:15:48:08 +0100] "\x16\x03\x01\x01O\x01" 403 265 "-" "-"
69.171.230.18 - - [10/Dec/2025:15:48:09 +0100] "\x16\x03\x01\x01O\x01" 403 265 "-" "-"
57.141.6.26 - - [10/Dec/2025:15:48:10 +0100] "\x16\x03\x01\x01O\x01" 403 265 "-" "-"
85.208.96.209 - - [10/Dec/2025:15:48:10 +0100] "GET /platby/aohwuyx/equality-vs-equity-in-education HTTP/1.1" 200 9389 "-" "Mozilla/5.0 (compatible; SemrushBot/7~bl; +http://www.semrush.com/bot.html)"
185.191.171.6 - - [10/Dec/2025:15:48:38 +0100] "GET /platby/hca/directions-to-rutgers-new-brunswick HTTP/1.1" 200 11653 "-" "Mozilla/5.0 (compatible; SemrushBot/7~bl; +http://www.semrush.com/bot.html)"
85.208.96.209 - - [10/Dec/2025:15:48:41 +0100] "GET /platby/aohwuyx/david-silva-designer-yucatan HTTP/1.1" 200 16561 "-" "Mozilla/5.0 (compatible; SemrushBot/7~bl; +http://www.semrush.com/bot.html)"
185.191.171.10 - - [10/Dec/2025:15:48:47 +0100] "GET /platby/hca/nike-strawberry-cough-where-to-buy HTTP/1.1" 200 6538 "-" "Mozilla/5.0 (compatible; SemrushBot/7~bl; +http://www.semrush.com/bot.html)"
185.191.171.1 - - [10/Dec/2025:15:49:09 +0100] "GET /platby/qqap/critical%2Fanalytical-listening-examples HTTP/1.1" 404 809 "-" "Mozilla/5.0 (compatible; SemrushBot/7~bl; +http://www.semrush.com/bot.html)"
85.208.96.207 - - [10/Dec/2025:15:49:19 +0100] "GET /platby/qqap/mott-community-college-login HTTP/1.1" 200 7738 "-" "Mozilla/5.0 (compatible; SemrushBot/7~bl; +http://www.semrush.com/bot.html)"
157.245.40.212 - - [10/Dec/2025:15:49:30 +0100] "\x16\x03\x01\x02" 403 265 "-" "-"
185.191.171.19 - - [10/Dec/2025:15:49:32 +0100] "GET /platby/qqap/frank-kelly-rally-death HTTP/1.1" 200 12426 "-" "Mozilla/5.0 (compatible; SemrushBot/7~bl; +http://www.semrush.com/bot.html)"
85.208.96.211 - - [10/Dec/2025:15:50:21 +0100] "GET /platby/qqap/who-signed-the-treaty-of-versailles HTTP/1.1" 200 7243 "-" "Mozilla/5.0 (compatible; SemrushBot/7~bl; +http://www.semrush.com/bot.html)"
85.208.96.206 - - [10/Dec/2025:15:50:40 +0100] "GET /platby/hca/david-villa-liverpool HTTP/1.1" 200 9564 "-" "Mozilla/5.0 (compatible; SemrushBot/7~bl; +http://www.semrush.com/bot.html)"
85.208.96.210 - - [10/Dec/2025:15:50:54 +0100] "GET /platby/uwoy9/fast-food-restaurants HTTP/1.1" 200 14120 "-" "Mozilla/5.0 (compatible; SemrushBot/7~bl; +http://www.semrush.com/bot.html)"
185.191.171.11 - - [10/Dec/2025:15:51:00 +0100] "GET /platby/hca/excel-recent-files-location-windows-10 HTTP/1.1" 200 10501 "-" "Mozilla/5.0 (compatible; SemrushBot/7~bl; +http://www.semrush.com/bot.html)"
85.208.96.195 - - [10/Dec/2025:15:51:13 +0100] "GET /platby/uwoy9/completed-transfer-news-man-city HTTP/1.1" 200 11647 "-" "Mozilla/5.0 (compatible; SemrushBot/7~bl; +http://www.semrush.com/bot.html)"
185.191.171.2 - - [10/Dec/2025:15:51:33 +0100] "GET /platby/qqap/shocks-and-struts-replacement-cost HTTP/1.1" 200 13595 "-" "Mozilla/5.0 (compatible; SemrushBot/7~bl; +http://www.semrush.com/bot.html)"
85.208.96.198 - - [10/Dec/2025:15:51:42 +0100] "GET /platby/uwoy9/didier-drogba-children HTTP/1.1" 200 12648 "-" "Mozilla/5.0 (compatible; SemrushBot/7~bl; +http://www.semrush.com/bot.html)"
185.191.171.16 - - [10/Dec/2025:15:51:44 +0100] "GET /platby/aohwuyx/saguaro-cactus-habitat HTTP/1.1" 200 13116 "-" "Mozilla/5.0 (compatible; SemrushBot/7~bl; +http://www.semrush.com/bot.html)"
85.208.96.198 - - [10/Dec/2025:15:51:47 +0100] "GET /platby/qqap/chris-copeland-invincible HTTP/1.1" 200 4940 "-" "Mozilla/5.0 (compatible; SemrushBot/7~bl; +http://www.semrush.com/bot.html)"
85.208.96.211 - - [10/Dec/2025:15:52:01 +0100] "GET /platby/hca/satchel-pronunciation HTTP/1.1" 200 8920 "-" "Mozilla/5.0 (compatible; SemrushBot/7~bl; +http://www.semrush.com/bot.html)"
85.208.96.197 - - [10/Dec/2025:15:52:03 +0100] "GET /platby/aohwuyx/a-baby-deer-is-called-a-________ HTTP/1.1" 200 15052 "-" "Mozilla/5.0 (compatible; SemrushBot/7~bl; +http://www.semrush.com/bot.html)"
85.208.96.203 - - [10/Dec/2025:15:52:14 +0100] "GET /platby/qqap/jingle-bells-ga-tomaranai HTTP/1.1" 200 7993 "-" "Mozilla/5.0 (compatible; SemrushBot/7~bl; +http://www.semrush.com/bot.html)"
216.244.66.239 - - [10/Dec/2025:15:52:29 +0100] "GET /robots.txt HTTP/1.1" 200 34 "-" "Mozilla/5.0 (compatible; DotBot/1.2; +https://opensiteexplorer.org/dotbot; help@moz.com)"
185.191.171.19 - - [10/Dec/2025:15:52:40 +0100] "GET /platby/hca/grammar-and-citation-checker HTTP/1.1" 200 12244 "-" "Mozilla/5.0 (compatible; SemrushBot/7~bl; +http://www.semrush.com/bot.html)"
185.191.171.17 - - [10/Dec/2025:15:52:49 +0100] "GET /platby/qqap/federal-government-malaysia-pdf HTTP/1.1" 200 10373 "-" "Mozilla/5.0 (compatible; SemrushBot/7~bl; +http://www.semrush.com/bot.html)"
185.191.171.18 - - [10/Dec/2025:15:53:00 +0100] "GET /platby/qqap/northern-state-university-directory HTTP/1.1" 200 8080 "-" "Mozilla/5.0 (compatible; SemrushBot/7~bl; +http://www.semrush.com/bot.html)"
85.208.96.197 - - [10/Dec/2025:15:53:01 +0100] "GET /platby/qqap/blood-eagle-real-life-photo HTTP/1.1" 200 6287 "-" "Mozilla/5.0 (compatible; SemrushBot/7~bl; +http://www.semrush.com/bot.html)"
44.242.152.91 - - [10/Dec/2025:15:53:03 +0100] "\x16\x03\x01\x01p\x01" 403 265 "-" "-"
44.242.152.91 - - [10/Dec/2025:15:53:05 +0100] "\x16\x03\x01\x01t\x01" 403 265 "-" "-"
185.191.171.18 - - [10/Dec/2025:15:53:18 +0100] "GET /platby/qqap/huawei-face-recognition HTTP/1.1" 200 6498 "-" "Mozilla/5.0 (compatible; SemrushBot/7~bl; +http://www.semrush.com/bot.html)"
179.251.162.162 - - [10/Dec/2025:15:53:26 +0100] "GET /platby/qqap/south-dakota-state-football-roster-2018 HTTP/1.1" 200 5827 "-" "Opera/8.16.(Windows NT 10.0; mk-MK) Presto/2.9.175 Version/11.00"
85.208.96.212 - - [10/Dec/2025:15:53:33 +0100] "GET /platby/uwoy9/my-year-of-living-mindfully HTTP/1.1" 200 11129 "-" "Mozilla/5.0 (compatible; SemrushBot/7~bl; +http://www.semrush.com/bot.html)"
185.191.171.17 - - [10/Dec/2025:15:53:45 +0100] "GET /platby/qqap/the-great-reindeer-rebellion HTTP/1.1" 200 10122 "-" "Mozilla/5.0 (compatible; SemrushBot/7~bl; +http://www.semrush.com/bot.html)"
185.191.171.7 - - [10/Dec/2025:15:53:46 +0100] "GET /platby/aohwuyx/linger-cranberries-chords-ukulele HTTP/1.1" 200 10345 "-" "Mozilla/5.0 (compatible; SemrushBot/7~bl; +http://www.semrush.com/bot.html)"
185.191.171.12 - - [10/Dec/2025:15:54:30 +0100] "GET /platby/qqap/butler-university-calendar-2021-2022 HTTP/1.1" 200 13833 "-" "Mozilla/5.0 (compatible; SemrushBot/7~bl; +http://www.semrush.com/bot.html)"
185.191.171.8 - - [10/Dec/2025:15:54:54 +0100] "GET /platby/72zbxoz/lord-valentine's-castle HTTP/1.1" 200 13072 "-" "Mozilla/5.0 (compatible; SemrushBot/7~bl; +http://www.semrush.com/bot.html)"
185.74.60.53 - - [10/Dec/2025:15:55:05 +0100] "\x16\x03\x01\x06\x01\x01" 403 265 "-" "-"
185.74.60.53 - - [10/Dec/2025:15:55:05 +0100] "\x16\x03\x01\x06\x01\x01" 403 265 "-" "-"
185.74.60.53 - - [10/Dec/2025:15:55:05 +0100] "\x16\x03\x01\x06\x01\x01" 403 265 "-" "-"
185.74.60.53 - - [10/Dec/2025:15:55:05 +0100] "\x16\x03\x01\x06\x01\x01" 403 265 "-" "-"
185.191.171.6 - - [10/Dec/2025:15:55:13 +0100] "GET /platby/qqap/stomachache-pronunciation HTTP/1.1" 200 7927 "-" "Mozilla/5.0 (compatible; SemrushBot/7~bl; +http://www.semrush.com/bot.html)"
85.208.96.200 - - [10/Dec/2025:15:55:23 +0100] "GET /platby/72zbxoz/album-cover-with-elephant-head HTTP/1.1" 200 11903 "-" "Mozilla/5.0 (compatible; SemrushBot/7~bl; +http://www.semrush.com/bot.html)"
85.208.96.208 - - [10/Dec/2025:15:55:25 +0100] "GET /platby/aohwuyx/another-word-for-joining-a-group HTTP/1.1" 200 8353 "-" "Mozilla/5.0 (compatible; SemrushBot/7~bl; +http://www.semrush.com/bot.html)"
85.208.96.195 - - [10/Dec/2025:15:55:34 +0100] "GET /platby/qqap/miami-heat-championships HTTP/1.1" 200 9492 "-" "Mozilla/5.0 (compatible; SemrushBot/7~bl; +http://www.semrush.com/bot.html)"
185.191.171.7 - - [10/Dec/2025:15:55:55 +0100] "GET /platby/uwoy9/heat-transfer-analysis-of-fins HTTP/1.1" 200 14500 "-" "Mozilla/5.0 (compatible; SemrushBot/7~bl; +http://www.semrush.com/bot.html)"
185.191.171.12 - - [10/Dec/2025:15:55:57 +0100] "GET /platby/hca/pixel-5-fingerprint-sensor-dirty HTTP/1.1" 200 12842 "-" "Mozilla/5.0 (compatible; SemrushBot/7~bl; +http://www.semrush.com/bot.html)"
185.191.171.15 - - [10/Dec/2025:15:55:59 +0100] "GET /platby/hca/office-of-health-facility-complaints HTTP/1.1" 200 7193 "-" "Mozilla/5.0 (compatible; SemrushBot/7~bl; +http://www.semrush.com/bot.html)"
85.208.96.205 - - [10/Dec/2025:15:56:02 +0100] "GET /platby/aohwuyx/kingdom-hoops-tryouts HTTP/1.1" 200 6892 "-" "Mozilla/5.0 (compatible; SemrushBot/7~bl; +http://www.semrush.com/bot.html)"
185.191.171.6 - - [10/Dec/2025:15:56:26 +0100] "GET /platby/72zbxoz/umass-boston-baseball-roster-2018 HTTP/1.1" 200 9536 "-" "Mozilla/5.0 (compatible; SemrushBot/7~bl; +http://www.semrush.com/bot.html)"
85.208.96.207 - - [10/Dec/2025:15:56:51 +0100] "GET /platby/hca/australian-basketball-players-in-usa HTTP/1.1" 200 6031 "-" "Mozilla/5.0 (compatible; SemrushBot/7~bl; +http://www.semrush.com/bot.html)"
85.208.96.212 - - [10/Dec/2025:15:56:54 +0100] "GET /platby/hca/victor-ibarbo-wife-hospital HTTP/1.1" 200 10458 "-" "Mozilla/5.0 (compatible; SemrushBot/7~bl; +http://www.semrush.com/bot.html)"
185.191.171.8 - - [10/Dec/2025:15:57:06 +0100] "GET /platby/72zbxoz/nba-all-time-3-point-leaders HTTP/1.1" 200 12497 "-" "Mozilla/5.0 (compatible; SemrushBot/7~bl; +http://www.semrush.com/bot.html)"
216.244.66.239 - - [10/Dec/2025:15:57:07 +0100] "GET /platby/aohwuyx/colorblind-filter-chrome HTTP/1.1" 200 49476 "-" "Mozilla/5.0 (compatible; DotBot/1.2; +https://opensiteexplorer.org/dotbot; help@moz.com)"
185.191.171.6 - - [10/Dec/2025:15:57:08 +0100] "GET /platby/qqap/how-to-generate-junit-xml-report HTTP/1.1" 200 7396 "-" "Mozilla/5.0 (compatible; SemrushBot/7~bl; +http://www.semrush.com/bot.html)"
85.208.96.200 - - [10/Dec/2025:15:57:19 +0100] "GET /platby/qqap/ideology-used-in-a-sentence HTTP/1.1" 200 6670 "-" "Mozilla/5.0 (compatible; SemrushBot/7~bl; +http://www.semrush.com/bot.html)"
185.191.171.14 - - [10/Dec/2025:15:57:21 +0100] "GET /platby/qqap/jermain-defoe-current-partner HTTP/1.1" 200 10594 "-" "Mozilla/5.0 (compatible; SemrushBot/7~bl; +http://www.semrush.com/bot.html)"
85.208.96.212 - - [10/Dec/2025:15:57:33 +0100] "GET /platby/hca/xiaomi-mac-address-unavailable HTTP/1.1" 200 12844 "-" "Mozilla/5.0 (compatible; SemrushBot/7~bl; +http://www.semrush.com/bot.html)"
204.76.203.206 - - [10/Dec/2025:15:57:37 +0100] "GET /" 400 468 "-" "-"
216.244.66.239 - - [10/Dec/2025:15:57:44 +0100] "GET /platby/article.php?5d4c26=star-fox-2-guide HTTP/1.1" 200 15383 "-" "Mozilla/5.0 (compatible; DotBot/1.2; +https://opensiteexplorer.org/dotbot; help@moz.com)"
85.208.96.197 - - [10/Dec/2025:15:57:47 +0100] "GET /platby/uwoy9/national-league-scores HTTP/1.1" 200 7243 "-" "Mozilla/5.0 (compatible; SemrushBot/7~bl; +http://www.semrush.com/bot.html)"
216.244.66.239 - - [10/Dec/2025:15:57:48 +0100] "GET /platby/article.php?5d4c26=battle-of-naboo HTTP/1.1" 200 23361 "-" "Mozilla/5.0 (compatible; DotBot/1.2; +https://opensiteexplorer.org/dotbot; help@moz.com)"
216.244.66.239 - - [10/Dec/2025:15:57:52 +0100] "GET /platby/article.php?5d4c26=jordan-kilganon-twitter HTTP/1.1" 200 15938 "-" "Mozilla/5.0 (compatible; DotBot/1.2; +https://opensiteexplorer.org/dotbot; help@moz.com)"
216.244.66.239 - - [10/Dec/2025:15:57:55 +0100] "GET /platby/article.php?5d4c26=junk-jack-mykon HTTP/1.1" 200 14996 "-" "Mozilla/5.0 (compatible; DotBot/1.2; +https://opensiteexplorer.org/dotbot; help@moz.com)"
85.208.96.203 - - [10/Dec/2025:15:57:56 +0100] "GET /platby/uwoy9/best-football-cards-to-invest-in-2020 HTTP/1.1" 200 15861 "-" "Mozilla/5.0 (compatible; SemrushBot/7~bl; +http://www.semrush.com/bot.html)"
216.244.66.239 - - [10/Dec/2025:15:57:58 +0100] "GET /platby/article.php?5d4c26=kids%27-wb-cartoons HTTP/1.1" 200 20436 "-" "Mozilla/5.0 (compatible; DotBot/1.2; +https://opensiteexplorer.org/dotbot; help@moz.com)"
216.244.66.239 - - [10/Dec/2025:15:58:00 +0100] "GET /platby/article.php?5d4c26=lil-wayne---funeral HTTP/1.1" 200 15841 "-" "Mozilla/5.0 (compatible; DotBot/1.2; +https://opensiteexplorer.org/dotbot; help@moz.com)"
216.244.66.239 - - [10/Dec/2025:15:58:03 +0100] "GET /platby/article.php?5d4c26=news-herald-obits HTTP/1.1" 200 20453 "-" "Mozilla/5.0 (compatible; DotBot/1.2; +https://opensiteexplorer.org/dotbot; help@moz.com)"
216.244.66.239 - - [10/Dec/2025:15:58:05 +0100] "GET /platby/article.php?5d4c26=saturn-meaning-astrology HTTP/1.1" 200 21435 "-" "Mozilla/5.0 (compatible; DotBot/1.2; +https://opensiteexplorer.org/dotbot; help@moz.com)"
216.244.66.239 - - [10/Dec/2025:15:58:07 +0100] "GET /platby/article.php?5d4c26=under-contract-meme HTTP/1.1" 200 23877 "-" "Mozilla/5.0 (compatible; DotBot/1.2; +https://opensiteexplorer.org/dotbot; help@moz.com)"
216.244.66.239 - - [10/Dec/2025:15:58:08 +0100] "GET /platby/article.php?5d4c26=Big-Dipper-time HTTP/1.1" 200 16109 "-" "Mozilla/5.0 (compatible; DotBot/1.2; +https://opensiteexplorer.org/dotbot; help@moz.com)"
216.244.66.239 - - [10/Dec/2025:15:58:10 +0100] "GET /platby/article.php?5d4c26=Google-office-California HTTP/1.1" 200 18755 "-" "Mozilla/5.0 (compatible; DotBot/1.2; +https://opensiteexplorer.org/dotbot; help@moz.com)"
216.244.66.239 - - [10/Dec/2025:15:58:11 +0100] "GET /platby/article.php?5d4c26=Reading-live-departures HTTP/1.1" 200 23968 "-" "Mozilla/5.0 (compatible; DotBot/1.2; +https://opensiteexplorer.org/dotbot; help@moz.com)"
216.244.66.239 - - [10/Dec/2025:15:58:12 +0100] "GET /platby/article.php?5d4c26=Wall-plank-Yoga HTTP/1.1" 200 22559 "-" "Mozilla/5.0 (compatible; DotBot/1.2; +https://opensiteexplorer.org/dotbot; help@moz.com)"
216.244.66.239 - - [10/Dec/2025:15:58:13 +0100] "GET /platby/article.php?5d4c26=apple-music-v-spotify HTTP/1.1" 200 26522 "-" "Mozilla/5.0 (compatible; DotBot/1.2; +https://opensiteexplorer.org/dotbot; help@moz.com)"
216.244.66.239 - - [10/Dec/2025:15:58:14 +0100] "GET /platby/article.php?5d4c26=baldwin-funeral-home HTTP/1.1" 200 20917 "-" "Mozilla/5.0 (compatible; DotBot/1.2; +https://opensiteexplorer.org/dotbot; help@moz.com)"
216.244.66.239 - - [10/Dec/2025:15:58:15 +0100] "GET /platby/article.php?5d4c26=city-of-paris%2C-texas HTTP/1.1" 200 15134 "-" "Mozilla/5.0 (compatible; DotBot/1.2; +https://opensiteexplorer.org/dotbot; help@moz.com)"
216.244.66.239 - - [10/Dec/2025:15:58:16 +0100] "GET /platby/article.php?5d4c26=in-a-split-second-sentence HTTP/1.1" 200 19569 "-" "Mozilla/5.0 (compatible; DotBot/1.2; +https://opensiteexplorer.org/dotbot; help@moz.com)"
