85.208.96.198 - - [10/Dec/2025:01:14:01 +0100] "GET /platby/qqap/victor-cruz-super-bowl-stats HTTP/1.1" 200 9955 "-" "Mozilla/5.0 (compatible; SemrushBot/7~bl; +http://www.semrush.com/bot.html)"
185.191.171.11 - - [10/Dec/2025:01:14:08 +0100] "GET /platby/aohwuyx/village-elementary-school-coronado HTTP/1.1" 200 12059 "-" "Mozilla/5.0 (compatible; SemrushBot/7~bl; +http://www.semrush.com/bot.html)"
85.208.96.196 - - [10/Dec/2025:01:14:14 +0100] "GET /platby/qqap/2002-florida-panthers-roster HTTP/1.1" 200 11132 "-" "Mozilla/5.0 (compatible; SemrushBot/7~bl; +http://www.semrush.com/bot.html)"
185.191.171.13 - - [10/Dec/2025:01:14:21 +0100] "GET /platby/72zbxoz/school-of-the-art-institute-of-chicago HTTP/1.1" 200 10820 "-" "Mozilla/5.0 (compatible; SemrushBot/7~bl; +http://www.semrush.com/bot.html)"
185.191.171.15 - - [10/Dec/2025:01:14:33 +0100] "GET /platby/qqap/city-of-dreams-parents-guide HTTP/1.1" 200 8061 "-" "Mozilla/5.0 (compatible; SemrushBot/7~bl; +http://www.semrush.com/bot.html)"
185.191.171.7 - - [10/Dec/2025:01:14:38 +0100] "GET /platby/hca/james-bracey-cricket-school HTTP/1.1" 200 9767 "-" "Mozilla/5.0 (compatible; SemrushBot/7~bl; +http://www.semrush.com/bot.html)"
185.191.171.6 - - [10/Dec/2025:01:15:00 +0100] "GET /platby/uwoy9/percentage-of-black-population-in-missouri HTTP/1.1" 200 14112 "-" "Mozilla/5.0 (compatible; SemrushBot/7~bl; +http://www.semrush.com/bot.html)"
66.249.68.38 - - [10/Dec/2025:01:15:02 +0100] "\x16\x03\x01\x02" 403 265 "-" "-"
185.191.171.13 - - [10/Dec/2025:01:15:07 +0100] "GET /platby/aohwuyx/most-popular-jewelry-2021 HTTP/1.1" 200 12667 "-" "Mozilla/5.0 (compatible; SemrushBot/7~bl; +http://www.semrush.com/bot.html)"
85.208.96.198 - - [10/Dec/2025:01:15:13 +0100] "GET /platby/aohwuyx/native-illinois-plants-for-dry-shade HTTP/1.1" 200 9664 "-" "Mozilla/5.0 (compatible; SemrushBot/7~bl; +http://www.semrush.com/bot.html)"
85.208.96.208 - - [10/Dec/2025:01:15:18 +0100] "GET /platby/qqap/multilayer-perceptron HTTP/1.1" 200 7817 "-" "Mozilla/5.0 (compatible; SemrushBot/7~bl; +http://www.semrush.com/bot.html)"
185.191.171.2 - - [10/Dec/2025:01:15:27 +0100] "GET /platby/uwoy9/xperia-1-fingerprint-sensor-not-ok HTTP/1.1" 200 10162 "-" "Mozilla/5.0 (compatible; SemrushBot/7~bl; +http://www.semrush.com/bot.html)"
185.191.171.7 - - [10/Dec/2025:01:15:33 +0100] "GET /platby/uwoy9/intel-monitoring-software HTTP/1.1" 200 9583 "-" "Mozilla/5.0 (compatible; SemrushBot/7~bl; +http://www.semrush.com/bot.html)"
85.208.96.196 - - [10/Dec/2025:01:15:52 +0100] "GET /platby/hca/thornless-hawthorn-tree-varieties HTTP/1.1" 200 11260 "-" "Mozilla/5.0 (compatible; SemrushBot/7~bl; +http://www.semrush.com/bot.html)"
185.191.171.18 - - [10/Dec/2025:01:16:04 +0100] "GET /platby/72zbxoz/basketball-logo-vector HTTP/1.1" 200 9079 "-" "Mozilla/5.0 (compatible; SemrushBot/7~bl; +http://www.semrush.com/bot.html)"
45.9.168.192 - - [10/Dec/2025:01:16:11 +0100] "\x16\x03\x01" 403 265 "-" "-"
185.191.171.6 - - [10/Dec/2025:01:16:11 +0100] "GET /platby/aohwuyx/mn-nursing-home-survey-results HTTP/1.1" 200 12882 "-" "Mozilla/5.0 (compatible; SemrushBot/7~bl; +http://www.semrush.com/bot.html)"
85.208.96.208 - - [10/Dec/2025:01:16:29 +0100] "GET /platby/hca/aviation-management-in-norway HTTP/1.1" 200 12160 "-" "Mozilla/5.0 (compatible; SemrushBot/7~bl; +http://www.semrush.com/bot.html)"
185.191.171.10 - - [10/Dec/2025:01:16:42 +0100] "GET /platby/qqap/francis-antetokounmpo HTTP/1.1" 200 7493 "-" "Mozilla/5.0 (compatible; SemrushBot/7~bl; +http://www.semrush.com/bot.html)"
85.208.96.199 - - [10/Dec/2025:01:17:25 +0100] "GET /platby/hca/harmful-effects-of-fertilizers-and-pesticides-on-humans HTTP/1.1" 200 7571 "-" "Mozilla/5.0 (compatible; SemrushBot/7~bl; +http://www.semrush.com/bot.html)"
185.191.171.13 - - [10/Dec/2025:01:17:27 +0100] "GET /platby/hca/ritz-carlton,-st-louis-presidential-suite HTTP/1.1" 200 11410 "-" "Mozilla/5.0 (compatible; SemrushBot/7~bl; +http://www.semrush.com/bot.html)"
185.191.171.18 - - [10/Dec/2025:01:17:31 +0100] "GET /platby/72zbxoz/fender-american-vintage-'72-telecaster-thinline HTTP/1.1" 200 14064 "-" "Mozilla/5.0 (compatible; SemrushBot/7~bl; +http://www.semrush.com/bot.html)"
85.208.96.205 - - [10/Dec/2025:01:17:41 +0100] "GET /platby/uwoy9/alek-manoah-girlfriend HTTP/1.1" 200 9697 "-" "Mozilla/5.0 (compatible; SemrushBot/7~bl; +http://www.semrush.com/bot.html)"
185.191.171.19 - - [10/Dec/2025:01:17:56 +0100] "GET /platby/uwoy9/island-of-dreams-the-seekers HTTP/1.1" 200 9620 "-" "Mozilla/5.0 (compatible; SemrushBot/7~bl; +http://www.semrush.com/bot.html)"
85.208.96.211 - - [10/Dec/2025:01:18:34 +0100] "GET /platby/hca/eagle-ridge-apartments-marquette,-mi HTTP/1.1" 200 5483 "-" "Mozilla/5.0 (compatible; SemrushBot/7~bl; +http://www.semrush.com/bot.html)"
85.208.96.211 - - [10/Dec/2025:01:18:40 +0100] "GET /platby/qqap/how-many-chin-ups-should-i-do-to-build-muscle HTTP/1.1" 200 7242 "-" "Mozilla/5.0 (compatible; SemrushBot/7~bl; +http://www.semrush.com/bot.html)"
185.191.171.13 - - [10/Dec/2025:01:18:42 +0100] "GET /platby/uwoy9/commercial-gym-equipment-suppliers HTTP/1.1" 200 10538 "-" "Mozilla/5.0 (compatible; SemrushBot/7~bl; +http://www.semrush.com/bot.html)"
185.191.171.16 - - [10/Dec/2025:01:18:49 +0100] "GET /platby/uwoy9/packers-2018-schedule HTTP/1.1" 200 11694 "-" "Mozilla/5.0 (compatible; SemrushBot/7~bl; +http://www.semrush.com/bot.html)"
85.208.96.199 - - [10/Dec/2025:01:18:59 +0100] "GET /platby/72zbxoz/kansas-city-chiefs-defense-ranking-2019 HTTP/1.1" 200 6432 "-" "Mozilla/5.0 (compatible; SemrushBot/7~bl; +http://www.semrush.com/bot.html)"
85.208.96.194 - - [10/Dec/2025:01:19:09 +0100] "GET /platby/hca/resulted-into-synonym HTTP/1.1" 200 5560 "-" "Mozilla/5.0 (compatible; SemrushBot/7~bl; +http://www.semrush.com/bot.html)"
185.191.171.16 - - [10/Dec/2025:01:19:26 +0100] "GET /platby/aohwuyx/rubicon-skill-development-website HTTP/1.1" 200 8671 "-" "Mozilla/5.0 (compatible; SemrushBot/7~bl; +http://www.semrush.com/bot.html)"
85.208.96.201 - - [10/Dec/2025:01:19:38 +0100] "GET /platby/72zbxoz/adobe-flash-player-icon-on-desktop HTTP/1.1" 200 8888 "-" "Mozilla/5.0 (compatible; SemrushBot/7~bl; +http://www.semrush.com/bot.html)"
185.191.171.1 - - [10/Dec/2025:01:19:40 +0100] "GET /platby/hca/what-happened-to-sheena-easton HTTP/1.1" 200 6522 "-" "Mozilla/5.0 (compatible; SemrushBot/7~bl; +http://www.semrush.com/bot.html)"
185.191.171.2 - - [10/Dec/2025:01:19:43 +0100] "GET /platby/uwoy9/restaurants-in-morristown,-nj HTTP/1.1" 200 13653 "-" "Mozilla/5.0 (compatible; SemrushBot/7~bl; +http://www.semrush.com/bot.html)"
185.191.171.19 - - [10/Dec/2025:01:20:00 +0100] "GET /platby/uwoy9/brewers-west-reading-menu HTTP/1.1" 200 8876 "-" "Mozilla/5.0 (compatible; SemrushBot/7~bl; +http://www.semrush.com/bot.html)"
85.208.96.201 - - [10/Dec/2025:01:20:06 +0100] "GET /platby/uwoy9/state-flower-of-arkansas HTTP/1.1" 200 14755 "-" "Mozilla/5.0 (compatible; SemrushBot/7~bl; +http://www.semrush.com/bot.html)"
85.208.96.209 - - [10/Dec/2025:01:20:11 +0100] "GET /platby/qqap/rights-of-individuals-in-group-homes HTTP/1.1" 200 7593 "-" "Mozilla/5.0 (compatible; SemrushBot/7~bl; +http://www.semrush.com/bot.html)"
185.191.171.13 - - [10/Dec/2025:01:20:30 +0100] "GET /platby/qqap/utah-jazz-font-generator HTTP/1.1" 200 11380 "-" "Mozilla/5.0 (compatible; SemrushBot/7~bl; +http://www.semrush.com/bot.html)"
185.191.171.7 - - [10/Dec/2025:01:21:02 +0100] "GET /platby/uwoy9/brandy-norwood-documentary HTTP/1.1" 200 12682 "-" "Mozilla/5.0 (compatible; SemrushBot/7~bl; +http://www.semrush.com/bot.html)"
85.208.96.203 - - [10/Dec/2025:01:21:28 +0100] "GET /platby/hca/the-cross-has-the-final-word-newsboys-chords HTTP/1.1" 200 11753 "-" "Mozilla/5.0 (compatible; SemrushBot/7~bl; +http://www.semrush.com/bot.html)"
185.191.171.2 - - [10/Dec/2025:01:21:29 +0100] "GET /platby/hca/youngest-player-to-play-in-premier-league HTTP/1.1" 200 11034 "-" "Mozilla/5.0 (compatible; SemrushBot/7~bl; +http://www.semrush.com/bot.html)"
114.119.129.163 - - [10/Dec/2025:01:21:36 +0100] "GET /platby/uwoy9/how-to-execute-test-cases-in-jira-zephyr HTTP/1.1" 200 10445 "http://ispc.klape.eu/platby/uwoy9/living-conditions-of-indigenous-peoples-in-canada" "Mozilla/5.0 (Linux; Android 7.0;) AppleWebKit/537.36 (KHTML, like Gecko) Mobile Safari/537.36 (compatible; PetalBot;+https://webmaster.petalsearch.com/site/petalbot)"
195.177.94.189 - - [10/Dec/2025:01:21:43 +0100] "GET /phpmyadmin/scripts/setup.php HTTP/1.1" 200 11106 "-" "Mozilla/4.0 (compatible; MSIE 6.0; MSIE 5.5; Windows NT 5.1) Opera 7.01 [en]"
195.177.94.189 - - [10/Dec/2025:01:21:43 +0100] "POST /phpmyadmin/scripts/setup.php HTTP/1.1" 200 18608 "http://109.105.49.240:8081/phpmyadmin/scripts/setup.php" "Mozilla/4.0 (compatible; MSIE 6.0; MSIE 5.5; Windows NT 5.1) Opera 7.01 [en]"
185.191.171.11 - - [10/Dec/2025:01:21:44 +0100] "GET /platby/uwoy9/minnesota-football-schedule HTTP/1.1" 200 10619 "-" "Mozilla/5.0 (compatible; SemrushBot/7~bl; +http://www.semrush.com/bot.html)"
85.208.96.201 - - [10/Dec/2025:01:21:46 +0100] "GET /platby/uwoy9/inspire-investing-blog HTTP/1.1" 200 10160 "-" "Mozilla/5.0 (compatible; SemrushBot/7~bl; +http://www.semrush.com/bot.html)"
193.143.1.78 - - [10/Dec/2025:01:23:01 +0100] "\x16\x03\x01\x02" 403 265 "-" "-"
193.143.1.78 - - [10/Dec/2025:01:23:06 +0100] "\x16\x03\x01\x02" 403 265 "-" "-"
193.143.1.78 - - [10/Dec/2025:01:23:06 +0100] "\x16\x03\x01\x02" 403 265 "-" "-"
193.143.1.78 - - [10/Dec/2025:01:23:06 +0100] "\x16\x03\x01\x02" 403 265 "-" "-"
195.177.94.189 - - [10/Dec/2025:01:23:06 +0100] "GET /phpmyadmin/scripts/setup.php HTTP/1.1" 200 11105 "-" "Mozilla/4.0 (compatible; MSIE 6.0; MSIE 5.5; Windows NT 5.1) Opera 7.01 [en]"
195.177.94.189 - - [10/Dec/2025:01:23:08 +0100] "POST /phpmyadmin/scripts/setup.php HTTP/1.1" 200 11105 "http://109.105.49.240:443/phpmyadmin/scripts/setup.php" "Mozilla/4.0 (compatible; MSIE 6.0; MSIE 5.5; Windows NT 5.1) Opera 7.01 [en]"
185.191.171.4 - - [10/Dec/2025:01:23:09 +0100] "GET /platby/aohwuyx/mindfulness-movement-exercises HTTP/1.1" 200 14783 "-" "Mozilla/5.0 (compatible; SemrushBot/7~bl; +http://www.semrush.com/bot.html)"
185.191.171.4 - - [10/Dec/2025:01:23:52 +0100] "GET /platby/aohwuyx/mindfulness-movement-exercises HTTP/1.1" 200 14783 "-" "Mozilla/5.0 (compatible; SemrushBot/7~bl; +http://www.semrush.com/bot.html)"
114.119.129.163 - - [10/Dec/2025:01:23:53 +0100] "GET /platby/qqap/what-does-the-sunglasses-emoji-mean-on-snapchat HTTP/1.1" 200 12028 "http://ispc.klape.eu/platby/qqap/what-does-the-sunglasses-emoji-mean-on-snapchat" "Mozilla/5.0 (Linux; Android 7.0;) AppleWebKit/537.36 (KHTML, like Gecko) Mobile Safari/537.36 (compatible; PetalBot;+https://webmaster.petalsearch.com/site/petalbot)"
23.20.178.124 - - [10/Dec/2025:01:23:58 +0100] "GET /platby/72zbxoz/kiki-hernandez-height HTTP/1.1" 200 13596 "-" "Mozilla/5.0 AppleWebKit/537.36 (KHTML, like Gecko; compatible; Amazonbot/0.1; +https://developer.amazon.com/support/amazonbot) Chrome/119.0.6045.214 Safari/537.36"
18.213.102.186 - - [10/Dec/2025:01:23:59 +0100] "GET /platby/qqap/multi-game-arcade-machine-walmart HTTP/1.1" 200 6687 "-" "Mozilla/5.0 AppleWebKit/537.36 (KHTML, like Gecko; compatible; Amazonbot/0.1; +https://developer.amazon.com/support/amazonbot) Chrome/119.0.6045.214 Safari/537.36"
185.191.171.15 - - [10/Dec/2025:01:24:07 +0100] "GET /platby/aohwuyx/samsung-codes-list-2021 HTTP/1.1" 200 12667 "-" "Mozilla/5.0 (compatible; SemrushBot/7~bl; +http://www.semrush.com/bot.html)"
85.208.96.208 - - [10/Dec/2025:01:24:13 +0100] "GET /platby/72zbxoz/giannis-antetokounmpo-draft-report HTTP/1.1" 200 12685 "-" "Mozilla/5.0 (compatible; SemrushBot/7~bl; +http://www.semrush.com/bot.html)"
85.208.96.201 - - [10/Dec/2025:01:24:17 +0100] "GET /platby/72zbxoz/massart-human-resources HTTP/1.1" 200 9168 "-" "Mozilla/5.0 (compatible; SemrushBot/7~bl; +http://www.semrush.com/bot.html)"
85.208.96.197 - - [10/Dec/2025:01:25:17 +0100] "GET /platby/72zbxoz/village-school-marblehead-staff HTTP/1.1" 200 11448 "-" "Mozilla/5.0 (compatible; SemrushBot/7~bl; +http://www.semrush.com/bot.html)"
114.119.139.112 - - [10/Dec/2025:01:25:22 +0100] "GET /platby/article.php?5d4c26=sam-hoare-the-english-game HTTP/1.1" 200 5549 "http://ispc.klape.eu/platby/article.php?5d4c26=i-just-know" "Mozilla/5.0 (Linux; Android 7.0;) AppleWebKit/537.36 (KHTML, like Gecko) Mobile Safari/537.36 (compatible; PetalBot;+https://webmaster.petalsearch.com/site/petalbot)"
167.86.107.35 - - [10/Dec/2025:01:26:15 +0100] "GET / HTTP/1.1" 200 316 "-" "Mozilla/5.0"
167.86.107.35 - - [10/Dec/2025:01:26:16 +0100] "POST / HTTP/1.1" 404 221 "-" "Mozilla/5.0"
85.208.96.197 - - [10/Dec/2025:01:26:38 +0100] "GET /platby/72zbxoz/village-school-marblehead-staff HTTP/1.1" 200 11448 "-" "Mozilla/5.0 (compatible; SemrushBot/7~bl; +http://www.semrush.com/bot.html)"
85.208.96.196 - - [10/Dec/2025:01:26:41 +0100] "GET /robots.txt HTTP/1.1" 200 54 "-" "Mozilla/5.0 (compatible; SemrushBot/7~bl; +http://www.semrush.com/bot.html)"
85.208.96.196 - - [10/Dec/2025:01:26:42 +0100] "GET /robots.txt HTTP/1.1" 200 54 "-" "Mozilla/5.0 (compatible; SemrushBot/7~bl; +http://www.semrush.com/bot.html)"
114.119.139.112 - - [10/Dec/2025:01:26:42 +0100] "GET /platby/article.php?5d4c26=nwn-sou-great-library HTTP/1.1" 200 4932 "http://ispc.klape.eu/platby/article.php?5d4c26=should-i-get-skyrim-special-edition-or-legendary" "Mozilla/5.0 (Linux; Android 7.0;) AppleWebKit/537.36 (KHTML, like Gecko) Mobile Safari/537.36 (compatible; PetalBot;+https://webmaster.petalsearch.com/site/petalbot)"
185.191.171.16 - - [10/Dec/2025:01:26:45 +0100] "GET /platby/qqap/matthew,-mark,-luke-john HTTP/1.1" 200 8284 "-" "Mozilla/5.0 (compatible; SemrushBot/7~bl; +http://www.semrush.com/bot.html)"
185.191.171.13 - - [10/Dec/2025:01:27:41 +0100] "GET /platby/uwoy9/aleksandar-trajkovski-salary HTTP/1.1" 200 10113 "-" "Mozilla/5.0 (compatible; SemrushBot/7~bl; +http://www.semrush.com/bot.html)"
114.119.140.102 - - [10/Dec/2025:01:28:33 +0100] "GET /platby/aohwuyx/diversity,-equity-and-inclusion-training-for-physicians HTTP/1.1" 200 11801 "http://ispc.klape.eu/platby/aohwuyx/diversity,-equity-and-inclusion-training-for-physicians" "Mozilla/5.0 (Linux; Android 7.0;) AppleWebKit/537.36 (KHTML, like Gecko) Mobile Safari/537.36 (compatible; PetalBot;+https://webmaster.petalsearch.com/site/petalbot)"
185.191.171.13 - - [10/Dec/2025:01:28:38 +0100] "GET /platby/uwoy9/aleksandar-trajkovski-salary HTTP/1.1" 200 10113 "-" "Mozilla/5.0 (compatible; SemrushBot/7~bl; +http://www.semrush.com/bot.html)"
185.191.171.16 - - [10/Dec/2025:01:29:02 +0100] "GET /platby/72zbxoz/silicon-valley-high-school-spanish-3 HTTP/1.1" 200 15108 "-" "Mozilla/5.0 (compatible; SemrushBot/7~bl; +http://www.semrush.com/bot.html)"
114.119.152.142 - - [10/Dec/2025:01:29:03 +0100] "GET /platby/72zbxoz/most-valuable-1996-upper-deck-baseball-cards HTTP/1.1" 200 7745 "http://ispc.klape.eu/platby/72zbxoz/effluent-pronunciation" "Mozilla/5.0 (Linux; Android 7.0;) AppleWebKit/537.36 (KHTML, like Gecko) Mobile Safari/537.36 (compatible; PetalBot;+https://webmaster.petalsearch.com/site/petalbot)"
85.208.96.198 - - [10/Dec/2025:01:29:55 +0100] "GET /platby/aohwuyx/knicks-basketball-sweatshirt,-friends HTTP/1.1" 200 7794 "-" "Mozilla/5.0 (compatible; SemrushBot/7~bl; +http://www.semrush.com/bot.html)"
85.208.96.198 - - [10/Dec/2025:01:30:16 +0100] "GET /platby/aohwuyx/knicks-basketball-sweatshirt,-friends HTTP/1.1" 200 7794 "-" "Mozilla/5.0 (compatible; SemrushBot/7~bl; +http://www.semrush.com/bot.html)"
204.76.203.206 - - [10/Dec/2025:01:30:18 +0100] "GET /" 400 468 "-" "-"
85.208.96.208 - - [10/Dec/2025:01:30:25 +0100] "GET /platby/qqap/shawnee-beauty-college HTTP/1.1" 200 11061 "-" "Mozilla/5.0 (compatible; SemrushBot/7~bl; +http://www.semrush.com/bot.html)"
85.208.96.203 - - [10/Dec/2025:01:30:27 +0100] "GET /platby/uwoy9/government-help-to-buy-scheme HTTP/1.1" 200 10878 "-" "Mozilla/5.0 (compatible; SemrushBot/7~bl; +http://www.semrush.com/bot.html)"
185.191.171.1 - - [10/Dec/2025:01:30:29 +0100] "GET /platby/72zbxoz/marmot-never-summer-weight HTTP/1.1" 200 11007 "-" "Mozilla/5.0 (compatible; SemrushBot/7~bl; +http://www.semrush.com/bot.html)"
85.208.96.197 - - [10/Dec/2025:01:30:30 +0100] "GET /platby/72zbxoz/aerospace-engineering-gate-notes-pdf HTTP/1.1" 200 13452 "-" "Mozilla/5.0 (compatible; SemrushBot/7~bl; +http://www.semrush.com/bot.html)"
185.191.171.14 - - [10/Dec/2025:01:30:32 +0100] "GET /platby/hca/deer-resistant-shade-plants-ohio HTTP/1.1" 200 11374 "-" "Mozilla/5.0 (compatible; SemrushBot/7~bl; +http://www.semrush.com/bot.html)"
85.208.96.206 - - [10/Dec/2025:01:30:35 +0100] "GET /platby/72zbxoz/tony-delk-50-point-game HTTP/1.1" 200 9034 "-" "Mozilla/5.0 (compatible; SemrushBot/7~bl; +http://www.semrush.com/bot.html)"
185.191.171.1 - - [10/Dec/2025:01:30:36 +0100] "GET /platby/hca/chin-basketball-player HTTP/1.1" 200 11887 "-" "Mozilla/5.0 (compatible; SemrushBot/7~bl; +http://www.semrush.com/bot.html)"
185.191.171.2 - - [10/Dec/2025:01:30:38 +0100] "GET /platby/uwoy9/midamerica-nazarene-university HTTP/1.1" 200 9039 "-" "Mozilla/5.0 (compatible; SemrushBot/7~bl; +http://www.semrush.com/bot.html)"
85.208.96.208 - - [10/Dec/2025:01:30:39 +0100] "GET /platby/hca/dell-xps-15-fingerprint-reader-setup HTTP/1.1" 200 8011 "-" "Mozilla/5.0 (compatible; SemrushBot/7~bl; +http://www.semrush.com/bot.html)"
185.191.171.1 - - [10/Dec/2025:01:30:41 +0100] "GET /platby/hca/the-social-dilemma-sparknotes HTTP/1.1" 200 9167 "-" "Mozilla/5.0 (compatible; SemrushBot/7~bl; +http://www.semrush.com/bot.html)"
85.208.96.201 - - [10/Dec/2025:01:30:43 +0100] "GET /platby/qqap/ncaa-baseball-mercy-rule-2021 HTTP/1.1" 200 12830 "-" "Mozilla/5.0 (compatible; SemrushBot/7~bl; +http://www.semrush.com/bot.html)"
185.191.171.16 - - [10/Dec/2025:01:30:44 +0100] "GET /platby/uwoy9/entertainment-news-mirror HTTP/1.1" 200 12533 "-" "Mozilla/5.0 (compatible; SemrushBot/7~bl; +http://www.semrush.com/bot.html)"
185.191.171.2 - - [10/Dec/2025:01:30:46 +0100] "GET /platby/72zbxoz/allendale-columbia-school HTTP/1.1" 200 8074 "-" "Mozilla/5.0 (compatible; SemrushBot/7~bl; +http://www.semrush.com/bot.html)"
85.208.96.203 - - [10/Dec/2025:01:30:47 +0100] "GET /platby/72zbxoz/gerald-schoenfeld-theatre-seating HTTP/1.1" 200 11549 "-" "Mozilla/5.0 (compatible; SemrushBot/7~bl; +http://www.semrush.com/bot.html)"
85.208.96.193 - - [10/Dec/2025:01:30:49 +0100] "GET /platby/72zbxoz/ubuntu-fingerprint-reader-acer HTTP/1.1" 200 11093 "-" "Mozilla/5.0 (compatible; SemrushBot/7~bl; +http://www.semrush.com/bot.html)"
85.208.96.197 - - [10/Dec/2025:01:30:50 +0100] "GET /platby/qqap/holy-word:-salvation-shadowlands HTTP/1.1" 200 8248 "-" "Mozilla/5.0 (compatible; SemrushBot/7~bl; +http://www.semrush.com/bot.html)"
185.191.171.12 - - [10/Dec/2025:01:30:53 +0100] "GET /platby/uwoy9/whiteness-contract-with-the-devil HTTP/1.1" 200 8805 "-" "Mozilla/5.0 (compatible; SemrushBot/7~bl; +http://www.semrush.com/bot.html)"
185.191.171.18 - - [10/Dec/2025:01:30:54 +0100] "GET /platby/aohwuyx/custom-made-jewelry-charlotte,-nc HTTP/1.1" 200 9233 "-" "Mozilla/5.0 (compatible; SemrushBot/7~bl; +http://www.semrush.com/bot.html)"
85.208.96.206 - - [10/Dec/2025:01:30:56 +0100] "GET /platby/72zbxoz/direct-crossword-clue HTTP/1.1" 200 10426 "-" "Mozilla/5.0 (compatible; SemrushBot/7~bl; +http://www.semrush.com/bot.html)"
185.191.171.14 - - [10/Dec/2025:01:30:58 +0100] "GET /platby/qqap/water-country-usa-weight-limit HTTP/1.1" 200 9421 "-" "Mozilla/5.0 (compatible; SemrushBot/7~bl; +http://www.semrush.com/bot.html)"
185.191.171.14 - - [10/Dec/2025:01:31:00 +0100] "GET /platby/aohwuyx/microsoft-sharepoint-workspace HTTP/1.1" 200 10999 "-" "Mozilla/5.0 (compatible; SemrushBot/7~bl; +http://www.semrush.com/bot.html)"
85.208.96.197 - - [10/Dec/2025:01:31:02 +0100] "GET /platby/hca/homes-for-sale-north-zulch,-tx HTTP/1.1" 200 9851 "-" "Mozilla/5.0 (compatible; SemrushBot/7~bl; +http://www.semrush.com/bot.html)"
185.191.171.14 - - [10/Dec/2025:01:31:04 +0100] "GET /platby/72zbxoz/apartments-for-rent-in-birdsboro,-pa HTTP/1.1" 200 10293 "-" "Mozilla/5.0 (compatible; SemrushBot/7~bl; +http://www.semrush.com/bot.html)"
185.191.171.14 - - [10/Dec/2025:01:31:06 +0100] "GET /platby/72zbxoz/aaa-replica-designer-shoes HTTP/1.1" 200 14436 "-" "Mozilla/5.0 (compatible; SemrushBot/7~bl; +http://www.semrush.com/bot.html)"
185.191.171.1 - - [10/Dec/2025:01:31:08 +0100] "GET /platby/aohwuyx/panini-prizm-football-2020-walmart HTTP/1.1" 200 12210 "-" "Mozilla/5.0 (compatible; SemrushBot/7~bl; +http://www.semrush.com/bot.html)"
85.208.96.206 - - [10/Dec/2025:01:31:10 +0100] "GET /platby/uwoy9/hubble-space-telescope-birthday HTTP/1.1" 200 11186 "-" "Mozilla/5.0 (compatible; SemrushBot/7~bl; +http://www.semrush.com/bot.html)"
185.191.171.1 - - [10/Dec/2025:01:31:12 +0100] "GET /platby/uwoy9/what-happened-to-luol-deng HTTP/1.1" 200 13185 "-" "Mozilla/5.0 (compatible; SemrushBot/7~bl; +http://www.semrush.com/bot.html)"
185.191.171.14 - - [10/Dec/2025:01:31:14 +0100] "GET /platby/uwoy9/denver-broncos-schedule-2020 HTTP/1.1" 200 11660 "-" "Mozilla/5.0 (compatible; SemrushBot/7~bl; +http://www.semrush.com/bot.html)"
176.65.149.34 - - [10/Dec/2025:01:31:16 +0100] "GET /index.htm HTTP/1.1" 404 273 "-" "Mozilla/5.0"
176.65.149.34 - - [10/Dec/2025:01:31:16 +0100] "1111\x0c\x01" 400 291 "-" "-"
176.65.149.34 - - [10/Dec/2025:01:31:16 +0100] "1111\x88" 501 272 "-" "-"
176.65.149.34 - - [10/Dec/2025:01:31:16 +0100] "GET / HTTP/1.1" 200 516 "-" "-"
176.65.149.34 - - [10/Dec/2025:01:31:16 +0100] "\x16\x03\x01\x05\xac\x01" 501 273 "-" "-"
185.191.171.1 - - [10/Dec/2025:01:31:16 +0100] "GET /platby/aohwuyx/examples-of-lockdown-in-the-bible HTTP/1.1" 200 8275 "-" "Mozilla/5.0 (compatible; SemrushBot/7~bl; +http://www.semrush.com/bot.html)"
176.65.149.34 - - [10/Dec/2025:01:31:17 +0100] "1111\x88" 501 272 "-" "-"
85.208.96.197 - - [10/Dec/2025:01:31:18 +0100] "GET /platby/uwoy9/the-7-principles-of-complete-co-creation-pdf HTTP/1.1" 200 8416 "-" "Mozilla/5.0 (compatible; SemrushBot/7~bl; +http://www.semrush.com/bot.html)"
176.65.149.34 - - [10/Dec/2025:01:31:19 +0100] "1111\x88" 501 272 "-" "-"
204.76.203.206 - - [10/Dec/2025:01:31:20 +0100] "GET / HTTP/1.1" 200 316 "-" "Mozilla/5.0 (Windows NT 10.0; Win64; x64) AppleWebKit/537.36 (KHTML, like Gecko) Chrome/90.0.4430.85 Safari/537.36 Edg/90.0.818.46"
85.208.96.206 - - [10/Dec/2025:01:31:20 +0100] "GET /platby/qqap/model-rocket-kits-for-adults HTTP/1.1" 200 13754 "-" "Mozilla/5.0 (compatible; SemrushBot/7~bl; +http://www.semrush.com/bot.html)"
85.208.96.211 - - [10/Dec/2025:01:31:22 +0100] "GET /platby/hca/apoel-champions-league-2020 HTTP/1.1" 200 8596 "-" "Mozilla/5.0 (compatible; SemrushBot/7~bl; +http://www.semrush.com/bot.html)"
185.191.171.14 - - [10/Dec/2025:01:31:26 +0100] "GET /platby/72zbxoz/magazine-associations HTTP/1.1" 200 13107 "-" "Mozilla/5.0 (compatible; SemrushBot/7~bl; +http://www.semrush.com/bot.html)"
85.208.96.205 - - [10/Dec/2025:01:31:28 +0100] "GET /platby/aohwuyx/ending-toxic-relationships HTTP/1.1" 200 13629 "-" "Mozilla/5.0 (compatible; SemrushBot/7~bl; +http://www.semrush.com/bot.html)"
85.208.96.201 - - [10/Dec/2025:01:31:30 +0100] "GET /platby/aohwuyx/construction-project-folder-structure HTTP/1.1" 200 13734 "-" "Mozilla/5.0 (compatible; SemrushBot/7~bl; +http://www.semrush.com/bot.html)"
85.208.96.202 - - [10/Dec/2025:01:31:31 +0100] "GET /platby/72zbxoz/jordan-citizenship-by-marriage HTTP/1.1" 200 14931 "-" "Mozilla/5.0 (compatible; SemrushBot/7~bl; +http://www.semrush.com/bot.html)"
185.191.171.14 - - [10/Dec/2025:01:31:34 +0100] "GET /platby/72zbxoz/la-mer-moisturizing-cool-gel-cream-dupe HTTP/1.1" 200 14295 "-" "Mozilla/5.0 (compatible; SemrushBot/7~bl; +http://www.semrush.com/bot.html)"
85.208.96.202 - - [10/Dec/2025:01:31:52 +0100] "GET /platby/72zbxoz/purpose-of-theory-of-evolution HTTP/1.1" 200 14006 "-" "Mozilla/5.0 (compatible; SemrushBot/7~bl; +http://www.semrush.com/bot.html)"
85.208.96.208 - - [10/Dec/2025:01:32:05 +0100] "GET /platby/hca/monument-mountain-utah HTTP/1.1" 200 6507 "-" "Mozilla/5.0 (compatible; SemrushBot/7~bl; +http://www.semrush.com/bot.html)"
85.208.96.200 - - [10/Dec/2025:01:32:06 +0100] "GET /platby/72zbxoz/everything-must-change-backing-track HTTP/1.1" 200 11122 "-" "Mozilla/5.0 (compatible; SemrushBot/7~bl; +http://www.semrush.com/bot.html)"
85.208.96.200 - - [10/Dec/2025:01:32:08 +0100] "GET /platby/uwoy9/sony-xperia-1-ii-case-liquid-crystal HTTP/1.1" 200 7748 "-" "Mozilla/5.0 (compatible; SemrushBot/7~bl; +http://www.semrush.com/bot.html)"
185.191.171.3 - - [10/Dec/2025:01:32:16 +0100] "GET /platby/hca/umms-hr-connections-employee HTTP/1.1" 200 9732 "-" "Mozilla/5.0 (compatible; SemrushBot/7~bl; +http://www.semrush.com/bot.html)"
85.208.96.195 - - [10/Dec/2025:01:32:18 +0100] "GET /platby/uwoy9/judge-julius-hoffman-wife HTTP/1.1" 200 11713 "-" "Mozilla/5.0 (compatible; SemrushBot/7~bl; +http://www.semrush.com/bot.html)"
185.191.171.15 - - [10/Dec/2025:01:32:42 +0100] "GET /platby/aohwuyx/best-commercial-solar-panels HTTP/1.1" 200 15357 "-" "Mozilla/5.0 (compatible; SemrushBot/7~bl; +http://www.semrush.com/bot.html)"
85.208.96.200 - - [10/Dec/2025:01:32:52 +0100] "GET /platby/uwoy9/react-localstorage-vs-sessionstorage HTTP/1.1" 200 10074 "-" "Mozilla/5.0 (compatible; SemrushBot/7~bl; +http://www.semrush.com/bot.html)"
185.191.171.18 - - [10/Dec/2025:01:33:07 +0100] "GET /platby/72zbxoz/simplified-lrfd-bridge-design-pdf HTTP/1.1" 200 11426 "-" "Mozilla/5.0 (compatible; SemrushBot/7~bl; +http://www.semrush.com/bot.html)"
185.191.171.2 - - [10/Dec/2025:01:33:32 +0100] "GET /platby/uwoy9/jira-dashboard-gadgets-marketplace HTTP/1.1" 200 10104 "-" "Mozilla/5.0 (compatible; SemrushBot/7~bl; +http://www.semrush.com/bot.html)"
85.208.96.211 - - [10/Dec/2025:01:34:05 +0100] "GET /platby/uwoy9/global-issues-topics-2021 HTTP/1.1" 200 11547 "-" "Mozilla/5.0 (compatible; SemrushBot/7~bl; +http://www.semrush.com/bot.html)"
185.191.171.12 - - [10/Dec/2025:01:34:09 +0100] "GET /platby/qqap/pekin-ducks-male-vs-female HTTP/1.1" 200 9315 "-" "Mozilla/5.0 (compatible; SemrushBot/7~bl; +http://www.semrush.com/bot.html)"
85.208.96.210 - - [10/Dec/2025:01:34:18 +0100] "GET /platby/aohwuyx/san-antonio-fc-players-salary HTTP/1.1" 200 13769 "-" "Mozilla/5.0 (compatible; SemrushBot/7~bl; +http://www.semrush.com/bot.html)"
85.208.96.211 - - [10/Dec/2025:01:34:21 +0100] "GET /platby/qqap/wireless-charging-phones-list HTTP/1.1" 200 8367 "-" "Mozilla/5.0 (compatible; SemrushBot/7~bl; +http://www.semrush.com/bot.html)"
85.208.96.202 - - [10/Dec/2025:01:34:25 +0100] "GET /platby/aohwuyx/volunteer-computing-projects HTTP/1.1" 200 9209 "-" "Mozilla/5.0 (compatible; SemrushBot/7~bl; +http://www.semrush.com/bot.html)"
185.191.171.19 - - [10/Dec/2025:01:34:27 +0100] "GET /platby/qqap/outdoor-games-lesson-plan HTTP/1.1" 200 13989 "-" "Mozilla/5.0 (compatible; SemrushBot/7~bl; +http://www.semrush.com/bot.html)"
185.191.171.14 - - [10/Dec/2025:01:34:51 +0100] "GET /platby/72zbxoz/austin-herro-high-school-stats HTTP/1.1" 200 12650 "-" "Mozilla/5.0 (compatible; SemrushBot/7~bl; +http://www.semrush.com/bot.html)"
85.208.96.211 - - [10/Dec/2025:01:34:53 +0100] "GET /platby/hca/national-union-insurance-commercials HTTP/1.1" 200 4884 "-" "Mozilla/5.0 (compatible; SemrushBot/7~bl; +http://www.semrush.com/bot.html)"
185.191.171.19 - - [10/Dec/2025:01:34:57 +0100] "GET /platby/72zbxoz/fresno-state-softball HTTP/1.1" 200 8953 "-" "Mozilla/5.0 (compatible; SemrushBot/7~bl; +http://www.semrush.com/bot.html)"
79.124.40.174 - - [10/Dec/2025:01:35:18 +0100] "GET /jars HTTP/1.1" 404 225 "-" "Mozilla/5.0 (Windows NT 10.0; Win64; x64) AppleWebKit/537.36 (KHTML, like Gecko) Chrome/78.0.3904.108 Safari/537.36"
185.191.171.6 - - [10/Dec/2025:01:35:40 +0100] "GET /platby/aohwuyx/to-create-the-work-breakdown-structure-a-project-manager HTTP/1.1" 200 10611 "-" "Mozilla/5.0 (compatible; SemrushBot/7~bl; +http://www.semrush.com/bot.html)"
185.191.171.16 - - [10/Dec/2025:01:35:58 +0100] "GET /platby/qqap/web-camera-full-hd-1080p-instructions HTTP/1.1" 200 13790 "-" "Mozilla/5.0 (compatible; SemrushBot/7~bl; +http://www.semrush.com/bot.html)"
185.191.171.3 - - [10/Dec/2025:01:36:00 +0100] "GET /platby/72zbxoz/pan-american-international-high-school HTTP/1.1" 200 11683 "-" "Mozilla/5.0 (compatible; SemrushBot/7~bl; +http://www.semrush.com/bot.html)"
85.208.96.210 - - [10/Dec/2025:01:36:06 +0100] "GET /platby/72zbxoz/tula-24-7-moisture-dupe HTTP/1.1" 200 13847 "-" "Mozilla/5.0 (compatible; SemrushBot/7~bl; +http://www.semrush.com/bot.html)"
85.208.96.198 - - [10/Dec/2025:01:36:11 +0100] "GET /platby/aohwuyx/fallout-76-companions-follow HTTP/1.1" 200 12775 "-" "Mozilla/5.0 (compatible; SemrushBot/7~bl; +http://www.semrush.com/bot.html)"
85.208.96.212 - - [10/Dec/2025:01:36:16 +0100] "GET /platby/hca/121-villaggio-dr,-lafayette,-la-70508 HTTP/1.1" 200 8496 "-" "Mozilla/5.0 (compatible; SemrushBot/7~bl; +http://www.semrush.com/bot.html)"
85.208.96.211 - - [10/Dec/2025:01:36:26 +0100] "GET /platby/uwoy9/if-it-ain't-rough,-it-ain't-right HTTP/1.1" 200 9104 "-" "Mozilla/5.0 (compatible; SemrushBot/7~bl; +http://www.semrush.com/bot.html)"
85.208.96.210 - - [10/Dec/2025:01:36:46 +0100] "GET /platby/uwoy9/cleveland-browns-tickets---stubhub HTTP/1.1" 200 10124 "-" "Mozilla/5.0 (compatible; SemrushBot/7~bl; +http://www.semrush.com/bot.html)"
85.208.96.200 - - [10/Dec/2025:01:37:06 +0100] "GET /platby/uwoy9/weber-state-football-schedule-2021 HTTP/1.1" 200 10769 "-" "Mozilla/5.0 (compatible; SemrushBot/7~bl; +http://www.semrush.com/bot.html)"
185.191.171.8 - - [10/Dec/2025:01:37:10 +0100] "GET /platby/uwoy9/mullein-skin-benefits HTTP/1.1" 200 15182 "-" "Mozilla/5.0 (compatible; SemrushBot/7~bl; +http://www.semrush.com/bot.html)"
85.208.96.201 - - [10/Dec/2025:01:38:00 +0100] "GET /platby/aohwuyx/admiral,-nagumo-death HTTP/1.1" 200 14144 "-" "Mozilla/5.0 (compatible; SemrushBot/7~bl; +http://www.semrush.com/bot.html)"
85.208.96.193 - - [10/Dec/2025:01:38:52 +0100] "GET /platby/hca/true-cognitive-diversity HTTP/1.1" 200 12536 "-" "Mozilla/5.0 (compatible; SemrushBot/7~bl; +http://www.semrush.com/bot.html)"
185.191.171.14 - - [10/Dec/2025:01:39:04 +0100] "GET /platby/aohwuyx/what-does-persephone-mean HTTP/1.1" 200 12270 "-" "Mozilla/5.0 (compatible; SemrushBot/7~bl; +http://www.semrush.com/bot.html)"
185.191.171.14 - - [10/Dec/2025:01:39:07 +0100] "GET /platby/qqap/jennifer-connelly-2020 HTTP/1.1" 200 6508 "-" "Mozilla/5.0 (compatible; SemrushBot/7~bl; +http://www.semrush.com/bot.html)"
85.208.96.211 - - [10/Dec/2025:01:39:09 +0100] "GET /platby/72zbxoz/breathing-space-in-relationship HTTP/1.1" 200 9609 "-" "Mozilla/5.0 (compatible; SemrushBot/7~bl; +http://www.semrush.com/bot.html)"
185.191.171.5 - - [10/Dec/2025:01:39:10 +0100] "GET /platby/hca/horry-county-schools-summer-school-2020 HTTP/1.1" 200 6222 "-" "Mozilla/5.0 (compatible; SemrushBot/7~bl; +http://www.semrush.com/bot.html)"
85.208.96.200 - - [10/Dec/2025:01:39:12 +0100] "GET /platby/uwoy9/ikea-college-park-zip-code HTTP/1.1" 200 11757 "-" "Mozilla/5.0 (compatible; SemrushBot/7~bl; +http://www.semrush.com/bot.html)"
185.191.171.14 - - [10/Dec/2025:01:39:14 +0100] "GET /platby/hca/what-time-should-a-10-year-old-go-to-bed HTTP/1.1" 200 7148 "-" "Mozilla/5.0 (compatible; SemrushBot/7~bl; +http://www.semrush.com/bot.html)"
85.208.96.197 - - [10/Dec/2025:01:39:15 +0100] "GET /platby/hca/martin-van-buren-high-school-shooting HTTP/1.1" 200 5416 "-" "Mozilla/5.0 (compatible; SemrushBot/7~bl; +http://www.semrush.com/bot.html)"
185.191.171.10 - - [10/Dec/2025:01:39:16 +0100] "GET /platby/72zbxoz/pharaoh-code-board-game HTTP/1.1" 200 11154 "-" "Mozilla/5.0 (compatible; SemrushBot/7~bl; +http://www.semrush.com/bot.html)"
185.191.171.16 - - [10/Dec/2025:01:39:41 +0100] "GET /platby/hca/implicit-bias-training-for-teachers HTTP/1.1" 200 9960 "-" "Mozilla/5.0 (compatible; SemrushBot/7~bl; +http://www.semrush.com/bot.html)"
85.208.96.209 - - [10/Dec/2025:01:39:59 +0100] "GET /platby/uwoy9/engineering-mechanics:-statics-9th-edition-solutions-pdf HTTP/1.1" 200 12525 "-" "Mozilla/5.0 (compatible; SemrushBot/7~bl; +http://www.semrush.com/bot.html)"
85.208.96.209 - - [10/Dec/2025:01:40:02 +0100] "GET /platby/aohwuyx/raytheon-missiles-and-defense-revenue HTTP/1.1" 200 9857 "-" "Mozilla/5.0 (compatible; SemrushBot/7~bl; +http://www.semrush.com/bot.html)"
85.208.96.203 - - [10/Dec/2025:01:40:15 +0100] "GET /platby/aohwuyx/dacula-high-school-football HTTP/1.1" 200 14244 "-" "Mozilla/5.0 (compatible; SemrushBot/7~bl; +http://www.semrush.com/bot.html)"
185.191.171.13 - - [10/Dec/2025:01:40:17 +0100] "GET /platby/aohwuyx/purple-wildflowers-nebraska HTTP/1.1" 200 7861 "-" "Mozilla/5.0 (compatible; SemrushBot/7~bl; +http://www.semrush.com/bot.html)"
85.208.96.210 - - [10/Dec/2025:01:40:22 +0100] "GET /platby/qqap/donnie-keshawarz-sopranos HTTP/1.1" 200 11047 "-" "Mozilla/5.0 (compatible; SemrushBot/7~bl; +http://www.semrush.com/bot.html)"
85.208.96.206 - - [10/Dec/2025:01:40:31 +0100] "GET /platby/qqap/florian-hartenstein-oregon HTTP/1.1" 200 9311 "-" "Mozilla/5.0 (compatible; SemrushBot/7~bl; +http://www.semrush.com/bot.html)"
85.208.96.194 - - [10/Dec/2025:01:40:50 +0100] "GET /platby/uwoy9/recordissues-jenkins-pipeline HTTP/1.1" 200 16234 "-" "Mozilla/5.0 (compatible; SemrushBot/7~bl; +http://www.semrush.com/bot.html)"
85.208.96.201 - - [10/Dec/2025:01:41:10 +0100] "GET /platby/aohwuyx/psychopathy-pronunciation HTTP/1.1" 200 10274 "-" "Mozilla/5.0 (compatible; SemrushBot/7~bl; +http://www.semrush.com/bot.html)"
85.208.96.209 - - [10/Dec/2025:01:41:11 +0100] "GET /platby/qqap/command-prompt-tricks,-hacks-&-codes HTTP/1.1" 200 8275 "-" "Mozilla/5.0 (compatible; SemrushBot/7~bl; +http://www.semrush.com/bot.html)"
20.168.122.37 - - [10/Dec/2025:01:41:24 +0100] "MGLNDD_109.105.49.240_8081" 501 293 "-" "-"
104.210.140.133 - - [10/Dec/2025:01:42:04 +0100] "\x16\x03\x01\x02" 403 265 "-" "-"
104.210.140.132 - - [10/Dec/2025:01:42:06 +0100] "\x16\x03\x01\x02" 403 265 "-" "-"
104.210.140.142 - - [10/Dec/2025:01:42:07 +0100] "\x16\x03\x01\x02" 403 265 "-" "-"
104.210.140.131 - - [10/Dec/2025:01:42:08 +0100] "\x16\x03\x01\x02" 403 265 "-" "-"
104.210.140.136 - - [10/Dec/2025:01:42:08 +0100] "\x16\x03\x01\x02" 403 265 "-" "-"
104.210.140.139 - - [10/Dec/2025:01:42:08 +0100] "\x16\x03\x01\x020\x01" 403 265 "-" "-"
85.208.96.204 - - [10/Dec/2025:01:42:08 +0100] "GET /platby/hca/do-you-believe-in-love,-after-love HTTP/1.1" 200 12400 "-" "Mozilla/5.0 (compatible; SemrushBot/7~bl; +http://www.semrush.com/bot.html)"
85.208.96.201 - - [10/Dec/2025:01:42:20 +0100] "GET /platby/qqap/can-a-cracked-screen-cause-glitching HTTP/1.1" 200 12152 "-" "Mozilla/5.0 (compatible; SemrushBot/7~bl; +http://www.semrush.com/bot.html)"
185.191.171.12 - - [10/Dec/2025:01:42:25 +0100] "GET /platby/uwoy9/monaco-population-by-religion HTTP/1.1" 200 10312 "-" "Mozilla/5.0 (compatible; SemrushBot/7~bl; +http://www.semrush.com/bot.html)"
185.191.171.6 - - [10/Dec/2025:01:42:27 +0100] "GET /platby/uwoy9/leah-fletcher-and-henry-simmons HTTP/1.1" 200 11767 "-" "Mozilla/5.0 (compatible; SemrushBot/7~bl; +http://www.semrush.com/bot.html)"
85.208.96.198 - - [10/Dec/2025:01:42:29 +0100] "GET /platby/uwoy9/dei-committee-best-practices HTTP/1.1" 200 9719 "-" "Mozilla/5.0 (compatible; SemrushBot/7~bl; +http://www.semrush.com/bot.html)"
85.208.96.200 - - [10/Dec/2025:01:42:35 +0100] "GET /platby/aohwuyx/ginza,-tokyo-shopping HTTP/1.1" 200 10146 "-" "Mozilla/5.0 (compatible; SemrushBot/7~bl; +http://www.semrush.com/bot.html)"
85.208.96.200 - - [10/Dec/2025:01:42:49 +0100] "GET /platby/aohwuyx/student-life-johns-hopkins HTTP/1.1" 200 10184 "-" "Mozilla/5.0 (compatible; SemrushBot/7~bl; +http://www.semrush.com/bot.html)"
85.208.96.198 - - [10/Dec/2025:01:42:54 +0100] "GET /platby/qqap/ibc-2015-plumbing-fixture-count HTTP/1.1" 200 5803 "-" "Mozilla/5.0 (compatible; SemrushBot/7~bl; +http://www.semrush.com/bot.html)"
85.208.96.210 - - [10/Dec/2025:01:42:56 +0100] "GET /platby/uwoy9/living-conditions-of-indigenous-peoples-in-canada HTTP/1.1" 200 14278 "-" "Mozilla/5.0 (compatible; SemrushBot/7~bl; +http://www.semrush.com/bot.html)"
185.191.171.4 - - [10/Dec/2025:01:43:19 +0100] "GET /platby/72zbxoz/santana-earth,-wind-and-fire-tour-2022 HTTP/1.1" 200 11813 "-" "Mozilla/5.0 (compatible; SemrushBot/7~bl; +http://www.semrush.com/bot.html)"
85.208.96.206 - - [10/Dec/2025:01:43:21 +0100] "GET /platby/aohwuyx/green-crack-vs-sour-diesel HTTP/1.1" 200 12306 "-" "Mozilla/5.0 (compatible; SemrushBot/7~bl; +http://www.semrush.com/bot.html)"
185.191.171.6 - - [10/Dec/2025:01:44:04 +0100] "GET /platby/aohwuyx/mountain-chickadee-range HTTP/1.1" 200 14037 "-" "Mozilla/5.0 (compatible; SemrushBot/7~bl; +http://www.semrush.com/bot.html)"
85.208.96.210 - - [10/Dec/2025:01:44:19 +0100] "GET /platby/hca/alternative-to-yours-truly HTTP/1.1" 200 7010 "-" "Mozilla/5.0 (compatible; SemrushBot/7~bl; +http://www.semrush.com/bot.html)"
85.208.96.200 - - [10/Dec/2025:01:44:21 +0100] "GET /platby/72zbxoz/10-examples-of-flowering-plants HTTP/1.1" 200 9342 "-" "Mozilla/5.0 (compatible; SemrushBot/7~bl; +http://www.semrush.com/bot.html)"
85.208.96.202 - - [10/Dec/2025:01:44:27 +0100] "GET /platby/aohwuyx/essay-on-importance-of-educational-psychology-pdf HTTP/1.1" 200 10470 "-" "Mozilla/5.0 (compatible; SemrushBot/7~bl; +http://www.semrush.com/bot.html)"
85.208.96.203 - - [10/Dec/2025:01:44:28 +0100] "GET /platby/uwoy9/harry-winks-liverpool HTTP/1.1" 200 10924 "-" "Mozilla/5.0 (compatible; SemrushBot/7~bl; +http://www.semrush.com/bot.html)"
85.208.96.200 - - [10/Dec/2025:01:44:49 +0100] "GET /platby/qqap/medium-definition-science HTTP/1.1" 200 10763 "-" "Mozilla/5.0 (compatible; SemrushBot/7~bl; +http://www.semrush.com/bot.html)"
85.208.96.202 - - [10/Dec/2025:01:44:53 +0100] "GET /platby/hca/breakeven-inflation-and-real-yield HTTP/1.1" 200 6830 "-" "Mozilla/5.0 (compatible; SemrushBot/7~bl; +http://www.semrush.com/bot.html)"
114.119.139.66 - - [10/Dec/2025:01:45:01 +0100] "GET /platby/qqap/subsequently-vs-consequently HTTP/1.1" 200 6371 "http://ispc.klape.eu/platby/qqap/subsequently-vs-consequently" "Mozilla/5.0 (Linux; Android 7.0;) AppleWebKit/537.36 (KHTML, like Gecko) Mobile Safari/537.36 (compatible; PetalBot;+https://webmaster.petalsearch.com/site/petalbot)"
66.249.79.173 - - [10/Dec/2025:01:45:04 +0100] "\x16\x03\x01\x02" 403 265 "-" "-"
85.208.96.200 - - [10/Dec/2025:01:45:13 +0100] "GET /platby/hca/coast-to-coast-self-guided-walk HTTP/1.1" 200 8809 "-" "Mozilla/5.0 (compatible; SemrushBot/7~bl; +http://www.semrush.com/bot.html)"
185.191.171.11 - - [10/Dec/2025:01:45:26 +0100] "GET /platby/aohwuyx/cinema-paradiso-summary HTTP/1.1" 200 12010 "-" "Mozilla/5.0 (compatible; SemrushBot/7~bl; +http://www.semrush.com/bot.html)"
85.208.96.200 - - [10/Dec/2025:01:45:33 +0100] "GET /platby/aohwuyx/argumentative-personality-disorder HTTP/1.1" 200 8126 "-" "Mozilla/5.0 (compatible; SemrushBot/7~bl; +http://www.semrush.com/bot.html)"
85.208.96.202 - - [10/Dec/2025:01:46:08 +0100] "GET /platby/aohwuyx/galaxy-s8-not-connecting-to-network HTTP/1.1" 200 8443 "-" "Mozilla/5.0 (compatible; SemrushBot/7~bl; +http://www.semrush.com/bot.html)"
185.191.171.9 - - [10/Dec/2025:01:46:24 +0100] "GET /platby/qqap/how-to-unmute-notifications-on-android HTTP/1.1" 200 7926 "-" "Mozilla/5.0 (compatible; SemrushBot/7~bl; +http://www.semrush.com/bot.html)"
114.119.140.102 - - [10/Dec/2025:01:46:25 +0100] "GET /platby/hca/osprey-migration-map-2020 HTTP/1.1" 200 20 "http://ispc.klape.eu/platby/hca/desert-storm-trading-cards-pro-set-worth" "Mozilla/5.0 (Linux; Android 7.0;) AppleWebKit/537.36 (KHTML, like Gecko) Mobile Safari/537.36 (compatible; PetalBot;+https://webmaster.petalsearch.com/site/petalbot)"
185.191.171.11 - - [10/Dec/2025:01:46:37 +0100] "GET /platby/aohwuyx/before-you-can-say-jack-robinson-sentence HTTP/1.1" 200 12798 "-" "Mozilla/5.0 (compatible; SemrushBot/7~bl; +http://www.semrush.com/bot.html)"
85.208.96.202 - - [10/Dec/2025:01:46:54 +0100] "GET /platby/aohwuyx/direct-messaging-protocol HTTP/1.1" 200 9261 "-" "Mozilla/5.0 (compatible; SemrushBot/7~bl; +http://www.semrush.com/bot.html)"
85.208.96.200 - - [10/Dec/2025:01:46:57 +0100] "GET /platby/uwoy9/yorkshire-coast-to-coast-walk HTTP/1.1" 200 11364 "-" "Mozilla/5.0 (compatible; SemrushBot/7~bl; +http://www.semrush.com/bot.html)"
85.208.96.206 - - [10/Dec/2025:01:47:00 +0100] "GET /platby/hca/ignite-audio-alan-walker HTTP/1.1" 200 10906 "-" "Mozilla/5.0 (compatible; SemrushBot/7~bl; +http://www.semrush.com/bot.html)"
185.191.171.8 - - [10/Dec/2025:01:47:09 +0100] "GET /robots.txt HTTP/1.1" 200 54 "-" "Mozilla/5.0 (compatible; SemrushBot/7~bl; +http://www.semrush.com/bot.html)"
85.208.96.204 - - [10/Dec/2025:01:47:09 +0100] "GET /platby/hca/john-hopkins-medical-school HTTP/1.1" 200 11053 "-" "Mozilla/5.0 (compatible; SemrushBot/7~bl; +http://www.semrush.com/bot.html)"
185.191.171.13 - - [10/Dec/2025:01:47:15 +0100] "GET /platby/uwoy9/elements-of-effective-science-instruction-pdf HTTP/1.1" 200 14948 "-" "Mozilla/5.0 (compatible; SemrushBot/7~bl; +http://www.semrush.com/bot.html)"
85.208.96.202 - - [10/Dec/2025:01:47:19 +0100] "GET /platby/uwoy9/microsoft-outlook-issues-today HTTP/1.1" 200 7828 "-" "Mozilla/5.0 (compatible; SemrushBot/7~bl; +http://www.semrush.com/bot.html)"
204.76.203.206 - - [10/Dec/2025:01:47:26 +0100] "GET /" 400 468 "-" "-"
185.191.171.15 - - [10/Dec/2025:01:47:28 +0100] "GET /platby/hca/lou-williams-contract-atlanta HTTP/1.1" 200 10114 "-" "Mozilla/5.0 (compatible; SemrushBot/7~bl; +http://www.semrush.com/bot.html)"
114.119.128.6 - - [10/Dec/2025:01:47:48 +0100] "GET /platby/aohwuyx/hyper-royal-smoke-grey-legit-check HTTP/1.1" 200 14163 "http://ispc.klape.eu/platby/aohwuyx/what-happened-to-the-chicago-7-judge" "Mozilla/5.0 (Linux; Android 7.0;) AppleWebKit/537.36 (KHTML, like Gecko) Mobile Safari/537.36 (compatible; PetalBot;+https://webmaster.petalsearch.com/site/petalbot)"
85.208.96.202 - - [10/Dec/2025:01:48:07 +0100] "GET /platby/72zbxoz/dodgers-font-generator HTTP/1.1" 200 7512 "-" "Mozilla/5.0 (compatible; SemrushBot/7~bl; +http://www.semrush.com/bot.html)"
204.76.203.206 - - [10/Dec/2025:01:48:11 +0100] "GET / HTTP/1.1" 200 316 "-" "Mozilla/5.0 (Windows NT 10.0; Win64; x64) AppleWebKit/537.36 (KHTML, like Gecko) Chrome/90.0.4430.85 Safari/537.36 Edg/90.0.818.46"
85.208.96.207 - - [10/Dec/2025:01:48:26 +0100] "GET /platby/qqap/is-ichigo-stronger-than-the-captains HTTP/1.1" 200 9705 "-" "Mozilla/5.0 (compatible; SemrushBot/7~bl; +http://www.semrush.com/bot.html)"
185.191.171.14 - - [10/Dec/2025:01:48:28 +0100] "GET /platby/hca/distribution-box-septic-cost HTTP/1.1" 200 7647 "-" "Mozilla/5.0 (compatible; SemrushBot/7~bl; +http://www.semrush.com/bot.html)"
85.208.96.199 - - [10/Dec/2025:01:48:31 +0100] "GET /platby/aohwuyx/las-vegas-raiders-stadium-tour-tickets HTTP/1.1" 200 7192 "-" "Mozilla/5.0 (compatible; SemrushBot/7~bl; +http://www.semrush.com/bot.html)"
85.208.96.197 - - [10/Dec/2025:01:48:38 +0100] "GET /platby/aohwuyx/what-rhymes-with-lies-for-a-poem HTTP/1.1" 200 9667 "-" "Mozilla/5.0 (compatible; SemrushBot/7~bl; +http://www.semrush.com/bot.html)"
185.191.171.11 - - [10/Dec/2025:01:48:41 +0100] "GET /platby/qqap/lost-river-idaho-fishing HTTP/1.1" 200 8191 "-" "Mozilla/5.0 (compatible; SemrushBot/7~bl; +http://www.semrush.com/bot.html)"
185.191.171.12 - - [10/Dec/2025:01:48:58 +0100] "GET /platby/hca/basketball-hoop-in-ground HTTP/1.1" 200 11567 "-" "Mozilla/5.0 (compatible; SemrushBot/7~bl; +http://www.semrush.com/bot.html)"
114.119.140.102 - - [10/Dec/2025:01:49:13 +0100] "GET /platby/aohwuyx/best-face-moisturizer-for-dry,-sensitive-skin HTTP/1.1" 200 13600 "http://ispc.klape.eu/platby/aohwuyx/another-word-for-reinforcement" "Mozilla/5.0 (Linux; Android 7.0;) AppleWebKit/537.36 (KHTML, like Gecko) Mobile Safari/537.36 (compatible; PetalBot;+https://webmaster.petalsearch.com/site/petalbot)"
185.191.171.1 - - [10/Dec/2025:01:49:34 +0100] "GET /platby/hca/list-of-nonprofits-in-chicago HTTP/1.1" 200 6543 "-" "Mozilla/5.0 (compatible; SemrushBot/7~bl; +http://www.semrush.com/bot.html)"
85.208.96.212 - - [10/Dec/2025:01:49:47 +0100] "GET /platby/72zbxoz/manga-sarutobi-sasuke HTTP/1.1" 200 12991 "-" "Mozilla/5.0 (compatible; SemrushBot/7~bl; +http://www.semrush.com/bot.html)"
85.208.96.204 - - [10/Dec/2025:01:49:48 +0100] "GET /platby/aohwuyx/flight-club-drinks-menu HTTP/1.1" 200 14917 "-" "Mozilla/5.0 (compatible; SemrushBot/7~bl; +http://www.semrush.com/bot.html)"
185.191.171.10 - - [10/Dec/2025:01:50:18 +0100] "GET /platby/72zbxoz/how-many-kids-does-james-brown-have HTTP/1.1" 200 13829 "-" "Mozilla/5.0 (compatible; SemrushBot/7~bl; +http://www.semrush.com/bot.html)"
185.191.171.14 - - [10/Dec/2025:01:50:25 +0100] "GET /platby/hca/usm-women's-basketball-roster HTTP/1.1" 200 6764 "-" "Mozilla/5.0 (compatible; SemrushBot/7~bl; +http://www.semrush.com/bot.html)"
114.119.140.102 - - [10/Dec/2025:01:50:34 +0100] "GET /platby/article.php?5d4c26=out-of-your-mind:-tricksters,-interdependence-and-the-cosmic-game-of-hide-and-seek HTTP/1.1" 200 6492 "http://ispc.klape.eu/platby/article.php?5d4c26=Columbia-size-chart" "Mozilla/5.0 (Linux; Android 7.0;) AppleWebKit/537.36 (KHTML, like Gecko) Mobile Safari/537.36 (compatible; PetalBot;+https://webmaster.petalsearch.com/site/petalbot)"
85.208.96.202 - - [10/Dec/2025:01:50:35 +0100] "GET /platby/hca/prophet-muhammad-quotes-about-marriage HTTP/1.1" 200 6560 "-" "Mozilla/5.0 (compatible; SemrushBot/7~bl; +http://www.semrush.com/bot.html)"
204.76.203.212 - - [10/Dec/2025:01:50:50 +0100] "GET /" 400 468 "-" "-"
185.191.171.2 - - [10/Dec/2025:01:50:54 +0100] "GET /platby/aohwuyx/stadiums-fifa-20-career-mode HTTP/1.1" 200 13163 "-" "Mozilla/5.0 (compatible; SemrushBot/7~bl; +http://www.semrush.com/bot.html)"
185.191.171.9 - - [10/Dec/2025:01:50:59 +0100] "GET /platby/qqap/epileptic-seizure-pronunciation HTTP/1.1" 200 10989 "-" "Mozilla/5.0 (compatible; SemrushBot/7~bl; +http://www.semrush.com/bot.html)"
185.191.171.11 - - [10/Dec/2025:01:51:08 +0100] "GET /platby/qqap/best-cheap-cb-fifa-21-ultimate-team-premier-league HTTP/1.1" 200 5949 "-" "Mozilla/5.0 (compatible; SemrushBot/7~bl; +http://www.semrush.com/bot.html)"
185.191.171.9 - - [10/Dec/2025:01:51:17 +0100] "GET /platby/uwoy9/eleanor-roosevelt-high-school-valedictorian HTTP/1.1" 200 9816 "-" "Mozilla/5.0 (compatible; SemrushBot/7~bl; +http://www.semrush.com/bot.html)"
85.208.96.203 - - [10/Dec/2025:01:51:23 +0100] "GET /platby/qqap/pixel-4-face-unlock-not-working-android-11 HTTP/1.1" 200 13232 "-" "Mozilla/5.0 (compatible; SemrushBot/7~bl; +http://www.semrush.com/bot.html)"
185.191.171.11 - - [10/Dec/2025:01:51:26 +0100] "GET /platby/hca/institutional-banking-to-investment-banking HTTP/1.1" 200 11774 "-" "Mozilla/5.0 (compatible; SemrushBot/7~bl; +http://www.semrush.com/bot.html)"
85.208.96.200 - - [10/Dec/2025:01:51:42 +0100] "GET /platby/hca/rajdhani-express-train-number HTTP/1.1" 200 7406 "-" "Mozilla/5.0 (compatible; SemrushBot/7~bl; +http://www.semrush.com/bot.html)"
114.119.139.112 - - [10/Dec/2025:01:51:59 +0100] "GET /platby/aohwuyx/double-bass-rental-near-me HTTP/1.1" 200 9251 "http://ispc.klape.eu/platby/aohwuyx/best-time-to-wake-up-according-to-vedas" "Mozilla/5.0 (Linux; Android 7.0;) AppleWebKit/537.36 (KHTML, like Gecko) Mobile Safari/537.36 (compatible; PetalBot;+https://webmaster.petalsearch.com/site/petalbot)"
85.208.96.212 - - [10/Dec/2025:01:52:07 +0100] "GET /platby/uwoy9/miami-dolphins-record HTTP/1.1" 200 7653 "-" "Mozilla/5.0 (compatible; SemrushBot/7~bl; +http://www.semrush.com/bot.html)"
78.153.140.195 - - [10/Dec/2025:01:52:24 +0100] "\x16\x03\x01" 403 265 "-" "-"
78.153.140.195 - - [10/Dec/2025:01:52:24 +0100] "\x16\x03\x01" 403 265 "-" "-"
85.208.96.194 - - [10/Dec/2025:01:52:26 +0100] "GET /platby/hca/employee-of-the-month-template-google-docs HTTP/1.1" 200 11846 "-" "Mozilla/5.0 (compatible; SemrushBot/7~bl; +http://www.semrush.com/bot.html)"
185.191.171.12 - - [10/Dec/2025:01:52:42 +0100] "GET /platby/uwoy9/do-chimpanzees-have-tails HTTP/1.1" 200 8036 "-" "Mozilla/5.0 (compatible; SemrushBot/7~bl; +http://www.semrush.com/bot.html)"
85.208.96.203 - - [10/Dec/2025:01:52:43 +0100] "GET /platby/hca/opinion-pronunciation HTTP/1.1" 200 8326 "-" "Mozilla/5.0 (compatible; SemrushBot/7~bl; +http://www.semrush.com/bot.html)"
85.208.96.208 - - [10/Dec/2025:01:52:45 +0100] "GET /platby/72zbxoz/dallas-cowboys-salary-cap-2020 HTTP/1.1" 200 10714 "-" "Mozilla/5.0 (compatible; SemrushBot/7~bl; +http://www.semrush.com/bot.html)"
85.208.96.203 - - [10/Dec/2025:01:53:04 +0100] "GET /platby/hca/short-sentence-of-worship HTTP/1.1" 200 13743 "-" "Mozilla/5.0 (compatible; SemrushBot/7~bl; +http://www.semrush.com/bot.html)"
85.208.96.203 - - [10/Dec/2025:01:53:08 +0100] "GET /platby/uwoy9/how-to-check-hardware-configuration-in-linux HTTP/1.1" 200 8580 "-" "Mozilla/5.0 (compatible; SemrushBot/7~bl; +http://www.semrush.com/bot.html)"
114.119.152.142 - - [10/Dec/2025:01:53:26 +0100] "GET /platby/article.php?5d4c26=netflix-sci-fi-series-2019 HTTP/1.1" 200 7476 "http://ispc.klape.eu/platby/article.php?5d4c26=schmidt-cassegrain-8-inch" "Mozilla/5.0 (Linux; Android 7.0;) AppleWebKit/537.36 (KHTML, like Gecko) Mobile Safari/537.36 (compatible; PetalBot;+https://webmaster.petalsearch.com/site/petalbot)"
185.191.171.5 - - [10/Dec/2025:01:53:40 +0100] "GET /platby/72zbxoz/kool-aid-man-oh-yeah-family-guy-gif HTTP/1.1" 200 12584 "-" "Mozilla/5.0 (compatible; SemrushBot/7~bl; +http://www.semrush.com/bot.html)"
85.208.96.206 - - [10/Dec/2025:01:53:47 +0100] "GET /platby/qqap/hagerstown-community-college-transcript-request HTTP/1.1" 200 7743 "-" "Mozilla/5.0 (compatible; SemrushBot/7~bl; +http://www.semrush.com/bot.html)"
85.208.96.198 - - [10/Dec/2025:01:53:50 +0100] "GET /platby/qqap/kansas-white-wildflowers HTTP/1.1" 200 10275 "-" "Mozilla/5.0 (compatible; SemrushBot/7~bl; +http://www.semrush.com/bot.html)"
