208.115.111.68 - - [27/Mar/2011:00:22:37 +0100] "GET /index.php?page=Produkt-seminare-kreativita&hl=cz HTTP/1.1" 200 31273 "-" "Mozilla/5.0 (compatible; Ezooms/1.0; ezooms.bot@gmail.com)"
208.115.111.68 - - [27/Mar/2011:00:22:44 +0100] "GET /index.php?page=Produkt-vedeni-zpetne-vazby&hl=cz HTTP/1.1" 200 31683 "-" "Mozilla/5.0 (compatible; Ezooms/1.0; ezooms.bot@gmail.com)"
208.115.111.68 - - [27/Mar/2011:00:22:50 +0100] "GET /index.php?page=Produkt-trenerske-a-lektorske-dovednosti-ii&hl=cz HTTP/1.1" 200 31324 "-" "Mozilla/5.0 (compatible; Ezooms/1.0; ezooms.bot@gmail.com)"
208.115.111.68 - - [27/Mar/2011:00:22:55 +0100] "GET /index.php?page=Produkt-omt-2--senior-instruktor&hl=cz HTTP/1.1" 200 31541 "-" "Mozilla/5.0 (compatible; Ezooms/1.0; ezooms.bot@gmail.com)"
208.115.111.68 - - [27/Mar/2011:00:23:01 +0100] "GET /index.php?page=Produkt-assessment-koucink&hl=cz HTTP/1.1" 200 29933 "-" "Mozilla/5.0 (compatible; Ezooms/1.0; ezooms.bot@gmail.com)"
208.115.111.68 - - [27/Mar/2011:00:23:10 +0100] "GET /index.php?page=Produkt-Projekty-ESF&hl=cz HTTP/1.1" 200 29923 "-" "Mozilla/5.0 (compatible; Ezooms/1.0; ezooms.bot@gmail.com)"
208.115.111.68 - - [27/Mar/2011:00:23:19 +0100] "GET /index.php?page=Produkt-programy-na-miru&hl=cz HTTP/1.1" 200 31182 "-" "Mozilla/5.0 (compatible; Ezooms/1.0; ezooms.bot@gmail.com)"
207.46.13.100 - - [27/Mar/2011:00:29:35 +0100] "GET /robots.txt HTTP/1.1" 404 0 "-" "Mozilla/5.0 (compatible; bingbot/2.0; +http://www.bing.com/bingbot.htm)"
64.246.165.210 - - [27/Mar/2011:00:29:44 +0100] "GET /robots.txt HTTP/1.0" 404 0 "-" "Mozilla/5.0 (Windows; U; Windows NT 5.1; en; rv:1.9.0.13) Gecko/2009073022 Firefox/3.5.2 (.NET CLR 3.5.30729) SurveyBot/2.3 (DomainTools)"
64.246.165.210 - - [27/Mar/2011:00:29:44 +0100] "GET / HTTP/1.1" 200 6324 "http://whois.domaintools.com/vzdelavame.cz" "Mozilla/5.0 (Windows; U; Windows NT 5.1; en; rv:1.9.0.13) Gecko/2009073022 Firefox/3.5.2 (.NET CLR 3.5.30729) SurveyBot/2.3 (DomainTools)"
207.46.13.100 - - [27/Mar/2011:00:30:34 +0100] "GET /seminare/dalsi_informace/novinky/(offset)/16 HTTP/1.1" 404 0 "-" "Mozilla/5.0 (compatible; bingbot/2.0; +http://www.bing.com/bingbot.htm)"
95.108.158.238 - - [27/Mar/2011:00:40:46 +0100] "GET /uploads/images/NahodneFotografie/rastr37-5.jpg HTTP/1.1" 200 23357 "-" "Mozilla/5.0 (compatible; YandexImages/3.0; +http://yandex.com/bots)"
213.46.83.72 - - [27/Mar/2011:00:54:01 +0100] "GET / HTTP/1.1" 200 31499 "-" "Java/1.4.1_04"
213.46.83.72 - - [27/Mar/2011:00:54:01 +0100] "GET /js/front.js HTTP/1.1" 200 299 "-" "Java/1.4.1_04"
213.46.83.72 - - [27/Mar/2011:00:54:01 +0100] "GET /js/jquery.fancybox.min.js HTTP/1.1" 200 15029 "-" "Java/1.4.1_04"
213.46.83.72 - - [27/Mar/2011:00:54:02 +0100] "GET /js/jquery.pngFix.pack.js HTTP/1.1" 200 2485 "-" "Java/1.4.1_04"
213.46.83.72 - - [27/Mar/2011:00:54:02 +0100] "GET /js/'+e.href+' HTTP/1.1" 404 0 "-" "Java/1.4.1_04"
213.46.83.72 - - [27/Mar/2011:00:54:02 +0100] "GET /js/+a[1]):(f.selector=a[1])}h=false;b.fancybox.showActivity();F=b.ajax(b.extend(e.ajax,{url:d,data:f,error:Q,success:function(p){if(F.status==200){l.html(p);G()}}}));break;case HTTP/1.1" 404 0 "-" "Java/1.4.1_04"
213.46.83.72 - - [27/Mar/2011:00:54:02 +0100] "GET /js/:l.html(e.content);G();break;case HTTP/1.1" 404 0 "-" "Java/1.4.1_04"
213.46.83.72 - - [27/Mar/2011:00:54:02 +0100] "GET /js/;l.html(u);G();break;case HTTP/1.1" 404 0 "-" "Java/1.4.1_04"
213.46.83.72 - - [27/Mar/2011:00:54:02 +0100] "GET /images/lang/cz.png HTTP/1.1" 200 4915 "-" "Java/1.4.1_04"
213.46.83.72 - - [27/Mar/2011:00:54:02 +0100] "GET /images/lang/en.png HTTP/1.1" 200 5217 "-" "Java/1.4.1_04"
213.46.83.72 - - [27/Mar/2011:00:54:02 +0100] "GET /js/fancybox/jquery.easing-1.3.pack.js HTTP/1.1" 404 0 "-" "Java/1.4.1_04"
213.46.83.72 - - [27/Mar/2011:00:54:03 +0100] "GET /js/\"+a+\" HTTP/1.1" 404 0 "-" "Java/1.4.1_04"
213.46.83.72 - - [27/Mar/2011:00:54:03 +0100] "GET /js/'+d+' HTTP/1.1" 404 0 "-" "Java/1.4.1_04"
213.46.83.72 - - [27/Mar/2011:00:54:03 +0100] "GET /modules/Album/templates/db/greybox/AJS.js HTTP/1.1" 200 10444 "-" "Java/1.4.1_04"
213.46.83.72 - - [27/Mar/2011:00:54:03 +0100] "GET /modules/Album/templates/db/greybox/AJS_fx.js HTTP/1.1" 200 3091 "-" "Java/1.4.1_04"
213.46.83.72 - - [27/Mar/2011:00:54:03 +0100] "GET /modules/Album/templates/db/greybox/gb_scripts.js HTTP/1.1" 200 11469 "-" "Java/1.4.1_04"
213.46.83.72 - - [27/Mar/2011:00:54:03 +0100] "GET /modules/Album/templates/db/greybox/loader_frame.html HTTP/1.1" 200 2085 "-" "Java/1.4.1_04"
213.46.83.72 - - [27/Mar/2011:00:54:03 +0100] "GET /modules/Album/templates/db/greybox/' + gb_url + ' HTTP/1.1" 404 0 "-" "Java/1.4.1_04"
65.52.110.37 - - [27/Mar/2011:01:12:56 +0100] "GET /robots.txt HTTP/1.1" 404 0 "-" "Mozilla/5.0 (compatible; bingbot/2.0; +http://www.bing.com/bingbot.htm)"
65.52.110.37 - - [27/Mar/2011:01:13:58 +0100] "GET /seminare/dalsi_informace/novinky/(offset)/16 HTTP/1.1" 404 0 "-" "Mozilla/5.0 (compatible; bingbot/2.0; +http://www.bing.com/bingbot.htm)"
65.52.110.67 - - [27/Mar/2011:01:37:19 +0100] "GET /robots.txt HTTP/1.1" 404 0 "-" "Mozilla/5.0 (compatible; bingbot/2.0; +http://www.bing.com/bingbot.htm)"
65.52.110.67 - - [27/Mar/2011:01:38:01 +0100] "GET /seminare/dalsi_informace/ubytovani HTTP/1.1" 404 0 "-" "Mozilla/5.0 (compatible; bingbot/2.0; +http://www.bing.com/bingbot.htm)"
67.195.112.32 - - [27/Mar/2011:01:47:10 +0100] "GET /index.php?mact=News,cntnt01,detail,0&cntnt01articleid=9&cntnt01returnid=58&hl=en HTTP/1.0" 200 4318 "-" "Mozilla/5.0 (compatible; Yahoo! Slurp; http://help.yahoo.com/help/us/ysearch/slurp)"
67.195.112.32 - - [27/Mar/2011:01:47:11 +0100] "GET /modules/Album/css/stylesheet.css HTTP/1.0" 304 0 "http://www.project-education.cz/index.php?mact=News,cntnt01,detail,0&cntnt01articleid=9&cntnt01returnid=58&hl=en" "Mozilla/5.0 (compatible; Yahoo! Slurp; http://help.yahoo.com/help/us/ysearch/slurp)"
67.195.112.32 - - [27/Mar/2011:01:47:11 +0100] "GET /css/jquery.fancybox.css HTTP/1.0" 304 0 "http://www.project-education.cz/index.php?mact=News,cntnt01,detail,0&cntnt01articleid=9&cntnt01returnid=58&hl=en" "Mozilla/5.0 (compatible; Yahoo! Slurp; http://help.yahoo.com/help/us/ysearch/slurp)"
67.195.112.32 - - [27/Mar/2011:01:47:12 +0100] "GET /stylesheet.php?cssid=42&mediatype=all,screen HTTP/1.0" 304 0 "http://www.project-education.cz/index.php?mact=News,cntnt01,detail,0&cntnt01articleid=9&cntnt01returnid=58&hl=en" "Mozilla/5.0 (compatible; Yahoo! Slurp; http://help.yahoo.com/help/us/ysearch/slurp)"
67.195.112.32 - - [27/Mar/2011:01:47:12 +0100] "GET /stylesheet.php?cssid=43&mediatype=all HTTP/1.0" 304 0 "http://www.project-education.cz/index.php?mact=News,cntnt01,detail,0&cntnt01articleid=9&cntnt01returnid=58&hl=en" "Mozilla/5.0 (compatible; Yahoo! Slurp; http://help.yahoo.com/help/us/ysearch/slurp)"
67.195.112.32 - - [27/Mar/2011:01:47:13 +0100] "GET /stylesheet.php?cssid=44&mediatype=all HTTP/1.0" 304 0 "http://www.project-education.cz/index.php?mact=News,cntnt01,detail,0&cntnt01articleid=9&cntnt01returnid=58&hl=en" "Mozilla/5.0 (compatible; Yahoo! Slurp; http://help.yahoo.com/help/us/ysearch/slurp)"
67.195.112.32 - - [27/Mar/2011:01:47:13 +0100] "GET /stylesheet.php?cssid=45&mediatype=screen HTTP/1.0" 304 0 "http://www.project-education.cz/index.php?mact=News,cntnt01,detail,0&cntnt01articleid=9&cntnt01returnid=58&hl=en" "Mozilla/5.0 (compatible; Yahoo! Slurp; http://help.yahoo.com/help/us/ysearch/slurp)"
95.108.158.238 - - [27/Mar/2011:03:00:45 +0200] "GET /images/lang/en.png HTTP/1.1" 200 5217 "-" "Mozilla/5.0 (compatible; YandexImages/3.0; +http://yandex.com/bots)"
67.195.112.32 - - [27/Mar/2011:03:21:57 +0200] "GET /index.php?mact=News,cntnt01,detail,0&cntnt01articleid=6&cntnt01returnid=69&hl=en HTTP/1.0" 200 7296 "-" "Mozilla/5.0 (compatible; Yahoo! Slurp; http://help.yahoo.com/help/us/ysearch/slurp)"
67.195.112.180 - - [27/Mar/2011:03:35:21 +0200] "GET /robots.txt HTTP/1.0" 404 0 "-" "Mozilla/5.0 (compatible; Yahoo! Slurp; http://help.yahoo.com/help/us/ysearch/slurp)"
67.195.112.180 - - [27/Mar/2011:03:35:22 +0200] "GET /seminare/dalsi_informace/novinky/kurz_lanovych_aktivit_v_anglictine HTTP/1.0" 404 0 "-" "Mozilla/5.0 (compatible; Yahoo! Slurp; http://help.yahoo.com/help/us/ysearch/slurp)"
67.195.112.32 - - [27/Mar/2011:03:39:42 +0200] "GET /index.php?page=Produkt-belbin&hl=cz HTTP/1.0" 200 7112 "-" "Mozilla/5.0 (compatible; Yahoo! Slurp; http://help.yahoo.com/help/us/ysearch/slurp)"
67.195.112.32 - - [27/Mar/2011:03:39:52 +0200] "GET /index.php?page=Produkt-trenerske-a-lektorske-dovednosti-ii&hl=cz HTTP/1.0" 200 6159 "-" "Mozilla/5.0 (compatible; Yahoo! Slurp; http://help.yahoo.com/help/us/ysearch/slurp)"
67.195.112.32 - - [27/Mar/2011:03:39:56 +0200] "GET /index.php?page=Produkt-Kurzy-pro-outdoor-instruktory&hl=cz HTTP/1.0" 200 6742 "-" "Mozilla/5.0 (compatible; Yahoo! Slurp; http://help.yahoo.com/help/us/ysearch/slurp)"
67.195.112.32 - - [27/Mar/2011:03:40:06 +0200] "GET /index.php?mact=News,cntnt01,detail,0&cntnt01articleid=9&cntnt01returnid=69&hl=cz HTTP/1.0" 200 6026 "-" "Mozilla/5.0 (compatible; Yahoo! Slurp; http://help.yahoo.com/help/us/ysearch/slurp)"
67.195.112.32 - - [27/Mar/2011:03:41:41 +0200] "GET /index.php?page=Strana-Go&hl=cz HTTP/1.0" 200 6119 "-" "Mozilla/5.0 (compatible; Yahoo! Slurp; http://help.yahoo.com/help/us/ysearch/slurp)"
67.195.112.32 - - [27/Mar/2011:03:42:33 +0200] "GET /index.php?page=Produkt-tajemstvi-raje&hl=cz HTTP/1.0" 200 5980 "-" "Mozilla/5.0 (compatible; Yahoo! Slurp; http://help.yahoo.com/help/us/ysearch/slurp)"
67.195.112.32 - - [27/Mar/2011:03:43:11 +0200] "GET /index.php?mact=News,cntnt01,detail,0&cntnt01articleid=9&cntnt01returnid=62&hl=cz HTTP/1.0" 200 6015 "-" "Mozilla/5.0 (compatible; Yahoo! Slurp; http://help.yahoo.com/help/us/ysearch/slurp)"
67.195.112.32 - - [27/Mar/2011:03:44:09 +0200] "GET /index.php?mact=News,cntnt01,detail,0&cntnt01articleid=4&cntnt01returnid=58&hl=cz HTTP/1.0" 200 6243 "-" "Mozilla/5.0 (compatible; Yahoo! Slurp; http://help.yahoo.com/help/us/ysearch/slurp)"
67.195.112.32 - - [27/Mar/2011:03:44:50 +0200] "GET /index.php?page=Produkt-adrenalin-player&hl=cz HTTP/1.0" 200 5900 "-" "Mozilla/5.0 (compatible; Yahoo! Slurp; http://help.yahoo.com/help/us/ysearch/slurp)"
67.195.112.32 - - [27/Mar/2011:03:46:06 +0200] "GET /index.php?page=Strana-Galerie&hl=cz HTTP/1.0" 200 6045 "-" "Mozilla/5.0 (compatible; Yahoo! Slurp; http://help.yahoo.com/help/us/ysearch/slurp)"
67.195.112.32 - - [27/Mar/2011:03:47:53 +0200] "GET /index.php?page=Produkt-Rizeni&hl=cz HTTP/1.0" 200 5642 "-" "Mozilla/5.0 (compatible; Yahoo! Slurp; http://help.yahoo.com/help/us/ysearch/slurp)"
67.195.112.32 - - [27/Mar/2011:03:49:18 +0200] "GET /index.php?page=Produkt-instruktor-lanovych-aktivit-i-tridy&hl=cz HTTP/1.0" 200 6195 "-" "Mozilla/5.0 (compatible; Yahoo! Slurp; http://help.yahoo.com/help/us/ysearch/slurp)"
67.195.112.32 - - [27/Mar/2011:03:49:25 +0200] "GET /index.php?mact=News,cntnt01,detail,0&cntnt01articleid=8&cntnt01returnid=101&hl=cz HTTP/1.0" 200 6023 "-" "Mozilla/5.0 (compatible; Yahoo! Slurp; http://help.yahoo.com/help/us/ysearch/slurp)"
208.115.111.73 - - [27/Mar/2011:03:55:42 +0200] "GET /robots.txt HTTP/1.1" 404 0 "-" "Mozilla/5.0 (compatible; Ezooms/1.0; ezooms.bot@gmail.com)"
67.195.112.32 - - [27/Mar/2011:03:57:01 +0200] "GET /index.php?mact=News,cntnt01,detail,0&cntnt01articleid=6&cntnt01returnid=143&hl=cz HTTP/1.0" 200 9031 "-" "Mozilla/5.0 (compatible; Yahoo! Slurp; http://help.yahoo.com/help/us/ysearch/slurp)"
207.46.199.177 - - [27/Mar/2011:04:03:19 +0200] "GET /robots.txt HTTP/1.1" 404 0 "-" "Mozilla/5.0 (compatible; bingbot/2.0; +http://www.bing.com/bingbot.htm)"
67.195.112.32 - - [27/Mar/2011:04:05:36 +0200] "GET /index.php?page=Produkt-teamquest&hl=cz HTTP/1.0" 200 6592 "-" "Mozilla/5.0 (compatible; Yahoo! Slurp; http://help.yahoo.com/help/us/ysearch/slurp)"
67.195.112.32 - - [27/Mar/2011:04:08:54 +0200] "GET /index.php?mact=News,cntnt01,detail,0&cntnt01articleid=6&cntnt01returnid=176&hl=cz HTTP/1.0" 200 9024 "-" "Mozilla/5.0 (compatible; Yahoo! Slurp; http://help.yahoo.com/help/us/ysearch/slurp)"
67.195.112.32 - - [27/Mar/2011:04:09:16 +0200] "GET /index.php?page=Produkt-zimni-programy&hl=cz HTTP/1.0" 200 5657 "-" "Mozilla/5.0 (compatible; Yahoo! Slurp; http://help.yahoo.com/help/us/ysearch/slurp)"
67.195.112.32 - - [27/Mar/2011:04:10:05 +0200] "GET /index.php?page=Strana-mgr-vladimira-vitoulova&hl=cz HTTP/1.0" 200 5908 "-" "Mozilla/5.0 (compatible; Yahoo! Slurp; http://help.yahoo.com/help/us/ysearch/slurp)"
67.195.112.32 - - [27/Mar/2011:04:11:39 +0200] "GET /index.php?page=Produkt-efektivni-motivace&hl=cz HTTP/1.0" 200 6265 "-" "Mozilla/5.0 (compatible; Yahoo! Slurp; http://help.yahoo.com/help/us/ysearch/slurp)"
208.115.111.73 - - [27/Mar/2011:04:12:11 +0200] "GET / HTTP/1.1" 200 31499 "-" "Mozilla/5.0 (compatible; Ezooms/1.0; ezooms.bot@gmail.com)"
67.195.112.32 - - [27/Mar/2011:04:19:30 +0200] "GET /index.php?page=Produkt-Projekty-ESF&hl=cz HTTP/1.0" 200 5642 "-" "Mozilla/5.0 (compatible; Yahoo! Slurp; http://help.yahoo.com/help/us/ysearch/slurp)"
95.108.158.238 - - [27/Mar/2011:04:21:03 +0200] "GET /uploads/images/NahodneFotografie/rastr33-1.jpg HTTP/1.1" 200 30983 "-" "Mozilla/5.0 (compatible; YandexImages/3.0; +http://yandex.com/bots)"
67.195.112.32 - - [27/Mar/2011:04:29:57 +0200] "GET /index.php?mact=News,cntnt01,detail,0&cntnt01articleid=9&cntnt01returnid=104&hl=cz HTTP/1.0" 200 6040 "-" "Mozilla/5.0 (compatible; Yahoo! Slurp; http://help.yahoo.com/help/us/ysearch/slurp)"
67.195.112.32 - - [27/Mar/2011:04:30:30 +0200] "GET /index.php?mact=News,cntnt01,detail,0&cntnt01articleid=9&cntnt01returnid=72&hl=cz HTTP/1.0" 200 6089 "-" "Mozilla/5.0 (compatible; Yahoo! Slurp; http://help.yahoo.com/help/us/ysearch/slurp)"
67.195.112.32 - - [27/Mar/2011:04:30:32 +0200] "GET /index.php?page=Produkt-seberozvoj-otevrene-kurzy&hl=cz HTTP/1.0" 200 5667 "-" "Mozilla/5.0 (compatible; Yahoo! Slurp; http://help.yahoo.com/help/us/ysearch/slurp)"
67.195.112.32 - - [27/Mar/2011:04:30:50 +0200] "GET /index.php?page=Produkt-omt-4--trener&hl=cz HTTP/1.0" 200 6117 "-" "Mozilla/5.0 (compatible; Yahoo! Slurp; http://help.yahoo.com/help/us/ysearch/slurp)"
67.195.112.32 - - [27/Mar/2011:04:45:56 +0200] "GET /index.php?mact=News,cntnt01,detail,0&cntnt01articleid=7&cntnt01returnid=61&hl=cz HTTP/1.0" 200 6127 "-" "Mozilla/5.0 (compatible; Yahoo! Slurp; http://help.yahoo.com/help/us/ysearch/slurp)"
67.195.112.32 - - [27/Mar/2011:04:49:05 +0200] "GET /index.php?page=Produkt-Otevrene-kurzy&hl=cz HTTP/1.0" 200 5638 "-" "Mozilla/5.0 (compatible; Yahoo! Slurp; http://help.yahoo.com/help/us/ysearch/slurp)"
67.195.112.32 - - [27/Mar/2011:04:49:07 +0200] "GET /modules/Album/css/stylesheet.css HTTP/1.0" 304 0 "http://www.project-education.cz/index.php?page=Produkt-Otevrene-kurzy&hl=cz" "Mozilla/5.0 (compatible; Yahoo! Slurp; http://help.yahoo.com/help/us/ysearch/slurp)"
67.195.112.32 - - [27/Mar/2011:04:49:09 +0200] "GET /css/jquery.fancybox.css HTTP/1.0" 304 0 "http://www.project-education.cz/index.php?page=Produkt-Otevrene-kurzy&hl=cz" "Mozilla/5.0 (compatible; Yahoo! Slurp; http://help.yahoo.com/help/us/ysearch/slurp)"
67.195.112.32 - - [27/Mar/2011:04:49:10 +0200] "GET /stylesheet.php?cssid=42&mediatype=all,screen HTTP/1.0" 304 0 "http://www.project-education.cz/index.php?page=Produkt-Otevrene-kurzy&hl=cz" "Mozilla/5.0 (compatible; Yahoo! Slurp; http://help.yahoo.com/help/us/ysearch/slurp)"
67.195.112.32 - - [27/Mar/2011:04:49:12 +0200] "GET /stylesheet.php?cssid=43&mediatype=all HTTP/1.0" 304 0 "http://www.project-education.cz/index.php?page=Produkt-Otevrene-kurzy&hl=cz" "Mozilla/5.0 (compatible; Yahoo! Slurp; http://help.yahoo.com/help/us/ysearch/slurp)"
67.195.112.32 - - [27/Mar/2011:04:49:13 +0200] "GET /stylesheet.php?cssid=44&mediatype=all HTTP/1.0" 304 0 "http://www.project-education.cz/index.php?page=Produkt-Otevrene-kurzy&hl=cz" "Mozilla/5.0 (compatible; Yahoo! Slurp; http://help.yahoo.com/help/us/ysearch/slurp)"
67.195.112.32 - - [27/Mar/2011:04:49:14 +0200] "GET /stylesheet.php?cssid=45&mediatype=screen HTTP/1.0" 304 0 "http://www.project-education.cz/index.php?page=Produkt-Otevrene-kurzy&hl=cz" "Mozilla/5.0 (compatible; Yahoo! Slurp; http://help.yahoo.com/help/us/ysearch/slurp)"
67.195.112.180 - - [27/Mar/2011:05:01:19 +0200] "GET /seminare/dalsi_informace/novinky/(offset)/28 HTTP/1.0" 404 0 "-" "Mozilla/5.0 (compatible; Yahoo! Slurp; http://help.yahoo.com/help/us/ysearch/slurp)"
208.115.111.68 - - [27/Mar/2011:05:01:28 +0200] "GET /robots.txt HTTP/1.1" 404 0 "-" "Mozilla/5.0 (compatible; Ezooms/1.0; ezooms.bot@gmail.com)"
95.108.217.252 - - [27/Mar/2011:05:07:41 +0200] "GET /robots.txt HTTP/1.1" 404 0 "-" "Mozilla/5.0 (compatible; YandexBot/3.0; +http://yandex.com/bots)"
95.108.217.252 - - [27/Mar/2011:05:07:43 +0200] "GET /seminare/dalsi_informace/novinky/(offset)/60 HTTP/1.1" 404 0 "-" "Mozilla/5.0 (compatible; YandexBot/3.0; +http://yandex.com/bots)"
67.195.112.32 - - [27/Mar/2011:05:10:17 +0200] "GET /index.php?page=Produkt-analyza-vzdelavacich-potreb&hl=cz HTTP/1.0" 200 7171 "-" "Mozilla/5.0 (compatible; Yahoo! Slurp; http://help.yahoo.com/help/us/ysearch/slurp)"
208.115.111.68 - - [27/Mar/2011:05:21:08 +0200] "GET /index.php?page=Strana-mgr-david-prycl&hl=cz HTTP/1.1" 200 29968 "-" "Mozilla/5.0 (compatible; Ezooms/1.0; ezooms.bot@gmail.com)"
67.195.112.32 - - [27/Mar/2011:05:39:16 +0200] "GET /index.php?mact=News,cntnt01,detail,0&cntnt01articleid=7&cntnt01returnid=85&hl=cz HTTP/1.0" 200 6132 "-" "Mozilla/5.0 (compatible; Yahoo! Slurp; http://help.yahoo.com/help/us/ysearch/slurp)"
67.195.112.32 - - [27/Mar/2011:05:46:33 +0200] "GET /index.php?mact=News,cntnt01,detail,0&cntnt01articleid=6&cntnt01returnid=73&hl=en HTTP/1.0" 200 7368 "-" "Mozilla/5.0 (compatible; Yahoo! Slurp; http://help.yahoo.com/help/us/ysearch/slurp)"
95.108.158.238 - - [27/Mar/2011:05:46:56 +0200] "GET /uploads/images/NahodneFotografie/thumb_rastr33-1.jpg HTTP/1.1" 200 4465 "-" "Mozilla/5.0 (compatible; YandexImages/3.0; +http://yandex.com/bots)"
67.195.112.32 - - [27/Mar/2011:05:47:51 +0200] "GET /index.php?page=Produkt-Prezentacni-dovednosti&hl=cz HTTP/1.0" 200 6196 "-" "Mozilla/5.0 (compatible; Yahoo! Slurp; http://help.yahoo.com/help/us/ysearch/slurp)"
67.195.112.32 - - [27/Mar/2011:05:51:02 +0200] "GET /index.php?mact=News,cntnt01,detail,0&cntnt01articleid=8&cntnt01returnid=107&hl=cz HTTP/1.0" 200 6019 "-" "Mozilla/5.0 (compatible; Yahoo! Slurp; http://help.yahoo.com/help/us/ysearch/slurp)"
66.249.66.66 - - [27/Mar/2011:06:02:22 +0200] "GET /robots.txt HTTP/1.1" 404 0 "-" "Googlebot/2.1 (+http://www.google.com/bot.html)"
66.249.66.66 - - [27/Mar/2011:06:02:22 +0200] "GET /content HTTP/1.1" 404 0 "-" "Googlebot/2.1 (+http://www.google.com/bot.html)"
67.195.112.32 - - [27/Mar/2011:06:03:01 +0200] "GET /index.php?page=Produkt-zahranicni-programy&hl=cz HTTP/1.0" 200 5681 "-" "Mozilla/5.0 (compatible; Yahoo! Slurp; http://help.yahoo.com/help/us/ysearch/slurp)"
67.195.112.32 - - [27/Mar/2011:06:03:03 +0200] "GET /modules/Album/css/stylesheet.css HTTP/1.0" 200 12420 "http://www.project-education.cz/index.php?page=Produkt-zahranicni-programy&hl=cz" "Mozilla/5.0 (compatible; Yahoo! Slurp; http://help.yahoo.com/help/us/ysearch/slurp)"
67.195.112.32 - - [27/Mar/2011:06:07:56 +0200] "GET /index.php?page=Produkt-vedeni-zpetne-vazby&hl=cz HTTP/1.0" 200 6356 "-" "Mozilla/5.0 (compatible; Yahoo! Slurp; http://help.yahoo.com/help/us/ysearch/slurp)"
67.195.112.32 - - [27/Mar/2011:06:12:16 +0200] "GET /index.php?page=Produkt-vedeni-porad&hl=cz HTTP/1.0" 200 6215 "-" "Mozilla/5.0 (compatible; Yahoo! Slurp; http://help.yahoo.com/help/us/ysearch/slurp)"
67.195.112.32 - - [27/Mar/2011:06:13:21 +0200] "GET /index.php?page=Produkt-zpetna-vazba&hl=cz HTTP/1.0" 200 6070 "-" "Mozilla/5.0 (compatible; Yahoo! Slurp; http://help.yahoo.com/help/us/ysearch/slurp)"
67.195.112.32 - - [27/Mar/2011:06:14:32 +0200] "GET /index.php?page=Strana-mgr-et-mgr-edmund-wittmann&hl=cz HTTP/1.0" 200 6029 "-" "Mozilla/5.0 (compatible; Yahoo! Slurp; http://help.yahoo.com/help/us/ysearch/slurp)"
67.195.112.32 - - [27/Mar/2011:06:29:20 +0200] "GET /index.php?page=Strana-Vize&hl=cz HTTP/1.0" 200 5741 "-" "Mozilla/5.0 (compatible; Yahoo! Slurp; http://help.yahoo.com/help/us/ysearch/slurp)"
67.195.112.32 - - [27/Mar/2011:06:37:43 +0200] "GET /index.php?page=Produkt-assessment-koucink&hl=cz HTTP/1.0" 200 5679 "-" "Mozilla/5.0 (compatible; Yahoo! Slurp; http://help.yahoo.com/help/us/ysearch/slurp)"
207.46.13.131 - - [27/Mar/2011:06:43:11 +0200] "GET /robots.txt HTTP/1.1" 404 0 "-" "Mozilla/5.0 (compatible; bingbot/2.0; +http://www.bing.com/bingbot.htm)"
207.46.13.131 - - [27/Mar/2011:06:44:01 +0200] "GET /seminare/dalsi_informace/novinky/(offset)/8 HTTP/1.1" 404 0 "-" "Mozilla/5.0 (compatible; bingbot/2.0; +http://www.bing.com/bingbot.htm)"
67.195.112.32 - - [27/Mar/2011:06:51:10 +0200] "GET /index.php?page=Produkt-Himalajske-dobrodruzstvi&hl=cz HTTP/1.0" 200 6466 "-" "Mozilla/5.0 (compatible; Yahoo! Slurp; http://help.yahoo.com/help/us/ysearch/slurp)"
67.195.112.32 - - [27/Mar/2011:06:51:12 +0200] "GET /css/jquery.fancybox.css HTTP/1.0" 304 0 "http://www.project-education.cz/index.php?page=Produkt-Himalajske-dobrodruzstvi&hl=cz" "Mozilla/5.0 (compatible; Yahoo! Slurp; http://help.yahoo.com/help/us/ysearch/slurp)"
67.195.112.32 - - [27/Mar/2011:06:51:12 +0200] "GET /stylesheet.php?cssid=42&mediatype=all,screen HTTP/1.0" 304 0 "http://www.project-education.cz/index.php?page=Produkt-Himalajske-dobrodruzstvi&hl=cz" "Mozilla/5.0 (compatible; Yahoo! Slurp; http://help.yahoo.com/help/us/ysearch/slurp)"
67.195.112.32 - - [27/Mar/2011:06:51:13 +0200] "GET /stylesheet.php?cssid=43&mediatype=all HTTP/1.0" 200 5406 "http://www.project-education.cz/index.php?page=Produkt-Himalajske-dobrodruzstvi&hl=cz" "Mozilla/5.0 (compatible; Yahoo! Slurp; http://help.yahoo.com/help/us/ysearch/slurp)"
67.195.112.32 - - [27/Mar/2011:06:51:14 +0200] "GET /stylesheet.php?cssid=44&mediatype=all HTTP/1.0" 304 0 "http://www.project-education.cz/index.php?page=Produkt-Himalajske-dobrodruzstvi&hl=cz" "Mozilla/5.0 (compatible; Yahoo! Slurp; http://help.yahoo.com/help/us/ysearch/slurp)"
67.195.112.32 - - [27/Mar/2011:06:51:14 +0200] "GET /stylesheet.php?cssid=45&mediatype=screen HTTP/1.0" 304 0 "http://www.project-education.cz/index.php?page=Produkt-Himalajske-dobrodruzstvi&hl=cz" "Mozilla/5.0 (compatible; Yahoo! Slurp; http://help.yahoo.com/help/us/ysearch/slurp)"
67.195.112.32 - - [27/Mar/2011:07:07:11 +0200] "GET /index.php?page=Produkt-vzdelavani-pedagogu&hl=cz HTTP/1.0" 200 6544 "-" "Mozilla/5.0 (compatible; Yahoo! Slurp; http://help.yahoo.com/help/us/ysearch/slurp)"
67.195.112.32 - - [27/Mar/2011:07:07:12 +0200] "GET /css/jquery.fancybox.css HTTP/1.0" 200 5536 "http://www.project-education.cz/index.php?page=Produkt-vzdelavani-pedagogu&hl=cz" "Mozilla/5.0 (compatible; Yahoo! Slurp; http://help.yahoo.com/help/us/ysearch/slurp)"
67.195.112.32 - - [27/Mar/2011:07:07:13 +0200] "GET /stylesheet.php?cssid=42&mediatype=all,screen HTTP/1.0" 200 5142 "http://www.project-education.cz/index.php?page=Produkt-vzdelavani-pedagogu&hl=cz" "Mozilla/5.0 (compatible; Yahoo! Slurp; http://help.yahoo.com/help/us/ysearch/slurp)"
95.108.158.238 - - [27/Mar/2011:07:13:04 +0200] "GET /images/lang/cz.png HTTP/1.1" 200 4915 "-" "Mozilla/5.0 (compatible; YandexImages/3.0; +http://yandex.com/bots)"
67.195.112.32 - - [27/Mar/2011:07:13:49 +0200] "GET /index.php?page=Strana-zimni-projekty&hl=cz HTTP/1.0" 200 6044 "-" "Mozilla/5.0 (compatible; Yahoo! Slurp; http://help.yahoo.com/help/us/ysearch/slurp)"
65.52.110.71 - - [27/Mar/2011:07:15:25 +0200] "GET /robots.txt HTTP/1.1" 404 0 "-" "Mozilla/5.0 (compatible; bingbot/2.0; +http://www.bing.com/bingbot.htm)"
65.52.110.71 - - [27/Mar/2011:07:15:57 +0200] "GET /index.php HTTP/1.1" 200 6323 "-" "Mozilla/5.0 (compatible; bingbot/2.0; +http://www.bing.com/bingbot.htm)"
67.195.112.32 - - [27/Mar/2011:07:20:24 +0200] "GET /index.php?page=Produkt-expedice-endurance&hl=cz HTTP/1.0" 200 6378 "-" "Mozilla/5.0 (compatible; Yahoo! Slurp; http://help.yahoo.com/help/us/ysearch/slurp)"
67.195.112.32 - - [27/Mar/2011:07:21:54 +0200] "GET /index.php?mact=News,cntnt01,detail,0&cntnt01articleid=7&cntnt01returnid=144&hl=cz HTTP/1.0" 200 6147 "-" "Mozilla/5.0 (compatible; Yahoo! Slurp; http://help.yahoo.com/help/us/ysearch/slurp)"
67.195.112.32 - - [27/Mar/2011:07:22:14 +0200] "GET /index.php?page=Strana-mgr-tereza-damaskova&hl=cz HTTP/1.0" 200 5983 "-" "Mozilla/5.0 (compatible; Yahoo! Slurp; http://help.yahoo.com/help/us/ysearch/slurp)"
208.115.111.73 - - [27/Mar/2011:07:29:44 +0200] "GET /robots.txt HTTP/1.1" 404 0 "-" "Mozilla/5.0 (compatible; Ezooms/1.0; ezooms.bot@gmail.com)"
67.195.112.32 - - [27/Mar/2011:07:29:46 +0200] "GET /robots.txt HTTP/1.0" 404 0 "-" "Mozilla/5.0 (compatible; Yahoo! Slurp; http://help.yahoo.com/help/us/ysearch/slurp)"
67.195.112.32 - - [27/Mar/2011:07:29:47 +0200] "GET /index.php?page=Strana-Onas&hl=cz HTTP/1.0" 200 6321 "-" "Mozilla/5.0 (compatible; Yahoo! Slurp; http://help.yahoo.com/help/us/ysearch/slurp)"
67.195.112.32 - - [27/Mar/2011:07:31:54 +0200] "GET /index.php?mact=News,cntnt01,detail,0&cntnt01articleid=9&cntnt01returnid=114&hl=cz HTTP/1.0" 200 6026 "-" "Mozilla/5.0 (compatible; Yahoo! Slurp; http://help.yahoo.com/help/us/ysearch/slurp)"
67.195.112.32 - - [27/Mar/2011:07:44:51 +0200] "GET /index.php?page=Produkt-jesenicka-trilogie&hl=cz HTTP/1.0" 200 6177 "-" "Mozilla/5.0 (compatible; Yahoo! Slurp; http://help.yahoo.com/help/us/ysearch/slurp)"
67.195.112.32 - - [27/Mar/2011:07:50:22 +0200] "GET /index.php?page=Strana-Podporujeme&hl=cz HTTP/1.0" 200 5631 "-" "Mozilla/5.0 (compatible; Yahoo! Slurp; http://help.yahoo.com/help/us/ysearch/slurp)"
109.107.36.71 - - [27/Mar/2011:07:57:26 +0200] "GET /robots.txt HTTP/1.0" 301 318 "-" "Mozilla/5.0 (compatible; MJ12bot/v1.3.3; http://www.majestic12.co.uk/bot.php?+)"
109.107.36.71 - - [27/Mar/2011:07:57:27 +0200] "GET /index.php HTTP/1.0" 301 241 "-" "Mozilla/5.0 (compatible; MJ12bot/v1.3.3; http://www.majestic12.co.uk/bot.php?+)"
109.107.36.71 - - [27/Mar/2011:07:57:35 +0200] "GET /robots.txt HTTP/1.0" 404 0 "-" "Mozilla/5.0 (compatible; MJ12bot/v1.3.3; http://www.majestic12.co.uk/bot.php?+)"
109.107.36.71 - - [27/Mar/2011:07:57:35 +0200] "GET /index.php HTTP/1.0" 200 31514 "-" "Mozilla/5.0 (compatible; MJ12bot/v1.3.3; http://www.majestic12.co.uk/bot.php?+)"
208.115.111.73 - - [27/Mar/2011:08:00:47 +0200] "GET /seminare/rekvalifikacni_kurzy/provozovatel_lanoveho_centra HTTP/1.1" 404 0 "-" "Mozilla/5.0 (compatible; Ezooms/1.0; ezooms.bot@gmail.com)"
66.249.66.20 - - [27/Mar/2011:08:02:18 +0200] "GET /robots.txt HTTP/1.1" 301 241 "-" "Mozilla/5.0 (compatible; Googlebot/2.1; +http://www.google.com/bot.html)"
66.249.66.5 - - [27/Mar/2011:08:02:19 +0200] "GET /robots.txt HTTP/1.1" 404 0 "-" "Mozilla/5.0 (compatible; Googlebot/2.1; +http://www.google.com/bot.html)"
66.249.66.20 - - [27/Mar/2011:08:02:19 +0200] "GET /index.php?page=Strana-mgr-vladimira-vitoulova&hl=cz HTTP/1.1" 301 276 "-" "Mozilla/5.0 (compatible; Googlebot/2.1; +http://www.google.com/bot.html)"
66.249.71.200 - - [27/Mar/2011:08:02:20 +0200] "GET /robots.txt HTTP/1.1" 404 0 "-" "Mozilla/5.0 (compatible; Googlebot/2.1; +http://www.google.com/bot.html)"
66.249.71.200 - - [27/Mar/2011:08:02:20 +0200] "GET /index.php?page=Strana-mgr-vladimira-vitoulova&hl=cz HTTP/1.1" 200 5916 "-" "Mozilla/5.0 (compatible; Googlebot/2.1; +http://www.google.com/bot.html)"
67.195.112.32 - - [27/Mar/2011:08:06:36 +0200] "GET /index.php?page=Produkt-tajemstvi-hradu-kokorina&hl=cz HTTP/1.0" 200 6187 "-" "Mozilla/5.0 (compatible; Yahoo! Slurp; http://help.yahoo.com/help/us/ysearch/slurp)"
67.195.112.32 - - [27/Mar/2011:08:06:37 +0200] "GET /modules/Album/css/stylesheet.css HTTP/1.0" 304 0 "http://www.project-education.cz/index.php?page=Produkt-tajemstvi-hradu-kokorina&hl=cz" "Mozilla/5.0 (compatible; Yahoo! Slurp; http://help.yahoo.com/help/us/ysearch/slurp)"
67.195.112.32 - - [27/Mar/2011:08:10:16 +0200] "GET /index.php?page=Produkt-outdoor-management-trainer-1--junior-instruktor&hl=cz HTTP/1.0" 200 6351 "-" "Mozilla/5.0 (compatible; Yahoo! Slurp; http://help.yahoo.com/help/us/ysearch/slurp)"
67.195.112.32 - - [27/Mar/2011:08:17:38 +0200] "GET /index.php?page=Strana-VyznamneProjekty&hl=cz HTTP/1.0" 200 6432 "-" "Mozilla/5.0 (compatible; Yahoo! Slurp; http://help.yahoo.com/help/us/ysearch/slurp)"
95.108.158.238 - - [27/Mar/2011:08:30:28 +0200] "GET /uploads/images/NahodneFotografie/thumb_rastr32-3.jpg HTTP/1.1" 200 5107 "-" "Mozilla/5.0 (compatible; YandexImages/3.0; +http://yandex.com/bots)"
67.195.112.32 - - [27/Mar/2011:08:30:47 +0200] "GET /index.php?mact=News,cntnt01,detail,0&cntnt01articleid=7&cntnt01returnid=157&hl=cz HTTP/1.0" 200 6139 "-" "Mozilla/5.0 (compatible; Yahoo! Slurp; http://help.yahoo.com/help/us/ysearch/slurp)"
84.168.165.196 - - [27/Mar/2011:08:37:02 +0200] "GET /robots.txt HTTP/1.0" 404 0 "-" "Mozilla/5.0 (compatible; MJ12bot/v1.3.3; http://www.majestic12.co.uk/bot.php?+)"
84.168.165.196 - - [27/Mar/2011:08:37:04 +0200] "GET / HTTP/1.1" 200 31498 "-" "Mozilla/5.0 (compatible; MJ12bot/v1.3.3; http://www.majestic12.co.uk/bot.php?+)"
67.195.112.32 - - [27/Mar/2011:08:39:30 +0200] "GET /index.php?mact=News,cntnt01,detail,0&cntnt01articleid=9&cntnt01returnid=89&hl=cz HTTP/1.0" 200 6031 "-" "Mozilla/5.0 (compatible; Yahoo! Slurp; http://help.yahoo.com/help/us/ysearch/slurp)"
67.195.112.180 - - [27/Mar/2011:08:51:38 +0200] "GET /seminare/dalsi_informace/fotogalerie/bezpecnost_a_management_rizik_v_zazitkovem_vzdelavani/03 HTTP/1.0" 404 0 "-" "Mozilla/5.0 (compatible; Yahoo! Slurp; http://help.yahoo.com/help/us/ysearch/slurp)"
178.74.10.106 - - [27/Mar/2011:08:53:48 +0200] "GET /robots.txt HTTP/1.0" 404 0 "-" "Mozilla/5.0 (compatible; MJ12bot/v1.3.3; http://www.majestic12.co.uk/bot.php?+)"
178.74.10.106 - - [27/Mar/2011:08:53:49 +0200] "GET / HTTP/1.1" 200 31499 "-" "Mozilla/5.0 (compatible; MJ12bot/v1.3.3; http://www.majestic12.co.uk/bot.php?+)"
208.115.111.68 - - [27/Mar/2011:09:00:54 +0200] "GET /robots.txt HTTP/1.1" 404 0 "-" "Mozilla/5.0 (compatible; Ezooms/1.0; ezooms.bot@gmail.com)"
67.195.112.32 - - [27/Mar/2011:09:16:24 +0200] "GET /index.php?page=Produkt-vedeni-tymu&hl=cz HTTP/1.0" 200 6121 "-" "Mozilla/5.0 (compatible; Yahoo! Slurp; http://help.yahoo.com/help/us/ysearch/slurp)"
67.195.112.32 - - [27/Mar/2011:09:16:27 +0200] "GET /css/jquery.fancybox.css HTTP/1.0" 304 0 "http://www.project-education.cz/index.php?page=Produkt-vedeni-tymu&hl=cz" "Mozilla/5.0 (compatible; Yahoo! Slurp; http://help.yahoo.com/help/us/ysearch/slurp)"
67.195.112.32 - - [27/Mar/2011:09:16:27 +0200] "GET /stylesheet.php?cssid=42&mediatype=all,screen HTTP/1.0" 304 0 "http://www.project-education.cz/index.php?page=Produkt-vedeni-tymu&hl=cz" "Mozilla/5.0 (compatible; Yahoo! Slurp; http://help.yahoo.com/help/us/ysearch/slurp)"
67.195.112.32 - - [27/Mar/2011:09:16:29 +0200] "GET /stylesheet.php?cssid=43&mediatype=all HTTP/1.0" 304 0 "http://www.project-education.cz/index.php?page=Produkt-vedeni-tymu&hl=cz" "Mozilla/5.0 (compatible; Yahoo! Slurp; http://help.yahoo.com/help/us/ysearch/slurp)"
67.195.112.32 - - [27/Mar/2011:09:16:29 +0200] "GET /stylesheet.php?cssid=44&mediatype=all HTTP/1.0" 304 0 "http://www.project-education.cz/index.php?page=Produkt-vedeni-tymu&hl=cz" "Mozilla/5.0 (compatible; Yahoo! Slurp; http://help.yahoo.com/help/us/ysearch/slurp)"
67.195.112.32 - - [27/Mar/2011:09:16:30 +0200] "GET /stylesheet.php?cssid=45&mediatype=screen HTTP/1.0" 304 0 "http://www.project-education.cz/index.php?page=Produkt-vedeni-tymu&hl=cz" "Mozilla/5.0 (compatible; Yahoo! Slurp; http://help.yahoo.com/help/us/ysearch/slurp)"
67.195.112.32 - - [27/Mar/2011:09:18:56 +0200] "GET /index.php?mact=News,cntnt01,detail,0&cntnt01articleid=8&cntnt01returnid=142&hl=cz HTTP/1.0" 200 6027 "-" "Mozilla/5.0 (compatible; Yahoo! Slurp; http://help.yahoo.com/help/us/ysearch/slurp)"
95.108.150.235 - - [27/Mar/2011:09:19:37 +0200] "GET /robots.txt HTTP/1.1" 301 306 "-" "Mozilla/5.0 (compatible; YandexBot/3.0; MirrorDetector; +http://yandex.com/bots)"
95.108.150.235 - - [27/Mar/2011:09:19:37 +0200] "GET /robots.txt HTTP/1.1" 404 0 "-" "Mozilla/5.0 (compatible; YandexBot/3.0; MirrorDetector; +http://yandex.com/bots)"
95.108.150.235 - - [27/Mar/2011:09:19:38 +0200] "GET / HTTP/1.1" 301 232 "-" "Mozilla/5.0 (compatible; YandexBot/3.0; MirrorDetector; +http://yandex.com/bots)"
95.108.150.235 - - [27/Mar/2011:09:19:38 +0200] "GET / HTTP/1.1" 200 6322 "-" "Mozilla/5.0 (compatible; YandexBot/3.0; MirrorDetector; +http://yandex.com/bots)"
95.108.150.235 - - [27/Mar/2011:09:19:39 +0200] "GET / HTTP/1.1" 200 6317 "-" "Mozilla/5.0 (compatible; YandexBot/3.0; MirrorDetector; +http://yandex.com/bots)"
95.108.150.235 - - [27/Mar/2011:09:22:32 +0200] "GET /robots.txt HTTP/1.1" 404 0 "-" "Mozilla/5.0 (compatible; YandexBot/3.0; MirrorDetector; +http://yandex.com/bots)"
95.108.150.235 - - [27/Mar/2011:09:22:32 +0200] "GET /robots.txt HTTP/1.1" 301 318 "-" "Mozilla/5.0 (compatible; YandexBot/3.0; MirrorDetector; +http://yandex.com/bots)"
95.108.150.235 - - [27/Mar/2011:09:22:33 +0200] "GET / HTTP/1.1" 200 6325 "-" "Mozilla/5.0 (compatible; YandexBot/3.0; MirrorDetector; +http://yandex.com/bots)"
95.108.150.235 - - [27/Mar/2011:09:22:33 +0200] "GET / HTTP/1.1" 301 233 "-" "Mozilla/5.0 (compatible; YandexBot/3.0; MirrorDetector; +http://yandex.com/bots)"
95.108.150.235 - - [27/Mar/2011:09:22:34 +0200] "GET / HTTP/1.1" 200 6327 "-" "Mozilla/5.0 (compatible; YandexBot/3.0; MirrorDetector; +http://yandex.com/bots)"
208.115.111.68 - - [27/Mar/2011:09:24:16 +0200] "GET /index.php?page=Strana-Reference&hl=cz HTTP/1.1" 200 31733 "-" "Mozilla/5.0 (compatible; Ezooms/1.0; ezooms.bot@gmail.com)"
208.115.111.68 - - [27/Mar/2011:09:24:23 +0200] "GET /index.php?page=Produkt-vzdelavani-pedagogu&hl=cz HTTP/1.1" 200 32080 "-" "Mozilla/5.0 (compatible; Ezooms/1.0; ezooms.bot@gmail.com)"
208.115.111.68 - - [27/Mar/2011:09:24:30 +0200] "GET /index.php?page=Produkt-jesenicka-trilogie&hl=cz HTTP/1.1" 200 30950 "-" "Mozilla/5.0 (compatible; Ezooms/1.0; ezooms.bot@gmail.com)"
207.46.12.239 - - [27/Mar/2011:09:25:50 +0200] "GET /robots.txt HTTP/1.1" 404 0 "-" "Mozilla/5.0 (compatible; bingbot/2.0; +http://www.bing.com/bingbot.htm)"
67.195.112.32 - - [27/Mar/2011:09:26:00 +0200] "GET /index.php?mact=News,cntnt01,detail,0&cntnt01articleid=4&cntnt01returnid=60&hl=en HTTP/1.0" 200 4507 "-" "Mozilla/5.0 (compatible; Yahoo! Slurp; http://help.yahoo.com/help/us/ysearch/slurp)"
207.46.12.239 - - [27/Mar/2011:09:26:36 +0200] "GET /seminare/dalsi_informace/novinky/vysoke_lanove_prekazky_last_minute_sleva_na_ila_i_tridy_11_13_6 HTTP/1.1" 404 0 "-" "Mozilla/5.0 (compatible; bingbot/2.0; +http://www.bing.com/bingbot.htm)"
67.195.112.32 - - [27/Mar/2011:09:29:11 +0200] "GET /index.php?mact=News,cntnt01,detail,0&cntnt01articleid=8&cntnt01returnid=104&hl=cz HTTP/1.0" 200 6025 "-" "Mozilla/5.0 (compatible; Yahoo! Slurp; http://help.yahoo.com/help/us/ysearch/slurp)"
67.195.112.32 - - [27/Mar/2011:09:36:17 +0200] "GET /index.php?page=Produkt-instruktor-lanovych-aktivit-ii-tridy&hl=cz HTTP/1.0" 200 6242 "-" "Mozilla/5.0 (compatible; Yahoo! Slurp; http://help.yahoo.com/help/us/ysearch/slurp)"
67.195.112.32 - - [27/Mar/2011:09:37:02 +0200] "GET /index.php?page=Produkt-koucink&hl=cz HTTP/1.0" 200 5689 "-" "Mozilla/5.0 (compatible; Yahoo! Slurp; http://help.yahoo.com/help/us/ysearch/slurp)"
67.195.112.32 - - [27/Mar/2011:09:39:52 +0200] "GET /index.php?mact=News,cntnt01,detail,0&cntnt01articleid=7&cntnt01returnid=109&hl=cz HTTP/1.0" 200 6134 "-" "Mozilla/5.0 (compatible; Yahoo! Slurp; http://help.yahoo.com/help/us/ysearch/slurp)"
67.195.112.32 - - [27/Mar/2011:09:40:35 +0200] "GET /index.php?mact=News,cntnt01,detail,0&cntnt01articleid=6&cntnt01returnid=180&hl=cz HTTP/1.0" 200 9026 "-" "Mozilla/5.0 (compatible; Yahoo! Slurp; http://help.yahoo.com/help/us/ysearch/slurp)"
67.195.112.32 - - [27/Mar/2011:09:44:35 +0200] "GET /index.php?page=Produkt-Vyjednavani&hl=cz HTTP/1.0" 200 6169 "-" "Mozilla/5.0 (compatible; Yahoo! Slurp; http://help.yahoo.com/help/us/ysearch/slurp)"
67.195.112.180 - - [27/Mar/2011:09:56:14 +0200] "GET /seminare/dalsi_informace/novinky/seminar_lezeni_na_skalach_jiz_obsazen HTTP/1.0" 404 0 "-" "Mozilla/5.0 (compatible; Yahoo! Slurp; http://help.yahoo.com/help/us/ysearch/slurp)"
95.108.158.238 - - [27/Mar/2011:10:05:01 +0200] "GET /uploads/images/NahodneFotografie/rastr32-3.jpg HTTP/1.1" 200 33868 "-" "Mozilla/5.0 (compatible; YandexImages/3.0; +http://yandex.com/bots)"
67.195.112.32 - - [27/Mar/2011:10:05:04 +0200] "GET /index.php?page=Produkt-trenink-treneru&hl=cz HTTP/1.0" 200 6634 "-" "Mozilla/5.0 (compatible; Yahoo! Slurp; http://help.yahoo.com/help/us/ysearch/slurp)"
67.195.112.32 - - [27/Mar/2011:10:20:14 +0200] "GET /index.php?page=Produkt-instruktor-lezeni-na-umelych-lezeckych-stenach&hl=cz HTTP/1.0" 200 5990 "-" "Mozilla/5.0 (compatible; Yahoo! Slurp; http://help.yahoo.com/help/us/ysearch/slurp)"
67.195.112.32 - - [27/Mar/2011:10:20:14 +0200] "GET /index.php?page=Produkt-seberizeni&hl=cz HTTP/1.0" 200 6031 "-" "Mozilla/5.0 (compatible; Yahoo! Slurp; http://help.yahoo.com/help/us/ysearch/slurp)"
67.195.112.32 - - [27/Mar/2011:10:20:15 +0200] "GET /modules/Album/css/stylesheet.css HTTP/1.0" 304 0 "http://www.project-education.cz/index.php?page=Produkt-instruktor-lezeni-na-umelych-lezeckych-stenach&hl=cz" "Mozilla/5.0 (compatible; Yahoo! Slurp; http://help.yahoo.com/help/us/ysearch/slurp)"
67.195.112.32 - - [27/Mar/2011:10:20:15 +0200] "GET /modules/Album/css/stylesheet.css HTTP/1.0" 200 12420 "http://www.project-education.cz/index.php?page=Produkt-seberizeni&hl=cz" "Mozilla/5.0 (compatible; Yahoo! Slurp; http://help.yahoo.com/help/us/ysearch/slurp)"
67.195.112.32 - - [27/Mar/2011:10:23:58 +0200] "GET /index.php?mact=News,cntnt01,detail,0&cntnt01articleid=9&cntnt01returnid=153&hl=cz HTTP/1.0" 200 6041 "-" "Mozilla/5.0 (compatible; Yahoo! Slurp; http://help.yahoo.com/help/us/ysearch/slurp)"
67.195.112.32 - - [27/Mar/2011:10:29:15 +0200] "GET /index.php?page=Produkt-instruktor-iniciativnich-her&hl=cz HTTP/1.0" 200 6400 "-" "Mozilla/5.0 (compatible; Yahoo! Slurp; http://help.yahoo.com/help/us/ysearch/slurp)"
67.195.112.32 - - [27/Mar/2011:10:30:00 +0200] "GET /index.php?page=Strana-Odbornost&hl=cz HTTP/1.0" 200 6225 "-" "Mozilla/5.0 (compatible; Yahoo! Slurp; http://help.yahoo.com/help/us/ysearch/slurp)"
67.195.112.32 - - [27/Mar/2011:10:37:09 +0200] "GET /index.php?page=Produkt-instruktor-lezeni-na-cvicnych-skalach&hl=cz HTTP/1.0" 200 6040 "-" "Mozilla/5.0 (compatible; Yahoo! Slurp; http://help.yahoo.com/help/us/ysearch/slurp)"
74.125.16.1 - - [27/Mar/2011:10:42:30 +0200] "GET /uploads/images/28-time-management.jpg HTTP/1.1" 200 43923 "-" "Mozilla/5.0 (compatible) Feedfetcher-Google; (+http://www.google.com/feedfetcher.html)"
67.195.112.32 - - [27/Mar/2011:10:42:46 +0200] "GET /index.php?page=Produkt-legenda-hradu-omis&hl=cz HTTP/1.0" 200 5915 "-" "Mozilla/5.0 (compatible; Yahoo! Slurp; http://help.yahoo.com/help/us/ysearch/slurp)"
67.195.112.32 - - [27/Mar/2011:10:48:19 +0200] "GET /index.php?page=Strana-mgr-michal-petr&hl=cz HTTP/1.0" 200 5939 "-" "Mozilla/5.0 (compatible; Yahoo! Slurp; http://help.yahoo.com/help/us/ysearch/slurp)"
188.75.185.76 - - [27/Mar/2011:10:52:22 +0200] "GET /index.php?page=Produkt-obecne-informace&hl=cz HTTP/1.1" 200 6531 "http://www.project-education.cz/index.php?page=Produkt-instruktor-lanovych-aktivit-i-tridy&hl=cz" "Mozilla/5.0 (Windows; U; Windows NT 6.1; cs; rv:1.9.2.16) Gecko/20110319 Firefox/3.6.16"
188.75.185.76 - - [27/Mar/2011:10:52:23 +0200] "GET /modules/Album/css/stylesheet.css HTTP/1.1" 200 12420 "http://www.project-education.cz/index.php?page=Produkt-obecne-informace&hl=cz" "Mozilla/5.0 (Windows; U; Windows NT 6.1; cs; rv:1.9.2.16) Gecko/20110319 Firefox/3.6.16"
188.75.185.76 - - [27/Mar/2011:10:52:23 +0200] "GET /js/fancybox/jquery.easing-1.3.pack.js HTTP/1.1" 404 0 "http://www.project-education.cz/index.php?page=Produkt-obecne-informace&hl=cz" "Mozilla/5.0 (Windows; U; Windows NT 6.1; cs; rv:1.9.2.16) Gecko/20110319 Firefox/3.6.16"
188.75.185.76 - - [27/Mar/2011:10:52:24 +0200] "GET /js/front.js HTTP/1.1" 200 299 "http://www.project-education.cz/index.php?page=Produkt-obecne-informace&hl=cz" "Mozilla/5.0 (Windows; U; Windows NT 6.1; cs; rv:1.9.2.16) Gecko/20110319 Firefox/3.6.16"
188.75.185.76 - - [27/Mar/2011:10:52:23 +0200] "GET /js/jquery.fancybox.min.js HTTP/1.1" 200 15029 "http://www.project-education.cz/index.php?page=Produkt-obecne-informace&hl=cz" "Mozilla/5.0 (Windows; U; Windows NT 6.1; cs; rv:1.9.2.16) Gecko/20110319 Firefox/3.6.16"
188.75.185.76 - - [27/Mar/2011:10:52:24 +0200] "GET /css/jquery.fancybox.css HTTP/1.1" 200 5536 "http://www.project-education.cz/index.php?page=Produkt-obecne-informace&hl=cz" "Mozilla/5.0 (Windows; U; Windows NT 6.1; cs; rv:1.9.2.16) Gecko/20110319 Firefox/3.6.16"
188.75.185.76 - - [27/Mar/2011:10:52:24 +0200] "GET /stylesheet.php?cssid=42&mediatype=all,screen HTTP/1.1" 200 5142 "http://www.project-education.cz/index.php?page=Produkt-obecne-informace&hl=cz" "Mozilla/5.0 (Windows; U; Windows NT 6.1; cs; rv:1.9.2.16) Gecko/20110319 Firefox/3.6.16"
188.75.185.76 - - [27/Mar/2011:10:52:24 +0200] "GET /stylesheet.php?cssid=43&mediatype=all HTTP/1.1" 200 5406 "http://www.project-education.cz/index.php?page=Produkt-obecne-informace&hl=cz" "Mozilla/5.0 (Windows; U; Windows NT 6.1; cs; rv:1.9.2.16) Gecko/20110319 Firefox/3.6.16"
188.75.185.76 - - [27/Mar/2011:10:52:24 +0200] "GET /stylesheet.php?cssid=44&mediatype=all HTTP/1.1" 200 3726 "http://www.project-education.cz/index.php?page=Produkt-obecne-informace&hl=cz" "Mozilla/5.0 (Windows; U; Windows NT 6.1; cs; rv:1.9.2.16) Gecko/20110319 Firefox/3.6.16"
188.75.185.76 - - [27/Mar/2011:10:52:25 +0200] "GET /stylesheet.php?cssid=45&mediatype=screen HTTP/1.1" 200 1769 "http://www.project-education.cz/index.php?page=Produkt-obecne-informace&hl=cz" "Mozilla/5.0 (Windows; U; Windows NT 6.1; cs; rv:1.9.2.16) Gecko/20110319 Firefox/3.6.16"
188.75.185.76 - - [27/Mar/2011:10:52:25 +0200] "GET /images/lang/cz.png HTTP/1.1" 200 4915 "http://www.project-education.cz/index.php?page=Produkt-obecne-informace&hl=cz" "Mozilla/5.0 (Windows; U; Windows NT 6.1; cs; rv:1.9.2.16) Gecko/20110319 Firefox/3.6.16"
188.75.185.76 - - [27/Mar/2011:10:52:26 +0200] "GET /js/jquery.pngFix.pack.js HTTP/1.1" 200 2485 "http://www.project-education.cz/index.php?page=Produkt-obecne-informace&hl=cz" "Mozilla/5.0 (Windows; U; Windows NT 6.1; cs; rv:1.9.2.16) Gecko/20110319 Firefox/3.6.16"
74.125.16.1 - - [27/Mar/2011:10:52:29 +0200] "GET /uploads/images/28-time-management.jpg HTTP/1.1" 200 43923 "-" "Mozilla/5.0 (compatible) Feedfetcher-Google; (+http://www.google.com/feedfetcher.html)"
188.75.185.76 - - [27/Mar/2011:10:52:33 +0200] "GET /modules/Album/templates/db/greybox/AJS.js HTTP/1.1" 200 10444 "http://www.project-education.cz/index.php?page=Produkt-obecne-informace&hl=cz" "Mozilla/5.0 (Windows; U; Windows NT 6.1; cs; rv:1.9.2.16) Gecko/20110319 Firefox/3.6.16"
188.75.185.76 - - [27/Mar/2011:10:52:33 +0200] "GET /modules/Album/templates/db/greybox/AJS_fx.js HTTP/1.1" 200 3091 "http://www.project-education.cz/index.php?page=Produkt-obecne-informace&hl=cz" "Mozilla/5.0 (Windows; U; Windows NT 6.1; cs; rv:1.9.2.16) Gecko/20110319 Firefox/3.6.16"
188.75.185.76 - - [27/Mar/2011:10:52:33 +0200] "GET /uploads/images/NahodneFotografie/thumb_rastr33-1.jpg HTTP/1.1" 200 4465 "http://www.project-education.cz/index.php?page=Produkt-obecne-informace&hl=cz" "Mozilla/5.0 (Windows; U; Windows NT 6.1; cs; rv:1.9.2.16) Gecko/20110319 Firefox/3.6.16"
188.75.185.76 - - [27/Mar/2011:10:52:33 +0200] "GET /uploads/images/NahodneFotografie/thumb_rastr32-1.jpg HTTP/1.1" 200 2154 "http://www.project-education.cz/index.php?page=Produkt-obecne-informace&hl=cz" "Mozilla/5.0 (Windows; U; Windows NT 6.1; cs; rv:1.9.2.16) Gecko/20110319 Firefox/3.6.16"
188.75.185.76 - - [27/Mar/2011:10:52:33 +0200] "GET /modules/Album/templates/db/greybox/gb_scripts.js HTTP/1.1" 200 11469 "http://www.project-education.cz/index.php?page=Produkt-obecne-informace&hl=cz" "Mozilla/5.0 (Windows; U; Windows NT 6.1; cs; rv:1.9.2.16) Gecko/20110319 Firefox/3.6.16"
188.75.185.76 - - [27/Mar/2011:10:52:33 +0200] "GET /uploads/images/NahodneFotografie/thumb_rastr37-2.jpg HTTP/1.1" 200 4215 "http://www.project-education.cz/index.php?page=Produkt-obecne-informace&hl=cz" "Mozilla/5.0 (Windows; U; Windows NT 6.1; cs; rv:1.9.2.16) Gecko/20110319 Firefox/3.6.16"
188.75.185.76 - - [27/Mar/2011:10:52:34 +0200] "GET /uploads/PoThemeExp/TopBgr.png HTTP/1.1" 200 3038 "http://www.project-education.cz/stylesheet.php?cssid=42&mediatype=all,screen" "Mozilla/5.0 (Windows; U; Windows NT 6.1; cs; rv:1.9.2.16) Gecko/20110319 Firefox/3.6.16"
188.75.185.76 - - [27/Mar/2011:10:52:34 +0200] "GET /images/grafika/ButonYellow.png HTTP/1.1" 200 2808 "http://www.project-education.cz/stylesheet.php?cssid=43&mediatype=all" "Mozilla/5.0 (Windows; U; Windows NT 6.1; cs; rv:1.9.2.16) Gecko/20110319 Firefox/3.6.16"
188.75.185.76 - - [27/Mar/2011:10:52:34 +0200] "GET /uploads/PoThemeExp/pl.png HTTP/1.1" 200 4428 "http://www.project-education.cz/stylesheet.php?cssid=42&mediatype=all,screen" "Mozilla/5.0 (Windows; U; Windows NT 6.1; cs; rv:1.9.2.16) Gecko/20110319 Firefox/3.6.16"
188.75.185.76 - - [27/Mar/2011:10:52:34 +0200] "GET /uploads/PoThemeExp/sk.png HTTP/1.1" 200 4891 "http://www.project-education.cz/stylesheet.php?cssid=42&mediatype=all,screen" "Mozilla/5.0 (Windows; U; Windows NT 6.1; cs; rv:1.9.2.16) Gecko/20110319 Firefox/3.6.16"
188.75.185.76 - - [27/Mar/2011:10:52:34 +0200] "GET /images/grafika/tl.gif HTTP/1.1" 200 43 "http://www.project-education.cz/stylesheet.php?cssid=43&mediatype=all" "Mozilla/5.0 (Windows; U; Windows NT 6.1; cs; rv:1.9.2.16) Gecko/20110319 Firefox/3.6.16"
188.75.185.76 - - [27/Mar/2011:10:52:34 +0200] "GET /images/grafika/tr.gif HTTP/1.1" 200 44 "http://www.project-education.cz/stylesheet.php?cssid=43&mediatype=all" "Mozilla/5.0 (Windows; U; Windows NT 6.1; cs; rv:1.9.2.16) Gecko/20110319 Firefox/3.6.16"
188.75.185.76 - - [27/Mar/2011:10:52:34 +0200] "GET /images/cms/arrow.gif HTTP/1.1" 200 69 "http://www.project-education.cz/stylesheet.php?cssid=44&mediatype=all" "Mozilla/5.0 (Windows; U; Windows NT 6.1; cs; rv:1.9.2.16) Gecko/20110319 Firefox/3.6.16"
188.75.185.76 - - [27/Mar/2011:10:52:34 +0200] "GET /uploads/PoThemeExp/topImg/ms-chodci.jpg HTTP/1.1" 200 75687 "http://www.project-education.cz/index.php?page=Produkt-obecne-informace&hl=cz" "Mozilla/5.0 (Windows; U; Windows NT 6.1; cs; rv:1.9.2.16) Gecko/20110319 Firefox/3.6.16"
188.75.185.76 - - [27/Mar/2011:10:52:36 +0200] "GET /uploads/images/grafika/bullet.gif HTTP/1.1" 200 174 "http://www.project-education.cz/stylesheet.php?cssid=42&mediatype=all,screen" "Mozilla/5.0 (Windows; U; Windows NT 6.1; cs; rv:1.9.2.16) Gecko/20110319 Firefox/3.6.16"
188.75.185.76 - - [27/Mar/2011:10:52:36 +0200] "GET /uploads/PoThemeExp/search.png HTTP/1.1" 200 5010 "http://www.project-education.cz/stylesheet.php?cssid=42&mediatype=all,screen" "Mozilla/5.0 (Windows; U; Windows NT 6.1; cs; rv:1.9.2.16) Gecko/20110319 Firefox/3.6.16"
188.75.185.76 - - [27/Mar/2011:10:52:37 +0200] "GET /modules/Album/templates/db/greybox/w_close.gif HTTP/1.1" 200 74 "http://www.project-education.cz/index.php?page=Produkt-obecne-informace&hl=cz" "Mozilla/5.0 (Windows; U; Windows NT 6.1; cs; rv:1.9.2.16) Gecko/20110319 Firefox/3.6.16"
188.75.185.76 - - [27/Mar/2011:10:52:37 +0200] "GET /modules/Album/templates/db/greybox/header_bg.gif HTTP/1.1" 200 1188 "http://www.project-education.cz/index.php?page=Produkt-obecne-informace&hl=cz" "Mozilla/5.0 (Windows; U; Windows NT 6.1; cs; rv:1.9.2.16) Gecko/20110319 Firefox/3.6.16"
188.75.185.76 - - [27/Mar/2011:10:52:37 +0200] "GET /modules/Album/templates/db/greybox/g_close.gif HTTP/1.1" 200 541 "http://www.project-education.cz/index.php?page=Produkt-obecne-informace&hl=cz" "Mozilla/5.0 (Windows; U; Windows NT 6.1; cs; rv:1.9.2.16) Gecko/20110319 Firefox/3.6.16"
188.75.185.76 - - [27/Mar/2011:10:52:37 +0200] "GET /modules/Album/templates/db/greybox/indicator.gif HTTP/1.1" 200 8238 "http://www.project-education.cz/index.php?page=Produkt-obecne-informace&hl=cz" "Mozilla/5.0 (Windows; U; Windows NT 6.1; cs; rv:1.9.2.16) Gecko/20110319 Firefox/3.6.16"
188.75.185.76 - - [27/Mar/2011:10:52:37 +0200] "GET /favicon.ico HTTP/1.1" 200 3638 "-" "Mozilla/5.0 (Windows; U; Windows NT 6.1; cs; rv:1.9.2.16) Gecko/20110319 Firefox/3.6.16"
67.195.112.32 - - [27/Mar/2011:10:57:58 +0200] "GET /index.php?page=Strana-bc-dita-podhadska&hl=cz HTTP/1.0" 200 5958 "-" "Mozilla/5.0 (compatible; Yahoo! Slurp; http://help.yahoo.com/help/us/ysearch/slurp)"
90.183.39.17 - - [27/Mar/2011:11:00:55 +0200] "GET /seminare/dalsi_informace/fotogalerie/instruktor_la_ii_tridy/003 HTTP/1.1" 404 0 "-" "holmes/3.12.4 (http://morfeo.centrum.cz/bot)"
67.195.112.32 - - [27/Mar/2011:11:09:12 +0200] "GET /index.php?mact=News,cntnt01,detail,0&cntnt01articleid=9&cntnt01returnid=64&hl=cz HTTP/1.0" 200 6027 "-" "Mozilla/5.0 (compatible; Yahoo! Slurp; http://help.yahoo.com/help/us/ysearch/slurp)"
66.249.66.5 - - [27/Mar/2011:11:12:49 +0200] "GET /index.php?page=Produkt-belbin&hl=cz HTTP/1.1" 200 7115 "-" "Mozilla/5.0 (compatible; Googlebot/2.1; +http://www.google.com/bot.html)"
67.195.112.32 - - [27/Mar/2011:11:14:14 +0200] "GET /index.php?mact=News,cntnt01,detail,0&cntnt01articleid=9&cntnt01returnid=143&hl=cz HTTP/1.0" 200 6042 "-" "Mozilla/5.0 (compatible; Yahoo! Slurp; http://help.yahoo.com/help/us/ysearch/slurp)"
67.195.112.180 - - [27/Mar/2011:11:14:22 +0200] "GET /robots.txt HTTP/1.0" 404 0 "-" "Mozilla/5.0 (compatible; Yahoo! Slurp; http://help.yahoo.com/help/us/ysearch/slurp)"
67.195.112.180 - - [27/Mar/2011:11:14:22 +0200] "GET /seminare/dalsi_informace/novinky/probehl_letosni_prvni_seminar_instruktor_lanovych_aktivit HTTP/1.0" 404 0 "-" "Mozilla/5.0 (compatible; Yahoo! Slurp; http://help.yahoo.com/help/us/ysearch/slurp)"
