90.183.39.17 - - [27/Mar/2011:11:16:17 +0200] "GET /seminare/dalsi_informace/novinky/kurz_lanovych_aktivit_v_anglictine HTTP/1.1" 404 0 "-" "holmes/3.12.4 (http://morfeo.centrum.cz/bot)"
67.195.112.32 - - [27/Mar/2011:11:16:32 +0200] "GET /index.php?mact=News,cntnt01,detail,0&cntnt01articleid=8&cntnt01returnid=118&hl=cz HTTP/1.0" 200 6015 "-" "Mozilla/5.0 (compatible; Yahoo! Slurp; http://help.yahoo.com/help/us/ysearch/slurp)"
74.125.16.1 - - [27/Mar/2011:11:20:57 +0200] "GET /uploads/images/28-time-management.jpg HTTP/1.1" 200 43923 "-" "Mozilla/5.0 (compatible) Feedfetcher-Google; (+http://www.google.com/feedfetcher.html)"
67.195.112.32 - - [27/Mar/2011:11:31:52 +0200] "GET /index.php?mact=News,cntnt01,detail,0&cntnt01articleid=4&cntnt01returnid=111&hl=cz HTTP/1.0" 200 6260 "-" "Mozilla/5.0 (compatible; Yahoo! Slurp; http://help.yahoo.com/help/us/ysearch/slurp)"
67.195.112.32 - - [27/Mar/2011:11:31:54 +0200] "GET /css/jquery.fancybox.css HTTP/1.0" 304 0 "http://www.project-education.cz/index.php?mact=News,cntnt01,detail,0&cntnt01articleid=4&cntnt01returnid=111&hl=cz" "Mozilla/5.0 (compatible; Yahoo! Slurp; http://help.yahoo.com/help/us/ysearch/slurp)"
67.195.112.32 - - [27/Mar/2011:11:31:55 +0200] "GET /stylesheet.php?cssid=42&mediatype=all,screen HTTP/1.0" 304 0 "http://www.project-education.cz/index.php?mact=News,cntnt01,detail,0&cntnt01articleid=4&cntnt01returnid=111&hl=cz" "Mozilla/5.0 (compatible; Yahoo! Slurp; http://help.yahoo.com/help/us/ysearch/slurp)"
67.195.112.32 - - [27/Mar/2011:11:31:56 +0200] "GET /stylesheet.php?cssid=43&mediatype=all HTTP/1.0" 304 0 "http://www.project-education.cz/index.php?mact=News,cntnt01,detail,0&cntnt01articleid=4&cntnt01returnid=111&hl=cz" "Mozilla/5.0 (compatible; Yahoo! Slurp; http://help.yahoo.com/help/us/ysearch/slurp)"
67.195.112.32 - - [27/Mar/2011:11:31:58 +0200] "GET /stylesheet.php?cssid=44&mediatype=all HTTP/1.0" 304 0 "http://www.project-education.cz/index.php?mact=News,cntnt01,detail,0&cntnt01articleid=4&cntnt01returnid=111&hl=cz" "Mozilla/5.0 (compatible; Yahoo! Slurp; http://help.yahoo.com/help/us/ysearch/slurp)"
67.195.112.32 - - [27/Mar/2011:11:31:59 +0200] "GET /stylesheet.php?cssid=45&mediatype=screen HTTP/1.0" 304 0 "http://www.project-education.cz/index.php?mact=News,cntnt01,detail,0&cntnt01articleid=4&cntnt01returnid=111&hl=cz" "Mozilla/5.0 (compatible; Yahoo! Slurp; http://help.yahoo.com/help/us/ysearch/slurp)"
67.195.112.32 - - [27/Mar/2011:11:39:03 +0200] "GET /index.php?mact=News,cntnt01,detail,0&cntnt01articleid=6&cntnt01returnid=188&hl=cz HTTP/1.0" 200 9031 "-" "Mozilla/5.0 (compatible; Yahoo! Slurp; http://help.yahoo.com/help/us/ysearch/slurp)"
67.195.112.32 - - [27/Mar/2011:11:48:23 +0200] "GET /index.php?mact=News,cntnt01,detail,0&cntnt01articleid=7&cntnt01returnid=15&hl=en HTTP/1.0" 200 4381 "-" "Mozilla/5.0 (compatible; Yahoo! Slurp; http://help.yahoo.com/help/us/ysearch/slurp)"
67.195.112.32 - - [27/Mar/2011:11:49:25 +0200] "GET /index.php?mact=News,cntnt01,detail,0&cntnt01articleid=8&cntnt01returnid=15&hl=en HTTP/1.0" 200 4289 "-" "Mozilla/5.0 (compatible; Yahoo! Slurp; http://help.yahoo.com/help/us/ysearch/slurp)"
67.195.112.32 - - [27/Mar/2011:11:51:26 +0200] "GET /index.php?mact=News,cntnt01,print,0&cntnt01articleid=8&cntnt01showtemplate=false&cntnt01returnid=15&hl=en HTTP/1.0" 200 536 "-" "Mozilla/5.0 (compatible; Yahoo! Slurp; http://help.yahoo.com/help/us/ysearch/slurp)"
65.52.49.141 - - [27/Mar/2011:11:52:31 +0200] "GET /robots.txt HTTP/1.1" 404 0 "-" "Mozilla/5.0 (compatible; bingbot/2.0; +http://www.bing.com/bingbot.htm)"
65.52.110.51 - - [27/Mar/2011:11:56:27 +0200] "GET /robots.txt HTTP/1.1" 404 0 "-" "Mozilla/5.0 (compatible; bingbot/2.0; +http://www.bing.com/bingbot.htm)"
65.52.110.51 - - [27/Mar/2011:11:57:30 +0200] "GET / HTTP/1.1" 200 6327 "-" "Mozilla/5.0 (compatible; bingbot/2.0; +http://www.bing.com/bingbot.htm)"
89.103.134.220 - - [27/Mar/2011:11:57:32 +0200] "GET / HTTP/1.1" 200 6322 "-" "Mozilla/5.0 (Windows; U; Windows NT 5.1; cs; rv:1.9.2.16) Gecko/20110319 AskTbFF/3.11.3.15590 Firefox/3.6.16 ( .NET CLR 3.5.30729)"
89.103.134.220 - - [27/Mar/2011:11:57:33 +0200] "GET /js/jquery.pngFix.pack.js HTTP/1.1" 200 2485 "http://www.vzdelavame.cz/" "Mozilla/5.0 (Windows; U; Windows NT 5.1; cs; rv:1.9.2.16) Gecko/20110319 AskTbFF/3.11.3.15590 Firefox/3.6.16 ( .NET CLR 3.5.30729)"
89.103.134.220 - - [27/Mar/2011:11:57:33 +0200] "GET /js/fancybox/jquery.easing-1.3.pack.js HTTP/1.1" 404 0 "http://www.vzdelavame.cz/" "Mozilla/5.0 (Windows; U; Windows NT 5.1; cs; rv:1.9.2.16) Gecko/20110319 AskTbFF/3.11.3.15590 Firefox/3.6.16 ( .NET CLR 3.5.30729)"
89.103.134.220 - - [27/Mar/2011:11:57:33 +0200] "GET /modules/Album/css/stylesheet.css HTTP/1.1" 200 12420 "http://www.vzdelavame.cz/" "Mozilla/5.0 (Windows; U; Windows NT 5.1; cs; rv:1.9.2.16) Gecko/20110319 AskTbFF/3.11.3.15590 Firefox/3.6.16 ( .NET CLR 3.5.30729)"
89.103.134.220 - - [27/Mar/2011:11:57:33 +0200] "GET /stylesheet.php?cssid=42&mediatype=all,screen HTTP/1.1" 200 5142 "http://www.vzdelavame.cz/" "Mozilla/5.0 (Windows; U; Windows NT 5.1; cs; rv:1.9.2.16) Gecko/20110319 AskTbFF/3.11.3.15590 Firefox/3.6.16 ( .NET CLR 3.5.30729)"
89.103.134.220 - - [27/Mar/2011:11:57:33 +0200] "GET /stylesheet.php?cssid=43&mediatype=all HTTP/1.1" 200 5406 "http://www.vzdelavame.cz/" "Mozilla/5.0 (Windows; U; Windows NT 5.1; cs; rv:1.9.2.16) Gecko/20110319 AskTbFF/3.11.3.15590 Firefox/3.6.16 ( .NET CLR 3.5.30729)"
89.103.134.220 - - [27/Mar/2011:11:57:33 +0200] "GET /js/jquery.fancybox.min.js HTTP/1.1" 200 15029 "http://www.vzdelavame.cz/" "Mozilla/5.0 (Windows; U; Windows NT 5.1; cs; rv:1.9.2.16) Gecko/20110319 AskTbFF/3.11.3.15590 Firefox/3.6.16 ( .NET CLR 3.5.30729)"
89.103.134.220 - - [27/Mar/2011:11:57:33 +0200] "GET /stylesheet.php?cssid=44&mediatype=all HTTP/1.1" 200 3726 "http://www.vzdelavame.cz/" "Mozilla/5.0 (Windows; U; Windows NT 5.1; cs; rv:1.9.2.16) Gecko/20110319 AskTbFF/3.11.3.15590 Firefox/3.6.16 ( .NET CLR 3.5.30729)"
89.103.134.220 - - [27/Mar/2011:11:57:33 +0200] "GET /stylesheet.php?cssid=45&mediatype=screen HTTP/1.1" 200 1769 "http://www.vzdelavame.cz/" "Mozilla/5.0 (Windows; U; Windows NT 5.1; cs; rv:1.9.2.16) Gecko/20110319 AskTbFF/3.11.3.15590 Firefox/3.6.16 ( .NET CLR 3.5.30729)"
89.103.134.220 - - [27/Mar/2011:11:57:33 +0200] "GET /modules/Album/templates/db/greybox/AJS.js HTTP/1.1" 200 10444 "http://www.vzdelavame.cz/" "Mozilla/5.0 (Windows; U; Windows NT 5.1; cs; rv:1.9.2.16) Gecko/20110319 AskTbFF/3.11.3.15590 Firefox/3.6.16 ( .NET CLR 3.5.30729)"
89.103.134.220 - - [27/Mar/2011:11:57:33 +0200] "GET /modules/Album/templates/db/greybox/AJS_fx.js HTTP/1.1" 200 3091 "http://www.vzdelavame.cz/" "Mozilla/5.0 (Windows; U; Windows NT 5.1; cs; rv:1.9.2.16) Gecko/20110319 AskTbFF/3.11.3.15590 Firefox/3.6.16 ( .NET CLR 3.5.30729)"
89.103.134.220 - - [27/Mar/2011:11:57:33 +0200] "GET /images/lang/cz.png HTTP/1.1" 200 4915 "http://www.vzdelavame.cz/" "Mozilla/5.0 (Windows; U; Windows NT 5.1; cs; rv:1.9.2.16) Gecko/20110319 AskTbFF/3.11.3.15590 Firefox/3.6.16 ( .NET CLR 3.5.30729)"
89.103.134.220 - - [27/Mar/2011:11:57:33 +0200] "GET /modules/Album/templates/db/greybox/gb_scripts.js HTTP/1.1" 200 11469 "http://www.vzdelavame.cz/" "Mozilla/5.0 (Windows; U; Windows NT 5.1; cs; rv:1.9.2.16) Gecko/20110319 AskTbFF/3.11.3.15590 Firefox/3.6.16 ( .NET CLR 3.5.30729)"
89.103.134.220 - - [27/Mar/2011:11:57:33 +0200] "GET /js/fancybox/jquery.easing-1.3.pack.js HTTP/1.1" 404 0 "http://www.vzdelavame.cz/" "Mozilla/5.0 (Windows; U; Windows NT 5.1; cs; rv:1.9.2.16) Gecko/20110319 AskTbFF/3.11.3.15590 Firefox/3.6.16 ( .NET CLR 3.5.30729)"
89.103.134.220 - - [27/Mar/2011:11:57:33 +0200] "GET /uploads/images/NahodneFotografie/thumb_rastr35-5.jpg HTTP/1.1" 200 2972 "http://www.vzdelavame.cz/" "Mozilla/5.0 (Windows; U; Windows NT 5.1; cs; rv:1.9.2.16) Gecko/20110319 AskTbFF/3.11.3.15590 Firefox/3.6.16 ( .NET CLR 3.5.30729)"
89.103.134.220 - - [27/Mar/2011:11:57:33 +0200] "GET /images/lang/en.png HTTP/1.1" 200 5217 "http://www.vzdelavame.cz/" "Mozilla/5.0 (Windows; U; Windows NT 5.1; cs; rv:1.9.2.16) Gecko/20110319 AskTbFF/3.11.3.15590 Firefox/3.6.16 ( .NET CLR 3.5.30729)"
89.103.134.220 - - [27/Mar/2011:11:57:33 +0200] "GET /uploads/images/NahodneFotografie/thumb_rastr32-3.jpg HTTP/1.1" 200 5107 "http://www.vzdelavame.cz/" "Mozilla/5.0 (Windows; U; Windows NT 5.1; cs; rv:1.9.2.16) Gecko/20110319 AskTbFF/3.11.3.15590 Firefox/3.6.16 ( .NET CLR 3.5.30729)"
89.103.134.220 - - [27/Mar/2011:11:57:33 +0200] "GET /uploads/images/NahodneFotografie/thumb_rastr32-1.jpg HTTP/1.1" 200 2154 "http://www.vzdelavame.cz/" "Mozilla/5.0 (Windows; U; Windows NT 5.1; cs; rv:1.9.2.16) Gecko/20110319 AskTbFF/3.11.3.15590 Firefox/3.6.16 ( .NET CLR 3.5.30729)"
89.103.134.220 - - [27/Mar/2011:11:57:33 +0200] "GET /js/front.js HTTP/1.1" 200 299 "http://www.vzdelavame.cz/" "Mozilla/5.0 (Windows; U; Windows NT 5.1; cs; rv:1.9.2.16) Gecko/20110319 AskTbFF/3.11.3.15590 Firefox/3.6.16 ( .NET CLR 3.5.30729)"
89.103.134.220 - - [27/Mar/2011:11:57:34 +0200] "GET /css/jquery.fancybox.css HTTP/1.1" 200 5536 "http://www.vzdelavame.cz/" "Mozilla/5.0 (Windows; U; Windows NT 5.1; cs; rv:1.9.2.16) Gecko/20110319 AskTbFF/3.11.3.15590 Firefox/3.6.16 ( .NET CLR 3.5.30729)"
89.103.134.220 - - [27/Mar/2011:11:57:34 +0200] "GET /uploads/PoThemeExp/TopBgr.png HTTP/1.1" 200 3038 "http://www.project-education.cz/stylesheet.php?cssid=42&mediatype=all,screen" "Mozilla/5.0 (Windows; U; Windows NT 5.1; cs; rv:1.9.2.16) Gecko/20110319 AskTbFF/3.11.3.15590 Firefox/3.6.16 ( .NET CLR 3.5.30729)"
89.103.134.220 - - [27/Mar/2011:11:57:34 +0200] "GET /uploads/PoThemeExp/sk.png HTTP/1.1" 200 4891 "http://www.project-education.cz/stylesheet.php?cssid=42&mediatype=all,screen" "Mozilla/5.0 (Windows; U; Windows NT 5.1; cs; rv:1.9.2.16) Gecko/20110319 AskTbFF/3.11.3.15590 Firefox/3.6.16 ( .NET CLR 3.5.30729)"
89.103.134.220 - - [27/Mar/2011:11:57:34 +0200] "GET /images/grafika/ButonGray.png HTTP/1.1" 200 2809 "http://www.project-education.cz/stylesheet.php?cssid=43&mediatype=all" "Mozilla/5.0 (Windows; U; Windows NT 5.1; cs; rv:1.9.2.16) Gecko/20110319 AskTbFF/3.11.3.15590 Firefox/3.6.16 ( .NET CLR 3.5.30729)"
89.103.134.220 - - [27/Mar/2011:11:57:34 +0200] "GET /uploads/PoThemeExp/pl.png HTTP/1.1" 200 4428 "http://www.project-education.cz/stylesheet.php?cssid=42&mediatype=all,screen" "Mozilla/5.0 (Windows; U; Windows NT 5.1; cs; rv:1.9.2.16) Gecko/20110319 AskTbFF/3.11.3.15590 Firefox/3.6.16 ( .NET CLR 3.5.30729)"
89.103.134.220 - - [27/Mar/2011:11:57:34 +0200] "GET /images/grafika/tl.gif HTTP/1.1" 200 43 "http://www.project-education.cz/stylesheet.php?cssid=43&mediatype=all" "Mozilla/5.0 (Windows; U; Windows NT 5.1; cs; rv:1.9.2.16) Gecko/20110319 AskTbFF/3.11.3.15590 Firefox/3.6.16 ( .NET CLR 3.5.30729)"
89.103.134.220 - - [27/Mar/2011:11:57:34 +0200] "GET /images/grafika/tr.gif HTTP/1.1" 200 44 "http://www.project-education.cz/stylesheet.php?cssid=43&mediatype=all" "Mozilla/5.0 (Windows; U; Windows NT 5.1; cs; rv:1.9.2.16) Gecko/20110319 AskTbFF/3.11.3.15590 Firefox/3.6.16 ( .NET CLR 3.5.30729)"
89.103.134.220 - - [27/Mar/2011:11:57:34 +0200] "GET /images/grafika/ButonYellow.png HTTP/1.1" 200 2808 "http://www.project-education.cz/stylesheet.php?cssid=43&mediatype=all" "Mozilla/5.0 (Windows; U; Windows NT 5.1; cs; rv:1.9.2.16) Gecko/20110319 AskTbFF/3.11.3.15590 Firefox/3.6.16 ( .NET CLR 3.5.30729)"
89.103.134.220 - - [27/Mar/2011:11:57:34 +0200] "GET /images/cms/arrow.gif HTTP/1.1" 200 69 "http://www.project-education.cz/stylesheet.php?cssid=44&mediatype=all" "Mozilla/5.0 (Windows; U; Windows NT 5.1; cs; rv:1.9.2.16) Gecko/20110319 AskTbFF/3.11.3.15590 Firefox/3.6.16 ( .NET CLR 3.5.30729)"
89.103.134.220 - - [27/Mar/2011:11:57:34 +0200] "GET /uploads/images/grafika/bullet.gif HTTP/1.1" 200 174 "http://www.project-education.cz/stylesheet.php?cssid=42&mediatype=all,screen" "Mozilla/5.0 (Windows; U; Windows NT 5.1; cs; rv:1.9.2.16) Gecko/20110319 AskTbFF/3.11.3.15590 Firefox/3.6.16 ( .NET CLR 3.5.30729)"
89.103.134.220 - - [27/Mar/2011:11:57:34 +0200] "GET /uploads/PoThemeExp/topImg/ms-chodci.jpg HTTP/1.1" 200 75687 "http://www.vzdelavame.cz/" "Mozilla/5.0 (Windows; U; Windows NT 5.1; cs; rv:1.9.2.16) Gecko/20110319 AskTbFF/3.11.3.15590 Firefox/3.6.16 ( .NET CLR 3.5.30729)"
89.103.134.220 - - [27/Mar/2011:11:57:34 +0200] "GET /uploads/PoThemeExp/search.png HTTP/1.1" 200 5010 "http://www.project-education.cz/stylesheet.php?cssid=42&mediatype=all,screen" "Mozilla/5.0 (Windows; U; Windows NT 5.1; cs; rv:1.9.2.16) Gecko/20110319 AskTbFF/3.11.3.15590 Firefox/3.6.16 ( .NET CLR 3.5.30729)"
89.103.134.220 - - [27/Mar/2011:11:57:35 +0200] "GET /modules/Album/templates/db/greybox/w_close.gif HTTP/1.1" 200 74 "http://www.vzdelavame.cz/" "Mozilla/5.0 (Windows; U; Windows NT 5.1; cs; rv:1.9.2.16) Gecko/20110319 AskTbFF/3.11.3.15590 Firefox/3.6.16 ( .NET CLR 3.5.30729)"
89.103.134.220 - - [27/Mar/2011:11:57:35 +0200] "GET /modules/Album/templates/db/greybox/g_close.gif HTTP/1.1" 200 541 "http://www.vzdelavame.cz/" "Mozilla/5.0 (Windows; U; Windows NT 5.1; cs; rv:1.9.2.16) Gecko/20110319 AskTbFF/3.11.3.15590 Firefox/3.6.16 ( .NET CLR 3.5.30729)"
89.103.134.220 - - [27/Mar/2011:11:57:35 +0200] "GET /modules/Album/templates/db/greybox/indicator.gif HTTP/1.1" 200 8238 "http://www.vzdelavame.cz/" "Mozilla/5.0 (Windows; U; Windows NT 5.1; cs; rv:1.9.2.16) Gecko/20110319 AskTbFF/3.11.3.15590 Firefox/3.6.16 ( .NET CLR 3.5.30729)"
89.103.134.220 - - [27/Mar/2011:11:57:35 +0200] "GET /favicon.ico HTTP/1.1" 200 3638 "-" "Mozilla/5.0 (Windows; U; Windows NT 5.1; cs; rv:1.9.2.16) Gecko/20110319 AskTbFF/3.11.3.15590 Firefox/3.6.16 ( .NET CLR 3.5.30729)"
89.103.134.220 - - [27/Mar/2011:11:57:35 +0200] "GET /modules/Album/templates/db/greybox/header_bg.gif HTTP/1.1" 200 1188 "http://www.vzdelavame.cz/" "Mozilla/5.0 (Windows; U; Windows NT 5.1; cs; rv:1.9.2.16) Gecko/20110319 AskTbFF/3.11.3.15590 Firefox/3.6.16 ( .NET CLR 3.5.30729)"
89.103.134.220 - - [27/Mar/2011:11:57:45 +0200] "GET /index.php?mact=News,cntnt01,detail,0&cntnt01articleid=9&cntnt01returnid=15&hl=cz HTTP/1.1" 200 6007 "http://www.vzdelavame.cz/" "Mozilla/5.0 (Windows; U; Windows NT 5.1; cs; rv:1.9.2.16) Gecko/20110319 AskTbFF/3.11.3.15590 Firefox/3.6.16 ( .NET CLR 3.5.30729)"
89.103.134.220 - - [27/Mar/2011:11:57:46 +0200] "GET /js/fancybox/jquery.easing-1.3.pack.js HTTP/1.1" 404 0 "http://www.project-education.cz/index.php?mact=News,cntnt01,detail,0&cntnt01articleid=9&cntnt01returnid=15&hl=cz" "Mozilla/5.0 (Windows; U; Windows NT 5.1; cs; rv:1.9.2.16) Gecko/20110319 AskTbFF/3.11.3.15590 Firefox/3.6.16 ( .NET CLR 3.5.30729)"
89.103.134.220 - - [27/Mar/2011:11:57:46 +0200] "GET /stylesheet.php?cssid=44&mediatype=all HTTP/1.1" 304 0 "http://www.project-education.cz/index.php?mact=News,cntnt01,detail,0&cntnt01articleid=9&cntnt01returnid=15&hl=cz" "Mozilla/5.0 (Windows; U; Windows NT 5.1; cs; rv:1.9.2.16) Gecko/20110319 AskTbFF/3.11.3.15590 Firefox/3.6.16 ( .NET CLR 3.5.30729)"
89.103.134.220 - - [27/Mar/2011:11:57:46 +0200] "GET /stylesheet.php?cssid=43&mediatype=all HTTP/1.1" 304 0 "http://www.project-education.cz/index.php?mact=News,cntnt01,detail,0&cntnt01articleid=9&cntnt01returnid=15&hl=cz" "Mozilla/5.0 (Windows; U; Windows NT 5.1; cs; rv:1.9.2.16) Gecko/20110319 AskTbFF/3.11.3.15590 Firefox/3.6.16 ( .NET CLR 3.5.30729)"
89.103.134.220 - - [27/Mar/2011:11:57:46 +0200] "GET /stylesheet.php?cssid=42&mediatype=all,screen HTTP/1.1" 304 0 "http://www.project-education.cz/index.php?mact=News,cntnt01,detail,0&cntnt01articleid=9&cntnt01returnid=15&hl=cz" "Mozilla/5.0 (Windows; U; Windows NT 5.1; cs; rv:1.9.2.16) Gecko/20110319 AskTbFF/3.11.3.15590 Firefox/3.6.16 ( .NET CLR 3.5.30729)"
89.103.134.220 - - [27/Mar/2011:11:57:46 +0200] "GET /stylesheet.php?cssid=45&mediatype=screen HTTP/1.1" 304 0 "http://www.project-education.cz/index.php?mact=News,cntnt01,detail,0&cntnt01articleid=9&cntnt01returnid=15&hl=cz" "Mozilla/5.0 (Windows; U; Windows NT 5.1; cs; rv:1.9.2.16) Gecko/20110319 AskTbFF/3.11.3.15590 Firefox/3.6.16 ( .NET CLR 3.5.30729)"
89.103.134.220 - - [27/Mar/2011:11:57:46 +0200] "GET /uploads/images/NahodneFotografie/thumb_rastr37-5.jpg HTTP/1.1" 200 4149 "http://www.project-education.cz/index.php?mact=News,cntnt01,detail,0&cntnt01articleid=9&cntnt01returnid=15&hl=cz" "Mozilla/5.0 (Windows; U; Windows NT 5.1; cs; rv:1.9.2.16) Gecko/20110319 AskTbFF/3.11.3.15590 Firefox/3.6.16 ( .NET CLR 3.5.30729)"
89.103.134.220 - - [27/Mar/2011:11:57:46 +0200] "GET /uploads/images/NahodneFotografie/thumb_rastr33-1.jpg HTTP/1.1" 200 4465 "http://www.project-education.cz/index.php?mact=News,cntnt01,detail,0&cntnt01articleid=9&cntnt01returnid=15&hl=cz" "Mozilla/5.0 (Windows; U; Windows NT 5.1; cs; rv:1.9.2.16) Gecko/20110319 AskTbFF/3.11.3.15590 Firefox/3.6.16 ( .NET CLR 3.5.30729)"
89.103.134.220 - - [27/Mar/2011:11:57:46 +0200] "GET /favicon.ico HTTP/1.1" 200 3638 "-" "Mozilla/5.0 (Windows; U; Windows NT 5.1; cs; rv:1.9.2.16) Gecko/20110319 AskTbFF/3.11.3.15590 Firefox/3.6.16 ( .NET CLR 3.5.30729)"
89.103.134.220 - - [27/Mar/2011:11:57:55 +0200] "GET /index.php?page=Produkt-omt-2--senior-instruktor&hl=cz HTTP/1.1" 200 6306 "http://www.vzdelavame.cz/" "Mozilla/5.0 (Windows; U; Windows NT 5.1; cs; rv:1.9.2.16) Gecko/20110319 AskTbFF/3.11.3.15590 Firefox/3.6.16 ( .NET CLR 3.5.30729)"
89.103.134.220 - - [27/Mar/2011:11:57:55 +0200] "GET /js/fancybox/jquery.easing-1.3.pack.js HTTP/1.1" 404 0 "http://www.project-education.cz/index.php?page=Produkt-omt-2--senior-instruktor&hl=cz" "Mozilla/5.0 (Windows; U; Windows NT 5.1; cs; rv:1.9.2.16) Gecko/20110319 AskTbFF/3.11.3.15590 Firefox/3.6.16 ( .NET CLR 3.5.30729)"
89.103.134.220 - - [27/Mar/2011:11:57:55 +0200] "GET /stylesheet.php?cssid=42&mediatype=all,screen HTTP/1.1" 304 0 "http://www.project-education.cz/index.php?page=Produkt-omt-2--senior-instruktor&hl=cz" "Mozilla/5.0 (Windows; U; Windows NT 5.1; cs; rv:1.9.2.16) Gecko/20110319 AskTbFF/3.11.3.15590 Firefox/3.6.16 ( .NET CLR 3.5.30729)"
89.103.134.220 - - [27/Mar/2011:11:57:55 +0200] "GET /stylesheet.php?cssid=43&mediatype=all HTTP/1.1" 304 0 "http://www.project-education.cz/index.php?page=Produkt-omt-2--senior-instruktor&hl=cz" "Mozilla/5.0 (Windows; U; Windows NT 5.1; cs; rv:1.9.2.16) Gecko/20110319 AskTbFF/3.11.3.15590 Firefox/3.6.16 ( .NET CLR 3.5.30729)"
89.103.134.220 - - [27/Mar/2011:11:57:55 +0200] "GET /stylesheet.php?cssid=45&mediatype=screen HTTP/1.1" 304 0 "http://www.project-education.cz/index.php?page=Produkt-omt-2--senior-instruktor&hl=cz" "Mozilla/5.0 (Windows; U; Windows NT 5.1; cs; rv:1.9.2.16) Gecko/20110319 AskTbFF/3.11.3.15590 Firefox/3.6.16 ( .NET CLR 3.5.30729)"
89.103.134.220 - - [27/Mar/2011:11:57:55 +0200] "GET /stylesheet.php?cssid=44&mediatype=all HTTP/1.1" 304 0 "http://www.project-education.cz/index.php?page=Produkt-omt-2--senior-instruktor&hl=cz" "Mozilla/5.0 (Windows; U; Windows NT 5.1; cs; rv:1.9.2.16) Gecko/20110319 AskTbFF/3.11.3.15590 Firefox/3.6.16 ( .NET CLR 3.5.30729)"
89.103.134.220 - - [27/Mar/2011:11:57:55 +0200] "GET /uploads/images/NahodneFotografie/thumb_rastr37-3.jpg HTTP/1.1" 200 4759 "http://www.project-education.cz/index.php?page=Produkt-omt-2--senior-instruktor&hl=cz" "Mozilla/5.0 (Windows; U; Windows NT 5.1; cs; rv:1.9.2.16) Gecko/20110319 AskTbFF/3.11.3.15590 Firefox/3.6.16 ( .NET CLR 3.5.30729)"
89.103.134.220 - - [27/Mar/2011:12:00:18 +0200] "GET /index.php?page=Produkt-belbin&hl=cz HTTP/1.1" 200 7110 "http://www.project-education.cz/index.php?page=Produkt-omt-2--senior-instruktor&hl=cz" "Mozilla/5.0 (Windows; U; Windows NT 5.1; cs; rv:1.9.2.16) Gecko/20110319 AskTbFF/3.11.3.15590 Firefox/3.6.16 ( .NET CLR 3.5.30729)"
89.103.134.220 - - [27/Mar/2011:12:00:19 +0200] "GET /js/fancybox/jquery.easing-1.3.pack.js HTTP/1.1" 404 0 "http://www.project-education.cz/index.php?page=Produkt-belbin&hl=cz" "Mozilla/5.0 (Windows; U; Windows NT 5.1; cs; rv:1.9.2.16) Gecko/20110319 AskTbFF/3.11.3.15590 Firefox/3.6.16 ( .NET CLR 3.5.30729)"
89.103.134.220 - - [27/Mar/2011:12:00:19 +0200] "GET /stylesheet.php?cssid=42&mediatype=all,screen HTTP/1.1" 304 0 "http://www.project-education.cz/index.php?page=Produkt-belbin&hl=cz" "Mozilla/5.0 (Windows; U; Windows NT 5.1; cs; rv:1.9.2.16) Gecko/20110319 AskTbFF/3.11.3.15590 Firefox/3.6.16 ( .NET CLR 3.5.30729)"
89.103.134.220 - - [27/Mar/2011:12:00:19 +0200] "GET /stylesheet.php?cssid=43&mediatype=all HTTP/1.1" 304 0 "http://www.project-education.cz/index.php?page=Produkt-belbin&hl=cz" "Mozilla/5.0 (Windows; U; Windows NT 5.1; cs; rv:1.9.2.16) Gecko/20110319 AskTbFF/3.11.3.15590 Firefox/3.6.16 ( .NET CLR 3.5.30729)"
89.103.134.220 - - [27/Mar/2011:12:00:19 +0200] "GET /stylesheet.php?cssid=44&mediatype=all HTTP/1.1" 304 0 "http://www.project-education.cz/index.php?page=Produkt-belbin&hl=cz" "Mozilla/5.0 (Windows; U; Windows NT 5.1; cs; rv:1.9.2.16) Gecko/20110319 AskTbFF/3.11.3.15590 Firefox/3.6.16 ( .NET CLR 3.5.30729)"
89.103.134.220 - - [27/Mar/2011:12:00:19 +0200] "GET /stylesheet.php?cssid=45&mediatype=screen HTTP/1.1" 304 0 "http://www.project-education.cz/index.php?page=Produkt-belbin&hl=cz" "Mozilla/5.0 (Windows; U; Windows NT 5.1; cs; rv:1.9.2.16) Gecko/20110319 AskTbFF/3.11.3.15590 Firefox/3.6.16 ( .NET CLR 3.5.30729)"
89.103.134.220 - - [27/Mar/2011:12:00:19 +0200] "GET /uploads/images/belbin.gif HTTP/1.1" 200 9049 "http://www.project-education.cz/index.php?page=Produkt-belbin&hl=cz" "Mozilla/5.0 (Windows; U; Windows NT 5.1; cs; rv:1.9.2.16) Gecko/20110319 AskTbFF/3.11.3.15590 Firefox/3.6.16 ( .NET CLR 3.5.30729)"
89.103.134.220 - - [27/Mar/2011:12:00:19 +0200] "GET /uploads/PoThemeExp/topImg/lukostrelba.jpg HTTP/1.1" 200 97881 "http://www.project-education.cz/index.php?page=Produkt-belbin&hl=cz" "Mozilla/5.0 (Windows; U; Windows NT 5.1; cs; rv:1.9.2.16) Gecko/20110319 AskTbFF/3.11.3.15590 Firefox/3.6.16 ( .NET CLR 3.5.30729)"
89.103.134.220 - - [27/Mar/2011:12:01:11 +0200] "GET /images/grafika/transp.gif HTTP/1.1" 200 45 "http://www.project-education.cz/stylesheet.php?cssid=43&mediatype=all" "Mozilla/5.0 (Windows; U; Windows NT 5.1; cs; rv:1.9.2.16) Gecko/20110319 AskTbFF/3.11.3.15590 Firefox/3.6.16 ( .NET CLR 3.5.30729)"
89.103.134.220 - - [27/Mar/2011:12:01:18 +0200] "GET /index.php?page=Strana-Lektorsky-Tym&hl=cz HTTP/1.1" 200 6089 "http://www.project-education.cz/index.php?page=Produkt-belbin&hl=cz" "Mozilla/5.0 (Windows; U; Windows NT 5.1; cs; rv:1.9.2.16) Gecko/20110319 AskTbFF/3.11.3.15590 Firefox/3.6.16 ( .NET CLR 3.5.30729)"
89.103.134.220 - - [27/Mar/2011:12:01:19 +0200] "GET /js/fancybox/jquery.easing-1.3.pack.js HTTP/1.1" 404 0 "http://www.project-education.cz/index.php?page=Strana-Lektorsky-Tym&hl=cz" "Mozilla/5.0 (Windows; U; Windows NT 5.1; cs; rv:1.9.2.16) Gecko/20110319 AskTbFF/3.11.3.15590 Firefox/3.6.16 ( .NET CLR 3.5.30729)"
89.103.134.220 - - [27/Mar/2011:12:01:19 +0200] "GET /stylesheet.php?cssid=42&mediatype=all,screen HTTP/1.1" 304 0 "http://www.project-education.cz/index.php?page=Strana-Lektorsky-Tym&hl=cz" "Mozilla/5.0 (Windows; U; Windows NT 5.1; cs; rv:1.9.2.16) Gecko/20110319 AskTbFF/3.11.3.15590 Firefox/3.6.16 ( .NET CLR 3.5.30729)"
89.103.134.220 - - [27/Mar/2011:12:01:19 +0200] "GET /stylesheet.php?cssid=43&mediatype=all HTTP/1.1" 304 0 "http://www.project-education.cz/index.php?page=Strana-Lektorsky-Tym&hl=cz" "Mozilla/5.0 (Windows; U; Windows NT 5.1; cs; rv:1.9.2.16) Gecko/20110319 AskTbFF/3.11.3.15590 Firefox/3.6.16 ( .NET CLR 3.5.30729)"
89.103.134.220 - - [27/Mar/2011:12:01:19 +0200] "GET /stylesheet.php?cssid=44&mediatype=all HTTP/1.1" 304 0 "http://www.project-education.cz/index.php?page=Strana-Lektorsky-Tym&hl=cz" "Mozilla/5.0 (Windows; U; Windows NT 5.1; cs; rv:1.9.2.16) Gecko/20110319 AskTbFF/3.11.3.15590 Firefox/3.6.16 ( .NET CLR 3.5.30729)"
89.103.134.220 - - [27/Mar/2011:12:01:19 +0200] "GET /stylesheet.php?cssid=45&mediatype=screen HTTP/1.1" 304 0 "http://www.project-education.cz/index.php?page=Strana-Lektorsky-Tym&hl=cz" "Mozilla/5.0 (Windows; U; Windows NT 5.1; cs; rv:1.9.2.16) Gecko/20110319 AskTbFF/3.11.3.15590 Firefox/3.6.16 ( .NET CLR 3.5.30729)"
89.103.134.220 - - [27/Mar/2011:12:01:19 +0200] "GET /uploads/images/NahodneFotografie/thumb_rastr37-2.jpg HTTP/1.1" 200 4215 "http://www.project-education.cz/index.php?page=Strana-Lektorsky-Tym&hl=cz" "Mozilla/5.0 (Windows; U; Windows NT 5.1; cs; rv:1.9.2.16) Gecko/20110319 AskTbFF/3.11.3.15590 Firefox/3.6.16 ( .NET CLR 3.5.30729)"
89.103.134.220 - - [27/Mar/2011:12:01:45 +0200] "GET /index.php?page=Strana-bc-dita-podhadska&hl=cz HTTP/1.1" 200 5956 "http://www.project-education.cz/index.php?page=Strana-Lektorsky-Tym&hl=cz" "Mozilla/5.0 (Windows; U; Windows NT 5.1; cs; rv:1.9.2.16) Gecko/20110319 AskTbFF/3.11.3.15590 Firefox/3.6.16 ( .NET CLR 3.5.30729)"
89.103.134.220 - - [27/Mar/2011:12:01:46 +0200] "GET /stylesheet.php?cssid=42&mediatype=all,screen HTTP/1.1" 304 0 "http://www.project-education.cz/index.php?page=Strana-bc-dita-podhadska&hl=cz" "Mozilla/5.0 (Windows; U; Windows NT 5.1; cs; rv:1.9.2.16) Gecko/20110319 AskTbFF/3.11.3.15590 Firefox/3.6.16 ( .NET CLR 3.5.30729)"
89.103.134.220 - - [27/Mar/2011:12:01:46 +0200] "GET /js/fancybox/jquery.easing-1.3.pack.js HTTP/1.1" 404 0 "http://www.project-education.cz/index.php?page=Strana-bc-dita-podhadska&hl=cz" "Mozilla/5.0 (Windows; U; Windows NT 5.1; cs; rv:1.9.2.16) Gecko/20110319 AskTbFF/3.11.3.15590 Firefox/3.6.16 ( .NET CLR 3.5.30729)"
89.103.134.220 - - [27/Mar/2011:12:01:46 +0200] "GET /stylesheet.php?cssid=43&mediatype=all HTTP/1.1" 304 0 "http://www.project-education.cz/index.php?page=Strana-bc-dita-podhadska&hl=cz" "Mozilla/5.0 (Windows; U; Windows NT 5.1; cs; rv:1.9.2.16) Gecko/20110319 AskTbFF/3.11.3.15590 Firefox/3.6.16 ( .NET CLR 3.5.30729)"
89.103.134.220 - - [27/Mar/2011:12:01:46 +0200] "GET /stylesheet.php?cssid=44&mediatype=all HTTP/1.1" 304 0 "http://www.project-education.cz/index.php?page=Strana-bc-dita-podhadska&hl=cz" "Mozilla/5.0 (Windows; U; Windows NT 5.1; cs; rv:1.9.2.16) Gecko/20110319 AskTbFF/3.11.3.15590 Firefox/3.6.16 ( .NET CLR 3.5.30729)"
89.103.134.220 - - [27/Mar/2011:12:01:46 +0200] "GET /stylesheet.php?cssid=45&mediatype=screen HTTP/1.1" 304 0 "http://www.project-education.cz/index.php?page=Strana-bc-dita-podhadska&hl=cz" "Mozilla/5.0 (Windows; U; Windows NT 5.1; cs; rv:1.9.2.16) Gecko/20110319 AskTbFF/3.11.3.15590 Firefox/3.6.16 ( .NET CLR 3.5.30729)"
67.195.112.32 - - [27/Mar/2011:12:01:58 +0200] "GET /index.php?page=Strana-Mapa&hl=cz HTTP/1.0" 200 7031 "-" "Mozilla/5.0 (compatible; Yahoo! Slurp; http://help.yahoo.com/help/us/ysearch/slurp)"
89.103.134.220 - - [27/Mar/2011:12:02:22 +0200] "GET /index.php?page=Strana-Lektorsky-Tym&hl=cz HTTP/1.1" 200 6084 "http://www.project-education.cz/index.php?page=Produkt-belbin&hl=cz" "Mozilla/5.0 (Windows; U; Windows NT 5.1; cs; rv:1.9.2.16) Gecko/20110319 AskTbFF/3.11.3.15590 Firefox/3.6.16 ( .NET CLR 3.5.30729)"
67.195.112.32 - - [27/Mar/2011:12:02:24 +0200] "GET /index.php?page=Produkt-Teambuilding&hl=cz HTTP/1.0" 200 6371 "-" "Mozilla/5.0 (compatible; Yahoo! Slurp; http://help.yahoo.com/help/us/ysearch/slurp)"
89.103.134.220 - - [27/Mar/2011:12:02:24 +0200] "GET /index.php?page=Strana-mgr-radek-hanus-phd&hl=cz HTTP/1.1" 200 6646 "http://www.project-education.cz/index.php?page=Strana-Lektorsky-Tym&hl=cz" "Mozilla/5.0 (Windows; U; Windows NT 5.1; cs; rv:1.9.2.16) Gecko/20110319 AskTbFF/3.11.3.15590 Firefox/3.6.16 ( .NET CLR 3.5.30729)"
89.103.134.220 - - [27/Mar/2011:12:02:25 +0200] "GET /js/fancybox/jquery.easing-1.3.pack.js HTTP/1.1" 404 0 "http://www.project-education.cz/index.php?page=Strana-mgr-radek-hanus-phd&hl=cz" "Mozilla/5.0 (Windows; U; Windows NT 5.1; cs; rv:1.9.2.16) Gecko/20110319 AskTbFF/3.11.3.15590 Firefox/3.6.16 ( .NET CLR 3.5.30729)"
89.103.134.220 - - [27/Mar/2011:12:02:25 +0200] "GET /stylesheet.php?cssid=42&mediatype=all,screen HTTP/1.1" 304 0 "http://www.project-education.cz/index.php?page=Strana-mgr-radek-hanus-phd&hl=cz" "Mozilla/5.0 (Windows; U; Windows NT 5.1; cs; rv:1.9.2.16) Gecko/20110319 AskTbFF/3.11.3.15590 Firefox/3.6.16 ( .NET CLR 3.5.30729)"
89.103.134.220 - - [27/Mar/2011:12:02:25 +0200] "GET /stylesheet.php?cssid=43&mediatype=all HTTP/1.1" 304 0 "http://www.project-education.cz/index.php?page=Strana-mgr-radek-hanus-phd&hl=cz" "Mozilla/5.0 (Windows; U; Windows NT 5.1; cs; rv:1.9.2.16) Gecko/20110319 AskTbFF/3.11.3.15590 Firefox/3.6.16 ( .NET CLR 3.5.30729)"
89.103.134.220 - - [27/Mar/2011:12:02:25 +0200] "GET /stylesheet.php?cssid=44&mediatype=all HTTP/1.1" 304 0 "http://www.project-education.cz/index.php?page=Strana-mgr-radek-hanus-phd&hl=cz" "Mozilla/5.0 (Windows; U; Windows NT 5.1; cs; rv:1.9.2.16) Gecko/20110319 AskTbFF/3.11.3.15590 Firefox/3.6.16 ( .NET CLR 3.5.30729)"
89.103.134.220 - - [27/Mar/2011:12:02:25 +0200] "GET /stylesheet.php?cssid=45&mediatype=screen HTTP/1.1" 304 0 "http://www.project-education.cz/index.php?page=Strana-mgr-radek-hanus-phd&hl=cz" "Mozilla/5.0 (Windows; U; Windows NT 5.1; cs; rv:1.9.2.16) Gecko/20110319 AskTbFF/3.11.3.15590 Firefox/3.6.16 ( .NET CLR 3.5.30729)"
67.195.112.180 - - [27/Mar/2011:12:04:25 +0200] "GET /seminare/vzdelavaci_seminare/stavba_lanovych_prekazek HTTP/1.0" 404 0 "-" "Mozilla/5.0 (compatible; Yahoo! Slurp; http://help.yahoo.com/help/us/ysearch/slurp)"
208.115.111.74 - - [27/Mar/2011:12:07:25 +0200] "GET /robots.txt HTTP/1.1" 404 0 "-" "Mozilla/5.0 (compatible; Ezooms/1.0; ezooms.bot@gmail.com)"
67.195.112.32 - - [27/Mar/2011:12:12:57 +0200] "GET /index.php?page=Produkt-instruktor-lanovych-aktivit-i-tridy&hl=cz HTTP/1.0" 200 6198 "-" "Mozilla/5.0 (compatible; Yahoo! Slurp; http://help.yahoo.com/help/us/ysearch/slurp)"
74.125.16.1 - - [27/Mar/2011:12:22:00 +0200] "GET /uploads/images/28-time-management.jpg HTTP/1.1" 200 43923 "-" "Mozilla/5.0 (compatible) Feedfetcher-Google; (+http://www.google.com/feedfetcher.html)"
208.115.111.74 - - [27/Mar/2011:12:23:12 +0200] "GET /index.php HTTP/1.1" 200 31514 "-" "Mozilla/5.0 (compatible; Ezooms/1.0; ezooms.bot@gmail.com)"
67.195.112.32 - - [27/Mar/2011:12:26:31 +0200] "GET /index.php?page=Produkt-seminar-efektivni-komunikace&hl=cz HTTP/1.0" 200 6048 "-" "Mozilla/5.0 (compatible; Yahoo! Slurp; http://help.yahoo.com/help/us/ysearch/slurp)"
67.195.112.32 - - [27/Mar/2011:12:26:32 +0200] "GET /modules/Album/css/stylesheet.css HTTP/1.0" 304 0 "http://www.project-education.cz/index.php?page=Produkt-seminar-efektivni-komunikace&hl=cz" "Mozilla/5.0 (compatible; Yahoo! Slurp; http://help.yahoo.com/help/us/ysearch/slurp)"
67.195.112.32 - - [27/Mar/2011:12:36:12 +0200] "GET /index.php?mact=News,cntnt01,detail,0&cntnt01articleid=4&cntnt01returnid=139&hl=cz HTTP/1.0" 200 6252 "-" "Mozilla/5.0 (compatible; Yahoo! Slurp; http://help.yahoo.com/help/us/ysearch/slurp)"
66.249.66.5 - - [27/Mar/2011:12:39:24 +0200] "GET /index.php?page=Produkt-programy-na-miru&hl=cz HTTP/1.1" 200 5963 "-" "Mozilla/5.0 (compatible; Googlebot/2.1; +http://www.google.com/bot.html)"
74.125.16.1 - - [27/Mar/2011:12:39:53 +0200] "GET /uploads/images/28-time-management.jpg HTTP/1.1" 200 43923 "-" "Mozilla/5.0 (compatible) Feedfetcher-Google; (+http://www.google.com/feedfetcher.html)"
67.195.112.32 - - [27/Mar/2011:12:43:44 +0200] "GET /index.php?page=Produkt-Psychologie&hl=cz HTTP/1.0" 200 5639 "-" "Mozilla/5.0 (compatible; Yahoo! Slurp; http://help.yahoo.com/help/us/ysearch/slurp)"
67.195.112.32 - - [27/Mar/2011:12:48:27 +0200] "GET /index.php?page=Produkt-yukon-quest&hl=cz HTTP/1.0" 200 5972 "-" "Mozilla/5.0 (compatible; Yahoo! Slurp; http://help.yahoo.com/help/us/ysearch/slurp)"
67.195.112.32 - - [27/Mar/2011:12:54:25 +0200] "GET /index.php?page=Produkt-reseni-konfliktu&hl=cz HTTP/1.0" 200 6007 "-" "Mozilla/5.0 (compatible; Yahoo! Slurp; http://help.yahoo.com/help/us/ysearch/slurp)"
67.195.112.32 - - [27/Mar/2011:12:57:00 +0200] "GET /index.php?page=Produkt-Efektivni-komunikace&hl=cz HTTP/1.0" 200 6205 "-" "Mozilla/5.0 (compatible; Yahoo! Slurp; http://help.yahoo.com/help/us/ysearch/slurp)"
67.195.112.32 - - [27/Mar/2011:12:58:02 +0200] "GET /index.php?page=Produkt-kreativita&hl=cz HTTP/1.0" 200 6166 "-" "Mozilla/5.0 (compatible; Yahoo! Slurp; http://help.yahoo.com/help/us/ysearch/slurp)"
208.115.111.68 - - [27/Mar/2011:13:04:42 +0200] "GET /robots.txt HTTP/1.1" 404 0 "-" "Mozilla/5.0 (compatible; Ezooms/1.0; ezooms.bot@gmail.com)"
74.125.16.1 - - [27/Mar/2011:13:11:34 +0200] "GET /uploads/images/28-time-management.jpg HTTP/1.1" 200 43923 "-" "Mozilla/5.0 (compatible) Feedfetcher-Google; (+http://www.google.com/feedfetcher.html)"
67.195.112.32 - - [27/Mar/2011:13:13:29 +0200] "GET /index.php?page=Produkt-testy-manazerskych-kompetenci-gma&hl=cz HTTP/1.0" 200 5680 "-" "Mozilla/5.0 (compatible; Yahoo! Slurp; http://help.yahoo.com/help/us/ysearch/slurp)"
67.195.112.32 - - [27/Mar/2011:13:18:38 +0200] "GET /index.php?mact=News,cntnt01,detail,0&cntnt01articleid=8&cntnt01returnid=89&hl=cz HTTP/1.0" 200 6014 "-" "Mozilla/5.0 (compatible; Yahoo! Slurp; http://help.yahoo.com/help/us/ysearch/slurp)"
74.125.16.1 - - [27/Mar/2011:13:20:55 +0200] "GET /uploads/images/28-time-management.jpg HTTP/1.1" 200 43923 "-" "Mozilla/5.0 (compatible) Feedfetcher-Google; (+http://www.google.com/feedfetcher.html)"
208.115.111.68 - - [27/Mar/2011:13:25:02 +0200] "GET /index.php?page=Produkt-Assessment-Development&hl=cz HTTP/1.1" 200 31837 "-" "Mozilla/5.0 (compatible; Ezooms/1.0; ezooms.bot@gmail.com)"
208.115.111.68 - - [27/Mar/2011:13:25:08 +0200] "GET /index.php?page=Produkt-kreativ-show&hl=cz HTTP/1.1" 200 31406 "-" "Mozilla/5.0 (compatible; Ezooms/1.0; ezooms.bot@gmail.com)"
207.46.204.193 - - [27/Mar/2011:13:27:01 +0200] "GET /robots.txt HTTP/1.1" 404 0 "-" "Mozilla/5.0 (compatible; bingbot/2.0; +http://www.bing.com/bingbot.htm)"
207.46.204.193 - - [27/Mar/2011:13:27:57 +0200] "GET /seminare/dalsi_informace/novinky/(offset)/60 HTTP/1.1" 404 0 "-" "Mozilla/5.0 (compatible; bingbot/2.0; +http://www.bing.com/bingbot.htm)"
74.125.16.1 - - [27/Mar/2011:13:37:32 +0200] "GET /uploads/images/28-time-management.jpg HTTP/1.1" 200 43923 "-" "Mozilla/5.0 (compatible) Feedfetcher-Google; (+http://www.google.com/feedfetcher.html)"
67.195.112.32 - - [27/Mar/2011:13:39:45 +0200] "GET /index.php?mact=News,cntnt01,detail,0&cntnt01articleid=7&cntnt01returnid=58&hl=en HTTP/1.0" 200 4403 "-" "Mozilla/5.0 (compatible; Yahoo! Slurp; http://help.yahoo.com/help/us/ysearch/slurp)"
67.195.112.32 - - [27/Mar/2011:13:39:46 +0200] "GET /css/jquery.fancybox.css HTTP/1.0" 304 0 "http://www.project-education.cz/index.php?mact=News,cntnt01,detail,0&cntnt01articleid=7&cntnt01returnid=58&hl=en" "Mozilla/5.0 (compatible; Yahoo! Slurp; http://help.yahoo.com/help/us/ysearch/slurp)"
67.195.112.32 - - [27/Mar/2011:13:39:47 +0200] "GET /stylesheet.php?cssid=42&mediatype=all,screen HTTP/1.0" 304 0 "http://www.project-education.cz/index.php?mact=News,cntnt01,detail,0&cntnt01articleid=7&cntnt01returnid=58&hl=en" "Mozilla/5.0 (compatible; Yahoo! Slurp; http://help.yahoo.com/help/us/ysearch/slurp)"
67.195.112.32 - - [27/Mar/2011:13:39:48 +0200] "GET /stylesheet.php?cssid=43&mediatype=all HTTP/1.0" 304 0 "http://www.project-education.cz/index.php?mact=News,cntnt01,detail,0&cntnt01articleid=7&cntnt01returnid=58&hl=en" "Mozilla/5.0 (compatible; Yahoo! Slurp; http://help.yahoo.com/help/us/ysearch/slurp)"
67.195.112.32 - - [27/Mar/2011:13:39:49 +0200] "GET /stylesheet.php?cssid=44&mediatype=all HTTP/1.0" 304 0 "http://www.project-education.cz/index.php?mact=News,cntnt01,detail,0&cntnt01articleid=7&cntnt01returnid=58&hl=en" "Mozilla/5.0 (compatible; Yahoo! Slurp; http://help.yahoo.com/help/us/ysearch/slurp)"
67.195.112.32 - - [27/Mar/2011:13:39:50 +0200] "GET /stylesheet.php?cssid=45&mediatype=screen HTTP/1.0" 304 0 "http://www.project-education.cz/index.php?mact=News,cntnt01,detail,0&cntnt01articleid=7&cntnt01returnid=58&hl=en" "Mozilla/5.0 (compatible; Yahoo! Slurp; http://help.yahoo.com/help/us/ysearch/slurp)"
67.195.112.180 - - [27/Mar/2011:13:53:56 +0200] "GET /seminare/project_outdoor/kontakt HTTP/1.0" 404 0 "-" "Mozilla/5.0 (compatible; Yahoo! Slurp; http://help.yahoo.com/help/us/ysearch/slurp)"
66.249.85.3 - - [27/Mar/2011:13:55:10 +0200] "GET /uploads/images/28-time-management.jpg HTTP/1.1" 200 43923 "-" "Mozilla/5.0 (compatible) Feedfetcher-Google; (+http://www.google.com/feedfetcher.html)"
213.168.184.197 - - [27/Mar/2011:13:56:48 +0200] "GET /index.php?page=Strana-mgr-et-mgr-edmund-wittmann&hl=cz HTTP/1.1" 200 6035 "-" "Mozilla/4.0 (compatible; MSIE 8.0; Windows NT 5.1; Trident/4.0; GTB6.6; 948D815A-8010-0C09-B7A3-C1CBC2951E77; .NET CLR 1.1.4322; .NET CLR 2.0.50727; .NET CLR 3.0.4506.2152; .NET CLR 3.5.30729)"
213.168.184.197 - - [27/Mar/2011:13:56:49 +0200] "GET /js/jquery.pngFix.pack.js HTTP/1.1" 200 2485 "http://www.project-education.cz/index.php?page=Strana-mgr-et-mgr-edmund-wittmann&hl=cz" "Mozilla/4.0 (compatible; MSIE 8.0; Windows NT 5.1; Trident/4.0; GTB6.6; 948D815A-8010-0C09-B7A3-C1CBC2951E77; .NET CLR 1.1.4322; .NET CLR 2.0.50727; .NET CLR 3.0.4506.2152; .NET CLR 3.5.30729)"
213.168.184.197 - - [27/Mar/2011:13:56:49 +0200] "GET /js/front.js HTTP/1.1" 200 299 "http://www.project-education.cz/index.php?page=Strana-mgr-et-mgr-edmund-wittmann&hl=cz" "Mozilla/4.0 (compatible; MSIE 8.0; Windows NT 5.1; Trident/4.0; GTB6.6; 948D815A-8010-0C09-B7A3-C1CBC2951E77; .NET CLR 1.1.4322; .NET CLR 2.0.50727; .NET CLR 3.0.4506.2152; .NET CLR 3.5.30729)"
213.168.184.197 - - [27/Mar/2011:13:56:49 +0200] "GET /js/fancybox/jquery.easing-1.3.pack.js HTTP/1.1" 404 0 "http://www.project-education.cz/index.php?page=Strana-mgr-et-mgr-edmund-wittmann&hl=cz" "Mozilla/4.0 (compatible; MSIE 8.0; Windows NT 5.1; Trident/4.0; GTB6.6; 948D815A-8010-0C09-B7A3-C1CBC2951E77; .NET CLR 1.1.4322; .NET CLR 2.0.50727; .NET CLR 3.0.4506.2152; .NET CLR 3.5.30729)"
213.168.184.197 - - [27/Mar/2011:13:56:49 +0200] "GET /stylesheet.php?cssid=42&mediatype=all,screen HTTP/1.1" 200 5142 "http://www.project-education.cz/index.php?page=Strana-mgr-et-mgr-edmund-wittmann&hl=cz" "Mozilla/4.0 (compatible; MSIE 8.0; Windows NT 5.1; Trident/4.0; GTB6.6; 948D815A-8010-0C09-B7A3-C1CBC2951E77; .NET CLR 1.1.4322; .NET CLR 2.0.50727; .NET CLR 3.0.4506.2152; .NET CLR 3.5.30729)"
213.168.184.197 - - [27/Mar/2011:13:56:49 +0200] "GET /modules/Album/css/stylesheet.css HTTP/1.1" 200 12420 "http://www.project-education.cz/index.php?page=Strana-mgr-et-mgr-edmund-wittmann&hl=cz" "Mozilla/4.0 (compatible; MSIE 8.0; Windows NT 5.1; Trident/4.0; GTB6.6; 948D815A-8010-0C09-B7A3-C1CBC2951E77; .NET CLR 1.1.4322; .NET CLR 2.0.50727; .NET CLR 3.0.4506.2152; .NET CLR 3.5.30729)"
213.168.184.197 - - [27/Mar/2011:13:56:49 +0200] "GET /stylesheet.php?cssid=43&mediatype=all HTTP/1.1" 200 5406 "http://www.project-education.cz/index.php?page=Strana-mgr-et-mgr-edmund-wittmann&hl=cz" "Mozilla/4.0 (compatible; MSIE 8.0; Windows NT 5.1; Trident/4.0; GTB6.6; 948D815A-8010-0C09-B7A3-C1CBC2951E77; .NET CLR 1.1.4322; .NET CLR 2.0.50727; .NET CLR 3.0.4506.2152; .NET CLR 3.5.30729)"
213.168.184.197 - - [27/Mar/2011:13:56:49 +0200] "GET /css/jquery.fancybox.css HTTP/1.1" 200 5536 "http://www.project-education.cz/index.php?page=Strana-mgr-et-mgr-edmund-wittmann&hl=cz" "Mozilla/4.0 (compatible; MSIE 8.0; Windows NT 5.1; Trident/4.0; GTB6.6; 948D815A-8010-0C09-B7A3-C1CBC2951E77; .NET CLR 1.1.4322; .NET CLR 2.0.50727; .NET CLR 3.0.4506.2152; .NET CLR 3.5.30729)"
213.168.184.197 - - [27/Mar/2011:13:56:49 +0200] "GET /stylesheet.php?cssid=44&mediatype=all HTTP/1.1" 200 3726 "http://www.project-education.cz/index.php?page=Strana-mgr-et-mgr-edmund-wittmann&hl=cz" "Mozilla/4.0 (compatible; MSIE 8.0; Windows NT 5.1; Trident/4.0; GTB6.6; 948D815A-8010-0C09-B7A3-C1CBC2951E77; .NET CLR 1.1.4322; .NET CLR 2.0.50727; .NET CLR 3.0.4506.2152; .NET CLR 3.5.30729)"
213.168.184.197 - - [27/Mar/2011:13:56:49 +0200] "GET /js/jquery.fancybox.min.js HTTP/1.1" 200 15029 "http://www.project-education.cz/index.php?page=Strana-mgr-et-mgr-edmund-wittmann&hl=cz" "Mozilla/4.0 (compatible; MSIE 8.0; Windows NT 5.1; Trident/4.0; GTB6.6; 948D815A-8010-0C09-B7A3-C1CBC2951E77; .NET CLR 1.1.4322; .NET CLR 2.0.50727; .NET CLR 3.0.4506.2152; .NET CLR 3.5.30729)"
213.168.184.197 - - [27/Mar/2011:13:56:49 +0200] "GET /stylesheet.php?cssid=45&mediatype=screen HTTP/1.1" 200 1769 "http://www.project-education.cz/index.php?page=Strana-mgr-et-mgr-edmund-wittmann&hl=cz" "Mozilla/4.0 (compatible; MSIE 8.0; Windows NT 5.1; Trident/4.0; GTB6.6; 948D815A-8010-0C09-B7A3-C1CBC2951E77; .NET CLR 1.1.4322; .NET CLR 2.0.50727; .NET CLR 3.0.4506.2152; .NET CLR 3.5.30729)"
213.168.184.197 - - [27/Mar/2011:13:56:49 +0200] "GET /images/lang/cz.png HTTP/1.1" 200 4915 "http://www.project-education.cz/index.php?page=Strana-mgr-et-mgr-edmund-wittmann&hl=cz" "Mozilla/4.0 (compatible; MSIE 8.0; Windows NT 5.1; Trident/4.0; GTB6.6; 948D815A-8010-0C09-B7A3-C1CBC2951E77; .NET CLR 1.1.4322; .NET CLR 2.0.50727; .NET CLR 3.0.4506.2152; .NET CLR 3.5.30729)"
213.168.184.197 - - [27/Mar/2011:13:56:49 +0200] "GET /modules/Album/templates/db/greybox/AJS.js HTTP/1.1" 200 10444 "http://www.project-education.cz/index.php?page=Strana-mgr-et-mgr-edmund-wittmann&hl=cz" "Mozilla/4.0 (compatible; MSIE 8.0; Windows NT 5.1; Trident/4.0; GTB6.6; 948D815A-8010-0C09-B7A3-C1CBC2951E77; .NET CLR 1.1.4322; .NET CLR 2.0.50727; .NET CLR 3.0.4506.2152; .NET CLR 3.5.30729)"
213.168.184.197 - - [27/Mar/2011:13:56:50 +0200] "GET /modules/Album/templates/db/greybox/AJS_fx.js HTTP/1.1" 200 3091 "http://www.project-education.cz/index.php?page=Strana-mgr-et-mgr-edmund-wittmann&hl=cz" "Mozilla/4.0 (compatible; MSIE 8.0; Windows NT 5.1; Trident/4.0; GTB6.6; 948D815A-8010-0C09-B7A3-C1CBC2951E77; .NET CLR 1.1.4322; .NET CLR 2.0.50727; .NET CLR 3.0.4506.2152; .NET CLR 3.5.30729)"
213.168.184.197 - - [27/Mar/2011:13:56:50 +0200] "GET /uploads/PoThemeExp/TopBgr.png HTTP/1.1" 200 3038 "http://www.project-education.cz/index.php?page=Strana-mgr-et-mgr-edmund-wittmann&hl=cz" "Mozilla/4.0 (compatible; MSIE 8.0; Windows NT 5.1; Trident/4.0; GTB6.6; 948D815A-8010-0C09-B7A3-C1CBC2951E77; .NET CLR 1.1.4322; .NET CLR 2.0.50727; .NET CLR 3.0.4506.2152; .NET CLR 3.5.30729)"
213.168.184.197 - - [27/Mar/2011:13:56:50 +0200] "GET /images/cms/arrow.gif HTTP/1.1" 200 69 "http://www.project-education.cz/index.php?page=Strana-mgr-et-mgr-edmund-wittmann&hl=cz" "Mozilla/4.0 (compatible; MSIE 8.0; Windows NT 5.1; Trident/4.0; GTB6.6; 948D815A-8010-0C09-B7A3-C1CBC2951E77; .NET CLR 1.1.4322; .NET CLR 2.0.50727; .NET CLR 3.0.4506.2152; .NET CLR 3.5.30729)"
213.168.184.197 - - [27/Mar/2011:13:56:50 +0200] "GET /uploads/images/grafika/bullet.gif HTTP/1.1" 200 174 "http://www.project-education.cz/index.php?page=Strana-mgr-et-mgr-edmund-wittmann&hl=cz" "Mozilla/4.0 (compatible; MSIE 8.0; Windows NT 5.1; Trident/4.0; GTB6.6; 948D815A-8010-0C09-B7A3-C1CBC2951E77; .NET CLR 1.1.4322; .NET CLR 2.0.50727; .NET CLR 3.0.4506.2152; .NET CLR 3.5.30729)"
213.168.184.197 - - [27/Mar/2011:13:56:50 +0200] "GET /uploads/PoThemeExp/search.png HTTP/1.1" 200 5010 "http://www.project-education.cz/index.php?page=Strana-mgr-et-mgr-edmund-wittmann&hl=cz" "Mozilla/4.0 (compatible; MSIE 8.0; Windows NT 5.1; Trident/4.0; GTB6.6; 948D815A-8010-0C09-B7A3-C1CBC2951E77; .NET CLR 1.1.4322; .NET CLR 2.0.50727; .NET CLR 3.0.4506.2152; .NET CLR 3.5.30729)"
213.168.184.197 - - [27/Mar/2011:13:56:50 +0200] "GET /uploads/PoThemeExp/sk.png HTTP/1.1" 200 4891 "http://www.project-education.cz/index.php?page=Strana-mgr-et-mgr-edmund-wittmann&hl=cz" "Mozilla/4.0 (compatible; MSIE 8.0; Windows NT 5.1; Trident/4.0; GTB6.6; 948D815A-8010-0C09-B7A3-C1CBC2951E77; .NET CLR 1.1.4322; .NET CLR 2.0.50727; .NET CLR 3.0.4506.2152; .NET CLR 3.5.30729)"
213.168.184.197 - - [27/Mar/2011:13:56:50 +0200] "GET /modules/Album/templates/db/greybox/gb_scripts.js HTTP/1.1" 200 11469 "http://www.project-education.cz/index.php?page=Strana-mgr-et-mgr-edmund-wittmann&hl=cz" "Mozilla/4.0 (compatible; MSIE 8.0; Windows NT 5.1; Trident/4.0; GTB6.6; 948D815A-8010-0C09-B7A3-C1CBC2951E77; .NET CLR 1.1.4322; .NET CLR 2.0.50727; .NET CLR 3.0.4506.2152; .NET CLR 3.5.30729)"
213.168.184.197 - - [27/Mar/2011:13:56:50 +0200] "GET /images/grafika/ButonGray.png HTTP/1.1" 200 2809 "http://www.project-education.cz/index.php?page=Strana-mgr-et-mgr-edmund-wittmann&hl=cz" "Mozilla/4.0 (compatible; MSIE 8.0; Windows NT 5.1; Trident/4.0; GTB6.6; 948D815A-8010-0C09-B7A3-C1CBC2951E77; .NET CLR 1.1.4322; .NET CLR 2.0.50727; .NET CLR 3.0.4506.2152; .NET CLR 3.5.30729)"
213.168.184.197 - - [27/Mar/2011:13:56:50 +0200] "GET /uploads/PoThemeExp/pl.png HTTP/1.1" 200 4428 "http://www.project-education.cz/index.php?page=Strana-mgr-et-mgr-edmund-wittmann&hl=cz" "Mozilla/4.0 (compatible; MSIE 8.0; Windows NT 5.1; Trident/4.0; GTB6.6; 948D815A-8010-0C09-B7A3-C1CBC2951E77; .NET CLR 1.1.4322; .NET CLR 2.0.50727; .NET CLR 3.0.4506.2152; .NET CLR 3.5.30729)"
213.168.184.197 - - [27/Mar/2011:13:56:50 +0200] "GET /images/grafika/tl.gif HTTP/1.1" 200 43 "http://www.project-education.cz/index.php?page=Strana-mgr-et-mgr-edmund-wittmann&hl=cz" "Mozilla/4.0 (compatible; MSIE 8.0; Windows NT 5.1; Trident/4.0; GTB6.6; 948D815A-8010-0C09-B7A3-C1CBC2951E77; .NET CLR 1.1.4322; .NET CLR 2.0.50727; .NET CLR 3.0.4506.2152; .NET CLR 3.5.30729)"
213.168.184.197 - - [27/Mar/2011:13:56:50 +0200] "GET /images/grafika/tr.gif HTTP/1.1" 200 44 "http://www.project-education.cz/index.php?page=Strana-mgr-et-mgr-edmund-wittmann&hl=cz" "Mozilla/4.0 (compatible; MSIE 8.0; Windows NT 5.1; Trident/4.0; GTB6.6; 948D815A-8010-0C09-B7A3-C1CBC2951E77; .NET CLR 1.1.4322; .NET CLR 2.0.50727; .NET CLR 3.0.4506.2152; .NET CLR 3.5.30729)"
213.168.184.197 - - [27/Mar/2011:13:56:50 +0200] "GET /images/grafika/ButonYellow.png HTTP/1.1" 200 2808 "http://www.project-education.cz/index.php?page=Strana-mgr-et-mgr-edmund-wittmann&hl=cz" "Mozilla/4.0 (compatible; MSIE 8.0; Windows NT 5.1; Trident/4.0; GTB6.6; 948D815A-8010-0C09-B7A3-C1CBC2951E77; .NET CLR 1.1.4322; .NET CLR 2.0.50727; .NET CLR 3.0.4506.2152; .NET CLR 3.5.30729)"
213.168.184.197 - - [27/Mar/2011:13:56:50 +0200] "GET /images/fancybox/fancy_shadow_n.png HTTP/1.1" 200 106 "-" "Mozilla/4.0 (compatible; MSIE 8.0; Windows NT 5.1; Trident/4.0; GTB6.6; 948D815A-8010-0C09-B7A3-C1CBC2951E77; .NET CLR 1.1.4322; .NET CLR 2.0.50727; .NET CLR 3.0.4506.2152; .NET CLR 3.5.30729)"
213.168.184.197 - - [27/Mar/2011:13:56:51 +0200] "GET /images/grafika/transp.gif HTTP/1.1" 200 45 "http://www.project-education.cz/index.php?page=Strana-mgr-et-mgr-edmund-wittmann&hl=cz" "Mozilla/4.0 (compatible; MSIE 8.0; Windows NT 5.1; Trident/4.0; GTB6.6; 948D815A-8010-0C09-B7A3-C1CBC2951E77; .NET CLR 1.1.4322; .NET CLR 2.0.50727; .NET CLR 3.0.4506.2152; .NET CLR 3.5.30729)"
213.168.184.197 - - [27/Mar/2011:13:56:50 +0200] "GET /uploads/PoThemeExp/topImg/ms-chodci.jpg HTTP/1.1" 200 75687 "http://www.project-education.cz/index.php?page=Strana-mgr-et-mgr-edmund-wittmann&hl=cz" "Mozilla/4.0 (compatible; MSIE 8.0; Windows NT 5.1; Trident/4.0; GTB6.6; 948D815A-8010-0C09-B7A3-C1CBC2951E77; .NET CLR 1.1.4322; .NET CLR 2.0.50727; .NET CLR 3.0.4506.2152; .NET CLR 3.5.30729)"
213.168.184.197 - - [27/Mar/2011:13:56:51 +0200] "GET /uploads/images/NahodneFotografie/thumb_rastr37-3.jpg HTTP/1.1" 200 4759 "http://www.project-education.cz/index.php?page=Strana-mgr-et-mgr-edmund-wittmann&hl=cz" "Mozilla/4.0 (compatible; MSIE 8.0; Windows NT 5.1; Trident/4.0; GTB6.6; 948D815A-8010-0C09-B7A3-C1CBC2951E77; .NET CLR 1.1.4322; .NET CLR 2.0.50727; .NET CLR 3.0.4506.2152; .NET CLR 3.5.30729)"
213.168.184.197 - - [27/Mar/2011:13:56:51 +0200] "GET /uploads/images/NahodneFotografie/thumb_rastr32-1.jpg HTTP/1.1" 200 2154 "http://www.project-education.cz/index.php?page=Strana-mgr-et-mgr-edmund-wittmann&hl=cz" "Mozilla/4.0 (compatible; MSIE 8.0; Windows NT 5.1; Trident/4.0; GTB6.6; 948D815A-8010-0C09-B7A3-C1CBC2951E77; .NET CLR 1.1.4322; .NET CLR 2.0.50727; .NET CLR 3.0.4506.2152; .NET CLR 3.5.30729)"
213.168.184.197 - - [27/Mar/2011:13:56:51 +0200] "GET /uploads/images/NahodneFotografie/thumb_rastr37-2.jpg HTTP/1.1" 200 4215 "http://www.project-education.cz/index.php?page=Strana-mgr-et-mgr-edmund-wittmann&hl=cz" "Mozilla/4.0 (compatible; MSIE 8.0; Windows NT 5.1; Trident/4.0; GTB6.6; 948D815A-8010-0C09-B7A3-C1CBC2951E77; .NET CLR 1.1.4322; .NET CLR 2.0.50727; .NET CLR 3.0.4506.2152; .NET CLR 3.5.30729)"
213.168.184.197 - - [27/Mar/2011:13:56:51 +0200] "GET /images/fancybox/fancy_close.png HTTP/1.1" 200 1517 "http://www.project-education.cz/index.php?page=Strana-mgr-et-mgr-edmund-wittmann&hl=cz" "Mozilla/4.0 (compatible; MSIE 8.0; Windows NT 5.1; Trident/4.0; GTB6.6; 948D815A-8010-0C09-B7A3-C1CBC2951E77; .NET CLR 1.1.4322; .NET CLR 2.0.50727; .NET CLR 3.0.4506.2152; .NET CLR 3.5.30729)"
213.168.184.197 - - [27/Mar/2011:13:56:51 +0200] "GET /images/fancybox/fancy_shadow_ne.png HTTP/1.1" 200 347 "-" "Mozilla/4.0 (compatible; MSIE 8.0; Windows NT 5.1; Trident/4.0; GTB6.6; 948D815A-8010-0C09-B7A3-C1CBC2951E77; .NET CLR 1.1.4322; .NET CLR 2.0.50727; .NET CLR 3.0.4506.2152; .NET CLR 3.5.30729)"
213.168.184.197 - - [27/Mar/2011:13:56:51 +0200] "GET /images/fancybox/blank.gif HTTP/1.1" 200 43 "http://www.project-education.cz/index.php?page=Strana-mgr-et-mgr-edmund-wittmann&hl=cz" "Mozilla/4.0 (compatible; MSIE 8.0; Windows NT 5.1; Trident/4.0; GTB6.6; 948D815A-8010-0C09-B7A3-C1CBC2951E77; .NET CLR 1.1.4322; .NET CLR 2.0.50727; .NET CLR 3.0.4506.2152; .NET CLR 3.5.30729)"
213.168.184.197 - - [27/Mar/2011:13:56:52 +0200] "GET /images/fancybox/fancy_shadow_e.png HTTP/1.1" 200 107 "-" "Mozilla/4.0 (compatible; MSIE 8.0; Windows NT 5.1; Trident/4.0; GTB6.6; 948D815A-8010-0C09-B7A3-C1CBC2951E77; .NET CLR 1.1.4322; .NET CLR 2.0.50727; .NET CLR 3.0.4506.2152; .NET CLR 3.5.30729)"
213.168.184.197 - - [27/Mar/2011:13:56:52 +0200] "GET /images/fancybox/fancy_shadow_se.png HTTP/1.1" 200 352 "-" "Mozilla/4.0 (compatible; MSIE 8.0; Windows NT 5.1; Trident/4.0; GTB6.6; 948D815A-8010-0C09-B7A3-C1CBC2951E77; .NET CLR 1.1.4322; .NET CLR 2.0.50727; .NET CLR 3.0.4506.2152; .NET CLR 3.5.30729)"
