205.210.31.165 - - [25/Nov/2025:10:48:01 +0100] "GET / HTTP/1.1" 200 514 "-" "Hello from Palo Alto Networks, find out more about our scans in https://docs-cortex.paloaltonetworks.com/r/1/Cortex-Xpanse/Scanning-activity"
172.233.156.98 - - [25/Nov/2025:10:48:06 +0100] "\x16\x03\x01\x01\x03\x01" 403 265 "-" "-"
172.233.156.98 - - [25/Nov/2025:10:48:12 +0100] "\x16\x03\x01\x01\x03\x01" 403 265 "-" "-"
20.65.193.168 - - [25/Nov/2025:10:49:51 +0100] "\x16\x03\x01" 403 265 "-" "-"
114.119.129.163 - - [25/Nov/2025:10:50:39 +0100] "GET /platby/aohwuyx/charters-towers-school,-bexhill-on-sea HTTP/1.1" 200 13036 "-" "Mozilla/5.0 (Linux; Android 7.0;) AppleWebKit/537.36 (KHTML, like Gecko) Mobile Safari/537.36 (compatible; PetalBot;+https://webmaster.petalsearch.com/site/petalbot)"
188.165.245.95 - - [25/Nov/2025:10:52:55 +0100] "\x16\x03\x01\x01\x02\x01" 403 265 "-" "-"
204.76.203.212 - - [25/Nov/2025:10:54:36 +0100] "GET /" 400 468 "-" "-"
44.248.202.118 - - [25/Nov/2025:10:55:26 +0100] "\x16\x03\x01\x05\xec\x01" 403 265 "-" "-"
197.58.177.110 - - [25/Nov/2025:10:55:35 +0100] "POST /GponForm/diag_Form?style/ HTTP/1.1" 400 230 "-" "Hello, World"
204.76.203.206 - - [25/Nov/2025:10:56:23 +0100] "GET /" 400 468 "-" "-"
62.164.177.254 - - [25/Nov/2025:10:56:58 +0100] "GET /" 400 468 "-" "-"
147.185.132.75 - - [25/Nov/2025:10:57:55 +0100] "GET /" 400 468 "-" "-"
204.76.203.206 - - [25/Nov/2025:10:58:25 +0100] "GET / HTTP/1.1" 200 316 "-" "Mozilla/5.0 (Windows NT 10.0; Win64; x64) AppleWebKit/537.36 (KHTML, like Gecko) Chrome/90.0.4430.85 Safari/537.36 Edg/90.0.818.46"
66.249.79.204 - - [25/Nov/2025:10:59:11 +0100] "\x16\x03\x01\x02" 403 265 "-" "-"
66.249.79.32 - - [25/Nov/2025:10:59:29 +0100] "\x16\x03\x01\x02" 403 265 "-" "-"
66.249.79.66 - - [25/Nov/2025:10:59:30 +0100] "\x16\x03\x01\x02" 403 265 "-" "-"
138.197.85.222 - - [25/Nov/2025:11:00:22 +0100] "\x16\x03\x01" 403 265 "-" "-"
66.249.68.69 - - [25/Nov/2025:11:01:57 +0100] "\x16\x03\x01\x02" 403 265 "-" "-"
66.249.68.36 - - [25/Nov/2025:11:03:00 +0100] "\x16\x03\x01\x02" 403 265 "-" "-"
124.248.183.5 - - [25/Nov/2025:11:07:38 +0100] "\x16\x03\x01\x02" 403 265 "-" "-"
195.177.94.189 - - [25/Nov/2025:11:07:50 +0100] "GET /phpmyadmin/scripts/setup.php HTTP/1.1" 200 11106 "-" "Mozilla/4.0 (compatible; MSIE 6.0; MSIE 5.5; Windows NT 5.1) Opera 7.01 [en]"
195.177.94.189 - - [25/Nov/2025:11:07:50 +0100] "POST /phpmyadmin/scripts/setup.php HTTP/1.1" 200 18608 "http://109.105.49.240:8081/phpmyadmin/scripts/setup.php" "Mozilla/4.0 (compatible; MSIE 6.0; MSIE 5.5; Windows NT 5.1) Opera 7.01 [en]"
124.248.183.5 - - [25/Nov/2025:11:08:09 +0100] "\x16\x03\x01\x02" 403 265 "-" "-"
195.177.94.189 - - [25/Nov/2025:11:08:57 +0100] "GET /phpmyadmin/scripts/setup.php HTTP/1.1" 200 11105 "-" "Mozilla/4.0 (compatible; MSIE 6.0; MSIE 5.5; Windows NT 5.1) Opera 7.01 [en]"
195.177.94.189 - - [25/Nov/2025:11:08:57 +0100] "POST /phpmyadmin/scripts/setup.php HTTP/1.1" 200 18608 "http://109.105.49.240:443/phpmyadmin/scripts/setup.php" "Mozilla/4.0 (compatible; MSIE 6.0; MSIE 5.5; Windows NT 5.1) Opera 7.01 [en]"
209.38.201.154 - - [25/Nov/2025:11:11:47 +0100] "" 403 265 "-" "-"
124.248.183.5 - - [25/Nov/2025:11:11:58 +0100] "\x16\x03\x01\x02" 403 265 "-" "-"
204.76.203.206 - - [25/Nov/2025:11:16:45 +0100] "GET /" 400 468 "-" "-"
205.210.31.57 - - [25/Nov/2025:11:17:15 +0100] "GET / HTTP/1.1" 200 515 "-" "Hello from Palo Alto Networks, find out more about our scans in https://docs-cortex.paloaltonetworks.com/r/1/Cortex-Xpanse/Scanning-activity"
204.76.203.206 - - [25/Nov/2025:11:18:23 +0100] "GET / HTTP/1.1" 200 316 "-" "Mozilla/5.0 (Windows NT 10.0; Win64; x64) AppleWebKit/537.36 (KHTML, like Gecko) Chrome/90.0.4430.85 Safari/537.36 Edg/90.0.818.46"
185.191.171.9 - - [25/Nov/2025:11:18:35 +0100] "GET /robots.txt HTTP/1.1" 200 54 "-" "Mozilla/5.0 (compatible; SemrushBot/7~bl; +http://www.semrush.com/bot.html)"
185.191.171.13 - - [25/Nov/2025:11:18:36 +0100] "GET /platby/qqap/eastern-grey-kangaroo HTTP/1.1" 200 6562 "-" "Mozilla/5.0 (compatible; SemrushBot/7~bl; +http://www.semrush.com/bot.html)"
85.208.96.198 - - [25/Nov/2025:11:18:47 +0100] "GET /platby/hca/refrigerator-spare-parts-shop-near-me HTTP/1.1" 200 8033 "-" "Mozilla/5.0 (compatible; SemrushBot/7~bl; +http://www.semrush.com/bot.html)"
185.191.171.18 - - [25/Nov/2025:11:18:57 +0100] "GET /platby/qqap/santa-maria-dei-miracoli-milano HTTP/1.1" 200 9914 "-" "Mozilla/5.0 (compatible; SemrushBot/7~bl; +http://www.semrush.com/bot.html)"
85.208.96.206 - - [25/Nov/2025:11:19:31 +0100] "GET /platby/qqap/how-to-make-a-small-spaceship-out-of-cardboard HTTP/1.1" 200 10219 "-" "Mozilla/5.0 (compatible; SemrushBot/7~bl; +http://www.semrush.com/bot.html)"
87.120.191.125 - - [25/Nov/2025:11:19:59 +0100] "GET /" 400 468 "-" "-"
185.191.171.12 - - [25/Nov/2025:11:20:21 +0100] "GET /platby/uwoy9/ffxiv-hildibrand-emote HTTP/1.1" 200 12046 "-" "Mozilla/5.0 (compatible; SemrushBot/7~bl; +http://www.semrush.com/bot.html)"
185.191.171.15 - - [25/Nov/2025:11:20:41 +0100] "GET /platby/uwoy9/rich-dotcom-and-patterson-married HTTP/1.1" 200 12755 "-" "Mozilla/5.0 (compatible; SemrushBot/7~bl; +http://www.semrush.com/bot.html)"
114.119.139.66 - - [25/Nov/2025:11:20:45 +0100] "GET /platby/72zbxoz/team-rubicon-roll-call-login HTTP/1.1" 200 9210 "-" "Mozilla/5.0 (Linux; Android 7.0;) AppleWebKit/537.36 (KHTML, like Gecko) Mobile Safari/537.36 (compatible; PetalBot;+https://webmaster.petalsearch.com/site/petalbot)"
66.249.79.66 - - [25/Nov/2025:11:21:05 +0100] "\x16\x03\x01\x02" 403 265 "-" "-"
185.191.171.16 - - [25/Nov/2025:11:21:20 +0100] "GET /platby/qqap/use-volume-keys-for-media-stuck-on-screen-samsung HTTP/1.1" 200 8859 "-" "Mozilla/5.0 (compatible; SemrushBot/7~bl; +http://www.semrush.com/bot.html)"
185.191.171.8 - - [25/Nov/2025:11:21:43 +0100] "GET /platby/aohwuyx/what-happened-at-woodstock HTTP/1.1" 200 10940 "-" "Mozilla/5.0 (compatible; SemrushBot/7~bl; +http://www.semrush.com/bot.html)"
172.232.22.88 - - [25/Nov/2025:11:21:53 +0100] "\x16\x03\x01\x01\x01\x01" 403 265 "-" "-"
172.232.22.88 - - [25/Nov/2025:11:21:56 +0100] "\x16\x03\x01\x01\x01\x01" 403 265 "-" "-"
185.191.171.3 - - [25/Nov/2025:11:22:35 +0100] "GET /platby/72zbxoz/providence-health-care-staff HTTP/1.1" 200 9718 "-" "Mozilla/5.0 (compatible; SemrushBot/7~bl; +http://www.semrush.com/bot.html)"
185.191.171.12 - - [25/Nov/2025:11:23:06 +0100] "GET /platby/uwoy9/catholic-charities-in-canada HTTP/1.1" 200 8000 "-" "Mozilla/5.0 (compatible; SemrushBot/7~bl; +http://www.semrush.com/bot.html)"
85.208.96.210 - - [25/Nov/2025:11:23:10 +0100] "GET /platby/hca/rizespor-vs-erzurum-bb-prediction HTTP/1.1" 200 10513 "-" "Mozilla/5.0 (compatible; SemrushBot/7~bl; +http://www.semrush.com/bot.html)"
185.191.171.9 - - [25/Nov/2025:11:23:14 +0100] "GET /platby/uwoy9/relativity-crunchbase HTTP/1.1" 200 14317 "-" "Mozilla/5.0 (compatible; SemrushBot/7~bl; +http://www.semrush.com/bot.html)"
185.191.171.10 - - [25/Nov/2025:11:23:39 +0100] "GET /platby/uwoy9/liam-plunkett-america HTTP/1.1" 200 11992 "-" "Mozilla/5.0 (compatible; SemrushBot/7~bl; +http://www.semrush.com/bot.html)"
124.248.183.5 - - [25/Nov/2025:11:24:18 +0100] "\x16\x03\x01\x02" 403 265 "-" "-"
85.208.96.211 - - [25/Nov/2025:11:24:46 +0100] "GET /platby/uwoy9/list-of-waived-nba-players-2020 HTTP/1.1" 200 11357 "-" "Mozilla/5.0 (compatible; SemrushBot/7~bl; +http://www.semrush.com/bot.html)"
185.191.171.5 - - [25/Nov/2025:11:24:56 +0100] "GET /platby/qqap/university-of-maryland-transfer-decisions HTTP/1.1" 200 7832 "-" "Mozilla/5.0 (compatible; SemrushBot/7~bl; +http://www.semrush.com/bot.html)"
85.208.96.212 - - [25/Nov/2025:11:25:43 +0100] "GET /platby/72zbxoz/numbers-in-tamil-pronunciation HTTP/1.1" 200 7661 "-" "Mozilla/5.0 (compatible; SemrushBot/7~bl; +http://www.semrush.com/bot.html)"
147.185.41.135 - - [25/Nov/2025:11:25:45 +0100] "\x16\x03\x01\x01\v\x01" 400 289 "-" "-"
85.208.96.207 - - [25/Nov/2025:11:25:47 +0100] "GET /platby/hca/duck-bill-color-change HTTP/1.1" 200 13149 "-" "Mozilla/5.0 (compatible; SemrushBot/7~bl; +http://www.semrush.com/bot.html)"
85.208.96.204 - - [25/Nov/2025:11:25:51 +0100] "GET /platby/qqap/electric-love-festival HTTP/1.1" 200 5919 "-" "Mozilla/5.0 (compatible; SemrushBot/7~bl; +http://www.semrush.com/bot.html)"
85.208.96.202 - - [25/Nov/2025:11:26:28 +0100] "GET /platby/72zbxoz/difference-between-thoughts-and-feelings-worksheet HTTP/1.1" 200 10027 "-" "Mozilla/5.0 (compatible; SemrushBot/7~bl; +http://www.semrush.com/bot.html)"
185.191.171.2 - - [25/Nov/2025:11:26:32 +0100] "GET /platby/aohwuyx/who-originally-sang-have-you-seen-her HTTP/1.1" 200 10653 "-" "Mozilla/5.0 (compatible; SemrushBot/7~bl; +http://www.semrush.com/bot.html)"
85.208.96.203 - - [25/Nov/2025:11:26:47 +0100] "GET /platby/72zbxoz/the-structure-of-launch-vehicle-is-decided-by HTTP/1.1" 200 11131 "-" "Mozilla/5.0 (compatible; SemrushBot/7~bl; +http://www.semrush.com/bot.html)"
185.191.171.5 - - [25/Nov/2025:11:26:57 +0100] "GET /platby/uwoy9/current-aboriginal-issues-in-canada-2020 HTTP/1.1" 200 11545 "-" "Mozilla/5.0 (compatible; SemrushBot/7~bl; +http://www.semrush.com/bot.html)"
147.185.41.135 - - [25/Nov/2025:11:27:15 +0100] "\x16\x03\x01\x01\x03\x01" 403 265 "-" "-"
85.208.96.206 - - [25/Nov/2025:11:27:39 +0100] "GET /platby/qqap/drunk-on-halloween-chords-ukulele HTTP/1.1" 200 6026 "-" "Mozilla/5.0 (compatible; SemrushBot/7~bl; +http://www.semrush.com/bot.html)"
85.208.96.208 - - [25/Nov/2025:11:27:42 +0100] "GET /platby/72zbxoz/quote-about-friendship HTTP/1.1" 200 8610 "-" "Mozilla/5.0 (compatible; SemrushBot/7~bl; +http://www.semrush.com/bot.html)"
185.191.171.12 - - [25/Nov/2025:11:28:25 +0100] "GET /platby/aohwuyx/2020-mlb-rookie-cards-to-invest-in HTTP/1.1" 200 15665 "-" "Mozilla/5.0 (compatible; SemrushBot/7~bl; +http://www.semrush.com/bot.html)"
85.208.96.202 - - [25/Nov/2025:11:28:41 +0100] "GET /platby/aohwuyx/beartown-state-forest-maine HTTP/1.1" 200 10947 "-" "Mozilla/5.0 (compatible; SemrushBot/7~bl; +http://www.semrush.com/bot.html)"
185.191.171.13 - - [25/Nov/2025:11:29:45 +0100] "GET /platby/uwoy9/nothing-gonna-change-my-love-for-you-novelhall HTTP/1.1" 200 9812 "-" "Mozilla/5.0 (compatible; SemrushBot/7~bl; +http://www.semrush.com/bot.html)"
85.208.96.203 - - [25/Nov/2025:11:29:52 +0100] "GET /platby/uwoy9/rwanda-national-basketball-team-roster HTTP/1.1" 200 10575 "-" "Mozilla/5.0 (compatible; SemrushBot/7~bl; +http://www.semrush.com/bot.html)"
85.208.96.206 - - [25/Nov/2025:11:30:50 +0100] "GET /platby/72zbxoz/sandlot-2-david-punches-singleton HTTP/1.1" 200 13390 "-" "Mozilla/5.0 (compatible; SemrushBot/7~bl; +http://www.semrush.com/bot.html)"
185.191.171.15 - - [25/Nov/2025:11:30:53 +0100] "GET /platby/aohwuyx/how-far-is-reading-pa-from-pittsburgh HTTP/1.1" 200 9591 "-" "Mozilla/5.0 (compatible; SemrushBot/7~bl; +http://www.semrush.com/bot.html)"
85.208.96.208 - - [25/Nov/2025:11:31:14 +0100] "GET /platby/qqap/leaving-teaching-2020 HTTP/1.1" 200 9160 "-" "Mozilla/5.0 (compatible; SemrushBot/7~bl; +http://www.semrush.com/bot.html)"
185.191.171.14 - - [25/Nov/2025:11:31:19 +0100] "GET /platby/72zbxoz/poco-f1-rear-camera-problem HTTP/1.1" 200 8886 "-" "Mozilla/5.0 (compatible; SemrushBot/7~bl; +http://www.semrush.com/bot.html)"
185.191.171.2 - - [25/Nov/2025:11:32:26 +0100] "GET /platby/qqap/private-schools-in-brisbane HTTP/1.1" 200 5840 "-" "Mozilla/5.0 (compatible; SemrushBot/7~bl; +http://www.semrush.com/bot.html)"
205.210.31.101 - - [25/Nov/2025:11:32:52 +0100] "\x16\x03\x01\x01\v\x01" 400 289 "-" "-"
205.210.31.101 - - [25/Nov/2025:11:32:53 +0100] "\x16\x03\x01" 403 265 "-" "-"
185.191.171.5 - - [25/Nov/2025:11:32:57 +0100] "GET /platby/uwoy9/north-gwinnett-high-school-address HTTP/1.1" 200 13220 "-" "Mozilla/5.0 (compatible; SemrushBot/7~bl; +http://www.semrush.com/bot.html)"
85.208.96.208 - - [25/Nov/2025:11:33:01 +0100] "GET /platby/qqap/languages-spoken-in-ireland-percentages HTTP/1.1" 200 7982 "-" "Mozilla/5.0 (compatible; SemrushBot/7~bl; +http://www.semrush.com/bot.html)"
185.191.171.15 - - [25/Nov/2025:11:33:54 +0100] "GET /platby/qqap/photovoltaic-solar-energy-research HTTP/1.1" 200 7364 "-" "Mozilla/5.0 (compatible; SemrushBot/7~bl; +http://www.semrush.com/bot.html)"
64.15.129.120 - - [25/Nov/2025:11:34:28 +0100] "\x16\x03\x01\x02" 403 265 "-" "-"
85.208.96.201 - - [25/Nov/2025:11:34:33 +0100] "GET /platby/uwoy9/what-is-the-reach-program-in-schools HTTP/1.1" 200 9554 "-" "Mozilla/5.0 (compatible; SemrushBot/7~bl; +http://www.semrush.com/bot.html)"
185.191.171.16 - - [25/Nov/2025:11:34:47 +0100] "GET /platby/uwoy9/soldier-field-drive-in-concert HTTP/1.1" 200 7312 "-" "Mozilla/5.0 (compatible; SemrushBot/7~bl; +http://www.semrush.com/bot.html)"
185.191.171.1 - - [25/Nov/2025:11:35:00 +0100] "GET /platby/uwoy9/convergent-plate-boundary-in-a-sentence HTTP/1.1" 200 11084 "-" "Mozilla/5.0 (compatible; SemrushBot/7~bl; +http://www.semrush.com/bot.html)"
85.208.96.202 - - [25/Nov/2025:11:35:23 +0100] "GET /platby/aohwuyx/best-elementary-schools-in-california HTTP/1.1" 200 10849 "-" "Mozilla/5.0 (compatible; SemrushBot/7~bl; +http://www.semrush.com/bot.html)"
185.191.171.1 - - [25/Nov/2025:11:35:32 +0100] "GET /platby/72zbxoz/loyola-new-orleans-application HTTP/1.1" 200 15396 "-" "Mozilla/5.0 (compatible; SemrushBot/7~bl; +http://www.semrush.com/bot.html)"
185.191.171.6 - - [25/Nov/2025:11:35:45 +0100] "GET /platby/qqap/furious-pronunciation HTTP/1.1" 200 10157 "-" "Mozilla/5.0 (compatible; SemrushBot/7~bl; +http://www.semrush.com/bot.html)"
185.191.171.8 - - [25/Nov/2025:11:35:50 +0100] "GET /platby/aohwuyx/sports-and-entertainment-consulting HTTP/1.1" 200 10567 "-" "Mozilla/5.0 (compatible; SemrushBot/7~bl; +http://www.semrush.com/bot.html)"
85.208.96.205 - - [25/Nov/2025:11:36:36 +0100] "GET /platby/hca/american-university-alumni-benefits HTTP/1.1" 200 8341 "-" "Mozilla/5.0 (compatible; SemrushBot/7~bl; +http://www.semrush.com/bot.html)"
85.208.96.211 - - [25/Nov/2025:11:36:37 +0100] "GET /platby/hca/aerospace-engineering-germany-salary HTTP/1.1" 200 10012 "-" "Mozilla/5.0 (compatible; SemrushBot/7~bl; +http://www.semrush.com/bot.html)"
93.159.230.85 - - [25/Nov/2025:11:36:41 +0100] "\x16\x03\x01" 403 265 "-" "-"
185.191.171.9 - - [25/Nov/2025:11:36:41 +0100] "GET /platby/hca/patricia-briggs-alpha-and-omega HTTP/1.1" 200 10121 "-" "Mozilla/5.0 (compatible; SemrushBot/7~bl; +http://www.semrush.com/bot.html)"
77.74.177.118 - - [25/Nov/2025:11:36:41 +0100] "\x16\x03\x01\x01" 403 265 "-" "-"
185.191.171.9 - - [25/Nov/2025:11:37:23 +0100] "GET /platby/72zbxoz/tom-snyder-charles-manson HTTP/1.1" 200 12073 "-" "Mozilla/5.0 (compatible; SemrushBot/7~bl; +http://www.semrush.com/bot.html)"
204.76.203.206 - - [25/Nov/2025:11:37:30 +0100] "GET /" 400 468 "-" "-"
74.7.230.59 - - [25/Nov/2025:11:37:39 +0100] "\x16\x03\x01\x01\x03\x01" 403 265 "-" "-"
74.7.230.59 - - [25/Nov/2025:11:37:40 +0100] "\x16\x03\x01\x02" 403 265 "-" "-"
74.7.230.59 - - [25/Nov/2025:11:37:40 +0100] "\x16\x03\x01\x02" 403 265 "-" "-"
85.208.96.196 - - [25/Nov/2025:11:37:55 +0100] "GET /platby/uwoy9/common-wildflowers-in-minnesota HTTP/1.1" 200 9070 "-" "Mozilla/5.0 (compatible; SemrushBot/7~bl; +http://www.semrush.com/bot.html)"
204.76.203.206 - - [25/Nov/2025:11:38:08 +0100] "GET / HTTP/1.1" 200 316 "-" "Mozilla/5.0 (Windows NT 10.0; Win64; x64) AppleWebKit/537.36 (KHTML, like Gecko) Chrome/90.0.4430.85 Safari/537.36 Edg/90.0.818.46"
185.191.171.2 - - [25/Nov/2025:11:38:32 +0100] "GET /platby/hca/1-to-10-counting-in-sanskrit-in-all-gender HTTP/1.1" 200 9095 "-" "Mozilla/5.0 (compatible; SemrushBot/7~bl; +http://www.semrush.com/bot.html)"
185.191.171.5 - - [25/Nov/2025:11:38:47 +0100] "GET /platby/qqap/anime-themed-restaurant HTTP/1.1" 200 14792 "-" "Mozilla/5.0 (compatible; SemrushBot/7~bl; +http://www.semrush.com/bot.html)"
185.191.171.7 - - [25/Nov/2025:11:39:01 +0100] "GET /platby/hca/new-england-conservatory-application HTTP/1.1" 200 8252 "-" "Mozilla/5.0 (compatible; SemrushBot/7~bl; +http://www.semrush.com/bot.html)"
185.191.171.9 - - [25/Nov/2025:11:39:16 +0100] "GET /platby/aohwuyx/american-dragon:-jake-long-soundtrack HTTP/1.1" 200 10917 "-" "Mozilla/5.0 (compatible; SemrushBot/7~bl; +http://www.semrush.com/bot.html)"
185.191.171.19 - - [25/Nov/2025:11:39:26 +0100] "GET /platby/uwoy9/geothermal-energy-uses HTTP/1.1" 200 8943 "-" "Mozilla/5.0 (compatible; SemrushBot/7~bl; +http://www.semrush.com/bot.html)"
185.191.171.18 - - [25/Nov/2025:11:39:53 +0100] "GET /platby/uwoy9/iphone-wallpaper-2020-hd HTTP/1.1" 200 9068 "-" "Mozilla/5.0 (compatible; SemrushBot/7~bl; +http://www.semrush.com/bot.html)"
85.208.96.206 - - [25/Nov/2025:11:40:14 +0100] "GET /platby/hca/jordan-4-off-noir-real-vs-fake HTTP/1.1" 200 10667 "-" "Mozilla/5.0 (compatible; SemrushBot/7~bl; +http://www.semrush.com/bot.html)"
85.208.96.208 - - [25/Nov/2025:11:40:23 +0100] "GET /platby/uwoy9/flappers-and-philosophers HTTP/1.1" 200 11427 "-" "Mozilla/5.0 (compatible; SemrushBot/7~bl; +http://www.semrush.com/bot.html)"
185.191.171.7 - - [25/Nov/2025:11:40:58 +0100] "GET /platby/hca/the-process-of-evolution-is-direct-or-indirect HTTP/1.1" 200 12614 "-" "Mozilla/5.0 (compatible; SemrushBot/7~bl; +http://www.semrush.com/bot.html)"
185.191.171.7 - - [25/Nov/2025:11:41:00 +0100] "GET /platby/qqap/what-happened-to-gloria-vanderbilt's-mother HTTP/1.1" 200 9545 "-" "Mozilla/5.0 (compatible; SemrushBot/7~bl; +http://www.semrush.com/bot.html)"
85.208.96.203 - - [25/Nov/2025:11:41:17 +0100] "GET /platby/qqap/samsung-s9-screen-replacement-cost-in-nigeria HTTP/1.1" 200 14173 "-" "Mozilla/5.0 (compatible; SemrushBot/7~bl; +http://www.semrush.com/bot.html)"
44.202.20.23 - - [25/Nov/2025:11:41:25 +0100] "\x16\x03\x01" 501 270 "-" "-"
85.208.96.204 - - [25/Nov/2025:11:41:35 +0100] "GET /platby/uwoy9/jingle-jangle:-a-christmas-journey-budget HTTP/1.1" 200 7561 "-" "Mozilla/5.0 (compatible; SemrushBot/7~bl; +http://www.semrush.com/bot.html)"
198.235.24.232 - - [25/Nov/2025:11:41:50 +0100] "GET / HTTP/1.1" 200 520 "-" "Hello from Palo Alto Networks, find out more about our scans in https://docs-cortex.paloaltonetworks.com/r/1/Cortex-Xpanse/Scanning-activity"
85.208.96.205 - - [25/Nov/2025:11:41:55 +0100] "GET /platby/uwoy9/blood-bowl-chaos-edition-races HTTP/1.1" 200 8167 "-" "Mozilla/5.0 (compatible; SemrushBot/7~bl; +http://www.semrush.com/bot.html)"
185.191.171.4 - - [25/Nov/2025:11:42:58 +0100] "GET /platby/qqap/desperados-beer-quebec HTTP/1.1" 200 12397 "-" "Mozilla/5.0 (compatible; SemrushBot/7~bl; +http://www.semrush.com/bot.html)"
85.208.96.210 - - [25/Nov/2025:11:43:00 +0100] "GET /platby/qqap/minneapolis-comedy-clubjudaistic-christianity HTTP/1.1" 200 9148 "-" "Mozilla/5.0 (compatible; SemrushBot/7~bl; +http://www.semrush.com/bot.html)"
85.208.96.204 - - [25/Nov/2025:11:43:02 +0100] "GET /platby/qqap/shaquem-griffin-height-and-weight HTTP/1.1" 200 10925 "-" "Mozilla/5.0 (compatible; SemrushBot/7~bl; +http://www.semrush.com/bot.html)"
185.191.171.17 - - [25/Nov/2025:11:44:11 +0100] "GET /platby/qqap/michael-buerk-ethiopia-1984 HTTP/1.1" 200 9770 "-" "Mozilla/5.0 (compatible; SemrushBot/7~bl; +http://www.semrush.com/bot.html)"
185.191.171.1 - - [25/Nov/2025:11:44:13 +0100] "GET /platby/hca/franklin-high-school-graduation HTTP/1.1" 200 10081 "-" "Mozilla/5.0 (compatible; SemrushBot/7~bl; +http://www.semrush.com/bot.html)"
85.208.96.207 - - [25/Nov/2025:11:44:23 +0100] "GET /platby/aohwuyx/visual-boy-advance-github HTTP/1.1" 200 9970 "-" "Mozilla/5.0 (compatible; SemrushBot/7~bl; +http://www.semrush.com/bot.html)"
185.191.171.13 - - [25/Nov/2025:11:44:41 +0100] "GET /platby/uwoy9/solar-energy-statistics-2019 HTTP/1.1" 200 10439 "-" "Mozilla/5.0 (compatible; SemrushBot/7~bl; +http://www.semrush.com/bot.html)"
185.191.171.1 - - [25/Nov/2025:11:45:15 +0100] "GET /platby/aohwuyx/is-ellis-burks-in-the-hall-of-fame HTTP/1.1" 200 14022 "-" "Mozilla/5.0 (compatible; SemrushBot/7~bl; +http://www.semrush.com/bot.html)"
185.191.171.1 - - [25/Nov/2025:11:45:29 +0100] "GET /platby/qqap/siberian-animals-list HTTP/1.1" 200 8261 "-" "Mozilla/5.0 (compatible; SemrushBot/7~bl; +http://www.semrush.com/bot.html)"
185.191.171.7 - - [25/Nov/2025:11:45:38 +0100] "GET /platby/uwoy9/body-language-in-communication HTTP/1.1" 200 9249 "-" "Mozilla/5.0 (compatible; SemrushBot/7~bl; +http://www.semrush.com/bot.html)"
185.191.171.12 - - [25/Nov/2025:11:45:41 +0100] "GET /platby/qqap/west-memphis-3-documentary-full HTTP/1.1" 200 6871 "-" "Mozilla/5.0 (compatible; SemrushBot/7~bl; +http://www.semrush.com/bot.html)"
85.208.96.202 - - [25/Nov/2025:11:45:59 +0100] "GET /platby/hca/australia-vs-japan-softball-live HTTP/1.1" 200 5586 "-" "Mozilla/5.0 (compatible; SemrushBot/7~bl; +http://www.semrush.com/bot.html)"
185.191.171.18 - - [25/Nov/2025:11:46:54 +0100] "GET /platby/qqap/parrots-fighting-each-other HTTP/1.1" 200 12032 "-" "Mozilla/5.0 (compatible; SemrushBot/7~bl; +http://www.semrush.com/bot.html)"
185.191.171.14 - - [25/Nov/2025:11:47:19 +0100] "GET /platby/hca/save-it-for-the-bedroom-acoustic HTTP/1.1" 200 7555 "-" "Mozilla/5.0 (compatible; SemrushBot/7~bl; +http://www.semrush.com/bot.html)"
85.208.96.194 - - [25/Nov/2025:11:47:26 +0100] "GET /platby/aohwuyx/special-relativity-deals-with HTTP/1.1" 200 10800 "-" "Mozilla/5.0 (compatible; SemrushBot/7~bl; +http://www.semrush.com/bot.html)"
85.208.96.194 - - [25/Nov/2025:11:47:35 +0100] "GET /platby/72zbxoz/how-to-make-egg-sauce-with-tomato-paste HTTP/1.1" 200 8551 "-" "Mozilla/5.0 (compatible; SemrushBot/7~bl; +http://www.semrush.com/bot.html)"
185.191.171.7 - - [25/Nov/2025:11:48:20 +0100] "GET /platby/aohwuyx/kiehl's-ultra-facial-moisturizer-vs-cream HTTP/1.1" 200 7740 "-" "Mozilla/5.0 (compatible; SemrushBot/7~bl; +http://www.semrush.com/bot.html)"
185.191.171.15 - - [25/Nov/2025:11:48:29 +0100] "GET /platby/qqap/jesus-freak-release-date HTTP/1.1" 200 12959 "-" "Mozilla/5.0 (compatible; SemrushBot/7~bl; +http://www.semrush.com/bot.html)"
85.208.96.200 - - [25/Nov/2025:11:49:00 +0100] "GET /platby/qqap/christia-obcordata-plants-for-sale HTTP/1.1" 200 12011 "-" "Mozilla/5.0 (compatible; SemrushBot/7~bl; +http://www.semrush.com/bot.html)"
185.191.171.12 - - [25/Nov/2025:11:49:07 +0100] "GET /platby/hca/lincoln-university-admissions-email HTTP/1.1" 200 8987 "-" "Mozilla/5.0 (compatible; SemrushBot/7~bl; +http://www.semrush.com/bot.html)"
185.191.171.1 - - [25/Nov/2025:11:49:25 +0100] "GET /platby/qqap/cirque-du-soleil-zumanity-cast-members HTTP/1.1" 200 12334 "-" "Mozilla/5.0 (compatible; SemrushBot/7~bl; +http://www.semrush.com/bot.html)"
185.191.171.6 - - [25/Nov/2025:11:49:47 +0100] "GET /platby/aohwuyx/why-do-peacocks-open-their-feathers HTTP/1.1" 200 10476 "-" "Mozilla/5.0 (compatible; SemrushBot/7~bl; +http://www.semrush.com/bot.html)"
85.208.96.202 - - [25/Nov/2025:11:49:48 +0100] "GET /platby/qqap/jeff-smith:-bone-and-beyond HTTP/1.1" 200 11498 "-" "Mozilla/5.0 (compatible; SemrushBot/7~bl; +http://www.semrush.com/bot.html)"
85.208.96.197 - - [25/Nov/2025:11:50:07 +0100] "GET /platby/qqap/sunpower-singapore-forum HTTP/1.1" 200 4549 "-" "Mozilla/5.0 (compatible; SemrushBot/7~bl; +http://www.semrush.com/bot.html)"
185.191.171.13 - - [25/Nov/2025:11:50:10 +0100] "GET /platby/qqap/charlotte-hawkins-husband HTTP/1.1" 200 9512 "-" "Mozilla/5.0 (compatible; SemrushBot/7~bl; +http://www.semrush.com/bot.html)"
185.191.171.6 - - [25/Nov/2025:11:50:12 +0100] "GET /platby/aohwuyx/state-of-play-2020-games HTTP/1.1" 200 13380 "-" "Mozilla/5.0 (compatible; SemrushBot/7~bl; +http://www.semrush.com/bot.html)"
185.191.171.15 - - [25/Nov/2025:11:50:44 +0100] "GET /platby/qqap/midwest-landscaping-ideas-front-yard HTTP/1.1" 200 14308 "-" "Mozilla/5.0 (compatible; SemrushBot/7~bl; +http://www.semrush.com/bot.html)"
85.208.96.194 - - [25/Nov/2025:11:51:09 +0100] "GET /platby/qqap/mobile-phone-problems-and-solutions-pdf HTTP/1.1" 200 13129 "-" "Mozilla/5.0 (compatible; SemrushBot/7~bl; +http://www.semrush.com/bot.html)"
185.191.171.16 - - [25/Nov/2025:11:51:11 +0100] "GET /platby/hca/windows-10-fingerprint-setup-not-working HTTP/1.1" 200 10438 "-" "Mozilla/5.0 (compatible; SemrushBot/7~bl; +http://www.semrush.com/bot.html)"
85.208.96.200 - - [25/Nov/2025:11:51:12 +0100] "GET /platby/qqap/fin-number-singapore-format HTTP/1.1" 200 6893 "-" "Mozilla/5.0 (compatible; SemrushBot/7~bl; +http://www.semrush.com/bot.html)"
85.208.96.194 - - [25/Nov/2025:11:51:24 +0100] "GET /platby/hca/latavius-murray-snap-count HTTP/1.1" 200 7810 "-" "Mozilla/5.0 (compatible; SemrushBot/7~bl; +http://www.semrush.com/bot.html)"
85.208.96.212 - - [25/Nov/2025:11:51:43 +0100] "GET /platby/uwoy9/kitsch-urban-dictionary HTTP/1.1" 200 14576 "-" "Mozilla/5.0 (compatible; SemrushBot/7~bl; +http://www.semrush.com/bot.html)"
185.191.171.5 - - [25/Nov/2025:11:52:23 +0100] "GET /platby/uwoy9/jesus-messiah-gaither-vocal-band-chords HTTP/1.1" 200 12425 "-" "Mozilla/5.0 (compatible; SemrushBot/7~bl; +http://www.semrush.com/bot.html)"
114.119.139.112 - - [25/Nov/2025:11:52:42 +0100] "GET /platby/72zbxoz/loyalty-quotes-goodreads HTTP/1.1" 200 8629 "-" "Mozilla/5.0 (Linux; Android 7.0;) AppleWebKit/537.36 (KHTML, like Gecko) Mobile Safari/537.36 (compatible; PetalBot;+https://webmaster.petalsearch.com/site/petalbot)"
185.191.171.7 - - [25/Nov/2025:11:52:54 +0100] "GET /platby/uwoy9/tufts-university-commencement-2021 HTTP/1.1" 200 7997 "-" "Mozilla/5.0 (compatible; SemrushBot/7~bl; +http://www.semrush.com/bot.html)"
185.191.171.4 - - [25/Nov/2025:11:53:05 +0100] "GET /platby/72zbxoz/aboriginal-health-care-issues-in-canada-2020 HTTP/1.1" 200 14427 "-" "Mozilla/5.0 (compatible; SemrushBot/7~bl; +http://www.semrush.com/bot.html)"
85.208.96.199 - - [25/Nov/2025:11:53:28 +0100] "GET /platby/72zbxoz/stalking-cat-grey's-anatomy HTTP/1.1" 200 15795 "-" "Mozilla/5.0 (compatible; SemrushBot/7~bl; +http://www.semrush.com/bot.html)"
85.208.96.206 - - [25/Nov/2025:11:53:50 +0100] "GET /platby/uwoy9/samsung-s8-fingerprint-sensor-not-working HTTP/1.1" 200 13802 "-" "Mozilla/5.0 (compatible; SemrushBot/7~bl; +http://www.semrush.com/bot.html)"
85.208.96.203 - - [25/Nov/2025:11:54:09 +0100] "GET /platby/uwoy9/nigel-williams-editor HTTP/1.1" 200 14668 "-" "Mozilla/5.0 (compatible; SemrushBot/7~bl; +http://www.semrush.com/bot.html)"
85.208.96.193 - - [25/Nov/2025:11:54:10 +0100] "GET /platby/aohwuyx/is-terry-hobbs-still-missing-2021 HTTP/1.1" 200 7687 "-" "Mozilla/5.0 (compatible; SemrushBot/7~bl; +http://www.semrush.com/bot.html)"
98.89.29.83 - - [25/Nov/2025:11:54:20 +0100] "\x16\x03\x01" 403 265 "-" "-"
85.208.96.209 - - [25/Nov/2025:11:54:28 +0100] "GET /platby/hca/jordan-jumpman-2020-colorways HTTP/1.1" 200 11947 "-" "Mozilla/5.0 (compatible; SemrushBot/7~bl; +http://www.semrush.com/bot.html)"
64.15.129.117 - - [25/Nov/2025:11:54:33 +0100] "\x16\x03\x01\x02" 403 265 "-" "-"
185.191.171.1 - - [25/Nov/2025:11:54:35 +0100] "GET /platby/uwoy9/10-things-i-hate-about-you-poem-shakespeare HTTP/1.1" 200 13656 "-" "Mozilla/5.0 (compatible; SemrushBot/7~bl; +http://www.semrush.com/bot.html)"
205.210.31.76 - - [25/Nov/2025:11:54:40 +0100] "GET /" 400 468 "-" "-"
85.208.96.197 - - [25/Nov/2025:11:54:50 +0100] "GET /robots.txt HTTP/1.1" 200 54 "-" "Mozilla/5.0 (compatible; SemrushBot/7~bl; +http://www.semrush.com/bot.html)"
185.191.171.4 - - [25/Nov/2025:11:54:50 +0100] "GET /platby/72zbxoz/short-faux-hawk-female HTTP/1.1" 200 10833 "-" "Mozilla/5.0 (compatible; SemrushBot/7~bl; +http://www.semrush.com/bot.html)"
66.249.79.227 - - [25/Nov/2025:11:54:59 +0100] "\x16\x03\x01\x02" 403 265 "-" "-"
185.191.171.14 - - [25/Nov/2025:11:55:02 +0100] "GET /platby/hca/butterfly-tattoo-forearm HTTP/1.1" 200 8974 "-" "Mozilla/5.0 (compatible; SemrushBot/7~bl; +http://www.semrush.com/bot.html)"
93.159.230.28 - - [25/Nov/2025:11:55:03 +0100] "\x16\x03\x01" 403 265 "-" "-"
185.191.171.17 - - [25/Nov/2025:11:55:05 +0100] "GET /platby/qqap/jarrett-culver-return HTTP/1.1" 200 10394 "-" "Mozilla/5.0 (compatible; SemrushBot/7~bl; +http://www.semrush.com/bot.html)"
147.185.41.135 - - [25/Nov/2025:11:55:32 +0100] "\x16\x03\x01\x01\x07\x01" 403 265 "-" "-"
185.191.171.16 - - [25/Nov/2025:11:55:39 +0100] "GET /platby/72zbxoz/bears-6th-round-picks-2021 HTTP/1.1" 200 12328 "-" "Mozilla/5.0 (compatible; SemrushBot/7~bl; +http://www.semrush.com/bot.html)"
85.208.96.205 - - [25/Nov/2025:11:55:46 +0100] "GET /platby/qqap/human-race-solar-pack-red HTTP/1.1" 200 11099 "-" "Mozilla/5.0 (compatible; SemrushBot/7~bl; +http://www.semrush.com/bot.html)"
31.56.36.189 - - [25/Nov/2025:11:56:21 +0100] "\x16\x03\x01\x02" 403 265 "-" "-"
85.208.96.201 - - [25/Nov/2025:11:56:25 +0100] "GET /platby/qqap/knights-football-club HTTP/1.1" 200 10108 "-" "Mozilla/5.0 (compatible; SemrushBot/7~bl; +http://www.semrush.com/bot.html)"
116.197.130.58 - - [25/Nov/2025:11:56:37 +0100] "\x16\x03\x01\x01\x05\x01" 403 265 "-" "-"
116.197.130.58 - - [25/Nov/2025:11:56:37 +0100] "\x16\x03\x01\x01\x05\x01" 403 265 "-" "-"
116.197.130.58 - - [25/Nov/2025:11:56:37 +0100] "\x16\x03\x01\x01\x05\x01" 403 265 "-" "-"
116.197.130.58 - - [25/Nov/2025:11:56:38 +0100] "\x16\x03\x01\x01\x01\x01" 403 265 "-" "-"
116.197.130.58 - - [25/Nov/2025:11:56:38 +0100] "\x16\x03\x01\x01\x01\x01" 403 265 "-" "-"
116.197.130.58 - - [25/Nov/2025:11:56:38 +0100] "\x16\x03\x01\x01\x01\x01" 403 265 "-" "-"
85.208.96.210 - - [25/Nov/2025:11:56:56 +0100] "GET /platby/72zbxoz/grayson-high-school-eclass HTTP/1.1" 200 11018 "-" "Mozilla/5.0 (compatible; SemrushBot/7~bl; +http://www.semrush.com/bot.html)"
85.208.96.198 - - [25/Nov/2025:11:57:03 +0100] "GET /platby/72zbxoz/oppo-wireless-charging-phones-list HTTP/1.1" 200 13721 "-" "Mozilla/5.0 (compatible; SemrushBot/7~bl; +http://www.semrush.com/bot.html)"
185.191.171.1 - - [25/Nov/2025:11:57:07 +0100] "GET /platby/hca/what-are-the-three-types-of-literature HTTP/1.1" 200 8350 "-" "Mozilla/5.0 (compatible; SemrushBot/7~bl; +http://www.semrush.com/bot.html)"
101.198.0.172 - - [25/Nov/2025:11:57:25 +0100] "\x16\x03\x01\x01*\x01" 403 265 "-" "-"
101.198.0.152 - - [25/Nov/2025:11:57:26 +0100] "GET / HTTP/1.1" 403 262 "-" "Mozilla/5.0 (Macintosh; Intel Mac OS X 10_15_7) AppleWebKit/537.36 (KHTML, like Gecko) Chrome/120.0.0.0 Safari/537.36 Edg/120.0.0.0"
101.198.0.133 - - [25/Nov/2025:11:57:29 +0100] "GET /favicon.ico HTTP/1.1" 403 226 "-" "Mozilla/5.0 (Macintosh; Intel Mac OS X 10_7_0) AppleWebKit/535.11 (KHTML, like Gecko) Chrome/17.0.963.56 Safari/535.11"
101.198.0.157 - - [25/Nov/2025:11:57:32 +0100] "GET /robots.txt HTTP/1.1" 403 226 "-" "Mozilla/5.0 (Macintosh; Intel Mac OS X 10_7_0) AppleWebKit/535.11 (KHTML, like Gecko) Chrome/17.0.963.56 Safari/535.11"
101.198.0.141 - - [25/Nov/2025:11:57:36 +0100] "GET /sitemap.xml HTTP/1.1" 403 227 "-" "Mozilla/5.0 (Macintosh; Intel Mac OS X 10_7_0) AppleWebKit/535.11 (KHTML, like Gecko) Chrome/17.0.963.56 Safari/535.11"
85.208.96.206 - - [25/Nov/2025:11:57:40 +0100] "GET /platby/hca/blood-bowl:-chaos-edition HTTP/1.1" 200 10737 "-" "Mozilla/5.0 (compatible; SemrushBot/7~bl; +http://www.semrush.com/bot.html)"
204.76.203.206 - - [25/Nov/2025:11:57:47 +0100] "GET /" 400 468 "-" "-"
185.191.171.14 - - [25/Nov/2025:11:57:50 +0100] "GET /platby/qqap/manhattan-village-academy HTTP/1.1" 200 9532 "-" "Mozilla/5.0 (compatible; SemrushBot/7~bl; +http://www.semrush.com/bot.html)"
185.191.171.2 - - [25/Nov/2025:11:57:58 +0100] "GET /platby/aohwuyx/nadiyon-paar-dance-choreographer-name HTTP/1.1" 200 11391 "-" "Mozilla/5.0 (compatible; SemrushBot/7~bl; +http://www.semrush.com/bot.html)"
37.27.7.174 - - [25/Nov/2025:11:58:00 +0100] "\x16\x03\x01\x01\b\x01" 403 265 "-" "-"
37.27.7.174 - - [25/Nov/2025:11:58:00 +0100] "\x16\x03\x01" 403 265 "-" "-"
37.27.7.174 - - [25/Nov/2025:11:58:01 +0100] "\x16\x03\x01\x01\b\x01" 403 265 "-" "-"
37.27.7.174 - - [25/Nov/2025:11:58:01 +0100] "\x16\x03\x01" 403 265 "-" "-"
37.27.7.174 - - [25/Nov/2025:11:58:03 +0100] "\x16\x03\x01\x01\b\x01" 403 265 "-" "-"
37.27.7.174 - - [25/Nov/2025:11:58:04 +0100] "\x16\x03\x01" 403 265 "-" "-"
37.27.7.174 - - [25/Nov/2025:11:58:08 +0100] "\x16\x03\x01\x01\b\x01" 403 265 "-" "-"
37.27.7.174 - - [25/Nov/2025:11:58:08 +0100] "\x16\x03\x01" 403 265 "-" "-"
85.208.96.202 - - [25/Nov/2025:11:58:10 +0100] "GET /platby/72zbxoz/encyclopedia-of-birth-control HTTP/1.1" 200 13279 "-" "Mozilla/5.0 (compatible; SemrushBot/7~bl; +http://www.semrush.com/bot.html)"
85.208.96.202 - - [25/Nov/2025:11:58:13 +0100] "GET /platby/qqap/the-princess-switch-2-fiona HTTP/1.1" 200 7522 "-" "Mozilla/5.0 (compatible; SemrushBot/7~bl; +http://www.semrush.com/bot.html)"
37.27.7.174 - - [25/Nov/2025:11:58:15 +0100] "\x16\x03\x01\x01\b\x01" 403 265 "-" "-"
37.27.7.174 - - [25/Nov/2025:11:58:15 +0100] "\x16\x03\x01" 403 265 "-" "-"
37.27.7.174 - - [25/Nov/2025:11:58:15 +0100] "\x16\x03\x01\x01\b\x01" 403 265 "-" "-"
37.27.7.174 - - [25/Nov/2025:11:58:15 +0100] "\x16\x03\x01" 403 265 "-" "-"
37.27.7.174 - - [25/Nov/2025:11:58:16 +0100] "\x16\x03\x01\x01\b\x01" 403 265 "-" "-"
37.27.7.174 - - [25/Nov/2025:11:58:16 +0100] "\x16\x03\x01" 403 265 "-" "-"
205.210.31.96 - - [25/Nov/2025:11:58:39 +0100] "GET /" 400 468 "-" "-"
85.208.96.210 - - [25/Nov/2025:11:58:44 +0100] "GET /platby/qqap/franklin-football-maxpreps HTTP/1.1" 200 8386 "-" "Mozilla/5.0 (compatible; SemrushBot/7~bl; +http://www.semrush.com/bot.html)"
185.191.171.8 - - [25/Nov/2025:11:58:46 +0100] "GET /platby/uwoy9/p-ebt-card-california HTTP/1.1" 200 9481 "-" "Mozilla/5.0 (compatible; SemrushBot/7~bl; +http://www.semrush.com/bot.html)"
147.185.41.135 - - [25/Nov/2025:11:59:07 +0100] "\x16\x03\x01" 403 265 "-" "-"
193.34.213.150 - - [25/Nov/2025:11:59:09 +0100] "GET /" 400 468 "-" "-"
204.76.203.206 - - [25/Nov/2025:11:59:17 +0100] "GET / HTTP/1.1" 200 316 "-" "Mozilla/5.0 (Windows NT 10.0; Win64; x64) AppleWebKit/537.36 (KHTML, like Gecko) Chrome/90.0.4430.85 Safari/537.36 Edg/90.0.818.46"
185.191.171.5 - - [25/Nov/2025:11:59:18 +0100] "GET /platby/hca/how-to-become-captain-in-fifa-20-career-mode HTTP/1.1" 200 10372 "-" "Mozilla/5.0 (compatible; SemrushBot/7~bl; +http://www.semrush.com/bot.html)"
85.208.96.208 - - [25/Nov/2025:11:59:22 +0100] "GET /platby/aohwuyx/elements-of-effective-science-instruction-slideshare HTTP/1.1" 200 11077 "-" "Mozilla/5.0 (compatible; SemrushBot/7~bl; +http://www.semrush.com/bot.html)"
185.191.171.18 - - [25/Nov/2025:11:59:25 +0100] "GET /platby/qqap/george-baker-jockey-accident HTTP/1.1" 200 11262 "-" "Mozilla/5.0 (compatible; SemrushBot/7~bl; +http://www.semrush.com/bot.html)"
85.208.96.205 - - [25/Nov/2025:11:59:26 +0100] "GET /platby/aohwuyx/research-triangle-park-jobs HTTP/1.1" 200 11414 "-" "Mozilla/5.0 (compatible; SemrushBot/7~bl; +http://www.semrush.com/bot.html)"
185.191.171.1 - - [25/Nov/2025:12:00:01 +0100] "GET /platby/qqap/umidigi-a9-pro-android-11-update HTTP/1.1" 200 12305 "-" "Mozilla/5.0 (compatible; SemrushBot/7~bl; +http://www.semrush.com/bot.html)"
192.175.111.237 - - [25/Nov/2025:12:00:06 +0100] "\x16\x03\x01\x02" 403 265 "-" "-"
64.15.129.116 - - [25/Nov/2025:12:00:07 +0100] "\x16\x03\x01\x02" 403 265 "-" "-"
64.15.129.121 - - [25/Nov/2025:12:00:08 +0100] "\x16\x03\x01\x02" 403 265 "-" "-"
172.68.229.42 - - [25/Nov/2025:12:00:22 +0100] "\x16\x03\x01\x02" 403 265 "-" "-"
185.191.171.4 - - [25/Nov/2025:12:00:43 +0100] "GET /platby/aohwuyx/bliss-cosmetics-kosovo HTTP/1.1" 200 13524 "-" "Mozilla/5.0 (compatible; SemrushBot/7~bl; +http://www.semrush.com/bot.html)"
147.185.132.22 - - [25/Nov/2025:12:01:05 +0100] "GET / HTTP/1.1" 200 517 "-" "Hello from Palo Alto Networks, find out more about our scans in https://docs-cortex.paloaltonetworks.com/r/1/Cortex-Xpanse/Scanning-activity"
185.191.171.19 - - [25/Nov/2025:12:01:05 +0100] "GET /platby/uwoy9/duke-basketball-roster-2018 HTTP/1.1" 200 10489 "-" "Mozilla/5.0 (compatible; SemrushBot/7~bl; +http://www.semrush.com/bot.html)"
185.191.171.10 - - [25/Nov/2025:12:01:28 +0100] "GET /platby/72zbxoz/how-does-the-nfl-draft-work-salary HTTP/1.1" 200 7453 "-" "Mozilla/5.0 (compatible; SemrushBot/7~bl; +http://www.semrush.com/bot.html)"
85.208.96.203 - - [25/Nov/2025:12:01:29 +0100] "GET /platby/qqap/university-of-kentucky-dorm-rules-2020 HTTP/1.1" 200 13867 "-" "Mozilla/5.0 (compatible; SemrushBot/7~bl; +http://www.semrush.com/bot.html)"
85.208.96.207 - - [25/Nov/2025:12:01:31 +0100] "GET /platby/uwoy9/providence-women's-hockey-coaches HTTP/1.1" 200 9650 "-" "Mozilla/5.0 (compatible; SemrushBot/7~bl; +http://www.semrush.com/bot.html)"
185.191.171.17 - - [25/Nov/2025:12:01:46 +0100] "GET /platby/qqap/hood-college-graduation HTTP/1.1" 200 10445 "-" "Mozilla/5.0 (compatible; SemrushBot/7~bl; +http://www.semrush.com/bot.html)"
185.191.171.6 - - [25/Nov/2025:12:02:12 +0100] "GET /platby/aohwuyx/indigenous-statistics-canada HTTP/1.1" 200 7786 "-" "Mozilla/5.0 (compatible; SemrushBot/7~bl; +http://www.semrush.com/bot.html)"
185.191.171.6 - - [25/Nov/2025:12:02:45 +0100] "GET /platby/uwoy9/powershell-scripting-tutorial-pdf HTTP/1.1" 200 12461 "-" "Mozilla/5.0 (compatible; SemrushBot/7~bl; +http://www.semrush.com/bot.html)"
85.208.96.207 - - [25/Nov/2025:12:02:46 +0100] "GET /platby/hca/spacex-south-texas-launch-site-map HTTP/1.1" 200 6043 "-" "Mozilla/5.0 (compatible; SemrushBot/7~bl; +http://www.semrush.com/bot.html)"
185.191.171.4 - - [25/Nov/2025:12:03:04 +0100] "GET /platby/aohwuyx/editing-video-to-look-like-film HTTP/1.1" 200 14675 "-" "Mozilla/5.0 (compatible; SemrushBot/7~bl; +http://www.semrush.com/bot.html)"
185.191.171.15 - - [25/Nov/2025:12:03:49 +0100] "GET /platby/aohwuyx/what-were-leg-calipers-used-for HTTP/1.1" 200 11097 "-" "Mozilla/5.0 (compatible; SemrushBot/7~bl; +http://www.semrush.com/bot.html)"
172.69.151.146 - - [25/Nov/2025:12:03:52 +0100] "\x16\x03\x01\x02" 403 265 "-" "-"
85.208.96.199 - - [25/Nov/2025:12:04:04 +0100] "GET /platby/uwoy9/self-catering-apartments-in-falmouth,-cornwall HTTP/1.1" 200 12380 "-" "Mozilla/5.0 (compatible; SemrushBot/7~bl; +http://www.semrush.com/bot.html)"
85.208.96.210 - - [25/Nov/2025:12:04:06 +0100] "GET /platby/qqap/youngest-england-football-player-2021 HTTP/1.1" 200 12005 "-" "Mozilla/5.0 (compatible; SemrushBot/7~bl; +http://www.semrush.com/bot.html)"
85.208.96.209 - - [25/Nov/2025:12:04:20 +0100] "GET /platby/hca/where-to-tailgate-at-carolina-panthers-game HTTP/1.1" 200 8369 "-" "Mozilla/5.0 (compatible; SemrushBot/7~bl; +http://www.semrush.com/bot.html)"
85.208.96.197 - - [25/Nov/2025:12:05:03 +0100] "GET /platby/hca/pavel-naret-promphaopun-nationality HTTP/1.1" 200 7929 "-" "Mozilla/5.0 (compatible; SemrushBot/7~bl; +http://www.semrush.com/bot.html)"
62.164.177.254 - - [25/Nov/2025:12:05:30 +0100] "GET /" 400 468 "-" "-"
85.208.96.193 - - [25/Nov/2025:12:05:45 +0100] "GET /platby/uwoy9/dutch-organized-crime HTTP/1.1" 200 13058 "-" "Mozilla/5.0 (compatible; SemrushBot/7~bl; +http://www.semrush.com/bot.html)"
85.208.96.205 - - [25/Nov/2025:12:05:53 +0100] "GET /platby/hca/elizabeth-line-travel-times HTTP/1.1" 200 6252 "-" "Mozilla/5.0 (compatible; SemrushBot/7~bl; +http://www.semrush.com/bot.html)"
185.191.171.6 - - [25/Nov/2025:12:05:59 +0100] "GET /platby/qqap/justin-simmons-obituary-brandon-ms HTTP/1.1" 200 12167 "-" "Mozilla/5.0 (compatible; SemrushBot/7~bl; +http://www.semrush.com/bot.html)"
185.191.171.7 - - [25/Nov/2025:12:06:17 +0100] "GET /platby/72zbxoz/strong-feeling-synonym HTTP/1.1" 200 13289 "-" "Mozilla/5.0 (compatible; SemrushBot/7~bl; +http://www.semrush.com/bot.html)"
85.208.96.203 - - [25/Nov/2025:12:06:37 +0100] "GET /platby/qqap/stephanie-chains-of-love HTTP/1.1" 200 11931 "-" "Mozilla/5.0 (compatible; SemrushBot/7~bl; +http://www.semrush.com/bot.html)"
185.191.171.11 - - [25/Nov/2025:12:06:46 +0100] "GET /platby/aohwuyx/mark-schwarzer-transfermarkt HTTP/1.1" 200 8480 "-" "Mozilla/5.0 (compatible; SemrushBot/7~bl; +http://www.semrush.com/bot.html)"
85.208.96.197 - - [25/Nov/2025:12:06:58 +0100] "GET /platby/qqap/emirates-mars-mission-launch-date HTTP/1.1" 200 9334 "-" "Mozilla/5.0 (compatible; SemrushBot/7~bl; +http://www.semrush.com/bot.html)"
85.208.96.194 - - [25/Nov/2025:12:07:10 +0100] "GET /platby/72zbxoz/i-want-to-hold-your-hand-by-the-beatles HTTP/1.1" 200 12551 "-" "Mozilla/5.0 (compatible; SemrushBot/7~bl; +http://www.semrush.com/bot.html)"
85.208.96.205 - - [25/Nov/2025:12:07:42 +0100] "GET /platby/uwoy9/airtel-message-center-number-uganda HTTP/1.1" 200 13489 "-" "Mozilla/5.0 (compatible; SemrushBot/7~bl; +http://www.semrush.com/bot.html)"
85.208.96.200 - - [25/Nov/2025:12:08:12 +0100] "GET /platby/hca/netherlands-vs-austria-2021 HTTP/1.1" 200 7809 "-" "Mozilla/5.0 (compatible; SemrushBot/7~bl; +http://www.semrush.com/bot.html)"
85.208.96.204 - - [25/Nov/2025:12:08:34 +0100] "GET /platby/72zbxoz/the-truth-singapore-drama HTTP/1.1" 200 7915 "-" "Mozilla/5.0 (compatible; SemrushBot/7~bl; +http://www.semrush.com/bot.html)"
185.191.171.6 - - [25/Nov/2025:12:08:38 +0100] "GET /platby/hca/raytheon-technologies-subsidiaries HTTP/1.1" 200 8849 "-" "Mozilla/5.0 (compatible; SemrushBot/7~bl; +http://www.semrush.com/bot.html)"
85.208.96.204 - - [25/Nov/2025:12:09:12 +0100] "GET /platby/hca/husson-university-human-resources HTTP/1.1" 200 8204 "-" "Mozilla/5.0 (compatible; SemrushBot/7~bl; +http://www.semrush.com/bot.html)"
51.77.213.114 - - [25/Nov/2025:12:09:37 +0100] "GET /platby/uwoy9/the-moody-blues-have-you-heard-part-two HTTP/1.1" 200 12124 "http://ispc.klape.eu/" "Mozilla/5.0 (Windows NT 10.0; Win64; x64) AppleWebKit/537.36 (KHTML, like Gecko) Chrome/114.0.0.0 Safari/537.36"
85.208.96.196 - - [25/Nov/2025:12:09:37 +0100] "GET /platby/aohwuyx/nassau-football-scores HTTP/1.1" 200 13345 "-" "Mozilla/5.0 (compatible; SemrushBot/7~bl; +http://www.semrush.com/bot.html)"
85.208.96.204 - - [25/Nov/2025:12:09:38 +0100] "GET /platby/aohwuyx/diversity,-equity-and-inclusion-training-ideas HTTP/1.1" 200 11599 "-" "Mozilla/5.0 (compatible; SemrushBot/7~bl; +http://www.semrush.com/bot.html)"
85.208.96.205 - - [25/Nov/2025:12:09:44 +0100] "GET /platby/hca/john-jenkins-olympics HTTP/1.1" 200 9779 "-" "Mozilla/5.0 (compatible; SemrushBot/7~bl; +http://www.semrush.com/bot.html)"
185.191.171.1 - - [25/Nov/2025:12:09:53 +0100] "GET /platby/aohwuyx/charleston-southern-basketball-roster HTTP/1.1" 200 10193 "-" "Mozilla/5.0 (compatible; SemrushBot/7~bl; +http://www.semrush.com/bot.html)"
85.208.96.203 - - [25/Nov/2025:12:10:14 +0100] "GET /platby/qqap/hannah-reid-wedding-london-grammar HTTP/1.1" 200 10424 "-" "Mozilla/5.0 (compatible; SemrushBot/7~bl; +http://www.semrush.com/bot.html)"
85.208.96.206 - - [25/Nov/2025:12:10:21 +0100] "GET /platby/aohwuyx/best-romance-webtoons-2020 HTTP/1.1" 200 8320 "-" "Mozilla/5.0 (compatible; SemrushBot/7~bl; +http://www.semrush.com/bot.html)"
185.191.171.12 - - [25/Nov/2025:12:10:32 +0100] "GET /platby/qqap/small-luxury-hotels-of-the-world HTTP/1.1" 200 11096 "-" "Mozilla/5.0 (compatible; SemrushBot/7~bl; +http://www.semrush.com/bot.html)"
85.208.96.210 - - [25/Nov/2025:12:11:00 +0100] "GET /platby/aohwuyx/carlos-edwards-bury-town HTTP/1.1" 200 12122 "-" "Mozilla/5.0 (compatible; SemrushBot/7~bl; +http://www.semrush.com/bot.html)"
185.191.171.12 - - [25/Nov/2025:12:11:11 +0100] "GET /platby/aohwuyx/kennebunkport-resorts HTTP/1.1" 200 14106 "-" "Mozilla/5.0 (compatible; SemrushBot/7~bl; +http://www.semrush.com/bot.html)"
85.208.96.211 - - [25/Nov/2025:12:12:00 +0100] "GET /platby/qqap/how-to-install-a-septic-drain-field HTTP/1.1" 200 6445 "-" "Mozilla/5.0 (compatible; SemrushBot/7~bl; +http://www.semrush.com/bot.html)"
85.208.96.197 - - [25/Nov/2025:12:12:20 +0100] "GET /platby/uwoy9/wholesale-jordan-suppliers-in-china HTTP/1.1" 200 12864 "-" "Mozilla/5.0 (compatible; SemrushBot/7~bl; +http://www.semrush.com/bot.html)"
85.208.96.206 - - [25/Nov/2025:12:12:22 +0100] "GET /platby/qqap/funny-videos-of-job-interviews HTTP/1.1" 200 8859 "-" "Mozilla/5.0 (compatible; SemrushBot/7~bl; +http://www.semrush.com/bot.html)"
85.208.96.197 - - [25/Nov/2025:12:12:26 +0100] "GET /platby/uwoy9/why-is-little-rock-so-dangerous HTTP/1.1" 200 12683 "-" "Mozilla/5.0 (compatible; SemrushBot/7~bl; +http://www.semrush.com/bot.html)"
85.208.96.202 - - [25/Nov/2025:12:12:27 +0100] "GET /platby/uwoy9/super-lemon-haze-seeds HTTP/1.1" 200 9407 "-" "Mozilla/5.0 (compatible; SemrushBot/7~bl; +http://www.semrush.com/bot.html)"
85.208.96.194 - - [25/Nov/2025:12:13:08 +0100] "GET /platby/hca/6th-grade-science-lesson-plans-pdf HTTP/1.1" 200 6609 "-" "Mozilla/5.0 (compatible; SemrushBot/7~bl; +http://www.semrush.com/bot.html)"
85.208.96.211 - - [25/Nov/2025:12:13:17 +0100] "GET /platby/uwoy9/sly-and-the-family-stone-higher-discogs HTTP/1.1" 200 11499 "-" "Mozilla/5.0 (compatible; SemrushBot/7~bl; +http://www.semrush.com/bot.html)"
185.191.171.11 - - [25/Nov/2025:12:13:41 +0100] "GET /platby/hca/hydra-asexual-reproduction HTTP/1.1" 200 7185 "-" "Mozilla/5.0 (compatible; SemrushBot/7~bl; +http://www.semrush.com/bot.html)"
185.191.171.2 - - [25/Nov/2025:12:13:48 +0100] "GET /platby/aohwuyx/10-principles-of-management HTTP/1.1" 200 11294 "-" "Mozilla/5.0 (compatible; SemrushBot/7~bl; +http://www.semrush.com/bot.html)"
185.191.171.18 - - [25/Nov/2025:12:14:01 +0100] "GET /platby/aohwuyx/cemetery-pronunciation HTTP/1.1" 200 12241 "-" "Mozilla/5.0 (compatible; SemrushBot/7~bl; +http://www.semrush.com/bot.html)"
185.191.171.5 - - [25/Nov/2025:12:14:23 +0100] "GET /platby/qqap/best-right-footed-players-2020 HTTP/1.1" 200 13140 "-" "Mozilla/5.0 (compatible; SemrushBot/7~bl; +http://www.semrush.com/bot.html)"
185.191.171.13 - - [25/Nov/2025:12:14:27 +0100] "GET /platby/hca/madea's-family-reunion-script HTTP/1.1" 200 9078 "-" "Mozilla/5.0 (compatible; SemrushBot/7~bl; +http://www.semrush.com/bot.html)"
85.208.96.205 - - [25/Nov/2025:12:14:29 +0100] "GET /platby/aohwuyx/seven-nation-army-guitar HTTP/1.1" 200 10881 "-" "Mozilla/5.0 (compatible; SemrushBot/7~bl; +http://www.semrush.com/bot.html)"
185.191.171.3 - - [25/Nov/2025:12:14:52 +0100] "GET /platby/aohwuyx/bates-college-athletics-staff-directory HTTP/1.1" 200 14252 "-" "Mozilla/5.0 (compatible; SemrushBot/7~bl; +http://www.semrush.com/bot.html)"
185.242.226.118 - - [25/Nov/2025:12:15:04 +0100] "\x16\x03\x01" 403 265 "-" "-"
85.208.96.194 - - [25/Nov/2025:12:15:07 +0100] "GET /platby/uwoy9/packers-running-backs HTTP/1.1" 200 8751 "-" "Mozilla/5.0 (compatible; SemrushBot/7~bl; +http://www.semrush.com/bot.html)"
185.191.171.18 - - [25/Nov/2025:12:15:26 +0100] "GET /platby/aohwuyx/barriers-to-entry-monopoly HTTP/1.1" 200 11751 "-" "Mozilla/5.0 (compatible; SemrushBot/7~bl; +http://www.semrush.com/bot.html)"
185.191.171.15 - - [25/Nov/2025:12:16:08 +0100] "GET /platby/72zbxoz/enr-top-600-specialty-contractors-2019-pdf HTTP/1.1" 200 12441 "-" "Mozilla/5.0 (compatible; SemrushBot/7~bl; +http://www.semrush.com/bot.html)"
185.191.171.5 - - [25/Nov/2025:12:16:10 +0100] "GET /platby/qqap/individual-development-plan-examples-for-analyst HTTP/1.1" 200 12046 "-" "Mozilla/5.0 (compatible; SemrushBot/7~bl; +http://www.semrush.com/bot.html)"
85.208.96.194 - - [25/Nov/2025:12:16:12 +0100] "GET /platby/hca/maurice-benard-daughter-wedding HTTP/1.1" 200 9523 "-" "Mozilla/5.0 (compatible; SemrushBot/7~bl; +http://www.semrush.com/bot.html)"
204.76.203.206 - - [25/Nov/2025:12:16:34 +0100] "GET /" 400 468 "-" "-"
185.191.171.2 - - [25/Nov/2025:12:16:38 +0100] "GET /platby/uwoy9/dave-bank-routing-number HTTP/1.1" 200 10268 "-" "Mozilla/5.0 (compatible; SemrushBot/7~bl; +http://www.semrush.com/bot.html)"
85.208.96.210 - - [25/Nov/2025:12:17:20 +0100] "GET /platby/72zbxoz/just-keep-livin-sticker HTTP/1.1" 200 13998 "-" "Mozilla/5.0 (compatible; SemrushBot/7~bl; +http://www.semrush.com/bot.html)"
85.208.96.210 - - [25/Nov/2025:12:17:22 +0100] "GET /platby/hca/southside-elementary-staff-directory HTTP/1.1" 200 8987 "-" "Mozilla/5.0 (compatible; SemrushBot/7~bl; +http://www.semrush.com/bot.html)"
85.208.96.197 - - [25/Nov/2025:12:17:49 +0100] "GET /platby/72zbxoz/dr-livingstone,-i-presume-game HTTP/1.1" 200 12517 "-" "Mozilla/5.0 (compatible; SemrushBot/7~bl; +http://www.semrush.com/bot.html)"
85.208.96.208 - - [25/Nov/2025:12:18:01 +0100] "GET /platby/qqap/frank-schwindel-las-vegas-aviators HTTP/1.1" 200 9913 "-" "Mozilla/5.0 (compatible; SemrushBot/7~bl; +http://www.semrush.com/bot.html)"
85.208.96.194 - - [25/Nov/2025:12:18:11 +0100] "GET /platby/hca/hourly-salary-calculator-quebec HTTP/1.1" 200 9266 "-" "Mozilla/5.0 (compatible; SemrushBot/7~bl; +http://www.semrush.com/bot.html)"
195.178.110.199 - - [25/Nov/2025:12:18:14 +0100] "\x16\x03\x01\x05\xc3\x01" 403 265 "-" "-"
195.178.110.199 - - [25/Nov/2025:12:18:16 +0100] "\x16\x03\x01\x05\xc3\x01" 403 265 "-" "-"
204.76.203.206 - - [25/Nov/2025:12:18:29 +0100] "GET / HTTP/1.1" 200 316 "-" "Mozilla/5.0 (Windows NT 10.0; Win64; x64) AppleWebKit/537.36 (KHTML, like Gecko) Chrome/90.0.4430.85 Safari/537.36 Edg/90.0.818.46"
85.208.96.202 - - [25/Nov/2025:12:18:32 +0100] "GET /platby/aohwuyx/weber-state-basketball-stadium HTTP/1.1" 200 13448 "-" "Mozilla/5.0 (compatible; SemrushBot/7~bl; +http://www.semrush.com/bot.html)"
185.191.171.18 - - [25/Nov/2025:12:18:52 +0100] "GET /platby/hca/nokia-new-mobile-launch-2021 HTTP/1.1" 200 5781 "-" "Mozilla/5.0 (compatible; SemrushBot/7~bl; +http://www.semrush.com/bot.html)"
185.191.171.10 - - [25/Nov/2025:12:19:12 +0100] "GET /platby/hca/shapes-of-things-clothing HTTP/1.1" 200 14288 "-" "Mozilla/5.0 (compatible; SemrushBot/7~bl; +http://www.semrush.com/bot.html)"
20.64.105.244 - - [25/Nov/2025:12:19:27 +0100] "GET / HTTP/1.1" 200 316 "-" "Mozilla/5.0 zgrab/0.x"
20.64.105.244 - - [25/Nov/2025:12:19:27 +0100] "MGLNDD_109.105.49.240_8081" 501 293 "-" "-"
185.191.171.14 - - [25/Nov/2025:12:19:28 +0100] "GET /platby/aohwuyx/michigan-basketball-live-stats HTTP/1.1" 200 10329 "-" "Mozilla/5.0 (compatible; SemrushBot/7~bl; +http://www.semrush.com/bot.html)"
85.208.96.201 - - [25/Nov/2025:12:19:49 +0100] "GET /platby/aohwuyx/project64-netplay-virus HTTP/1.1" 200 12077 "-" "Mozilla/5.0 (compatible; SemrushBot/7~bl; +http://www.semrush.com/bot.html)"
