185.191.171.11 - - [25/Nov/2025:19:20:04 +0100] "GET /platby/qqap/where-is-judge-julius-hoffman-buried HTTP/1.1" 200 10487 "-" "Mozilla/5.0 (compatible; SemrushBot/7~bl; +http://www.semrush.com/bot.html)"
185.191.171.2 - - [25/Nov/2025:19:20:06 +0100] "GET /platby/aohwuyx/omaha-crime-stoppers-most-wanted HTTP/1.1" 200 11387 "-" "Mozilla/5.0 (compatible; SemrushBot/7~bl; +http://www.semrush.com/bot.html)"
185.191.171.4 - - [25/Nov/2025:19:20:30 +0100] "GET /platby/aohwuyx/how-much-does-it-cost-to-rent-a-cello HTTP/1.1" 200 8647 "-" "Mozilla/5.0 (compatible; SemrushBot/7~bl; +http://www.semrush.com/bot.html)"
185.191.171.18 - - [25/Nov/2025:19:20:45 +0100] "GET /platby/uwoy9/did-valerie-thomas-have-any-siblings HTTP/1.1" 200 12410 "-" "Mozilla/5.0 (compatible; SemrushBot/7~bl; +http://www.semrush.com/bot.html)"
66.249.79.135 - - [25/Nov/2025:19:20:55 +0100] "\x16\x03\x01\x02" 403 265 "-" "-"
185.191.171.14 - - [25/Nov/2025:19:21:11 +0100] "GET /platby/72zbxoz/buff-sussex-chickens-for-sale HTTP/1.1" 200 9943 "-" "Mozilla/5.0 (compatible; SemrushBot/7~bl; +http://www.semrush.com/bot.html)"
93.177.94.54 - - [25/Nov/2025:19:21:41 +0100] "\x16\x03\x03\x01,\x01" 403 265 "-" "-"
93.177.94.54 - - [25/Nov/2025:19:21:42 +0100] "\x16\x03\x03\x01,\x01" 403 265 "-" "-"
93.177.94.54 - - [25/Nov/2025:19:21:43 +0100] "\x16\x03\x03\x01,\x01" 403 265 "-" "-"
93.177.94.54 - - [25/Nov/2025:19:21:44 +0100] "\x16\x03\x03\x01,\x01" 403 265 "-" "-"
93.177.94.54 - - [25/Nov/2025:19:21:45 +0100] "\x16\x03\x03\x01,\x01" 403 265 "-" "-"
85.208.96.206 - - [25/Nov/2025:19:22:17 +0100] "GET /platby/aohwuyx/all-iowa-attack-tryouts-2021 HTTP/1.1" 200 9367 "-" "Mozilla/5.0 (compatible; SemrushBot/7~bl; +http://www.semrush.com/bot.html)"
205.210.31.59 - - [25/Nov/2025:19:22:54 +0100] "\x16\x03\x01\x01\x06\x01" 403 265 "-" "-"
205.210.31.59 - - [25/Nov/2025:19:22:54 +0100] "\x16\x03\x01" 403 265 "-" "-"
85.208.96.204 - - [25/Nov/2025:19:23:06 +0100] "GET /platby/qqap/the-seven-principles-of-the-constitution HTTP/1.1" 200 7568 "-" "Mozilla/5.0 (compatible; SemrushBot/7~bl; +http://www.semrush.com/bot.html)"
85.208.96.205 - - [25/Nov/2025:19:23:52 +0100] "GET /platby/uwoy9/jordan-oreo-5-release-date HTTP/1.1" 200 9743 "-" "Mozilla/5.0 (compatible; SemrushBot/7~bl; +http://www.semrush.com/bot.html)"
204.76.203.206 - - [25/Nov/2025:19:24:08 +0100] "GET /" 400 468 "-" "-"
185.191.171.9 - - [25/Nov/2025:19:24:13 +0100] "GET /platby/uwoy9/aquinas-institute-football HTTP/1.1" 200 12529 "-" "Mozilla/5.0 (compatible; SemrushBot/7~bl; +http://www.semrush.com/bot.html)"
85.208.96.204 - - [25/Nov/2025:19:24:22 +0100] "GET /platby/aohwuyx/georgia-institute-of-technology HTTP/1.1" 200 12056 "-" "Mozilla/5.0 (compatible; SemrushBot/7~bl; +http://www.semrush.com/bot.html)"
204.76.203.206 - - [25/Nov/2025:19:26:28 +0100] "GET / HTTP/1.1" 200 316 "-" "Mozilla/5.0 (Windows NT 10.0; Win64; x64) AppleWebKit/537.36 (KHTML, like Gecko) Chrome/90.0.4430.85 Safari/537.36 Edg/90.0.818.46"
185.191.171.5 - - [25/Nov/2025:19:27:24 +0100] "GET /platby/qqap/current-diversity-issues-2021 HTTP/1.1" 200 13278 "-" "Mozilla/5.0 (compatible; SemrushBot/7~bl; +http://www.semrush.com/bot.html)"
85.208.96.200 - - [25/Nov/2025:19:27:54 +0100] "GET /platby/hca/marchese-ford-mechanicville HTTP/1.1" 200 8921 "-" "Mozilla/5.0 (compatible; SemrushBot/7~bl; +http://www.semrush.com/bot.html)"
85.208.96.210 - - [25/Nov/2025:19:28:12 +0100] "GET /platby/qqap/vrije-universiteit-amsterdam-vs-university-of-amsterdam HTTP/1.1" 200 6893 "-" "Mozilla/5.0 (compatible; SemrushBot/7~bl; +http://www.semrush.com/bot.html)"
85.208.96.198 - - [25/Nov/2025:19:28:41 +0100] "GET /platby/qqap/floppy-disk-code-cold-war-password HTTP/1.1" 200 10204 "-" "Mozilla/5.0 (compatible; SemrushBot/7~bl; +http://www.semrush.com/bot.html)"
85.208.96.210 - - [25/Nov/2025:19:28:51 +0100] "GET /platby/72zbxoz/photography-classes-college HTTP/1.1" 200 10135 "-" "Mozilla/5.0 (compatible; SemrushBot/7~bl; +http://www.semrush.com/bot.html)"
85.208.96.198 - - [25/Nov/2025:19:29:28 +0100] "GET /platby/aohwuyx/john-oliver-israel-response HTTP/1.1" 200 11273 "-" "Mozilla/5.0 (compatible; SemrushBot/7~bl; +http://www.semrush.com/bot.html)"
204.76.203.212 - - [25/Nov/2025:19:29:37 +0100] "GET /" 400 468 "-" "-"
149.50.97.212 - - [25/Nov/2025:19:30:41 +0100] "\x16\x03\x01\x01\t\x01" 400 289 "-" "-"
85.208.96.212 - - [25/Nov/2025:19:31:23 +0100] "GET /platby/72zbxoz/matt-thomas-college-stats HTTP/1.1" 200 9939 "-" "Mozilla/5.0 (compatible; SemrushBot/7~bl; +http://www.semrush.com/bot.html)"
103.211.53.105 - - [25/Nov/2025:19:31:33 +0100] "\x16\x03\x01\x01\xb2\x01" 403 265 "-" "-"
103.211.53.105 - - [25/Nov/2025:19:31:33 +0100] "\x16\x03\x03" 403 265 "-" "-"
85.208.96.203 - - [25/Nov/2025:19:32:18 +0100] "GET /platby/hca/hawthorn-side-effects HTTP/1.1" 200 6310 "-" "Mozilla/5.0 (compatible; SemrushBot/7~bl; +http://www.semrush.com/bot.html)"
185.191.171.6 - - [25/Nov/2025:19:32:51 +0100] "GET /platby/uwoy9/916-gold-bracelet-singapore HTTP/1.1" 200 9355 "-" "Mozilla/5.0 (compatible; SemrushBot/7~bl; +http://www.semrush.com/bot.html)"
185.191.171.3 - - [25/Nov/2025:19:32:53 +0100] "GET /platby/hca/woodland-phlox-companion-plants HTTP/1.1" 200 12183 "-" "Mozilla/5.0 (compatible; SemrushBot/7~bl; +http://www.semrush.com/bot.html)"
185.191.171.6 - - [25/Nov/2025:19:33:00 +0100] "GET /platby/qqap/wherever-you-go,-go-with-all-your-heart-origin HTTP/1.1" 200 6661 "-" "Mozilla/5.0 (compatible; SemrushBot/7~bl; +http://www.semrush.com/bot.html)"
185.191.171.16 - - [25/Nov/2025:19:33:31 +0100] "GET /platby/uwoy9/huawei-matebook-d15-fingerprint-not-working HTTP/1.1" 200 13073 "-" "Mozilla/5.0 (compatible; SemrushBot/7~bl; +http://www.semrush.com/bot.html)"
206.168.34.192 - - [25/Nov/2025:19:34:37 +0100] "GET /" 400 468 "-" "-"
1.192.192.8 - - [25/Nov/2025:19:34:41 +0100] "\x16\x03\x01\x010\x01" 403 265 "-" "-"
1.192.192.4 - - [25/Nov/2025:19:34:41 +0100] "GET / HTTP/1.1" 403 268 "-" "Mozilla/5.0 (Macintosh; Intel Mac OS X 10_15_7) AppleWebKit/537.36 (KHTML, like Gecko) Chrome/120.0.0.0 Safari/537.36 Edg/120.0.0.0"
1.192.192.6 - - [25/Nov/2025:19:34:45 +0100] "GET /favicon.ico HTTP/1.1" 403 230 "-" "Mozilla/5.0 (Macintosh; Intel Mac OS X 10_7_0) AppleWebKit/535.11 (KHTML, like Gecko) Chrome/17.0.963.56 Safari/535.11"
1.192.192.4 - - [25/Nov/2025:19:34:48 +0100] "GET /robots.txt HTTP/1.1" 403 230 "-" "Mozilla/5.0 (Macintosh; Intel Mac OS X 10_7_0) AppleWebKit/535.11 (KHTML, like Gecko) Chrome/17.0.963.56 Safari/535.11"
1.192.192.6 - - [25/Nov/2025:19:34:50 +0100] "GET /sitemap.xml HTTP/1.1" 403 231 "-" "Mozilla/5.0 (Macintosh; Intel Mac OS X 10_7_0) AppleWebKit/535.11 (KHTML, like Gecko) Chrome/17.0.963.56 Safari/535.11"
188.165.245.95 - - [25/Nov/2025:19:34:50 +0100] "\x16\x03\x01\x01\x06\x01" 403 265 "-" "-"
37.19.205.214 - - [25/Nov/2025:19:35:20 +0100] "\x16\x03\x03" 403 265 "-" "-"
85.208.96.194 - - [25/Nov/2025:19:35:27 +0100] "GET /platby/qqap/how-to-sleep-when-you-miss-your-boyfriend HTTP/1.1" 200 14465 "-" "Mozilla/5.0 (compatible; SemrushBot/7~bl; +http://www.semrush.com/bot.html)"
85.208.96.195 - - [25/Nov/2025:19:35:29 +0100] "GET /platby/hca/bronco-badlands-goat-modes HTTP/1.1" 200 9990 "-" "Mozilla/5.0 (compatible; SemrushBot/7~bl; +http://www.semrush.com/bot.html)"
199.45.154.155 - - [25/Nov/2025:19:36:12 +0100] "\x16\x03\x01" 403 265 "-" "-"
199.45.154.155 - - [25/Nov/2025:19:36:12 +0100] "GET / HTTP/1.1" 403 224 "-" "Mozilla/5.0 (compatible; CensysInspect/1.1; +https://about.censys.io/)"
199.45.154.155 - - [25/Nov/2025:19:36:12 +0100] "PRI * HTTP/2.0" 400 289 "-" "-"
199.45.154.155 - - [25/Nov/2025:19:36:20 +0100] "\x16\x03\x01" 403 265 "-" "-"
199.45.154.155 - - [25/Nov/2025:19:36:21 +0100] "GET /wiki HTTP/1.1" 403 228 "-" "Mozilla/5.0 (compatible; CensysInspect/1.1; +https://about.censys.io/)"
185.191.171.17 - - [25/Nov/2025:19:36:31 +0100] "GET /platby/qqap/ion-thruster-space-engineers HTTP/1.1" 200 11554 "-" "Mozilla/5.0 (compatible; SemrushBot/7~bl; +http://www.semrush.com/bot.html)"
205.210.31.47 - - [25/Nov/2025:19:36:43 +0100] "GET /" 400 468 "-" "-"
85.208.96.199 - - [25/Nov/2025:19:36:44 +0100] "GET /platby/hca/moto-g8-power-screen-replacement HTTP/1.1" 200 12825 "-" "Mozilla/5.0 (compatible; SemrushBot/7~bl; +http://www.semrush.com/bot.html)"
185.191.171.4 - - [25/Nov/2025:19:37:01 +0100] "GET /platby/aohwuyx/female-undercut-short-hair HTTP/1.1" 200 10951 "-" "Mozilla/5.0 (compatible; SemrushBot/7~bl; +http://www.semrush.com/bot.html)"
185.191.171.4 - - [25/Nov/2025:19:37:12 +0100] "GET /platby/qqap/how-many-rings-does-tyson-chandler-have HTTP/1.1" 200 12739 "-" "Mozilla/5.0 (compatible; SemrushBot/7~bl; +http://www.semrush.com/bot.html)"
185.191.171.14 - - [25/Nov/2025:19:37:27 +0100] "GET /platby/uwoy9/women's-accessories-wholesale HTTP/1.1" 200 9497 "-" "Mozilla/5.0 (compatible; SemrushBot/7~bl; +http://www.semrush.com/bot.html)"
159.223.40.8 - - [25/Nov/2025:19:39:05 +0100] "\x16\x03\x01\x02" 403 265 "-" "-"
85.208.96.195 - - [25/Nov/2025:19:39:30 +0100] "GET /platby/72zbxoz/moog-k5103-ball-joint HTTP/1.1" 200 12456 "-" "Mozilla/5.0 (compatible; SemrushBot/7~bl; +http://www.semrush.com/bot.html)"
147.185.132.91 - - [25/Nov/2025:19:39:35 +0100] "GET / HTTP/1.1" 200 530 "-" "Hello from Palo Alto Networks, find out more about our scans in https://docs-cortex.paloaltonetworks.com/r/1/Cortex-Xpanse/Scanning-activity"
85.208.96.210 - - [25/Nov/2025:19:40:29 +0100] "GET /platby/qqap/taylor-swift-font-evermore HTTP/1.1" 200 7278 "-" "Mozilla/5.0 (compatible; SemrushBot/7~bl; +http://www.semrush.com/bot.html)"
85.208.96.195 - - [25/Nov/2025:19:41:30 +0100] "GET /platby/72zbxoz/can-you-be-a-substitute-teacher-with-a-dui HTTP/1.1" 200 8072 "-" "Mozilla/5.0 (compatible; SemrushBot/7~bl; +http://www.semrush.com/bot.html)"
85.208.96.210 - - [25/Nov/2025:19:41:39 +0100] "GET /platby/uwoy9/american-green-tree-frog-size HTTP/1.1" 200 7997 "-" "Mozilla/5.0 (compatible; SemrushBot/7~bl; +http://www.semrush.com/bot.html)"
159.223.40.8 - - [25/Nov/2025:19:42:11 +0100] "\x16\x03\x01\x02" 403 265 "-" "-"
83.142.209.224 - - [25/Nov/2025:19:42:33 +0100] "GET /" 400 468 "-" "-"
185.191.171.6 - - [25/Nov/2025:19:42:47 +0100] "GET /platby/qqap/long-tootsie-roll-calories HTTP/1.1" 200 7363 "-" "Mozilla/5.0 (compatible; SemrushBot/7~bl; +http://www.semrush.com/bot.html)"
85.208.96.211 - - [25/Nov/2025:19:43:06 +0100] "GET /platby/aohwuyx/mcp-minecraft-source-code HTTP/1.1" 200 13812 "-" "Mozilla/5.0 (compatible; SemrushBot/7~bl; +http://www.semrush.com/bot.html)"
185.191.171.14 - - [25/Nov/2025:19:43:09 +0100] "GET /platby/72zbxoz/countries-with-black-red,-white-and-green-flags HTTP/1.1" 200 13966 "-" "Mozilla/5.0 (compatible; SemrushBot/7~bl; +http://www.semrush.com/bot.html)"
185.191.171.11 - - [25/Nov/2025:19:43:31 +0100] "GET /platby/72zbxoz/neubrow-before-and-after-photos HTTP/1.1" 200 12442 "-" "Mozilla/5.0 (compatible; SemrushBot/7~bl; +http://www.semrush.com/bot.html)"
204.76.203.206 - - [25/Nov/2025:19:43:53 +0100] "GET /" 400 468 "-" "-"
85.208.96.211 - - [25/Nov/2025:19:45:16 +0100] "GET /platby/hca/teacher-falsely-accused-sues HTTP/1.1" 200 6517 "-" "Mozilla/5.0 (compatible; SemrushBot/7~bl; +http://www.semrush.com/bot.html)"
204.76.203.206 - - [25/Nov/2025:19:45:57 +0100] "GET / HTTP/1.1" 200 316 "-" "Mozilla/5.0 (Windows NT 10.0; Win64; x64) AppleWebKit/537.36 (KHTML, like Gecko) Chrome/90.0.4430.85 Safari/537.36 Edg/90.0.818.46"
85.208.96.210 - - [25/Nov/2025:19:45:59 +0100] "GET /platby/aohwuyx/how-to-spot-fake-jordan-11-concord HTTP/1.1" 200 13077 "-" "Mozilla/5.0 (compatible; SemrushBot/7~bl; +http://www.semrush.com/bot.html)"
85.208.96.210 - - [25/Nov/2025:19:46:53 +0100] "GET /platby/aohwuyx/arcade1up-galaga-countercade-mod HTTP/1.1" 200 13739 "-" "Mozilla/5.0 (compatible; SemrushBot/7~bl; +http://www.semrush.com/bot.html)"
85.208.96.210 - - [25/Nov/2025:19:47:10 +0100] "GET /platby/qqap/dhanush-happy-birthday HTTP/1.1" 200 10395 "-" "Mozilla/5.0 (compatible; SemrushBot/7~bl; +http://www.semrush.com/bot.html)"
85.208.96.211 - - [25/Nov/2025:19:47:42 +0100] "GET /platby/qqap/bentham-utilitarianism HTTP/1.1" 200 10780 "-" "Mozilla/5.0 (compatible; SemrushBot/7~bl; +http://www.semrush.com/bot.html)"
198.235.24.53 - - [25/Nov/2025:19:49:01 +0100] "GET / HTTP/1.1" 200 511 "-" "Hello from Palo Alto Networks, find out more about our scans in https://docs-cortex.paloaltonetworks.com/r/1/Cortex-Xpanse/Scanning-activity"
85.208.96.196 - - [25/Nov/2025:19:49:13 +0100] "GET /platby/uwoy9/real-vs-fake-jordan-1-obsidian HTTP/1.1" 200 12109 "-" "Mozilla/5.0 (compatible; SemrushBot/7~bl; +http://www.semrush.com/bot.html)"
85.208.96.195 - - [25/Nov/2025:19:50:18 +0100] "GET /platby/qqap/walter-payton-college-prep-demographics HTTP/1.1" 200 10461 "-" "Mozilla/5.0 (compatible; SemrushBot/7~bl; +http://www.semrush.com/bot.html)"
85.208.96.204 - - [25/Nov/2025:19:50:33 +0100] "GET /platby/uwoy9/agile-failure-case-study HTTP/1.1" 200 14419 "-" "Mozilla/5.0 (compatible; SemrushBot/7~bl; +http://www.semrush.com/bot.html)"
185.191.171.19 - - [25/Nov/2025:19:50:59 +0100] "GET /platby/uwoy9/iit-kanpur-aerospace-engineering-packages HTTP/1.1" 200 11065 "-" "Mozilla/5.0 (compatible; SemrushBot/7~bl; +http://www.semrush.com/bot.html)"
114.119.140.102 - - [25/Nov/2025:19:51:42 +0100] "GET /platby/article.php?5d4c26=intelsat-20-ku-band-channel-list-2018 HTTP/1.1" 200 6034 "http://ispc.klape.eu/platby/article.php?5d4c26=planning-a-wedding-in-4-months-checklist" "Mozilla/5.0 (Linux; Android 7.0;) AppleWebKit/537.36 (KHTML, like Gecko) Mobile Safari/537.36 (compatible; PetalBot;+https://webmaster.petalsearch.com/site/petalbot)"
185.191.171.13 - - [25/Nov/2025:19:51:43 +0100] "GET /platby/aohwuyx/rutgers-players-on-giants HTTP/1.1" 200 7377 "-" "Mozilla/5.0 (compatible; SemrushBot/7~bl; +http://www.semrush.com/bot.html)"
85.208.96.212 - - [25/Nov/2025:19:53:07 +0100] "GET /platby/hca/rodney-king-police-officers-today HTTP/1.1" 200 9780 "-" "Mozilla/5.0 (compatible; SemrushBot/7~bl; +http://www.semrush.com/bot.html)"
176.65.148.220 - - [25/Nov/2025:19:53:38 +0100] "GET /dispatch.asp HTTP/1.1" 404 230 "-" "Mozilla/5.0 (Windows NT 10.0; Win64; x64) AppleWebKit/537.36 (KHTML, like Gecko) Chrome/90.0.4430.85 Safari/537.36 Edg/90.0.818.46"
185.191.171.6 - - [25/Nov/2025:19:54:36 +0100] "GET /platby/hca/deliciously-ella-every-day HTTP/1.1" 200 8159 "-" "Mozilla/5.0 (compatible; SemrushBot/7~bl; +http://www.semrush.com/bot.html)"
57.141.4.20 - - [25/Nov/2025:19:55:25 +0100] "GET /platby/hca/brooklyn-tech-soccer-team HTTP/1.1" 200 15484 "-" "meta-externalagent/1.1 (+https://developers.facebook.com/docs/sharing/webmasters/crawler)"
85.208.96.212 - - [25/Nov/2025:19:55:44 +0100] "GET /platby/uwoy9/colorescience-3-in-1-eye-dupe HTTP/1.1" 200 9694 "-" "Mozilla/5.0 (compatible; SemrushBot/7~bl; +http://www.semrush.com/bot.html)"
85.208.96.199 - - [25/Nov/2025:19:56:56 +0100] "GET /platby/uwoy9/in-the-summertime-chords-kinks HTTP/1.1" 200 10077 "-" "Mozilla/5.0 (compatible; SemrushBot/7~bl; +http://www.semrush.com/bot.html)"
185.191.171.13 - - [25/Nov/2025:19:57:27 +0100] "GET /platby/72zbxoz/regis-high-school-graduation-2021 HTTP/1.1" 200 13789 "-" "Mozilla/5.0 (compatible; SemrushBot/7~bl; +http://www.semrush.com/bot.html)"
101.198.0.157 - - [25/Nov/2025:19:58:23 +0100] "\x16\x03\x01\x011\x01" 403 265 "-" "-"
101.198.0.172 - - [25/Nov/2025:19:58:24 +0100] "GET / HTTP/1.1" 403 269 "-" "Mozilla/5.0 (Macintosh; Intel Mac OS X 10_15_7) AppleWebKit/537.36 (KHTML, like Gecko) Chrome/120.0.0.0 Safari/537.36 Edg/120.0.0.0"
101.198.0.183 - - [25/Nov/2025:19:58:27 +0100] "GET /favicon.ico HTTP/1.1" 403 232 "-" "Mozilla/5.0 (Macintosh; Intel Mac OS X 10_7_0) AppleWebKit/535.11 (KHTML, like Gecko) Chrome/17.0.963.56 Safari/535.11"
101.198.0.184 - - [25/Nov/2025:19:58:30 +0100] "GET /robots.txt HTTP/1.1" 403 231 "-" "Mozilla/5.0 (Macintosh; Intel Mac OS X 10_7_0) AppleWebKit/535.11 (KHTML, like Gecko) Chrome/17.0.963.56 Safari/535.11"
101.198.0.142 - - [25/Nov/2025:19:58:32 +0100] "GET /sitemap.xml HTTP/1.1" 403 232 "-" "Mozilla/5.0 (Macintosh; Intel Mac OS X 10_7_0) AppleWebKit/535.11 (KHTML, like Gecko) Chrome/17.0.963.56 Safari/535.11"
85.208.96.196 - - [25/Nov/2025:19:58:56 +0100] "GET /platby/hca/large-antique-shops-near-me HTTP/1.1" 200 7591 "-" "Mozilla/5.0 (compatible; SemrushBot/7~bl; +http://www.semrush.com/bot.html)"
85.208.96.203 - - [25/Nov/2025:19:59:47 +0100] "GET /platby/qqap/how-to-create-a-raw-disk-image-in-linux HTTP/1.1" 200 7969 "-" "Mozilla/5.0 (compatible; SemrushBot/7~bl; +http://www.semrush.com/bot.html)"
161.115.234.18 - - [25/Nov/2025:20:00:02 +0100] "\x16\x03\x01\x02" 403 265 "-" "-"
85.208.96.196 - - [25/Nov/2025:20:00:37 +0100] "GET /robots.txt HTTP/1.1" 200 54 "-" "Mozilla/5.0 (compatible; SemrushBot/7~bl; +http://www.semrush.com/bot.html)"
185.191.171.15 - - [25/Nov/2025:20:00:38 +0100] "GET /platby/72zbxoz/university-of-maryland-transfer-application HTTP/1.1" 200 10429 "-" "Mozilla/5.0 (compatible; SemrushBot/7~bl; +http://www.semrush.com/bot.html)"
85.208.96.206 - - [25/Nov/2025:20:01:50 +0100] "GET /platby/qqap/bituminous-coal-chemical-formula HTTP/1.1" 200 10022 "-" "Mozilla/5.0 (compatible; SemrushBot/7~bl; +http://www.semrush.com/bot.html)"
89.35.130.146 - - [25/Nov/2025:20:02:37 +0100] "\x16\x03\x01" 403 265 "-" "-"
185.191.171.1 - - [25/Nov/2025:20:03:13 +0100] "GET /platby/qqap/statistics-about-emotions HTTP/1.1" 200 8042 "-" "Mozilla/5.0 (compatible; SemrushBot/7~bl; +http://www.semrush.com/bot.html)"
85.208.96.210 - - [25/Nov/2025:20:03:51 +0100] "GET /platby/72zbxoz/phpunit-gitlab-ci-coverage&sa=U&ved=2ahUKEwiNqYutjrb1AhXEjokEHT9rCEY4ChAWegQIABAC&usg=AOvVaw1UGH9JJwMTVvq_z9iUYKWP/how-to-say-sorry-to-teacher-for-mistake HTTP/1.1" 200 10856 "-" "Mozilla/5.0 (compatible; SemrushBot/7~bl; +http://www.semrush.com/bot.html)"
204.76.203.206 - - [25/Nov/2025:20:05:03 +0100] "GET /" 400 468 "-" "-"
35.204.197.107 - - [25/Nov/2025:20:05:53 +0100] "\x16\x03\x01\x02" 403 265 "-" "-"
85.208.96.207 - - [25/Nov/2025:20:05:53 +0100] "GET /platby/hca/operating-system-tools HTTP/1.1" 200 6935 "-" "Mozilla/5.0 (compatible; SemrushBot/7~bl; +http://www.semrush.com/bot.html)"
143.110.238.6 - - [25/Nov/2025:20:06:27 +0100] "\x16\x03\x01\x02" 403 265 "-" "-"
204.76.203.206 - - [25/Nov/2025:20:06:28 +0100] "GET / HTTP/1.1" 200 316 "-" "Mozilla/5.0 (Windows NT 10.0; Win64; x64) AppleWebKit/537.36 (KHTML, like Gecko) Chrome/90.0.4430.85 Safari/537.36 Edg/90.0.818.46"
85.208.96.195 - - [25/Nov/2025:20:07:02 +0100] "GET /platby/qqap/ellen-wilkinson-school-uniform HTTP/1.1" 200 11766 "-" "Mozilla/5.0 (compatible; SemrushBot/7~bl; +http://www.semrush.com/bot.html)"
185.191.171.4 - - [25/Nov/2025:20:07:40 +0100] "GET /platby/aohwuyx/takkarist-mckinley-high-school HTTP/1.1" 200 11297 "-" "Mozilla/5.0 (compatible; SemrushBot/7~bl; +http://www.semrush.com/bot.html)"
5.187.35.21 - - [25/Nov/2025:20:09:05 +0100] "GET /" 400 468 "-" "-"
85.208.96.210 - - [25/Nov/2025:20:09:12 +0100] "GET /platby/hca/retroarch-melonds-save HTTP/1.1" 200 6760 "-" "Mozilla/5.0 (compatible; SemrushBot/7~bl; +http://www.semrush.com/bot.html)"
85.208.96.207 - - [25/Nov/2025:20:09:46 +0100] "GET /platby/aohwuyx/baruch-houses-construction HTTP/1.1" 200 14232 "-" "Mozilla/5.0 (compatible; SemrushBot/7~bl; +http://www.semrush.com/bot.html)"
85.208.96.193 - - [25/Nov/2025:20:11:25 +0100] "GET /platby/qqap/functional-specification-vs-design-specification HTTP/1.1" 200 10007 "-" "Mozilla/5.0 (compatible; SemrushBot/7~bl; +http://www.semrush.com/bot.html)"
198.235.24.235 - - [25/Nov/2025:20:11:31 +0100] "GET /" 400 468 "-" "-"
45.148.10.249 - - [25/Nov/2025:20:11:35 +0100] "GET / HTTP/1.1" 200 316 "-" "python-httpx/0.28.1"
45.148.10.249 - - [25/Nov/2025:20:11:36 +0100] "GET /.git/config HTTP/1.1" 404 230 "-" "python-httpx/0.28.1"
45.148.10.249 - - [25/Nov/2025:20:11:36 +0100] "GET /.env HTTP/1.1" 404 224 "-" "python-httpx/0.28.1"
45.148.10.249 - - [25/Nov/2025:20:11:36 +0100] "GET / HTTP/1.1" 200 873 "-" "python-httpx/0.28.1"
45.148.10.249 - - [25/Nov/2025:20:11:36 +0100] "GET /.env.example HTTP/1.1" 404 230 "-" "python-httpx/0.28.1"
45.148.10.249 - - [25/Nov/2025:20:11:36 +0100] "GET /.env.development HTTP/1.1" 404 232 "-" "python-httpx/0.28.1"
45.148.10.249 - - [25/Nov/2025:20:11:36 +0100] "GET /.git/config HTTP/1.1" 404 809 "-" "python-httpx/0.28.1"
45.148.10.249 - - [25/Nov/2025:20:11:36 +0100] "GET /.env.production HTTP/1.1" 404 232 "-" "python-httpx/0.28.1"
45.148.10.249 - - [25/Nov/2025:20:11:36 +0100] "GET /api/.env HTTP/1.1" 404 227 "-" "python-httpx/0.28.1"
45.148.10.249 - - [25/Nov/2025:20:11:36 +0100] "GET /.env HTTP/1.1" 404 809 "-" "python-httpx/0.28.1"
45.148.10.249 - - [25/Nov/2025:20:11:36 +0100] "GET /config/.env HTTP/1.1" 404 230 "-" "python-httpx/0.28.1"
45.148.10.249 - - [25/Nov/2025:20:11:36 +0100] "GET /_profiler/phpinfo HTTP/1.1" 404 234 "-" "python-httpx/0.28.1"
45.148.10.249 - - [25/Nov/2025:20:11:36 +0100] "GET /.env.example HTTP/1.1" 404 809 "-" "python-httpx/0.28.1"
45.148.10.249 - - [25/Nov/2025:20:11:36 +0100] "GET /tool/view/phpinfo.view.php HTTP/1.1" 404 236 "-" "python-httpx/0.28.1"
45.148.10.249 - - [25/Nov/2025:20:11:36 +0100] "GET /phpinfo.php HTTP/1.1" 404 229 "-" "python-httpx/0.28.1"
45.148.10.249 - - [25/Nov/2025:20:11:36 +0100] "GET /.env.development HTTP/1.1" 404 809 "-" "python-httpx/0.28.1"
45.148.10.249 - - [25/Nov/2025:20:11:36 +0100] "GET /phpinfo HTTP/1.1" 404 227 "-" "python-httpx/0.28.1"
45.148.10.249 - - [25/Nov/2025:20:11:36 +0100] "GET /info.php HTTP/1.1" 404 228 "-" "python-httpx/0.28.1"
45.148.10.249 - - [25/Nov/2025:20:11:36 +0100] "GET /.env.production HTTP/1.1" 404 809 "-" "python-httpx/0.28.1"
45.148.10.249 - - [25/Nov/2025:20:11:36 +0100] "GET /php.php HTTP/1.1" 404 226 "-" "python-httpx/0.28.1"
45.148.10.249 - - [25/Nov/2025:20:11:36 +0100] "GET /test.php HTTP/1.1" 404 226 "-" "python-httpx/0.28.1"
45.148.10.249 - - [25/Nov/2025:20:11:36 +0100] "GET /api/.env HTTP/1.1" 404 809 "-" "python-httpx/0.28.1"
45.148.10.249 - - [25/Nov/2025:20:11:36 +0100] "GET /dashboard/phpinfo.php HTTP/1.1" 404 235 "-" "python-httpx/0.28.1"
45.148.10.249 - - [25/Nov/2025:20:11:36 +0100] "GET / HTTP/1.1" 200 316 "-" "python-httpx/0.28.1"
45.148.10.249 - - [25/Nov/2025:20:11:36 +0100] "GET /.aws/credentials HTTP/1.1" 404 232 "-" "python-httpx/0.28.1"
45.148.10.249 - - [25/Nov/2025:20:11:36 +0100] "GET /application.properties HTTP/1.1" 404 236 "-" "python-httpx/0.28.1"
45.148.10.249 - - [25/Nov/2025:20:11:36 +0100] "GET /config/.env HTTP/1.1" 404 809 "-" "python-httpx/0.28.1"
45.148.10.249 - - [25/Nov/2025:20:11:36 +0100] "GET /tmp/debug.log HTTP/1.1" 404 231 "-" "python-httpx/0.28.1"
45.148.10.249 - - [25/Nov/2025:20:11:36 +0100] "GET /logs/debug.log HTTP/1.1" 404 231 "-" "python-httpx/0.28.1"
45.148.10.249 - - [25/Nov/2025:20:11:36 +0100] "GET /_profiler/phpinfo HTTP/1.1" 404 809 "-" "python-httpx/0.28.1"
45.148.10.249 - - [25/Nov/2025:20:11:36 +0100] "GET /php_error.log HTTP/1.1" 404 232 "-" "python-httpx/0.28.1"
45.148.10.249 - - [25/Nov/2025:20:11:37 +0100] "GET /tool/view/phpinfo.view.php HTTP/1.1" 404 809 "-" "python-httpx/0.28.1"
45.148.10.249 - - [25/Nov/2025:20:11:37 +0100] "GET /debug.log HTTP/1.1" 404 229 "-" "python-httpx/0.28.1"
45.148.10.249 - - [25/Nov/2025:20:11:37 +0100] "GET /logs/error.log HTTP/1.1" 404 231 "-" "python-httpx/0.28.1"
45.148.10.249 - - [25/Nov/2025:20:11:37 +0100] "GET /phpinfo.php HTTP/1.1" 404 809 "-" "python-httpx/0.28.1"
45.148.10.249 - - [25/Nov/2025:20:11:37 +0100] "GET /laravel.log HTTP/1.1" 404 229 "-" "python-httpx/0.28.1"
45.148.10.249 - - [25/Nov/2025:20:11:37 +0100] "GET /phpinfo HTTP/1.1" 404 809 "-" "python-httpx/0.28.1"
45.148.10.249 - - [25/Nov/2025:20:11:37 +0100] "GET /logs/debug.log HTTP/1.1" 404 231 "-" "python-httpx/0.28.1"
45.148.10.249 - - [25/Nov/2025:20:11:37 +0100] "GET /info.php HTTP/1.1" 404 809 "-" "python-httpx/0.28.1"
45.148.10.249 - - [25/Nov/2025:20:11:37 +0100] "GET /storage/logs/laravel.log HTTP/1.1" 404 235 "-" "python-httpx/0.28.1"
45.148.10.249 - - [25/Nov/2025:20:11:37 +0100] "GET /php.php HTTP/1.1" 404 809 "-" "python-httpx/0.28.1"
45.148.10.249 - - [25/Nov/2025:20:11:37 +0100] "GET /wp-content/debug.log HTTP/1.1" 404 236 "-" "python-httpx/0.28.1"
45.148.10.249 - - [25/Nov/2025:20:11:37 +0100] "GET /test.php HTTP/1.1" 404 809 "-" "python-httpx/0.28.1"
45.148.10.249 - - [25/Nov/2025:20:11:37 +0100] "GET /dashboard/phpinfo.php HTTP/1.1" 404 809 "-" "python-httpx/0.28.1"
45.148.10.249 - - [25/Nov/2025:20:11:37 +0100] "GET / HTTP/1.1" 200 873 "-" "python-httpx/0.28.1"
45.148.10.249 - - [25/Nov/2025:20:11:37 +0100] "GET /.aws/credentials HTTP/1.1" 404 809 "-" "python-httpx/0.28.1"
45.148.10.249 - - [25/Nov/2025:20:11:37 +0100] "GET /application.properties HTTP/1.1" 404 809 "-" "python-httpx/0.28.1"
45.148.10.249 - - [25/Nov/2025:20:11:37 +0100] "GET /tmp/debug.log HTTP/1.1" 404 809 "-" "python-httpx/0.28.1"
45.148.10.249 - - [25/Nov/2025:20:11:37 +0100] "GET /logs/debug.log HTTP/1.1" 404 809 "-" "python-httpx/0.28.1"
45.148.10.249 - - [25/Nov/2025:20:11:37 +0100] "GET /php_error.log HTTP/1.1" 404 809 "-" "python-httpx/0.28.1"
45.148.10.249 - - [25/Nov/2025:20:11:37 +0100] "GET /debug.log HTTP/1.1" 404 809 "-" "python-httpx/0.28.1"
45.148.10.249 - - [25/Nov/2025:20:11:37 +0100] "GET /logs/error.log HTTP/1.1" 404 809 "-" "python-httpx/0.28.1"
45.148.10.249 - - [25/Nov/2025:20:11:37 +0100] "GET /laravel.log HTTP/1.1" 404 809 "-" "python-httpx/0.28.1"
45.148.10.249 - - [25/Nov/2025:20:11:37 +0100] "GET /logs/debug.log HTTP/1.1" 404 809 "-" "python-httpx/0.28.1"
45.148.10.249 - - [25/Nov/2025:20:11:37 +0100] "GET /storage/logs/laravel.log HTTP/1.1" 404 809 "-" "python-httpx/0.28.1"
45.148.10.249 - - [25/Nov/2025:20:11:37 +0100] "GET /wp-content/debug.log HTTP/1.1" 404 809 "-" "python-httpx/0.28.1"
198.235.24.242 - - [25/Nov/2025:20:11:46 +0100] "GET / HTTP/1.1" 200 522 "-" "Hello from Palo Alto Networks, find out more about our scans in https://docs-cortex.paloaltonetworks.com/r/1/Cortex-Xpanse/Scanning-activity"
85.208.96.204 - - [25/Nov/2025:20:11:53 +0100] "GET /platby/aohwuyx/bafana-bafana-game-today-on-tv HTTP/1.1" 200 12785 "-" "Mozilla/5.0 (compatible; SemrushBot/7~bl; +http://www.semrush.com/bot.html)"
198.235.24.42 - - [25/Nov/2025:20:12:43 +0100] "GET / HTTP/1.1" 200 316 "-" "Hello from Palo Alto Networks, find out more about our scans in https://docs-cortex.paloaltonetworks.com/r/1/Cortex-Xpanse/Scanning-activity"
198.235.24.217 - - [25/Nov/2025:20:13:26 +0100] "GET / HTTP/1.1" 200 520 "-" "Hello from Palo Alto Networks, find out more about our scans in https://docs-cortex.paloaltonetworks.com/r/1/Cortex-Xpanse/Scanning-activity"
185.191.171.15 - - [25/Nov/2025:20:13:28 +0100] "GET /platby/72zbxoz/uncle-charlie-my-three-sons HTTP/1.1" 200 10683 "-" "Mozilla/5.0 (compatible; SemrushBot/7~bl; +http://www.semrush.com/bot.html)"
152.42.233.137 - - [25/Nov/2025:20:15:36 +0100] "\x16\x03\x01\x02" 403 265 "-" "-"
85.208.96.204 - - [25/Nov/2025:20:15:57 +0100] "GET /platby/aohwuyx/katherine-heigl-sister HTTP/1.1" 200 8679 "-" "Mozilla/5.0 (compatible; SemrushBot/7~bl; +http://www.semrush.com/bot.html)"
152.42.233.137 - - [25/Nov/2025:20:16:11 +0100] "\x16\x03\x01\x02" 403 265 "-" "-"
85.208.96.210 - - [25/Nov/2025:20:16:14 +0100] "GET /platby/uwoy9/windows-xp-keyboard-shortcuts HTTP/1.1" 200 9614 "-" "Mozilla/5.0 (compatible; SemrushBot/7~bl; +http://www.semrush.com/bot.html)"
185.191.171.14 - - [25/Nov/2025:20:16:33 +0100] "GET /platby/aohwuyx/deep-water-book-summary HTTP/1.1" 200 13826 "-" "Mozilla/5.0 (compatible; SemrushBot/7~bl; +http://www.semrush.com/bot.html)"
185.191.171.10 - - [25/Nov/2025:20:17:07 +0100] "GET /platby/aohwuyx/large-trees-in-north-carolina HTTP/1.1" 200 9886 "-" "Mozilla/5.0 (compatible; SemrushBot/7~bl; +http://www.semrush.com/bot.html)"
85.208.96.198 - - [25/Nov/2025:20:17:20 +0100] "GET /platby/aohwuyx/allan-lichtman-prediction-record HTTP/1.1" 200 10945 "-" "Mozilla/5.0 (compatible; SemrushBot/7~bl; +http://www.semrush.com/bot.html)"
195.177.94.189 - - [25/Nov/2025:20:18:33 +0100] "GET /phpmyadmin/scripts/setup.php HTTP/1.1" 200 11106 "-" "Mozilla/4.0 (compatible; MSIE 6.0; MSIE 5.5; Windows NT 5.1) Opera 7.01 [en]"
195.177.94.189 - - [25/Nov/2025:20:18:33 +0100] "POST /phpmyadmin/scripts/setup.php HTTP/1.1" 200 18608 "http://109.105.49.240:8081/phpmyadmin/scripts/setup.php" "Mozilla/4.0 (compatible; MSIE 6.0; MSIE 5.5; Windows NT 5.1) Opera 7.01 [en]"
185.191.171.1 - - [25/Nov/2025:20:19:09 +0100] "GET /platby/uwoy9/prime-steakhouse-near-me HTTP/1.1" 200 8069 "-" "Mozilla/5.0 (compatible; SemrushBot/7~bl; +http://www.semrush.com/bot.html)"
195.177.94.189 - - [25/Nov/2025:20:19:44 +0100] "GET /phpmyadmin/scripts/setup.php HTTP/1.1" 200 11105 "-" "Mozilla/4.0 (compatible; MSIE 6.0; MSIE 5.5; Windows NT 5.1) Opera 7.01 [en]"
195.177.94.189 - - [25/Nov/2025:20:19:44 +0100] "POST /phpmyadmin/scripts/setup.php HTTP/1.1" 200 18608 "http://109.105.49.240:443/phpmyadmin/scripts/setup.php" "Mozilla/4.0 (compatible; MSIE 6.0; MSIE 5.5; Windows NT 5.1) Opera 7.01 [en]"
185.191.171.6 - - [25/Nov/2025:20:20:32 +0100] "GET /platby/aohwuyx/anna's-hummingbird-range HTTP/1.1" 200 10543 "-" "Mozilla/5.0 (compatible; SemrushBot/7~bl; +http://www.semrush.com/bot.html)"
185.191.171.9 - - [25/Nov/2025:20:20:48 +0100] "GET /platby/uwoy9/iceland-urvalsdeild-live-scores HTTP/1.1" 200 6874 "-" "Mozilla/5.0 (compatible; SemrushBot/7~bl; +http://www.semrush.com/bot.html)"
159.65.205.102 - - [25/Nov/2025:20:20:51 +0100] "GET / HTTP/1.1" 200 316 "-" "Mozilla/5.0 (X11; Linux x86_64; rv:139.0) Gecko/20100101 Firefox/139.0"
159.65.205.102 - - [25/Nov/2025:20:20:51 +0100] "GET /favicon.ico HTTP/1.1" 404 229 "http://109.105.49.240:8081/" "Mozilla/5.0 (X11; Linux x86_64; rv:139.0) Gecko/20100101 Firefox/139.0"
185.191.171.4 - - [25/Nov/2025:20:21:01 +0100] "GET /platby/hca/hogeschool-rotterdam-mediatheek HTTP/1.1" 200 7856 "-" "Mozilla/5.0 (compatible; SemrushBot/7~bl; +http://www.semrush.com/bot.html)"
85.208.96.206 - - [25/Nov/2025:20:21:38 +0100] "GET /platby/72zbxoz/thefatrat-sunlight-instrumental HTTP/1.1" 200 12075 "-" "Mozilla/5.0 (compatible; SemrushBot/7~bl; +http://www.semrush.com/bot.html)"
114.119.149.2 - - [25/Nov/2025:20:23:34 +0100] "GET /platby/article.php?5d4c26=grumman-c-2-greyhound HTTP/1.1" 200 6027 "http://ispc.klape.eu/platby/article.php?5d4c26=faraday%27s-law-slideshare" "Mozilla/5.0 (Linux; Android 7.0;) AppleWebKit/537.36 (KHTML, like Gecko) Mobile Safari/537.36 (compatible; PetalBot;+https://webmaster.petalsearch.com/site/petalbot)"
185.191.171.3 - - [25/Nov/2025:20:23:35 +0100] "GET /platby/uwoy9/robert-johnson-biography HTTP/1.1" 200 14080 "-" "Mozilla/5.0 (compatible; SemrushBot/7~bl; +http://www.semrush.com/bot.html)"
204.76.203.206 - - [25/Nov/2025:20:24:41 +0100] "GET /" 400 468 "-" "-"
185.191.171.17 - - [25/Nov/2025:20:24:51 +0100] "GET /platby/hca/how-to-legit-check-jordan-4-fire-red HTTP/1.1" 200 12409 "-" "Mozilla/5.0 (compatible; SemrushBot/7~bl; +http://www.semrush.com/bot.html)"
85.208.96.205 - - [25/Nov/2025:20:25:40 +0100] "GET /platby/hca/glossier-balm-dotcom-worth-it HTTP/1.1" 200 9934 "-" "Mozilla/5.0 (compatible; SemrushBot/7~bl; +http://www.semrush.com/bot.html)"
85.208.96.195 - - [25/Nov/2025:20:25:56 +0100] "GET /platby/qqap/gun-shooting-camps-for-adults HTTP/1.1" 200 6834 "-" "Mozilla/5.0 (compatible; SemrushBot/7~bl; +http://www.semrush.com/bot.html)"
85.208.96.196 - - [25/Nov/2025:20:25:58 +0100] "GET /platby/qqap/street-fighter-3-2nd-impact-emulator HTTP/1.1" 200 8302 "-" "Mozilla/5.0 (compatible; SemrushBot/7~bl; +http://www.semrush.com/bot.html)"
185.191.171.10 - - [25/Nov/2025:20:26:44 +0100] "GET /platby/qqap/eagles-tour-2021-tickets HTTP/1.1" 200 6675 "-" "Mozilla/5.0 (compatible; SemrushBot/7~bl; +http://www.semrush.com/bot.html)"
204.76.203.206 - - [25/Nov/2025:20:26:45 +0100] "GET / HTTP/1.1" 200 316 "-" "Mozilla/5.0 (Windows NT 10.0; Win64; x64) AppleWebKit/537.36 (KHTML, like Gecko) Chrome/90.0.4430.85 Safari/537.36 Edg/90.0.818.46"
161.115.234.26 - - [25/Nov/2025:20:28:06 +0100] "\x16\x03\x01\x02" 403 265 "-" "-"
185.191.171.15 - - [25/Nov/2025:20:28:06 +0100] "GET /platby/aohwuyx/racial-equity-in-education HTTP/1.1" 200 9965 "-" "Mozilla/5.0 (compatible; SemrushBot/7~bl; +http://www.semrush.com/bot.html)"
205.210.31.196 - - [25/Nov/2025:20:28:16 +0100] "GET / HTTP/1.1" 200 521 "-" "Hello from Palo Alto Networks, find out more about our scans in https://docs-cortex.paloaltonetworks.com/r/1/Cortex-Xpanse/Scanning-activity"
85.208.96.205 - - [25/Nov/2025:20:29:10 +0100] "GET /platby/qqap/floppy-disk-icon-for-save HTTP/1.1" 200 8279 "-" "Mozilla/5.0 (compatible; SemrushBot/7~bl; +http://www.semrush.com/bot.html)"
185.191.171.4 - - [25/Nov/2025:20:29:40 +0100] "GET /platby/qqap/red-river-valley-rock-stile HTTP/1.1" 200 11538 "-" "Mozilla/5.0 (compatible; SemrushBot/7~bl; +http://www.semrush.com/bot.html)"
205.210.31.254 - - [25/Nov/2025:20:29:41 +0100] "GET / HTTP/1.1" 200 517 "-" "Hello from Palo Alto Networks, find out more about our scans in https://docs-cortex.paloaltonetworks.com/r/1/Cortex-Xpanse/Scanning-activity"
85.208.96.206 - - [25/Nov/2025:20:29:50 +0100] "GET /platby/uwoy9/african-clawed-frog-food HTTP/1.1" 200 15224 "-" "Mozilla/5.0 (compatible; SemrushBot/7~bl; +http://www.semrush.com/bot.html)"
85.208.96.203 - - [25/Nov/2025:20:30:00 +0100] "GET /platby/hca/component-form-of-a-vector-given-two-points-calculator HTTP/1.1" 200 6727 "-" "Mozilla/5.0 (compatible; SemrushBot/7~bl; +http://www.semrush.com/bot.html)"
185.191.171.6 - - [25/Nov/2025:20:31:10 +0100] "GET /platby/hca/tatcha-dewy-serum-travel-size HTTP/1.1" 200 6006 "-" "Mozilla/5.0 (compatible; SemrushBot/7~bl; +http://www.semrush.com/bot.html)"
176.65.148.40 - - [25/Nov/2025:20:32:16 +0100] "GET /" 400 468 "-" "-"
85.208.96.211 - - [25/Nov/2025:20:33:26 +0100] "GET /platby/hca/oday-aboushi-madden-rating HTTP/1.1" 200 10190 "-" "Mozilla/5.0 (compatible; SemrushBot/7~bl; +http://www.semrush.com/bot.html)"
185.191.171.16 - - [25/Nov/2025:20:33:33 +0100] "GET /platby/uwoy9/present-perfect-tense-of-allow HTTP/1.1" 200 8329 "-" "Mozilla/5.0 (compatible; SemrushBot/7~bl; +http://www.semrush.com/bot.html)"
185.191.171.9 - - [25/Nov/2025:20:33:41 +0100] "GET /platby/aohwuyx/chromium-rich-foods-improve-the-effectiveness-of-quizlet HTTP/1.1" 200 12363 "-" "Mozilla/5.0 (compatible; SemrushBot/7~bl; +http://www.semrush.com/bot.html)"
85.208.96.197 - - [25/Nov/2025:20:35:31 +0100] "GET /platby/hca/where-is-carter-cooper-buried HTTP/1.1" 200 6385 "-" "Mozilla/5.0 (compatible; SemrushBot/7~bl; +http://www.semrush.com/bot.html)"
185.191.171.1 - - [25/Nov/2025:20:37:19 +0100] "GET /platby/qqap/the-whole-nine-yards-part-2 HTTP/1.1" 200 6202 "-" "Mozilla/5.0 (compatible; SemrushBot/7~bl; +http://www.semrush.com/bot.html)"
185.191.171.17 - - [25/Nov/2025:20:37:39 +0100] "GET /platby/hca/scalp-micropigmentation-regrets HTTP/1.1" 200 10026 "-" "Mozilla/5.0 (compatible; SemrushBot/7~bl; +http://www.semrush.com/bot.html)"
85.208.96.211 - - [25/Nov/2025:20:37:44 +0100] "GET /platby/uwoy9/pigeon-and-dove-difference HTTP/1.1" 200 9732 "-" "Mozilla/5.0 (compatible; SemrushBot/7~bl; +http://www.semrush.com/bot.html)"
85.208.96.204 - - [25/Nov/2025:20:37:48 +0100] "GET /platby/uwoy9/don't-call-us-dead:-poems HTTP/1.1" 200 10570 "-" "Mozilla/5.0 (compatible; SemrushBot/7~bl; +http://www.semrush.com/bot.html)"
185.191.171.2 - - [25/Nov/2025:20:40:04 +0100] "GET /platby/qqap/visitors-from-other-worlds HTTP/1.1" 200 8566 "-" "Mozilla/5.0 (compatible; SemrushBot/7~bl; +http://www.semrush.com/bot.html)"
205.210.31.56 - - [25/Nov/2025:20:40:15 +0100] "GET / HTTP/1.1" 200 533 "-" "Hello from Palo Alto Networks, find out more about our scans in https://docs-cortex.paloaltonetworks.com/r/1/Cortex-Xpanse/Scanning-activity"
185.191.171.10 - - [25/Nov/2025:20:40:36 +0100] "GET /platby/aohwuyx/itawamba-community-college-soccer HTTP/1.1" 200 7854 "-" "Mozilla/5.0 (compatible; SemrushBot/7~bl; +http://www.semrush.com/bot.html)"
185.191.171.7 - - [25/Nov/2025:20:41:18 +0100] "GET /platby/hca/how-much-are-seattle-storm-tickets HTTP/1.1" 200 6833 "-" "Mozilla/5.0 (compatible; SemrushBot/7~bl; +http://www.semrush.com/bot.html)"
185.191.171.8 - - [25/Nov/2025:20:41:35 +0100] "GET /platby/qqap/best-superhero-characters HTTP/1.1" 200 6655 "-" "Mozilla/5.0 (compatible; SemrushBot/7~bl; +http://www.semrush.com/bot.html)"
85.208.96.210 - - [25/Nov/2025:20:42:03 +0100] "GET /platby/72zbxoz/american-university-alumni-login HTTP/1.1" 200 9967 "-" "Mozilla/5.0 (compatible; SemrushBot/7~bl; +http://www.semrush.com/bot.html)"
85.208.96.206 - - [25/Nov/2025:20:42:10 +0100] "GET /platby/qqap/hubble-space-telescope-discoveries HTTP/1.1" 200 10775 "-" "Mozilla/5.0 (compatible; SemrushBot/7~bl; +http://www.semrush.com/bot.html)"
85.208.96.200 - - [25/Nov/2025:20:43:24 +0100] "GET /platby/hca/without-you-chords-air-supply HTTP/1.1" 200 7738 "-" "Mozilla/5.0 (compatible; SemrushBot/7~bl; +http://www.semrush.com/bot.html)"
204.76.203.206 - - [25/Nov/2025:20:45:09 +0100] "GET /" 400 468 "-" "-"
85.208.96.211 - - [25/Nov/2025:20:45:44 +0100] "GET /platby/72zbxoz/property-tax-breaks-for-seniors HTTP/1.1" 200 12881 "-" "Mozilla/5.0 (compatible; SemrushBot/7~bl; +http://www.semrush.com/bot.html)"
185.191.171.18 - - [25/Nov/2025:20:46:03 +0100] "GET /platby/uwoy9/debra-antney-brother-dj-hurricane HTTP/1.1" 200 12411 "-" "Mozilla/5.0 (compatible; SemrushBot/7~bl; +http://www.semrush.com/bot.html)"
85.208.96.207 - - [25/Nov/2025:20:46:04 +0100] "GET /platby/72zbxoz/washington-hawthorn-tree-for-sale HTTP/1.1" 200 8913 "-" "Mozilla/5.0 (compatible; SemrushBot/7~bl; +http://www.semrush.com/bot.html)"
85.208.96.195 - - [25/Nov/2025:20:46:27 +0100] "GET /platby/qqap/how-far-is-fayetteville-north-carolina-from-me HTTP/1.1" 200 7656 "-" "Mozilla/5.0 (compatible; SemrushBot/7~bl; +http://www.semrush.com/bot.html)"
204.76.203.206 - - [25/Nov/2025:20:46:37 +0100] "GET / HTTP/1.1" 200 316 "-" "Mozilla/5.0 (Windows NT 10.0; Win64; x64) AppleWebKit/537.36 (KHTML, like Gecko) Chrome/90.0.4430.85 Safari/537.36 Edg/90.0.818.46"
185.191.171.19 - - [25/Nov/2025:20:47:34 +0100] "GET /platby/aohwuyx/hottest-and-coldest-place-on-earth-right-now HTTP/1.1" 200 9836 "-" "Mozilla/5.0 (compatible; SemrushBot/7~bl; +http://www.semrush.com/bot.html)"
85.208.96.210 - - [25/Nov/2025:20:47:45 +0100] "GET /platby/aohwuyx/who-performed-at-the-apollo-theater HTTP/1.1" 200 8854 "-" "Mozilla/5.0 (compatible; SemrushBot/7~bl; +http://www.semrush.com/bot.html)"
85.208.96.202 - - [25/Nov/2025:20:49:39 +0100] "GET /platby/aohwuyx/jira-application-links HTTP/1.1" 200 7968 "-" "Mozilla/5.0 (compatible; SemrushBot/7~bl; +http://www.semrush.com/bot.html)"
85.208.96.212 - - [25/Nov/2025:20:50:44 +0100] "GET /platby/uwoy9/american-wind-energy-association-market-report HTTP/1.1" 200 12815 "-" "Mozilla/5.0 (compatible; SemrushBot/7~bl; +http://www.semrush.com/bot.html)"
85.208.96.212 - - [25/Nov/2025:20:50:47 +0100] "GET /platby/qqap/will-downing-right-where-you-are HTTP/1.1" 200 6407 "-" "Mozilla/5.0 (compatible; SemrushBot/7~bl; +http://www.semrush.com/bot.html)"
85.208.96.207 - - [25/Nov/2025:20:51:18 +0100] "GET /platby/hca/chicago-fire-department-ranks HTTP/1.1" 200 12482 "-" "Mozilla/5.0 (compatible; SemrushBot/7~bl; +http://www.semrush.com/bot.html)"
44.248.186.218 - - [25/Nov/2025:20:51:47 +0100] "\x16\x03\x01\x05\xf3\x01" 403 265 "-" "-"
85.208.96.203 - - [25/Nov/2025:20:52:13 +0100] "GET /platby/aohwuyx/sean-longstaff-contract HTTP/1.1" 200 8269 "-" "Mozilla/5.0 (compatible; SemrushBot/7~bl; +http://www.semrush.com/bot.html)"
185.191.171.3 - - [25/Nov/2025:20:53:29 +0100] "GET /platby/qqap/california-high-speed-rail-wiki HTTP/1.1" 200 9395 "-" "Mozilla/5.0 (compatible; SemrushBot/7~bl; +http://www.semrush.com/bot.html)"
185.191.171.7 - - [25/Nov/2025:20:55:06 +0100] "GET /platby/qqap/why-didn't-my-hummingbirds-come-back-this-year HTTP/1.1" 200 13181 "-" "Mozilla/5.0 (compatible; SemrushBot/7~bl; +http://www.semrush.com/bot.html)"
185.191.171.3 - - [25/Nov/2025:20:55:08 +0100] "GET /platby/uwoy9/black-lives-matter-essay HTTP/1.1" 200 8206 "-" "Mozilla/5.0 (compatible; SemrushBot/7~bl; +http://www.semrush.com/bot.html)"
185.191.171.3 - - [25/Nov/2025:20:55:29 +0100] "GET /platby/72zbxoz/django-react-authentication-github HTTP/1.1" 200 7503 "-" "Mozilla/5.0 (compatible; SemrushBot/7~bl; +http://www.semrush.com/bot.html)"
78.153.140.171 - - [25/Nov/2025:20:56:05 +0100] "\x16\x03\x01" 403 265 "-" "-"
78.153.140.171 - - [25/Nov/2025:20:56:05 +0100] "\x16\x03\x01" 403 265 "-" "-"
176.65.149.34 - - [25/Nov/2025:20:57:45 +0100] "1111\x0c\x01" 400 291 "-" "-"
176.65.149.34 - - [25/Nov/2025:20:57:45 +0100] "\x16\x03\x01\x05\xac\x01" 501 273 "-" "-"
176.65.149.34 - - [25/Nov/2025:20:57:45 +0100] "1111\x88" 501 272 "-" "-"
176.65.149.34 - - [25/Nov/2025:20:57:45 +0100] "GET /index.htm HTTP/1.1" 404 273 "-" "Mozilla/5.0"
176.65.149.34 - - [25/Nov/2025:20:57:45 +0100] "GET / HTTP/1.1" 200 516 "-" "-"
204.76.203.212 - - [25/Nov/2025:20:57:53 +0100] "GET /" 400 468 "-" "-"
85.208.96.198 - - [25/Nov/2025:20:58:16 +0100] "GET /platby/uwoy9/best-financial-books-for-millennials HTTP/1.1" 200 8718 "-" "Mozilla/5.0 (compatible; SemrushBot/7~bl; +http://www.semrush.com/bot.html)"
205.210.31.176 - - [25/Nov/2025:20:59:02 +0100] "GET /" 400 468 "-" "-"
85.208.96.210 - - [25/Nov/2025:20:59:17 +0100] "GET /platby/uwoy9/coastal-carolina-softball-tickets HTTP/1.1" 200 6610 "-" "Mozilla/5.0 (compatible; SemrushBot/7~bl; +http://www.semrush.com/bot.html)"
219.78.40.13 - - [25/Nov/2025:20:59:47 +0100] "POST /GponForm/diag_Form?style/ HTTP/1.1" 400 230 "-" "Hello, World"
85.208.96.203 - - [25/Nov/2025:21:00:09 +0100] "GET /platby/hca/david-mucci-interiors HTTP/1.1" 200 9190 "-" "Mozilla/5.0 (compatible; SemrushBot/7~bl; +http://www.semrush.com/bot.html)"
147.185.132.183 - - [25/Nov/2025:21:00:10 +0100] "GET / HTTP/1.1" 200 517 "-" "Hello from Palo Alto Networks, find out more about our scans in https://docs-cortex.paloaltonetworks.com/r/1/Cortex-Xpanse/Scanning-activity"
185.191.171.3 - - [25/Nov/2025:21:00:11 +0100] "GET /platby/hca/peoples-hernandez-meme HTTP/1.1" 200 9292 "-" "Mozilla/5.0 (compatible; SemrushBot/7~bl; +http://www.semrush.com/bot.html)"
45.150.72.132 - - [25/Nov/2025:21:01:33 +0100] "\x16\x03\x01" 403 265 "-" "-"
85.208.96.193 - - [25/Nov/2025:21:02:00 +0100] "GET /robots.txt HTTP/1.1" 200 54 "-" "Mozilla/5.0 (compatible; SemrushBot/7~bl; +http://www.semrush.com/bot.html)"
85.208.96.196 - - [25/Nov/2025:21:02:00 +0100] "GET /platby/qqap/skylanders:-swap-force HTTP/1.1" 200 9975 "-" "Mozilla/5.0 (compatible; SemrushBot/7~bl; +http://www.semrush.com/bot.html)"
44.203.196.74 - - [25/Nov/2025:21:02:23 +0100] "GET /" 400 468 "-" "-"
185.191.171.3 - - [25/Nov/2025:21:03:34 +0100] "GET /platby/uwoy9/should-we-believe-opinions-from-others-right-away HTTP/1.1" 200 14599 "-" "Mozilla/5.0 (compatible; SemrushBot/7~bl; +http://www.semrush.com/bot.html)"
185.191.171.8 - - [25/Nov/2025:21:03:37 +0100] "GET /platby/hca/how-to-hire-a-diversity-consultant HTTP/1.1" 200 7028 "-" "Mozilla/5.0 (compatible; SemrushBot/7~bl; +http://www.semrush.com/bot.html)"
5.187.35.21 - - [25/Nov/2025:21:03:37 +0100] "GET / HTTP/1.1" 200 516 "-" "-"
204.76.203.206 - - [25/Nov/2025:21:04:57 +0100] "GET /" 400 468 "-" "-"
204.76.203.206 - - [25/Nov/2025:21:05:46 +0100] "GET / HTTP/1.1" 200 316 "-" "Mozilla/5.0 (Windows NT 10.0; Win64; x64) AppleWebKit/537.36 (KHTML, like Gecko) Chrome/90.0.4430.85 Safari/537.36 Edg/90.0.818.46"
85.208.96.199 - - [25/Nov/2025:21:05:49 +0100] "GET /platby/qqap/evening-grosbeak-flight-call HTTP/1.1" 200 6536 "-" "Mozilla/5.0 (compatible; SemrushBot/7~bl; +http://www.semrush.com/bot.html)"
85.208.96.203 - - [25/Nov/2025:21:06:14 +0100] "GET /platby/qqap/is-richard-north-patterson-still-writing-books HTTP/1.1" 200 11493 "-" "Mozilla/5.0 (compatible; SemrushBot/7~bl; +http://www.semrush.com/bot.html)"
85.208.96.210 - - [25/Nov/2025:21:07:54 +0100] "GET /platby/72zbxoz/rainbow-kitten-surprise-run HTTP/1.1" 200 9152 "-" "Mozilla/5.0 (compatible; SemrushBot/7~bl; +http://www.semrush.com/bot.html)"
85.208.96.196 - - [25/Nov/2025:21:07:55 +0100] "GET /platby/uwoy9/colts-all-time-cornerbacks HTTP/1.1" 200 10274 "-" "Mozilla/5.0 (compatible; SemrushBot/7~bl; +http://www.semrush.com/bot.html)"
35.173.219.2 - - [25/Nov/2025:21:09:02 +0100] "\x16\x03\x01\x01\x12\x01" 403 265 "-" "-"
35.173.219.2 - - [25/Nov/2025:21:09:03 +0100] "\x16\x03\x01\x01\x12\x01" 403 265 "-" "-"
185.12.59.118 - - [25/Nov/2025:21:09:03 +0100] "GET /" 400 468 "-" "-"
185.191.171.7 - - [25/Nov/2025:21:10:32 +0100] "GET /platby/uwoy9/whitney-bank-customer-service HTTP/1.1" 200 8821 "-" "Mozilla/5.0 (compatible; SemrushBot/7~bl; +http://www.semrush.com/bot.html)"
85.208.96.200 - - [25/Nov/2025:21:11:06 +0100] "GET /platby/aohwuyx/another-word-for-teenager HTTP/1.1" 200 9160 "-" "Mozilla/5.0 (compatible; SemrushBot/7~bl; +http://www.semrush.com/bot.html)"
185.191.171.4 - - [25/Nov/2025:21:12:13 +0100] "GET /platby/qqap/umass-lowell-softball-division HTTP/1.1" 200 8752 "-" "Mozilla/5.0 (compatible; SemrushBot/7~bl; +http://www.semrush.com/bot.html)"
3.80.139.44 - - [25/Nov/2025:21:13:25 +0100] "\x16\x03\x01" 403 265 "-" "-"
185.191.171.16 - - [25/Nov/2025:21:14:04 +0100] "GET /platby/hca/stanford-orbital-mechanics HTTP/1.1" 200 9959 "-" "Mozilla/5.0 (compatible; SemrushBot/7~bl; +http://www.semrush.com/bot.html)"
85.208.96.196 - - [25/Nov/2025:21:14:49 +0100] "GET /platby/qqap/motorcycle-body-armor-under-clothes HTTP/1.1" 200 7730 "-" "Mozilla/5.0 (compatible; SemrushBot/7~bl; +http://www.semrush.com/bot.html)"
98.94.19.178 - - [25/Nov/2025:21:14:58 +0100] "\x16\x03\x01" 403 265 "-" "-"
3.89.221.211 - - [25/Nov/2025:21:15:07 +0100] "\x16\x03\x01" 403 265 "-" "-"
185.191.171.10 - - [25/Nov/2025:21:15:26 +0100] "GET /platby/uwoy9/massart-career-services HTTP/1.1" 200 8024 "-" "Mozilla/5.0 (compatible; SemrushBot/7~bl; +http://www.semrush.com/bot.html)"
85.208.96.200 - - [25/Nov/2025:21:15:39 +0100] "GET /platby/uwoy9/don't-listen-to-others-follow-your-heart HTTP/1.1" 200 11916 "-" "Mozilla/5.0 (compatible; SemrushBot/7~bl; +http://www.semrush.com/bot.html)"
85.208.96.210 - - [25/Nov/2025:21:16:47 +0100] "GET /platby/72zbxoz/why-is-my-alcatel-linkzone-2-not-working HTTP/1.1" 200 13628 "-" "Mozilla/5.0 (compatible; SemrushBot/7~bl; +http://www.semrush.com/bot.html)"
213.180.203.54 - - [25/Nov/2025:21:18:12 +0100] "\x16\x03\x01\x02" 403 265 "-" "-"
85.208.96.209 - - [25/Nov/2025:21:19:11 +0100] "GET /platby/qqap/paper-bag-making-activity HTTP/1.1" 200 8492 "-" "Mozilla/5.0 (compatible; SemrushBot/7~bl; +http://www.semrush.com/bot.html)"
185.191.171.2 - - [25/Nov/2025:21:19:39 +0100] "GET /platby/72zbxoz/how-to-defend-yourself-against-false-accusations HTTP/1.1" 200 13803 "-" "Mozilla/5.0 (compatible; SemrushBot/7~bl; +http://www.semrush.com/bot.html)"
85.208.96.207 - - [25/Nov/2025:21:19:56 +0100] "GET /platby/72zbxoz/is-ferland-mendy-related-to-edouard-mendy HTTP/1.1" 200 12584 "-" "Mozilla/5.0 (compatible; SemrushBot/7~bl; +http://www.semrush.com/bot.html)"
213.209.143.34 - - [25/Nov/2025:21:22:37 +0100] "GET /" 400 468 "-" "-"
85.208.96.193 - - [25/Nov/2025:21:23:28 +0100] "GET /platby/aohwuyx/token-based-authentication-in-react-js HTTP/1.1" 200 13349 "-" "Mozilla/5.0 (compatible; SemrushBot/7~bl; +http://www.semrush.com/bot.html)"
85.208.96.193 - - [25/Nov/2025:21:23:45 +0100] "GET /platby/72zbxoz/santa-clara-county-vaccine-appointment HTTP/1.1" 200 9119 "-" "Mozilla/5.0 (compatible; SemrushBot/7~bl; +http://www.semrush.com/bot.html)"
185.191.171.18 - - [25/Nov/2025:21:24:11 +0100] "GET /platby/uwoy9/seated-cardio-workout-without-using-legs HTTP/1.1" 200 12659 "-" "Mozilla/5.0 (compatible; SemrushBot/7~bl; +http://www.semrush.com/bot.html)"
204.76.203.206 - - [25/Nov/2025:21:24:28 +0100] "GET /" 400 468 "-" "-"
147.185.132.195 - - [25/Nov/2025:21:24:46 +0100] "\x16\x03\x01\x01\x03\x01" 403 265 "-" "-"
147.185.132.195 - - [25/Nov/2025:21:24:47 +0100] "\x16\x03\x01" 403 265 "-" "-"
83.142.209.111 - - [25/Nov/2025:21:26:06 +0100] "\x16\x03\x01" 403 265 "-" "-"
204.76.203.206 - - [25/Nov/2025:21:27:07 +0100] "GET / HTTP/1.1" 200 316 "-" "Mozilla/5.0 (Windows NT 10.0; Win64; x64) AppleWebKit/537.36 (KHTML, like Gecko) Chrome/90.0.4430.85 Safari/537.36 Edg/90.0.818.46"
185.191.171.19 - - [25/Nov/2025:21:28:01 +0100] "GET /platby/qqap/reliance-jio-shareholding-pattern HTTP/1.1" 200 8049 "-" "Mozilla/5.0 (compatible; SemrushBot/7~bl; +http://www.semrush.com/bot.html)"
85.208.96.200 - - [25/Nov/2025:21:28:47 +0100] "GET /platby/uwoy9/most-compressed-video-format HTTP/1.1" 200 8563 "-" "Mozilla/5.0 (compatible; SemrushBot/7~bl; +http://www.semrush.com/bot.html)"
85.208.96.203 - - [25/Nov/2025:21:28:49 +0100] "GET /platby/qqap/delaware-state-animals HTTP/1.1" 200 8907 "-" "Mozilla/5.0 (compatible; SemrushBot/7~bl; +http://www.semrush.com/bot.html)"
185.191.171.12 - - [25/Nov/2025:21:32:00 +0100] "GET /platby/qqap/liquorice-tea-side-effects HTTP/1.1" 200 11736 "-" "Mozilla/5.0 (compatible; SemrushBot/7~bl; +http://www.semrush.com/bot.html)"
185.191.171.1 - - [25/Nov/2025:21:32:04 +0100] "GET /platby/aohwuyx/1970s-leather-jacket-mens HTTP/1.1" 200 8530 "-" "Mozilla/5.0 (compatible; SemrushBot/7~bl; +http://www.semrush.com/bot.html)"
185.191.171.1 - - [25/Nov/2025:21:32:10 +0100] "GET /platby/aohwuyx/geranium-seeds-bunnings HTTP/1.1" 200 10867 "-" "Mozilla/5.0 (compatible; SemrushBot/7~bl; +http://www.semrush.com/bot.html)"
49.47.154.21 - - [25/Nov/2025:21:32:34 +0100] "\x16\x03\x03" 403 265 "-" "-"
49.47.154.21 - - [25/Nov/2025:21:32:40 +0100] "\x16\x03\x03" 403 265 "-" "-"
49.47.154.21 - - [25/Nov/2025:21:32:40 +0100] "\x16\x03\x03" 403 265 "-" "-"
49.47.154.21 - - [25/Nov/2025:21:32:41 +0100] "\x16\x03\x03" 403 265 "-" "-"
91.224.92.119 - - [25/Nov/2025:21:32:43 +0100] "\x16\x03\x01\x02" 403 265 "-" "-"
91.224.92.119 - - [25/Nov/2025:21:32:43 +0100] "\x16\x03\x01\x02" 403 265 "-" "-"
