85.208.96.212 - - [25/Nov/2025:13:21:14 +0100] "GET /platby/hca/oogie-boogie-man-nightmare-before-christmas HTTP/1.1" 200 9080 "-" "Mozilla/5.0 (compatible; SemrushBot/7~bl; +http://www.semrush.com/bot.html)"
85.208.96.212 - - [25/Nov/2025:13:21:17 +0100] "GET /platby/qqap/rollins-college-graduation-2021 HTTP/1.1" 200 4924 "-" "Mozilla/5.0 (compatible; SemrushBot/7~bl; +http://www.semrush.com/bot.html)"
147.185.132.144 - - [25/Nov/2025:13:21:25 +0100] "GET / HTTP/1.1" 200 516 "-" "Hello from Palo Alto Networks, find out more about our scans in https://docs-cortex.paloaltonetworks.com/r/1/Cortex-Xpanse/Scanning-activity"
185.191.171.1 - - [25/Nov/2025:13:21:35 +0100] "GET /robots.txt HTTP/1.1" 200 54 "-" "Mozilla/5.0 (compatible; SemrushBot/7~bl; +http://www.semrush.com/bot.html)"
185.191.171.2 - - [25/Nov/2025:13:21:36 +0100] "GET /platby/aohwuyx/madcap-flare-training HTTP/1.1" 200 13622 "-" "Mozilla/5.0 (compatible; SemrushBot/7~bl; +http://www.semrush.com/bot.html)"
85.208.96.205 - - [25/Nov/2025:13:22:03 +0100] "GET /platby/hca/nonprofit-board-governance-best-practices HTTP/1.1" 200 10233 "-" "Mozilla/5.0 (compatible; SemrushBot/7~bl; +http://www.semrush.com/bot.html)"
185.191.171.9 - - [25/Nov/2025:13:22:05 +0100] "GET /platby/72zbxoz/john-raine-atlanta-falcons HTTP/1.1" 200 7037 "-" "Mozilla/5.0 (compatible; SemrushBot/7~bl; +http://www.semrush.com/bot.html)"
85.208.96.201 - - [25/Nov/2025:13:23:08 +0100] "GET /platby/hca/+-18moresteak-housesoutback-steakhouse,-sear-house,-and-more HTTP/1.1" 200 10220 "-" "Mozilla/5.0 (compatible; SemrushBot/7~bl; +http://www.semrush.com/bot.html)"
185.191.171.6 - - [25/Nov/2025:13:23:43 +0100] "GET /platby/72zbxoz/tiege-hanley-malaysia HTTP/1.1" 200 12245 "-" "Mozilla/5.0 (compatible; SemrushBot/7~bl; +http://www.semrush.com/bot.html)"
185.191.171.1 - - [25/Nov/2025:13:23:57 +0100] "GET /platby/qqap/australia-vs-sweden-olympics-score HTTP/1.1" 200 9645 "-" "Mozilla/5.0 (compatible; SemrushBot/7~bl; +http://www.semrush.com/bot.html)"
85.208.96.194 - - [25/Nov/2025:13:24:20 +0100] "GET /platby/uwoy9/fifa-20-player-career-mode-goalkeeper HTTP/1.1" 200 7737 "-" "Mozilla/5.0 (compatible; SemrushBot/7~bl; +http://www.semrush.com/bot.html)"
85.208.96.207 - - [25/Nov/2025:13:24:21 +0100] "GET /platby/uwoy9/fanduel-sportsbook-colorado-locations HTTP/1.1" 200 13391 "-" "Mozilla/5.0 (compatible; SemrushBot/7~bl; +http://www.semrush.com/bot.html)"
74.50.11.72 - - [25/Nov/2025:13:24:22 +0100] "\x16\x03\x01\x02" 403 265 "-" "-"
85.208.96.194 - - [25/Nov/2025:13:24:31 +0100] "GET /platby/uwoy9/where-to-buy-basswood-for-carving HTTP/1.1" 200 9450 "-" "Mozilla/5.0 (compatible; SemrushBot/7~bl; +http://www.semrush.com/bot.html)"
85.208.96.198 - - [25/Nov/2025:13:24:41 +0100] "GET /platby/qqap/baby-bus-fire-truck-cartoon HTTP/1.1" 200 6563 "-" "Mozilla/5.0 (compatible; SemrushBot/7~bl; +http://www.semrush.com/bot.html)"
44.249.193.175 - - [25/Nov/2025:13:25:47 +0100] "\x16\x03\x01\x05\xef\x01" 403 265 "-" "-"
185.191.171.12 - - [25/Nov/2025:13:25:50 +0100] "GET /platby/hca/the-hewitt-school-teacher-salary HTTP/1.1" 200 6937 "-" "Mozilla/5.0 (compatible; SemrushBot/7~bl; +http://www.semrush.com/bot.html)"
85.208.96.207 - - [25/Nov/2025:13:25:52 +0100] "GET /platby/uwoy9/suncoast-polytechnical-high-school-sports HTTP/1.1" 200 11566 "-" "Mozilla/5.0 (compatible; SemrushBot/7~bl; +http://www.semrush.com/bot.html)"
185.191.171.1 - - [25/Nov/2025:13:25:55 +0100] "GET /platby/qqap/charles-halford-walking-dead HTTP/1.1" 200 9671 "-" "Mozilla/5.0 (compatible; SemrushBot/7~bl; +http://www.semrush.com/bot.html)"
185.191.171.16 - - [25/Nov/2025:13:25:59 +0100] "GET /platby/aohwuyx/helichrysum-italicum-seeds HTTP/1.1" 200 12747 "-" "Mozilla/5.0 (compatible; SemrushBot/7~bl; +http://www.semrush.com/bot.html)"
185.191.171.12 - - [25/Nov/2025:13:26:06 +0100] "GET /platby/uwoy9/quotes-about-opinions-and-judgement HTTP/1.1" 200 16396 "-" "Mozilla/5.0 (compatible; SemrushBot/7~bl; +http://www.semrush.com/bot.html)"
185.191.171.12 - - [25/Nov/2025:13:27:10 +0100] "GET /platby/uwoy9/problems-in-teaching-listening-and-speaking HTTP/1.1" 200 10463 "-" "Mozilla/5.0 (compatible; SemrushBot/7~bl; +http://www.semrush.com/bot.html)"
185.191.171.18 - - [25/Nov/2025:13:28:17 +0100] "GET /platby/uwoy9/confluence-table-of-contents-anchors HTTP/1.1" 200 10213 "-" "Mozilla/5.0 (compatible; SemrushBot/7~bl; +http://www.semrush.com/bot.html)"
185.191.171.1 - - [25/Nov/2025:13:28:19 +0100] "GET /platby/aohwuyx/raci-matrix-for-agile-projects HTTP/1.1" 200 8265 "-" "Mozilla/5.0 (compatible; SemrushBot/7~bl; +http://www.semrush.com/bot.html)"
185.191.171.12 - - [25/Nov/2025:13:28:21 +0100] "GET /platby/hca/tuff-country-upper-control-arms---20935 HTTP/1.1" 200 7344 "-" "Mozilla/5.0 (compatible; SemrushBot/7~bl; +http://www.semrush.com/bot.html)"
185.191.171.18 - - [25/Nov/2025:13:28:23 +0100] "GET /platby/hca/empowerment-theory-and-practice HTTP/1.1" 200 9440 "-" "Mozilla/5.0 (compatible; SemrushBot/7~bl; +http://www.semrush.com/bot.html)"
114.119.149.2 - - [25/Nov/2025:13:28:28 +0100] "GET /platby/article.php?5d4c26=penalty-for-driving-without-a-license-wa HTTP/1.1" 200 4992 "http://ispc.klape.eu/platby/article.php?5d4c26=my-amazing-boyfriend-ending" "Mozilla/5.0 (Linux; Android 7.0;) AppleWebKit/537.36 (KHTML, like Gecko) Mobile Safari/537.36 (compatible; PetalBot;+https://webmaster.petalsearch.com/site/petalbot)"
185.191.171.10 - - [25/Nov/2025:13:28:35 +0100] "GET /platby/qqap/emotionally-scarred-clean HTTP/1.1" 200 9957 "-" "Mozilla/5.0 (compatible; SemrushBot/7~bl; +http://www.semrush.com/bot.html)"
85.208.96.195 - - [25/Nov/2025:13:29:01 +0100] "GET /platby/72zbxoz/kids-bedroom-sets-ikea HTTP/1.1" 200 12249 "-" "Mozilla/5.0 (compatible; SemrushBot/7~bl; +http://www.semrush.com/bot.html)"
85.208.96.195 - - [25/Nov/2025:13:29:34 +0100] "GET /platby/72zbxoz/gulf-gate-elementary-school-rating HTTP/1.1" 200 9175 "-" "Mozilla/5.0 (compatible; SemrushBot/7~bl; +http://www.semrush.com/bot.html)"
185.191.171.16 - - [25/Nov/2025:13:29:36 +0100] "GET /platby/qqap/confederal-government-examples HTTP/1.1" 200 12153 "-" "Mozilla/5.0 (compatible; SemrushBot/7~bl; +http://www.semrush.com/bot.html)"
85.208.96.195 - - [25/Nov/2025:13:29:48 +0100] "GET /platby/uwoy9/never-surrender-all-good-things HTTP/1.1" 200 9993 "-" "Mozilla/5.0 (compatible; SemrushBot/7~bl; +http://www.semrush.com/bot.html)"
85.208.96.206 - - [25/Nov/2025:13:30:11 +0100] "GET /platby/uwoy9/sc-forestry-commission-directory HTTP/1.1" 200 12443 "-" "Mozilla/5.0 (compatible; SemrushBot/7~bl; +http://www.semrush.com/bot.html)"
85.208.96.205 - - [25/Nov/2025:13:30:47 +0100] "GET /platby/72zbxoz/diimide-reduction-slideshare HTTP/1.1" 200 12369 "-" "Mozilla/5.0 (compatible; SemrushBot/7~bl; +http://www.semrush.com/bot.html)"
205.210.31.164 - - [25/Nov/2025:13:31:10 +0100] "\x16\x03\x01\x01\x13\x01" 403 265 "-" "-"
205.210.31.164 - - [25/Nov/2025:13:31:10 +0100] "\x16\x03\x01" 403 265 "-" "-"
185.191.171.4 - - [25/Nov/2025:13:31:12 +0100] "GET /platby/hca/ormat-technologies-israel HTTP/1.1" 200 9004 "-" "Mozilla/5.0 (compatible; SemrushBot/7~bl; +http://www.semrush.com/bot.html)"
85.208.96.199 - - [25/Nov/2025:13:31:30 +0100] "GET /platby/hca/youth-baseball-camps-near-me-2021 HTTP/1.1" 200 7492 "-" "Mozilla/5.0 (compatible; SemrushBot/7~bl; +http://www.semrush.com/bot.html)"
85.208.96.204 - - [25/Nov/2025:13:32:00 +0100] "GET /platby/uwoy9/winter-challenge-program-in-python HTTP/1.1" 200 9349 "-" "Mozilla/5.0 (compatible; SemrushBot/7~bl; +http://www.semrush.com/bot.html)"
185.191.171.1 - - [25/Nov/2025:13:32:17 +0100] "GET /platby/hca/cisco-1-place-to-work-2021 HTTP/1.1" 200 5481 "-" "Mozilla/5.0 (compatible; SemrushBot/7~bl; +http://www.semrush.com/bot.html)"
85.208.96.197 - - [25/Nov/2025:13:32:21 +0100] "GET /platby/hca/baphomet-band-germany HTTP/1.1" 200 14242 "-" "Mozilla/5.0 (compatible; SemrushBot/7~bl; +http://www.semrush.com/bot.html)"
185.191.171.14 - - [25/Nov/2025:13:32:25 +0100] "GET /platby/hca/space-vehicle-mechanisms:-elements-of-successful-design-pdf HTTP/1.1" 200 7096 "-" "Mozilla/5.0 (compatible; SemrushBot/7~bl; +http://www.semrush.com/bot.html)"
185.191.171.10 - - [25/Nov/2025:13:32:28 +0100] "GET /platby/qqap/laurel-holloman-angel HTTP/1.1" 200 10593 "-" "Mozilla/5.0 (compatible; SemrushBot/7~bl; +http://www.semrush.com/bot.html)"
185.191.171.13 - - [25/Nov/2025:13:33:32 +0100] "GET /platby/72zbxoz/jack-carr-tv-series-release-date HTTP/1.1" 200 13294 "-" "Mozilla/5.0 (compatible; SemrushBot/7~bl; +http://www.semrush.com/bot.html)"
185.191.171.15 - - [25/Nov/2025:13:33:41 +0100] "GET /platby/qqap/how-old-was-wilt-chamberlain-when-he-died HTTP/1.1" 200 12177 "-" "Mozilla/5.0 (compatible; SemrushBot/7~bl; +http://www.semrush.com/bot.html)"
85.208.96.202 - - [25/Nov/2025:13:34:00 +0100] "GET /platby/qqap/prediction-sydney-fc-western-united HTTP/1.1" 200 7592 "-" "Mozilla/5.0 (compatible; SemrushBot/7~bl; +http://www.semrush.com/bot.html)"
85.208.96.195 - - [25/Nov/2025:13:34:04 +0100] "GET /platby/aohwuyx/reading-eagle-editorials HTTP/1.1" 200 10049 "-" "Mozilla/5.0 (compatible; SemrushBot/7~bl; +http://www.semrush.com/bot.html)"
85.208.96.202 - - [25/Nov/2025:13:34:10 +0100] "GET /platby/uwoy9/kinda-faded-but-i-feel-alright HTTP/1.1" 200 11927 "-" "Mozilla/5.0 (compatible; SemrushBot/7~bl; +http://www.semrush.com/bot.html)"
171.79.59.55 - - [25/Nov/2025:13:34:17 +0100] "\x16\x03\x01\x01\xb6\x01" 403 265 "-" "-"
171.79.59.55 - - [25/Nov/2025:13:34:17 +0100] "\x16\x03\x03" 403 265 "-" "-"
185.191.171.12 - - [25/Nov/2025:13:34:26 +0100] "GET /platby/uwoy9/diversity,-equity-and-inclusion-survey HTTP/1.1" 200 10935 "-" "Mozilla/5.0 (compatible; SemrushBot/7~bl; +http://www.semrush.com/bot.html)"
49.36.127.189 - - [25/Nov/2025:13:34:39 +0100] "\x16\x03\x01\x01\xb5\x01" 403 265 "-" "-"
49.36.127.189 - - [25/Nov/2025:13:34:39 +0100] "\x16\x03\x03" 403 265 "-" "-"
85.208.96.199 - - [25/Nov/2025:13:35:02 +0100] "GET /platby/qqap/business-partner-taking-money-without-permission HTTP/1.1" 200 10118 "-" "Mozilla/5.0 (compatible; SemrushBot/7~bl; +http://www.semrush.com/bot.html)"
185.191.171.16 - - [25/Nov/2025:13:35:23 +0100] "GET /platby/72zbxoz/champion-knicks-sweatshirt HTTP/1.1" 200 13503 "-" "Mozilla/5.0 (compatible; SemrushBot/7~bl; +http://www.semrush.com/bot.html)"
175.43.123.103 - - [25/Nov/2025:13:35:54 +0100] "POST /GponForm/diag_Form?style/ HTTP/1.1" 400 230 "-" "Hello, World"
185.191.171.2 - - [25/Nov/2025:13:36:13 +0100] "GET /platby/72zbxoz/oday-aboushi-madden-rating HTTP/1.1" 200 12037 "-" "Mozilla/5.0 (compatible; SemrushBot/7~bl; +http://www.semrush.com/bot.html)"
185.191.171.13 - - [25/Nov/2025:13:36:22 +0100] "GET /platby/aohwuyx/cypress-creek-land-company HTTP/1.1" 200 7761 "-" "Mozilla/5.0 (compatible; SemrushBot/7~bl; +http://www.semrush.com/bot.html)"
85.208.96.199 - - [25/Nov/2025:13:36:54 +0100] "GET /platby/uwoy9/basis-international-school-bangkok-jobs HTTP/1.1" 200 13793 "-" "Mozilla/5.0 (compatible; SemrushBot/7~bl; +http://www.semrush.com/bot.html)"
85.208.96.204 - - [25/Nov/2025:13:36:56 +0100] "GET /platby/72zbxoz/comic-sans-alternative-google-fonts HTTP/1.1" 200 9688 "-" "Mozilla/5.0 (compatible; SemrushBot/7~bl; +http://www.semrush.com/bot.html)"
185.191.171.2 - - [25/Nov/2025:13:36:59 +0100] "GET /platby/qqap/virginia-soccer-id-camp-2021 HTTP/1.1" 200 8409 "-" "Mozilla/5.0 (compatible; SemrushBot/7~bl; +http://www.semrush.com/bot.html)"
85.208.96.194 - - [25/Nov/2025:13:37:15 +0100] "GET /platby/uwoy9/brandon-phillips-2020 HTTP/1.1" 200 12708 "-" "Mozilla/5.0 (compatible; SemrushBot/7~bl; +http://www.semrush.com/bot.html)"
185.191.171.14 - - [25/Nov/2025:13:37:17 +0100] "GET /platby/hca/sleepaway-camp-angela HTTP/1.1" 200 13058 "-" "Mozilla/5.0 (compatible; SemrushBot/7~bl; +http://www.semrush.com/bot.html)"
204.76.203.206 - - [25/Nov/2025:13:37:48 +0100] "GET /" 400 468 "-" "-"
185.191.171.10 - - [25/Nov/2025:13:38:02 +0100] "GET /platby/72zbxoz/african-american-art-museum HTTP/1.1" 200 7969 "-" "Mozilla/5.0 (compatible; SemrushBot/7~bl; +http://www.semrush.com/bot.html)"
85.208.96.198 - - [25/Nov/2025:13:38:04 +0100] "GET /platby/aohwuyx/reasons-why-opposites-attract HTTP/1.1" 200 9261 "-" "Mozilla/5.0 (compatible; SemrushBot/7~bl; +http://www.semrush.com/bot.html)"
85.208.96.197 - - [25/Nov/2025:13:38:20 +0100] "GET /platby/aohwuyx/outlaw-josey-wales-cast HTTP/1.1" 200 11038 "-" "Mozilla/5.0 (compatible; SemrushBot/7~bl; +http://www.semrush.com/bot.html)"
147.185.132.45 - - [25/Nov/2025:13:38:33 +0100] "GET /" 400 468 "-" "-"
185.191.171.1 - - [25/Nov/2025:13:39:05 +0100] "GET /platby/qqap/umaine-hockey-roster-2016 HTTP/1.1" 200 12305 "-" "Mozilla/5.0 (compatible; SemrushBot/7~bl; +http://www.semrush.com/bot.html)"
185.191.171.2 - - [25/Nov/2025:13:39:22 +0100] "GET /platby/qqap/diversity-education-task-force HTTP/1.1" 200 5715 "-" "Mozilla/5.0 (compatible; SemrushBot/7~bl; +http://www.semrush.com/bot.html)"
185.191.171.15 - - [25/Nov/2025:13:39:30 +0100] "GET /platby/qqap/market-analysis-of-solar-panels HTTP/1.1" 200 5230 "-" "Mozilla/5.0 (compatible; SemrushBot/7~bl; +http://www.semrush.com/bot.html)"
204.76.203.206 - - [25/Nov/2025:13:39:46 +0100] "GET / HTTP/1.1" 200 316 "-" "Mozilla/5.0 (Windows NT 10.0; Win64; x64) AppleWebKit/537.36 (KHTML, like Gecko) Chrome/90.0.4430.85 Safari/537.36 Edg/90.0.818.46"
85.208.96.194 - - [25/Nov/2025:13:40:28 +0100] "GET /platby/aohwuyx/what-percentage-of-hospitals-are-religious HTTP/1.1" 200 14200 "-" "Mozilla/5.0 (compatible; SemrushBot/7~bl; +http://www.semrush.com/bot.html)"
85.208.96.193 - - [25/Nov/2025:13:40:41 +0100] "GET /platby/uwoy9/medgar-evers-early-life HTTP/1.1" 200 8990 "-" "Mozilla/5.0 (compatible; SemrushBot/7~bl; +http://www.semrush.com/bot.html)"
85.208.96.198 - - [25/Nov/2025:13:40:47 +0100] "GET /platby/hca/trevor-lawrence-signing-bonus HTTP/1.1" 200 7195 "-" "Mozilla/5.0 (compatible; SemrushBot/7~bl; +http://www.semrush.com/bot.html)"
185.191.171.13 - - [25/Nov/2025:13:40:52 +0100] "GET /platby/72zbxoz/how-to-turn-on-wireless-charging-oppo-a9-2020 HTTP/1.1" 200 8112 "-" "Mozilla/5.0 (compatible; SemrushBot/7~bl; +http://www.semrush.com/bot.html)"
85.208.96.207 - - [25/Nov/2025:13:41:03 +0100] "GET /platby/qqap/hyperbole-presentation HTTP/1.1" 200 6400 "-" "Mozilla/5.0 (compatible; SemrushBot/7~bl; +http://www.semrush.com/bot.html)"
185.191.171.18 - - [25/Nov/2025:13:41:09 +0100] "GET /platby/hca/affordable-italian-jewelry-brands HTTP/1.1" 200 7676 "-" "Mozilla/5.0 (compatible; SemrushBot/7~bl; +http://www.semrush.com/bot.html)"
85.208.96.198 - - [25/Nov/2025:13:41:48 +0100] "GET /platby/aohwuyx/princeton-university-strategic-plan HTTP/1.1" 200 9052 "-" "Mozilla/5.0 (compatible; SemrushBot/7~bl; +http://www.semrush.com/bot.html)"
85.208.96.200 - - [25/Nov/2025:13:41:56 +0100] "GET /platby/hca/the-national-archives-museum HTTP/1.1" 200 10002 "-" "Mozilla/5.0 (compatible; SemrushBot/7~bl; +http://www.semrush.com/bot.html)"
185.191.171.14 - - [25/Nov/2025:13:42:16 +0100] "GET /platby/72zbxoz/my-engineer-2-release-date HTTP/1.1" 200 13971 "-" "Mozilla/5.0 (compatible; SemrushBot/7~bl; +http://www.semrush.com/bot.html)"
185.191.171.12 - - [25/Nov/2025:13:42:36 +0100] "GET /platby/hca/brandeis-alumni-directory HTTP/1.1" 200 10092 "-" "Mozilla/5.0 (compatible; SemrushBot/7~bl; +http://www.semrush.com/bot.html)"
185.191.171.5 - - [25/Nov/2025:13:43:03 +0100] "GET /platby/aohwuyx/vacation-rentals-calumet,-mi HTTP/1.1" 200 12907 "-" "Mozilla/5.0 (compatible; SemrushBot/7~bl; +http://www.semrush.com/bot.html)"
85.208.96.210 - - [25/Nov/2025:13:43:34 +0100] "GET /platby/uwoy9/arizona-cardinals-tickets HTTP/1.1" 200 11003 "-" "Mozilla/5.0 (compatible; SemrushBot/7~bl; +http://www.semrush.com/bot.html)"
85.208.96.204 - - [25/Nov/2025:13:44:30 +0100] "GET /platby/hca/do-they-know-it's-christmas%3F HTTP/1.1" 200 10566 "-" "Mozilla/5.0 (compatible; SemrushBot/7~bl; +http://www.semrush.com/bot.html)"
195.177.94.189 - - [25/Nov/2025:13:45:02 +0100] "GET /phpmyadmin/scripts/setup.php HTTP/1.1" 200 11106 "-" "Mozilla/4.0 (compatible; MSIE 6.0; MSIE 5.5; Windows NT 5.1) Opera 7.01 [en]"
195.177.94.189 - - [25/Nov/2025:13:45:02 +0100] "POST /phpmyadmin/scripts/setup.php HTTP/1.1" 200 18608 "http://109.105.49.240:8081/phpmyadmin/scripts/setup.php" "Mozilla/4.0 (compatible; MSIE 6.0; MSIE 5.5; Windows NT 5.1) Opera 7.01 [en]"
85.208.96.205 - - [25/Nov/2025:13:45:12 +0100] "GET /platby/aohwuyx/what-is-joseph-campbell-famous-for HTTP/1.1" 200 8374 "-" "Mozilla/5.0 (compatible; SemrushBot/7~bl; +http://www.semrush.com/bot.html)"
85.208.96.200 - - [25/Nov/2025:13:45:13 +0100] "GET /platby/qqap/fingerprint-pattern-app-lock HTTP/1.1" 200 6431 "-" "Mozilla/5.0 (compatible; SemrushBot/7~bl; +http://www.semrush.com/bot.html)"
185.191.171.19 - - [25/Nov/2025:13:45:21 +0100] "GET /platby/aohwuyx/qemu-manager-portable HTTP/1.1" 200 8658 "-" "Mozilla/5.0 (compatible; SemrushBot/7~bl; +http://www.semrush.com/bot.html)"
185.191.171.11 - - [25/Nov/2025:13:45:23 +0100] "GET /platby/hca/leather-jacket-manufacturers-in-south-africa HTTP/1.1" 200 6977 "-" "Mozilla/5.0 (compatible; SemrushBot/7~bl; +http://www.semrush.com/bot.html)"
85.208.96.193 - - [25/Nov/2025:13:45:25 +0100] "GET /platby/uwoy9/unconscious-bias-in-schools-sparknotes HTTP/1.1" 200 14813 "-" "Mozilla/5.0 (compatible; SemrushBot/7~bl; +http://www.semrush.com/bot.html)"
85.208.96.206 - - [25/Nov/2025:13:45:27 +0100] "GET /platby/hca/angry-reactions-real-name HTTP/1.1" 200 10881 "-" "Mozilla/5.0 (compatible; SemrushBot/7~bl; +http://www.semrush.com/bot.html)"
185.191.171.19 - - [25/Nov/2025:13:45:29 +0100] "GET /platby/aohwuyx/apostrophe-on-keyboard-not-working HTTP/1.1" 200 10407 "-" "Mozilla/5.0 (compatible; SemrushBot/7~bl; +http://www.semrush.com/bot.html)"
185.191.171.12 - - [25/Nov/2025:13:45:59 +0100] "GET /platby/aohwuyx/think-acronym-mental-health HTTP/1.1" 200 13086 "-" "Mozilla/5.0 (compatible; SemrushBot/7~bl; +http://www.semrush.com/bot.html)"
85.208.96.205 - - [25/Nov/2025:13:46:00 +0100] "GET /platby/uwoy9/steelers-playoffs-2021 HTTP/1.1" 200 7886 "-" "Mozilla/5.0 (compatible; SemrushBot/7~bl; +http://www.semrush.com/bot.html)"
85.208.96.197 - - [25/Nov/2025:13:46:15 +0100] "GET /platby/uwoy9/montana-state-football-schedule-2021 HTTP/1.1" 200 9780 "-" "Mozilla/5.0 (compatible; SemrushBot/7~bl; +http://www.semrush.com/bot.html)"
195.177.94.189 - - [25/Nov/2025:13:46:15 +0100] "GET /phpmyadmin/scripts/setup.php HTTP/1.1" 200 11105 "-" "Mozilla/4.0 (compatible; MSIE 6.0; MSIE 5.5; Windows NT 5.1) Opera 7.01 [en]"
195.177.94.189 - - [25/Nov/2025:13:46:15 +0100] "POST /phpmyadmin/scripts/setup.php HTTP/1.1" 200 18608 "http://109.105.49.240:443/phpmyadmin/scripts/setup.php" "Mozilla/4.0 (compatible; MSIE 6.0; MSIE 5.5; Windows NT 5.1) Opera 7.01 [en]"
85.208.96.200 - - [25/Nov/2025:13:46:19 +0100] "GET /platby/qqap/amari-rodgers-college-stats HTTP/1.1" 200 9115 "-" "Mozilla/5.0 (compatible; SemrushBot/7~bl; +http://www.semrush.com/bot.html)"
185.191.171.19 - - [25/Nov/2025:13:47:36 +0100] "GET /platby/72zbxoz/simba-vs-kaizer-chiefs-broadcast HTTP/1.1" 200 9480 "-" "Mozilla/5.0 (compatible; SemrushBot/7~bl; +http://www.semrush.com/bot.html)"
204.76.203.212 - - [25/Nov/2025:13:47:57 +0100] "GET /" 400 468 "-" "-"
85.208.96.207 - - [25/Nov/2025:13:48:01 +0100] "GET /platby/hca/best-cheap-cb-fifa-21-ultimate-team-premier-league HTTP/1.1" 200 5997 "-" "Mozilla/5.0 (compatible; SemrushBot/7~bl; +http://www.semrush.com/bot.html)"
185.191.171.1 - - [25/Nov/2025:13:48:37 +0100] "GET /platby/qqap/sodexo-malaysia-career HTTP/1.1" 200 12086 "-" "Mozilla/5.0 (compatible; SemrushBot/7~bl; +http://www.semrush.com/bot.html)"
146.190.243.69 - - [25/Nov/2025:13:48:54 +0100] "\x16\x03\x01\x02" 403 265 "-" "-"
185.191.171.16 - - [25/Nov/2025:13:48:54 +0100] "GET /platby/aohwuyx/saitama-serious-punch-gif HTTP/1.1" 200 7797 "-" "Mozilla/5.0 (compatible; SemrushBot/7~bl; +http://www.semrush.com/bot.html)"
185.191.171.11 - - [25/Nov/2025:13:49:05 +0100] "GET /platby/qqap/2021-dynasty-football-stashes HTTP/1.1" 200 5754 "-" "Mozilla/5.0 (compatible; SemrushBot/7~bl; +http://www.semrush.com/bot.html)"
85.208.96.202 - - [25/Nov/2025:13:49:07 +0100] "GET /platby/aohwuyx/best-fat-burner-supplements-australia HTTP/1.1" 200 12135 "-" "Mozilla/5.0 (compatible; SemrushBot/7~bl; +http://www.semrush.com/bot.html)"
66.249.79.233 - - [25/Nov/2025:13:49:25 +0100] "\x16\x03\x01\x02" 403 265 "-" "-"
185.191.171.12 - - [25/Nov/2025:13:49:39 +0100] "GET /platby/qqap/independent-schools-guide-2021 HTTP/1.1" 200 10816 "-" "Mozilla/5.0 (compatible; SemrushBot/7~bl; +http://www.semrush.com/bot.html)"
85.208.96.194 - - [25/Nov/2025:13:49:42 +0100] "GET /platby/qqap/laser-tattoo-removal-before-and-after-pictures HTTP/1.1" 200 6755 "-" "Mozilla/5.0 (compatible; SemrushBot/7~bl; +http://www.semrush.com/bot.html)"
85.208.96.203 - - [25/Nov/2025:13:50:09 +0100] "GET /platby/qqap/yohji-yamamoto-menswear-2021 HTTP/1.1" 200 6209 "-" "Mozilla/5.0 (compatible; SemrushBot/7~bl; +http://www.semrush.com/bot.html)"
185.191.171.6 - - [25/Nov/2025:13:50:17 +0100] "GET /platby/uwoy9/american-quarter-horse-association-phone-number HTTP/1.1" 200 8874 "-" "Mozilla/5.0 (compatible; SemrushBot/7~bl; +http://www.semrush.com/bot.html)"
47.128.96.161 - - [25/Nov/2025:13:50:24 +0100] "\x16\x03\x01\x05\xd7\x01" 403 265 "-" "-"
85.208.96.200 - - [25/Nov/2025:13:50:44 +0100] "GET /platby/uwoy9/why-is-the-department-of-energy-important HTTP/1.1" 200 12550 "-" "Mozilla/5.0 (compatible; SemrushBot/7~bl; +http://www.semrush.com/bot.html)"
185.191.171.5 - - [25/Nov/2025:13:51:44 +0100] "GET /platby/uwoy9/covington-police-activity-today HTTP/1.1" 200 10279 "-" "Mozilla/5.0 (compatible; SemrushBot/7~bl; +http://www.semrush.com/bot.html)"
85.208.96.198 - - [25/Nov/2025:13:51:54 +0100] "GET /platby/hca/serbia-basketball-team-2021 HTTP/1.1" 200 10384 "-" "Mozilla/5.0 (compatible; SemrushBot/7~bl; +http://www.semrush.com/bot.html)"
185.191.171.18 - - [25/Nov/2025:13:51:55 +0100] "GET /platby/qqap/burndown-chart-generator HTTP/1.1" 200 5960 "-" "Mozilla/5.0 (compatible; SemrushBot/7~bl; +http://www.semrush.com/bot.html)"
185.191.171.4 - - [25/Nov/2025:13:52:59 +0100] "GET /platby/hca/davenport-master's-programs HTTP/1.1" 200 10062 "-" "Mozilla/5.0 (compatible; SemrushBot/7~bl; +http://www.semrush.com/bot.html)"
85.208.96.203 - - [25/Nov/2025:13:53:03 +0100] "GET /platby/uwoy9/mountain-laurel-poisonous HTTP/1.1" 200 9564 "-" "Mozilla/5.0 (compatible; SemrushBot/7~bl; +http://www.semrush.com/bot.html)"
185.191.171.11 - - [25/Nov/2025:13:53:14 +0100] "GET /platby/aohwuyx/reese's-peanut-butter-cups HTTP/1.1" 200 9406 "-" "Mozilla/5.0 (compatible; SemrushBot/7~bl; +http://www.semrush.com/bot.html)"
37.114.50.18 - - [25/Nov/2025:13:53:23 +0100] "\x16\x03\x02" 403 265 "-" "-"
37.114.50.18 - - [25/Nov/2025:13:53:23 +0100] "\x16\x03\x02" 403 265 "-" "-"
37.114.50.18 - - [25/Nov/2025:13:53:23 +0100] "\x16\x03\x02" 403 265 "-" "-"
185.220.101.186 - - [25/Nov/2025:13:53:48 +0100] "\x16\x03\x01\x01\b\x01" 403 265 "-" "-"
85.208.96.208 - - [25/Nov/2025:13:54:00 +0100] "GET /platby/hca/barry-mcgovern-game-of-thrones HTTP/1.1" 200 11673 "-" "Mozilla/5.0 (compatible; SemrushBot/7~bl; +http://www.semrush.com/bot.html)"
85.208.96.210 - - [25/Nov/2025:13:54:02 +0100] "GET /platby/hca/friday-the-13th:-killer-puzzle HTTP/1.1" 200 6105 "-" "Mozilla/5.0 (compatible; SemrushBot/7~bl; +http://www.semrush.com/bot.html)"
85.208.96.204 - - [25/Nov/2025:13:54:04 +0100] "GET /platby/72zbxoz/naphat-chalermphonphakdee HTTP/1.1" 200 11830 "-" "Mozilla/5.0 (compatible; SemrushBot/7~bl; +http://www.semrush.com/bot.html)"
185.191.171.10 - - [25/Nov/2025:13:54:05 +0100] "GET /platby/72zbxoz/cincinnati-tattoo-convention HTTP/1.1" 200 10250 "-" "Mozilla/5.0 (compatible; SemrushBot/7~bl; +http://www.semrush.com/bot.html)"
185.191.171.11 - - [25/Nov/2025:13:54:27 +0100] "GET /platby/uwoy9/renewable-energy-projects-2021 HTTP/1.1" 200 9263 "-" "Mozilla/5.0 (compatible; SemrushBot/7~bl; +http://www.semrush.com/bot.html)"
185.191.171.13 - - [25/Nov/2025:13:54:55 +0100] "GET /platby/hca/ffa-cup-victoria-2021-results HTTP/1.1" 200 11017 "-" "Mozilla/5.0 (compatible; SemrushBot/7~bl; +http://www.semrush.com/bot.html)"
85.208.96.211 - - [25/Nov/2025:13:56:10 +0100] "GET /robots.txt HTTP/1.1" 200 54 "-" "Mozilla/5.0 (compatible; SemrushBot/7~bl; +http://www.semrush.com/bot.html)"
85.208.96.193 - - [25/Nov/2025:13:56:11 +0100] "GET /platby/72zbxoz/how-many-rings-does-tony-parker-have HTTP/1.1" 200 15201 "-" "Mozilla/5.0 (compatible; SemrushBot/7~bl; +http://www.semrush.com/bot.html)"
85.208.96.194 - - [25/Nov/2025:13:56:39 +0100] "GET /platby/uwoy9/samsung-a71-camera-blurry HTTP/1.1" 200 13737 "-" "Mozilla/5.0 (compatible; SemrushBot/7~bl; +http://www.semrush.com/bot.html)"
185.191.171.5 - - [25/Nov/2025:13:56:58 +0100] "GET /platby/hca/agro-processing-industry-in-ghana HTTP/1.1" 200 10419 "-" "Mozilla/5.0 (compatible; SemrushBot/7~bl; +http://www.semrush.com/bot.html)"
85.208.96.196 - - [25/Nov/2025:13:57:04 +0100] "GET /platby/aohwuyx/all-good-everything-merch HTTP/1.1" 200 10777 "-" "Mozilla/5.0 (compatible; SemrushBot/7~bl; +http://www.semrush.com/bot.html)"
85.208.96.193 - - [25/Nov/2025:13:57:32 +0100] "GET /platby/qqap/wedding-cake-frosting-types HTTP/1.1" 200 7367 "-" "Mozilla/5.0 (compatible; SemrushBot/7~bl; +http://www.semrush.com/bot.html)"
185.191.171.19 - - [25/Nov/2025:13:57:42 +0100] "GET /platby/uwoy9/alchemilla-vulgaris-seeds HTTP/1.1" 200 8347 "-" "Mozilla/5.0 (compatible; SemrushBot/7~bl; +http://www.semrush.com/bot.html)"
204.76.203.206 - - [25/Nov/2025:13:57:51 +0100] "GET /" 400 468 "-" "-"
85.208.96.196 - - [25/Nov/2025:13:58:18 +0100] "GET /platby/qqap/when-will-alamo-drafthouse-reopen-2021 HTTP/1.1" 200 10567 "-" "Mozilla/5.0 (compatible; SemrushBot/7~bl; +http://www.semrush.com/bot.html)"
185.191.171.13 - - [25/Nov/2025:13:58:20 +0100] "GET /platby/hca/football-articles-2021 HTTP/1.1" 200 9753 "-" "Mozilla/5.0 (compatible; SemrushBot/7~bl; +http://www.semrush.com/bot.html)"
185.191.171.14 - - [25/Nov/2025:13:58:26 +0100] "GET /platby/uwoy9/native-shade-plants-ohio HTTP/1.1" 200 10239 "-" "Mozilla/5.0 (compatible; SemrushBot/7~bl; +http://www.semrush.com/bot.html)"
85.208.96.196 - - [25/Nov/2025:13:58:40 +0100] "GET /platby/aohwuyx/active-listening-test HTTP/1.1" 200 9529 "-" "Mozilla/5.0 (compatible; SemrushBot/7~bl; +http://www.semrush.com/bot.html)"
41.143.98.194 - - [25/Nov/2025:13:59:14 +0100] "\x16\x03\x01\x01\xb5\x01" 403 265 "-" "-"
41.143.98.194 - - [25/Nov/2025:13:59:14 +0100] "\x16\x03\x03" 403 265 "-" "-"
204.76.203.206 - - [25/Nov/2025:14:00:06 +0100] "GET / HTTP/1.1" 200 316 "-" "Mozilla/5.0 (Windows NT 10.0; Win64; x64) AppleWebKit/537.36 (KHTML, like Gecko) Chrome/90.0.4430.85 Safari/537.36 Edg/90.0.818.46"
85.208.96.209 - - [25/Nov/2025:14:00:22 +0100] "GET /platby/qqap/how-to-present-pdf-in-microsoft-teams-meeting HTTP/1.1" 200 8121 "-" "Mozilla/5.0 (compatible; SemrushBot/7~bl; +http://www.semrush.com/bot.html)"
114.119.128.6 - - [25/Nov/2025:14:00:24 +0100] "GET /platby/article.php?5d4c26=orpheus-tracker-interview HTTP/1.1" 200 5596 "http://ispc.klape.eu/platby/article.php?5d4c26=achtung-baby-book" "Mozilla/5.0 (Linux; Android 7.0;) AppleWebKit/537.36 (KHTML, like Gecko) Mobile Safari/537.36 (compatible; PetalBot;+https://webmaster.petalsearch.com/site/petalbot)"
85.208.96.203 - - [25/Nov/2025:14:01:23 +0100] "GET /platby/qqap/samsung-s8-plus-screen-replacement-cost HTTP/1.1" 200 10820 "-" "Mozilla/5.0 (compatible; SemrushBot/7~bl; +http://www.semrush.com/bot.html)"
185.191.171.1 - - [25/Nov/2025:14:01:24 +0100] "GET /platby/hca/colossus-of-rhodes-memorial HTTP/1.1" 200 12580 "-" "Mozilla/5.0 (compatible; SemrushBot/7~bl; +http://www.semrush.com/bot.html)"
85.208.96.212 - - [25/Nov/2025:14:01:37 +0100] "GET /platby/hca/we-belong-to-the-night-we-belong-together HTTP/1.1" 200 7087 "-" "Mozilla/5.0 (compatible; SemrushBot/7~bl; +http://www.semrush.com/bot.html)"
85.208.96.198 - - [25/Nov/2025:14:01:43 +0100] "GET /platby/qqap/wynn-poker-tournaments-:-2021 HTTP/1.1" 200 11213 "-" "Mozilla/5.0 (compatible; SemrushBot/7~bl; +http://www.semrush.com/bot.html)"
185.191.171.6 - - [25/Nov/2025:14:01:49 +0100] "GET /platby/hca/iit-madras-ms-aerospace-interview HTTP/1.1" 200 12700 "-" "Mozilla/5.0 (compatible; SemrushBot/7~bl; +http://www.semrush.com/bot.html)"
185.191.171.13 - - [25/Nov/2025:14:02:06 +0100] "GET /platby/aohwuyx/body-solid-exm-2000-manual HTTP/1.1" 200 12195 "-" "Mozilla/5.0 (compatible; SemrushBot/7~bl; +http://www.semrush.com/bot.html)"
185.191.171.14 - - [25/Nov/2025:14:02:11 +0100] "GET /platby/uwoy9/frog-cake-topper-party-city HTTP/1.1" 200 13841 "-" "Mozilla/5.0 (compatible; SemrushBot/7~bl; +http://www.semrush.com/bot.html)"
185.191.171.11 - - [25/Nov/2025:14:02:20 +0100] "GET /platby/uwoy9/sideways-double-initial-necklace HTTP/1.1" 200 12686 "-" "Mozilla/5.0 (compatible; SemrushBot/7~bl; +http://www.semrush.com/bot.html)"
85.208.96.210 - - [25/Nov/2025:14:02:27 +0100] "GET /platby/qqap/hookah-lounge-manhattan HTTP/1.1" 200 6873 "-" "Mozilla/5.0 (compatible; SemrushBot/7~bl; +http://www.semrush.com/bot.html)"
117.132.188.205 - - [25/Nov/2025:14:03:47 +0100] "\x16\x03\x03\x01\x8c\x01" 403 265 "-" "-"
85.208.96.206 - - [25/Nov/2025:14:04:03 +0100] "GET /platby/aohwuyx/jobs-in-charlotte,-nc-hiring-immediately HTTP/1.1" 200 12255 "-" "Mozilla/5.0 (compatible; SemrushBot/7~bl; +http://www.semrush.com/bot.html)"
185.191.171.8 - - [25/Nov/2025:14:04:28 +0100] "GET /platby/hca/best-foods-to-dehydrate-for-snacks HTTP/1.1" 200 8103 "-" "Mozilla/5.0 (compatible; SemrushBot/7~bl; +http://www.semrush.com/bot.html)"
43.166.7.113 - - [25/Nov/2025:14:04:33 +0100] "\x16\x03\x01\x05\xc2\x01" 403 265 "-" "-"
185.191.171.3 - - [25/Nov/2025:14:05:17 +0100] "GET /platby/hca/bliss-location-google-maps HTTP/1.1" 200 9648 "-" "Mozilla/5.0 (compatible; SemrushBot/7~bl; +http://www.semrush.com/bot.html)"
185.191.171.13 - - [25/Nov/2025:14:05:19 +0100] "GET /platby/qqap/pro-basketball-exposure-camps-2020 HTTP/1.1" 200 14244 "-" "Mozilla/5.0 (compatible; SemrushBot/7~bl; +http://www.semrush.com/bot.html)"
66.249.79.205 - - [25/Nov/2025:14:05:44 +0100] "\x16\x03\x01\x02" 403 265 "-" "-"
85.208.96.194 - - [25/Nov/2025:14:05:45 +0100] "GET /platby/uwoy9/how-old-was-dana-carvey-in-wayne's-world HTTP/1.1" 200 10260 "-" "Mozilla/5.0 (compatible; SemrushBot/7~bl; +http://www.semrush.com/bot.html)"
185.191.171.11 - - [25/Nov/2025:14:05:57 +0100] "GET /platby/qqap/steeplechase-park-today HTTP/1.1" 200 11598 "-" "Mozilla/5.0 (compatible; SemrushBot/7~bl; +http://www.semrush.com/bot.html)"
40.77.167.93 - - [25/Nov/2025:14:06:07 +0100] "\x16\x03\x01\x01_\x01" 403 265 "-" "-"
40.77.167.93 - - [25/Nov/2025:14:06:08 +0100] "\x16\x03\x03" 403 265 "-" "-"
40.77.167.93 - - [25/Nov/2025:14:06:08 +0100] "\x16\x03\x03" 403 265 "-" "-"
40.77.167.93 - - [25/Nov/2025:14:06:08 +0100] "\x16\x03\x01\x019\x01" 403 265 "-" "-"
85.208.96.200 - - [25/Nov/2025:14:06:26 +0100] "GET /platby/72zbxoz/project-scope-statement-pmp HTTP/1.1" 200 13076 "-" "Mozilla/5.0 (compatible; SemrushBot/7~bl; +http://www.semrush.com/bot.html)"
185.191.171.15 - - [25/Nov/2025:14:06:36 +0100] "GET /platby/uwoy9/special-relativity-resources HTTP/1.1" 200 10552 "-" "Mozilla/5.0 (compatible; SemrushBot/7~bl; +http://www.semrush.com/bot.html)"
85.208.96.193 - - [25/Nov/2025:14:09:00 +0100] "GET /platby/aohwuyx/jira-rest-api-example-cookie-based-authentication HTTP/1.1" 200 11651 "-" "Mozilla/5.0 (compatible; SemrushBot/7~bl; +http://www.semrush.com/bot.html)"
85.208.96.200 - - [25/Nov/2025:14:10:00 +0100] "GET /platby/hca/the-hundred-thousand-kingdoms-pdf HTTP/1.1" 200 10955 "-" "Mozilla/5.0 (compatible; SemrushBot/7~bl; +http://www.semrush.com/bot.html)"
185.191.171.6 - - [25/Nov/2025:14:10:04 +0100] "GET /platby/aohwuyx/five-functions-of-a-village HTTP/1.1" 200 8986 "-" "Mozilla/5.0 (compatible; SemrushBot/7~bl; +http://www.semrush.com/bot.html)"
85.208.96.210 - - [25/Nov/2025:14:10:31 +0100] "GET /platby/hca/actor-actors-from-kansas HTTP/1.1" 200 12165 "-" "Mozilla/5.0 (compatible; SemrushBot/7~bl; +http://www.semrush.com/bot.html)"
185.191.171.18 - - [25/Nov/2025:14:10:38 +0100] "GET /platby/aohwuyx/ritvik-sahore-web-series-list HTTP/1.1" 200 11826 "-" "Mozilla/5.0 (compatible; SemrushBot/7~bl; +http://www.semrush.com/bot.html)"
85.208.96.202 - - [25/Nov/2025:14:10:51 +0100] "GET /platby/uwoy9/garmin-forerunner-235-reset HTTP/1.1" 200 8666 "-" "Mozilla/5.0 (compatible; SemrushBot/7~bl; +http://www.semrush.com/bot.html)"
5.187.35.21 - - [25/Nov/2025:14:11:20 +0100] "GET /" 400 468 "-" "-"
185.191.171.15 - - [25/Nov/2025:14:13:06 +0100] "GET /platby/qqap/greater-celandine-cream HTTP/1.1" 200 12781 "-" "Mozilla/5.0 (compatible; SemrushBot/7~bl; +http://www.semrush.com/bot.html)"
85.208.96.201 - - [25/Nov/2025:14:13:56 +0100] "GET /platby/uwoy9/reclaim-the-block-donations-tax-deductible HTTP/1.1" 200 13851 "-" "Mozilla/5.0 (compatible; SemrushBot/7~bl; +http://www.semrush.com/bot.html)"
85.208.96.196 - - [25/Nov/2025:14:14:01 +0100] "GET /platby/aohwuyx/does-epic-games-own-rockstar-games HTTP/1.1" 200 12861 "-" "Mozilla/5.0 (compatible; SemrushBot/7~bl; +http://www.semrush.com/bot.html)"
85.208.96.207 - - [25/Nov/2025:14:14:04 +0100] "GET /platby/hca/what-is-the-state-tree-of-massachusetts HTTP/1.1" 200 10642 "-" "Mozilla/5.0 (compatible; SemrushBot/7~bl; +http://www.semrush.com/bot.html)"
46.13.218.28 - - [25/Nov/2025:14:14:28 +0100] "\x16\x03\x01\x01\x89\x01" 403 265 "-" "-"
185.191.171.5 - - [25/Nov/2025:14:14:39 +0100] "GET /platby/72zbxoz/jordan-4-sail-restock-2021 HTTP/1.1" 200 12534 "-" "Mozilla/5.0 (compatible; SemrushBot/7~bl; +http://www.semrush.com/bot.html)"
185.191.171.13 - - [25/Nov/2025:14:14:51 +0100] "GET /platby/qqap/http-basic-authentication-url HTTP/1.1" 200 7316 "-" "Mozilla/5.0 (compatible; SemrushBot/7~bl; +http://www.semrush.com/bot.html)"
40.77.167.93 - - [25/Nov/2025:14:15:10 +0100] "\x16\x03\x01\x01_\x01" 403 265 "-" "-"
40.77.167.93 - - [25/Nov/2025:14:15:10 +0100] "\x16\x03\x03" 403 265 "-" "-"
40.77.167.93 - - [25/Nov/2025:14:15:10 +0100] "\x16\x03\x03" 403 265 "-" "-"
40.77.167.93 - - [25/Nov/2025:14:15:11 +0100] "\x16\x03\x01\x019\x01" 403 265 "-" "-"
85.208.96.204 - - [25/Nov/2025:14:16:49 +0100] "GET /platby/qqap/jonathan-brown-website HTTP/1.1" 200 12946 "-" "Mozilla/5.0 (compatible; SemrushBot/7~bl; +http://www.semrush.com/bot.html)"
43.157.156.190 - - [25/Nov/2025:14:16:53 +0100] "GET / HTTP/1.1" 403 224 "-" "Mozilla/5.0 (iPhone; CPU iPhone OS 13_2_3 like Mac OS X) AppleWebKit/605.1.15 (KHTML, like Gecko) Version/13.0.3 Mobile/15E148 Safari/604.1"
185.191.171.6 - - [25/Nov/2025:14:17:31 +0100] "GET /platby/uwoy9/brain-enhancing-drugs-list HTTP/1.1" 200 11537 "-" "Mozilla/5.0 (compatible; SemrushBot/7~bl; +http://www.semrush.com/bot.html)"
85.208.96.210 - - [25/Nov/2025:14:17:41 +0100] "GET /platby/hca/kuali-financial-system-csu HTTP/1.1" 200 12905 "-" "Mozilla/5.0 (compatible; SemrushBot/7~bl; +http://www.semrush.com/bot.html)"
185.191.171.9 - - [25/Nov/2025:14:18:05 +0100] "GET /platby/qqap/is-liquid-hydrogen-dangerous HTTP/1.1" 200 5069 "-" "Mozilla/5.0 (compatible; SemrushBot/7~bl; +http://www.semrush.com/bot.html)"
185.191.171.15 - - [25/Nov/2025:14:18:12 +0100] "GET /platby/72zbxoz/grant-hill-scottie-pippen HTTP/1.1" 200 10525 "-" "Mozilla/5.0 (compatible; SemrushBot/7~bl; +http://www.semrush.com/bot.html)"
204.76.203.206 - - [25/Nov/2025:14:18:44 +0100] "GET /" 400 468 "-" "-"
185.191.171.14 - - [25/Nov/2025:14:19:08 +0100] "GET /platby/hca/least-popular-oxford-colleges HTTP/1.1" 200 8658 "-" "Mozilla/5.0 (compatible; SemrushBot/7~bl; +http://www.semrush.com/bot.html)"
185.191.171.12 - - [25/Nov/2025:14:19:43 +0100] "GET /platby/qqap/hybrid-electric-aircraft-propulsion HTTP/1.1" 200 6421 "-" "Mozilla/5.0 (compatible; SemrushBot/7~bl; +http://www.semrush.com/bot.html)"
204.76.203.206 - - [25/Nov/2025:14:20:55 +0100] "GET / HTTP/1.1" 200 316 "-" "Mozilla/5.0 (Windows NT 10.0; Win64; x64) AppleWebKit/537.36 (KHTML, like Gecko) Chrome/90.0.4430.85 Safari/537.36 Edg/90.0.818.46"
85.208.96.200 - - [25/Nov/2025:14:22:16 +0100] "GET /platby/uwoy9/the-voice-australia-judges-2019 HTTP/1.1" 200 12312 "-" "Mozilla/5.0 (compatible; SemrushBot/7~bl; +http://www.semrush.com/bot.html)"
85.208.96.206 - - [25/Nov/2025:14:22:38 +0100] "GET /platby/aohwuyx/gwinnett-county-school-board-meeting-5-20-21 HTTP/1.1" 200 10662 "-" "Mozilla/5.0 (compatible; SemrushBot/7~bl; +http://www.semrush.com/bot.html)"
85.208.96.197 - - [25/Nov/2025:14:22:44 +0100] "GET /platby/aohwuyx/alvin-and-the-chipmunks-5-release-date-2022 HTTP/1.1" 200 15518 "-" "Mozilla/5.0 (compatible; SemrushBot/7~bl; +http://www.semrush.com/bot.html)"
85.208.96.212 - - [25/Nov/2025:14:22:45 +0100] "GET /platby/uwoy9/dazed-and-confused-tie-dye-t-shirt HTTP/1.1" 200 14777 "-" "Mozilla/5.0 (compatible; SemrushBot/7~bl; +http://www.semrush.com/bot.html)"
85.208.96.211 - - [25/Nov/2025:14:23:35 +0100] "GET /platby/uwoy9/engineering-mechanics-statics-14th-edition-solutions-pdf HTTP/1.1" 200 10633 "-" "Mozilla/5.0 (compatible; SemrushBot/7~bl; +http://www.semrush.com/bot.html)"
80.76.59.4 - - [25/Nov/2025:14:25:00 +0100] "\x16\x03\x01\x01\xb6\x01" 403 265 "-" "-"
85.208.96.197 - - [25/Nov/2025:14:25:00 +0100] "GET /platby/qqap/how-to-tell-if-a-series-converges-or-diverges HTTP/1.1" 200 6703 "-" "Mozilla/5.0 (compatible; SemrushBot/7~bl; +http://www.semrush.com/bot.html)"
80.76.59.4 - - [25/Nov/2025:14:25:00 +0100] "\x16\x03\x03" 403 265 "-" "-"
98.89.29.83 - - [25/Nov/2025:14:25:03 +0100] "\x16\x03\x01\x01\x01\x01" 403 265 "-" "-"
3.145.39.210 - - [25/Nov/2025:14:25:52 +0100] "\x16\x03\x01\x02" 403 265 "-" "-"
3.145.39.210 - - [25/Nov/2025:14:25:54 +0100] "\x16\x03\x01\x02" 403 265 "-" "-"
3.145.39.210 - - [25/Nov/2025:14:25:58 +0100] "\x16\x03\x01\x07\x01\x01" 403 265 "-" "-"
3.145.39.210 - - [25/Nov/2025:14:25:58 +0100] "\x16\x03\x01\x07!\x01" 403 265 "-" "-"
3.145.39.210 - - [25/Nov/2025:14:25:58 +0100] "\x16\x03\x01\x07!\x01" 403 265 "-" "-"
3.145.39.210 - - [25/Nov/2025:14:25:58 +0100] "\x16\x03\x01\x06\xc1\x01" 403 265 "-" "-"
3.145.39.210 - - [25/Nov/2025:14:26:00 +0100] "\x16\x03\x01\x01E\x01" 403 265 "-" "-"
3.145.39.210 - - [25/Nov/2025:14:26:00 +0100] "\x16\x03\x01\x02" 403 265 "-" "-"
3.145.39.210 - - [25/Nov/2025:14:26:01 +0100] "\x16\x03\x01\x02" 403 265 "-" "-"
3.145.39.210 - - [25/Nov/2025:14:26:02 +0100] "\x16\x03\x01\x07!\x01" 403 265 "-" "-"
3.145.39.210 - - [25/Nov/2025:14:26:02 +0100] "\x16\x03\x01\x07\x01\x01" 403 265 "-" "-"
3.145.39.210 - - [25/Nov/2025:14:26:02 +0100] "\x16\x03\x01\x07\x01\x01" 403 265 "-" "-"
3.145.39.210 - - [25/Nov/2025:14:26:02 +0100] "\x16\x03\x01\x07!\x01" 403 265 "-" "-"
3.145.39.210 - - [25/Nov/2025:14:26:05 +0100] "\x16\x03\x01\x07\x01\x01" 403 265 "-" "-"
3.145.39.210 - - [25/Nov/2025:14:26:05 +0100] "\x16\x03\x01\x07\x01\x01" 403 265 "-" "-"
3.145.39.210 - - [25/Nov/2025:14:26:08 +0100] "\x16\x03\x01\x06\xe1\x01" 403 265 "-" "-"
3.145.39.210 - - [25/Nov/2025:14:26:09 +0100] "\x16\x03\x01\x06\xe1\x01" 403 265 "-" "-"
3.145.39.210 - - [25/Nov/2025:14:26:09 +0100] "\x16\x03\x01\x06\xc1\x01" 403 265 "-" "-"
3.145.39.210 - - [25/Nov/2025:14:26:09 +0100] "\x16\x03\x01\x07!\x01" 403 265 "-" "-"
85.208.96.208 - - [25/Nov/2025:14:26:11 +0100] "GET /platby/uwoy9/reggie-williams-nfl-stats HTTP/1.1" 200 10136 "-" "Mozilla/5.0 (compatible; SemrushBot/7~bl; +http://www.semrush.com/bot.html)"
3.145.39.210 - - [25/Nov/2025:14:26:12 +0100] "\x16\x03\x01\x06\xc1\x01" 403 265 "-" "-"
3.145.39.210 - - [25/Nov/2025:14:26:12 +0100] "\x16\x03\x01\x06\xe1\x01" 403 265 "-" "-"
3.145.39.210 - - [25/Nov/2025:14:26:17 +0100] "\x16\x03\x01\x06\xc1\x01" 403 265 "-" "-"
3.145.39.210 - - [25/Nov/2025:14:26:17 +0100] "\x16\x03\x01\x07\x01\x01" 403 265 "-" "-"
3.145.39.210 - - [25/Nov/2025:14:26:17 +0100] "\x16\x03\x01\x07!\x01" 403 265 "-" "-"
3.145.39.210 - - [25/Nov/2025:14:26:17 +0100] "\x16\x03\x01\x06\xc1\x01" 403 265 "-" "-"
185.191.171.6 - - [25/Nov/2025:14:26:20 +0100] "GET /platby/72zbxoz/samsung-s21-ultra-face-recognition-not-working HTTP/1.1" 200 9452 "-" "Mozilla/5.0 (compatible; SemrushBot/7~bl; +http://www.semrush.com/bot.html)"
3.145.39.210 - - [25/Nov/2025:14:26:20 +0100] "\x16\x03\x01\x06\xc1\x01" 403 265 "-" "-"
3.145.39.210 - - [25/Nov/2025:14:26:20 +0100] "\x16\x03\x01\x06\xe1\x01" 403 265 "-" "-"
3.145.39.210 - - [25/Nov/2025:14:26:20 +0100] "\x16\x03\x01\x06\xc1\x01" 403 265 "-" "-"
3.145.39.210 - - [25/Nov/2025:14:26:20 +0100] "\x16\x03\x01\x06\xc1\x01" 403 265 "-" "-"
3.145.39.210 - - [25/Nov/2025:14:26:24 +0100] "\x16\x03\x01\x06\xe1\x01" 403 265 "-" "-"
3.145.39.210 - - [25/Nov/2025:14:26:24 +0100] "\x16\x03\x01\x07\x01\x01" 403 265 "-" "-"
3.145.39.210 - - [25/Nov/2025:14:26:24 +0100] "\x16\x03\x01\x07\x01\x01" 403 265 "-" "-"
3.145.39.210 - - [25/Nov/2025:14:26:25 +0100] "\x16\x03\x01\x07!\x01" 403 265 "-" "-"
3.145.39.210 - - [25/Nov/2025:14:26:27 +0100] "\x16\x03\x01\x07\x01\x01" 403 265 "-" "-"
3.145.39.210 - - [25/Nov/2025:14:26:28 +0100] "\x16\x03\x01\x07\x01\x01" 403 265 "-" "-"
3.145.39.210 - - [25/Nov/2025:14:26:28 +0100] "\x16\x03\x01\x07!\x01" 403 265 "-" "-"
3.145.39.210 - - [25/Nov/2025:14:26:28 +0100] "\x16\x03\x01\x06\xe1\x01" 403 265 "-" "-"
3.145.39.210 - - [25/Nov/2025:14:26:31 +0100] "\x16\x03\x01\x07!\x01" 403 265 "-" "-"
3.145.39.210 - - [25/Nov/2025:14:26:31 +0100] "\x16\x03\x01\x06\xc1\x01" 403 265 "-" "-"
3.145.39.210 - - [25/Nov/2025:14:26:31 +0100] "\x16\x03\x01\x07\x01\x01" 403 265 "-" "-"
3.145.39.210 - - [25/Nov/2025:14:26:31 +0100] "\x16\x03\x01\x06\xc1\x01" 403 265 "-" "-"
3.145.39.210 - - [25/Nov/2025:14:26:34 +0100] "\x16\x03\x01\x07\x01\x01" 403 265 "-" "-"
3.145.39.210 - - [25/Nov/2025:14:26:34 +0100] "\x16\x03\x01\x07\x01\x01" 403 265 "-" "-"
3.145.39.210 - - [25/Nov/2025:14:26:34 +0100] "\x16\x03\x01\x07\x01\x01" 403 265 "-" "-"
3.145.39.210 - - [25/Nov/2025:14:26:35 +0100] "\x16\x03\x01\x06\xc1\x01" 403 265 "-" "-"
3.145.39.210 - - [25/Nov/2025:14:26:37 +0100] "\x16\x03\x01\x06\xe1\x01" 403 265 "-" "-"
3.145.39.210 - - [25/Nov/2025:14:26:37 +0100] "\x16\x03\x01\x07\x01\x01" 403 265 "-" "-"
3.145.39.210 - - [25/Nov/2025:14:26:37 +0100] "\x16\x03\x01\x06\xe1\x01" 403 265 "-" "-"
3.145.39.210 - - [25/Nov/2025:14:26:38 +0100] "\x16\x03\x01\x06\xc1\x01" 403 265 "-" "-"
3.145.39.210 - - [25/Nov/2025:14:26:41 +0100] "\x16\x03\x01\x07!\x01" 403 265 "-" "-"
3.145.39.210 - - [25/Nov/2025:14:26:41 +0100] "\x16\x03\x01\x06\xc1\x01" 403 265 "-" "-"
3.145.39.210 - - [25/Nov/2025:14:26:41 +0100] "\x16\x03\x01\x07!\x01" 403 265 "-" "-"
3.145.39.210 - - [25/Nov/2025:14:26:41 +0100] "\x16\x03\x01\x07\x01\x01" 403 265 "-" "-"
3.145.39.210 - - [25/Nov/2025:14:26:44 +0100] "\x16\x03\x01\x06\xc1\x01" 403 265 "-" "-"
3.145.39.210 - - [25/Nov/2025:14:26:44 +0100] "\x16\x03\x01\x07!\x01" 403 265 "-" "-"
3.145.39.210 - - [25/Nov/2025:14:26:44 +0100] "\x16\x03\x01\x06\xe1\x01" 403 265 "-" "-"
3.145.39.210 - - [25/Nov/2025:14:26:44 +0100] "\x16\x03\x01\x07\x01\x01" 403 265 "-" "-"
185.191.171.17 - - [25/Nov/2025:14:26:44 +0100] "GET /platby/hca/example-of-desire-in-economics HTTP/1.1" 200 11887 "-" "Mozilla/5.0 (compatible; SemrushBot/7~bl; +http://www.semrush.com/bot.html)"
3.145.39.210 - - [25/Nov/2025:14:26:47 +0100] "\x16\x03\x01\x07!\x01" 403 265 "-" "-"
3.145.39.210 - - [25/Nov/2025:14:26:47 +0100] "\x16\x03\x01\x07!\x01" 403 265 "-" "-"
3.145.39.210 - - [25/Nov/2025:14:26:50 +0100] "\x16\x03\x01\x07!\x01" 403 265 "-" "-"
3.145.39.210 - - [25/Nov/2025:14:26:51 +0100] "\x16\x03\x01\x06\xc1\x01" 403 265 "-" "-"
185.191.171.16 - - [25/Nov/2025:14:27:10 +0100] "GET /platby/uwoy9/manny-sanguillen-roberto-clemente HTTP/1.1" 200 13843 "-" "Mozilla/5.0 (compatible; SemrushBot/7~bl; +http://www.semrush.com/bot.html)"
185.191.171.12 - - [25/Nov/2025:14:27:34 +0100] "GET /platby/aohwuyx/houston-texans-roster-2017 HTTP/1.1" 200 11090 "-" "Mozilla/5.0 (compatible; SemrushBot/7~bl; +http://www.semrush.com/bot.html)"
85.208.96.207 - - [25/Nov/2025:14:27:50 +0100] "GET /platby/qqap/aeronautical-engineering-colleges-in-abroad HTTP/1.1" 200 6255 "-" "Mozilla/5.0 (compatible; SemrushBot/7~bl; +http://www.semrush.com/bot.html)"
197.52.161.91 - - [25/Nov/2025:14:27:55 +0100] "POST /GponForm/diag_Form?style/ HTTP/1.1" 400 230 "-" "Hello, World"
85.208.96.208 - - [25/Nov/2025:14:27:57 +0100] "GET /platby/aohwuyx/donations-minneapolis HTTP/1.1" 200 7518 "-" "Mozilla/5.0 (compatible; SemrushBot/7~bl; +http://www.semrush.com/bot.html)"
85.208.96.195 - - [25/Nov/2025:14:29:07 +0100] "GET /platby/72zbxoz/where-does-bitterroot-grow HTTP/1.1" 200 8237 "-" "Mozilla/5.0 (compatible; SemrushBot/7~bl; +http://www.semrush.com/bot.html)"
85.208.96.207 - - [25/Nov/2025:14:29:12 +0100] "GET /platby/qqap/the-greatest-showman-2-trailer-2019 HTTP/1.1" 200 9884 "-" "Mozilla/5.0 (compatible; SemrushBot/7~bl; +http://www.semrush.com/bot.html)"
85.208.96.208 - - [25/Nov/2025:14:30:27 +0100] "GET /platby/aohwuyx/reading-recreational-activity HTTP/1.1" 200 9323 "-" "Mozilla/5.0 (compatible; SemrushBot/7~bl; +http://www.semrush.com/bot.html)"
185.191.171.11 - - [25/Nov/2025:14:30:39 +0100] "GET /platby/72zbxoz/how-to-install-apache-server-in-windows-7 HTTP/1.1" 200 13698 "-" "Mozilla/5.0 (compatible; SemrushBot/7~bl; +http://www.semrush.com/bot.html)"
89.102.29.69 - - [25/Nov/2025:14:31:15 +0100] "\x16\x03\x01\x02" 403 265 "-" "-"
89.102.29.69 - - [25/Nov/2025:14:31:15 +0100] "\x16\x03\x01\x02" 403 265 "-" "-"
89.102.29.69 - - [25/Nov/2025:14:31:15 +0100] "\x16\x03\x01\x02" 403 265 "-" "-"
89.102.29.69 - - [25/Nov/2025:14:31:15 +0100] "\x16\x03\x01\x02" 403 265 "-" "-"
185.191.171.10 - - [25/Nov/2025:14:31:56 +0100] "GET /platby/qqap/types-of-grants-for-nonprofits HTTP/1.1" 200 9815 "-" "Mozilla/5.0 (compatible; SemrushBot/7~bl; +http://www.semrush.com/bot.html)"
89.102.29.69 - - [25/Nov/2025:14:31:56 +0100] "\x16\x03\x01\x02" 403 265 "-" "-"
89.102.29.69 - - [25/Nov/2025:14:31:56 +0100] "\x16\x03\x01\x02" 403 265 "-" "-"
89.102.29.69 - - [25/Nov/2025:14:31:56 +0100] "\x16\x03\x01\x02" 403 265 "-" "-"
89.102.29.69 - - [25/Nov/2025:14:31:56 +0100] "\x16\x03\x01\x02" 403 265 "-" "-"
85.208.96.208 - - [25/Nov/2025:14:32:08 +0100] "GET /platby/72zbxoz/cardinal-lobelia-seeds HTTP/1.1" 200 8291 "-" "Mozilla/5.0 (compatible; SemrushBot/7~bl; +http://www.semrush.com/bot.html)"
114.119.152.142 - - [25/Nov/2025:14:32:20 +0100] "GET /platby/article.php?5d4c26=new-zealand-south-island-itinerary-10-days HTTP/1.1" 200 7585 "http://ispc.klape.eu/platby/article.php?5d4c26=hardlight-ltd-website" "Mozilla/5.0 (Linux; Android 7.0;) AppleWebKit/537.36 (KHTML, like Gecko) Mobile Safari/537.36 (compatible; PetalBot;+https://webmaster.petalsearch.com/site/petalbot)"
185.191.171.7 - - [25/Nov/2025:14:34:30 +0100] "GET /platby/72zbxoz/lesson-plan-for-science-grade-8-ncert HTTP/1.1" 200 7616 "-" "Mozilla/5.0 (compatible; SemrushBot/7~bl; +http://www.semrush.com/bot.html)"
185.191.171.9 - - [25/Nov/2025:14:35:01 +0100] "GET /platby/qqap/shaun-alexander-salary HTTP/1.1" 200 9635 "-" "Mozilla/5.0 (compatible; SemrushBot/7~bl; +http://www.semrush.com/bot.html)"
85.208.96.195 - - [25/Nov/2025:14:35:53 +0100] "GET /platby/aohwuyx/masters-in-propulsion-engineering-in-usa HTTP/1.1" 200 8712 "-" "Mozilla/5.0 (compatible; SemrushBot/7~bl; +http://www.semrush.com/bot.html)"
89.102.29.69 - - [25/Nov/2025:14:38:10 +0100] "\x16\x03\x01\x02" 403 265 "-" "-"
89.102.29.69 - - [25/Nov/2025:14:38:10 +0100] "\x16\x03\x01\x02" 403 265 "-" "-"
89.102.29.69 - - [25/Nov/2025:14:38:10 +0100] "\x16\x03\x01\x02" 403 265 "-" "-"
89.102.29.69 - - [25/Nov/2025:14:38:10 +0100] "\x16\x03\x01\x02" 403 265 "-" "-"
185.191.171.5 - - [25/Nov/2025:14:38:35 +0100] "GET /platby/qqap/kenya-basketball-morans HTTP/1.1" 200 9604 "-" "Mozilla/5.0 (compatible; SemrushBot/7~bl; +http://www.semrush.com/bot.html)"
204.76.203.206 - - [25/Nov/2025:14:39:13 +0100] "GET /" 400 468 "-" "-"
185.191.171.5 - - [25/Nov/2025:14:39:16 +0100] "GET /platby/uwoy9/unique-couple-nicknames HTTP/1.1" 200 12463 "-" "Mozilla/5.0 (compatible; SemrushBot/7~bl; +http://www.semrush.com/bot.html)"
85.208.96.206 - - [25/Nov/2025:14:40:12 +0100] "GET /platby/qqap/poland-education-system HTTP/1.1" 200 6341 "-" "Mozilla/5.0 (compatible; SemrushBot/7~bl; +http://www.semrush.com/bot.html)"
40.77.167.93 - - [25/Nov/2025:14:40:51 +0100] "\x16\x03\x01\x01_\x01" 403 265 "-" "-"
40.77.167.93 - - [25/Nov/2025:14:40:51 +0100] "\x16\x03\x03" 403 265 "-" "-"
40.77.167.93 - - [25/Nov/2025:14:40:51 +0100] "\x16\x03\x03" 403 265 "-" "-"
40.77.167.93 - - [25/Nov/2025:14:40:51 +0100] "\x16\x03\x01\x019\x01" 403 265 "-" "-"
157.55.39.56 - - [25/Nov/2025:14:40:56 +0100] "\x16\x03\x01\x01Z\x01" 403 265 "-" "-"
204.76.203.206 - - [25/Nov/2025:14:41:01 +0100] "GET / HTTP/1.1" 200 316 "-" "Mozilla/5.0 (Windows NT 10.0; Win64; x64) AppleWebKit/537.36 (KHTML, like Gecko) Chrome/90.0.4430.85 Safari/537.36 Edg/90.0.818.46"
43.174.153.17 - - [25/Nov/2025:14:41:39 +0100] "\x16\x03\x01\x06\xfd\x01" 403 265 "-" "-"
43.174.153.17 - - [25/Nov/2025:14:41:39 +0100] "\x16\x03\x01\x06\xbd\x01" 403 265 "-" "-"
43.175.185.24 - - [25/Nov/2025:14:42:12 +0100] "\x16\x03\x01\x06\xfd\x01" 403 265 "-" "-"
43.175.185.24 - - [25/Nov/2025:14:42:12 +0100] "\x16\x03\x01\x06\xdd\x01" 403 265 "-" "-"
49.43.180.133 - - [25/Nov/2025:14:42:21 +0100] "\x16\x03\x03" 403 265 "-" "-"
49.43.180.133 - - [25/Nov/2025:14:42:22 +0100] "\x16\x03\x02" 403 265 "-" "-"
49.43.180.133 - - [25/Nov/2025:14:42:22 +0100] "\x16\x03\x01" 403 265 "-" "-"
49.43.180.133 - - [25/Nov/2025:14:42:22 +0100] "\x16\x03" 403 265 "-" "-"
185.191.171.19 - - [25/Nov/2025:14:42:29 +0100] "GET /platby/aohwuyx/lenovo-laptop-camera-settings HTTP/1.1" 200 7703 "-" "Mozilla/5.0 (compatible; SemrushBot/7~bl; +http://www.semrush.com/bot.html)"
43.168.4.21 - - [25/Nov/2025:14:42:47 +0100] "\x16\x03\x01\x06\xbd\x01" 403 265 "-" "-"
43.168.4.21 - - [25/Nov/2025:14:42:47 +0100] "\x16\x03\x01\x06\xdd\x01" 403 265 "-" "-"
