119.28.101.51 - - [27/Nov/2025:20:29:01 +0100] "\x16\x03\x01\x07\x1d\x01" 403 265 "-" "-"
43.139.248.207 - - [27/Nov/2025:20:29:04 +0100] "\x16\x03\x01\x07\x1d\x01" 403 265 "-" "-"
66.249.79.3 - - [27/Nov/2025:20:30:05 +0100] "\x16\x03\x01\x02" 403 265 "-" "-"
194.165.16.162 - - [27/Nov/2025:20:30:49 +0100] "\x03" 501 268 "-" "-"
66.249.79.32 - - [27/Nov/2025:20:31:11 +0100] "\x16\x03\x01\x02" 403 265 "-" "-"
147.185.132.46 - - [27/Nov/2025:20:32:36 +0100] "\x16\x03\x01" 501 270 "-" "-"
147.185.132.46 - - [27/Nov/2025:20:32:36 +0100] "\x16\x03\x01" 501 270 "-" "-"
204.76.203.206 - - [27/Nov/2025:20:35:11 +0100] "GET /" 400 468 "-" "-"
198.235.24.214 - - [27/Nov/2025:20:35:51 +0100] "GET / HTTP/1.1" 200 530 "-" "Hello from Palo Alto Networks, find out more about our scans in https://docs-cortex.paloaltonetworks.com/r/1/Cortex-Xpanse/Scanning-activity"
204.76.203.206 - - [27/Nov/2025:20:36:11 +0100] "GET / HTTP/1.1" 200 316 "-" "Mozilla/5.0 (Windows NT 10.0; Win64; x64) AppleWebKit/537.36 (KHTML, like Gecko) Chrome/90.0.4430.85 Safari/537.36 Edg/90.0.818.46"
34.91.119.153 - - [27/Nov/2025:20:37:29 +0100] "\x16\x03\x01\x02" 403 265 "-" "-"
216.73.216.20 - - [27/Nov/2025:20:37:32 +0100] "\x16\x03\x01\x01" 403 265 "-" "-"
74.7.228.5 - - [27/Nov/2025:20:38:15 +0100] "\x16\x03\x01\x01\x04\x01" 403 265 "-" "-"
74.7.228.5 - - [27/Nov/2025:20:38:15 +0100] "\x16\x03\x01\x02" 403 265 "-" "-"
74.7.228.5 - - [27/Nov/2025:20:38:15 +0100] "\x16\x03\x01\x02" 403 265 "-" "-"
173.252.82.113 - - [27/Nov/2025:20:38:16 +0100] "\x16\x03\x01\x01G\x01" 403 265 "-" "-"
18.222.109.129 - - [27/Nov/2025:20:38:28 +0100] "GET /" 400 468 "-" "-"
114.119.152.142 - - [27/Nov/2025:20:44:16 +0100] "GET /platby/aohwuyx/difference-between-authorization-and-authentication-in-mvc HTTP/1.1" 200 13358 "http://ispc.klape.eu/platby/aohwuyx/model-based-systems-engineering-course" "Mozilla/5.0 (Linux; Android 7.0;) AppleWebKit/537.36 (KHTML, like Gecko) Mobile Safari/537.36 (compatible; PetalBot;+https://webmaster.petalsearch.com/site/petalbot)"
85.71.139.3 - - [27/Nov/2025:20:52:39 +0100] "\x16\x03\x01\x02" 403 265 "-" "-"
85.71.139.3 - - [27/Nov/2025:20:52:58 +0100] "\x16\x03\x01\x02" 403 265 "-" "-"
45.135.193.9 - - [27/Nov/2025:20:53:11 +0100] "GET /" 400 468 "-" "-"
204.76.203.206 - - [27/Nov/2025:20:53:45 +0100] "GET /" 400 468 "-" "-"
204.76.203.206 - - [27/Nov/2025:20:55:44 +0100] "GET / HTTP/1.1" 200 316 "-" "Mozilla/5.0 (Windows NT 10.0; Win64; x64) AppleWebKit/537.36 (KHTML, like Gecko) Chrome/90.0.4430.85 Safari/537.36 Edg/90.0.818.46"
66.249.68.70 - - [27/Nov/2025:20:56:02 +0100] "\x16\x03\x01\x02" 403 265 "-" "-"
18.119.137.92 - - [27/Nov/2025:20:57:45 +0100] "\x16\x03\x01\x02" 403 265 "-" "-"
18.119.137.92 - - [27/Nov/2025:20:57:47 +0100] "\x16\x03\x01\x02" 403 265 "-" "-"
18.119.137.92 - - [27/Nov/2025:20:57:51 +0100] "\x16\x03\x01\x06\xd3\x01" 403 265 "-" "-"
18.119.137.92 - - [27/Nov/2025:20:57:51 +0100] "\x16\x03\x01\x06\xd3\x01" 403 265 "-" "-"
18.119.137.92 - - [27/Nov/2025:20:57:51 +0100] "\x16\x03\x01\x06\xf3\x01" 403 265 "-" "-"
18.119.137.92 - - [27/Nov/2025:20:57:51 +0100] "\x16\x03\x01\x06\xf3\x01" 403 265 "-" "-"
18.119.137.92 - - [27/Nov/2025:20:57:54 +0100] "\x16\x03\x01\x017\x01" 403 265 "-" "-"
18.119.137.92 - - [27/Nov/2025:20:57:54 +0100] "\x16\x03\x01\x02" 403 265 "-" "-"
18.119.137.92 - - [27/Nov/2025:20:57:54 +0100] "\x16\x03\x01\x02" 403 265 "-" "-"
18.119.137.92 - - [27/Nov/2025:20:57:55 +0100] "\x16\x03\x01\x06\xf3\x01" 403 265 "-" "-"
18.119.137.92 - - [27/Nov/2025:20:57:55 +0100] "\x16\x03\x01\x06\xb3\x01" 403 265 "-" "-"
18.119.137.92 - - [27/Nov/2025:20:57:55 +0100] "\x16\x03\x01\x06\xd3\x01" 403 265 "-" "-"
18.119.137.92 - - [27/Nov/2025:20:57:55 +0100] "\x16\x03\x01\x06\xf3\x01" 403 265 "-" "-"
18.119.137.92 - - [27/Nov/2025:20:57:58 +0100] "\x16\x03\x01\x07\x13\x01" 403 265 "-" "-"
18.119.137.92 - - [27/Nov/2025:20:57:58 +0100] "\x16\x03\x01\x06\xb3\x01" 403 265 "-" "-"
18.119.137.92 - - [27/Nov/2025:20:57:58 +0100] "\x16\x03\x01\x06\xf3\x01" 403 265 "-" "-"
18.119.137.92 - - [27/Nov/2025:20:57:58 +0100] "\x16\x03\x01\x06\xb3\x01" 403 265 "-" "-"
46.224.49.92 - - [27/Nov/2025:21:05:32 +0100] "\x16\x03\x01\x01\x04\x01" 403 265 "-" "-"
46.224.49.92 - - [27/Nov/2025:21:05:33 +0100] "\x16\x03\x01" 403 265 "-" "-"
46.224.49.92 - - [27/Nov/2025:21:05:34 +0100] "\x16\x03\x01\x01\x04\x01" 403 265 "-" "-"
46.224.49.92 - - [27/Nov/2025:21:05:34 +0100] "\x16\x03\x01" 403 265 "-" "-"
46.224.49.92 - - [27/Nov/2025:21:05:37 +0100] "\x16\x03\x01\x01\x04\x01" 403 265 "-" "-"
46.224.49.92 - - [27/Nov/2025:21:05:37 +0100] "\x16\x03\x01" 403 265 "-" "-"
46.224.49.92 - - [27/Nov/2025:21:05:41 +0100] "\x16\x03\x01\x01\x04\x01" 403 265 "-" "-"
46.224.49.92 - - [27/Nov/2025:21:05:42 +0100] "\x16\x03\x01" 403 265 "-" "-"
46.224.49.92 - - [27/Nov/2025:21:05:47 +0100] "\x16\x03\x01\x01\x04\x01" 403 265 "-" "-"
46.224.49.92 - - [27/Nov/2025:21:05:47 +0100] "\x16\x03\x01" 403 265 "-" "-"
46.224.49.92 - - [27/Nov/2025:21:05:48 +0100] "\x16\x03\x01\x01\x04\x01" 403 265 "-" "-"
46.224.49.92 - - [27/Nov/2025:21:05:48 +0100] "\x16\x03\x01" 403 265 "-" "-"
46.224.49.92 - - [27/Nov/2025:21:05:48 +0100] "\x16\x03\x01\x01\x04\x01" 403 265 "-" "-"
46.224.49.92 - - [27/Nov/2025:21:05:49 +0100] "\x16\x03\x01" 403 265 "-" "-"
85.71.139.3 - - [27/Nov/2025:21:06:15 +0100] "\x16\x03\x01\x02" 403 265 "-" "-"
185.12.59.118 - - [27/Nov/2025:21:08:17 +0100] "GET /" 400 468 "-" "-"
64.227.129.103 - - [27/Nov/2025:21:08:22 +0100] "\x16\x03\x01\x02" 403 265 "-" "-"
35.87.221.199 - - [27/Nov/2025:21:08:50 +0100] "\x16\x03\x01\x05\xe9\x01" 403 265 "-" "-"
35.171.4.46 - - [27/Nov/2025:21:08:59 +0100] "GET /" 400 468 "-" "-"
52.21.62.139 - - [27/Nov/2025:21:09:49 +0100] "GET /robots.txt HTTP/1.1" 200 54 "-" "Mozilla/5.0 AppleWebKit/537.36 (KHTML, like Gecko; compatible; Amazonbot/0.1; +https://developer.amazon.com/support/amazonbot) Chrome/119.0.6045.214 Safari/537.36"
98.83.177.42 - - [27/Nov/2025:21:09:54 +0100] "GET /platby/uwoy9/fake-jordan-1-low-pine-green HTTP/1.1" 200 8158 "-" "Mozilla/5.0 AppleWebKit/537.36 (KHTML, like Gecko; compatible; Amazonbot/0.1; +https://developer.amazon.com/support/amazonbot) Chrome/119.0.6045.214 Safari/537.36"
52.21.0.206 - - [27/Nov/2025:21:10:02 +0100] "\x16\x03\x01" 403 265 "-" "-"
3.82.189.99 - - [27/Nov/2025:21:10:35 +0100] "\x16\x03\x01" 403 265 "-" "-"
52.90.115.72 - - [27/Nov/2025:21:10:38 +0100] "\x16\x03\x01" 403 265 "-" "-"
204.76.203.206 - - [27/Nov/2025:21:13:15 +0100] "GET /" 400 468 "-" "-"
114.119.152.142 - - [27/Nov/2025:21:13:23 +0100] "GET /platby/aohwuyx/commercial-kitchen-equipment-suppliers-in-saudi-arabia HTTP/1.1" 200 14415 "http://ispc.klape.eu/platby/aohwuyx/how-to-build-a-hall-effect-thruster" "Mozilla/5.0 (Linux; Android 7.0;) AppleWebKit/537.36 (KHTML, like Gecko) Mobile Safari/537.36 (compatible; PetalBot;+https://webmaster.petalsearch.com/site/petalbot)"
66.249.68.37 - - [27/Nov/2025:21:14:01 +0100] "\x16\x03\x01\x02" 403 265 "-" "-"
204.76.203.206 - - [27/Nov/2025:21:14:07 +0100] "GET / HTTP/1.1" 200 316 "-" "Mozilla/5.0 (Windows NT 10.0; Win64; x64) AppleWebKit/537.36 (KHTML, like Gecko) Chrome/90.0.4430.85 Safari/537.36 Edg/90.0.818.46"
104.210.140.131 - - [27/Nov/2025:21:15:28 +0100] "\x16\x03\x01\x02" 403 265 "-" "-"
104.210.140.135 - - [27/Nov/2025:21:15:28 +0100] "\x16\x03\x01\x02" 403 265 "-" "-"
34.139.127.94 - - [27/Nov/2025:21:15:44 +0100] "\x16\x03\x01\x02" 403 265 "-" "-"
148.153.45.235 - - [27/Nov/2025:21:19:14 +0100] "GET /JSTk HTTP/1.1" 403 228 "-" "Mozilla/5.0 (Macintosh; Intel Mac OS X 10.9; rv:32.0) Gecko/20100101 Firefox/32.0"
148.153.45.235 - - [27/Nov/2025:21:19:15 +0100] "GET /kuD9 HTTP/1.1" 403 227 "-" "Mozilla/5.0 (Macintosh; Intel Mac OS X 10.9; rv:32.0) Gecko/20100101 Firefox/32.0"
148.153.45.235 - - [27/Nov/2025:21:19:17 +0100] "GET /aab8 HTTP/1.1" 403 227 "-" "Mozilla/5.0 (Macintosh; Intel Mac OS X 10.9; rv:32.0) Gecko/20100101 Firefox/32.0"
148.153.45.235 - - [27/Nov/2025:21:19:20 +0100] "GET /jquery-3.3.1.slim.min.js HTTP/1.1" 403 243 "-" "Mozilla/5.0 (Macintosh; Intel Mac OS X 10.9; rv:32.0) Gecko/20100101 Firefox/32.0"
148.153.45.235 - - [27/Nov/2025:21:19:21 +0100] "GET /aab9 HTTP/1.1" 403 227 "-" "Mozilla/5.0 (Macintosh; Intel Mac OS X 10.9; rv:32.0) Gecko/20100101 Firefox/32.0"
148.153.45.235 - - [27/Nov/2025:21:19:21 +0100] "GET /jquery-3.3.2.slim.min.js HTTP/1.1" 403 243 "-" "Mozilla/5.0 (Macintosh; Intel Mac OS X 10.9; rv:32.0) Gecko/20100101 Firefox/32.0"
74.7.175.144 - - [27/Nov/2025:21:21:57 +0100] "\x16\x03\x01" 403 265 "-" "-"
74.7.175.144 - - [27/Nov/2025:21:21:58 +0100] "\x16\x03\x01\x02" 403 265 "-" "-"
74.7.175.144 - - [27/Nov/2025:21:21:58 +0100] "\x16\x03\x01\x02" 403 265 "-" "-"
198.235.24.70 - - [27/Nov/2025:21:23:41 +0100] "GET / HTTP/1.1" 200 512 "-" "Hello from Palo Alto Networks, find out more about our scans in https://docs-cortex.paloaltonetworks.com/r/1/Cortex-Xpanse/Scanning-activity"
35.87.221.199 - - [27/Nov/2025:21:27:18 +0100] "\x16\x03\x01\x05\xea\x01" 403 265 "-" "-"
198.235.24.170 - - [27/Nov/2025:21:27:46 +0100] "GET / HTTP/1.1" 200 520 "-" "Hello from Palo Alto Networks, find out more about our scans in https://docs-cortex.paloaltonetworks.com/r/1/Cortex-Xpanse/Scanning-activity"
191.235.66.20 - - [27/Nov/2025:21:28:00 +0100] "\x16\x03\x01\x02" 403 265 "-" "-"
191.235.66.28 - - [27/Nov/2025:21:28:01 +0100] "\x16\x03\x01\x02" 403 265 "-" "-"
191.235.66.27 - - [27/Nov/2025:21:28:01 +0100] "\x16\x03\x01\x02" 403 265 "-" "-"
191.235.66.16 - - [27/Nov/2025:21:28:02 +0100] "\x16\x03\x01\x02" 403 265 "-" "-"
191.235.66.30 - - [27/Nov/2025:21:28:03 +0100] "\x16\x03\x01\x02" 403 265 "-" "-"
191.235.66.25 - - [27/Nov/2025:21:28:04 +0100] "\x16\x03\x01\x02" 403 265 "-" "-"
191.235.66.30 - - [27/Nov/2025:21:28:04 +0100] "\x16\x03\x01\x02" 403 265 "-" "-"
191.235.66.17 - - [27/Nov/2025:21:28:05 +0100] "\x16\x03\x01\x02" 403 265 "-" "-"
104.210.140.136 - - [27/Nov/2025:21:28:41 +0100] "\x16\x03\x01\x02" 403 265 "-" "-"
104.210.140.130 - - [27/Nov/2025:21:28:42 +0100] "\x16\x03\x01\x02" 403 265 "-" "-"
104.210.140.134 - - [27/Nov/2025:21:28:44 +0100] "\x16\x03\x01\x02" 403 265 "-" "-"
104.210.140.139 - - [27/Nov/2025:21:28:44 +0100] "\x16\x03\x01\x02" 403 265 "-" "-"
104.210.140.143 - - [27/Nov/2025:21:28:45 +0100] "\x16\x03\x01\x02" 403 265 "-" "-"
104.210.140.136 - - [27/Nov/2025:21:28:45 +0100] "\x16\x03\x01\x02" 403 265 "-" "-"
104.210.140.133 - - [27/Nov/2025:21:28:46 +0100] "\x16\x03\x01\x02" 403 265 "-" "-"
104.210.140.139 - - [27/Nov/2025:21:28:46 +0100] "\x16\x03\x01\x02" 403 265 "-" "-"
104.210.140.138 - - [27/Nov/2025:21:28:48 +0100] "\x16\x03\x01\x02" 403 265 "-" "-"
104.210.140.137 - - [27/Nov/2025:21:28:48 +0100] "\x16\x03\x01\x02" 403 265 "-" "-"
104.210.140.129 - - [27/Nov/2025:21:28:48 +0100] "\x16\x03\x01\x02\x01\x01" 403 265 "-" "-"
104.210.140.133 - - [27/Nov/2025:21:28:49 +0100] "\x16\x03\x01\x02" 403 265 "-" "-"
104.210.140.128 - - [27/Nov/2025:21:28:49 +0100] "\x16\x03\x01\x02" 403 265 "-" "-"
204.76.203.212 - - [27/Nov/2025:21:29:23 +0100] "GET /" 400 468 "-" "-"
191.235.66.18 - - [27/Nov/2025:21:30:17 +0100] "\x16\x03\x01\x02" 403 265 "-" "-"
191.235.66.16 - - [27/Nov/2025:21:30:17 +0100] "\x16\x03\x01\x02" 403 265 "-" "-"
191.235.66.23 - - [27/Nov/2025:21:30:18 +0100] "\x16\x03\x01\x02" 403 265 "-" "-"
191.235.66.17 - - [27/Nov/2025:21:30:19 +0100] "\x16\x03\x01\x02" 403 265 "-" "-"
191.235.66.27 - - [27/Nov/2025:21:30:19 +0100] "\x16\x03\x01\x02" 403 265 "-" "-"
191.235.66.19 - - [27/Nov/2025:21:30:20 +0100] "\x16\x03\x01\x02" 403 265 "-" "-"
191.235.66.29 - - [27/Nov/2025:21:30:20 +0100] "\x16\x03\x01\x02" 403 265 "-" "-"
191.235.66.22 - - [27/Nov/2025:21:30:21 +0100] "\x16\x03\x01\x02" 403 265 "-" "-"
191.235.66.18 - - [27/Nov/2025:21:30:21 +0100] "\x16\x03\x01\x02" 403 265 "-" "-"
191.235.66.30 - - [27/Nov/2025:21:30:22 +0100] "\x16\x03\x01\x02" 403 265 "-" "-"
191.235.66.28 - - [27/Nov/2025:21:30:22 +0100] "\x16\x03\x01\x02" 403 265 "-" "-"
204.76.203.206 - - [27/Nov/2025:21:32:18 +0100] "GET /" 400 468 "-" "-"
204.76.203.206 - - [27/Nov/2025:21:33:57 +0100] "GET / HTTP/1.1" 200 316 "-" "Mozilla/5.0 (Windows NT 10.0; Win64; x64) AppleWebKit/537.36 (KHTML, like Gecko) Chrome/90.0.4430.85 Safari/537.36 Edg/90.0.818.46"
85.71.139.3 - - [27/Nov/2025:21:34:32 +0100] "\x16\x03\x01\x02" 403 265 "-" "-"
114.119.129.163 - - [27/Nov/2025:21:42:28 +0100] "GET /platby/aohwuyx/co-development-agreement-pharma HTTP/1.1" 200 13258 "http://ispc.klape.eu/platby/aohwuyx/wide-belt-sander-definition" "Mozilla/5.0 (Linux; Android 7.0;) AppleWebKit/537.36 (KHTML, like Gecko) Mobile Safari/537.36 (compatible; PetalBot;+https://webmaster.petalsearch.com/site/petalbot)"
195.177.94.189 - - [27/Nov/2025:21:44:48 +0100] "GET /phpmyadmin/scripts/setup.php HTTP/1.1" 200 11106 "-" "Mozilla/4.0 (compatible; MSIE 6.0; MSIE 5.5; Windows NT 5.1) Opera 7.01 [en]"
195.177.94.189 - - [27/Nov/2025:21:44:48 +0100] "POST /phpmyadmin/scripts/setup.php HTTP/1.1" 200 18608 "http://109.105.49.240:8081/phpmyadmin/scripts/setup.php" "Mozilla/4.0 (compatible; MSIE 6.0; MSIE 5.5; Windows NT 5.1) Opera 7.01 [en]"
195.177.94.189 - - [27/Nov/2025:21:45:56 +0100] "GET /phpmyadmin/scripts/setup.php HTTP/1.1" 200 11105 "-" "Mozilla/4.0 (compatible; MSIE 6.0; MSIE 5.5; Windows NT 5.1) Opera 7.01 [en]"
195.177.94.189 - - [27/Nov/2025:21:45:56 +0100] "POST /phpmyadmin/scripts/setup.php HTTP/1.1" 200 18608 "http://109.105.49.240:443/phpmyadmin/scripts/setup.php" "Mozilla/4.0 (compatible; MSIE 6.0; MSIE 5.5; Windows NT 5.1) Opera 7.01 [en]"
198.235.24.181 - - [27/Nov/2025:21:47:06 +0100] "GET / HTTP/1.1" 200 316 "-" "Hello from Palo Alto Networks, find out more about our scans in https://docs-cortex.paloaltonetworks.com/r/1/Cortex-Xpanse/Scanning-activity"
57.141.4.41 - - [27/Nov/2025:21:47:37 +0100] "GET /platby/hca/jordan-store-hong-kong HTTP/1.1" 200 36325 "-" "meta-externalagent/1.1 (+https://developers.facebook.com/docs/sharing/webmasters/crawler)"
204.76.203.206 - - [27/Nov/2025:21:50:18 +0100] "GET /" 400 468 "-" "-"
91.231.222.128 - - [27/Nov/2025:21:52:29 +0100] "\x16\x03\x01\x02" 403 265 "-" "-"
204.76.203.206 - - [27/Nov/2025:21:52:31 +0100] "GET / HTTP/1.1" 200 316 "-" "Mozilla/5.0 (Windows NT 10.0; Win64; x64) AppleWebKit/537.36 (KHTML, like Gecko) Chrome/90.0.4430.85 Safari/537.36 Edg/90.0.818.46"
204.137.14.71 - - [27/Nov/2025:21:55:18 +0100] "\x16\x03\x01\x016\x01" 403 265 "-" "-"
34.148.7.65 - - [27/Nov/2025:21:59:39 +0100] "\x16\x03\x01\x02" 403 265 "-" "-"
104.210.140.134 - - [27/Nov/2025:22:04:46 +0100] "\x16\x03\x01\x02" 403 265 "-" "-"
104.210.140.139 - - [27/Nov/2025:22:04:47 +0100] "\x16\x03\x01\x02" 403 265 "-" "-"
104.210.140.128 - - [27/Nov/2025:22:04:49 +0100] "\x16\x03\x01\x02" 403 265 "-" "-"
104.210.140.141 - - [27/Nov/2025:22:04:50 +0100] "\x16\x03\x01\x02" 403 265 "-" "-"
104.210.140.137 - - [27/Nov/2025:22:04:51 +0100] "\x16\x03\x01\x02" 403 265 "-" "-"
104.210.140.142 - - [27/Nov/2025:22:04:51 +0100] "\x16\x03\x01\x02" 403 265 "-" "-"
104.210.140.128 - - [27/Nov/2025:22:04:52 +0100] "\x16\x03\x01\x02" 403 265 "-" "-"
104.210.140.143 - - [27/Nov/2025:22:04:52 +0100] "\x16\x03\x01\x02" 403 265 "-" "-"
104.210.140.135 - - [27/Nov/2025:22:04:52 +0100] "\x16\x03\x01\x02" 403 265 "-" "-"
104.210.140.130 - - [27/Nov/2025:22:04:54 +0100] "\x16\x03\x01\x02" 403 265 "-" "-"
104.210.140.129 - - [27/Nov/2025:22:04:56 +0100] "\x16\x03\x01\x02" 403 265 "-" "-"
204.76.203.206 - - [27/Nov/2025:22:09:33 +0100] "GET /" 400 468 "-" "-"
80.248.225.154 - - [27/Nov/2025:22:09:42 +0100] "\x16\x03\x01" 403 265 "-" "-"
204.76.203.206 - - [27/Nov/2025:22:10:58 +0100] "GET / HTTP/1.1" 200 316 "-" "Mozilla/5.0 (Windows NT 10.0; Win64; x64) AppleWebKit/537.36 (KHTML, like Gecko) Chrome/90.0.4430.85 Safari/537.36 Edg/90.0.818.46"
114.119.149.2 - - [27/Nov/2025:22:11:23 +0100] "GET /platby/aohwuyx/boris-brejcha-face-accident HTTP/1.1" 200 10557 "http://ispc.klape.eu/platby/aohwuyx/boris-brejcha-face-accident" "Mozilla/5.0 (Linux; Android 7.0;) AppleWebKit/537.36 (KHTML, like Gecko) Mobile Safari/537.36 (compatible; PetalBot;+https://webmaster.petalsearch.com/site/petalbot)"
74.7.241.168 - - [27/Nov/2025:22:13:07 +0100] "\x16\x03\x01" 403 265 "-" "-"
74.7.241.168 - - [27/Nov/2025:22:13:07 +0100] "\x16\x03\x01\x02" 403 265 "-" "-"
74.7.241.168 - - [27/Nov/2025:22:13:07 +0100] "\x16\x03\x01\x02" 403 265 "-" "-"
43.153.10.13 - - [27/Nov/2025:22:14:00 +0100] "GET / HTTP/1.1" 403 224 "-" "Mozilla/5.0 (iPhone; CPU iPhone OS 13_2_3 like Mac OS X) AppleWebKit/605.1.15 (KHTML, like Gecko) Version/13.0.3 Mobile/15E148 Safari/604.1"
205.210.31.222 - - [27/Nov/2025:22:16:31 +0100] "GET / HTTP/1.1" 200 520 "-" "Hello from Palo Alto Networks, find out more about our scans in https://docs-cortex.paloaltonetworks.com/r/1/Cortex-Xpanse/Scanning-activity"
172.234.151.239 - - [27/Nov/2025:22:16:42 +0100] "\x16\x03\x01\x01X\x01" 403 265 "-" "-"
119.74.147.125 - - [27/Nov/2025:22:19:13 +0100] "\x16\x03\x01\x07\x10\x01" 403 265 "-" "-"
124.246.106.167 - - [27/Nov/2025:22:19:15 +0100] "\x16\x03\x01\x06\xf0\x01" 403 265 "-" "-"
74.7.175.137 - - [27/Nov/2025:22:19:15 +0100] "\x16\x03\x01\x01\x03\x01" 403 265 "-" "-"
74.7.175.137 - - [27/Nov/2025:22:19:15 +0100] "\x16\x03\x01\x02" 403 265 "-" "-"
74.7.175.137 - - [27/Nov/2025:22:19:16 +0100] "\x16\x03\x01\x02" 403 265 "-" "-"
172.233.195.21 - - [27/Nov/2025:22:19:23 +0100] "\x16\x03\x01\x01\x8b\x01" 403 265 "-" "-"
91.231.222.128 - - [27/Nov/2025:22:22:18 +0100] "\x16\x03\x01\x02" 403 265 "-" "-"
114.119.130.237 - - [27/Nov/2025:22:24:02 +0100] "GET /platby/uwoy9/morningstar-workday-login HTTP/1.1" 200 7597 "-" "Mozilla/5.0 (Linux; Android 7.0;) AppleWebKit/537.36 (KHTML, like Gecko) Mobile Safari/537.36 (compatible; PetalBot;+https://webmaster.petalsearch.com/site/petalbot)"
20.98.140.180 - - [27/Nov/2025:22:25:12 +0100] "\x16\x03\x01" 403 265 "-" "-"
114.119.149.2 - - [27/Nov/2025:22:26:01 +0100] "GET /platby/uwoy9/asp-net-core-mvc-login-and-registration-using-identity HTTP/1.1" 200 11698 "-" "Mozilla/5.0 (Linux; Android 7.0;) AppleWebKit/537.36 (KHTML, like Gecko) Mobile Safari/537.36 (compatible; PetalBot;+https://webmaster.petalsearch.com/site/petalbot)"
204.76.203.206 - - [27/Nov/2025:22:27:55 +0100] "GET /" 400 468 "-" "-"
114.119.130.237 - - [27/Nov/2025:22:28:08 +0100] "GET /platby/qqap/team-rubicon-roll-call-login HTTP/1.1" 200 7799 "-" "Mozilla/5.0 (Linux; Android 7.0;) AppleWebKit/537.36 (KHTML, like Gecko) Mobile Safari/537.36 (compatible; PetalBot;+https://webmaster.petalsearch.com/site/petalbot)"
45.148.10.205 - - [27/Nov/2025:22:29:06 +0100] "\x16\x03\x01\x02" 403 265 "-" "-"
45.148.10.205 - - [27/Nov/2025:22:29:07 +0100] "\x16\x03\x01\x02" 501 271 "-" "-"
45.148.10.205 - - [27/Nov/2025:22:29:09 +0100] "GET / HTTP/1.1" 200 316 "-" "Mozilla/5.0 (Windows NT 10.0; Win64; x64; rv:109.0) Gecko/20100101 Firefox/121.0"
45.148.10.205 - - [27/Nov/2025:22:29:10 +0100] "GET /.git/config HTTP/1.1" 404 230 "-" "Mozilla/5.0 (Windows NT 10.0; Win64; x64) AppleWebKit/537.36 (KHTML, like Gecko) Chrome/120.0.0.0 Safari/537.36 Edg/120.0.0.0"
45.148.10.205 - - [27/Nov/2025:22:29:12 +0100] "GET /.env HTTP/1.1" 404 224 "-" "Mozilla/5.0 (Windows NT 10.0; Win64; x64) AppleWebKit/537.36 (KHTML, like Gecko) Chrome/120.0.0.0 Safari/537.36"
45.148.10.205 - - [27/Nov/2025:22:29:12 +0100] "GET /.env.example HTTP/1.1" 404 230 "-" "Mozilla/5.0 (X11; Linux i686; rv:109.0) Gecko/20100101 Firefox/121.0"
45.148.10.205 - - [27/Nov/2025:22:29:14 +0100] "GET /.env.development HTTP/1.1" 404 232 "-" "Mozilla/5.0 (Windows NT 10.0; Win64; x64) AppleWebKit/537.36 (KHTML, like Gecko) Chrome/120.0.0.0 Safari/537.36 Edg/120.0.0.0"
45.148.10.205 - - [27/Nov/2025:22:29:15 +0100] "GET /.env.production HTTP/1.1" 404 232 "-" "Mozilla/5.0 (Windows NT 10.0; Win64; x64; rv:109.0) Gecko/20100101 Firefox/121.0"
45.148.10.205 - - [27/Nov/2025:22:29:16 +0100] "GET /api/.env HTTP/1.1" 404 227 "-" "Mozilla/5.0 (Windows NT 10.0; Win64; x64; rv:109.0) Gecko/20100101 Firefox/121.0"
45.148.10.205 - - [27/Nov/2025:22:29:17 +0100] "GET /backend/.env HTTP/1.1" 404 230 "-" "Mozilla/5.0 (Windows NT 10.0; Win64; x64) AppleWebKit/537.36 (KHTML, like Gecko) Chrome/120.0.0.0 Safari/537.36 Edg/120.0.0.0"
45.148.10.205 - - [27/Nov/2025:22:29:18 +0100] "GET /_profiler/phpinfo HTTP/1.1" 404 234 "-" "Mozilla/5.0 (Macintosh; Intel Mac OS X 10_15_7) AppleWebKit/537.36 (KHTML, like Gecko) Chrome/120.0.0.0 Safari/537.36"
204.76.203.206 - - [27/Nov/2025:22:29:18 +0100] "GET / HTTP/1.1" 200 316 "-" "Mozilla/5.0 (Windows NT 10.0; Win64; x64) AppleWebKit/537.36 (KHTML, like Gecko) Chrome/90.0.4430.85 Safari/537.36 Edg/90.0.818.46"
45.148.10.205 - - [27/Nov/2025:22:29:19 +0100] "GET /admin/phpinfo.php HTTP/1.1" 404 233 "-" "Mozilla/5.0 (X11; Linux x86_64) AppleWebKit/537.36 (KHTML, like Gecko) Chrome/120.0.0.0 Safari/537.36"
45.148.10.205 - - [27/Nov/2025:22:29:20 +0100] "GET /phpinfo.php HTTP/1.1" 404 229 "-" "Mozilla/5.0 (X11; Linux i686; rv:109.0) Gecko/20100101 Firefox/121.0"
45.148.10.205 - - [27/Nov/2025:22:29:20 +0100] "GET /phpinfo HTTP/1.1" 404 227 "-" "Mozilla/5.0 (Macintosh; Intel Mac OS X 10.15; rv:109.0) Gecko/20100101 Firefox/121.0"
45.148.10.205 - - [27/Nov/2025:22:29:21 +0100] "GET /info.php HTTP/1.1" 404 228 "-" "Mozilla/5.0 (X11; Linux i686; rv:109.0) Gecko/20100101 Firefox/121.0"
45.148.10.205 - - [27/Nov/2025:22:29:22 +0100] "GET /index.php/phpinfo HTTP/1.1" 404 233 "-" "Mozilla/5.0 (Windows NT 10.0; Win64; x64) AppleWebKit/537.36 (KHTML, like Gecko) Chrome/120.0.0.0 Safari/537.36"
45.148.10.205 - - [27/Nov/2025:22:29:23 +0100] "GET /symfony/_profiler/phpinfo HTTP/1.1" 404 239 "-" "Mozilla/5.0 (Macintosh; Intel Mac OS X 10.15; rv:109.0) Gecko/20100101 Firefox/121.0"
45.148.10.205 - - [27/Nov/2025:22:29:23 +0100] "GET /app_dev.php/_profiler/phpinfo HTTP/1.1" 404 240 "-" "Mozilla/5.0 (Windows NT 10.0; Win64; x64; rv:109.0) Gecko/20100101 Firefox/121.0"
45.148.10.205 - - [27/Nov/2025:22:29:24 +0100] "GET /test.php HTTP/1.1" 404 226 "-" "Mozilla/5.0 (X11; Linux x86_64) AppleWebKit/537.36 (KHTML, like Gecko) Chrome/120.0.0.0 Safari/537.36"
45.148.10.205 - - [27/Nov/2025:22:29:25 +0100] "GET /dashboard/info.php HTTP/1.1" 404 234 "-" "Mozilla/5.0 (Windows NT 10.0; Win64; x64) AppleWebKit/537.36 (KHTML, like Gecko) Chrome/120.0.0.0 Safari/537.36 Edg/120.0.0.0"
45.148.10.205 - - [27/Nov/2025:22:29:26 +0100] "GET / HTTP/1.1" 200 316 "-" "Mozilla/5.0 (Windows NT 10.0; Win64; x64) AppleWebKit/537.36 (KHTML, like Gecko) Chrome/120.0.0.0 Safari/537.36 Edg/120.0.0.0"
45.148.10.205 - - [27/Nov/2025:22:29:26 +0100] "GET /.aws/config HTTP/1.1" 404 230 "-" "Mozilla/5.0 (X11; Linux x86_64) AppleWebKit/537.36 (KHTML, like Gecko) Chrome/120.0.0.0 Safari/537.36"
45.148.10.205 - - [27/Nov/2025:22:29:27 +0100] "GET /config/aws.yml HTTP/1.1" 404 232 "-" "Mozilla/5.0 (Macintosh; Intel Mac OS X 10.15; rv:109.0) Gecko/20100101 Firefox/121.0"
45.148.10.205 - - [27/Nov/2025:22:29:28 +0100] "GET /config/initializers/smtp.rb HTTP/1.1" 404 240 "-" "Mozilla/5.0 (Macintosh; Intel Mac OS X 10.15; rv:109.0) Gecko/20100101 Firefox/121.0"
45.148.10.205 - - [27/Nov/2025:22:29:29 +0100] "GET /wp-config.php.bak HTTP/1.1" 404 235 "-" "Mozilla/5.0 (Windows NT 10.0; Win64; x64; rv:109.0) Gecko/20100101 Firefox/121.0"
45.148.10.205 - - [27/Nov/2025:22:29:30 +0100] "GET /wp-config.php.save HTTP/1.1" 404 235 "-" "Mozilla/5.0 (X11; Linux x86_64) AppleWebKit/537.36 (KHTML, like Gecko) Chrome/120.0.0.0 Safari/537.36"
45.148.10.205 - - [27/Nov/2025:22:29:31 +0100] "GET /.aws/credentials HTTP/1.1" 404 232 "-" "Mozilla/5.0 (Macintosh; Intel Mac OS X 10.15; rv:109.0) Gecko/20100101 Firefox/121.0"
45.148.10.205 - - [27/Nov/2025:22:29:32 +0100] "GET /.env.js HTTP/1.1" 404 227 "-" "Mozilla/5.0 (Windows NT 10.0; Win64; x64) AppleWebKit/537.36 (KHTML, like Gecko) Chrome/120.0.0.0 Safari/537.36"
45.148.10.205 - - [27/Nov/2025:22:29:34 +0100] "GET /.git/config HTTP/1.1" 404 230 "-" "Mozilla/5.0 (Windows NT 10.0; Win64; x64; rv:109.0) Gecko/20100101 Firefox/121.0"
45.148.10.205 - - [27/Nov/2025:22:29:35 +0100] "GET /config.json HTTP/1.1" 404 230 "-" "Mozilla/5.0 (Windows NT 10.0; Win64; x64) AppleWebKit/537.36 (KHTML, like Gecko) Chrome/120.0.0.0 Safari/537.36"
45.148.10.205 - - [27/Nov/2025:22:29:35 +0100] "GET /config.js HTTP/1.1" 404 229 "-" "Mozilla/5.0 (X11; Linux i686; rv:109.0) Gecko/20100101 Firefox/121.0"
45.148.10.205 - - [27/Nov/2025:22:29:36 +0100] "GET /storage/logs/laravel.log HTTP/1.1" 404 235 "-" "Mozilla/5.0 (X11; Linux i686; rv:109.0) Gecko/20100101 Firefox/121.0"
45.148.10.205 - - [27/Nov/2025:22:29:37 +0100] "GET /error_log HTTP/1.1" 404 229 "-" "Mozilla/5.0 (Windows NT 10.0; Win64; x64) AppleWebKit/537.36 (KHTML, like Gecko) Chrome/120.0.0.0 Safari/537.36 Edg/120.0.0.0"
45.148.10.205 - - [27/Nov/2025:22:29:38 +0100] "GET /wp-content/debug.log HTTP/1.1" 404 236 "-" "Mozilla/5.0 (X11; Linux i686; rv:109.0) Gecko/20100101 Firefox/121.0"
45.156.129.134 - - [27/Nov/2025:22:29:52 +0100] "\x16\x03\x01" 403 265 "-" "-"
114.119.139.112 - - [27/Nov/2025:22:30:12 +0100] "GET /platby/qqap/login-and-logout-using-session-in-php-and-mysqli HTTP/1.1" 200 9570 "-" "Mozilla/5.0 (Linux; Android 7.0;) AppleWebKit/537.36 (KHTML, like Gecko) Mobile Safari/537.36 (compatible; PetalBot;+https://webmaster.petalsearch.com/site/petalbot)"
147.185.132.9 - - [27/Nov/2025:22:32:20 +0100] "GET /" 400 468 "-" "-"
114.119.130.237 - - [27/Nov/2025:22:32:22 +0100] "GET /platby/qqap/lockheed-martin-stars-external-login HTTP/1.1" 200 7589 "-" "Mozilla/5.0 (Linux; Android 7.0;) AppleWebKit/537.36 (KHTML, like Gecko) Mobile Safari/537.36 (compatible; PetalBot;+https://webmaster.petalsearch.com/site/petalbot)"
178.128.61.79 - - [27/Nov/2025:22:32:40 +0100] "\x16\x03\x01" 403 265 "-" "-"
178.128.61.79 - - [27/Nov/2025:22:32:41 +0100] "GET /.env HTTP/1.1" 403 227 "-" "Mozilla/5.0; Keydrop.io/1.0(onlyscans.com/about);"
178.128.61.79 - - [27/Nov/2025:22:32:42 +0100] "\x16\x03\x01" 403 265 "-" "-"
178.128.61.79 - - [27/Nov/2025:22:32:43 +0100] "GET /.git/config HTTP/1.1" 403 233 "-" "Mozilla/5.0; Keydrop.io/1.0(onlyscans.com/about);"
161.115.234.236 - - [27/Nov/2025:22:32:45 +0100] "\x16\x03\x01\x02" 403 265 "-" "-"
114.119.139.112 - - [27/Nov/2025:22:34:24 +0100] "GET /platby/article.php?5d4c26=wgbh-member-login HTTP/1.1" 200 6326 "-" "Mozilla/5.0 (Linux; Android 7.0;) AppleWebKit/537.36 (KHTML, like Gecko) Mobile Safari/537.36 (compatible; PetalBot;+https://webmaster.petalsearch.com/site/petalbot)"
114.119.139.66 - - [27/Nov/2025:22:36:42 +0100] "GET /platby/article.php?5d4c26=huntsville-botanical-gardens-login HTTP/1.1" 200 5702 "-" "Mozilla/5.0 (Linux; Android 7.0;) AppleWebKit/537.36 (KHTML, like Gecko) Mobile Safari/537.36 (compatible; PetalBot;+https://webmaster.petalsearch.com/site/petalbot)"
163.152.126.62 - - [27/Nov/2025:22:36:56 +0100] "\x16\x03\x01\x02" 403 265 "-" "-"
107.172.58.36 - - [27/Nov/2025:22:37:30 +0100] "GET / HTTP/1.1" 200 316 "-" "Mozilla/5.0"
114.119.140.102 - - [27/Nov/2025:22:38:34 +0100] "GET /platby/article.php?5d4c26=cassini-huygens-purpose HTTP/1.1" 200 7353 "-" "Mozilla/5.0 (Linux; Android 7.0;) AppleWebKit/537.36 (KHTML, like Gecko) Mobile Safari/537.36 (compatible; PetalBot;+https://webmaster.petalsearch.com/site/petalbot)"
176.65.148.40 - - [27/Nov/2025:22:40:35 +0100] "GET /" 400 468 "-" "-"
114.119.140.102 - - [27/Nov/2025:22:40:38 +0100] "GET /platby/article.php?5d4c26=backmarket-sign-in HTTP/1.1" 200 5250 "-" "Mozilla/5.0 (Linux; Android 7.0;) AppleWebKit/537.36 (KHTML, like Gecko) Mobile Safari/537.36 (compatible; PetalBot;+https://webmaster.petalsearch.com/site/petalbot)"
13.62.104.37 - - [27/Nov/2025:22:40:47 +0100] "\x16\x03\x01\x01g\x01" 403 265 "-" "-"
13.62.104.37 - - [27/Nov/2025:22:42:41 +0100] "\x16\x03\x01\x01j\x01" 403 265 "-" "-"
114.119.130.237 - - [27/Nov/2025:22:42:47 +0100] "GET /platby/aohwuyx/laserfiche-client-login HTTP/1.1" 200 8584 "-" "Mozilla/5.0 (Linux; Android 7.0;) AppleWebKit/537.36 (KHTML, like Gecko) Mobile Safari/537.36 (compatible; PetalBot;+https://webmaster.petalsearch.com/site/petalbot)"
193.142.146.230 - - [27/Nov/2025:22:44:11 +0100] "GET /" 400 468 "-" "-"
193.142.146.230 - - [27/Nov/2025:22:44:11 +0100] "GET /login HTTP/1.1" 404 226 "-" "Go-http-client/1.1"
114.119.152.142 - - [27/Nov/2025:22:44:51 +0100] "GET /platby/aohwuyx/chin-ups-alternative-at-home HTTP/1.1" 200 10314 "-" "Mozilla/5.0 (Linux; Android 7.0;) AppleWebKit/537.36 (KHTML, like Gecko) Mobile Safari/537.36 (compatible; PetalBot;+https://webmaster.petalsearch.com/site/petalbot)"
114.119.139.66 - - [27/Nov/2025:22:46:57 +0100] "GET /platby/aohwuyx/charters-towers-school,-bexhill-on-sea HTTP/1.1" 200 13036 "-" "Mozilla/5.0 (Linux; Android 7.0;) AppleWebKit/537.36 (KHTML, like Gecko) Mobile Safari/537.36 (compatible; PetalBot;+https://webmaster.petalsearch.com/site/petalbot)"
204.76.203.206 - - [27/Nov/2025:22:47:49 +0100] "GET /" 400 468 "-" "-"
114.119.140.102 - - [27/Nov/2025:22:49:00 +0100] "GET /platby/72zbxoz/team-rubicon-roll-call-login HTTP/1.1" 200 9210 "-" "Mozilla/5.0 (Linux; Android 7.0;) AppleWebKit/537.36 (KHTML, like Gecko) Mobile Safari/537.36 (compatible; PetalBot;+https://webmaster.petalsearch.com/site/petalbot)"
204.76.203.206 - - [27/Nov/2025:22:49:38 +0100] "GET / HTTP/1.1" 200 316 "-" "Mozilla/5.0 (Windows NT 10.0; Win64; x64) AppleWebKit/537.36 (KHTML, like Gecko) Chrome/90.0.4430.85 Safari/537.36 Edg/90.0.818.46"
114.119.130.237 - - [27/Nov/2025:22:51:05 +0100] "GET /platby/72zbxoz/loyalty-quotes-goodreads HTTP/1.1" 200 8629 "-" "Mozilla/5.0 (Linux; Android 7.0;) AppleWebKit/537.36 (KHTML, like Gecko) Mobile Safari/537.36 (compatible; PetalBot;+https://webmaster.petalsearch.com/site/petalbot)"
13.61.190.236 - - [27/Nov/2025:22:51:49 +0100] "\x16\x03\x01\x01f\x01" 403 265 "-" "-"
91.231.222.128 - - [27/Nov/2025:22:52:44 +0100] "\x16\x03\x01\x02" 403 265 "-" "-"
114.119.130.237 - - [27/Nov/2025:22:53:12 +0100] "GET /platby/72zbxoz/good-better-best-product-examples HTTP/1.1" 200 9210 "-" "Mozilla/5.0 (Linux; Android 7.0;) AppleWebKit/537.36 (KHTML, like Gecko) Mobile Safari/537.36 (compatible; PetalBot;+https://webmaster.petalsearch.com/site/petalbot)"
204.76.203.212 - - [27/Nov/2025:22:54:43 +0100] "GET /" 400 468 "-" "-"
181.214.166.129 - - [27/Nov/2025:22:55:00 +0100] "\x16\x03\x01\x02" 403 265 "-" "-"
40.119.43.103 - - [27/Nov/2025:22:55:15 +0100] "\x16\x03\x03\x01\xa7\x01" 403 265 "-" "-"
40.119.43.103 - - [27/Nov/2025:22:55:15 +0100] "\x16\x03\x03\x01\xa7\x01" 403 265 "-" "-"
40.119.43.103 - - [27/Nov/2025:22:55:15 +0100] "\x16\x03\x03\x01X\x01" 403 265 "-" "-"
40.119.43.103 - - [27/Nov/2025:22:55:16 +0100] "\x16\x03\x03\x01J\x01" 403 265 "-" "-"
40.119.43.103 - - [27/Nov/2025:22:55:16 +0100] "\x16\x03\x03\x01\x9b\x01" 403 265 "-" "-"
40.119.43.103 - - [27/Nov/2025:22:55:16 +0100] "\x16\x03\x02\x01\x9c\x01" 403 265 "-" "-"
40.119.43.103 - - [27/Nov/2025:22:55:16 +0100] "\x16\x03\x01\x01\xa9\x01" 403 265 "-" "-"
40.119.43.103 - - [27/Nov/2025:22:55:17 +0100] "\x16\x03\x01\x01\xa9\x01" 403 265 "-" "-"
40.119.43.103 - - [27/Nov/2025:22:55:17 +0100] "\x16\x03\x01\x01\x9f\x01" 403 265 "-" "-"
40.119.43.103 - - [27/Nov/2025:22:55:17 +0100] "\x16\x03\x01\x01\xb6\x01" 403 265 "-" "-"
114.119.149.2 - - [27/Nov/2025:22:57:26 +0100] "GET /platby/aohwuyx/what-is-a-human-person-in-philosophy HTTP/1.1" 200 13941 "http://ispc.klape.eu/platby/aohwuyx/what-is-a-human-person-in-philosophy" "Mozilla/5.0 (Linux; Android 7.0;) AppleWebKit/537.36 (KHTML, like Gecko) Mobile Safari/537.36 (compatible; PetalBot;+https://webmaster.petalsearch.com/site/petalbot)"
92.118.39.152 - - [27/Nov/2025:22:59:00 +0100] "\x16\x03\x01\x02" 403 265 "-" "-"
114.119.152.142 - - [27/Nov/2025:22:59:31 +0100] "GET /platby/aohwuyx/what-does-it-mean-to-be-resentenced HTTP/1.1" 200 10603 "http://ispc.klape.eu/platby/aohwuyx/what-are-10-examples-of-exclamatory-sentences" "Mozilla/5.0 (Linux; Android 7.0;) AppleWebKit/537.36 (KHTML, like Gecko) Mobile Safari/537.36 (compatible; PetalBot;+https://webmaster.petalsearch.com/site/petalbot)"
80.82.70.133 - - [27/Nov/2025:23:01:28 +0100] "\x16\x03\x02\x01o\x01" 403 265 "-" "-"
114.119.139.112 - - [27/Nov/2025:23:01:32 +0100] "GET /platby/aohwuyx/user/section-8-apartments-all-bills-paid-san-antonio HTTP/1.1" 200 12622 "http://ispc.klape.eu/platby/aohwuyx/user/section-8-apartments-all-bills-paid-san-antonio" "Mozilla/5.0 (Linux; Android 7.0;) AppleWebKit/537.36 (KHTML, like Gecko) Mobile Safari/537.36 (compatible; PetalBot;+https://webmaster.petalsearch.com/site/petalbot)"
181.214.166.242 - - [27/Nov/2025:23:02:10 +0100] "\x16\x03\x01\x06\x04\x01" 403 265 "-" "-"
195.177.94.189 - - [27/Nov/2025:23:03:24 +0100] "GET /phpmyadmin/scripts/setup.php HTTP/1.1" 200 11106 "-" "Mozilla/4.0 (compatible; MSIE 6.0; MSIE 5.5; Windows NT 5.1) Opera 7.01 [en]"
195.177.94.189 - - [27/Nov/2025:23:03:25 +0100] "POST /phpmyadmin/scripts/setup.php HTTP/1.1" 200 18608 "http://109.105.49.240:8081/phpmyadmin/scripts/setup.php" "Mozilla/4.0 (compatible; MSIE 6.0; MSIE 5.5; Windows NT 5.1) Opera 7.01 [en]"
114.119.140.102 - - [27/Nov/2025:23:03:37 +0100] "GET /platby/aohwuyx/react-native-fetch-refresh-token HTTP/1.1" 200 11684 "http://ispc.klape.eu/platby/aohwuyx/react-native-fetch-refresh-token" "Mozilla/5.0 (Linux; Android 7.0;) AppleWebKit/537.36 (KHTML, like Gecko) Mobile Safari/537.36 (compatible; PetalBot;+https://webmaster.petalsearch.com/site/petalbot)"
78.153.140.218 - - [27/Nov/2025:23:04:23 +0100] "\x16\x03\x01" 403 265 "-" "-"
78.153.140.218 - - [27/Nov/2025:23:04:23 +0100] "\x16\x03\x01" 403 265 "-" "-"
195.177.94.189 - - [27/Nov/2025:23:04:34 +0100] "GET /phpmyadmin/scripts/setup.php HTTP/1.1" 200 11105 "-" "Mozilla/4.0 (compatible; MSIE 6.0; MSIE 5.5; Windows NT 5.1) Opera 7.01 [en]"
195.177.94.189 - - [27/Nov/2025:23:04:35 +0100] "POST /phpmyadmin/scripts/setup.php HTTP/1.1" 200 18608 "http://109.105.49.240:443/phpmyadmin/scripts/setup.php" "Mozilla/4.0 (compatible; MSIE 6.0; MSIE 5.5; Windows NT 5.1) Opera 7.01 [en]"
114.119.128.6 - - [27/Nov/2025:23:05:49 +0100] "GET /platby/aohwuyx/point-nine-capital-internship HTTP/1.1" 200 9353 "http://ispc.klape.eu/platby/aohwuyx/can-you-eat-baking-chocolate-without-baking-it" "Mozilla/5.0 (Linux; Android 7.0;) AppleWebKit/537.36 (KHTML, like Gecko) Mobile Safari/537.36 (compatible; PetalBot;+https://webmaster.petalsearch.com/site/petalbot)"
204.76.203.206 - - [27/Nov/2025:23:06:22 +0100] "GET /" 400 468 "-" "-"
54.193.95.35 - - [27/Nov/2025:23:07:12 +0100] "\x16\x03\x01\x01\x01\x01" 403 265 "-" "-"
204.76.203.206 - - [27/Nov/2025:23:07:45 +0100] "GET / HTTP/1.1" 200 316 "-" "Mozilla/5.0 (Windows NT 10.0; Win64; x64) AppleWebKit/537.36 (KHTML, like Gecko) Chrome/90.0.4430.85 Safari/537.36 Edg/90.0.818.46"
114.119.139.66 - - [27/Nov/2025:23:07:52 +0100] "GET /platby/aohwuyx/ollie-robinson-tweets-what-did-he-say HTTP/1.1" 200 9777 "http://ispc.klape.eu/platby/aohwuyx/2020-mlb-rookie-cards-to-invest-in" "Mozilla/5.0 (Linux; Android 7.0;) AppleWebKit/537.36 (KHTML, like Gecko) Mobile Safari/537.36 (compatible; PetalBot;+https://webmaster.petalsearch.com/site/petalbot)"
114.119.128.6 - - [27/Nov/2025:23:09:57 +0100] "GET /platby/aohwuyx/microintervention-strategies HTTP/1.1" 200 12483 "http://ispc.klape.eu/platby/aohwuyx/microintervention-strategies" "Mozilla/5.0 (Linux; Android 7.0;) AppleWebKit/537.36 (KHTML, like Gecko) Mobile Safari/537.36 (compatible; PetalBot;+https://webmaster.petalsearch.com/site/petalbot)"
45.38.44.221 - - [27/Nov/2025:23:10:27 +0100] "GET /" 400 468 "-" "-"
114.119.140.102 - - [27/Nov/2025:23:11:59 +0100] "GET /platby/aohwuyx/linda-cullen-obituary HTTP/1.1" 200 7886 "http://ispc.klape.eu/platby/aohwuyx/linda-cullen-obituary" "Mozilla/5.0 (Linux; Android 7.0;) AppleWebKit/537.36 (KHTML, like Gecko) Mobile Safari/537.36 (compatible; PetalBot;+https://webmaster.petalsearch.com/site/petalbot)"
114.119.128.6 - - [27/Nov/2025:23:14:12 +0100] "GET /platby/aohwuyx/kumeyaay-ipai-interpretive-center HTTP/1.1" 200 13331 "http://ispc.klape.eu/platby/aohwuyx/la-prairie-skin-caviar-luxe-cream-100ml" "Mozilla/5.0 (Linux; Android 7.0;) AppleWebKit/537.36 (KHTML, like Gecko) Mobile Safari/537.36 (compatible; PetalBot;+https://webmaster.petalsearch.com/site/petalbot)"
104.210.140.128 - - [27/Nov/2025:23:14:15 +0100] "\x16\x03\x01\x027\x01" 403 265 "-" "-"
104.210.140.130 - - [27/Nov/2025:23:14:16 +0100] "\x16\x03\x01\x02" 403 265 "-" "-"
104.210.140.139 - - [27/Nov/2025:23:14:16 +0100] "\x16\x03\x01\x027\x01" 403 265 "-" "-"
104.210.140.128 - - [27/Nov/2025:23:14:17 +0100] "\x16\x03\x01\x02" 403 265 "-" "-"
104.210.140.130 - - [27/Nov/2025:23:14:17 +0100] "\x16\x03\x01\x02" 403 265 "-" "-"
104.210.140.140 - - [27/Nov/2025:23:14:17 +0100] "\x16\x03\x01\x02" 403 265 "-" "-"
104.210.140.135 - - [27/Nov/2025:23:14:18 +0100] "\x16\x03\x01\x02" 403 265 "-" "-"
104.210.140.143 - - [27/Nov/2025:23:14:18 +0100] "\x16\x03\x01\x02" 403 265 "-" "-"
104.210.140.137 - - [27/Nov/2025:23:14:22 +0100] "\x16\x03\x01\x02" 403 265 "-" "-"
104.210.140.138 - - [27/Nov/2025:23:14:22 +0100] "\x16\x03\x01\x02" 403 265 "-" "-"
104.210.140.142 - - [27/Nov/2025:23:14:24 +0100] "\x16\x03\x01\x02" 403 265 "-" "-"
104.210.140.140 - - [27/Nov/2025:23:14:24 +0100] "\x16\x03\x01\x02" 403 265 "-" "-"
104.210.140.142 - - [27/Nov/2025:23:14:24 +0100] "\x16\x03\x01\x02" 403 265 "-" "-"
104.210.140.142 - - [27/Nov/2025:23:14:25 +0100] "\x16\x03\x01\x02" 403 265 "-" "-"
104.210.140.140 - - [27/Nov/2025:23:14:25 +0100] "\x16\x03\x01\x02" 403 265 "-" "-"
95.129.101.135 - - [27/Nov/2025:23:14:51 +0100] "\x16\x03\x01\x02" 403 265 "-" "-"
193.34.213.150 - - [27/Nov/2025:23:14:58 +0100] "GET /dispatch.asp HTTP/1.1" 404 230 "-" "Mozilla/5.0 (Windows NT 10.0; Win64; x64) AppleWebKit/537.36 (KHTML, like Gecko) Chrome/90.0.4430.85 Safari/537.36 Edg/90.0.818.46"
114.119.152.142 - - [27/Nov/2025:23:16:12 +0100] "GET /platby/aohwuyx/huawei-y9-prime-front-camera-black-screen HTTP/1.1" 200 11314 "http://ispc.klape.eu/platby/aohwuyx/saskatchewan-indigenous" "Mozilla/5.0 (Linux; Android 7.0;) AppleWebKit/537.36 (KHTML, like Gecko) Mobile Safari/537.36 (compatible; PetalBot;+https://webmaster.petalsearch.com/site/petalbot)"
15.204.161.7 - - [27/Nov/2025:23:17:44 +0100] "\x16\x03\x01\x01\"\x01" 403 265 "-" "-"
114.119.152.142 - - [27/Nov/2025:23:18:16 +0100] "GET /platby/aohwuyx/houses-for-sale-in-west-lawn,-pa HTTP/1.1" 200 11492 "http://ispc.klape.eu/platby/aohwuyx/houses-for-sale-in-west-lawn,-pa" "Mozilla/5.0 (Linux; Android 7.0;) AppleWebKit/537.36 (KHTML, like Gecko) Mobile Safari/537.36 (compatible; PetalBot;+https://webmaster.petalsearch.com/site/petalbot)"
114.119.128.6 - - [27/Nov/2025:23:20:21 +0100] "GET /platby/aohwuyx/giant-brahma-chickens-for-sale-near-me HTTP/1.1" 200 12126 "http://ispc.klape.eu/platby/aohwuyx/how-to-write-test-cases-in-xray" "Mozilla/5.0 (Linux; Android 7.0;) AppleWebKit/537.36 (KHTML, like Gecko) Mobile Safari/537.36 (compatible; PetalBot;+https://webmaster.petalsearch.com/site/petalbot)"
114.119.130.237 - - [27/Nov/2025:23:22:27 +0100] "GET /platby/aohwuyx/diversity-and-inclusion-games-for-virtual-teams HTTP/1.1" 200 8093 "http://ispc.klape.eu/platby/aohwuyx/maitland-niles-assists" "Mozilla/5.0 (Linux; Android 7.0;) AppleWebKit/537.36 (KHTML, like Gecko) Mobile Safari/537.36 (compatible; PetalBot;+https://webmaster.petalsearch.com/site/petalbot)"
91.231.222.128 - - [27/Nov/2025:23:23:34 +0100] "\x16\x03\x01\x02" 403 265 "-" "-"
114.119.130.237 - - [27/Nov/2025:23:24:38 +0100] "GET /platby/aohwuyx/depeche-mode---behind-the-wheel HTTP/1.1" 200 11948 "http://ispc.klape.eu/platby/aohwuyx/depeche-mode---behind-the-wheel" "Mozilla/5.0 (Linux; Android 7.0;) AppleWebKit/537.36 (KHTML, like Gecko) Mobile Safari/537.36 (compatible; PetalBot;+https://webmaster.petalsearch.com/site/petalbot)"
204.76.203.206 - - [27/Nov/2025:23:24:51 +0100] "GET /" 400 468 "-" "-"
13.53.86.78 - - [27/Nov/2025:23:25:45 +0100] "\x16\x03\x01\x01e\x01" 403 265 "-" "-"
204.76.203.206 - - [27/Nov/2025:23:26:17 +0100] "GET / HTTP/1.1" 200 316 "-" "Mozilla/5.0 (Windows NT 10.0; Win64; x64) AppleWebKit/537.36 (KHTML, like Gecko) Chrome/90.0.4430.85 Safari/537.36 Edg/90.0.818.46"
114.119.152.142 - - [27/Nov/2025:23:26:38 +0100] "GET /platby/aohwuyx/canberra-olympic-vs-tuggeranong-united HTTP/1.1" 200 11685 "http://ispc.klape.eu/platby/aohwuyx/how-to-teach-your-child-3-languages" "Mozilla/5.0 (Linux; Android 7.0;) AppleWebKit/537.36 (KHTML, like Gecko) Mobile Safari/537.36 (compatible; PetalBot;+https://webmaster.petalsearch.com/site/petalbot)"
114.119.139.112 - - [27/Nov/2025:23:28:42 +0100] "GET /platby/aohwuyx/bootstrap-portfolio-gallery-with-filtering-category-codepen HTTP/1.1" 200 13198 "http://ispc.klape.eu/platby/aohwuyx/index-of-one-direction%3A-this-is-us" "Mozilla/5.0 (Linux; Android 7.0;) AppleWebKit/537.36 (KHTML, like Gecko) Mobile Safari/537.36 (compatible; PetalBot;+https://webmaster.petalsearch.com/site/petalbot)"
95.129.101.135 - - [27/Nov/2025:23:29:21 +0100] "\x16\x03\x01\x02" 403 265 "-" "-"
64.227.162.218 - - [27/Nov/2025:23:29:25 +0100] "\x16\x03\x01" 403 265 "-" "-"
64.227.162.218 - - [27/Nov/2025:23:29:25 +0100] "\x16\x03\x01" 403 265 "-" "-"
64.227.162.218 - - [27/Nov/2025:23:29:25 +0100] "\x16\x03\x01" 403 265 "-" "-"
64.227.162.218 - - [27/Nov/2025:23:29:26 +0100] "\x16\x03\x03\x01\xa7\x01" 403 265 "-" "-"
64.227.162.218 - - [27/Nov/2025:23:29:26 +0100] "\x16\x03\x03\x01\xa7\x01" 403 265 "-" "-"
64.227.162.218 - - [27/Nov/2025:23:29:26 +0100] "\x16\x03\x03\x01X\x01" 403 265 "-" "-"
64.227.162.218 - - [27/Nov/2025:23:29:27 +0100] "\x16\x03\x03\x01J\x01" 403 265 "-" "-"
64.227.162.218 - - [27/Nov/2025:23:29:27 +0100] "\x16\x03\x03\x01\x9b\x01" 403 265 "-" "-"
64.227.162.218 - - [27/Nov/2025:23:29:27 +0100] "\x16\x03\x02\x01\x9c\x01" 403 265 "-" "-"
64.227.162.218 - - [27/Nov/2025:23:29:27 +0100] "\x16\x03\x01\x01\xa9\x01" 403 265 "-" "-"
64.227.162.218 - - [27/Nov/2025:23:29:28 +0100] "\x16\x03\x01\x01\xa9\x01" 403 265 "-" "-"
64.227.162.218 - - [27/Nov/2025:23:29:28 +0100] "\x16\x03\x01\x01\x9f\x01" 403 265 "-" "-"
64.227.162.218 - - [27/Nov/2025:23:29:28 +0100] "\x16\x03\x01\x01\xb6\x01" 403 265 "-" "-"
64.227.162.218 - - [27/Nov/2025:23:29:29 +0100] "GET / HTTP/1.1" 403 224 "-" "Mozilla/5.0 (Windows NT 10.0; Win64; x64) AppleWebKit/537.36 (KHTML, like Gecko) Chrome/108.0.0.0 Safari/537.36"
64.227.162.218 - - [27/Nov/2025:23:29:29 +0100] "\x16\x03\x01" 403 265 "-" "-"
64.227.162.218 - - [27/Nov/2025:23:29:29 +0100] "GET /t4 HTTP/1.1" 403 225 "-" "Mozilla/5.0"
64.227.162.218 - - [27/Nov/2025:23:29:30 +0100] "GET /favicon.ico HTTP/1.1" 403 231 "-" "Mozilla/5.0 (Windows NT 10.0; Win64; x64) AppleWebKit/537.36 (KHTML, like Gecko) Chrome/108.0.0.0 Safari/537.36"
64.227.162.218 - - [27/Nov/2025:23:29:30 +0100] "\x16\x03\x01" 403 265 "-" "-"
64.227.162.218 - - [27/Nov/2025:23:29:30 +0100] "\x16\x03\x01" 403 265 "-" "-"
95.129.101.135 - - [27/Nov/2025:23:30:36 +0100] "\x16\x03\x01\x02" 403 265 "-" "-"
114.119.152.142 - - [27/Nov/2025:23:30:46 +0100] "GET /platby/aohwuyx/best-nfl-rookie-cards-to-invest-in-2020 HTTP/1.1" 200 14506 "http://ispc.klape.eu/platby/aohwuyx/best-face-moisturizer-for-dry%2C-sensitive-skin" "Mozilla/5.0 (Linux; Android 7.0;) AppleWebKit/537.36 (KHTML, like Gecko) Mobile Safari/537.36 (compatible; PetalBot;+https://webmaster.petalsearch.com/site/petalbot)"
95.129.101.135 - - [27/Nov/2025:23:31:40 +0100] "\x16\x03\x01\x02" 403 265 "-" "-"
114.119.129.163 - - [27/Nov/2025:23:32:52 +0100] "GET /platby/aohwuyx/best-football-cards-to-invest-in-2021 HTTP/1.1" 200 10141 "http://ispc.klape.eu/platby/aohwuyx/best-football-cards-to-invest-in-2021" "Mozilla/5.0 (Linux; Android 7.0;) AppleWebKit/537.36 (KHTML, like Gecko) Mobile Safari/537.36 (compatible; PetalBot;+https://webmaster.petalsearch.com/site/petalbot)"
51.68.111.239 - - [27/Nov/2025:23:34:03 +0100] "\x16\x03\x01\x01Z\x01" 403 265 "-" "-"
114.119.129.163 - - [27/Nov/2025:23:35:01 +0100] "GET /platby/aohwuyx/benediction-discography HTTP/1.1" 200 10529 "http://ispc.klape.eu/platby/aohwuyx/benediction-discography" "Mozilla/5.0 (Linux; Android 7.0;) AppleWebKit/537.36 (KHTML, like Gecko) Mobile Safari/537.36 (compatible; PetalBot;+https://webmaster.petalsearch.com/site/petalbot)"
205.210.31.215 - - [27/Nov/2025:23:35:05 +0100] "GET / HTTP/1.0" 200 515 "-" "Hello from Palo Alto Networks, find out more about our scans in https://docs-cortex.paloaltonetworks.com/r/1/Cortex-Xpanse/Scanning-activity"
176.65.149.45 - - [27/Nov/2025:23:35:11 +0100] "GET / HTTP/1.1" 200 316 "-" "Go-http-client/1.1"
104.210.140.129 - - [27/Nov/2025:23:36:12 +0100] "\x16\x03\x01\x02" 403 265 "-" "-"
104.210.140.128 - - [27/Nov/2025:23:36:12 +0100] "\x16\x03\x01\x02" 403 265 "-" "-"
104.210.140.141 - - [27/Nov/2025:23:36:12 +0100] "\x16\x03\x01\x02" 403 265 "-" "-"
104.210.140.135 - - [27/Nov/2025:23:36:13 +0100] "\x16\x03\x01\x02" 403 265 "-" "-"
114.119.152.142 - - [27/Nov/2025:23:37:04 +0100] "GET /platby/aohwuyx/bed-and-breakfast-galena,-il-pet-friendly HTTP/1.1" 200 12317 "http://ispc.klape.eu/platby/aohwuyx/soldier-field-drive-in" "Mozilla/5.0 (Linux; Android 7.0;) AppleWebKit/537.36 (KHTML, like Gecko) Mobile Safari/537.36 (compatible; PetalBot;+https://webmaster.petalsearch.com/site/petalbot)"
198.235.24.98 - - [27/Nov/2025:23:38:02 +0100] "GET / HTTP/1.1" 200 518 "-" "Hello from Palo Alto Networks, find out more about our scans in https://docs-cortex.paloaltonetworks.com/r/1/Cortex-Xpanse/Scanning-activity"
114.119.128.6 - - [27/Nov/2025:23:39:09 +0100] "GET /platby/aohwuyx/bangalore-famous-drinks HTTP/1.1" 200 9270 "http://ispc.klape.eu/platby/aohwuyx/bangalore-famous-drinks" "Mozilla/5.0 (Linux; Android 7.0;) AppleWebKit/537.36 (KHTML, like Gecko) Mobile Safari/537.36 (compatible; PetalBot;+https://webmaster.petalsearch.com/site/petalbot)"
114.119.152.142 - - [27/Nov/2025:23:41:15 +0100] "GET /platby/aohwuyx/apple-iphone-11-silicone-case-pink-sand HTTP/1.1" 200 8859 "http://ispc.klape.eu/platby/aohwuyx/waka-waka-nuka-licka-waka-waka-nuka-licka" "Mozilla/5.0 (Linux; Android 7.0;) AppleWebKit/537.36 (KHTML, like Gecko) Mobile Safari/537.36 (compatible; PetalBot;+https://webmaster.petalsearch.com/site/petalbot)"
116.197.130.58 - - [27/Nov/2025:23:41:28 +0100] "\x16\x03\x01\x01\x04\x01" 403 265 "-" "-"
116.197.130.58 - - [27/Nov/2025:23:41:28 +0100] "\x16\x03\x01\x01\x04\x01" 403 265 "-" "-"
116.197.130.58 - - [27/Nov/2025:23:41:28 +0100] "\x16\x03\x01\x01\x04\x01" 403 265 "-" "-"
116.197.130.58 - - [27/Nov/2025:23:41:28 +0100] "\x16\x03\x01\x01\b\x01" 403 265 "-" "-"
116.197.130.58 - - [27/Nov/2025:23:41:28 +0100] "\x16\x03\x01\x01\b\x01" 403 265 "-" "-"
116.197.130.58 - - [27/Nov/2025:23:41:28 +0100] "\x16\x03\x01\x01\b\x01" 403 265 "-" "-"
51.68.111.218 - - [27/Nov/2025:23:42:23 +0100] "\x16\x03\x01\x01P\x01" 403 265 "-" "-"
43.174.8.38 - - [27/Nov/2025:23:42:43 +0100] "\x16\x03\x01\x06\xdd\x01" 403 265 "-" "-"
43.174.8.38 - - [27/Nov/2025:23:42:43 +0100] "\x16\x03\x01\x06\xdd\x01" 403 265 "-" "-"
43.174.8.38 - - [27/Nov/2025:23:42:43 +0100] "\x16\x03\x01\x06\xfd\x01" 403 265 "-" "-"
43.174.8.38 - - [27/Nov/2025:23:42:44 +0100] "\x16\x03\x01\x06\xdd\x01" 403 265 "-" "-"
114.119.139.66 - - [27/Nov/2025:23:43:36 +0100] "GET /platby/aohwuyx/alvin-and-the-chipmunks-5-release-date-2022 HTTP/1.1" 200 15518 "http://ispc.klape.eu/platby/aohwuyx/live-mallard-ducks-for-sale-near-me" "Mozilla/5.0 (Linux; Android 7.0;) AppleWebKit/537.36 (KHTML, like Gecko) Mobile Safari/537.36 (compatible; PetalBot;+https://webmaster.petalsearch.com/site/petalbot)"
204.76.203.206 - - [27/Nov/2025:23:43:51 +0100] "GET /" 400 468 "-" "-"
204.76.203.206 - - [27/Nov/2025:23:45:00 +0100] "GET / HTTP/1.1" 200 316 "-" "Mozilla/5.0 (Windows NT 10.0; Win64; x64) AppleWebKit/537.36 (KHTML, like Gecko) Chrome/90.0.4430.85 Safari/537.36 Edg/90.0.818.46"
114.119.140.102 - - [27/Nov/2025:23:45:25 +0100] "GET /platby/aohwuyx/223-n-water-st,-lancaster,-pa-17603 HTTP/1.1" 200 9473 "http://ispc.klape.eu/platby/aohwuyx/223-n-water-st%2C-lancaster%2C-pa-17603" "Mozilla/5.0 (Linux; Android 7.0;) AppleWebKit/537.36 (KHTML, like Gecko) Mobile Safari/537.36 (compatible; PetalBot;+https://webmaster.petalsearch.com/site/petalbot)"
114.119.130.237 - - [27/Nov/2025:23:47:30 +0100] "GET /platby/72zbxoz/workplace-reality-tv-shows HTTP/1.1" 200 8811 "http://ispc.klape.eu/platby/72zbxoz/workplace-reality-tv-shows" "Mozilla/5.0 (Linux; Android 7.0;) AppleWebKit/537.36 (KHTML, like Gecko) Mobile Safari/537.36 (compatible; PetalBot;+https://webmaster.petalsearch.com/site/petalbot)"
114.119.128.6 - - [27/Nov/2025:23:49:38 +0100] "GET /platby/72zbxoz/why-is-my-alcatel-linkzone-2-not-working HTTP/1.1" 200 13628 "http://ispc.klape.eu/platby/72zbxoz/fifa-20-oldest-players-with-real-faces" "Mozilla/5.0 (Linux; Android 7.0;) AppleWebKit/537.36 (KHTML, like Gecko) Mobile Safari/537.36 (compatible; PetalBot;+https://webmaster.petalsearch.com/site/petalbot)"
205.210.31.245 - - [27/Nov/2025:23:49:39 +0100] "GET /" 400 468 "-" "-"
114.119.128.6 - - [27/Nov/2025:23:51:40 +0100] "GET /platby/72zbxoz/where-did-henry-hill-live-on-long-island HTTP/1.1" 200 13358 "http://ispc.klape.eu/platby/72zbxoz/how-to-defend-yourself-against-false-accusations" "Mozilla/5.0 (Linux; Android 7.0;) AppleWebKit/537.36 (KHTML, like Gecko) Mobile Safari/537.36 (compatible; PetalBot;+https://webmaster.petalsearch.com/site/petalbot)"
15.204.161.7 - - [27/Nov/2025:23:52:54 +0100] "\x16\x03\x01\x01&\x01" 403 265 "-" "-"
193.142.146.230 - - [27/Nov/2025:23:53:15 +0100] "GET /" 400 468 "-" "-"
193.142.146.230 - - [27/Nov/2025:23:53:15 +0100] "GET /login HTTP/1.1" 404 226 "-" "Go-http-client/1.1"
114.119.130.237 - - [27/Nov/2025:23:53:45 +0100] "GET /platby/72zbxoz/where-are-roseate-spoonbills-found-in-florida HTTP/1.1" 200 12895 "http://ispc.klape.eu/platby/72zbxoz/where-are-roseate-spoonbills-found-in-florida" "Mozilla/5.0 (Linux; Android 7.0;) AppleWebKit/537.36 (KHTML, like Gecko) Mobile Safari/537.36 (compatible; PetalBot;+https://webmaster.petalsearch.com/site/petalbot)"
