114.119.129.163 - - [28/Nov/2025:00:00:00 +0100] "GET /platby/72zbxoz/what-rhymes-with-know-for-a-poem HTTP/1.1" 200 9551 "http://ispc.klape.eu/platby/72zbxoz/what-rhymes-with-know-for-a-poem" "Mozilla/5.0 (Linux; Android 7.0;) AppleWebKit/537.36 (KHTML, like Gecko) Mobile Safari/537.36 (compatible; PetalBot;+https://webmaster.petalsearch.com/site/petalbot)"
114.119.128.6 - - [28/Nov/2025:00:02:06 +0100] "GET /platby/72zbxoz/use-influence-as-a-verb-in-a-sentence HTTP/1.1" 200 9298 "http://ispc.klape.eu/platby/72zbxoz/fifa-20-oldest-players-with-real-faces" "Mozilla/5.0 (Linux; Android 7.0;) AppleWebKit/537.36 (KHTML, like Gecko) Mobile Safari/537.36 (compatible; PetalBot;+https://webmaster.petalsearch.com/site/petalbot)"
204.76.203.206 - - [28/Nov/2025:00:03:06 +0100] "GET /" 400 468 "-" "-"
20.64.105.168 - - [28/Nov/2025:00:03:25 +0100] "GET /" 400 468 "-" "-"
114.119.139.66 - - [28/Nov/2025:00:04:12 +0100] "GET /platby/72zbxoz/until-you-come-back-to-me-writer HTTP/1.1" 200 12611 "http://ispc.klape.eu/platby/72zbxoz/how-much-salicylic-acid-in-dermalogica-daily-microfoliant" "Mozilla/5.0 (Linux; Android 7.0;) AppleWebKit/537.36 (KHTML, like Gecko) Mobile Safari/537.36 (compatible; PetalBot;+https://webmaster.petalsearch.com/site/petalbot)"
204.76.203.206 - - [28/Nov/2025:00:04:31 +0100] "GET / HTTP/1.1" 200 316 "-" "Mozilla/5.0 (Windows NT 10.0; Win64; x64) AppleWebKit/537.36 (KHTML, like Gecko) Chrome/90.0.4430.85 Safari/537.36 Edg/90.0.818.46"
114.119.128.6 - - [28/Nov/2025:00:06:16 +0100] "GET /platby/72zbxoz/umass-lowell-baseball-schedule-2021northern-arizona-wranglers-arena HTTP/1.1" 200 9615 "http://ispc.klape.eu/platby/72zbxoz/umass-lowell-baseball-schedule-2021northern-arizona-wranglers-arena" "Mozilla/5.0 (Linux; Android 7.0;) AppleWebKit/537.36 (KHTML, like Gecko) Mobile Safari/537.36 (compatible; PetalBot;+https://webmaster.petalsearch.com/site/petalbot)"
52.6.97.88 - - [28/Nov/2025:00:08:18 +0100] "GET /platby/uwoy9/kentucky-tattoo-ideas HTTP/1.1" 200 13848 "-" "Mozilla/5.0 AppleWebKit/537.36 (KHTML, like Gecko; compatible; Amazonbot/0.1; +https://developer.amazon.com/support/amazonbot) Chrome/119.0.6045.214 Safari/537.36"
114.119.129.163 - - [28/Nov/2025:00:08:21 +0100] "GET /platby/72zbxoz/tyson-chandler-height HTTP/1.1" 200 6996 "http://ispc.klape.eu/platby/72zbxoz/tyson-chandler-height" "Mozilla/5.0 (Linux; Android 7.0;) AppleWebKit/537.36 (KHTML, like Gecko) Mobile Safari/537.36 (compatible; PetalBot;+https://webmaster.petalsearch.com/site/petalbot)"
205.210.31.56 - - [28/Nov/2025:00:08:45 +0100] "GET /" 400 468 "-" "-"
5.133.192.94 - - [28/Nov/2025:00:08:51 +0100] "\x16\x03\x01\x01!\x01" 403 265 "-" "-"
68.221.75.31 - - [28/Nov/2025:00:09:36 +0100] "\x16\x03\x01\x02" 403 265 "-" "-"
68.221.75.30 - - [28/Nov/2025:00:09:36 +0100] "\x16\x03\x01\x02" 403 265 "-" "-"
68.221.75.28 - - [28/Nov/2025:00:09:36 +0100] "\x16\x03\x01\x02" 403 265 "-" "-"
68.221.75.25 - - [28/Nov/2025:00:09:36 +0100] "\x16\x03\x01\x02" 403 265 "-" "-"
68.221.75.20 - - [28/Nov/2025:00:09:37 +0100] "\x16\x03\x01\x02" 403 265 "-" "-"
68.221.75.27 - - [28/Nov/2025:00:09:37 +0100] "\x16\x03\x01\x02" 403 265 "-" "-"
68.221.75.16 - - [28/Nov/2025:00:09:37 +0100] "\x16\x03\x01\x02" 403 265 "-" "-"
68.221.75.20 - - [28/Nov/2025:00:09:37 +0100] "\x16\x03\x01\x02" 403 265 "-" "-"
68.221.75.20 - - [28/Nov/2025:00:09:37 +0100] "\x16\x03\x01\x02)\x01" 403 265 "-" "-"
68.221.75.29 - - [28/Nov/2025:00:09:37 +0100] "\x16\x03\x01\x02" 403 265 "-" "-"
68.221.75.24 - - [28/Nov/2025:00:09:38 +0100] "\x16\x03\x01\x02" 403 265 "-" "-"
68.221.75.27 - - [28/Nov/2025:00:09:38 +0100] "\x16\x03\x01\x02" 403 265 "-" "-"
68.221.75.16 - - [28/Nov/2025:00:09:38 +0100] "\x16\x03\x01\x02" 403 265 "-" "-"
68.221.75.16 - - [28/Nov/2025:00:09:38 +0100] "\x16\x03\x01\x02" 403 265 "-" "-"
68.221.75.31 - - [28/Nov/2025:00:09:38 +0100] "\x16\x03\x01\x02" 403 265 "-" "-"
68.221.75.28 - - [28/Nov/2025:00:09:39 +0100] "\x16\x03\x01\x02I\x01" 403 265 "-" "-"
114.119.128.6 - - [28/Nov/2025:00:10:27 +0100] "GET /platby/72zbxoz/timberwolves-most-3-pointers-in-a-game HTTP/1.1" 200 9399 "http://ispc.klape.eu/platby/72zbxoz/timberwolves-most-3-pointers-in-a-game" "Mozilla/5.0 (Linux; Android 7.0;) AppleWebKit/537.36 (KHTML, like Gecko) Mobile Safari/537.36 (compatible; PetalBot;+https://webmaster.petalsearch.com/site/petalbot)"
45.38.44.221 - - [28/Nov/2025:00:11:57 +0100] "GET /" 400 468 "-" "-"
114.119.152.142 - - [28/Nov/2025:00:12:32 +0100] "GET /platby/72zbxoz/tep-human-resources-phone-number HTTP/1.1" 200 10197 "http://ispc.klape.eu/platby/72zbxoz/tep-human-resources-phone-number" "Mozilla/5.0 (Linux; Android 7.0;) AppleWebKit/537.36 (KHTML, like Gecko) Mobile Safari/537.36 (compatible; PetalBot;+https://webmaster.petalsearch.com/site/petalbot)"
114.119.130.237 - - [28/Nov/2025:00:14:38 +0100] "GET /platby/72zbxoz/speckled-sussex-chickens-for-sale-near-me HTTP/1.1" 200 15507 "http://ispc.klape.eu/platby/72zbxoz/god-created-you-for-a-purpose-bible-verse" "Mozilla/5.0 (Linux; Android 7.0;) AppleWebKit/537.36 (KHTML, like Gecko) Mobile Safari/537.36 (compatible; PetalBot;+https://webmaster.petalsearch.com/site/petalbot)"
176.65.148.40 - - [28/Nov/2025:00:15:21 +0100] "GET /" 400 468 "-" "-"
172.233.195.21 - - [28/Nov/2025:00:16:42 +0100] "\x16\x03\x01\x01X\x01" 403 265 "-" "-"
114.119.129.163 - - [28/Nov/2025:00:16:42 +0100] "GET /platby/72zbxoz/sleepwalking-treatment HTTP/1.1" 200 9337 "http://ispc.klape.eu/platby/72zbxoz/orangutan-pronunciation" "Mozilla/5.0 (Linux; Android 7.0;) AppleWebKit/537.36 (KHTML, like Gecko) Mobile Safari/537.36 (compatible; PetalBot;+https://webmaster.petalsearch.com/site/petalbot)"
169.228.66.212 - - [28/Nov/2025:00:17:55 +0100] "SSH-2.0-Go" 403 265 "-" "-"
114.119.140.102 - - [28/Nov/2025:00:18:48 +0100] "GET /platby/72zbxoz/sherwood-rd-6506-remote HTTP/1.1" 200 12163 "http://ispc.klape.eu/platby/72zbxoz/how-to-make-a-bottle-rocket-easy" "Mozilla/5.0 (Linux; Android 7.0;) AppleWebKit/537.36 (KHTML, like Gecko) Mobile Safari/537.36 (compatible; PetalBot;+https://webmaster.petalsearch.com/site/petalbot)"
204.76.203.212 - - [28/Nov/2025:00:19:03 +0100] "GET /" 400 468 "-" "-"
114.119.130.237 - - [28/Nov/2025:00:20:52 +0100] "GET /platby/72zbxoz/responsive-portfolio-codepen HTTP/1.1" 200 11826 "http://ispc.klape.eu/platby/72zbxoz/responsive-portfolio-codepen" "Mozilla/5.0 (Linux; Android 7.0;) AppleWebKit/537.36 (KHTML, like Gecko) Mobile Safari/537.36 (compatible; PetalBot;+https://webmaster.petalsearch.com/site/petalbot)"
204.76.203.206 - - [28/Nov/2025:00:21:25 +0100] "GET /" 400 468 "-" "-"
151.242.30.13 - - [28/Nov/2025:00:21:50 +0100] "GET /" 400 468 "-" "-"
114.119.128.6 - - [28/Nov/2025:00:22:58 +0100] "GET /platby/72zbxoz/randy-moss-highlights HTTP/1.1" 200 7599 "http://ispc.klape.eu/platby/72zbxoz/randy-moss-highlights" "Mozilla/5.0 (Linux; Android 7.0;) AppleWebKit/537.36 (KHTML, like Gecko) Mobile Safari/537.36 (compatible; PetalBot;+https://webmaster.petalsearch.com/site/petalbot)"
195.177.94.189 - - [28/Nov/2025:00:23:15 +0100] "GET /phpmyadmin/scripts/setup.php HTTP/1.1" 200 11106 "-" "Mozilla/4.0 (compatible; MSIE 6.0; MSIE 5.5; Windows NT 5.1) Opera 7.01 [en]"
195.177.94.189 - - [28/Nov/2025:00:23:15 +0100] "POST /phpmyadmin/scripts/setup.php HTTP/1.1" 200 18608 "http://109.105.49.240:8081/phpmyadmin/scripts/setup.php" "Mozilla/4.0 (compatible; MSIE 6.0; MSIE 5.5; Windows NT 5.1) Opera 7.01 [en]"
204.76.203.206 - - [28/Nov/2025:00:23:42 +0100] "GET / HTTP/1.1" 200 316 "-" "Mozilla/5.0 (Windows NT 10.0; Win64; x64) AppleWebKit/537.36 (KHTML, like Gecko) Chrome/90.0.4430.85 Safari/537.36 Edg/90.0.818.46"
195.177.94.189 - - [28/Nov/2025:00:24:23 +0100] "GET /phpmyadmin/scripts/setup.php HTTP/1.1" 200 11105 "-" "Mozilla/4.0 (compatible; MSIE 6.0; MSIE 5.5; Windows NT 5.1) Opera 7.01 [en]"
195.177.94.189 - - [28/Nov/2025:00:24:24 +0100] "POST /phpmyadmin/scripts/setup.php HTTP/1.1" 200 18608 "http://109.105.49.240:443/phpmyadmin/scripts/setup.php" "Mozilla/4.0 (compatible; MSIE 6.0; MSIE 5.5; Windows NT 5.1) Opera 7.01 [en]"
176.65.148.220 - - [28/Nov/2025:00:24:37 +0100] "GET /dispatch.asp HTTP/1.1" 404 230 "-" "Mozilla/5.0 (Windows NT 10.0; Win64; x64) AppleWebKit/537.36 (KHTML, like Gecko) Chrome/90.0.4430.85 Safari/537.36 Edg/90.0.818.46"
114.119.152.142 - - [28/Nov/2025:00:25:04 +0100] "GET /platby/aohwuyx/road-surface---codycross HTTP/1.1" 200 14541 "http://ispc.klape.eu/platby/aohwuyx/road-surface---codycross" "Mozilla/5.0 (Linux; Android 7.0;) AppleWebKit/537.36 (KHTML, like Gecko) Mobile Safari/537.36 (compatible; PetalBot;+https://webmaster.petalsearch.com/site/petalbot)"
51.68.111.203 - - [28/Nov/2025:00:26:32 +0100] "\x16\x03\x01\x01E\x01" 403 265 "-" "-"
114.119.149.2 - - [28/Nov/2025:00:27:09 +0100] "GET /platby/aohwuyx/word-for-putting-something-above-something-else HTTP/1.1" 200 10126 "http://ispc.klape.eu/platby/aohwuyx/commercial-kitchen-equipment-suppliers-in-saudi-arabia" "Mozilla/5.0 (Linux; Android 7.0;) AppleWebKit/537.36 (KHTML, like Gecko) Mobile Safari/537.36 (compatible; PetalBot;+https://webmaster.petalsearch.com/site/petalbot)"
114.119.130.237 - - [28/Nov/2025:00:29:15 +0100] "GET /platby/72zbxoz/purplebricks-sacramento HTTP/1.1" 200 9263 "http://ispc.klape.eu/platby/72zbxoz/purplebricks-sacramento" "Mozilla/5.0 (Linux; Android 7.0;) AppleWebKit/537.36 (KHTML, like Gecko) Mobile Safari/537.36 (compatible; PetalBot;+https://webmaster.petalsearch.com/site/petalbot)"
205.210.31.50 - - [28/Nov/2025:00:30:44 +0100] "GET / HTTP/1.1" 200 523 "-" "Hello from Palo Alto Networks, find out more about our scans in https://docs-cortex.paloaltonetworks.com/r/1/Cortex-Xpanse/Scanning-activity"
114.119.139.112 - - [28/Nov/2025:00:31:21 +0100] "GET /platby/72zbxoz/oneplus-7t-always-on-display-not-working HTTP/1.1" 200 7481 "http://ispc.klape.eu/platby/72zbxoz/oneplus-7t-always-on-display-not-working" "Mozilla/5.0 (Linux; Android 7.0;) AppleWebKit/537.36 (KHTML, like Gecko) Mobile Safari/537.36 (compatible; PetalBot;+https://webmaster.petalsearch.com/site/petalbot)"
78.153.140.222 - - [28/Nov/2025:00:31:47 +0100] "\x16\x03\x01" 403 265 "-" "-"
78.153.140.222 - - [28/Nov/2025:00:31:47 +0100] "\x16\x03\x01" 403 265 "-" "-"
114.119.139.112 - - [28/Nov/2025:00:33:24 +0100] "GET /platby/72zbxoz/new-york-knicks-vintage-t-shirt HTTP/1.1" 200 15887 "http://ispc.klape.eu/platby/72zbxoz/jordan-1-off-white-white" "Mozilla/5.0 (Linux; Android 7.0;) AppleWebKit/537.36 (KHTML, like Gecko) Mobile Safari/537.36 (compatible; PetalBot;+https://webmaster.petalsearch.com/site/petalbot)"
101.198.0.170 - - [28/Nov/2025:00:33:35 +0100] "\x16\x03\x01\x015\x01" 403 265 "-" "-"
101.198.0.172 - - [28/Nov/2025:00:33:35 +0100] "GET / HTTP/1.1" 403 273 "-" "Mozilla/5.0 (Macintosh; Intel Mac OS X 10_15_7) AppleWebKit/537.36 (KHTML, like Gecko) Chrome/120.0.0.0 Safari/537.36 Edg/120.0.0.0"
101.198.0.150 - - [28/Nov/2025:00:33:36 +0100] "GET /favicon.ico HTTP/1.1" 403 234 "-" "Mozilla/5.0 (Macintosh; Intel Mac OS X 10_7_0) AppleWebKit/535.11 (KHTML, like Gecko) Chrome/17.0.963.56 Safari/535.11"
101.198.0.170 - - [28/Nov/2025:00:33:37 +0100] "GET /robots.txt HTTP/1.1" 403 233 "-" "Mozilla/5.0 (Macintosh; Intel Mac OS X 10_7_0) AppleWebKit/535.11 (KHTML, like Gecko) Chrome/17.0.963.56 Safari/535.11"
101.198.0.171 - - [28/Nov/2025:00:33:37 +0100] "GET /sitemap.xml HTTP/1.1" 403 234 "-" "Mozilla/5.0 (Macintosh; Intel Mac OS X 10_7_0) AppleWebKit/535.11 (KHTML, like Gecko) Chrome/17.0.963.56 Safari/535.11"
198.211.97.207 - - [28/Nov/2025:00:34:13 +0100] "\x16\x03\x01\x02" 403 265 "-" "-"
198.211.97.207 - - [28/Nov/2025:00:34:13 +0100] "\x16\x03\x01\x02" 403 265 "-" "-"
114.119.128.6 - - [28/Nov/2025:00:35:31 +0100] "GET /platby/72zbxoz/milwaukee-bucks-jersey-2021 HTTP/1.1" 200 20 "http://ispc.klape.eu/platby/72zbxoz/reduced-order-methods-for-modeling-and-computational-reduction" "Mozilla/5.0 (Linux; Android 7.0;) AppleWebKit/537.36 (KHTML, like Gecko) Mobile Safari/537.36 (compatible; PetalBot;+https://webmaster.petalsearch.com/site/petalbot)"
87.251.75.163 - - [28/Nov/2025:00:36:29 +0100] "\x03" 403 265 "-" "-"
70.73.96.71 - - [28/Nov/2025:00:36:59 +0100] "\x16\x03\x01\x06\xb3\x01" 403 265 "-" "-"
70.73.96.71 - - [28/Nov/2025:00:36:59 +0100] "\x16\x03\x01\x06\xd3\x01" 403 265 "-" "-"
114.119.129.163 - - [28/Nov/2025:00:37:37 +0100] "GET /platby/72zbxoz/michigan-p-ebt-phone-number HTTP/1.1" 200 11575 "http://ispc.klape.eu/platby/72zbxoz/michigan-p-ebt-phone-number" "Mozilla/5.0 (Linux; Android 7.0;) AppleWebKit/537.36 (KHTML, like Gecko) Mobile Safari/537.36 (compatible; PetalBot;+https://webmaster.petalsearch.com/site/petalbot)"
209.38.201.154 - - [28/Nov/2025:00:37:53 +0100] "" 403 265 "-" "-"
123.6.49.38 - - [28/Nov/2025:00:38:02 +0100] "\x16\x03\x01\x01-\x01" 403 265 "-" "-"
123.6.49.38 - - [28/Nov/2025:00:38:02 +0100] "GET / HTTP/1.1" 403 265 "-" "Mozilla/5.0 (Macintosh; Intel Mac OS X 10_15_7) AppleWebKit/537.36 (KHTML, like Gecko) Chrome/120.0.0.0 Safari/537.36 Edg/120.0.0.0"
123.6.49.6 - - [28/Nov/2025:00:38:03 +0100] "GET /favicon.ico HTTP/1.1" 403 228 "-" "Mozilla/5.0 (Macintosh; Intel Mac OS X 10_7_0) AppleWebKit/535.11 (KHTML, like Gecko) Chrome/17.0.963.56 Safari/535.11"
123.6.49.46 - - [28/Nov/2025:00:38:04 +0100] "GET /robots.txt HTTP/1.1" 403 228 "-" "Mozilla/5.0 (Macintosh; Intel Mac OS X 10_7_0) AppleWebKit/535.11 (KHTML, like Gecko) Chrome/17.0.963.56 Safari/535.11"
123.6.49.42 - - [28/Nov/2025:00:38:05 +0100] "GET /sitemap.xml HTTP/1.1" 403 229 "-" "Mozilla/5.0 (Macintosh; Intel Mac OS X 10_7_0) AppleWebKit/535.11 (KHTML, like Gecko) Chrome/17.0.963.56 Safari/535.11"
78.142.18.92 - - [28/Nov/2025:00:38:31 +0100] "GET /" 400 468 "-" "-"
114.119.139.112 - - [28/Nov/2025:00:39:44 +0100] "GET /platby/72zbxoz/lobelia-riviera-marine-blue-annual-or-perennial HTTP/1.1" 200 9806 "http://ispc.klape.eu/platby/72zbxoz/lobelia-riviera-marine-blue-annual-or-perennial" "Mozilla/5.0 (Linux; Android 7.0;) AppleWebKit/537.36 (KHTML, like Gecko) Mobile Safari/537.36 (compatible; PetalBot;+https://webmaster.petalsearch.com/site/petalbot)"
204.76.203.206 - - [28/Nov/2025:00:40:14 +0100] "GET /" 400 468 "-" "-"
114.119.129.163 - - [28/Nov/2025:00:41:45 +0100] "GET /platby/72zbxoz/jewelry-transformations HTTP/1.1" 200 9088 "http://ispc.klape.eu/platby/72zbxoz/i-love-how-you-love-me-chords-paris-sisters" "Mozilla/5.0 (Linux; Android 7.0;) AppleWebKit/537.36 (KHTML, like Gecko) Mobile Safari/537.36 (compatible; PetalBot;+https://webmaster.petalsearch.com/site/petalbot)"
204.76.203.206 - - [28/Nov/2025:00:42:03 +0100] "GET / HTTP/1.1" 200 316 "-" "Mozilla/5.0 (Windows NT 10.0; Win64; x64) AppleWebKit/537.36 (KHTML, like Gecko) Chrome/90.0.4430.85 Safari/537.36 Edg/90.0.818.46"
123.6.49.4 - - [28/Nov/2025:00:42:15 +0100] "GET / HTTP/1.1" 200 1867 "-" "Mozilla/5.0 (Macintosh; Intel Mac OS X 10_15_7) AppleWebKit/537.36 (KHTML, like Gecko) Chrome/120.0.0.0 Safari/537.36 Edg/120.0.0.0"
123.6.49.10 - - [28/Nov/2025:00:42:17 +0100] "GET /favicon.ico HTTP/1.1" 200 1406 "-" "Mozilla/5.0 (Macintosh; Intel Mac OS X 10_7_0) AppleWebKit/535.11 (KHTML, like Gecko) Chrome/17.0.963.56 Safari/535.11"
123.6.49.42 - - [28/Nov/2025:00:42:18 +0100] "GET /robots.txt HTTP/1.1" 200 54 "-" "Mozilla/5.0 (Macintosh; Intel Mac OS X 10_7_0) AppleWebKit/535.11 (KHTML, like Gecko) Chrome/17.0.963.56 Safari/535.11"
123.6.49.10 - - [28/Nov/2025:00:42:20 +0100] "GET /sitemap.xml HTTP/1.1" 404 809 "-" "Mozilla/5.0 (Macintosh; Intel Mac OS X 10_7_0) AppleWebKit/535.11 (KHTML, like Gecko) Chrome/17.0.963.56 Safari/535.11"
123.6.49.14 - - [28/Nov/2025:00:42:21 +0100] "GET /config.json HTTP/1.1" 404 809 "-" "Mozilla/5.0 (Macintosh; Intel Mac OS X 10_7_0) AppleWebKit/535.11 (KHTML, like Gecko) Chrome/17.0.963.56 Safari/535.11"
114.119.128.6 - - [28/Nov/2025:00:43:50 +0100] "GET /platby/aohwuyx/samsung-s10-black-screen-of-death-fix HTTP/1.1" 200 13367 "http://ispc.klape.eu/platby/aohwuyx/samsung-s10-black-screen-of-death-fix" "Mozilla/5.0 (Linux; Android 7.0;) AppleWebKit/537.36 (KHTML, like Gecko) Mobile Safari/537.36 (compatible; PetalBot;+https://webmaster.petalsearch.com/site/petalbot)"
114.119.128.6 - - [28/Nov/2025:00:45:56 +0100] "GET /platby/72zbxoz/is-tim-bagley-related-to-ed-bagley HTTP/1.1" 200 10948 "http://ispc.klape.eu/platby/72zbxoz/is-tim-bagley-related-to-ed-bagley" "Mozilla/5.0 (Linux; Android 7.0;) AppleWebKit/537.36 (KHTML, like Gecko) Mobile Safari/537.36 (compatible; PetalBot;+https://webmaster.petalsearch.com/site/petalbot)"
44.234.109.7 - - [28/Nov/2025:00:46:13 +0100] "\x16\x03\x01\x05\xea\x01" 403 265 "-" "-"
114.119.128.6 - - [28/Nov/2025:00:48:01 +0100] "GET /platby/72zbxoz/is-hideo-nomo-a-hall-of-famer HTTP/1.1" 200 10273 "http://ispc.klape.eu/platby/72zbxoz/is-hideo-nomo-a-hall-of-famer" "Mozilla/5.0 (Linux; Android 7.0;) AppleWebKit/537.36 (KHTML, like Gecko) Mobile Safari/537.36 (compatible; PetalBot;+https://webmaster.petalsearch.com/site/petalbot)"
114.119.128.6 - - [28/Nov/2025:00:50:06 +0100] "GET /platby/72zbxoz/huawei-nova-3i-back-cover-in-pakistan HTTP/1.1" 200 7631 "http://ispc.klape.eu/platby/72zbxoz/when-to-plant-strawberries-in-new-mexico" "Mozilla/5.0 (Linux; Android 7.0;) AppleWebKit/537.36 (KHTML, like Gecko) Mobile Safari/537.36 (compatible; PetalBot;+https://webmaster.petalsearch.com/site/petalbot)"
114.119.149.2 - - [28/Nov/2025:00:52:13 +0100] "GET /platby/72zbxoz/how-to-mount-dd-image-file-in-linux HTTP/1.1" 200 10434 "http://ispc.klape.eu/platby/72zbxoz/when-is-motive-relevant-to-prove-a-case" "Mozilla/5.0 (Linux; Android 7.0;) AppleWebKit/537.36 (KHTML, like Gecko) Mobile Safari/537.36 (compatible; PetalBot;+https://webmaster.petalsearch.com/site/petalbot)"
147.185.132.252 - - [28/Nov/2025:00:52:37 +0100] "GET / HTTP/1.1" 200 2492 "-" "Hello from Palo Alto Networks, find out more about our scans in https://docs-cortex.paloaltonetworks.com/r/1/Cortex-Xpanse/Scanning-activity"
74.7.228.10 - - [28/Nov/2025:00:52:54 +0100] "\x16\x03\x01" 403 265 "-" "-"
74.7.228.10 - - [28/Nov/2025:00:52:54 +0100] "\x16\x03\x01\x02" 403 265 "-" "-"
74.7.228.10 - - [28/Nov/2025:00:52:54 +0100] "\x16\x03\x01\x02" 403 265 "-" "-"
114.119.152.142 - - [28/Nov/2025:00:54:17 +0100] "GET /platby/72zbxoz/how-to-fix-huawei-p20-lite-stuck-on-logo HTTP/1.1" 200 14022 "http://ispc.klape.eu/platby/72zbxoz/alpha%2C-beta%2C-omega-zodiac-signs" "Mozilla/5.0 (Linux; Android 7.0;) AppleWebKit/537.36 (KHTML, like Gecko) Mobile Safari/537.36 (compatible; PetalBot;+https://webmaster.petalsearch.com/site/petalbot)"
114.119.128.6 - - [28/Nov/2025:00:56:25 +0100] "GET /platby/72zbxoz/how-old-is-michonne-in-the-walking-dead HTTP/1.1" 200 12908 "http://ispc.klape.eu/platby/72zbxoz/how-old-is-michonne-in-the-walking-dead" "Mozilla/5.0 (Linux; Android 7.0;) AppleWebKit/537.36 (KHTML, like Gecko) Mobile Safari/537.36 (compatible; PetalBot;+https://webmaster.petalsearch.com/site/petalbot)"
114.119.128.6 - - [28/Nov/2025:00:58:28 +0100] "GET /platby/72zbxoz/how-many-deloitte-offices-in-the-world HTTP/1.1" 200 13961 "http://ispc.klape.eu/platby/72zbxoz/horry-county-school-calendar-2021-2022" "Mozilla/5.0 (Linux; Android 7.0;) AppleWebKit/537.36 (KHTML, like Gecko) Mobile Safari/537.36 (compatible; PetalBot;+https://webmaster.petalsearch.com/site/petalbot)"
151.115.35.91 - - [28/Nov/2025:00:59:23 +0100] "\x16\x03\x01\x01\x06\x01" 403 265 "-" "-"
151.115.35.91 - - [28/Nov/2025:00:59:24 +0100] "\x16\x03\x01" 403 265 "-" "-"
151.115.35.91 - - [28/Nov/2025:00:59:27 +0100] "\x16\x03\x01\x01\x06\x01" 403 265 "-" "-"
151.115.35.91 - - [28/Nov/2025:00:59:27 +0100] "\x16\x03\x01" 403 265 "-" "-"
151.115.35.91 - - [28/Nov/2025:00:59:31 +0100] "\x16\x03\x01\x01\x06\x01" 403 265 "-" "-"
151.115.35.91 - - [28/Nov/2025:00:59:31 +0100] "\x16\x03\x01" 403 265 "-" "-"
151.115.35.91 - - [28/Nov/2025:00:59:36 +0100] "\x16\x03\x01\x01\x06\x01" 403 265 "-" "-"
151.115.35.91 - - [28/Nov/2025:00:59:37 +0100] "\x16\x03\x01" 403 265 "-" "-"
151.115.35.91 - - [28/Nov/2025:00:59:38 +0100] "\x16\x03\x01\x01\x06\x01" 403 265 "-" "-"
151.115.35.91 - - [28/Nov/2025:00:59:39 +0100] "\x16\x03\x01" 403 265 "-" "-"
151.115.35.91 - - [28/Nov/2025:00:59:40 +0100] "\x16\x03\x01\x01\x06\x01" 403 265 "-" "-"
151.115.35.91 - - [28/Nov/2025:00:59:41 +0100] "\x16\x03\x01" 403 265 "-" "-"
151.115.35.91 - - [28/Nov/2025:00:59:42 +0100] "\x16\x03\x01\x01\x06\x01" 403 265 "-" "-"
151.115.35.91 - - [28/Nov/2025:00:59:43 +0100] "\x16\x03\x01" 403 265 "-" "-"
204.76.203.206 - - [28/Nov/2025:00:59:48 +0100] "GET /" 400 468 "-" "-"
51.68.236.71 - - [28/Nov/2025:01:00:01 +0100] "\x16\x03\x01\x01D\x01" 403 265 "-" "-"
204.76.203.206 - - [28/Nov/2025:01:00:08 +0100] "GET / HTTP/1.1" 200 316 "-" "Mozilla/5.0 (Windows NT 10.0; Win64; x64) AppleWebKit/537.36 (KHTML, like Gecko) Chrome/90.0.4430.85 Safari/537.36 Edg/90.0.818.46"
114.119.129.163 - - [28/Nov/2025:01:00:34 +0100] "GET /platby/72zbxoz/how-good-is-the-2021-nba-draft-class HTTP/1.1" 200 10734 "http://ispc.klape.eu/platby/72zbxoz/where-are-roseate-spoonbills-found-in-florida" "Mozilla/5.0 (Linux; Android 7.0;) AppleWebKit/537.36 (KHTML, like Gecko) Mobile Safari/537.36 (compatible; PetalBot;+https://webmaster.petalsearch.com/site/petalbot)"
147.185.132.94 - - [28/Nov/2025:01:02:25 +0100] "GET / HTTP/1.1" 200 523 "-" "Hello from Palo Alto Networks, find out more about our scans in https://docs-cortex.paloaltonetworks.com/r/1/Cortex-Xpanse/Scanning-activity"
114.119.130.237 - - [28/Nov/2025:01:02:39 +0100] "GET /platby/72zbxoz/hephaestus-personality HTTP/1.1" 200 8992 "http://ispc.klape.eu/platby/72zbxoz/hephaestus-personality" "Mozilla/5.0 (Linux; Android 7.0;) AppleWebKit/537.36 (KHTML, like Gecko) Mobile Safari/537.36 (compatible; PetalBot;+https://webmaster.petalsearch.com/site/petalbot)"
114.119.130.237 - - [28/Nov/2025:01:04:44 +0100] "GET /platby/72zbxoz/god-created-you-for-a-purpose-bible-verse HTTP/1.1" 200 7952 "http://ispc.klape.eu/platby/72zbxoz/god-created-you-for-a-purpose-bible-verse" "Mozilla/5.0 (Linux; Android 7.0;) AppleWebKit/537.36 (KHTML, like Gecko) Mobile Safari/537.36 (compatible; PetalBot;+https://webmaster.petalsearch.com/site/petalbot)"
114.119.140.102 - - [28/Nov/2025:01:06:49 +0100] "GET /platby/72zbxoz/french-department---crossword HTTP/1.1" 200 10673 "http://ispc.klape.eu/platby/72zbxoz/french-department---crossword" "Mozilla/5.0 (Linux; Android 7.0;) AppleWebKit/537.36 (KHTML, like Gecko) Mobile Safari/537.36 (compatible; PetalBot;+https://webmaster.petalsearch.com/site/petalbot)"
176.65.149.253 - - [28/Nov/2025:01:08:20 +0100] "\x16\x03\x01\x01\xaa\x01" 403 265 "-" "-"
114.119.129.163 - - [28/Nov/2025:01:08:54 +0100] "GET /platby/72zbxoz/find-the-vector-equation-of-the-line-passing-through HTTP/1.1" 200 12671 "http://ispc.klape.eu/platby/72zbxoz/midsomer-murders%27%27-judgement-day-who-did-it" "Mozilla/5.0 (Linux; Android 7.0;) AppleWebKit/537.36 (KHTML, like Gecko) Mobile Safari/537.36 (compatible; PetalBot;+https://webmaster.petalsearch.com/site/petalbot)"
64.62.197.17 - - [28/Nov/2025:01:09:52 +0100] "\x16\x03\x01" 403 265 "-" "-"
198.235.24.240 - - [28/Nov/2025:01:10:51 +0100] "GET / HTTP/1.1" 200 518 "-" "Hello from Palo Alto Networks, find out more about our scans in https://docs-cortex.paloaltonetworks.com/r/1/Cortex-Xpanse/Scanning-activity"
114.119.128.6 - - [28/Nov/2025:01:11:00 +0100] "GET /platby/72zbxoz/julia-element-wise-multiplication HTTP/1.1" 200 11683 "http://ispc.klape.eu/platby/72zbxoz/julia-element-wise-multiplication" "Mozilla/5.0 (Linux; Android 7.0;) AppleWebKit/537.36 (KHTML, like Gecko) Mobile Safari/537.36 (compatible; PetalBot;+https://webmaster.petalsearch.com/site/petalbot)"
176.65.148.251 - - [28/Nov/2025:01:12:48 +0100] "GET /" 400 468 "-" "-"
114.119.140.102 - - [28/Nov/2025:01:13:04 +0100] "GET /platby/72zbxoz/fast-growing-herbs-from-seed HTTP/1.1" 200 7615 "http://ispc.klape.eu/platby/72zbxoz/fast-growing-herbs-from-seed" "Mozilla/5.0 (Linux; Android 7.0;) AppleWebKit/537.36 (KHTML, like Gecko) Mobile Safari/537.36 (compatible; PetalBot;+https://webmaster.petalsearch.com/site/petalbot)"
176.65.149.34 - - [28/Nov/2025:01:14:56 +0100] "\x16\x03\x01\x05\xac\x01" 501 273 "-" "-"
176.65.149.34 - - [28/Nov/2025:01:14:56 +0100] "GET / HTTP/1.1" 200 516 "-" "-"
176.65.149.34 - - [28/Nov/2025:01:14:56 +0100] "GET /index.htm HTTP/1.1" 404 273 "-" "Mozilla/5.0"
176.65.149.34 - - [28/Nov/2025:01:14:56 +0100] "1111\x0c\x01" 400 291 "-" "-"
176.65.149.34 - - [28/Nov/2025:01:14:56 +0100] "1111\x88" 501 272 "-" "-"
114.119.129.163 - - [28/Nov/2025:01:15:10 +0100] "GET /platby/72zbxoz/famous-civil-engineers-of-the-21st-century HTTP/1.1" 200 13476 "http://ispc.klape.eu/platby/72zbxoz/la-mer-moisturizing-cool-gel-cream-dupe" "Mozilla/5.0 (Linux; Android 7.0;) AppleWebKit/537.36 (KHTML, like Gecko) Mobile Safari/537.36 (compatible; PetalBot;+https://webmaster.petalsearch.com/site/petalbot)"
94.26.88.18 - - [28/Nov/2025:01:15:34 +0100] "\x16\x03\x01" 403 265 "-" "-"
44.252.64.35 - - [28/Nov/2025:01:15:37 +0100] "\x16\x03\x01\x05\xec\x01" 403 265 "-" "-"
114.119.139.112 - - [28/Nov/2025:01:17:15 +0100] "GET /platby/72zbxoz/familiarize-or-familiarise HTTP/1.1" 200 8344 "http://ispc.klape.eu/platby/72zbxoz/substantial-pronunciation" "Mozilla/5.0 (Linux; Android 7.0;) AppleWebKit/537.36 (KHTML, like Gecko) Mobile Safari/537.36 (compatible; PetalBot;+https://webmaster.petalsearch.com/site/petalbot)"
204.76.203.206 - - [28/Nov/2025:01:18:54 +0100] "GET /" 400 468 "-" "-"
45.38.44.221 - - [28/Nov/2025:01:19:04 +0100] "GET /" 400 468 "-" "-"
114.119.130.237 - - [28/Nov/2025:01:19:38 +0100] "GET /platby/72zbxoz/downtown-houghton-apartments HTTP/1.1" 200 8251 "http://ispc.klape.eu/platby/72zbxoz/what-is-the-smallest-city-in-the-world" "Mozilla/5.0 (Linux; Android 7.0;) AppleWebKit/537.36 (KHTML, like Gecko) Mobile Safari/537.36 (compatible; PetalBot;+https://webmaster.petalsearch.com/site/petalbot)"
204.76.203.206 - - [28/Nov/2025:01:19:55 +0100] "GET / HTTP/1.1" 200 316 "-" "Mozilla/5.0 (Windows NT 10.0; Win64; x64) AppleWebKit/537.36 (KHTML, like Gecko) Chrome/90.0.4430.85 Safari/537.36 Edg/90.0.818.46"
198.235.24.120 - - [28/Nov/2025:01:20:17 +0100] "GET / HTTP/1.1" 200 516 "-" "Hello from Palo Alto Networks, find out more about our scans in https://docs-cortex.paloaltonetworks.com/r/1/Cortex-Xpanse/Scanning-activity"
114.119.149.2 - - [28/Nov/2025:01:21:26 +0100] "GET /platby/72zbxoz/deontological-dictionary HTTP/1.1" 200 7726 "http://ispc.klape.eu/platby/72zbxoz/deontological-dictionary" "Mozilla/5.0 (Linux; Android 7.0;) AppleWebKit/537.36 (KHTML, like Gecko) Mobile Safari/537.36 (compatible; PetalBot;+https://webmaster.petalsearch.com/site/petalbot)"
139.59.248.22 - - [28/Nov/2025:01:22:51 +0100] "\x16\x03\x01" 403 265 "-" "-"
139.59.248.22 - - [28/Nov/2025:01:22:52 +0100] "\x16\x03\x01" 403 265 "-" "-"
139.59.248.22 - - [28/Nov/2025:01:22:53 +0100] "\x16\x03\x01" 403 265 "-" "-"
139.59.248.22 - - [28/Nov/2025:01:22:53 +0100] "\x16\x03\x01" 403 265 "-" "-"
114.119.139.66 - - [28/Nov/2025:01:23:33 +0100] "GET /platby/72zbxoz/cheap-right-backs-fifa-21-ultimate-team HTTP/1.1" 200 9113 "http://ispc.klape.eu/platby/72zbxoz/always-on-display-phones-list-2021" "Mozilla/5.0 (Linux; Android 7.0;) AppleWebKit/537.36 (KHTML, like Gecko) Mobile Safari/537.36 (compatible; PetalBot;+https://webmaster.petalsearch.com/site/petalbot)"
114.119.140.102 - - [28/Nov/2025:01:25:38 +0100] "GET /platby/72zbxoz/biggie-smalls-wife-net-worth HTTP/1.1" 200 7673 "http://ispc.klape.eu/platby/72zbxoz/biggie-smalls-wife-net-worth" "Mozilla/5.0 (Linux; Android 7.0;) AppleWebKit/537.36 (KHTML, like Gecko) Mobile Safari/537.36 (compatible; PetalBot;+https://webmaster.petalsearch.com/site/petalbot)"
114.119.152.142 - - [28/Nov/2025:01:27:43 +0100] "GET /platby/72zbxoz/bible-verses-about-thankfulness-to-others-kjv HTTP/1.1" 200 11220 "http://ispc.klape.eu/platby/72zbxoz/bible-verses-about-thankfulness-to-others-kjv" "Mozilla/5.0 (Linux; Android 7.0;) AppleWebKit/537.36 (KHTML, like Gecko) Mobile Safari/537.36 (compatible; PetalBot;+https://webmaster.petalsearch.com/site/petalbot)"
114.119.139.66 - - [28/Nov/2025:01:29:46 +0100] "GET /platby/72zbxoz/bb&t-center-sunrise,-fl-seating-view HTTP/1.1" 200 9120 "http://ispc.klape.eu/platby/72zbxoz/institutional-investor-all-america-research-team-2020" "Mozilla/5.0 (Linux; Android 7.0;) AppleWebKit/537.36 (KHTML, like Gecko) Mobile Safari/537.36 (compatible; PetalBot;+https://webmaster.petalsearch.com/site/petalbot)"
114.119.149.2 - - [28/Nov/2025:01:31:55 +0100] "GET /platby/72zbxoz/basis-independent-silicon-valley-summer-program HTTP/1.1" 200 7696 "http://ispc.klape.eu/platby/72zbxoz/basis-independent-silicon-valley-summer-program" "Mozilla/5.0 (Linux; Android 7.0;) AppleWebKit/537.36 (KHTML, like Gecko) Mobile Safari/537.36 (compatible; PetalBot;+https://webmaster.petalsearch.com/site/petalbot)"
114.119.130.237 - - [28/Nov/2025:01:33:56 +0100] "GET /platby/72zbxoz/argentina-vs-australia-olympic-football-live-score HTTP/1.1" 200 10683 "http://ispc.klape.eu/platby/72zbxoz/argentina-vs-australia-olympic-football-live-score" "Mozilla/5.0 (Linux; Android 7.0;) AppleWebKit/537.36 (KHTML, like Gecko) Mobile Safari/537.36 (compatible; PetalBot;+https://webmaster.petalsearch.com/site/petalbot)"
114.119.140.102 - - [28/Nov/2025:01:36:03 +0100] "GET /platby/72zbxoz/are-michael-learned-and-amanda-blake-related HTTP/1.1" 200 9894 "http://ispc.klape.eu/platby/72zbxoz/are-michael-learned-and-amanda-blake-related" "Mozilla/5.0 (Linux; Android 7.0;) AppleWebKit/537.36 (KHTML, like Gecko) Mobile Safari/537.36 (compatible; PetalBot;+https://webmaster.petalsearch.com/site/petalbot)"
204.76.203.206 - - [28/Nov/2025:01:36:58 +0100] "GET /" 400 468 "-" "-"
114.119.152.142 - - [28/Nov/2025:01:38:07 +0100] "GET /platby/72zbxoz/all-right,-all-right,-all-right-meme HTTP/1.1" 200 13009 "http://ispc.klape.eu/platby/72zbxoz/things-to-do-in-mystic,-ct-this-weekend" "Mozilla/5.0 (Linux; Android 7.0;) AppleWebKit/537.36 (KHTML, like Gecko) Mobile Safari/537.36 (compatible; PetalBot;+https://webmaster.petalsearch.com/site/petalbot)"
204.76.203.206 - - [28/Nov/2025:01:39:05 +0100] "GET / HTTP/1.1" 200 316 "-" "Mozilla/5.0 (Windows NT 10.0; Win64; x64) AppleWebKit/537.36 (KHTML, like Gecko) Chrome/90.0.4430.85 Safari/537.36 Edg/90.0.818.46"
114.119.149.2 - - [28/Nov/2025:01:40:16 +0100] "GET /platby/72zbxoz/all-i-need-lloyd-slowed-1-hour HTTP/1.1" 200 15236 "http://ispc.klape.eu/platby/72zbxoz/sherwood-ar-to-north-little-rock-ar" "Mozilla/5.0 (Linux; Android 7.0;) AppleWebKit/537.36 (KHTML, like Gecko) Mobile Safari/537.36 (compatible; PetalBot;+https://webmaster.petalsearch.com/site/petalbot)"
195.177.94.189 - - [28/Nov/2025:01:42:20 +0100] "GET /phpmyadmin/scripts/setup.php HTTP/1.1" 200 11106 "-" "Mozilla/4.0 (compatible; MSIE 6.0; MSIE 5.5; Windows NT 5.1) Opera 7.01 [en]"
195.177.94.189 - - [28/Nov/2025:01:42:20 +0100] "POST /phpmyadmin/scripts/setup.php HTTP/1.1" 200 18608 "http://109.105.49.240:8081/phpmyadmin/scripts/setup.php" "Mozilla/4.0 (compatible; MSIE 6.0; MSIE 5.5; Windows NT 5.1) Opera 7.01 [en]"
114.119.130.237 - - [28/Nov/2025:01:42:22 +0100] "GET /platby/72zbxoz/aerodynamics-homework HTTP/1.1" 200 11997 "http://ispc.klape.eu/platby/72zbxoz/aerodynamics-homework" "Mozilla/5.0 (Linux; Android 7.0;) AppleWebKit/537.36 (KHTML, like Gecko) Mobile Safari/537.36 (compatible; PetalBot;+https://webmaster.petalsearch.com/site/petalbot)"
198.235.24.141 - - [28/Nov/2025:01:42:24 +0100] "GET /" 400 468 "-" "-"
40.160.16.154 - - [28/Nov/2025:01:43:09 +0100] "\x16\x03\x01\x01\"\x01" 403 265 "-" "-"
204.76.203.212 - - [28/Nov/2025:01:43:26 +0100] "GET /" 400 468 "-" "-"
195.177.94.189 - - [28/Nov/2025:01:43:33 +0100] "GET /phpmyadmin/scripts/setup.php HTTP/1.1" 200 11105 "-" "Mozilla/4.0 (compatible; MSIE 6.0; MSIE 5.5; Windows NT 5.1) Opera 7.01 [en]"
195.177.94.189 - - [28/Nov/2025:01:43:33 +0100] "POST /phpmyadmin/scripts/setup.php HTTP/1.1" 200 18608 "http://109.105.49.240:443/phpmyadmin/scripts/setup.php" "Mozilla/4.0 (compatible; MSIE 6.0; MSIE 5.5; Windows NT 5.1) Opera 7.01 [en]"
114.119.152.142 - - [28/Nov/2025:01:44:25 +0100] "GET /platby/72zbxoz/a-prince-among-thieves-vinyl HTTP/1.1" 200 8497 "http://ispc.klape.eu/platby/72zbxoz/jewelry-transformations" "Mozilla/5.0 (Linux; Android 7.0;) AppleWebKit/537.36 (KHTML, like Gecko) Mobile Safari/537.36 (compatible; PetalBot;+https://webmaster.petalsearch.com/site/petalbot)"
78.153.140.128 - - [28/Nov/2025:01:45:44 +0100] "\x16\x03\x01" 403 265 "-" "-"
78.153.140.128 - - [28/Nov/2025:01:45:44 +0100] "\x16\x03\x01" 403 265 "-" "-"
65.49.1.222 - - [28/Nov/2025:01:45:47 +0100] "GET / HTTP/1.1" 200 2492 "-" "Mozilla/5.0 (Windows NT 10.0; Win64; x64) AppleWebKit/537.36 (KHTML, like Gecko) Chrome/110.0.0.0 Safari/537.36 Edg/110.0.1587.56"
65.49.1.222 - - [28/Nov/2025:01:45:56 +0100] "GET / HTTP/1.1" 200 9163 "-" "-"
65.49.1.231 - - [28/Nov/2025:01:46:22 +0100] "GET /favicon.ico HTTP/1.1" 200 18478 "-" "Mozilla/5.0 (X11; Linux x86_64) AppleWebKit/537.36 (KHTML, like Gecko) Chrome/126.0.0.0 Safari/537.36"
114.119.149.2 - - [28/Nov/2025:01:46:29 +0100] "GET /platby/72zbxoz/%2B-18moretakeoutaubrey's-papermill,-the-tomato-head,-and-more HTTP/1.1" 200 12690 "http://ispc.klape.eu/platby/72zbxoz/inter-turku-vs-mariehamn-results" "Mozilla/5.0 (Linux; Android 7.0;) AppleWebKit/537.36 (KHTML, like Gecko) Mobile Safari/537.36 (compatible; PetalBot;+https://webmaster.petalsearch.com/site/petalbot)"
114.119.139.66 - - [28/Nov/2025:01:48:37 +0100] "GET /platby/72zbxoz/santana-earth,-wind-and-fire-tour-2022 HTTP/1.1" 200 11813 "http://ispc.klape.eu/platby/72zbxoz/museum-of-fine-arts,-houston-hours" "Mozilla/5.0 (Linux; Android 7.0;) AppleWebKit/537.36 (KHTML, like Gecko) Mobile Safari/537.36 (compatible; PetalBot;+https://webmaster.petalsearch.com/site/petalbot)"
147.185.132.69 - - [28/Nov/2025:01:54:45 +0100] "GET / HTTP/1.1" 200 519 "-" "Hello from Palo Alto Networks, find out more about our scans in https://docs-cortex.paloaltonetworks.com/r/1/Cortex-Xpanse/Scanning-activity"
204.76.203.206 - - [28/Nov/2025:01:55:58 +0100] "GET /" 400 468 "-" "-"
66.93.98.11 - - [28/Nov/2025:01:57:17 +0100] "GET /platby/uwoy9/the-moody-blues-have-you-heard-part-two HTTP/1.1" 200 12124 "http://ispc.klape.eu/" "Mozilla/5.0 (Macintosh; Intel Mac OS X 12.5; rv:114.0) Gecko/20100101 Firefox/114.0"
66.93.98.11 - - [28/Nov/2025:01:57:23 +0100] "GET /platby/uwoy9/de-centring-the-%27white-gaze%27-of-development HTTP/1.1" 200 13258 "http://ispc.klape.eu/platby/uwoy9/the-moody-blues-have-you-heard-part-two" "Mozilla/5.0 (Macintosh; Intel Mac OS X 12.5; rv:114.0) Gecko/20100101 Firefox/114.0"
204.76.203.206 - - [28/Nov/2025:01:57:29 +0100] "GET / HTTP/1.1" 200 316 "-" "Mozilla/5.0 (Windows NT 10.0; Win64; x64) AppleWebKit/537.36 (KHTML, like Gecko) Chrome/90.0.4430.85 Safari/537.36 Edg/90.0.818.46"
44.222.81.115 - - [28/Nov/2025:02:01:44 +0100] "\x16\x03\x01" 403 265 "-" "-"
209.15.112.245 - - [28/Nov/2025:02:02:14 +0100] "\x16\x03\x01\x01\xa8\x01" 403 265 "-" "-"
45.156.129.56 - - [28/Nov/2025:02:02:25 +0100] "\x16\x03\x01" 403 265 "-" "-"
47.128.42.150 - - [28/Nov/2025:02:02:36 +0100] "\x16\x03\x01\x06\xd6\x01" 403 265 "-" "-"
47.128.42.150 - - [28/Nov/2025:02:02:36 +0100] "\x16\x03\x01\x07\x16\x01" 403 265 "-" "-"
47.128.123.127 - - [28/Nov/2025:02:02:47 +0100] "\x16\x03\x01\x02" 403 265 "-" "-"
167.99.221.202 - - [28/Nov/2025:02:06:25 +0100] "\x16\x03\x01\x02" 403 265 "-" "-"
45.38.44.221 - - [28/Nov/2025:02:06:37 +0100] "GET /" 400 468 "-" "-"
40.160.16.154 - - [28/Nov/2025:02:13:04 +0100] "\x16\x03\x01\x01&\x01" 403 265 "-" "-"
204.76.203.206 - - [28/Nov/2025:02:14:56 +0100] "GET /" 400 468 "-" "-"
204.76.203.206 - - [28/Nov/2025:02:16:14 +0100] "GET / HTTP/1.1" 200 316 "-" "Mozilla/5.0 (Windows NT 10.0; Win64; x64) AppleWebKit/537.36 (KHTML, like Gecko) Chrome/90.0.4430.85 Safari/537.36 Edg/90.0.818.46"
114.119.129.163 - - [28/Nov/2025:02:16:33 +0100] "GET /platby/72zbxoz/the-legend-of-zelda:-link's-awakening-pc HTTP/1.1" 200 13001 "http://ispc.klape.eu/platby/72zbxoz/the-legend-of-zelda%3A-link%27s-awakening-pc" "Mozilla/5.0 (Linux; Android 7.0;) AppleWebKit/537.36 (KHTML, like Gecko) Mobile Safari/537.36 (compatible; PetalBot;+https://webmaster.petalsearch.com/site/petalbot)"
51.222.43.142 - - [28/Nov/2025:02:23:31 +0100] "\x16\x03\x03\x01`\x01" 403 265 "-" "-"
193.34.213.150 - - [28/Nov/2025:02:23:37 +0100] "GET /dispatch.asp HTTP/1.1" 404 230 "-" "Mozilla/5.0 (Windows NT 10.0; Win64; x64) AppleWebKit/537.36 (KHTML, like Gecko) Chrome/90.0.4430.85 Safari/537.36 Edg/90.0.818.46"
144.217.135.228 - - [28/Nov/2025:02:23:38 +0100] "\x16\x03\x01\x01j\x01" 403 265 "-" "-"
147.185.132.54 - - [28/Nov/2025:02:30:41 +0100] "GET /" 400 468 "-" "-"
74.7.230.12 - - [28/Nov/2025:02:32:20 +0100] "\x16\x03\x01" 403 265 "-" "-"
74.7.230.12 - - [28/Nov/2025:02:32:20 +0100] "\x16\x03\x01\x02" 403 265 "-" "-"
74.7.230.12 - - [28/Nov/2025:02:32:20 +0100] "\x16\x03\x01\x02" 403 265 "-" "-"
204.76.203.206 - - [28/Nov/2025:02:34:02 +0100] "GET /" 400 468 "-" "-"
204.76.203.206 - - [28/Nov/2025:02:35:12 +0100] "GET / HTTP/1.1" 200 316 "-" "Mozilla/5.0 (Windows NT 10.0; Win64; x64) AppleWebKit/537.36 (KHTML, like Gecko) Chrome/90.0.4430.85 Safari/537.36 Edg/90.0.818.46"
74.7.230.31 - - [28/Nov/2025:02:38:09 +0100] "\x16\x03\x01" 403 265 "-" "-"
74.7.230.31 - - [28/Nov/2025:02:38:09 +0100] "\x16\x03\x01\x02" 403 265 "-" "-"
74.7.230.31 - - [28/Nov/2025:02:38:09 +0100] "\x16\x03\x01\x02" 403 265 "-" "-"
213.180.203.224 - - [28/Nov/2025:02:43:16 +0100] "\x16\x03\x01\x02" 403 265 "-" "-"
106.51.171.157 - - [28/Nov/2025:02:44:21 +0100] "\x16\x03\x01\x01\xba\x01" 403 265 "-" "-"
106.51.171.157 - - [28/Nov/2025:02:44:22 +0100] "\x16\x03\x03" 403 265 "-" "-"
79.124.49.90 - - [28/Nov/2025:02:47:31 +0100] "CONNECT ip-api.com:80 HTTP/1.1" 405 285 "-" "-"
196.251.100.112 - - [28/Nov/2025:02:52:30 +0100] "\x16\x03\x01\x02" 403 265 "-" "-"
204.76.203.206 - - [28/Nov/2025:02:52:43 +0100] "GET /" 400 468 "-" "-"
147.185.132.9 - - [28/Nov/2025:02:54:08 +0100] "GET /" 400 468 "-" "-"
51.158.234.177 - - [28/Nov/2025:02:54:18 +0100] "\x16\x03\x01\x01\v\x01" 400 289 "-" "-"
51.158.234.177 - - [28/Nov/2025:02:54:19 +0100] "\x16\x03\x01" 403 265 "-" "-"
51.158.234.177 - - [28/Nov/2025:02:54:21 +0100] "\x16\x03\x01\x01\v\x01" 400 289 "-" "-"
51.158.234.177 - - [28/Nov/2025:02:54:22 +0100] "\x16\x03\x01" 403 265 "-" "-"
51.158.234.177 - - [28/Nov/2025:02:54:24 +0100] "\x16\x03\x01\x01\v\x01" 400 289 "-" "-"
51.158.234.177 - - [28/Nov/2025:02:54:25 +0100] "\x16\x03\x01" 403 265 "-" "-"
51.158.234.177 - - [28/Nov/2025:02:54:30 +0100] "\x16\x03\x01\x01\v\x01" 400 289 "-" "-"
51.158.234.177 - - [28/Nov/2025:02:54:31 +0100] "\x16\x03\x01" 403 265 "-" "-"
51.158.234.177 - - [28/Nov/2025:02:54:32 +0100] "\x16\x03\x01\x01\v\x01" 400 289 "-" "-"
51.158.234.177 - - [28/Nov/2025:02:54:33 +0100] "\x16\x03\x01" 403 265 "-" "-"
51.158.234.177 - - [28/Nov/2025:02:54:34 +0100] "\x16\x03\x01\x01\v\x01" 400 289 "-" "-"
51.158.234.177 - - [28/Nov/2025:02:54:35 +0100] "\x16\x03\x01" 403 265 "-" "-"
51.158.234.177 - - [28/Nov/2025:02:54:36 +0100] "\x16\x03\x01\x01\v\x01" 400 289 "-" "-"
51.158.234.177 - - [28/Nov/2025:02:54:36 +0100] "\x16\x03\x01" 403 265 "-" "-"
204.76.203.206 - - [28/Nov/2025:02:54:46 +0100] "GET / HTTP/1.1" 200 316 "-" "Mozilla/5.0 (Windows NT 10.0; Win64; x64) AppleWebKit/537.36 (KHTML, like Gecko) Chrome/90.0.4430.85 Safari/537.36 Edg/90.0.818.46"
147.185.132.27 - - [28/Nov/2025:02:57:30 +0100] "GET / HTTP/1.1" 200 533 "-" "Hello from Palo Alto Networks, find out more about our scans in https://docs-cortex.paloaltonetworks.com/r/1/Cortex-Xpanse/Scanning-activity"
54.91.122.193 - - [28/Nov/2025:02:58:18 +0100] "GET /platby/uwoy9/best-lb-fifa-21-career-mode-cheap HTTP/1.1" 200 12082 "-" "Mozilla/5.0 AppleWebKit/537.36 (KHTML, like Gecko; compatible; Amazonbot/0.1; +https://developer.amazon.com/support/amazonbot) Chrome/119.0.6045.214 Safari/537.36"
176.65.148.40 - - [28/Nov/2025:02:58:40 +0100] "GET /" 400 468 "-" "-"
195.177.94.189 - - [28/Nov/2025:03:02:03 +0100] "GET /phpmyadmin/scripts/setup.php HTTP/1.1" 200 11106 "-" "Mozilla/4.0 (compatible; MSIE 6.0; MSIE 5.5; Windows NT 5.1) Opera 7.01 [en]"
195.177.94.189 - - [28/Nov/2025:03:02:03 +0100] "POST /phpmyadmin/scripts/setup.php HTTP/1.1" 200 18608 "http://109.105.49.240:8081/phpmyadmin/scripts/setup.php" "Mozilla/4.0 (compatible; MSIE 6.0; MSIE 5.5; Windows NT 5.1) Opera 7.01 [en]"
195.177.94.189 - - [28/Nov/2025:03:03:14 +0100] "GET /phpmyadmin/scripts/setup.php HTTP/1.1" 200 11105 "-" "Mozilla/4.0 (compatible; MSIE 6.0; MSIE 5.5; Windows NT 5.1) Opera 7.01 [en]"
195.177.94.189 - - [28/Nov/2025:03:03:14 +0100] "POST /phpmyadmin/scripts/setup.php HTTP/1.1" 200 18608 "http://109.105.49.240:443/phpmyadmin/scripts/setup.php" "Mozilla/4.0 (compatible; MSIE 6.0; MSIE 5.5; Windows NT 5.1) Opera 7.01 [en]"
204.76.203.212 - - [28/Nov/2025:03:08:39 +0100] "GET /" 400 468 "-" "-"
204.76.203.206 - - [28/Nov/2025:03:11:39 +0100] "GET /" 400 468 "-" "-"
204.76.203.206 - - [28/Nov/2025:03:12:42 +0100] "GET / HTTP/1.1" 200 316 "-" "Mozilla/5.0 (Windows NT 10.0; Win64; x64) AppleWebKit/537.36 (KHTML, like Gecko) Chrome/90.0.4430.85 Safari/537.36 Edg/90.0.818.46"
138.246.253.24 - - [28/Nov/2025:03:17:07 +0100] "\x16\x03\x01\x01\x13\x01" 403 265 "-" "-"
47.128.23.84 - - [28/Nov/2025:03:21:35 +0100] "\x16\x03\x01\x06\xfe\x01" 403 265 "-" "-"
47.128.23.84 - - [28/Nov/2025:03:21:36 +0100] "\x16\x03\x01\x06\xfe\x01" 403 265 "-" "-"
47.128.52.167 - - [28/Nov/2025:03:21:38 +0100] "\x16\x03\x01\x02" 403 265 "-" "-"
138.246.253.24 - - [28/Nov/2025:03:23:25 +0100] "\x16\x03\x01\x01\x12\x01" 403 265 "-" "-"
114.119.139.112 - - [28/Nov/2025:03:25:10 +0100] "GET /platby/aohwuyx/silver-dapple-pinto-missouri-fox-trotter-stats HTTP/1.1" 200 10845 "http://ispc.klape.eu/platby/aohwuyx/silver-dapple-pinto-missouri-fox-trotter-stats" "Mozilla/5.0 (Linux; Android 7.0;) AppleWebKit/537.36 (KHTML, like Gecko) Mobile Safari/537.36 (compatible; PetalBot;+https://webmaster.petalsearch.com/site/petalbot)"
176.65.148.40 - - [28/Nov/2025:03:26:12 +0100] "GET /" 400 468 "-" "-"
78.153.140.222 - - [28/Nov/2025:03:26:19 +0100] "\x16\x03\x01" 403 265 "-" "-"
78.153.140.222 - - [28/Nov/2025:03:26:19 +0100] "\x16\x03\x01" 403 265 "-" "-"
114.119.152.142 - - [28/Nov/2025:03:27:17 +0100] "GET /platby/aohwuyx/bed-and-breakfast-galena,-il-pet-friendly HTTP/1.1" 200 12317 "http://ispc.klape.eu/platby/aohwuyx/bed-and-breakfast-galena,-il-pet-friendly" "Mozilla/5.0 (Linux; Android 7.0;) AppleWebKit/537.36 (KHTML, like Gecko) Mobile Safari/537.36 (compatible; PetalBot;+https://webmaster.petalsearch.com/site/petalbot)"
114.119.139.66 - - [28/Nov/2025:03:29:21 +0100] "GET /platby/72zbxoz/descargar-the-legend-of-zelda-phantom-hourglass-rom HTTP/1.1" 200 10449 "http://ispc.klape.eu/platby/72zbxoz/loyalty-quotes-goodreads" "Mozilla/5.0 (Linux; Android 7.0;) AppleWebKit/537.36 (KHTML, like Gecko) Mobile Safari/537.36 (compatible; PetalBot;+https://webmaster.petalsearch.com/site/petalbot)"
204.76.203.206 - - [28/Nov/2025:03:30:00 +0100] "GET /" 400 468 "-" "-"
114.119.149.2 - - [28/Nov/2025:03:31:28 +0100] "GET /platby/72zbxoz/aboriginal-health-care-issues-in-canada-2020 HTTP/1.1" 200 14427 "http://ispc.klape.eu/platby/72zbxoz/aboriginal-health-care-issues-in-canada-2020" "Mozilla/5.0 (Linux; Android 7.0;) AppleWebKit/537.36 (KHTML, like Gecko) Mobile Safari/537.36 (compatible; PetalBot;+https://webmaster.petalsearch.com/site/petalbot)"
204.76.203.206 - - [28/Nov/2025:03:32:27 +0100] "GET / HTTP/1.1" 200 316 "-" "Mozilla/5.0 (Windows NT 10.0; Win64; x64) AppleWebKit/537.36 (KHTML, like Gecko) Chrome/90.0.4430.85 Safari/537.36 Edg/90.0.818.46"
66.132.153.124 - - [28/Nov/2025:03:36:31 +0100] "GET /" 400 468 "-" "-"
94.62.194.91 - - [28/Nov/2025:03:39:07 +0100] "\x16\x03" 403 265 "-" "-"
94.62.194.91 - - [28/Nov/2025:03:39:10 +0100] "GET /" 400 468 "-" "-"
94.62.194.91 - - [28/Nov/2025:03:39:11 +0100] "GET / HTTP/1.0" 200 515 "-" "-"
94.62.194.91 - - [28/Nov/2025:03:42:06 +0100] "OPTIONS / HTTP/1.1" 200 0 "-" "Mozilla/5.0 (compatible; Nmap Scripting Engine; https://nmap.org/book/nse.html)"
94.62.194.91 - - [28/Nov/2025:03:42:06 +0100] "OPTIONS / HTTP/1.1" 200 0 "-" "Mozilla/5.0 (compatible; Nmap Scripting Engine; https://nmap.org/book/nse.html)"
94.62.194.91 - - [28/Nov/2025:03:42:06 +0100] "OPTIONS / HTTP/1.1" 200 0 "-" "Mozilla/5.0 (compatible; Nmap Scripting Engine; https://nmap.org/book/nse.html)"
94.62.194.91 - - [28/Nov/2025:03:42:06 +0100] "PROPFIND / HTTP/1.1" 405 1810 "-" "Mozilla/5.0 (compatible; Nmap Scripting Engine; https://nmap.org/book/nse.html)"
94.62.194.91 - - [28/Nov/2025:03:42:06 +0100] "GET /.git/HEAD HTTP/1.1" 404 1806 "-" "Mozilla/5.0 (compatible; Nmap Scripting Engine; https://nmap.org/book/nse.html)"
94.62.194.91 - - [28/Nov/2025:03:42:06 +0100] "DIBK / HTTP/1.1" 501 279 "-" "Mozilla/5.0 (compatible; Nmap Scripting Engine; https://nmap.org/book/nse.html)"
94.62.194.91 - - [28/Nov/2025:03:42:06 +0100] "OPTIONS / HTTP/1.1" 200 0 "-" "Mozilla/5.0 (compatible; Nmap Scripting Engine; https://nmap.org/book/nse.html)"
94.62.194.91 - - [28/Nov/2025:03:42:06 +0100] "POST / HTTP/1.1" 200 1867 "-" "Mozilla/5.0 (compatible; Nmap Scripting Engine; https://nmap.org/book/nse.html)"
94.62.194.91 - - [28/Nov/2025:03:42:06 +0100] "GET /jobtracker.jsp HTTP/1.1" 404 277 "-" "Mozilla/5.0 (compatible; Nmap Scripting Engine; https://nmap.org/book/nse.html)"
94.62.194.91 - - [28/Nov/2025:03:42:06 +0100] "OPTIONS / HTTP/1.1" 200 0 "-" "Mozilla/5.0 (compatible; Nmap Scripting Engine; https://nmap.org/book/nse.html)"
94.62.194.91 - - [28/Nov/2025:03:42:06 +0100] "GET / HTTP/1.1" 200 515 "-" "Mozilla/5.0 (compatible; Nmap Scripting Engine; https://nmap.org/book/nse.html)"
94.62.194.91 - - [28/Nov/2025:03:42:06 +0100] "OPTIONS / HTTP/1.1" 200 0 "-" "Mozilla/5.0 (compatible; Nmap Scripting Engine; https://nmap.org/book/nse.html)"
94.62.194.91 - - [28/Nov/2025:03:42:06 +0100] "GET / HTTP/1.0" 200 515 "-" "-"
94.62.194.91 - - [28/Nov/2025:03:42:06 +0100] "GET /.git/HEAD HTTP/1.1" 404 272 "-" "Mozilla/5.0 (compatible; Nmap Scripting Engine; https://nmap.org/book/nse.html)"
94.62.194.91 - - [28/Nov/2025:03:42:06 +0100] "OPTIONS / HTTP/1.1" 200 0 "-" "Mozilla/5.0 (compatible; Nmap Scripting Engine; https://nmap.org/book/nse.html)"
94.62.194.91 - - [28/Nov/2025:03:42:06 +0100] "BUHV / HTTP/1.1" 501 271 "-" "Mozilla/5.0 (compatible; Nmap Scripting Engine; https://nmap.org/book/nse.html)"
94.62.194.91 - - [28/Nov/2025:03:42:06 +0100] "OPTIONS / HTTP/1.1" 200 0 "-" "Mozilla/5.0 (compatible; Nmap Scripting Engine; https://nmap.org/book/nse.html)"
94.62.194.91 - - [28/Nov/2025:03:42:06 +0100] "GET /browseDirectory.jsp HTTP/1.1" 404 282 "-" "Mozilla/5.0 (compatible; Nmap Scripting Engine; https://nmap.org/book/nse.html)"
94.62.194.91 - - [28/Nov/2025:03:42:06 +0100] "PROPFIND / HTTP/1.1" 405 291 "-" "Mozilla/5.0 (compatible; Nmap Scripting Engine; https://nmap.org/book/nse.html)"
94.62.194.91 - - [28/Nov/2025:03:42:06 +0100] "OPTIONS / HTTP/1.1" 200 0 "-" "Mozilla/5.0 (compatible; Nmap Scripting Engine; https://nmap.org/book/nse.html)"
94.62.194.91 - - [28/Nov/2025:03:42:07 +0100] "OPTIONS / HTTP/1.1" 200 0 "-" "Mozilla/5.0 (compatible; Nmap Scripting Engine; https://nmap.org/book/nse.html)"
94.62.194.91 - - [28/Nov/2025:03:42:07 +0100] "PROPFIND / HTTP/1.1" 405 291 "-" "Mozilla/5.0 (compatible; Nmap Scripting Engine; https://nmap.org/book/nse.html)"
94.62.194.91 - - [28/Nov/2025:03:42:07 +0100] "OPTIONS / HTTP/1.1" 200 0 "-" "Mozilla/5.0 (compatible; Nmap Scripting Engine; https://nmap.org/book/nse.html)"
94.62.194.91 - - [28/Nov/2025:03:42:07 +0100] "OPTIONS / HTTP/1.1" 200 0 "-" "Mozilla/5.0 (compatible; Nmap Scripting Engine; https://nmap.org/book/nse.html)"
94.62.194.91 - - [28/Nov/2025:03:42:07 +0100] "OPTIONS / HTTP/1.1" 200 0 "-" "Mozilla/5.0 (compatible; Nmap Scripting Engine; https://nmap.org/book/nse.html)"
94.62.194.91 - - [28/Nov/2025:03:42:07 +0100] "GET /favicon.ico HTTP/1.1" 404 274 "-" "Mozilla/5.0 (compatible; Nmap Scripting Engine; https://nmap.org/book/nse.html)"
94.62.194.91 - - [28/Nov/2025:03:42:07 +0100] "POST / HTTP/1.1" 404 263 "-" "Mozilla/5.0 (compatible; Nmap Scripting Engine; https://nmap.org/book/nse.html)"
94.62.194.91 - - [28/Nov/2025:03:42:07 +0100] "GET /" 400 468 "-" "-"
94.62.194.91 - - [28/Nov/2025:03:42:07 +0100] "OPTIONS / HTTP/1.1" 200 0 "-" "Mozilla/5.0 (compatible; Nmap Scripting Engine; https://nmap.org/book/nse.html)"
94.62.194.91 - - [28/Nov/2025:03:42:07 +0100] "POST /sdk HTTP/1.1" 404 266 "-" "Mozilla/5.0 (compatible; Nmap Scripting Engine; https://nmap.org/book/nse.html)"
94.62.194.91 - - [28/Nov/2025:03:42:07 +0100] "OPTIONS / HTTP/1.1" 200 0 "-" "Mozilla/5.0 (compatible; Nmap Scripting Engine; https://nmap.org/book/nse.html)"
94.62.194.91 - - [28/Nov/2025:03:42:07 +0100] "GET /" 400 468 "-" "-"
94.62.194.91 - - [28/Nov/2025:03:42:07 +0100] "OPTIONS / HTTP/1.1" 200 0 "-" "Mozilla/5.0 (compatible; Nmap Scripting Engine; https://nmap.org/book/nse.html)"
94.62.194.91 - - [28/Nov/2025:03:42:07 +0100] "OPTIONS / HTTP/1.1" 200 0 "-" "Mozilla/5.0 (compatible; Nmap Scripting Engine; https://nmap.org/book/nse.html)"
94.62.194.91 - - [28/Nov/2025:03:42:08 +0100] "GET /" 400 468 "-" "-"
94.62.194.91 - - [28/Nov/2025:03:42:08 +0100] "GET /" 400 468 "-" "-"
94.62.194.91 - - [28/Nov/2025:03:42:08 +0100] "OPTIONS / HTTP/1.1" 200 0 "-" "Mozilla/5.0 (compatible; Nmap Scripting Engine; https://nmap.org/book/nse.html)"
94.62.194.91 - - [28/Nov/2025:03:42:08 +0100] "GET /" 400 468 "-" "-"
94.62.194.91 - - [28/Nov/2025:03:42:08 +0100] "OPTIONS / HTTP/1.1" 200 0 "-" "Mozilla/5.0 (compatible; Nmap Scripting Engine; https://nmap.org/book/nse.html)"
94.62.194.91 - - [28/Nov/2025:03:42:08 +0100] "GET /robots.txt HTTP/1.1" 404 273 "-" "Mozilla/5.0 (compatible; Nmap Scripting Engine; https://nmap.org/book/nse.html)"
