204.76.203.206 - - [28/Nov/2025:13:26:53 +0100] "GET /" 400 468 "-" "-"
198.235.24.228 - - [28/Nov/2025:13:28:16 +0100] "\x16\x03\x01\x01\x04\x01" 403 265 "-" "-"
198.235.24.228 - - [28/Nov/2025:13:28:16 +0100] "\x16\x03\x01" 403 265 "-" "-"
204.76.203.206 - - [28/Nov/2025:13:29:09 +0100] "GET / HTTP/1.1" 200 316 "-" "Mozilla/5.0 (Windows NT 10.0; Win64; x64) AppleWebKit/537.36 (KHTML, like Gecko) Chrome/90.0.4430.85 Safari/537.36 Edg/90.0.818.46"
74.7.175.157 - - [28/Nov/2025:13:30:53 +0100] "\x16\x03\x01" 403 265 "-" "-"
74.7.175.157 - - [28/Nov/2025:13:30:53 +0100] "\x16\x03\x01\x02" 403 265 "-" "-"
74.7.175.157 - - [28/Nov/2025:13:30:54 +0100] "\x16\x03\x01\x02" 403 265 "-" "-"
159.65.179.156 - - [28/Nov/2025:13:31:19 +0100] "\x16\x03\x01" 403 265 "-" "-"
45.38.44.221 - - [28/Nov/2025:13:32:43 +0100] "GET /" 400 468 "-" "-"
172.239.110.160 - - [28/Nov/2025:13:32:47 +0100] "\x16\x03\x01\x02" 403 265 "-" "-"
195.177.94.189 - - [28/Nov/2025:13:33:46 +0100] "GET /phpmyadmin/scripts/setup.php HTTP/1.1" 200 11106 "-" "Mozilla/4.0 (compatible; MSIE 6.0; MSIE 5.5; Windows NT 5.1) Opera 7.01 [en]"
195.177.94.189 - - [28/Nov/2025:13:33:46 +0100] "POST /phpmyadmin/scripts/setup.php HTTP/1.1" 200 18608 "http://109.105.49.240:8081/phpmyadmin/scripts/setup.php" "Mozilla/4.0 (compatible; MSIE 6.0; MSIE 5.5; Windows NT 5.1) Opera 7.01 [en]"
195.177.94.189 - - [28/Nov/2025:13:34:55 +0100] "GET /phpmyadmin/scripts/setup.php HTTP/1.1" 200 11105 "-" "Mozilla/4.0 (compatible; MSIE 6.0; MSIE 5.5; Windows NT 5.1) Opera 7.01 [en]"
195.177.94.189 - - [28/Nov/2025:13:34:55 +0100] "POST /phpmyadmin/scripts/setup.php HTTP/1.1" 200 18608 "http://109.105.49.240:443/phpmyadmin/scripts/setup.php" "Mozilla/4.0 (compatible; MSIE 6.0; MSIE 5.5; Windows NT 5.1) Opera 7.01 [en]"
68.221.75.19 - - [28/Nov/2025:13:36:38 +0100] "\x16\x03\x01\x02" 403 265 "-" "-"
68.221.75.26 - - [28/Nov/2025:13:36:38 +0100] "\x16\x03\x01\x02\x01\x01" 403 265 "-" "-"
68.221.75.25 - - [28/Nov/2025:13:36:38 +0100] "\x16\x03\x01\x02\x01\x01" 403 265 "-" "-"
68.221.75.22 - - [28/Nov/2025:13:36:38 +0100] "\x16\x03\x01\x02\x01\x01" 403 265 "-" "-"
68.221.75.17 - - [28/Nov/2025:13:36:39 +0100] "\x16\x03\x01\x02" 403 265 "-" "-"
68.221.75.19 - - [28/Nov/2025:13:36:39 +0100] "\x16\x03\x01\x02" 403 265 "-" "-"
68.221.75.26 - - [28/Nov/2025:13:36:39 +0100] "\x16\x03\x01\x02" 403 265 "-" "-"
68.221.75.21 - - [28/Nov/2025:13:36:39 +0100] "\x16\x03\x01\x02" 403 265 "-" "-"
68.221.75.21 - - [28/Nov/2025:13:36:40 +0100] "\x16\x03\x01\x02" 403 265 "-" "-"
68.221.75.19 - - [28/Nov/2025:13:36:40 +0100] "\x16\x03\x01\x02" 403 265 "-" "-"
68.221.75.23 - - [28/Nov/2025:13:36:40 +0100] "\x16\x03\x01\x02" 403 265 "-" "-"
68.221.75.31 - - [28/Nov/2025:13:36:41 +0100] "\x16\x03\x01\x02" 403 265 "-" "-"
68.221.75.18 - - [28/Nov/2025:13:36:41 +0100] "\x16\x03\x01\x02" 403 265 "-" "-"
68.221.75.31 - - [28/Nov/2025:13:36:41 +0100] "\x16\x03\x01\x02" 403 265 "-" "-"
68.221.75.28 - - [28/Nov/2025:13:36:41 +0100] "\x16\x03\x01\x02Q\x01" 403 265 "-" "-"
68.221.75.16 - - [28/Nov/2025:13:36:41 +0100] "\x16\x03\x01\x02a\x01" 403 265 "-" "-"
111.124.201.206 - - [28/Nov/2025:13:36:58 +0100] "\x16\x03\x01" 403 265 "-" "-"
111.124.201.206 - - [28/Nov/2025:13:36:59 +0100] "\x16\x03\x01" 403 265 "-" "-"
117.135.210.66 - - [28/Nov/2025:13:37:00 +0100] "\x16\x03\x01" 403 265 "-" "-"
117.135.210.66 - - [28/Nov/2025:13:37:02 +0100] "\x16\x03\x01" 403 265 "-" "-"
205.210.31.228 - - [28/Nov/2025:13:39:55 +0100] "GET /" 400 468 "-" "-"
15.235.175.118 - - [28/Nov/2025:13:41:33 +0100] "\x16\x03\x03\x01\xa7\x01" 403 265 "-" "-"
68.221.75.17 - - [28/Nov/2025:13:45:40 +0100] "\x16\x03\x01\x02" 403 265 "-" "-"
68.221.75.18 - - [28/Nov/2025:13:45:40 +0100] "\x16\x03\x01\x02\x01\x01" 403 265 "-" "-"
68.221.75.25 - - [28/Nov/2025:13:45:40 +0100] "\x16\x03\x01\x02" 403 265 "-" "-"
68.221.75.22 - - [28/Nov/2025:13:45:41 +0100] "\x16\x03\x01\x02" 403 265 "-" "-"
68.221.75.29 - - [28/Nov/2025:13:45:41 +0100] "\x16\x03\x01\x02" 403 265 "-" "-"
68.221.75.25 - - [28/Nov/2025:13:45:41 +0100] "\x16\x03\x01\x02" 403 265 "-" "-"
68.221.75.16 - - [28/Nov/2025:13:45:41 +0100] "\x16\x03\x01\x02" 403 265 "-" "-"
68.221.75.21 - - [28/Nov/2025:13:45:41 +0100] "\x16\x03\x01\x02" 403 265 "-" "-"
68.221.75.21 - - [28/Nov/2025:13:45:42 +0100] "\x16\x03\x01\x02A\x01" 403 265 "-" "-"
68.221.75.17 - - [28/Nov/2025:13:45:42 +0100] "\x16\x03\x01\x02" 403 265 "-" "-"
68.221.75.22 - - [28/Nov/2025:13:45:42 +0100] "\x16\x03\x01\x02" 403 265 "-" "-"
68.221.75.27 - - [28/Nov/2025:13:45:42 +0100] "\x16\x03\x01\x02" 403 265 "-" "-"
68.221.75.21 - - [28/Nov/2025:13:45:42 +0100] "\x16\x03\x01\x02" 403 265 "-" "-"
68.221.75.29 - - [28/Nov/2025:13:45:42 +0100] "\x16\x03\x01\x02" 403 265 "-" "-"
68.221.75.25 - - [28/Nov/2025:13:45:42 +0100] "\x16\x03\x01\x02" 403 265 "-" "-"
68.221.75.24 - - [28/Nov/2025:13:45:43 +0100] "\x16\x03\x01\x02\x01\x01" 403 265 "-" "-"
68.221.75.23 - - [28/Nov/2025:13:46:08 +0100] "\x16\x03\x01\x02\x01\x01" 403 265 "-" "-"
68.221.75.28 - - [28/Nov/2025:13:46:09 +0100] "\x16\x03\x01\x02" 403 265 "-" "-"
68.221.75.23 - - [28/Nov/2025:13:46:09 +0100] "\x16\x03\x01\x02" 403 265 "-" "-"
68.221.75.31 - - [28/Nov/2025:13:46:09 +0100] "\x16\x03\x01\x02Q\x01" 403 265 "-" "-"
68.221.75.20 - - [28/Nov/2025:13:46:09 +0100] "\x16\x03\x01\x02" 403 265 "-" "-"
68.221.75.20 - - [28/Nov/2025:13:46:09 +0100] "\x16\x03\x01\x02" 403 265 "-" "-"
68.221.75.29 - - [28/Nov/2025:13:46:10 +0100] "\x16\x03\x01\x02" 403 265 "-" "-"
68.221.75.20 - - [28/Nov/2025:13:46:10 +0100] "\x16\x03\x01\x02" 403 265 "-" "-"
68.221.75.31 - - [28/Nov/2025:13:46:10 +0100] "\x16\x03\x01\x02" 403 265 "-" "-"
68.221.75.30 - - [28/Nov/2025:13:46:10 +0100] "\x16\x03\x01\x02" 403 265 "-" "-"
68.221.75.19 - - [28/Nov/2025:13:46:11 +0100] "\x16\x03\x01\x02" 403 265 "-" "-"
68.221.75.23 - - [28/Nov/2025:13:46:11 +0100] "\x16\x03\x01\x02" 403 265 "-" "-"
68.221.75.30 - - [28/Nov/2025:13:46:11 +0100] "\x16\x03\x01\x02" 403 265 "-" "-"
68.221.75.26 - - [28/Nov/2025:13:46:11 +0100] "\x16\x03\x01\x02" 403 265 "-" "-"
68.221.75.25 - - [28/Nov/2025:13:46:11 +0100] "\x16\x03\x01\x02!\x01" 403 265 "-" "-"
68.221.75.21 - - [28/Nov/2025:13:46:11 +0100] "\x16\x03\x01\x02" 403 265 "-" "-"
204.76.203.206 - - [28/Nov/2025:13:46:20 +0100] "GET /" 400 468 "-" "-"
204.76.203.206 - - [28/Nov/2025:13:48:08 +0100] "GET / HTTP/1.1" 200 316 "-" "Mozilla/5.0 (Windows NT 10.0; Win64; x64) AppleWebKit/537.36 (KHTML, like Gecko) Chrome/90.0.4430.85 Safari/537.36 Edg/90.0.818.46"
147.185.132.63 - - [28/Nov/2025:13:51:50 +0100] "GET /" 400 468 "-" "-"
169.228.66.212 - - [28/Nov/2025:13:52:49 +0100] "\x16\x03\x01" 403 265 "-" "-"
205.210.31.180 - - [28/Nov/2025:13:53:37 +0100] "GET / HTTP/1.1" 200 522 "-" "Hello from Palo Alto Networks, find out more about our scans in https://docs-cortex.paloaltonetworks.com/r/1/Cortex-Xpanse/Scanning-activity"
114.119.128.6 - - [28/Nov/2025:13:55:29 +0100] "GET /platby/aohwuyx/maitland-niles-assists HTTP/1.1" 200 14443 "http://ispc.klape.eu/platby/aohwuyx/maitland-niles-assists" "Mozilla/5.0 (Linux; Android 7.0;) AppleWebKit/537.36 (KHTML, like Gecko) Mobile Safari/537.36 (compatible; PetalBot;+https://webmaster.petalsearch.com/site/petalbot)"
205.210.31.140 - - [28/Nov/2025:13:56:57 +0100] "GET / HTTP/1.1" 200 511 "-" "Hello from Palo Alto Networks, find out more about our scans in https://docs-cortex.paloaltonetworks.com/r/1/Cortex-Xpanse/Scanning-activity"
134.209.231.47 - - [28/Nov/2025:13:57:53 +0100] "GET /ab2g HTTP/1.1" 404 178 "-" "Mozilla/5.0 zgrab/0.x"
134.209.231.47 - - [28/Nov/2025:13:57:53 +0100] "GET /ab2h HTTP/1.1" 404 177 "-" "Mozilla/5.0 zgrab/0.x"
134.209.231.47 - - [28/Nov/2025:13:57:53 +0100] "GET /" 400 468 "-" "-"
134.209.231.47 - - [28/Nov/2025:13:57:53 +0100] "GET / HTTP/1.1" 200 2492 "-" "Mozilla/5.0 (Windows NT 10.0; Win64; x64) AppleWebKit/537.36 (KHTML, like Gecko) Chrome/108.0.0.0 Safari/537.36"
134.209.231.47 - - [28/Nov/2025:13:57:53 +0100] "GET /" 400 468 "-" "-"
134.209.231.47 - - [28/Nov/2025:13:57:53 +0100] "GET /download/powershell/ HTTP/1.1" 404 188 "-" "Mozilla/5.0 (Windows NT 6.1; WOW64; Trident/7.0; rv:11.0) like Gecko"
134.209.231.47 - - [28/Nov/2025:13:57:53 +0100] "GET /" 400 468 "-" "-"
116.197.130.58 - - [28/Nov/2025:14:04:34 +0100] "\x16\x03\x01" 403 265 "-" "-"
116.197.130.58 - - [28/Nov/2025:14:04:34 +0100] "\x16\x03\x01" 403 265 "-" "-"
116.197.130.58 - - [28/Nov/2025:14:04:34 +0100] "\x16\x03\x01" 403 265 "-" "-"
116.197.130.58 - - [28/Nov/2025:14:04:34 +0100] "\x16\x03\x01\x01\x03\x01" 403 265 "-" "-"
116.197.130.58 - - [28/Nov/2025:14:04:34 +0100] "\x16\x03\x01\x01\x03\x01" 403 265 "-" "-"
116.197.130.58 - - [28/Nov/2025:14:04:34 +0100] "\x16\x03\x01\x01\x03\x01" 403 265 "-" "-"
185.39.19.34 - - [28/Nov/2025:14:05:41 +0100] "\x16\x03\x01\x01V\x01" 403 265 "-" "-"
204.76.203.206 - - [28/Nov/2025:14:06:57 +0100] "GET /" 400 468 "-" "-"
138.246.253.24 - - [28/Nov/2025:14:08:08 +0100] "\x16\x03\x01\x01\x0e\x01" 403 265 "-" "-"
204.76.203.206 - - [28/Nov/2025:14:08:08 +0100] "GET / HTTP/1.1" 200 316 "-" "Mozilla/5.0 (Windows NT 10.0; Win64; x64) AppleWebKit/537.36 (KHTML, like Gecko) Chrome/90.0.4430.85 Safari/537.36 Edg/90.0.818.46"
130.131.161.148 - - [28/Nov/2025:14:11:01 +0100] "GET /" 400 468 "-" "-"
90.180.230.39 - - [28/Nov/2025:14:13:52 +0100] "GET / HTTP/1.0" 200 516 "-" "-"
91.84.126.32 - - [28/Nov/2025:14:15:46 +0100] "\x16\x03\x01" 403 265 "-" "-"
91.84.126.32 - - [28/Nov/2025:14:15:49 +0100] "\x16\x03\x01" 403 265 "-" "-"
91.84.126.32 - - [28/Nov/2025:14:15:53 +0100] "\x16\x03\x01\x02" 403 265 "-" "-"
204.76.203.254 - - [28/Nov/2025:14:17:47 +0100] "GET / HTTP/1.1" 200 316 "-" "Mozilla/5.0 (Windows NT 10.0; Win64; x64) AppleWebKit/537.36 (KHTML, like Gecko) Chrome/121.0.0.0 Safari/537.36"
114.119.139.66 - - [28/Nov/2025:14:22:46 +0100] "GET /platby/aohwuyx/how-to-clone-an-android-phone-to-an-iphone HTTP/1.1" 200 12980 "http://ispc.klape.eu/platby/aohwuyx/which-country-uses-the-most-geothermal-energy" "Mozilla/5.0 (Linux; Android 7.0;) AppleWebKit/537.36 (KHTML, like Gecko) Mobile Safari/537.36 (compatible; PetalBot;+https://webmaster.petalsearch.com/site/petalbot)"
204.76.203.206 - - [28/Nov/2025:14:25:45 +0100] "GET /" 400 468 "-" "-"
176.65.149.34 - - [28/Nov/2025:14:26:59 +0100] "GET /index.htm HTTP/1.1" 404 273 "-" "Mozilla/5.0"
176.65.149.34 - - [28/Nov/2025:14:26:59 +0100] "GET / HTTP/1.1" 200 516 "-" "-"
176.65.149.34 - - [28/Nov/2025:14:26:59 +0100] "\x16\x03\x01\x05\xac\x01" 501 273 "-" "-"
176.65.149.34 - - [28/Nov/2025:14:26:59 +0100] "1111\x0c\x01" 400 291 "-" "-"
176.65.149.34 - - [28/Nov/2025:14:26:59 +0100] "1111\x88" 501 272 "-" "-"
52.4.229.9 - - [28/Nov/2025:14:27:38 +0100] "GET /platby/uwoy9/toddler-bedroom-furniture-sets HTTP/1.1" 200 12351 "-" "Mozilla/5.0 AppleWebKit/537.36 (KHTML, like Gecko; compatible; Amazonbot/0.1; +https://developer.amazon.com/support/amazonbot) Chrome/119.0.6045.214 Safari/537.36"
3.217.82.254 - - [28/Nov/2025:14:27:42 +0100] "GET /platby/uwoy9/couldn't-read-fingerprint-redmi-note-8-pro HTTP/1.1" 200 7804 "-" "Mozilla/5.0 AppleWebKit/537.36 (KHTML, like Gecko; compatible; Amazonbot/0.1; +https://developer.amazon.com/support/amazonbot) Chrome/119.0.6045.214 Safari/537.36"
204.76.203.206 - - [28/Nov/2025:14:27:58 +0100] "GET / HTTP/1.1" 200 316 "-" "Mozilla/5.0 (Windows NT 10.0; Win64; x64) AppleWebKit/537.36 (KHTML, like Gecko) Chrome/90.0.4430.85 Safari/537.36 Edg/90.0.818.46"
204.76.203.212 - - [28/Nov/2025:14:30:28 +0100] "GET /" 400 468 "-" "-"
138.246.253.24 - - [28/Nov/2025:14:31:31 +0100] "\x16\x03\x01\x01\r\x01" 400 289 "-" "-"
66.249.79.66 - - [28/Nov/2025:14:32:34 +0100] "\x16\x03\x01\x02" 403 265 "-" "-"
147.185.40.210 - - [28/Nov/2025:14:34:13 +0100] "\x16\x03\x01\x01\b\x01" 403 265 "-" "-"
95.129.101.135 - - [28/Nov/2025:14:35:25 +0100] "\x16\x03\x01\x02" 403 265 "-" "-"
47.128.35.228 - - [28/Nov/2025:14:35:56 +0100] "\x16\x03\x01\x02" 403 265 "-" "-"
173.252.82.24 - - [28/Nov/2025:14:36:02 +0100] "\x16\x03\x01\x01J\x01" 403 265 "-" "-"
146.103.116.4 - - [28/Nov/2025:14:37:12 +0100] "\x16\x03\x01" 403 265 "-" "-"
146.103.116.4 - - [28/Nov/2025:14:37:12 +0100] "\x16\x03\x01" 403 265 "-" "-"
146.103.116.4 - - [28/Nov/2025:14:37:14 +0100] "\x16\x03\x01\x02" 403 265 "-" "-"
146.103.116.4 - - [28/Nov/2025:14:37:14 +0100] "\x16\x03\x01\x02" 403 265 "-" "-"
146.103.116.4 - - [28/Nov/2025:14:37:17 +0100] "\x16\x03\x01\x02" 403 265 "-" "-"
146.103.116.4 - - [28/Nov/2025:14:37:19 +0100] "\x16\x03\x01\x02" 403 265 "-" "-"
213.209.157.218 - - [28/Nov/2025:14:38:33 +0100] "\x16\x03\x01" 403 265 "-" "-"
114.119.130.237 - - [28/Nov/2025:14:39:14 +0100] "GET /platby/aohwuyx/convert-junit-xml-to-html-report-python HTTP/1.1" 200 10137 "http://ispc.klape.eu/platby/aohwuyx/samsung-s10-black-screen-of-death-fix" "Mozilla/5.0 (Linux; Android 7.0;) AppleWebKit/537.36 (KHTML, like Gecko) Mobile Safari/537.36 (compatible; PetalBot;+https://webmaster.petalsearch.com/site/petalbot)"
217.113.194.128 - - [28/Nov/2025:14:40:49 +0100] "\x16\x03\x03\x01\xe6\x01" 403 265 "-" "-"
114.119.152.142 - - [28/Nov/2025:14:40:58 +0100] "GET /platby/aohwuyx/at&t-hotspot-connected-but-no-internet HTTP/1.1" 200 12973 "http://ispc.klape.eu/platby/aohwuyx/at&t-hotspot-connected-but-no-internet" "Mozilla/5.0 (Linux; Android 7.0;) AppleWebKit/537.36 (KHTML, like Gecko) Mobile Safari/537.36 (compatible; PetalBot;+https://webmaster.petalsearch.com/site/petalbot)"
114.119.140.102 - - [28/Nov/2025:14:42:41 +0100] "GET /platby/72zbxoz/kaleidoscope-partners HTTP/1.1" 200 12743 "http://ispc.klape.eu/platby/72zbxoz/kaleidoscope-partners" "Mozilla/5.0 (Linux; Android 7.0;) AppleWebKit/537.36 (KHTML, like Gecko) Mobile Safari/537.36 (compatible; PetalBot;+https://webmaster.petalsearch.com/site/petalbot)"
213.209.157.218 - - [28/Nov/2025:14:42:46 +0100] "\x16\x03\x01" 403 265 "-" "-"
147.185.132.25 - - [28/Nov/2025:14:43:30 +0100] "GET / HTTP/1.1" 200 511 "-" "Hello from Palo Alto Networks, find out more about our scans in https://docs-cortex.paloaltonetworks.com/r/1/Cortex-Xpanse/Scanning-activity"
114.119.139.112 - - [28/Nov/2025:14:44:24 +0100] "GET /platby/72zbxoz/callaway-pre-owned-coupon HTTP/1.1" 200 13434 "http://ispc.klape.eu/platby/72zbxoz/what-does-level-hie-mean-in-reading-plus" "Mozilla/5.0 (Linux; Android 7.0;) AppleWebKit/537.36 (KHTML, like Gecko) Mobile Safari/537.36 (compatible; PetalBot;+https://webmaster.petalsearch.com/site/petalbot)"
77.237.185.54 - - [28/Nov/2025:14:45:39 +0100] "GET /" 400 468 "-" "-"
204.76.203.206 - - [28/Nov/2025:14:45:42 +0100] "GET /" 400 468 "-" "-"
114.119.152.142 - - [28/Nov/2025:14:46:09 +0100] "GET /platby/72zbxoz/ak-bars-kazan-vs-avangard-omsk-prediction HTTP/1.1" 200 11662 "http://ispc.klape.eu/platby/72zbxoz/bhujangasana-contraindications" "Mozilla/5.0 (Linux; Android 7.0;) AppleWebKit/537.36 (KHTML, like Gecko) Mobile Safari/537.36 (compatible; PetalBot;+https://webmaster.petalsearch.com/site/petalbot)"
204.76.203.206 - - [28/Nov/2025:14:46:47 +0100] "GET / HTTP/1.1" 200 316 "-" "Mozilla/5.0 (Windows NT 10.0; Win64; x64) AppleWebKit/537.36 (KHTML, like Gecko) Chrome/90.0.4430.85 Safari/537.36 Edg/90.0.818.46"
114.119.129.163 - - [28/Nov/2025:14:47:52 +0100] "GET /platby/72zbxoz/sars-associated-coronavirus-icd-10 HTTP/1.1" 200 11299 "http://ispc.klape.eu/platby/72zbxoz/sars-associated-coronavirus-icd-10" "Mozilla/5.0 (Linux; Android 7.0;) AppleWebKit/537.36 (KHTML, like Gecko) Mobile Safari/537.36 (compatible; PetalBot;+https://webmaster.petalsearch.com/site/petalbot)"
185.65.134.248 - - [28/Nov/2025:14:48:52 +0100] "\x16\x03\x01\x05\xc2\x01" 403 265 "-" "-"
91.94.28.79 - - [28/Nov/2025:14:50:48 +0100] "\x16\x03\x01\x06\xd8\x01" 403 265 "-" "-"
91.94.28.79 - - [28/Nov/2025:14:50:48 +0100] "\x16\x03\x01\x07\x18\x01" 403 265 "-" "-"
66.249.79.225 - - [28/Nov/2025:14:50:49 +0100] "\x16\x03\x01\x02" 403 265 "-" "-"
91.94.28.79 - - [28/Nov/2025:14:50:49 +0100] "\x16\x03\x01\x06\xb8\x01" 403 265 "-" "-"
91.94.28.79 - - [28/Nov/2025:14:50:49 +0100] "\x16\x03\x01\x07\x18\x01" 403 265 "-" "-"
91.94.28.79 - - [28/Nov/2025:14:50:49 +0100] "\x16\x03\x01\x06\xd8\x01" 403 265 "-" "-"
91.94.28.79 - - [28/Nov/2025:14:50:49 +0100] "\x16\x03\x01\x06\xb8\x01" 403 265 "-" "-"
91.94.28.79 - - [28/Nov/2025:14:50:49 +0100] "\x16\x03\x01\x07\x18\x01" 403 265 "-" "-"
91.94.28.79 - - [28/Nov/2025:14:50:49 +0100] "\x16\x03\x01\x06\xb8\x01" 403 265 "-" "-"
217.113.194.127 - - [28/Nov/2025:14:50:51 +0100] "\x16\x03\x03\x01\xe6\x01" 403 265 "-" "-"
195.177.94.189 - - [28/Nov/2025:14:53:15 +0100] "GET /phpmyadmin/scripts/setup.php HTTP/1.1" 200 11106 "-" "Mozilla/4.0 (compatible; MSIE 6.0; MSIE 5.5; Windows NT 5.1) Opera 7.01 [en]"
195.177.94.189 - - [28/Nov/2025:14:53:15 +0100] "POST /phpmyadmin/scripts/setup.php HTTP/1.1" 200 18608 "http://109.105.49.240:8081/phpmyadmin/scripts/setup.php" "Mozilla/4.0 (compatible; MSIE 6.0; MSIE 5.5; Windows NT 5.1) Opera 7.01 [en]"
161.123.184.71 - - [28/Nov/2025:14:53:47 +0100] "\x16\x03\x01\x05\xd1\x01" 403 265 "-" "-"
195.177.94.189 - - [28/Nov/2025:14:54:24 +0100] "GET /phpmyadmin/scripts/setup.php HTTP/1.1" 200 11105 "-" "Mozilla/4.0 (compatible; MSIE 6.0; MSIE 5.5; Windows NT 5.1) Opera 7.01 [en]"
195.177.94.189 - - [28/Nov/2025:14:54:24 +0100] "POST /phpmyadmin/scripts/setup.php HTTP/1.1" 200 18608 "http://109.105.49.240:443/phpmyadmin/scripts/setup.php" "Mozilla/4.0 (compatible; MSIE 6.0; MSIE 5.5; Windows NT 5.1) Opera 7.01 [en]"
114.119.139.66 - - [28/Nov/2025:14:55:36 +0100] "GET /platby/aohwuyx/visitation-ghirlandaio HTTP/1.1" 200 14560 "http://ispc.klape.eu/platby/aohwuyx/visitation-ghirlandaio" "Mozilla/5.0 (Linux; Android 7.0;) AppleWebKit/537.36 (KHTML, like Gecko) Mobile Safari/537.36 (compatible; PetalBot;+https://webmaster.petalsearch.com/site/petalbot)"
114.119.139.112 - - [28/Nov/2025:14:57:19 +0100] "GET /platby/72zbxoz/the-s-wave-shadow-zone-is-evidence-that HTTP/1.1" 200 12974 "http://ispc.klape.eu/platby/72zbxoz/the-s-wave-shadow-zone-is-evidence-that" "Mozilla/5.0 (Linux; Android 7.0;) AppleWebKit/537.36 (KHTML, like Gecko) Mobile Safari/537.36 (compatible; PetalBot;+https://webmaster.petalsearch.com/site/petalbot)"
205.210.31.108 - - [28/Nov/2025:14:57:55 +0100] "GET / HTTP/1.1" 200 527 "-" "Hello from Palo Alto Networks, find out more about our scans in https://docs-cortex.paloaltonetworks.com/r/1/Cortex-Xpanse/Scanning-activity"
114.119.139.112 - - [28/Nov/2025:14:59:03 +0100] "GET /platby/aohwuyx/wreck-on-i-20-covington,-ga HTTP/1.1" 200 8849 "http://ispc.klape.eu/platby/aohwuyx/wreck-on-i-20-covington%2C-ga" "Mozilla/5.0 (Linux; Android 7.0;) AppleWebKit/537.36 (KHTML, like Gecko) Mobile Safari/537.36 (compatible; PetalBot;+https://webmaster.petalsearch.com/site/petalbot)"
47.128.37.162 - - [28/Nov/2025:14:59:38 +0100] "\x16\x03\x01\x06\xf9\x01" 403 265 "-" "-"
47.128.37.162 - - [28/Nov/2025:14:59:39 +0100] "\x16\x03\x01\x06\xb9\x01" 403 265 "-" "-"
47.128.37.162 - - [28/Nov/2025:14:59:43 +0100] "\x16\x03\x01\x06\xb9\x01" 403 265 "-" "-"
47.128.37.162 - - [28/Nov/2025:14:59:43 +0100] "\x16\x03\x01\x06\xd9\x01" 403 265 "-" "-"
47.128.27.141 - - [28/Nov/2025:14:59:51 +0100] "\x16\x03\x01\x02" 403 265 "-" "-"
114.119.140.102 - - [28/Nov/2025:15:00:45 +0100] "GET /platby/72zbxoz/cemetery-pronunciation HTTP/1.1" 200 12193 "http://ispc.klape.eu/platby/72zbxoz/accident-on-i-20-covington,-ga-today" "Mozilla/5.0 (Linux; Android 7.0;) AppleWebKit/537.36 (KHTML, like Gecko) Mobile Safari/537.36 (compatible; PetalBot;+https://webmaster.petalsearch.com/site/petalbot)"
147.185.132.58 - - [28/Nov/2025:15:00:50 +0100] "GET / HTTP/1.1" 200 509 "-" "Hello from Palo Alto Networks, find out more about our scans in https://docs-cortex.paloaltonetworks.com/r/1/Cortex-Xpanse/Scanning-activity"
78.153.140.195 - - [28/Nov/2025:15:01:17 +0100] "\x16\x03\x01" 403 265 "-" "-"
114.119.149.2 - - [28/Nov/2025:15:02:29 +0100] "GET /platby/72zbxoz/bettye-lavette-what-condition-my-condition-is-in HTTP/1.1" 200 10606 "http://ispc.klape.eu/platby/72zbxoz/bettye-lavette-what-condition-my-condition-is-in" "Mozilla/5.0 (Linux; Android 7.0;) AppleWebKit/537.36 (KHTML, like Gecko) Mobile Safari/537.36 (compatible; PetalBot;+https://webmaster.petalsearch.com/site/petalbot)"
198.235.24.16 - - [28/Nov/2025:15:02:46 +0100] "GET / HTTP/1.1" 200 513 "-" "Hello from Palo Alto Networks, find out more about our scans in https://docs-cortex.paloaltonetworks.com/r/1/Cortex-Xpanse/Scanning-activity"
45.131.155.100 - - [28/Nov/2025:15:03:11 +0100] "\x16\x03\x01\x05\xd3\x01" 403 265 "-" "-"
45.131.155.100 - - [28/Nov/2025:15:03:11 +0100] "\x16\x03\x01\x05\xd0\x01" 403 265 "-" "-"
45.131.155.100 - - [28/Nov/2025:15:03:11 +0100] "\x16\x03\x01\x05\xd5\x01" 403 265 "-" "-"
45.131.155.100 - - [28/Nov/2025:15:03:11 +0100] "\x16\x03\x01\x05\xd7\x01" 403 265 "-" "-"
45.131.155.100 - - [28/Nov/2025:15:03:11 +0100] "\x16\x03\x01\x05\xcf\x01" 403 265 "-" "-"
45.131.155.100 - - [28/Nov/2025:15:03:11 +0100] "\x16\x03\x01\x05\xce\x01" 403 265 "-" "-"
45.131.155.100 - - [28/Nov/2025:15:03:11 +0100] "\x16\x03\x01\x05\xd4\x01" 403 265 "-" "-"
45.131.155.100 - - [28/Nov/2025:15:03:11 +0100] "\x16\x03\x01\x05\xd1\x01" 403 265 "-" "-"
45.131.155.100 - - [28/Nov/2025:15:03:11 +0100] "\x16\x03\x01\x05\xd1\x01" 403 265 "-" "-"
45.131.155.100 - - [28/Nov/2025:15:03:11 +0100] "\x16\x03\x01\x05\xd2\x01" 403 265 "-" "-"
45.131.155.100 - - [28/Nov/2025:15:03:11 +0100] "\x16\x03\x01\x05\xcd\x01" 403 265 "-" "-"
45.131.155.100 - - [28/Nov/2025:15:03:11 +0100] "\x16\x03\x01\x05\xcc\x01" 403 265 "-" "-"
45.131.155.100 - - [28/Nov/2025:15:03:11 +0100] "\x16\x03\x01\x05\xe2\x01" 403 265 "-" "-"
45.131.155.100 - - [28/Nov/2025:15:03:11 +0100] "\x16\x03\x01\x05\xd0\x01" 403 265 "-" "-"
45.131.155.100 - - [28/Nov/2025:15:03:11 +0100] "\x16\x03\x01\x05\xd1\x01" 403 265 "-" "-"
45.131.155.100 - - [28/Nov/2025:15:03:11 +0100] "\x16\x03\x01\x05\xd2\x01" 403 265 "-" "-"
45.131.155.100 - - [28/Nov/2025:15:03:11 +0100] "\x16\x03\x01\x05\xce\x01" 403 265 "-" "-"
45.131.155.100 - - [28/Nov/2025:15:03:11 +0100] "\x16\x03\x01\x05\xcf\x01" 403 265 "-" "-"
45.131.155.100 - - [28/Nov/2025:15:03:11 +0100] "\x16\x03\x01\x05\xca\x01" 403 265 "-" "-"
45.131.155.100 - - [28/Nov/2025:15:03:11 +0100] "\x16\x03\x01\x05\xe2\x01" 403 265 "-" "-"
45.131.155.100 - - [28/Nov/2025:15:03:11 +0100] "\x16\x03\x01\x05\xcf\x01" 403 265 "-" "-"
45.131.155.100 - - [28/Nov/2025:15:03:11 +0100] "\x16\x03\x01\x05\xce\x01" 403 265 "-" "-"
45.131.155.100 - - [28/Nov/2025:15:03:11 +0100] "\x16\x03\x01\x05\xcc\x01" 403 265 "-" "-"
45.131.155.100 - - [28/Nov/2025:15:03:11 +0100] "\x16\x03\x01\x05\xd0\x01" 403 265 "-" "-"
45.131.155.100 - - [28/Nov/2025:15:03:11 +0100] "\x16\x03\x01\x05\xcd\x01" 403 265 "-" "-"
45.131.155.100 - - [28/Nov/2025:15:03:11 +0100] "\x16\x03\x01\x05\xd4\x01" 403 265 "-" "-"
45.131.155.100 - - [28/Nov/2025:15:03:11 +0100] "\x16\x03\x01\x05\xd0\x01" 403 265 "-" "-"
45.131.155.100 - - [28/Nov/2025:15:03:11 +0100] "\x16\x03\x01\x05\xdf\x01" 403 265 "-" "-"
45.131.155.100 - - [28/Nov/2025:15:03:11 +0100] "GET / HTTP/1.1" 403 223 "-" "Mozilla/5.0 (X11; Linux x86_64) AppleWebKit/537.36 (KHTML, like Gecko) Chrome/122.0.0.0 Safari/537.36"
45.131.155.100 - - [28/Nov/2025:15:03:11 +0100] "GET / HTTP/1.1" 403 221 "-" "Mozilla/5.0 (Windows NT 10.0; Win64; x64) AppleWebKit/537.36 (KHTML, like Gecko) Chrome/135.0.0.0 Safari/537.36"
45.131.155.100 - - [28/Nov/2025:15:03:11 +0100] "GET / HTTP/1.1" 403 224 "-" "Mozilla/5.0 (Macintosh; Intel Mac OS X 10_15_7) AppleWebKit/605.1.15 (KHTML, like Gecko) Version/18.6 Safari/605.1.15"
45.131.155.100 - - [28/Nov/2025:15:03:11 +0100] "GET / HTTP/1.1" 403 226 "-" "Mozilla/5.0 (Windows NT 10.0; Win64; x64) AppleWebKit/537.36 (KHTML, like Gecko) Chrome/140.0.0.0 Safari/537.36"
45.131.155.100 - - [28/Nov/2025:15:03:11 +0100] "GET / HTTP/1.1" 403 220 "-" "Mozilla/5.0 (Macintosh; Intel Mac OS X 10_15_7) AppleWebKit/537.36 (KHTML, like Gecko) Chrome/139.0.0.0 Safari/537.36"
45.131.155.100 - - [28/Nov/2025:15:03:11 +0100] "GET / HTTP/1.1" 403 219 "-" "Mozilla/5.0 (Windows NT 10.0; Win64; x64) AppleWebKit/537.36 (KHTML, like Gecko) Chrome/131.0.0.0 Safari/537.36"
45.131.155.100 - - [28/Nov/2025:15:03:11 +0100] "GET / HTTP/1.1" 403 224 "-" "Mozilla/5.0 (X11; Linux x86_64) AppleWebKit/537.36 (KHTML, like Gecko) Chrome/140.0.0.0 Safari/537.36"
45.131.155.100 - - [28/Nov/2025:15:03:11 +0100] "GET / HTTP/1.1" 403 221 "-" "Mozilla/5.0 (Windows NT 10.0; Win64; x64) AppleWebKit/537.36 (KHTML, like Gecko) Chrome/135.0.0.0 Safari/537.36 OPR/120.0.0.0"
45.131.155.100 - - [28/Nov/2025:15:03:11 +0100] "GET / HTTP/1.1" 403 222 "-" "Mozilla/5.0 (Windows NT 10.0; Win64; x64) AppleWebKit/537.36 (KHTML, like Gecko) Chrome/137.0.0.0 Safari/537.36"
45.131.155.100 - - [28/Nov/2025:15:03:11 +0100] "GET / HTTP/1.1" 403 221 "-" "Mozilla/5.0 (Windows NT 10.0; Win64; x64) AppleWebKit/537.36 (KHTML, like Gecko) Chrome/138.0.0.0 YaBrowser/25.8.0.0 Safari/537.36"
45.131.155.100 - - [28/Nov/2025:15:03:11 +0100] "GET / HTTP/1.1" 403 218 "-" "Mozilla/5.0 (Windows NT 10.0; Win64; x64; rv:142.0) Gecko/20100101 Firefox/142.0"
45.131.155.100 - - [28/Nov/2025:15:03:11 +0100] "GET / HTTP/1.1" 403 218 "-" "Mozilla/5.0 (Windows NT 10.0; Win64; x64) AppleWebKit/537.36 (KHTML, like Gecko) Chrome/138.0.0.0 Safari/537.36"
45.131.155.100 - - [28/Nov/2025:15:03:11 +0100] "GET / HTTP/1.1" 403 233 "-" "Mozilla/5.0 (Macintosh; Intel Mac OS X 10_15_7) AppleWebKit/605.1.15 (KHTML, like Gecko)"
45.131.155.100 - - [28/Nov/2025:15:03:11 +0100] "GET / HTTP/1.1" 403 222 "-" "Mozilla/5.0 (Windows NT 10.0; Win64; x64) AppleWebKit/537.36 (KHTML, like Gecko) Chrome/133.0.0.0 Safari/537.36"
45.131.155.100 - - [28/Nov/2025:15:03:11 +0100] "GET / HTTP/1.1" 403 222 "-" "Mozilla/5.0 (X11; Linux x86_64) AppleWebKit/537.36 (KHTML, like Gecko) Chrome/124.0.0.0 Safari/537.36"
45.131.155.100 - - [28/Nov/2025:15:03:11 +0100] "GET / HTTP/1.1" 403 223 "-" "Mozilla/5.0 (Macintosh; Intel Mac OS X 10_15_7) AppleWebKit/537.36 (KHTML, like Gecko) Chrome/140.0.0.0 Safari/537.36 Edg/140.0.0.0"
45.131.155.100 - - [28/Nov/2025:15:03:11 +0100] "GET / HTTP/1.1" 403 219 "-" "Mozilla/5.0 (Windows NT 10.0; Win64; x64) AppleWebKit/537.36"
45.131.155.100 - - [28/Nov/2025:15:03:11 +0100] "GET / HTTP/1.1" 403 220 "-" "Mozilla/5.0 (Windows NT 10.0; Win64; x64) AppleWebKit/537.36 (KHTML, like Gecko) Chrome/136.0.0.0 Safari/537.36"
45.131.155.100 - - [28/Nov/2025:15:03:11 +0100] "GET / HTTP/1.1" 403 217 "-" "Mozilla/5.0 (Macintosh; Intel Mac OS X 10_15_7) AppleWebKit/537.36 (KHTML, like Gecko) Chrome/131.0.0.0 Safari/537.36"
45.131.155.100 - - [28/Nov/2025:15:03:11 +0100] "GET / HTTP/1.1" 403 235 "-" "Mozilla/5.0 (Windows NT 10.0; Win64; x64) AppleWebKit/537.36 (KHTML, like Gecko) Chrome/124.0.0.0 Safari/537.36"
45.131.155.100 - - [28/Nov/2025:15:03:11 +0100] "GET / HTTP/1.1" 403 220 "-" "Mozilla/5.0 (Macintosh; Intel Mac OS X 10_15_7) AppleWebKit/537.36 (KHTML, like Gecko) Chrome/139.0.0.0 Safari/537.36 Edg/139.0.0.0"
45.131.155.100 - - [28/Nov/2025:15:03:11 +0100] "GET / HTTP/1.1" 403 219 "-" "Mozilla/5.0 (X11; Linux x86_64) AppleWebKit/537.36 (KHTML, like Gecko) Chrome/131.0.0.0 Safari/537.36"
45.131.155.100 - - [28/Nov/2025:15:03:11 +0100] "GET / HTTP/1.1" 403 218 "-" "Mozilla/5.0 (X11; Linux x86_64; rv:128.0) Gecko/20100101 Firefox/128.0"
45.131.155.100 - - [28/Nov/2025:15:03:11 +0100] "GET / HTTP/1.1" 403 221 "-" "Mozilla/5.0 (Macintosh; Intel Mac OS X 10_15_7) AppleWebKit/537.36 (KHTML, like Gecko) Chrome/136.0.0.0 Safari/537.36"
45.131.155.100 - - [28/Nov/2025:15:03:11 +0100] "GET / HTTP/1.1" 403 218 "-" "Mozilla/5.0 (Windows NT 10.0; Win64; x64) AppleWebKit/537.36 (KHTML, like Gecko) Chrome/138.0.0.0 Safari/537.36"
45.131.155.100 - - [28/Nov/2025:15:03:11 +0100] "GET / HTTP/1.1" 403 223 "-" "Mozilla/5.0 (Windows NT 10.0; Win64; x64) AppleWebKit/537.36 (KHTML, like Gecko) Chrome/133.0.0.0 Safari/537.36"
45.131.155.100 - - [28/Nov/2025:15:03:11 +0100] "GET / HTTP/1.1" 403 221 "-" "Mozilla/5.0 (Macintosh; Intel Mac OS X 10_15_7) AppleWebKit/537.36 (KHTML, like Gecko) Chrome/122.0.0.0 Safari/537.36"
45.131.155.100 - - [28/Nov/2025:15:03:11 +0100] "GET / HTTP/1.1" 403 231 "-" "Mozilla/5.0 (Windows NT 10.0; Win64; x64) AppleWebKit/537.36 (KHTML, like Gecko) Chrome/138.0.0.0 Safari/537.36"
45.82.78.114 - - [28/Nov/2025:15:03:15 +0100] "GET /favicon.ico HTTP/1.1" 403 228 "http://matl-bula.net:443/" "Mozilla/5.0 (Windows NT 10.0; Win64; x64) AppleWebKit/537.36 (KHTML, like Gecko) Chrome/109.0.0.0 Safari/537.36"
45.82.78.113 - - [28/Nov/2025:15:03:15 +0100] "GET /favicon.ico HTTP/1.1" 403 226 "http://capstan.cz:443/" "Mozilla/5.0 (Macintosh; Intel Mac OS X 10_15_7) AppleWebKit/605.1.15 (KHTML, like Gecko) Version/16.3 Safari/605.1.15"
45.82.78.114 - - [28/Nov/2025:15:03:16 +0100] "GET /favicon.ico HTTP/1.1" 403 229 "http://matl-bula.info:443/" "Mozilla/5.0 (Windows NT 10.0; Win64; x64; rv:102.0) Gecko/20100101 Firefox/102.0"
45.82.78.114 - - [28/Nov/2025:15:03:16 +0100] "GET /favicon.ico HTTP/1.1" 403 228 "http://glizigen.cz:443/" "Mozilla/5.0 (Windows NT 10.0; Win64; x64) AppleWebKit/537.36 (KHTML, like Gecko) Chrome/113.0.0.0 Safari/537.36 Edg/113.0.1774.57"
45.82.78.113 - - [28/Nov/2025:15:03:16 +0100] "GET /favicon.ico HTTP/1.1" 403 226 "http://martof.cz:443/" "Mozilla/5.0 (X11; Ubuntu; Linux x86_64; rv:109.0) Gecko/20100101 Firefox/114.0"
45.82.78.113 - - [28/Nov/2025:15:03:16 +0100] "GET /favicon.ico HTTP/1.1" 403 226 "http://tank24.cz:443/" "Mozilla/5.0 (Windows NT 10.0; rv:102.0) Gecko/20100101 Firefox/102.0"
45.82.78.114 - - [28/Nov/2025:15:03:16 +0100] "GET /favicon.ico HTTP/1.1" 403 227 "http://ziplines.cz:443/" "Mozilla/5.0 (Macintosh; Intel Mac OS X 10_15_7) AppleWebKit/537.36 (KHTML, like Gecko) Chrome/112.0.0.0 Safari/537.36"
45.82.78.113 - - [28/Nov/2025:15:03:17 +0100] "GET /favicon.ico HTTP/1.1" 403 228 "http://matl-bula.com:443/" "Mozilla/5.0 (X11; Linux x86_64) AppleWebKit/537.36 (KHTML, like Gecko) Chrome/111.0.0.0 Safari/537.36"
45.82.78.114 - - [28/Nov/2025:15:03:17 +0100] "GET /favicon.ico HTTP/1.1" 403 231 "http://pronajemplosin.com:443/" "Mozilla/5.0 (Windows NT 10.0; Win64; x64; rv:109.0) Gecko/20100101 Firefox/114.0"
45.82.78.114 - - [28/Nov/2025:15:03:17 +0100] "GET /favicon.ico HTTP/1.1" 403 228 "http://diamant-di.com:443/" "Mozilla/5.0 (Windows NT 10.0; Win64; x64) AppleWebKit/537.36 (KHTML, like Gecko) Chrome/111.0.0.0 Safari/537.36"
45.82.78.114 - - [28/Nov/2025:15:03:17 +0100] "GET /favicon.ico HTTP/1.1" 403 228 "http://combilift.cz:443/" "Mozilla/5.0 (Windows NT 10.0; Win64; x64) AppleWebKit/537.36 (KHTML, like Gecko) Chrome/109.0.0.0 Safari/537.36"
45.82.78.114 - - [28/Nov/2025:15:03:17 +0100] "GET /favicon.ico HTTP/1.1" 403 226 "http://blc-eu.com:443/" "Mozilla/5.0 (Macintosh; Intel Mac OS X 10_15_7) AppleWebKit/605.1.15 (KHTML, like Gecko) Version/16.2 Safari/605.1.15"
45.82.78.114 - - [28/Nov/2025:15:03:17 +0100] "GET /favicon.ico HTTP/1.1" 403 227 "http://blue-cap.cz:443/" "Mozilla/5.0 (Windows NT 10.0; rv:102.0) Gecko/20100101 Firefox/102.0"
45.82.78.114 - - [28/Nov/2025:15:03:17 +0100] "GET /favicon.ico HTTP/1.1" 403 230 "http://tshombeknife.com:443/" "Mozilla/5.0 (Macintosh; Intel Mac OS X 10_15_7) AppleWebKit/537.36 (KHTML, like Gecko) Chrome/113.0.0.0 Safari/537.36"
45.82.78.114 - - [28/Nov/2025:15:03:17 +0100] "GET /favicon.ico HTTP/1.1" 403 238 "http://zamestnanievzdravotnictve.sk:443/" "Mozilla/5.0 (Windows NT 10.0; Win64; x64) AppleWebKit/537.36 (KHTML, like Gecko) Chrome/112.0.0.0 YaBrowser/23.5.2.625 Yowser/2.5 Safari/537.36"
45.82.78.114 - - [28/Nov/2025:15:03:17 +0100] "GET /favicon.ico HTTP/1.1" 403 228 "http://hyundai-cz.com:443/" "Mozilla/5.0 (Windows NT 10.0; Win64; x64) AppleWebKit/537.36 (KHTML, like Gecko) Chrome/114.0.0.0 Safari/537.36 Edg/114.0.1823.41"
45.82.78.113 - - [28/Nov/2025:15:03:17 +0100] "GET /favicon.ico HTTP/1.1" 403 231 "http://racing-kennel.com:443/" "Mozilla/5.0 (Macintosh; Intel Mac OS X 10_15_7) AppleWebKit/605.1.15 (KHTML, like Gecko) Version/15.6.1 Safari/605.1.15"
45.82.78.114 - - [28/Nov/2025:15:03:17 +0100] "GET /favicon.ico HTTP/1.1" 403 229 "http://matl-bula.org:443/" "Mozilla/5.0 (X11; Ubuntu; Linux x86_64; rv:109.0) Gecko/20100101 Firefox/113.0"
45.82.78.113 - - [28/Nov/2025:15:03:18 +0100] "GET /favicon.ico HTTP/1.1" 403 230 "http://antiqkabinet.cz:443/" "Mozilla/5.0 (Windows NT 10.0; Win64; x64; rv:102.0) Gecko/20100101 Firefox/102.0"
45.82.78.114 - - [28/Nov/2025:15:03:18 +0100] "GET /favicon.ico HTTP/1.1" 403 228 "http://zip-lines.eu:443/" "Mozilla/5.0 (X11; Linux x86_64) AppleWebKit/537.36 (KHTML, like Gecko) Chrome/77.0.3865.75 Safari/537.36"
45.82.78.114 - - [28/Nov/2025:15:03:18 +0100] "GET /favicon.ico HTTP/1.1" 403 233 "http://zednictvi-stastny.eu:443/" "Mozilla/5.0 (Windows NT 10.0; rv:113.0) Gecko/20100101 Firefox/113.0"
45.82.78.114 - - [28/Nov/2025:15:03:18 +0100] "GET /favicon.ico HTTP/1.1" 403 240 "http://matlbula-manipulacnitechnika.cz:443/" "Mozilla/5.0 (X11; Ubuntu; Linux x86_64; rv:109.0) Gecko/20100101 Firefox/114.0"
45.82.78.114 - - [28/Nov/2025:15:03:18 +0100] "GET /favicon.ico HTTP/1.1" 403 225 "http://jkbs.cz:443/" "Mozilla/5.0 (Macintosh; Intel Mac OS X 10.15; rv:109.0) Gecko/20100101 Firefox/113.0"
45.82.78.113 - - [28/Nov/2025:15:03:19 +0100] "GET /favicon.ico HTTP/1.1" 403 228 "http://anoraksro.cz:443/" "Mozilla/5.0 (X11; Linux x86_64) AppleWebKit/537.36 (KHTML, like Gecko) Chrome/113.0.0.0 Safari/537.36"
45.82.78.114 - - [28/Nov/2025:15:03:19 +0100] "GET /favicon.ico HTTP/1.1" 403 242 "http://matlbula-vysokozdviznevoziky.cz:443/" "Mozilla/5.0 (Macintosh; Intel Mac OS X 10_15_7) AppleWebKit/605.1.15 (KHTML, like Gecko) Version/16.3 Safari/605.1.15"
204.76.203.206 - - [28/Nov/2025:15:06:06 +0100] "GET /" 400 468 "-" "-"
52.204.174.139 - - [28/Nov/2025:15:07:26 +0100] "GET /platby/uwoy9/upper-body-theraband-exercises-printable HTTP/1.1" 200 11985 "-" "Mozilla/5.0 AppleWebKit/537.36 (KHTML, like Gecko; compatible; Amazonbot/0.1; +https://developer.amazon.com/support/amazonbot) Chrome/119.0.6045.214 Safari/537.36"
204.76.203.206 - - [28/Nov/2025:15:07:31 +0100] "GET / HTTP/1.1" 200 316 "-" "Mozilla/5.0 (Windows NT 10.0; Win64; x64) AppleWebKit/537.36 (KHTML, like Gecko) Chrome/90.0.4430.85 Safari/537.36 Edg/90.0.818.46"
94.231.206.15 - - [28/Nov/2025:15:10:14 +0100] "\x16\x03\x03\x01\xa7\x01" 403 265 "-" "-"
94.231.206.3 - - [28/Nov/2025:15:10:20 +0100] "GET / HTTP/1.1" 403 266 "-" "Mozilla/5.0 (X11; Ubuntu; Linux x86_64; rv:134.0) Gecko/20100101 Firefox/134.0"
15.235.175.122 - - [28/Nov/2025:15:12:51 +0100] "\x16\x03\x03\x01\xa7\x01" 403 265 "-" "-"
114.119.149.2 - - [28/Nov/2025:15:14:14 +0100] "GET /platby/aohwuyx/when-do-showdown-players-get-upgraded HTTP/1.1" 200 9210 "http://ispc.klape.eu/platby/aohwuyx/how-many-teeth-does-a-great-white-shark-have" "Mozilla/5.0 (Linux; Android 7.0;) AppleWebKit/537.36 (KHTML, like Gecko) Mobile Safari/537.36 (compatible; PetalBot;+https://webmaster.petalsearch.com/site/petalbot)"
138.246.253.24 - - [28/Nov/2025:15:20:07 +0100] "\x16\x03\x01\x01\x0f\x01" 403 265 "-" "-"
64.225.60.187 - - [28/Nov/2025:15:20:08 +0100] "\x16\x03\x01" 403 265 "-" "-"
159.223.216.164 - - [28/Nov/2025:15:21:20 +0100] "\x16\x03\x01\x02" 403 265 "-" "-"
204.76.203.206 - - [28/Nov/2025:15:25:46 +0100] "GET /" 400 468 "-" "-"
204.76.203.206 - - [28/Nov/2025:15:26:36 +0100] "GET / HTTP/1.1" 200 316 "-" "Mozilla/5.0 (Windows NT 10.0; Win64; x64) AppleWebKit/537.36 (KHTML, like Gecko) Chrome/90.0.4430.85 Safari/537.36 Edg/90.0.818.46"
114.119.139.112 - - [28/Nov/2025:15:29:47 +0100] "GET /platby/aohwuyx/usynt-u-16-virtual-camp HTTP/1.1" 200 13484 "http://ispc.klape.eu/platby/aohwuyx/usynt-u-16-virtual-camp" "Mozilla/5.0 (Linux; Android 7.0;) AppleWebKit/537.36 (KHTML, like Gecko) Mobile Safari/537.36 (compatible; PetalBot;+https://webmaster.petalsearch.com/site/petalbot)"
86.54.31.34 - - [28/Nov/2025:15:30:54 +0100] "\x16\x03\x01" 403 265 "-" "-"
86.54.31.34 - - [28/Nov/2025:15:30:58 +0100] "GET / HTTP/1.1" 403 266 "-" "-"
3.149.59.26 - - [28/Nov/2025:15:31:03 +0100] "GET / HTTP/1.1" 403 224 "-" "cypex.ai/scanning Mozilla/5.0 (Macintosh; Intel Mac OS X 10_15_7) Chrome/126.0.0.0 Safari/537.36"
114.119.129.163 - - [28/Nov/2025:15:31:30 +0100] "GET /platby/aohwuyx/2020-panini-prizm-football-hobby-box-walmart HTTP/1.1" 200 11085 "http://ispc.klape.eu/platby/aohwuyx/2020-panini-prizm-football-hobby-box-walmart" "Mozilla/5.0 (Linux; Android 7.0;) AppleWebKit/537.36 (KHTML, like Gecko) Mobile Safari/537.36 (compatible; PetalBot;+https://webmaster.petalsearch.com/site/petalbot)"
66.249.79.193 - - [28/Nov/2025:15:32:35 +0100] "\x16\x03\x01\x02" 403 265 "-" "-"
46.135.95.211 - - [28/Nov/2025:15:33:02 +0100] "\x16\x03\x01\x06\xf8\x01" 403 265 "-" "-"
46.135.95.211 - - [28/Nov/2025:15:33:02 +0100] "\x16\x03\x01\x06\xd8\x01" 403 265 "-" "-"
114.119.130.237 - - [28/Nov/2025:15:33:14 +0100] "GET /platby/aohwuyx/thank-you-message-to-god-for-answered-prayer HTTP/1.1" 200 10059 "http://ispc.klape.eu/platby/aohwuyx/thank-you-message-to-god-for-answered-prayer" "Mozilla/5.0 (Linux; Android 7.0;) AppleWebKit/537.36 (KHTML, like Gecko) Mobile Safari/537.36 (compatible; PetalBot;+https://webmaster.petalsearch.com/site/petalbot)"
103.23.137.115 - - [28/Nov/2025:15:34:03 +0100] "\x16\x03\x01\x02" 403 265 "-" "-"
3.149.59.26 - - [28/Nov/2025:15:34:05 +0100] "GET / HTTP/1.1" 403 224 "-" "cypex.ai/scanning Mozilla/5.0 (Macintosh; Intel Mac OS X 10_15_7) Chrome/126.0.0.0 Safari/537.36"
114.119.149.2 - - [28/Nov/2025:15:34:57 +0100] "GET /platby/aohwuyx/10-facts-about-sharks-you-never-knew HTTP/1.1" 200 13229 "http://ispc.klape.eu/platby/aohwuyx/pearl-jam---do-the-evolution-video-analysis" "Mozilla/5.0 (Linux; Android 7.0;) AppleWebKit/537.36 (KHTML, like Gecko) Mobile Safari/537.36 (compatible; PetalBot;+https://webmaster.petalsearch.com/site/petalbot)"
82.21.252.153 - - [28/Nov/2025:15:35:52 +0100] "\x16\x03\x01\x05\xbe\x01" 403 265 "-" "-"
114.119.130.237 - - [28/Nov/2025:15:36:40 +0100] "GET /platby/72zbxoz/wouldn't-it-be-nice-50-first-dates HTTP/1.1" 200 14397 "http://ispc.klape.eu/platby/72zbxoz/the-whiting-turner-contracting-company-headquarters" "Mozilla/5.0 (Linux; Android 7.0;) AppleWebKit/537.36 (KHTML, like Gecko) Mobile Safari/537.36 (compatible; PetalBot;+https://webmaster.petalsearch.com/site/petalbot)"
45.150.72.132 - - [28/Nov/2025:15:37:19 +0100] "\x16\x03\x01" 403 265 "-" "-"
3.149.59.26 - - [28/Nov/2025:15:38:15 +0100] "SSH-2.0-Go" 403 265 "-" "-"
114.119.128.6 - - [28/Nov/2025:15:38:25 +0100] "GET /platby/72zbxoz/star-trek:-the-next-generation''-suspicions-cast HTTP/1.1" 200 10916 "http://ispc.klape.eu/platby/72zbxoz/star-trek%3A-the-next-generation%27%27-suspicions-cast" "Mozilla/5.0 (Linux; Android 7.0;) AppleWebKit/537.36 (KHTML, like Gecko) Mobile Safari/537.36 (compatible; PetalBot;+https://webmaster.petalsearch.com/site/petalbot)"
207.154.245.177 - - [28/Nov/2025:15:38:54 +0100] "\x16\x03\x01\x02" 403 265 "-" "-"
114.119.129.163 - - [28/Nov/2025:15:40:10 +0100] "GET /platby/72zbxoz/samsung-certified-screen-protector-note-20-ultra HTTP/1.1" 200 10793 "http://ispc.klape.eu/platby/72zbxoz/what-rhymes-with-know-for-a-poem" "Mozilla/5.0 (Linux; Android 7.0;) AppleWebKit/537.36 (KHTML, like Gecko) Mobile Safari/537.36 (compatible; PetalBot;+https://webmaster.petalsearch.com/site/petalbot)"
3.149.59.26 - - [28/Nov/2025:15:40:39 +0100] "\x16\x03\x01" 403 265 "-" "-"
91.84.126.32 - - [28/Nov/2025:15:41:04 +0100] "\x16\x03\x01\x02" 403 265 "-" "-"
91.84.126.32 - - [28/Nov/2025:15:41:04 +0100] "\x16\x03\x01\x02" 403 265 "-" "-"
91.84.126.32 - - [28/Nov/2025:15:41:09 +0100] "\x16\x03\x01\x02" 403 265 "-" "-"
91.84.126.32 - - [28/Nov/2025:15:41:09 +0100] "\x16\x03\x01" 403 265 "-" "-"
91.84.126.32 - - [28/Nov/2025:15:41:15 +0100] "\x16\x03\x01" 403 265 "-" "-"
91.84.126.32 - - [28/Nov/2025:15:41:15 +0100] "\x16\x03\x01" 403 265 "-" "-"
143.110.242.80 - - [28/Nov/2025:15:41:43 +0100] "\x16\x03\x01\x02" 403 265 "-" "-"
114.119.129.163 - - [28/Nov/2025:15:41:51 +0100] "GET /platby/72zbxoz/not-my-idea:-a-book-about-whiteness-lesson-plan HTTP/1.1" 200 12070 "http://ispc.klape.eu/platby/72zbxoz/power-button-not-working-how-to-restart-phone" "Mozilla/5.0 (Linux; Android 7.0;) AppleWebKit/537.36 (KHTML, like Gecko) Mobile Safari/537.36 (compatible; PetalBot;+https://webmaster.petalsearch.com/site/petalbot)"
3.149.59.26 - - [28/Nov/2025:15:42:23 +0100] "\x16\x03\x01" 403 265 "-" "-"
114.119.139.66 - - [28/Nov/2025:15:43:36 +0100] "GET /platby/72zbxoz/how-to-turn-off-phone-with-broken-screen-samsung HTTP/1.1" 200 13483 "http://ispc.klape.eu/platby/72zbxoz/what-does-a-mayhaw-tree-look-like" "Mozilla/5.0 (Linux; Android 7.0;) AppleWebKit/537.36 (KHTML, like Gecko) Mobile Safari/537.36 (compatible; PetalBot;+https://webmaster.petalsearch.com/site/petalbot)"
204.76.203.206 - - [28/Nov/2025:15:44:46 +0100] "GET /" 400 468 "-" "-"
114.119.129.163 - - [28/Nov/2025:15:45:17 +0100] "GET /platby/72zbxoz/how-to-install-autocad-2020-student-version HTTP/1.1" 200 10567 "http://ispc.klape.eu/platby/72zbxoz/how-long-does-copyright-last-for-a-corporation" "Mozilla/5.0 (Linux; Android 7.0;) AppleWebKit/537.36 (KHTML, like Gecko) Mobile Safari/537.36 (compatible; PetalBot;+https://webmaster.petalsearch.com/site/petalbot)"
45.135.193.9 - - [28/Nov/2025:15:46:29 +0100] "GET /" 400 468 "-" "-"
204.76.203.206 - - [28/Nov/2025:15:46:45 +0100] "GET / HTTP/1.1" 200 316 "-" "Mozilla/5.0 (Windows NT 10.0; Win64; x64) AppleWebKit/537.36 (KHTML, like Gecko) Chrome/90.0.4430.85 Safari/537.36 Edg/90.0.818.46"
114.119.140.102 - - [28/Nov/2025:15:47:02 +0100] "GET /platby/aohwuyx/solar-companies-looking-to-lease-land-in-sc HTTP/1.1" 200 8566 "http://ispc.klape.eu/platby/aohwuyx/genetic-differences-between-populations-tend-to-be-reduced-by" "Mozilla/5.0 (Linux; Android 7.0;) AppleWebKit/537.36 (KHTML, like Gecko) Mobile Safari/537.36 (compatible; PetalBot;+https://webmaster.petalsearch.com/site/petalbot)"
114.119.152.142 - - [28/Nov/2025:15:48:45 +0100] "GET /platby/72zbxoz/effect-of-covid-19-on-construction-projects-pdf HTTP/1.1" 200 14605 "http://ispc.klape.eu/platby/72zbxoz/nicholas-gioacchini-transfer" "Mozilla/5.0 (Linux; Android 7.0;) AppleWebKit/537.36 (KHTML, like Gecko) Mobile Safari/537.36 (compatible; PetalBot;+https://webmaster.petalsearch.com/site/petalbot)"
114.119.130.237 - - [28/Nov/2025:15:50:33 +0100] "GET /platby/72zbxoz/what-does-a-mayhaw-tree-look-like HTTP/1.1" 200 14133 "http://ispc.klape.eu/platby/72zbxoz/safari-hd-action-camera-instructions" "Mozilla/5.0 (Linux; Android 7.0;) AppleWebKit/537.36 (KHTML, like Gecko) Mobile Safari/537.36 (compatible; PetalBot;+https://webmaster.petalsearch.com/site/petalbot)"
114.119.128.6 - - [28/Nov/2025:15:52:13 +0100] "GET /platby/aohwuyx/who-originally-sang-have-you-seen-her HTTP/1.1" 200 10653 "http://ispc.klape.eu/platby/aohwuyx/when-was-the-last-tornado-in-kansas-city" "Mozilla/5.0 (Linux; Android 7.0;) AppleWebKit/537.36 (KHTML, like Gecko) Mobile Safari/537.36 (compatible; PetalBot;+https://webmaster.petalsearch.com/site/petalbot)"
114.119.130.237 - - [28/Nov/2025:15:53:55 +0100] "GET /platby/72zbxoz/django-react-authentication-github HTTP/1.1" 200 7503 "http://ispc.klape.eu/platby/72zbxoz/windows-file-explorer-not-refreshing-windows-10" "Mozilla/5.0 (Linux; Android 7.0;) AppleWebKit/537.36 (KHTML, like Gecko) Mobile Safari/537.36 (compatible; PetalBot;+https://webmaster.petalsearch.com/site/petalbot)"
195.184.76.236 - - [28/Nov/2025:15:54:53 +0100] "\x16\x03\x03\x01\xa7\x01" 501 273 "-" "-"
195.184.76.9 - - [28/Nov/2025:15:54:56 +0100] "GET / HTTP/1.1" 200 516 "-" "Mozilla/5.0 (X11; Ubuntu; Linux x86_64; rv:134.0) Gecko/20100101 Firefox/134.0"
47.128.18.101 - - [28/Nov/2025:15:55:35 +0100] "\x16\x03\x01\x02" 403 265 "-" "-"
114.119.152.142 - - [28/Nov/2025:15:55:49 +0100] "GET /platby/72zbxoz/back-to-back-50-point-playoff-games HTTP/1.1" 200 12484 "http://ispc.klape.eu/platby/72zbxoz/pudhiya-paadhai-auto-number" "Mozilla/5.0 (Linux; Android 7.0;) AppleWebKit/537.36 (KHTML, like Gecko) Mobile Safari/537.36 (compatible; PetalBot;+https://webmaster.petalsearch.com/site/petalbot)"
204.76.203.212 - - [28/Nov/2025:15:56:01 +0100] "GET /" 400 468 "-" "-"
195.184.76.102 - - [28/Nov/2025:16:01:35 +0100] "GET /favicon.ico HTTP/1.1" 404 275 "-" "Mozilla/5.0 (X11; Ubuntu; Linux x86_64; rv:134.0) Gecko/20100101 Firefox/134.0"
204.76.203.206 - - [28/Nov/2025:16:05:06 +0100] "GET /" 400 468 "-" "-"
138.246.253.24 - - [28/Nov/2025:16:06:07 +0100] "\x16\x03\x01\x01\v\x01" 400 289 "-" "-"
204.76.203.206 - - [28/Nov/2025:16:06:09 +0100] "GET / HTTP/1.1" 200 316 "-" "Mozilla/5.0 (Windows NT 10.0; Win64; x64) AppleWebKit/537.36 (KHTML, like Gecko) Chrome/90.0.4430.85 Safari/537.36 Edg/90.0.818.46"
103.71.64.6 - - [28/Nov/2025:16:09:26 +0100] "\x16\x03\x03" 403 265 "-" "-"
121.29.12.33 - - [28/Nov/2025:16:10:46 +0100] "\x16\x03\x01\x06\xd7\x01" 403 265 "-" "-"
121.29.12.33 - - [28/Nov/2025:16:10:47 +0100] "\x16\x03\x01\x06\xd7\x01" 403 265 "-" "-"
121.29.12.33 - - [28/Nov/2025:16:10:48 +0100] "\x16\x03\x01\x06\xf7\x01" 403 265 "-" "-"
121.29.12.33 - - [28/Nov/2025:16:10:49 +0100] "\x16\x03\x01\x07\x17\x01" 403 265 "-" "-"
54.193.95.35 - - [28/Nov/2025:16:12:33 +0100] "\x16\x03\x01\x01\x04\x01" 403 265 "-" "-"
195.177.94.189 - - [28/Nov/2025:16:12:36 +0100] "GET /phpmyadmin/scripts/setup.php HTTP/1.1" 200 11106 "-" "Mozilla/4.0 (compatible; MSIE 6.0; MSIE 5.5; Windows NT 5.1) Opera 7.01 [en]"
195.177.94.189 - - [28/Nov/2025:16:12:36 +0100] "POST /phpmyadmin/scripts/setup.php HTTP/1.1" 200 18608 "http://109.105.49.240:8081/phpmyadmin/scripts/setup.php" "Mozilla/4.0 (compatible; MSIE 6.0; MSIE 5.5; Windows NT 5.1) Opera 7.01 [en]"
195.177.94.189 - - [28/Nov/2025:16:13:47 +0100] "GET /phpmyadmin/scripts/setup.php HTTP/1.1" 200 11105 "-" "Mozilla/4.0 (compatible; MSIE 6.0; MSIE 5.5; Windows NT 5.1) Opera 7.01 [en]"
195.177.94.189 - - [28/Nov/2025:16:13:47 +0100] "POST /phpmyadmin/scripts/setup.php HTTP/1.1" 200 18608 "http://109.105.49.240:443/phpmyadmin/scripts/setup.php" "Mozilla/4.0 (compatible; MSIE 6.0; MSIE 5.5; Windows NT 5.1) Opera 7.01 [en]"
114.119.130.237 - - [28/Nov/2025:16:21:50 +0100] "GET /platby/aohwuyx/owin-bearer-token-authentication-with-web-api-sample HTTP/1.1" 200 12694 "http://ispc.klape.eu/platby/aohwuyx/owin-bearer-token-authentication-with-web-api-sample" "Mozilla/5.0 (Linux; Android 7.0;) AppleWebKit/537.36 (KHTML, like Gecko) Mobile Safari/537.36 (compatible; PetalBot;+https://webmaster.petalsearch.com/site/petalbot)"
114.119.149.2 - - [28/Nov/2025:16:23:33 +0100] "GET /platby/aohwuyx/missouri-executive-order-20-04 HTTP/1.1" 200 8575 "http://ispc.klape.eu/platby/aohwuyx/depeche-mode---behind-the-wheel" "Mozilla/5.0 (Linux; Android 7.0;) AppleWebKit/537.36 (KHTML, like Gecko) Mobile Safari/537.36 (compatible; PetalBot;+https://webmaster.petalsearch.com/site/petalbot)"
204.76.203.206 - - [28/Nov/2025:16:24:53 +0100] "GET /" 400 468 "-" "-"
114.119.152.142 - - [28/Nov/2025:16:25:17 +0100] "GET /platby/72zbxoz/sinking-spring-borough-zoning-map HTTP/1.1" 200 6960 "http://ispc.klape.eu/platby/72zbxoz/sinking-spring-borough-zoning-map" "Mozilla/5.0 (Linux; Android 7.0;) AppleWebKit/537.36 (KHTML, like Gecko) Mobile Safari/537.36 (compatible; PetalBot;+https://webmaster.petalsearch.com/site/petalbot)"
51.89.60.56 - - [28/Nov/2025:16:25:33 +0100] "\x16\x03\x01\x02" 403 265 "-" "-"
204.76.203.206 - - [28/Nov/2025:16:26:36 +0100] "GET / HTTP/1.1" 200 316 "-" "Mozilla/5.0 (Windows NT 10.0; Win64; x64) AppleWebKit/537.36 (KHTML, like Gecko) Chrome/90.0.4430.85 Safari/537.36 Edg/90.0.818.46"
114.119.129.163 - - [28/Nov/2025:16:27:02 +0100] "GET /platby/72zbxoz/lego-star-wars:-the-complete-saga-wiki HTTP/1.1" 200 11839 "http://ispc.klape.eu/platby/72zbxoz/substantial-pronunciation" "Mozilla/5.0 (Linux; Android 7.0;) AppleWebKit/537.36 (KHTML, like Gecko) Mobile Safari/537.36 (compatible; PetalBot;+https://webmaster.petalsearch.com/site/petalbot)"
51.89.60.56 - - [28/Nov/2025:16:28:20 +0100] "\x16\x03\x01\x02" 403 265 "-" "-"
197.246.76.143 - - [28/Nov/2025:16:32:28 +0100] "POST /GponForm/diag_Form?style/ HTTP/1.1" 400 230 "-" "Hello, World"
52.4.229.9 - - [28/Nov/2025:16:33:58 +0100] "GET /platby/uwoy9/fantasy-hockey-injury-report HTTP/1.1" 200 13998 "-" "Mozilla/5.0 AppleWebKit/537.36 (KHTML, like Gecko; compatible; Amazonbot/0.1; +https://developer.amazon.com/support/amazonbot) Chrome/119.0.6045.214 Safari/537.36"
34.205.163.103 - - [28/Nov/2025:16:34:02 +0100] "GET /platby/uwoy9/surprised-pronunciation HTTP/1.1" 200 9895 "-" "Mozilla/5.0 AppleWebKit/537.36 (KHTML, like Gecko; compatible; Amazonbot/0.1; +https://developer.amazon.com/support/amazonbot) Chrome/119.0.6045.214 Safari/537.36"
44.205.180.155 - - [28/Nov/2025:16:34:06 +0100] "GET /platby/uwoy9/when-was-charlotte-hawkins-brown-born HTTP/1.1" 200 8482 "-" "Mozilla/5.0 AppleWebKit/537.36 (KHTML, like Gecko; compatible; Amazonbot/0.1; +https://developer.amazon.com/support/amazonbot) Chrome/119.0.6045.214 Safari/537.36"
114.119.128.6 - - [28/Nov/2025:16:36:18 +0100] "GET /platby/72zbxoz/kiss-me-over-the-garden-gate-name-origin HTTP/1.1" 200 12209 "http://ispc.klape.eu/platby/72zbxoz/how-to-improve-reading-fluency-in-6th-grade" "Mozilla/5.0 (Linux; Android 7.0;) AppleWebKit/537.36 (KHTML, like Gecko) Mobile Safari/537.36 (compatible; PetalBot;+https://webmaster.petalsearch.com/site/petalbot)"
165.22.47.52 - - [28/Nov/2025:16:37:51 +0100] "GET /" 400 468 "-" "-"
165.22.47.52 - - [28/Nov/2025:16:37:51 +0100] "GET /aaa9 HTTP/1.1" 404 178 "-" "Mozilla/5.0 zgrab/0.x"
165.22.47.52 - - [28/Nov/2025:16:37:56 +0100] "GET /" 400 468 "-" "-"
165.22.47.52 - - [28/Nov/2025:16:37:56 +0100] "GET /aab8 HTTP/1.1" 404 179 "-" "Mozilla/5.0 zgrab/0.x"
165.22.47.52 - - [28/Nov/2025:16:38:01 +0100] "GET /" 400 468 "-" "-"
165.22.47.52 - - [28/Nov/2025:16:38:01 +0100] "GET / HTTP/1.1" 200 2492 "-" "Mozilla/5.0 zgrab/0.x"
115.231.78.15 - - [28/Nov/2025:16:39:04 +0100] "GET /" 400 468 "-" "-"
115.231.78.15 - - [28/Nov/2025:16:39:08 +0100] "\x16\x03\x01\x02" 403 265 "-" "-"
