114.119.139.66 - - [01/Dec/2025:08:21:04 +0100] "GET /platby/article.php?5d4c26=lee-dong-wook-upcoming-shows HTTP/1.1" 200 4122 "http://ispc.klape.eu/platby/article.php?5d4c26=biggest-football-tamil" "Mozilla/5.0 (Linux; Android 7.0;) AppleWebKit/537.36 (KHTML, like Gecko) Mobile Safari/537.36 (compatible; PetalBot;+https://webmaster.petalsearch.com/site/petalbot)"
185.191.171.10 - - [01/Dec/2025:08:21:08 +0100] "GET /platby/hca/leather-blazer-outfit HTTP/1.1" 200 7774 "-" "Mozilla/5.0 (compatible; SemrushBot/7~bl; +http://www.semrush.com/bot.html)"
85.208.96.208 - - [01/Dec/2025:08:21:10 +0100] "GET /platby/hca/tiffany-engagement-ring HTTP/1.1" 200 5240 "-" "Mozilla/5.0 (compatible; SemrushBot/7~bl; +http://www.semrush.com/bot.html)"
85.208.96.202 - - [01/Dec/2025:08:21:32 +0100] "GET /platby/hca/slang-in-spanish-google-translate HTTP/1.1" 200 6477 "-" "Mozilla/5.0 (compatible; SemrushBot/7~bl; +http://www.semrush.com/bot.html)"
185.191.171.9 - - [01/Dec/2025:08:21:44 +0100] "GET /platby/hca/brooklyn-technical-high-school-photos HTTP/1.1" 200 10089 "-" "Mozilla/5.0 (compatible; SemrushBot/7~bl; +http://www.semrush.com/bot.html)"
198.235.24.152 - - [01/Dec/2025:08:21:50 +0100] "\x16\x03\x01\x01\x03\x01" 403 265 "-" "-"
198.235.24.152 - - [01/Dec/2025:08:21:50 +0100] "\x16\x03\x01" 403 265 "-" "-"
185.191.171.15 - - [01/Dec/2025:08:21:55 +0100] "GET /platby/hca/cadmium-telluride-solar HTTP/1.1" 200 11442 "-" "Mozilla/5.0 (compatible; SemrushBot/7~bl; +http://www.semrush.com/bot.html)"
185.191.171.19 - - [01/Dec/2025:08:22:02 +0100] "GET /platby/uwoy9/forgot-ebt-user-id-california HTTP/1.1" 200 9934 "-" "Mozilla/5.0 (compatible; SemrushBot/7~bl; +http://www.semrush.com/bot.html)"
185.191.171.4 - - [01/Dec/2025:08:22:03 +0100] "GET /platby/qqap/i-love-you-more-than-everything HTTP/1.1" 200 8816 "-" "Mozilla/5.0 (compatible; SemrushBot/7~bl; +http://www.semrush.com/bot.html)"
185.191.171.19 - - [01/Dec/2025:08:22:05 +0100] "GET /platby/hca/access-hollywood-reporters HTTP/1.1" 200 10698 "-" "Mozilla/5.0 (compatible; SemrushBot/7~bl; +http://www.semrush.com/bot.html)"
85.208.96.198 - - [01/Dec/2025:08:22:14 +0100] "GET /platby/uwoy9/shakespeare's-sonnets HTTP/1.1" 200 9575 "-" "Mozilla/5.0 (compatible; SemrushBot/7~bl; +http://www.semrush.com/bot.html)"
176.29.216.167 - - [01/Dec/2025:08:22:19 +0100] "\x16\x03\x03" 403 265 "-" "-"
78.153.140.171 - - [01/Dec/2025:08:22:28 +0100] "\x16\x03\x01" 403 265 "-" "-"
78.153.140.171 - - [01/Dec/2025:08:22:28 +0100] "\x16\x03\x01" 403 265 "-" "-"
185.191.171.16 - - [01/Dec/2025:08:22:30 +0100] "GET /platby/aohwuyx/eastern-washington-athletics HTTP/1.1" 200 12892 "-" "Mozilla/5.0 (compatible; SemrushBot/7~bl; +http://www.semrush.com/bot.html)"
185.191.171.3 - - [01/Dec/2025:08:22:43 +0100] "GET /platby/aohwuyx/allen-iverson-college HTTP/1.1" 200 12301 "-" "Mozilla/5.0 (compatible; SemrushBot/7~bl; +http://www.semrush.com/bot.html)"
85.208.96.209 - - [01/Dec/2025:08:23:21 +0100] "GET /platby/aohwuyx/the-king's-heralds-members HTTP/1.1" 200 10293 "-" "Mozilla/5.0 (compatible; SemrushBot/7~bl; +http://www.semrush.com/bot.html)"
114.119.140.102 - - [01/Dec/2025:08:23:54 +0100] "GET /platby/hca/the-visitation-luke-1:39-56-summary HTTP/1.1" 200 7489 "http://ispc.klape.eu/platby/hca/the-visitation-luke-1%3A39-56-summary" "Mozilla/5.0 (Linux; Android 7.0;) AppleWebKit/537.36 (KHTML, like Gecko) Mobile Safari/537.36 (compatible; PetalBot;+https://webmaster.petalsearch.com/site/petalbot)"
110.225.255.220 - - [01/Dec/2025:08:24:02 +0100] "\x16\x03\x03" 403 265 "-" "-"
49.43.192.135 - - [01/Dec/2025:08:24:02 +0100] "\x16\x03\x03" 403 265 "-" "-"
185.119.217.25 - - [01/Dec/2025:08:24:05 +0100] "\x16\x03\x01\x05\xcf\x01" 403 265 "-" "-"
185.119.217.25 - - [01/Dec/2025:08:24:05 +0100] "\x16\x03\x01\x05\xcf\x01" 403 265 "-" "-"
185.119.217.25 - - [01/Dec/2025:08:24:05 +0100] "\x16\x03\x01\x05\xcf\x01" 403 265 "-" "-"
85.208.96.205 - - [01/Dec/2025:08:24:13 +0100] "GET /platby/uwoy9/frank-nitty-milwaukee-net-worth HTTP/1.1" 200 12534 "-" "Mozilla/5.0 (compatible; SemrushBot/7~bl; +http://www.semrush.com/bot.html)"
85.208.96.203 - - [01/Dec/2025:08:24:19 +0100] "GET /platby/aohwuyx/california-walnut-tree-identification HTTP/1.1" 200 9134 "-" "Mozilla/5.0 (compatible; SemrushBot/7~bl; +http://www.semrush.com/bot.html)"
204.76.203.206 - - [01/Dec/2025:08:24:29 +0100] "GET /" 400 468 "-" "-"
85.208.96.212 - - [01/Dec/2025:08:24:34 +0100] "GET /platby/qqap/electric-saw-for-cutting-wood-home-depot HTTP/1.1" 200 14763 "-" "Mozilla/5.0 (compatible; SemrushBot/7~bl; +http://www.semrush.com/bot.html)"
85.208.96.209 - - [01/Dec/2025:08:24:36 +0100] "GET /platby/qqap/bypass-activation-lock-using-emergency-call HTTP/1.1" 200 8813 "-" "Mozilla/5.0 (compatible; SemrushBot/7~bl; +http://www.semrush.com/bot.html)"
85.208.96.201 - - [01/Dec/2025:08:24:38 +0100] "GET /platby/uwoy9/how-does-the-crocodile-benefit HTTP/1.1" 200 10542 "-" "Mozilla/5.0 (compatible; SemrushBot/7~bl; +http://www.semrush.com/bot.html)"
85.208.96.194 - - [01/Dec/2025:08:24:45 +0100] "GET /platby/aohwuyx/why-is-cultural-awareness-important HTTP/1.1" 200 9808 "-" "Mozilla/5.0 (compatible; SemrushBot/7~bl; +http://www.semrush.com/bot.html)"
185.191.171.18 - - [01/Dec/2025:08:25:00 +0100] "GET /platby/uwoy9/principal-graduation-speech-2021 HTTP/1.1" 200 11268 "-" "Mozilla/5.0 (compatible; SemrushBot/7~bl; +http://www.semrush.com/bot.html)"
85.208.96.209 - - [01/Dec/2025:08:25:19 +0100] "GET /platby/uwoy9/trenton,-new-jersey-apartments HTTP/1.1" 200 9199 "-" "Mozilla/5.0 (compatible; SemrushBot/7~bl; +http://www.semrush.com/bot.html)"
185.191.171.15 - - [01/Dec/2025:08:25:41 +0100] "GET /platby/qqap/archbishop-molloy-honor-roll HTTP/1.1" 200 8974 "-" "Mozilla/5.0 (compatible; SemrushBot/7~bl; +http://www.semrush.com/bot.html)"
185.191.171.12 - - [01/Dec/2025:08:25:50 +0100] "GET /platby/72zbxoz/how-to-implement-logout-in-react-js HTTP/1.1" 200 15407 "-" "Mozilla/5.0 (compatible; SemrushBot/7~bl; +http://www.semrush.com/bot.html)"
85.208.96.199 - - [01/Dec/2025:08:26:10 +0100] "GET /platby/hca/nigeria-vs-spain-u-17-2007-squad HTTP/1.1" 200 10862 "-" "Mozilla/5.0 (compatible; SemrushBot/7~bl; +http://www.semrush.com/bot.html)"
85.208.96.193 - - [01/Dec/2025:08:26:13 +0100] "GET /platby/hca/thoughts,-feelings,-behaviors-example HTTP/1.1" 200 7760 "-" "Mozilla/5.0 (compatible; SemrushBot/7~bl; +http://www.semrush.com/bot.html)"
85.208.96.211 - - [01/Dec/2025:08:26:14 +0100] "GET /platby/uwoy9/sunnyside-ice-cream-halal-or-not HTTP/1.1" 200 13232 "-" "Mozilla/5.0 (compatible; SemrushBot/7~bl; +http://www.semrush.com/bot.html)"
85.208.96.196 - - [01/Dec/2025:08:26:22 +0100] "GET /platby/aohwuyx/when-will-david-bote-return HTTP/1.1" 200 8336 "-" "Mozilla/5.0 (compatible; SemrushBot/7~bl; +http://www.semrush.com/bot.html)"
185.191.171.13 - - [01/Dec/2025:08:26:31 +0100] "GET /platby/qqap/triangular-fin-heat-transfer-derivation HTTP/1.1" 200 11664 "-" "Mozilla/5.0 (compatible; SemrushBot/7~bl; +http://www.semrush.com/bot.html)"
114.119.140.102 - - [01/Dec/2025:08:26:40 +0100] "GET /platby/article.php?5d4c26=ark-raft-builds-2020 HTTP/1.1" 200 7365 "http://ispc.klape.eu/platby/article.php?5d4c26=rammstein---deutschland-review" "Mozilla/5.0 (Linux; Android 7.0;) AppleWebKit/537.36 (KHTML, like Gecko) Mobile Safari/537.36 (compatible; PetalBot;+https://webmaster.petalsearch.com/site/petalbot)"
185.191.171.4 - - [01/Dec/2025:08:26:55 +0100] "GET /platby/qqap/shallow-pronunciation HTTP/1.1" 200 11013 "-" "Mozilla/5.0 (compatible; SemrushBot/7~bl; +http://www.semrush.com/bot.html)"
204.76.203.206 - - [01/Dec/2025:08:26:58 +0100] "GET / HTTP/1.1" 200 316 "-" "Mozilla/5.0 (Windows NT 10.0; Win64; x64) AppleWebKit/537.36 (KHTML, like Gecko) Chrome/90.0.4430.85 Safari/537.36 Edg/90.0.818.46"
85.208.96.203 - - [01/Dec/2025:08:28:40 +0100] "GET /platby/aohwuyx/maple-leaf-frozen-duck HTTP/1.1" 200 9323 "-" "Mozilla/5.0 (compatible; SemrushBot/7~bl; +http://www.semrush.com/bot.html)"
185.191.171.14 - - [01/Dec/2025:08:28:42 +0100] "GET /platby/72zbxoz/how-to-clean-neoprene-waders HTTP/1.1" 200 9170 "-" "Mozilla/5.0 (compatible; SemrushBot/7~bl; +http://www.semrush.com/bot.html)"
85.208.96.194 - - [01/Dec/2025:08:28:44 +0100] "GET /platby/72zbxoz/themis-goddess-symbol HTTP/1.1" 200 13364 "-" "Mozilla/5.0 (compatible; SemrushBot/7~bl; +http://www.semrush.com/bot.html)"
85.208.96.206 - - [01/Dec/2025:08:28:45 +0100] "GET /platby/72zbxoz/scalp-micropigmentation-cost-in-mexico HTTP/1.1" 200 11666 "-" "Mozilla/5.0 (compatible; SemrushBot/7~bl; +http://www.semrush.com/bot.html)"
185.191.171.12 - - [01/Dec/2025:08:28:57 +0100] "GET /platby/qqap/houses-for-rent-in-clear-spring,-md HTTP/1.1" 200 9848 "-" "Mozilla/5.0 (compatible; SemrushBot/7~bl; +http://www.semrush.com/bot.html)"
85.208.96.202 - - [01/Dec/2025:08:29:05 +0100] "GET /platby/aohwuyx/harvard-summer-school-scholarship HTTP/1.1" 200 8076 "-" "Mozilla/5.0 (compatible; SemrushBot/7~bl; +http://www.semrush.com/bot.html)"
85.208.96.199 - - [01/Dec/2025:08:29:14 +0100] "GET /platby/qqap/how-much-does-alex-beresford-earn HTTP/1.1" 200 9807 "-" "Mozilla/5.0 (compatible; SemrushBot/7~bl; +http://www.semrush.com/bot.html)"
185.191.171.2 - - [01/Dec/2025:08:29:17 +0100] "GET /platby/qqap/how-much-money-did-gloria-vanderbilt-leave-anderson-cooper%3F HTTP/1.1" 200 10334 "-" "Mozilla/5.0 (compatible; SemrushBot/7~bl; +http://www.semrush.com/bot.html)"
85.208.96.206 - - [01/Dec/2025:08:29:42 +0100] "GET /platby/uwoy9/jira-next-gen-multiple-sprints HTTP/1.1" 200 9719 "-" "Mozilla/5.0 (compatible; SemrushBot/7~bl; +http://www.semrush.com/bot.html)"
114.119.139.66 - - [01/Dec/2025:08:29:42 +0100] "GET /platby/aohwuyx/best-places-to-raise-a-family-in-california-2021 HTTP/1.1" 200 14229 "http://ispc.klape.eu/platby/aohwuyx/best-places-to-raise-a-family-in-california-2021" "Mozilla/5.0 (Linux; Android 7.0;) AppleWebKit/537.36 (KHTML, like Gecko) Mobile Safari/537.36 (compatible; PetalBot;+https://webmaster.petalsearch.com/site/petalbot)"
85.208.96.206 - - [01/Dec/2025:08:29:45 +0100] "GET /platby/aohwuyx/2022-nba-draft-picks-by-team HTTP/1.1" 200 8424 "-" "Mozilla/5.0 (compatible; SemrushBot/7~bl; +http://www.semrush.com/bot.html)"
85.208.96.210 - - [01/Dec/2025:08:29:46 +0100] "GET /platby/72zbxoz/lynx-sedona-vs-professional HTTP/1.1" 200 12199 "-" "Mozilla/5.0 (compatible; SemrushBot/7~bl; +http://www.semrush.com/bot.html)"
185.191.171.8 - - [01/Dec/2025:08:30:27 +0100] "GET /platby/uwoy9/1994-studio-baseball-cards-value HTTP/1.1" 200 8520 "-" "Mozilla/5.0 (compatible; SemrushBot/7~bl; +http://www.semrush.com/bot.html)"
185.191.171.5 - - [01/Dec/2025:08:30:28 +0100] "GET /platby/hca/rhododendron-burnt-leaves HTTP/1.1" 200 9966 "-" "Mozilla/5.0 (compatible; SemrushBot/7~bl; +http://www.semrush.com/bot.html)"
185.191.171.10 - - [01/Dec/2025:08:30:30 +0100] "GET /platby/72zbxoz/recurrent-energy-news HTTP/1.1" 200 7541 "-" "Mozilla/5.0 (compatible; SemrushBot/7~bl; +http://www.semrush.com/bot.html)"
85.208.96.210 - - [01/Dec/2025:08:30:32 +0100] "GET /platby/72zbxoz/pink-haired-characters-in-one-piece HTTP/1.1" 200 13609 "-" "Mozilla/5.0 (compatible; SemrushBot/7~bl; +http://www.semrush.com/bot.html)"
85.208.96.194 - - [01/Dec/2025:08:31:02 +0100] "GET /platby/hca/good-morning-america-deals-and-steals HTTP/1.1" 200 8808 "-" "Mozilla/5.0 (compatible; SemrushBot/7~bl; +http://www.semrush.com/bot.html)"
85.208.96.197 - - [01/Dec/2025:08:31:24 +0100] "GET /platby/72zbxoz/nurishment-drink-sainsbury's HTTP/1.1" 200 16541 "-" "Mozilla/5.0 (compatible; SemrushBot/7~bl; +http://www.semrush.com/bot.html)"
185.191.171.16 - - [01/Dec/2025:08:32:08 +0100] "GET /platby/uwoy9/college-football-player-index HTTP/1.1" 200 13774 "-" "Mozilla/5.0 (compatible; SemrushBot/7~bl; +http://www.semrush.com/bot.html)"
114.119.130.237 - - [01/Dec/2025:08:32:18 +0100] "GET /platby/72zbxoz/the-blind-side:-evolution-of-a-game HTTP/1.1" 200 8440 "http://ispc.klape.eu/platby/72zbxoz/list-of-cities-in-georgia-in-alphabetical-order" "Mozilla/5.0 (Linux; Android 7.0;) AppleWebKit/537.36 (KHTML, like Gecko) Mobile Safari/537.36 (compatible; PetalBot;+https://webmaster.petalsearch.com/site/petalbot)"
185.191.171.7 - - [01/Dec/2025:08:32:53 +0100] "GET /platby/aohwuyx/high-end-estate-agents-sheffield HTTP/1.1" 200 14182 "-" "Mozilla/5.0 (compatible; SemrushBot/7~bl; +http://www.semrush.com/bot.html)"
85.208.96.208 - - [01/Dec/2025:08:32:59 +0100] "GET /platby/hca/college-writing-examples HTTP/1.1" 200 10063 "-" "Mozilla/5.0 (compatible; SemrushBot/7~bl; +http://www.semrush.com/bot.html)"
85.208.96.193 - - [01/Dec/2025:08:33:14 +0100] "GET /platby/72zbxoz/bbc-radio-ulster-telephone-number HTTP/1.1" 200 11030 "-" "Mozilla/5.0 (compatible; SemrushBot/7~bl; +http://www.semrush.com/bot.html)"
185.191.171.11 - - [01/Dec/2025:08:33:16 +0100] "GET /platby/aohwuyx/nobodies-game-mission-5 HTTP/1.1" 200 11263 "-" "Mozilla/5.0 (compatible; SemrushBot/7~bl; +http://www.semrush.com/bot.html)"
85.208.96.201 - - [01/Dec/2025:08:33:20 +0100] "GET /platby/uwoy9/kevin-mcnally-phyllis-logan HTTP/1.1" 200 12317 "-" "Mozilla/5.0 (compatible; SemrushBot/7~bl; +http://www.semrush.com/bot.html)"
85.208.96.201 - - [01/Dec/2025:08:33:24 +0100] "GET /platby/72zbxoz/michael-jordan-dunking-gif HTTP/1.1" 200 13209 "-" "Mozilla/5.0 (compatible; SemrushBot/7~bl; +http://www.semrush.com/bot.html)"
193.70.47.228 - - [01/Dec/2025:08:33:29 +0100] "\x16\x03\x01\x02" 403 265 "-" "-"
85.208.96.197 - - [01/Dec/2025:08:33:49 +0100] "GET /platby/hca/yield-to-maturity-formula-excel HTTP/1.1" 200 12481 "-" "Mozilla/5.0 (compatible; SemrushBot/7~bl; +http://www.semrush.com/bot.html)"
185.191.171.5 - - [01/Dec/2025:08:33:55 +0100] "GET /platby/qqap/fred-hampton-deborah-johnson HTTP/1.1" 200 6790 "-" "Mozilla/5.0 (compatible; SemrushBot/7~bl; +http://www.semrush.com/bot.html)"
85.208.96.202 - - [01/Dec/2025:08:33:58 +0100] "GET /platby/uwoy9/crash-course-chemistry-chemical-reactions HTTP/1.1" 200 13454 "-" "Mozilla/5.0 (compatible; SemrushBot/7~bl; +http://www.semrush.com/bot.html)"
185.191.171.5 - - [01/Dec/2025:08:34:34 +0100] "GET /platby/aohwuyx/2014-nfl-defensive-rankings HTTP/1.1" 200 9071 "-" "Mozilla/5.0 (compatible; SemrushBot/7~bl; +http://www.semrush.com/bot.html)"
85.208.96.197 - - [01/Dec/2025:08:34:35 +0100] "GET /platby/aohwuyx/shaquille-o'neal-investment-company HTTP/1.1" 200 13279 "-" "Mozilla/5.0 (compatible; SemrushBot/7~bl; +http://www.semrush.com/bot.html)"
114.119.130.237 - - [01/Dec/2025:08:35:07 +0100] "GET /platby/qqap/can-you-claim-solar-tax-credit-twice HTTP/1.1" 200 8902 "http://ispc.klape.eu/platby/qqap/can-you-claim-solar-tax-credit-twice" "Mozilla/5.0 (Linux; Android 7.0;) AppleWebKit/537.36 (KHTML, like Gecko) Mobile Safari/537.36 (compatible; PetalBot;+https://webmaster.petalsearch.com/site/petalbot)"
85.208.96.204 - - [01/Dec/2025:08:35:11 +0100] "GET /platby/aohwuyx/why-was-the-ss-great-britain-scuttled HTTP/1.1" 200 12385 "-" "Mozilla/5.0 (compatible; SemrushBot/7~bl; +http://www.semrush.com/bot.html)"
185.191.171.15 - - [01/Dec/2025:08:35:13 +0100] "GET /platby/aohwuyx/mit-turbomachinery-course HTTP/1.1" 200 11863 "-" "Mozilla/5.0 (compatible; SemrushBot/7~bl; +http://www.semrush.com/bot.html)"
185.191.171.5 - - [01/Dec/2025:08:35:24 +0100] "GET /platby/uwoy9/chicago-cultural-center-address HTTP/1.1" 200 14842 "-" "Mozilla/5.0 (compatible; SemrushBot/7~bl; +http://www.semrush.com/bot.html)"
185.191.171.8 - - [01/Dec/2025:08:35:39 +0100] "GET /platby/hca/saline-tattoo-removal-near-me HTTP/1.1" 200 6671 "-" "Mozilla/5.0 (compatible; SemrushBot/7~bl; +http://www.semrush.com/bot.html)"
159.223.208.172 - - [01/Dec/2025:08:36:06 +0100] "\x16\x03\x01\x02" 403 265 "-" "-"
85.208.96.200 - - [01/Dec/2025:08:36:16 +0100] "GET /platby/uwoy9/disable-random-mac-address-huawei HTTP/1.1" 200 13839 "-" "Mozilla/5.0 (compatible; SemrushBot/7~bl; +http://www.semrush.com/bot.html)"
185.191.171.15 - - [01/Dec/2025:08:36:44 +0100] "GET /platby/aohwuyx/glossier-australia-2021 HTTP/1.1" 200 11319 "-" "Mozilla/5.0 (compatible; SemrushBot/7~bl; +http://www.semrush.com/bot.html)"
185.191.171.19 - - [01/Dec/2025:08:36:53 +0100] "GET /platby/72zbxoz/seahawks-vs-panthers-2015-playoffs HTTP/1.1" 200 9134 "-" "Mozilla/5.0 (compatible; SemrushBot/7~bl; +http://www.semrush.com/bot.html)"
185.191.171.18 - - [01/Dec/2025:08:37:20 +0100] "GET /platby/72zbxoz/cleveland-browns'-2019-draft-picks HTTP/1.1" 200 11754 "-" "Mozilla/5.0 (compatible; SemrushBot/7~bl; +http://www.semrush.com/bot.html)"
185.191.171.11 - - [01/Dec/2025:08:37:24 +0100] "GET /platby/qqap/space-bound-chorus-singer HTTP/1.1" 200 7512 "-" "Mozilla/5.0 (compatible; SemrushBot/7~bl; +http://www.semrush.com/bot.html)"
185.191.171.19 - - [01/Dec/2025:08:37:43 +0100] "GET /platby/qqap/the-aerospace-corporation HTTP/1.1" 200 10596 "-" "Mozilla/5.0 (compatible; SemrushBot/7~bl; +http://www.semrush.com/bot.html)"
114.119.139.66 - - [01/Dec/2025:08:37:55 +0100] "GET /platby/hca/zoological-architecture HTTP/1.1" 200 9799 "http://ispc.klape.eu/platby/hca/fundamentals-of-applied-dynamics-solutions-manual-pdf" "Mozilla/5.0 (Linux; Android 7.0;) AppleWebKit/537.36 (KHTML, like Gecko) Mobile Safari/537.36 (compatible; PetalBot;+https://webmaster.petalsearch.com/site/petalbot)"
85.208.96.193 - - [01/Dec/2025:08:37:56 +0100] "GET /platby/hca/when-is-the-trade-deadline-nba-2k20 HTTP/1.1" 200 10386 "-" "Mozilla/5.0 (compatible; SemrushBot/7~bl; +http://www.semrush.com/bot.html)"
85.208.96.195 - - [01/Dec/2025:08:37:58 +0100] "GET /platby/hca/ncaa-d3-basketball-tournament-2019 HTTP/1.1" 200 11147 "-" "Mozilla/5.0 (compatible; SemrushBot/7~bl; +http://www.semrush.com/bot.html)"
85.208.96.195 - - [01/Dec/2025:08:38:02 +0100] "GET /platby/uwoy9/what-do-you-mean-by-proximate-cause HTTP/1.1" 200 11288 "-" "Mozilla/5.0 (compatible; SemrushBot/7~bl; +http://www.semrush.com/bot.html)"
185.191.171.5 - - [01/Dec/2025:08:38:04 +0100] "GET /platby/qqap/rob-holding-fifa-20-potential HTTP/1.1" 200 9605 "-" "Mozilla/5.0 (compatible; SemrushBot/7~bl; +http://www.semrush.com/bot.html)"
195.177.94.189 - - [01/Dec/2025:08:38:32 +0100] "GET /phpmyadmin/scripts/setup.php HTTP/1.1" 200 11106 "-" "Mozilla/4.0 (compatible; MSIE 6.0; MSIE 5.5; Windows NT 5.1) Opera 7.01 [en]"
195.177.94.189 - - [01/Dec/2025:08:38:32 +0100] "POST /phpmyadmin/scripts/setup.php HTTP/1.1" 200 18608 "http://109.105.49.240:8081/phpmyadmin/scripts/setup.php" "Mozilla/4.0 (compatible; MSIE 6.0; MSIE 5.5; Windows NT 5.1) Opera 7.01 [en]"
185.191.171.11 - - [01/Dec/2025:08:38:33 +0100] "GET /platby/hca/microsoft-publisher-functions-and-features HTTP/1.1" 200 6959 "-" "Mozilla/5.0 (compatible; SemrushBot/7~bl; +http://www.semrush.com/bot.html)"
185.191.171.12 - - [01/Dec/2025:08:38:43 +0100] "GET /platby/qqap/faculty-development-programs HTTP/1.1" 200 8447 "-" "Mozilla/5.0 (compatible; SemrushBot/7~bl; +http://www.semrush.com/bot.html)"
85.208.96.199 - - [01/Dec/2025:08:39:17 +0100] "GET /platby/hca/polish-hill-pittsburgh-demographics HTTP/1.1" 200 11947 "-" "Mozilla/5.0 (compatible; SemrushBot/7~bl; +http://www.semrush.com/bot.html)"
85.208.96.206 - - [01/Dec/2025:08:39:23 +0100] "GET /platby/qqap/bailey's-jewelry-rocky-mount,-nc HTTP/1.1" 200 7492 "-" "Mozilla/5.0 (compatible; SemrushBot/7~bl; +http://www.semrush.com/bot.html)"
34.199.252.22 - - [01/Dec/2025:08:39:23 +0100] "GET /platby/uwoy9/brooklyn-nets-player-stats HTTP/1.1" 200 12365 "-" "Mozilla/5.0 AppleWebKit/537.36 (KHTML, like Gecko; compatible; Amazonbot/0.1; +https://developer.amazon.com/support/amazonbot) Chrome/119.0.6045.214 Safari/537.36"
44.223.115.10 - - [01/Dec/2025:08:39:26 +0100] "GET /platby/uwoy9/supplier-diversity-consulting-firms HTTP/1.1" 200 10434 "-" "Mozilla/5.0 AppleWebKit/537.36 (KHTML, like Gecko; compatible; Amazonbot/0.1; +https://developer.amazon.com/support/amazonbot) Chrome/119.0.6045.214 Safari/537.36"
23.21.148.226 - - [01/Dec/2025:08:39:31 +0100] "GET /platby/uwoy9/sony-xperia-1-case-ebay HTTP/1.1" 200 11143 "-" "Mozilla/5.0 AppleWebKit/537.36 (KHTML, like Gecko; compatible; Amazonbot/0.1; +https://developer.amazon.com/support/amazonbot) Chrome/119.0.6045.214 Safari/537.36"
195.177.94.189 - - [01/Dec/2025:08:39:39 +0100] "GET /phpmyadmin/scripts/setup.php HTTP/1.1" 200 11105 "-" "Mozilla/4.0 (compatible; MSIE 6.0; MSIE 5.5; Windows NT 5.1) Opera 7.01 [en]"
195.177.94.189 - - [01/Dec/2025:08:39:39 +0100] "POST /phpmyadmin/scripts/setup.php HTTP/1.1" 200 18608 "http://109.105.49.240:443/phpmyadmin/scripts/setup.php" "Mozilla/4.0 (compatible; MSIE 6.0; MSIE 5.5; Windows NT 5.1) Opera 7.01 [en]"
185.191.171.13 - - [01/Dec/2025:08:40:23 +0100] "GET /platby/qqap/frank-mitchell-name-change HTTP/1.1" 200 13951 "-" "Mozilla/5.0 (compatible; SemrushBot/7~bl; +http://www.semrush.com/bot.html)"
114.119.139.112 - - [01/Dec/2025:08:40:42 +0100] "GET /platby/uwoy9/fred-hampton-speech-power-anywhere HTTP/1.1" 200 7673 "http://ispc.klape.eu/platby/uwoy9/fred-hampton-speech-power-anywhere" "Mozilla/5.0 (Linux; Android 7.0;) AppleWebKit/537.36 (KHTML, like Gecko) Mobile Safari/537.36 (compatible; PetalBot;+https://webmaster.petalsearch.com/site/petalbot)"
85.208.96.201 - - [01/Dec/2025:08:40:54 +0100] "GET /platby/uwoy9/apple-crossover-health HTTP/1.1" 200 9908 "-" "Mozilla/5.0 (compatible; SemrushBot/7~bl; +http://www.semrush.com/bot.html)"
85.208.96.212 - - [01/Dec/2025:08:40:56 +0100] "GET /platby/aohwuyx/shipping-container-home-builders-atlanta HTTP/1.1" 200 10257 "-" "Mozilla/5.0 (compatible; SemrushBot/7~bl; +http://www.semrush.com/bot.html)"
204.76.203.212 - - [01/Dec/2025:08:40:58 +0100] "GET /" 400 468 "-" "-"
198.235.24.161 - - [01/Dec/2025:08:41:07 +0100] "\x16\x03\x01\x01\x05\x01" 403 265 "-" "-"
198.235.24.161 - - [01/Dec/2025:08:41:07 +0100] "\x16\x03\x01" 403 265 "-" "-"
185.191.171.16 - - [01/Dec/2025:08:41:10 +0100] "GET /platby/qqap/starburst-drink-recipe HTTP/1.1" 200 11120 "-" "Mozilla/5.0 (compatible; SemrushBot/7~bl; +http://www.semrush.com/bot.html)"
185.191.171.12 - - [01/Dec/2025:08:41:17 +0100] "GET /platby/qqap/star-trek:-the-next-generation''-suspicions-cast HTTP/1.1" 200 9086 "-" "Mozilla/5.0 (compatible; SemrushBot/7~bl; +http://www.semrush.com/bot.html)"
85.208.96.195 - - [01/Dec/2025:08:41:21 +0100] "GET /robots.txt HTTP/1.1" 200 54 "-" "Mozilla/5.0 (compatible; SemrushBot/7~bl; +http://www.semrush.com/bot.html)"
85.208.96.198 - - [01/Dec/2025:08:41:22 +0100] "GET /platby/hca/best-cm-fifa-21-career-mode-potential HTTP/1.1" 200 10875 "-" "Mozilla/5.0 (compatible; SemrushBot/7~bl; +http://www.semrush.com/bot.html)"
85.208.96.203 - - [01/Dec/2025:08:41:51 +0100] "GET /platby/qqap/iceland-eurovision-2019 HTTP/1.1" 200 10844 "-" "Mozilla/5.0 (compatible; SemrushBot/7~bl; +http://www.semrush.com/bot.html)"
85.208.96.193 - - [01/Dec/2025:08:41:53 +0100] "GET /platby/72zbxoz/minecraft-earth-server-ip-bedrock HTTP/1.1" 200 11394 "-" "Mozilla/5.0 (compatible; SemrushBot/7~bl; +http://www.semrush.com/bot.html)"
185.191.171.11 - - [01/Dec/2025:08:42:08 +0100] "GET /platby/aohwuyx/change-management-certification-pmi HTTP/1.1" 200 11478 "-" "Mozilla/5.0 (compatible; SemrushBot/7~bl; +http://www.semrush.com/bot.html)"
85.208.96.203 - - [01/Dec/2025:08:42:11 +0100] "GET /platby/aohwuyx/do-you-wanna-dance-remix-by-ja-workout HTTP/1.1" 200 8061 "-" "Mozilla/5.0 (compatible; SemrushBot/7~bl; +http://www.semrush.com/bot.html)"
185.191.171.5 - - [01/Dec/2025:08:42:15 +0100] "GET /platby/uwoy9/hydrazine-reaction-with-aldehyde HTTP/1.1" 200 8486 "-" "Mozilla/5.0 (compatible; SemrushBot/7~bl; +http://www.semrush.com/bot.html)"
85.208.96.212 - - [01/Dec/2025:08:42:35 +0100] "GET /platby/aohwuyx/david-villa-wisconsin-salary HTTP/1.1" 200 10298 "-" "Mozilla/5.0 (compatible; SemrushBot/7~bl; +http://www.semrush.com/bot.html)"
85.208.96.212 - - [01/Dec/2025:08:42:48 +0100] "GET /platby/aohwuyx/webcam-software-windows-7 HTTP/1.1" 200 10188 "-" "Mozilla/5.0 (compatible; SemrushBot/7~bl; +http://www.semrush.com/bot.html)"
185.191.171.14 - - [01/Dec/2025:08:42:50 +0100] "GET /platby/uwoy9/will-the-circle-be-unbroken-chords-in-d HTTP/1.1" 200 10010 "-" "Mozilla/5.0 (compatible; SemrushBot/7~bl; +http://www.semrush.com/bot.html)"
152.32.189.207 - - [01/Dec/2025:08:43:02 +0100] "\x16\x03\x01\x02" 403 265 "-" "-"
152.32.189.207 - - [01/Dec/2025:08:43:03 +0100] "\x16\x03\x01\x02" 403 265 "-" "-"
152.32.189.207 - - [01/Dec/2025:08:43:03 +0100] "\x16\x03\x01\x02" 403 265 "-" "-"
152.32.189.207 - - [01/Dec/2025:08:43:06 +0100] "\x16\x03\x01\x02" 403 265 "-" "-"
85.208.96.204 - - [01/Dec/2025:08:43:06 +0100] "GET /platby/uwoy9/brandi-chastain-bellarmine HTTP/1.1" 200 9737 "-" "Mozilla/5.0 (compatible; SemrushBot/7~bl; +http://www.semrush.com/bot.html)"
152.32.189.207 - - [01/Dec/2025:08:43:08 +0100] "\x16\x03\x01\x02" 403 265 "-" "-"
152.32.189.207 - - [01/Dec/2025:08:43:09 +0100] "\x16\x03\x01\x02" 403 265 "-" "-"
152.32.189.207 - - [01/Dec/2025:08:43:09 +0100] "\x16\x03\x01\x02" 403 265 "-" "-"
152.32.189.207 - - [01/Dec/2025:08:43:10 +0100] "\x16\x03\x01\x02" 403 265 "-" "-"
152.32.189.207 - - [01/Dec/2025:08:43:11 +0100] "\x16\x03\x01\x02" 403 265 "-" "-"
85.208.96.201 - - [01/Dec/2025:08:43:22 +0100] "GET /platby/aohwuyx/winston-flowers-valentine's-day HTTP/1.1" 200 8284 "-" "Mozilla/5.0 (compatible; SemrushBot/7~bl; +http://www.semrush.com/bot.html)"
85.208.96.208 - - [01/Dec/2025:08:43:27 +0100] "GET /platby/aohwuyx/work-ethic-definition HTTP/1.1" 200 8078 "-" "Mozilla/5.0 (compatible; SemrushBot/7~bl; +http://www.semrush.com/bot.html)"
114.119.139.112 - - [01/Dec/2025:08:43:31 +0100] "GET /platby/hca/team-gb-women's-football-squad-2021-fixtures HTTP/1.1" 200 7821 "http://ispc.klape.eu/platby/hca/team-gb-women%27s-football-squad-2021-fixtures" "Mozilla/5.0 (Linux; Android 7.0;) AppleWebKit/537.36 (KHTML, like Gecko) Mobile Safari/537.36 (compatible; PetalBot;+https://webmaster.petalsearch.com/site/petalbot)"
204.76.203.206 - - [01/Dec/2025:08:44:01 +0100] "GET /" 400 468 "-" "-"
185.191.171.10 - - [01/Dec/2025:08:44:45 +0100] "GET /platby/aohwuyx/las-vegas-construction-projects-2021 HTTP/1.1" 200 9731 "-" "Mozilla/5.0 (compatible; SemrushBot/7~bl; +http://www.semrush.com/bot.html)"
185.191.171.9 - - [01/Dec/2025:08:44:54 +0100] "GET /platby/72zbxoz/best-video-codec-for-editing-in-premiere HTTP/1.1" 200 12889 "-" "Mozilla/5.0 (compatible; SemrushBot/7~bl; +http://www.semrush.com/bot.html)"
185.191.171.12 - - [01/Dec/2025:08:44:56 +0100] "GET /platby/qqap/falcons-wins-and-losses-2019 HTTP/1.1" 200 11676 "-" "Mozilla/5.0 (compatible; SemrushBot/7~bl; +http://www.semrush.com/bot.html)"
85.208.96.203 - - [01/Dec/2025:08:45:03 +0100] "GET /platby/qqap/rock-springs-national-bank-hours HTTP/1.1" 200 8555 "-" "Mozilla/5.0 (compatible; SemrushBot/7~bl; +http://www.semrush.com/bot.html)"
185.191.171.13 - - [01/Dec/2025:08:45:07 +0100] "GET /platby/qqap/turbomachinery-conference-2021 HTTP/1.1" 200 9058 "-" "Mozilla/5.0 (compatible; SemrushBot/7~bl; +http://www.semrush.com/bot.html)"
204.76.203.206 - - [01/Dec/2025:08:45:20 +0100] "GET / HTTP/1.1" 200 316 "-" "Mozilla/5.0 (Windows NT 10.0; Win64; x64) AppleWebKit/537.36 (KHTML, like Gecko) Chrome/90.0.4430.85 Safari/537.36 Edg/90.0.818.46"
85.208.96.203 - - [01/Dec/2025:08:45:31 +0100] "GET /platby/uwoy9/patriots-long-snapper HTTP/1.1" 200 6965 "-" "Mozilla/5.0 (compatible; SemrushBot/7~bl; +http://www.semrush.com/bot.html)"
185.191.171.17 - - [01/Dec/2025:08:45:54 +0100] "GET /platby/aohwuyx/sean-kazmar-minor-league-stats HTTP/1.1" 200 10518 "-" "Mozilla/5.0 (compatible; SemrushBot/7~bl; +http://www.semrush.com/bot.html)"
185.191.171.4 - - [01/Dec/2025:08:46:10 +0100] "GET /platby/aohwuyx/calibrate-huawei-battery HTTP/1.1" 200 7580 "-" "Mozilla/5.0 (compatible; SemrushBot/7~bl; +http://www.semrush.com/bot.html)"
185.191.171.2 - - [01/Dec/2025:08:46:18 +0100] "GET /platby/aohwuyx/spiritual-benefits-of-silence HTTP/1.1" 200 15048 "-" "Mozilla/5.0 (compatible; SemrushBot/7~bl; +http://www.semrush.com/bot.html)"
185.191.171.2 - - [01/Dec/2025:08:46:20 +0100] "GET /platby/qqap/what-is-the-state-dog-of-north-carolina%3F HTTP/1.1" 200 8649 "-" "Mozilla/5.0 (compatible; SemrushBot/7~bl; +http://www.semrush.com/bot.html)"
114.119.149.2 - - [01/Dec/2025:08:46:20 +0100] "GET /platby/article.php?5d4c26=Wheelers-Hill-VIC HTTP/1.1" 200 5771 "http://ispc.klape.eu/platby/article.php?5d4c26=cbc-podcasts-the-current" "Mozilla/5.0 (Linux; Android 7.0;) AppleWebKit/537.36 (KHTML, like Gecko) Mobile Safari/537.36 (compatible; PetalBot;+https://webmaster.petalsearch.com/site/petalbot)"
85.208.96.205 - - [01/Dec/2025:08:46:36 +0100] "GET /platby/uwoy9/harry-styles-font-dafont HTTP/1.1" 200 12129 "-" "Mozilla/5.0 (compatible; SemrushBot/7~bl; +http://www.semrush.com/bot.html)"
185.191.171.4 - - [01/Dec/2025:08:46:55 +0100] "GET /platby/aohwuyx/part-of-speech-of-amusement HTTP/1.1" 200 10330 "-" "Mozilla/5.0 (compatible; SemrushBot/7~bl; +http://www.semrush.com/bot.html)"
209.38.201.154 - - [01/Dec/2025:08:47:08 +0100] "" 403 265 "-" "-"
85.208.96.208 - - [01/Dec/2025:08:47:16 +0100] "GET /platby/72zbxoz/eagles-tour-dates-2022 HTTP/1.1" 200 8000 "-" "Mozilla/5.0 (compatible; SemrushBot/7~bl; +http://www.semrush.com/bot.html)"
185.191.171.2 - - [01/Dec/2025:08:47:28 +0100] "GET /platby/hca/1989-fleer-ken-griffey-jr-rookie-card HTTP/1.1" 200 10931 "-" "Mozilla/5.0 (compatible; SemrushBot/7~bl; +http://www.semrush.com/bot.html)"
185.191.171.2 - - [01/Dec/2025:08:47:34 +0100] "GET /platby/aohwuyx/st-patrick's-day-2021-events HTTP/1.1" 200 9343 "-" "Mozilla/5.0 (compatible; SemrushBot/7~bl; +http://www.semrush.com/bot.html)"
137.74.200.126 - - [01/Dec/2025:08:47:44 +0100] "\x16\x03\x01\x02" 403 265 "-" "-"
185.191.171.6 - - [01/Dec/2025:08:47:46 +0100] "GET /platby/aohwuyx/android-biometric-authentication-server-side HTTP/1.1" 200 15113 "-" "Mozilla/5.0 (compatible; SemrushBot/7~bl; +http://www.semrush.com/bot.html)"
185.191.171.1 - - [01/Dec/2025:08:48:44 +0100] "GET /platby/aohwuyx/dbt-govt-payment-scholarship HTTP/1.1" 200 9133 "-" "Mozilla/5.0 (compatible; SemrushBot/7~bl; +http://www.semrush.com/bot.html)"
185.191.171.14 - - [01/Dec/2025:08:49:02 +0100] "GET /platby/qqap/what-rhymes-with-baby-boy HTTP/1.1" 200 13410 "-" "Mozilla/5.0 (compatible; SemrushBot/7~bl; +http://www.semrush.com/bot.html)"
185.191.171.11 - - [01/Dec/2025:08:49:05 +0100] "GET /platby/uwoy9/buttercups-florist-south-boston,-va HTTP/1.1" 200 9615 "-" "Mozilla/5.0 (compatible; SemrushBot/7~bl; +http://www.semrush.com/bot.html)"
85.208.96.207 - - [01/Dec/2025:08:49:06 +0100] "GET /platby/qqap/hawthorn-berry-tea-walmart HTTP/1.1" 200 10579 "-" "Mozilla/5.0 (compatible; SemrushBot/7~bl; +http://www.semrush.com/bot.html)"
114.119.152.142 - - [01/Dec/2025:08:49:08 +0100] "GET /platby/aohwuyx/how-to-cure-hangover-nausea-and-vomiting HTTP/1.1" 200 9726 "http://ispc.klape.eu/platby/aohwuyx/maple-leaf-frozen-duck" "Mozilla/5.0 (Linux; Android 7.0;) AppleWebKit/537.36 (KHTML, like Gecko) Mobile Safari/537.36 (compatible; PetalBot;+https://webmaster.petalsearch.com/site/petalbot)"
185.191.171.2 - - [01/Dec/2025:08:49:16 +0100] "GET /platby/72zbxoz/when-will-coronavirus-be-over-2021 HTTP/1.1" 200 12154 "-" "Mozilla/5.0 (compatible; SemrushBot/7~bl; +http://www.semrush.com/bot.html)"
144.31.4.112 - - [01/Dec/2025:08:49:29 +0100] "\x16\x03\x01\x05\xda\x01" 403 265 "-" "-"
144.31.4.112 - - [01/Dec/2025:08:49:30 +0100] "\x16\x03\x01\x05\xda\x01" 403 265 "-" "-"
185.191.171.2 - - [01/Dec/2025:08:49:44 +0100] "GET /platby/uwoy9/toulouse-goose-lifespan HTTP/1.1" 200 16288 "-" "Mozilla/5.0 (compatible; SemrushBot/7~bl; +http://www.semrush.com/bot.html)"
85.208.96.197 - - [01/Dec/2025:08:49:54 +0100] "GET /platby/uwoy9/persephone-pronunciation-uk HTTP/1.1" 200 15855 "-" "Mozilla/5.0 (compatible; SemrushBot/7~bl; +http://www.semrush.com/bot.html)"
205.210.31.15 - - [01/Dec/2025:08:50:11 +0100] "\x16\x03\x01\x01\x04\x01" 403 265 "-" "-"
205.210.31.15 - - [01/Dec/2025:08:50:11 +0100] "\x16\x03\x01" 403 265 "-" "-"
85.208.96.203 - - [01/Dec/2025:08:50:15 +0100] "GET /platby/72zbxoz/timberwolves-most-3-pointers-in-a-game HTTP/1.1" 200 9399 "-" "Mozilla/5.0 (compatible; SemrushBot/7~bl; +http://www.semrush.com/bot.html)"
85.208.96.205 - - [01/Dec/2025:08:50:36 +0100] "GET /platby/uwoy9/depaul-land-acknowledgement HTTP/1.1" 200 15006 "-" "Mozilla/5.0 (compatible; SemrushBot/7~bl; +http://www.semrush.com/bot.html)"
185.191.171.3 - - [01/Dec/2025:08:50:37 +0100] "GET /platby/aohwuyx/girls-soccer-teams-near-me HTTP/1.1" 200 9896 "-" "Mozilla/5.0 (compatible; SemrushBot/7~bl; +http://www.semrush.com/bot.html)"
185.191.171.1 - - [01/Dec/2025:08:51:04 +0100] "GET /platby/hca/1989-topps-baseball-cards-ebay HTTP/1.1" 200 13297 "-" "Mozilla/5.0 (compatible; SemrushBot/7~bl; +http://www.semrush.com/bot.html)"
185.191.171.18 - - [01/Dec/2025:08:51:07 +0100] "GET /platby/qqap/usi-men's-basketball-stats HTTP/1.1" 200 9870 "-" "Mozilla/5.0 (compatible; SemrushBot/7~bl; +http://www.semrush.com/bot.html)"
85.208.96.208 - - [01/Dec/2025:08:51:10 +0100] "GET /platby/uwoy9/vikings-vs-seahawks-tickets HTTP/1.1" 200 7204 "-" "Mozilla/5.0 (compatible; SemrushBot/7~bl; +http://www.semrush.com/bot.html)"
85.208.96.211 - - [01/Dec/2025:08:51:16 +0100] "GET /platby/qqap/eku-women's-basketball-coaching-staff HTTP/1.1" 200 8456 "-" "Mozilla/5.0 (compatible; SemrushBot/7~bl; +http://www.semrush.com/bot.html)"
85.208.96.202 - - [01/Dec/2025:08:51:36 +0100] "GET /platby/qqap/engineering-activities-for-kids HTTP/1.1" 200 8694 "-" "Mozilla/5.0 (compatible; SemrushBot/7~bl; +http://www.semrush.com/bot.html)"
185.191.171.18 - - [01/Dec/2025:08:51:44 +0100] "GET /platby/qqap/stephen-a-smith-general-hospital HTTP/1.1" 200 7575 "-" "Mozilla/5.0 (compatible; SemrushBot/7~bl; +http://www.semrush.com/bot.html)"
114.119.139.112 - - [01/Dec/2025:08:52:00 +0100] "GET /platby/aohwuyx/authorization-pronunciation HTTP/1.1" 200 10126 "http://ispc.klape.eu/platby/aohwuyx/when-do-showdown-players-get-upgraded" "Mozilla/5.0 (Linux; Android 7.0;) AppleWebKit/537.36 (KHTML, like Gecko) Mobile Safari/537.36 (compatible; PetalBot;+https://webmaster.petalsearch.com/site/petalbot)"
85.208.96.196 - - [01/Dec/2025:08:52:40 +0100] "GET /platby/aohwuyx/volk-racing-logo-vector HTTP/1.1" 200 9213 "-" "Mozilla/5.0 (compatible; SemrushBot/7~bl; +http://www.semrush.com/bot.html)"
185.191.171.15 - - [01/Dec/2025:08:53:03 +0100] "GET /platby/72zbxoz/nhl-expansion-draft-rules-2000 HTTP/1.1" 200 9574 "-" "Mozilla/5.0 (compatible; SemrushBot/7~bl; +http://www.semrush.com/bot.html)"
185.191.171.18 - - [01/Dec/2025:08:53:13 +0100] "GET /platby/qqap/kowloon-walled-city-location HTTP/1.1" 200 12103 "-" "Mozilla/5.0 (compatible; SemrushBot/7~bl; +http://www.semrush.com/bot.html)"
85.208.96.202 - - [01/Dec/2025:08:53:24 +0100] "GET /platby/hca/science-of-happiness-yale HTTP/1.1" 200 7972 "-" "Mozilla/5.0 (compatible; SemrushBot/7~bl; +http://www.semrush.com/bot.html)"
185.191.171.2 - - [01/Dec/2025:08:53:29 +0100] "GET /platby/qqap/youngest-england-player-2021 HTTP/1.1" 200 9429 "-" "Mozilla/5.0 (compatible; SemrushBot/7~bl; +http://www.semrush.com/bot.html)"
85.208.96.204 - - [01/Dec/2025:08:53:59 +0100] "GET /platby/uwoy9/how-to-make-a-minecraft-rocket-launcher-crossbow HTTP/1.1" 200 8551 "-" "Mozilla/5.0 (compatible; SemrushBot/7~bl; +http://www.semrush.com/bot.html)"
185.191.171.6 - - [01/Dec/2025:08:54:01 +0100] "GET /platby/72zbxoz/commonwealth-secretariat-staff HTTP/1.1" 200 14058 "-" "Mozilla/5.0 (compatible; SemrushBot/7~bl; +http://www.semrush.com/bot.html)"
85.208.96.211 - - [01/Dec/2025:08:54:14 +0100] "GET /platby/aohwuyx/charlotte-pronunciation-german HTTP/1.1" 200 8475 "-" "Mozilla/5.0 (compatible; SemrushBot/7~bl; +http://www.semrush.com/bot.html)"
85.208.96.208 - - [01/Dec/2025:08:54:29 +0100] "GET /platby/qqap/where-to-find-geodes-in-utah HTTP/1.1" 200 12814 "-" "Mozilla/5.0 (compatible; SemrushBot/7~bl; +http://www.semrush.com/bot.html)"
85.208.96.200 - - [01/Dec/2025:08:54:36 +0100] "GET /platby/hca/peoria-unified-school-district-reopening HTTP/1.1" 200 10795 "-" "Mozilla/5.0 (compatible; SemrushBot/7~bl; +http://www.semrush.com/bot.html)"
185.191.171.12 - - [01/Dec/2025:08:54:51 +0100] "GET /platby/uwoy9/what-is-michael-giacchino-most-famous-for HTTP/1.1" 200 12381 "-" "Mozilla/5.0 (compatible; SemrushBot/7~bl; +http://www.semrush.com/bot.html)"
114.119.130.237 - - [01/Dec/2025:08:54:54 +0100] "GET /platby/72zbxoz/the-little-seagull-handbook-4th-edition-pdf HTTP/1.1" 200 11993 "http://ispc.klape.eu/platby/72zbxoz/the-little-seagull-handbook-4th-edition-pdf" "Mozilla/5.0 (Linux; Android 7.0;) AppleWebKit/537.36 (KHTML, like Gecko) Mobile Safari/537.36 (compatible; PetalBot;+https://webmaster.petalsearch.com/site/petalbot)"
185.191.171.14 - - [01/Dec/2025:08:55:07 +0100] "GET /platby/qqap/to-attack-with-words-call-bad-names HTTP/1.1" 200 11900 "-" "Mozilla/5.0 (compatible; SemrushBot/7~bl; +http://www.semrush.com/bot.html)"
85.208.96.212 - - [01/Dec/2025:08:55:25 +0100] "GET /platby/aohwuyx/iceland-soccer-results-yesterday HTTP/1.1" 200 8369 "-" "Mozilla/5.0 (compatible; SemrushBot/7~bl; +http://www.semrush.com/bot.html)"
185.191.171.15 - - [01/Dec/2025:08:55:33 +0100] "GET /platby/qqap/jersey-flight-stadium HTTP/1.1" 200 13192 "-" "Mozilla/5.0 (compatible; SemrushBot/7~bl; +http://www.semrush.com/bot.html)"
85.208.96.207 - - [01/Dec/2025:08:55:44 +0100] "GET /platby/qqap/wall-street-money-never-sleeps-subscene HTTP/1.1" 200 11703 "-" "Mozilla/5.0 (compatible; SemrushBot/7~bl; +http://www.semrush.com/bot.html)"
185.191.171.12 - - [01/Dec/2025:08:55:54 +0100] "GET /platby/72zbxoz/huawei-slow-charging-solution HTTP/1.1" 200 13149 "-" "Mozilla/5.0 (compatible; SemrushBot/7~bl; +http://www.semrush.com/bot.html)"
85.208.96.211 - - [01/Dec/2025:08:56:33 +0100] "GET /platby/aohwuyx/international-real-estate-law-firms HTTP/1.1" 200 14945 "-" "Mozilla/5.0 (compatible; SemrushBot/7~bl; +http://www.semrush.com/bot.html)"
185.191.171.12 - - [01/Dec/2025:08:56:42 +0100] "GET /platby/aohwuyx/is-rototom-2021-cancelled HTTP/1.1" 200 14760 "-" "Mozilla/5.0 (compatible; SemrushBot/7~bl; +http://www.semrush.com/bot.html)"
43.152.150.30 - - [01/Dec/2025:08:56:49 +0100] "\x16\x03\x01\x07\x1d\x01" 403 265 "-" "-"
43.152.150.30 - - [01/Dec/2025:08:56:49 +0100] "\x16\x03\x01\x06\xbd\x01" 403 265 "-" "-"
43.152.150.30 - - [01/Dec/2025:08:56:49 +0100] "\x16\x03\x01\x07\x1d\x01" 403 265 "-" "-"
43.152.150.30 - - [01/Dec/2025:08:56:50 +0100] "\x16\x03\x01\x07\x1d\x01" 403 265 "-" "-"
185.191.171.10 - - [01/Dec/2025:08:56:58 +0100] "GET /platby/aohwuyx/carter-blood-donation-by-zip-code HTTP/1.1" 200 11527 "-" "Mozilla/5.0 (compatible; SemrushBot/7~bl; +http://www.semrush.com/bot.html)"
185.191.171.9 - - [01/Dec/2025:08:57:19 +0100] "GET /platby/qqap/$39-busch-gardens-tickets HTTP/1.1" 200 10709 "-" "Mozilla/5.0 (compatible; SemrushBot/7~bl; +http://www.semrush.com/bot.html)"
43.152.171.251 - - [01/Dec/2025:08:57:21 +0100] "\x16\x03\x01\x06\xdd\x01" 403 265 "-" "-"
43.152.171.251 - - [01/Dec/2025:08:57:21 +0100] "\x16\x03\x01\x06\xbd\x01" 403 265 "-" "-"
185.191.171.15 - - [01/Dec/2025:08:57:31 +0100] "GET /platby/qqap/ryan-west-kobe-bryant HTTP/1.1" 200 9045 "-" "Mozilla/5.0 (compatible; SemrushBot/7~bl; +http://www.semrush.com/bot.html)"
185.191.171.6 - - [01/Dec/2025:08:57:33 +0100] "GET /platby/hca/automotive-manufacturing-engineer-salary HTTP/1.1" 200 9192 "-" "Mozilla/5.0 (compatible; SemrushBot/7~bl; +http://www.semrush.com/bot.html)"
85.208.96.198 - - [01/Dec/2025:08:57:38 +0100] "GET /platby/uwoy9/ucla-bruins-sand-volleyball HTTP/1.1" 200 12683 "-" "Mozilla/5.0 (compatible; SemrushBot/7~bl; +http://www.semrush.com/bot.html)"
85.208.96.196 - - [01/Dec/2025:08:57:40 +0100] "GET /platby/aohwuyx/attendance-at-montreal-game-tonight HTTP/1.1" 200 7342 "-" "Mozilla/5.0 (compatible; SemrushBot/7~bl; +http://www.semrush.com/bot.html)"
85.208.96.197 - - [01/Dec/2025:08:57:58 +0100] "GET /platby/hca/why-is-it-called-the-paris-climate-agreement HTTP/1.1" 200 10196 "-" "Mozilla/5.0 (compatible; SemrushBot/7~bl; +http://www.semrush.com/bot.html)"
101.198.0.179 - - [01/Dec/2025:08:58:21 +0100] "\x16\x03\x01\x01,\x01" 403 265 "-" "-"
101.198.0.156 - - [01/Dec/2025:08:58:22 +0100] "GET / HTTP/1.1" 403 264 "-" "Mozilla/5.0 (Macintosh; Intel Mac OS X 10_15_7) AppleWebKit/537.36 (KHTML, like Gecko) Chrome/120.0.0.0 Safari/537.36 Edg/120.0.0.0"
185.191.171.4 - - [01/Dec/2025:08:58:22 +0100] "GET /platby/aohwuyx/orthene-insecticide-canada HTTP/1.1" 200 10138 "-" "Mozilla/5.0 (compatible; SemrushBot/7~bl; +http://www.semrush.com/bot.html)"
85.208.96.195 - - [01/Dec/2025:08:58:24 +0100] "GET /platby/qqap/minnesota-wild-vegas-expansion-draft HTTP/1.1" 200 10526 "-" "Mozilla/5.0 (compatible; SemrushBot/7~bl; +http://www.semrush.com/bot.html)"
101.198.0.188 - - [01/Dec/2025:08:58:26 +0100] "GET /favicon.ico HTTP/1.1" 403 229 "-" "Mozilla/5.0 (Macintosh; Intel Mac OS X 10_7_0) AppleWebKit/535.11 (KHTML, like Gecko) Chrome/17.0.963.56 Safari/535.11"
185.191.171.11 - - [01/Dec/2025:08:58:29 +0100] "GET /platby/aohwuyx/jira-advanced-roadmaps-plugin HTTP/1.1" 200 12957 "-" "Mozilla/5.0 (compatible; SemrushBot/7~bl; +http://www.semrush.com/bot.html)"
101.198.0.156 - - [01/Dec/2025:08:58:29 +0100] "GET /robots.txt HTTP/1.1" 403 228 "-" "Mozilla/5.0 (Macintosh; Intel Mac OS X 10_7_0) AppleWebKit/535.11 (KHTML, like Gecko) Chrome/17.0.963.56 Safari/535.11"
101.198.0.142 - - [01/Dec/2025:08:58:32 +0100] "GET /sitemap.xml HTTP/1.1" 403 229 "-" "Mozilla/5.0 (Macintosh; Intel Mac OS X 10_7_0) AppleWebKit/535.11 (KHTML, like Gecko) Chrome/17.0.963.56 Safari/535.11"
185.191.171.4 - - [01/Dec/2025:08:58:38 +0100] "GET /platby/hca/western-carolina-baseball-roster HTTP/1.1" 200 7231 "-" "Mozilla/5.0 (compatible; SemrushBot/7~bl; +http://www.semrush.com/bot.html)"
85.208.96.206 - - [01/Dec/2025:08:59:12 +0100] "GET /platby/uwoy9/interferon-alfa-2a-side-effects HTTP/1.1" 200 8275 "-" "Mozilla/5.0 (compatible; SemrushBot/7~bl; +http://www.semrush.com/bot.html)"
85.208.96.204 - - [01/Dec/2025:08:59:16 +0100] "GET /platby/72zbxoz/essay-on-importance-of-being-a-good-listener HTTP/1.1" 200 10593 "-" "Mozilla/5.0 (compatible; SemrushBot/7~bl; +http://www.semrush.com/bot.html)"
85.208.96.197 - - [01/Dec/2025:09:00:02 +0100] "GET /platby/72zbxoz/toronto-maple-leafs-draft-picks-2019 HTTP/1.1" 200 11802 "-" "Mozilla/5.0 (compatible; SemrushBot/7~bl; +http://www.semrush.com/bot.html)"
185.191.171.13 - - [01/Dec/2025:09:00:09 +0100] "GET /platby/72zbxoz/what-color-represents-kindness HTTP/1.1" 200 9516 "-" "Mozilla/5.0 (compatible; SemrushBot/7~bl; +http://www.semrush.com/bot.html)"
185.191.171.13 - - [01/Dec/2025:09:00:22 +0100] "GET /platby/qqap/professional-fitness-coach-salary HTTP/1.1" 200 9501 "-" "Mozilla/5.0 (compatible; SemrushBot/7~bl; +http://www.semrush.com/bot.html)"
185.191.171.12 - - [01/Dec/2025:09:00:44 +0100] "GET /platby/uwoy9/merino-sheep-for-sale-washington-state HTTP/1.1" 200 8031 "-" "Mozilla/5.0 (compatible; SemrushBot/7~bl; +http://www.semrush.com/bot.html)"
185.191.171.1 - - [01/Dec/2025:09:01:30 +0100] "GET /platby/uwoy9/nric-number-singapore HTTP/1.1" 200 12167 "-" "Mozilla/5.0 (compatible; SemrushBot/7~bl; +http://www.semrush.com/bot.html)"
185.191.171.17 - - [01/Dec/2025:09:01:31 +0100] "GET /platby/uwoy9/jira-ticket-creation-automation HTTP/1.1" 200 11374 "-" "Mozilla/5.0 (compatible; SemrushBot/7~bl; +http://www.semrush.com/bot.html)"
85.208.96.209 - - [01/Dec/2025:09:01:36 +0100] "GET /platby/uwoy9/basic-aviation-knowledge-pdf HTTP/1.1" 200 8852 "-" "Mozilla/5.0 (compatible; SemrushBot/7~bl; +http://www.semrush.com/bot.html)"
85.208.96.208 - - [01/Dec/2025:09:01:38 +0100] "GET /platby/qqap/health-and-human-services-near-me HTTP/1.1" 200 8605 "-" "Mozilla/5.0 (compatible; SemrushBot/7~bl; +http://www.semrush.com/bot.html)"
193.70.47.228 - - [01/Dec/2025:09:01:48 +0100] "\x16\x03\x01\x02" 403 265 "-" "-"
185.191.171.3 - - [01/Dec/2025:09:01:59 +0100] "GET /platby/uwoy9/white-jersey-giant-chickens-for-sale HTTP/1.1" 200 8937 "-" "Mozilla/5.0 (compatible; SemrushBot/7~bl; +http://www.semrush.com/bot.html)"
85.208.96.207 - - [01/Dec/2025:09:02:08 +0100] "GET /platby/aohwuyx/cost-of-living-in-newfoundland-for-international-students HTTP/1.1" 200 8637 "-" "Mozilla/5.0 (compatible; SemrushBot/7~bl; +http://www.semrush.com/bot.html)"
85.208.96.194 - - [01/Dec/2025:09:02:13 +0100] "GET /platby/uwoy9/the-beatles-collection-vinyl-box-set-australia HTTP/1.1" 200 14114 "-" "Mozilla/5.0 (compatible; SemrushBot/7~bl; +http://www.semrush.com/bot.html)"
85.208.96.203 - - [01/Dec/2025:09:02:15 +0100] "GET /platby/uwoy9/massachusetts-theme-parks-reopening HTTP/1.1" 200 9100 "-" "Mozilla/5.0 (compatible; SemrushBot/7~bl; +http://www.semrush.com/bot.html)"
185.191.171.13 - - [01/Dec/2025:09:02:23 +0100] "GET /platby/qqap/so-high---sojah-ukulele-chords HTTP/1.1" 200 6063 "-" "Mozilla/5.0 (compatible; SemrushBot/7~bl; +http://www.semrush.com/bot.html)"
185.191.171.15 - - [01/Dec/2025:09:02:24 +0100] "GET /platby/qqap/baby-mallard-duck-for-sale HTTP/1.1" 200 11432 "-" "Mozilla/5.0 (compatible; SemrushBot/7~bl; +http://www.semrush.com/bot.html)"
85.208.96.203 - - [01/Dec/2025:09:02:37 +0100] "GET /platby/hca/lively-wallpaper-naruto-gif HTTP/1.1" 200 12287 "-" "Mozilla/5.0 (compatible; SemrushBot/7~bl; +http://www.semrush.com/bot.html)"
185.191.171.2 - - [01/Dec/2025:09:02:40 +0100] "GET /platby/hca/mike-glennon-nickname HTTP/1.1" 200 11403 "-" "Mozilla/5.0 (compatible; SemrushBot/7~bl; +http://www.semrush.com/bot.html)"
204.76.203.206 - - [01/Dec/2025:09:02:42 +0100] "GET /" 400 468 "-" "-"
85.208.96.211 - - [01/Dec/2025:09:03:25 +0100] "GET /platby/hca/caesars-friends-and-family-discount HTTP/1.1" 200 12677 "-" "Mozilla/5.0 (compatible; SemrushBot/7~bl; +http://www.semrush.com/bot.html)"
218.75.38.211 - - [01/Dec/2025:09:03:28 +0100] "\x16\x03\x01" 403 265 "-" "-"
115.238.44.234 - - [01/Dec/2025:09:03:51 +0100] "\x16\x03\x03" 403 265 "-" "-"
185.191.171.1 - - [01/Dec/2025:09:04:03 +0100] "GET /platby/uwoy9/nba-2k21-pc-keyboard-controls HTTP/1.1" 200 8390 "-" "Mozilla/5.0 (compatible; SemrushBot/7~bl; +http://www.semrush.com/bot.html)"
85.208.96.193 - - [01/Dec/2025:09:04:04 +0100] "GET /platby/aohwuyx/clarification-in-a-sentence HTTP/1.1" 200 9658 "-" "Mozilla/5.0 (compatible; SemrushBot/7~bl; +http://www.semrush.com/bot.html)"
185.191.171.6 - - [01/Dec/2025:09:04:07 +0100] "GET /platby/72zbxoz/minecraft-door-recipe HTTP/1.1" 200 10636 "-" "Mozilla/5.0 (compatible; SemrushBot/7~bl; +http://www.semrush.com/bot.html)"
115.238.44.234 - - [01/Dec/2025:09:04:12 +0100] "\x16\x03\x01" 403 265 "-" "-"
85.208.96.207 - - [01/Dec/2025:09:04:33 +0100] "GET /platby/qqap/oscar-skagerberg-look-alike HTTP/1.1" 200 11990 "-" "Mozilla/5.0 (compatible; SemrushBot/7~bl; +http://www.semrush.com/bot.html)"
204.76.203.206 - - [01/Dec/2025:09:04:33 +0100] "GET / HTTP/1.1" 200 316 "-" "Mozilla/5.0 (Windows NT 10.0; Win64; x64) AppleWebKit/537.36 (KHTML, like Gecko) Chrome/90.0.4430.85 Safari/537.36 Edg/90.0.818.46"
3.89.170.186 - - [01/Dec/2025:09:04:46 +0100] "GET /platby/uwoy9/arsenal-transfer-budget-2020%2F2021 HTTP/1.1" 404 809 "-" "Mozilla/5.0 AppleWebKit/537.36 (KHTML, like Gecko; compatible; Amazonbot/0.1; +https://developer.amazon.com/support/amazonbot) Chrome/119.0.6045.214 Safari/537.36"
52.73.6.26 - - [01/Dec/2025:09:04:50 +0100] "GET /platby/uwoy9/cleveland-nfl-draft-volunteer HTTP/1.1" 200 8540 "-" "Mozilla/5.0 AppleWebKit/537.36 (KHTML, like Gecko; compatible; Amazonbot/0.1; +https://developer.amazon.com/support/amazonbot) Chrome/119.0.6045.214 Safari/537.36"
3.94.156.104 - - [01/Dec/2025:09:04:55 +0100] "GET /platby/uwoy9/love-will-tear-us-apart-hacienda-remix HTTP/1.1" 200 14252 "-" "Mozilla/5.0 AppleWebKit/537.36 (KHTML, like Gecko; compatible; Amazonbot/0.1; +https://developer.amazon.com/support/amazonbot) Chrome/119.0.6045.214 Safari/537.36"
52.205.222.214 - - [01/Dec/2025:09:04:58 +0100] "GET /platby/uwoy9/huawei-p30-lock-screen-wallpaper-keeps-changing HTTP/1.1" 200 11065 "-" "Mozilla/5.0 AppleWebKit/537.36 (KHTML, like Gecko; compatible; Amazonbot/0.1; +https://developer.amazon.com/support/amazonbot) Chrome/119.0.6045.214 Safari/537.36"
85.208.96.196 - - [01/Dec/2025:09:05:01 +0100] "GET /platby/uwoy9/mountain-where-musa-talked-to-allah HTTP/1.1" 200 13941 "-" "Mozilla/5.0 (compatible; SemrushBot/7~bl; +http://www.semrush.com/bot.html)"
85.208.96.194 - - [01/Dec/2025:09:05:15 +0100] "GET /platby/uwoy9/cameron-university-baseball-roster HTTP/1.1" 200 9823 "-" "Mozilla/5.0 (compatible; SemrushBot/7~bl; +http://www.semrush.com/bot.html)"
85.208.96.208 - - [01/Dec/2025:09:05:28 +0100] "GET /platby/hca/lowe's-appliances-refrigerators HTTP/1.1" 200 12072 "-" "Mozilla/5.0 (compatible; SemrushBot/7~bl; +http://www.semrush.com/bot.html)"
185.191.171.8 - - [01/Dec/2025:09:05:34 +0100] "GET /platby/uwoy9/jira-integration-with-selenium-c%23 HTTP/1.1" 200 9548 "-" "Mozilla/5.0 (compatible; SemrushBot/7~bl; +http://www.semrush.com/bot.html)"
185.191.171.12 - - [01/Dec/2025:09:05:39 +0100] "GET /platby/72zbxoz/chains-of-love-australia HTTP/1.1" 200 10631 "-" "Mozilla/5.0 (compatible; SemrushBot/7~bl; +http://www.semrush.com/bot.html)"
185.242.245.51 - - [01/Dec/2025:09:05:48 +0100] "\x16\x03\x01\x02" 403 265 "-" "-"
185.191.171.12 - - [01/Dec/2025:09:05:52 +0100] "GET /platby/aohwuyx/mechanical-digestion-definition-biology HTTP/1.1" 200 10704 "-" "Mozilla/5.0 (compatible; SemrushBot/7~bl; +http://www.semrush.com/bot.html)"
185.191.171.18 - - [01/Dec/2025:09:05:59 +0100] "GET /robots.txt HTTP/1.1" 200 54 "-" "Mozilla/5.0 (compatible; SemrushBot/7~bl; +http://www.semrush.com/bot.html)"
85.208.96.197 - - [01/Dec/2025:09:05:59 +0100] "GET /platby/qqap/echinocereus-triglochidiatus-care HTTP/1.1" 200 9071 "-" "Mozilla/5.0 (compatible; SemrushBot/7~bl; +http://www.semrush.com/bot.html)"
