185.191.171.18 - - [01/Dec/2025:10:36:24 +0100] "GET /platby/qqap/university-of-the-bahamas-records HTTP/1.1" 200 7499 "-" "Mozilla/5.0 (compatible; SemrushBot/7~bl; +http://www.semrush.com/bot.html)"
85.208.96.210 - - [01/Dec/2025:10:36:25 +0100] "GET /platby/qqap/deglycyrrhizinated-licorice-candy HTTP/1.1" 200 10931 "-" "Mozilla/5.0 (compatible; SemrushBot/7~bl; +http://www.semrush.com/bot.html)"
185.191.171.1 - - [01/Dec/2025:10:36:28 +0100] "GET /platby/hca/subsequent-to-or-subsequently-to HTTP/1.1" 200 9857 "-" "Mozilla/5.0 (compatible; SemrushBot/7~bl; +http://www.semrush.com/bot.html)"
161.115.234.145 - - [01/Dec/2025:10:36:34 +0100] "\x16\x03\x01\x02" 403 265 "-" "-"
114.119.128.6 - - [01/Dec/2025:10:36:40 +0100] "GET /platby/article.php?5d4c26=leah-vincent-twitter HTTP/1.1" 200 6965 "http://ispc.klape.eu/platby/article.php?5d4c26=assassin-archer---modern-day-robin-hood-mod-apk" "Mozilla/5.0 (Linux; Android 7.0;) AppleWebKit/537.36 (KHTML, like Gecko) Mobile Safari/537.36 (compatible; PetalBot;+https://webmaster.petalsearch.com/site/petalbot)"
85.208.96.196 - - [01/Dec/2025:10:36:47 +0100] "GET /platby/aohwuyx/youth-empowerment-synonyms HTTP/1.1" 200 7521 "-" "Mozilla/5.0 (compatible; SemrushBot/7~bl; +http://www.semrush.com/bot.html)"
85.208.96.208 - - [01/Dec/2025:10:37:03 +0100] "GET /platby/hca/controller-configuration-tool-windows-10 HTTP/1.1" 200 8834 "-" "Mozilla/5.0 (compatible; SemrushBot/7~bl; +http://www.semrush.com/bot.html)"
85.208.96.210 - - [01/Dec/2025:10:37:19 +0100] "GET /platby/aohwuyx/luxury-homestays-devon HTTP/1.1" 200 13482 "-" "Mozilla/5.0 (compatible; SemrushBot/7~bl; +http://www.semrush.com/bot.html)"
85.208.96.206 - - [01/Dec/2025:10:38:00 +0100] "GET /platby/qqap/renewable-energy-systems-germany HTTP/1.1" 200 7275 "-" "Mozilla/5.0 (compatible; SemrushBot/7~bl; +http://www.semrush.com/bot.html)"
185.191.171.15 - - [01/Dec/2025:10:38:01 +0100] "GET /platby/72zbxoz/what-is-multiple-causation-apex HTTP/1.1" 200 8825 "-" "Mozilla/5.0 (compatible; SemrushBot/7~bl; +http://www.semrush.com/bot.html)"
85.208.96.199 - - [01/Dec/2025:10:38:07 +0100] "GET /platby/aohwuyx/personal-opinion-examples HTTP/1.1" 200 8472 "-" "Mozilla/5.0 (compatible; SemrushBot/7~bl; +http://www.semrush.com/bot.html)"
85.208.96.198 - - [01/Dec/2025:10:38:59 +0100] "GET /platby/qqap/6-traits-of-writing-rubric-elementary HTTP/1.1" 200 11933 "-" "Mozilla/5.0 (compatible; SemrushBot/7~bl; +http://www.semrush.com/bot.html)"
185.191.171.4 - - [01/Dec/2025:10:39:03 +0100] "GET /platby/uwoy9/american-college-of-education-syllabus HTTP/1.1" 200 9132 "-" "Mozilla/5.0 (compatible; SemrushBot/7~bl; +http://www.semrush.com/bot.html)"
85.208.96.209 - - [01/Dec/2025:10:39:05 +0100] "GET /platby/qqap/home-maintenance-%22write-for-us%22 HTTP/1.1" 200 10494 "-" "Mozilla/5.0 (compatible; SemrushBot/7~bl; +http://www.semrush.com/bot.html)"
85.208.96.206 - - [01/Dec/2025:10:39:08 +0100] "GET /platby/qqap/sensitivity-training-in-the-workplace-powerpoint HTTP/1.1" 200 9740 "-" "Mozilla/5.0 (compatible; SemrushBot/7~bl; +http://www.semrush.com/bot.html)"
204.76.203.206 - - [01/Dec/2025:10:39:22 +0100] "GET /" 400 468 "-" "-"
114.119.130.237 - - [01/Dec/2025:10:39:29 +0100] "GET /platby/article.php?5d4c26=esther:-the-queen-of-persia,-the-holy-land-experience,-march-17 HTTP/1.1" 200 6947 "http://ispc.klape.eu/platby/article.php?5d4c26=chuggington-zephie%27s-zoomaround" "Mozilla/5.0 (Linux; Android 7.0;) AppleWebKit/537.36 (KHTML, like Gecko) Mobile Safari/537.36 (compatible; PetalBot;+https://webmaster.petalsearch.com/site/petalbot)"
185.191.171.9 - - [01/Dec/2025:10:39:41 +0100] "GET /platby/hca/sony-xperia-5-ii-alternatives HTTP/1.1" 200 10683 "-" "Mozilla/5.0 (compatible; SemrushBot/7~bl; +http://www.semrush.com/bot.html)"
85.208.96.193 - - [01/Dec/2025:10:39:47 +0100] "GET /platby/uwoy9/eagle-rock-high-school-yearbook HTTP/1.1" 200 7876 "-" "Mozilla/5.0 (compatible; SemrushBot/7~bl; +http://www.semrush.com/bot.html)"
85.208.96.207 - - [01/Dec/2025:10:39:49 +0100] "GET /platby/hca/how-selective-is-harvard-summer-school HTTP/1.1" 200 10413 "-" "Mozilla/5.0 (compatible; SemrushBot/7~bl; +http://www.semrush.com/bot.html)"
85.208.96.197 - - [01/Dec/2025:10:39:51 +0100] "GET /platby/hca/serie-a-tots-guaranteed-sbc-fifa-21 HTTP/1.1" 200 9570 "-" "Mozilla/5.0 (compatible; SemrushBot/7~bl; +http://www.semrush.com/bot.html)"
185.191.171.16 - - [01/Dec/2025:10:39:57 +0100] "GET /platby/aohwuyx/hawthorn-without-thorns HTTP/1.1" 200 10695 "-" "Mozilla/5.0 (compatible; SemrushBot/7~bl; +http://www.semrush.com/bot.html)"
185.191.171.12 - - [01/Dec/2025:10:40:12 +0100] "GET /platby/72zbxoz/is-marvin-bagley-playing-tonight HTTP/1.1" 200 12800 "-" "Mozilla/5.0 (compatible; SemrushBot/7~bl; +http://www.semrush.com/bot.html)"
52.44.174.136 - - [01/Dec/2025:10:40:29 +0100] "GET /platby/uwoy9/atlanta-falcons-schedule-2020 HTTP/1.1" 200 7366 "-" "Mozilla/5.0 AppleWebKit/537.36 (KHTML, like Gecko; compatible; Amazonbot/0.1; +https://developer.amazon.com/support/amazonbot) Chrome/119.0.6045.214 Safari/537.36"
54.235.125.129 - - [01/Dec/2025:10:40:36 +0100] "GET /platby/uwoy9/cause-i-don't-wanna-lose-you HTTP/1.1" 200 11777 "-" "Mozilla/5.0 AppleWebKit/537.36 (KHTML, like Gecko; compatible; Amazonbot/0.1; +https://developer.amazon.com/support/amazonbot) Chrome/119.0.6045.214 Safari/537.36"
3.212.205.90 - - [01/Dec/2025:10:40:36 +0100] "GET /platby/uwoy9/don't-hurt-yourself-quotes HTTP/1.1" 200 13675 "-" "Mozilla/5.0 AppleWebKit/537.36 (KHTML, like Gecko; compatible; Amazonbot/0.1; +https://developer.amazon.com/support/amazonbot) Chrome/119.0.6045.214 Safari/537.36"
185.191.171.14 - - [01/Dec/2025:10:40:37 +0100] "GET /platby/qqap/teaching-tolerance-speak-up-at-school HTTP/1.1" 200 8517 "-" "Mozilla/5.0 (compatible; SemrushBot/7~bl; +http://www.semrush.com/bot.html)"
23.23.213.182 - - [01/Dec/2025:10:40:39 +0100] "GET /platby/uwoy9/nba-3-point-record-single-game HTTP/1.1" 200 9689 "-" "Mozilla/5.0 AppleWebKit/537.36 (KHTML, like Gecko; compatible; Amazonbot/0.1; +https://developer.amazon.com/support/amazonbot) Chrome/119.0.6045.214 Safari/537.36"
185.191.171.10 - - [01/Dec/2025:10:40:40 +0100] "GET /robots.txt HTTP/1.1" 200 54 "-" "Mozilla/5.0 (compatible; SemrushBot/7~bl; +http://www.semrush.com/bot.html)"
185.191.171.10 - - [01/Dec/2025:10:40:40 +0100] "GET /platby/uwoy9/banq-restaurant-boston-closing HTTP/1.1" 200 14578 "-" "Mozilla/5.0 (compatible; SemrushBot/7~bl; +http://www.semrush.com/bot.html)"
18.214.251.19 - - [01/Dec/2025:10:40:46 +0100] "GET /platby/uwoy9/swimming-camps-2021-near-me HTTP/1.1" 200 13524 "-" "Mozilla/5.0 AppleWebKit/537.36 (KHTML, like Gecko; compatible; Amazonbot/0.1; +https://developer.amazon.com/support/amazonbot) Chrome/119.0.6045.214 Safari/537.36"
204.76.203.206 - - [01/Dec/2025:10:41:16 +0100] "GET / HTTP/1.1" 200 316 "-" "Mozilla/5.0 (Windows NT 10.0; Win64; x64) AppleWebKit/537.36 (KHTML, like Gecko) Chrome/90.0.4430.85 Safari/537.36 Edg/90.0.818.46"
85.208.96.203 - - [01/Dec/2025:10:41:20 +0100] "GET /platby/qqap/thomas-jefferson-high-school-for-science-and-technology-admissions HTTP/1.1" 200 10155 "-" "Mozilla/5.0 (compatible; SemrushBot/7~bl; +http://www.semrush.com/bot.html)"
185.191.171.19 - - [01/Dec/2025:10:41:36 +0100] "GET /platby/qqap/civil-engineering-marvels HTTP/1.1" 200 9679 "-" "Mozilla/5.0 (compatible; SemrushBot/7~bl; +http://www.semrush.com/bot.html)"
85.208.96.204 - - [01/Dec/2025:10:41:42 +0100] "GET /platby/qqap/iit-bombay-m-tech-aerospace-placements HTTP/1.1" 200 10306 "-" "Mozilla/5.0 (compatible; SemrushBot/7~bl; +http://www.semrush.com/bot.html)"
185.191.171.7 - - [01/Dec/2025:10:42:07 +0100] "GET /platby/qqap/restaurants-silver-spring,-md HTTP/1.1" 200 6841 "-" "Mozilla/5.0 (compatible; SemrushBot/7~bl; +http://www.semrush.com/bot.html)"
185.191.171.1 - - [01/Dec/2025:10:42:08 +0100] "GET /platby/uwoy9/how-long-should-you-take-fat-burners-for HTTP/1.1" 200 15836 "-" "Mozilla/5.0 (compatible; SemrushBot/7~bl; +http://www.semrush.com/bot.html)"
85.208.96.206 - - [01/Dec/2025:10:42:16 +0100] "GET /platby/qqap/seattle-storm-radio-broadcast-2021 HTTP/1.1" 200 9745 "-" "Mozilla/5.0 (compatible; SemrushBot/7~bl; +http://www.semrush.com/bot.html)"
114.119.140.102 - - [01/Dec/2025:10:42:19 +0100] "GET /platby/article.php?5d4c26=cameron-davis-actor HTTP/1.1" 200 6059 "http://ispc.klape.eu/platby/article.php?5d4c26=my-amazing-boyfriend-ending" "Mozilla/5.0 (Linux; Android 7.0;) AppleWebKit/537.36 (KHTML, like Gecko) Mobile Safari/537.36 (compatible; PetalBot;+https://webmaster.petalsearch.com/site/petalbot)"
185.191.171.2 - - [01/Dec/2025:10:42:49 +0100] "GET /platby/hca/divergent-vs-convergent-calculus HTTP/1.1" 200 8764 "-" "Mozilla/5.0 (compatible; SemrushBot/7~bl; +http://www.semrush.com/bot.html)"
185.191.171.2 - - [01/Dec/2025:10:42:57 +0100] "GET /platby/hca/mobile-hardware-repairing HTTP/1.1" 200 6637 "-" "Mozilla/5.0 (compatible; SemrushBot/7~bl; +http://www.semrush.com/bot.html)"
185.191.171.7 - - [01/Dec/2025:10:43:09 +0100] "GET /platby/72zbxoz/seemore-sausages-whole-foods HTTP/1.1" 200 12065 "-" "Mozilla/5.0 (compatible; SemrushBot/7~bl; +http://www.semrush.com/bot.html)"
185.191.171.7 - - [01/Dec/2025:10:43:15 +0100] "GET /platby/uwoy9/umass-lowell-baseball-roster-2021 HTTP/1.1" 200 9557 "-" "Mozilla/5.0 (compatible; SemrushBot/7~bl; +http://www.semrush.com/bot.html)"
185.191.171.2 - - [01/Dec/2025:10:43:54 +0100] "GET /platby/aohwuyx/basquiat-and-the-hip-hop-generation HTTP/1.1" 200 9144 "-" "Mozilla/5.0 (compatible; SemrushBot/7~bl; +http://www.semrush.com/bot.html)"
85.208.96.197 - - [01/Dec/2025:10:44:06 +0100] "GET /platby/uwoy9/barefoot-blue-jean-night HTTP/1.1" 200 10922 "-" "Mozilla/5.0 (compatible; SemrushBot/7~bl; +http://www.semrush.com/bot.html)"
185.191.171.16 - - [01/Dec/2025:10:44:08 +0100] "GET /platby/uwoy9/government-website-outage HTTP/1.1" 200 8999 "-" "Mozilla/5.0 (compatible; SemrushBot/7~bl; +http://www.semrush.com/bot.html)"
85.208.96.208 - - [01/Dec/2025:10:44:10 +0100] "GET /platby/qqap/negative-feelings-synonym HTTP/1.1" 200 6687 "-" "Mozilla/5.0 (compatible; SemrushBot/7~bl; +http://www.semrush.com/bot.html)"
85.208.96.197 - - [01/Dec/2025:10:44:12 +0100] "GET /platby/hca/merrol-hyde-magnet-school-uniform HTTP/1.1" 200 10125 "-" "Mozilla/5.0 (compatible; SemrushBot/7~bl; +http://www.semrush.com/bot.html)"
85.208.96.199 - - [01/Dec/2025:10:44:26 +0100] "GET /platby/hca/what-is-the-study-of-space-science HTTP/1.1" 200 7162 "-" "Mozilla/5.0 (compatible; SemrushBot/7~bl; +http://www.semrush.com/bot.html)"
185.191.171.11 - - [01/Dec/2025:10:44:38 +0100] "GET /platby/hca/hannah-reid-london-grammar-engaged HTTP/1.1" 200 8490 "-" "Mozilla/5.0 (compatible; SemrushBot/7~bl; +http://www.semrush.com/bot.html)"
185.191.171.16 - - [01/Dec/2025:10:44:47 +0100] "GET /platby/aohwuyx/local-bridge-social-network HTTP/1.1" 200 11226 "-" "Mozilla/5.0 (compatible; SemrushBot/7~bl; +http://www.semrush.com/bot.html)"
114.119.128.6 - - [01/Dec/2025:10:45:06 +0100] "GET /platby/qqap/does-google-pixel-4a-have-fingerprint-sensor HTTP/1.1" 200 9265 "http://ispc.klape.eu/platby/qqap/microsoft-teams-works-on-phone-but-not-computer" "Mozilla/5.0 (Linux; Android 7.0;) AppleWebKit/537.36 (KHTML, like Gecko) Mobile Safari/537.36 (compatible; PetalBot;+https://webmaster.petalsearch.com/site/petalbot)"
85.208.96.210 - - [01/Dec/2025:10:45:18 +0100] "GET /platby/qqap/samsung-screen-repair-cost HTTP/1.1" 200 9900 "-" "Mozilla/5.0 (compatible; SemrushBot/7~bl; +http://www.semrush.com/bot.html)"
185.191.171.19 - - [01/Dec/2025:10:45:26 +0100] "GET /platby/hca/newberg,-oregon-population HTTP/1.1" 200 12052 "-" "Mozilla/5.0 (compatible; SemrushBot/7~bl; +http://www.semrush.com/bot.html)"
185.191.171.8 - - [01/Dec/2025:10:45:43 +0100] "GET /platby/aohwuyx/top-running-backs-2021-fantasy HTTP/1.1" 200 8503 "-" "Mozilla/5.0 (compatible; SemrushBot/7~bl; +http://www.semrush.com/bot.html)"
85.208.96.200 - - [01/Dec/2025:10:45:57 +0100] "GET /platby/hca/los-angeles-chargers-stadium HTTP/1.1" 200 5136 "-" "Mozilla/5.0 (compatible; SemrushBot/7~bl; +http://www.semrush.com/bot.html)"
85.208.96.206 - - [01/Dec/2025:10:46:18 +0100] "GET /platby/hca/umd-transfer-application-deadline HTTP/1.1" 200 6456 "-" "Mozilla/5.0 (compatible; SemrushBot/7~bl; +http://www.semrush.com/bot.html)"
205.210.31.15 - - [01/Dec/2025:10:46:44 +0100] "\x16\x03\x01\x01\x07\x01" 403 265 "-" "-"
205.210.31.15 - - [01/Dec/2025:10:46:44 +0100] "\x16\x03\x01" 403 265 "-" "-"
185.191.171.3 - - [01/Dec/2025:10:46:48 +0100] "GET /platby/hca/lay's-limited-edition-flavors-2021 HTTP/1.1" 200 9418 "-" "Mozilla/5.0 (compatible; SemrushBot/7~bl; +http://www.semrush.com/bot.html)"
185.191.171.12 - - [01/Dec/2025:10:46:49 +0100] "GET /platby/qqap/real-definition-of-philosophy HTTP/1.1" 200 8462 "-" "Mozilla/5.0 (compatible; SemrushBot/7~bl; +http://www.semrush.com/bot.html)"
185.191.171.12 - - [01/Dec/2025:10:46:57 +0100] "GET /platby/uwoy9/conor-mcgregor-cousin HTTP/1.1" 200 11130 "-" "Mozilla/5.0 (compatible; SemrushBot/7~bl; +http://www.semrush.com/bot.html)"
85.208.96.208 - - [01/Dec/2025:10:47:43 +0100] "GET /platby/aohwuyx/affordable-engagement-rings-singapore HTTP/1.1" 200 15035 "-" "Mozilla/5.0 (compatible; SemrushBot/7~bl; +http://www.semrush.com/bot.html)"
114.119.152.142 - - [01/Dec/2025:10:47:57 +0100] "GET /platby/uwoy9/federation-of-chamber-of-commerce-and-industry HTTP/1.1" 200 13169 "http://ispc.klape.eu/platby/uwoy9/christopher-jackson-scarsdale" "Mozilla/5.0 (Linux; Android 7.0;) AppleWebKit/537.36 (KHTML, like Gecko) Mobile Safari/537.36 (compatible; PetalBot;+https://webmaster.petalsearch.com/site/petalbot)"
185.191.171.5 - - [01/Dec/2025:10:48:12 +0100] "GET /platby/aohwuyx/florida-state-seminoles-name-change HTTP/1.1" 200 13153 "-" "Mozilla/5.0 (compatible; SemrushBot/7~bl; +http://www.semrush.com/bot.html)"
85.208.96.197 - - [01/Dec/2025:10:48:13 +0100] "GET /platby/qqap/westminster-college-fulton HTTP/1.1" 200 6559 "-" "Mozilla/5.0 (compatible; SemrushBot/7~bl; +http://www.semrush.com/bot.html)"
185.191.171.12 - - [01/Dec/2025:10:48:15 +0100] "GET /platby/qqap/water-temperature-turkey HTTP/1.1" 200 7401 "-" "Mozilla/5.0 (compatible; SemrushBot/7~bl; +http://www.semrush.com/bot.html)"
85.208.96.193 - - [01/Dec/2025:10:48:22 +0100] "GET /platby/72zbxoz/the-voice-belgium-judges-names HTTP/1.1" 200 10914 "-" "Mozilla/5.0 (compatible; SemrushBot/7~bl; +http://www.semrush.com/bot.html)"
185.191.171.3 - - [01/Dec/2025:10:48:25 +0100] "GET /platby/qqap/in-loving-memory-sayings HTTP/1.1" 200 8028 "-" "Mozilla/5.0 (compatible; SemrushBot/7~bl; +http://www.semrush.com/bot.html)"
185.191.171.3 - - [01/Dec/2025:10:48:27 +0100] "GET /platby/qqap/diversity,-equity-and-inclusion-scope-of-work HTTP/1.1" 200 10683 "-" "Mozilla/5.0 (compatible; SemrushBot/7~bl; +http://www.semrush.com/bot.html)"
85.208.96.209 - - [01/Dec/2025:10:48:41 +0100] "GET /platby/uwoy9/motorola-edge-screen-issues-fixed HTTP/1.1" 200 13362 "-" "Mozilla/5.0 (compatible; SemrushBot/7~bl; +http://www.semrush.com/bot.html)"
85.208.96.208 - - [01/Dec/2025:10:48:44 +0100] "GET /platby/qqap/ethical-jewelry-canada HTTP/1.1" 200 13090 "-" "Mozilla/5.0 (compatible; SemrushBot/7~bl; +http://www.semrush.com/bot.html)"
85.208.96.209 - - [01/Dec/2025:10:48:48 +0100] "GET /platby/72zbxoz/2pac-me-against-the-world-hoodie HTTP/1.1" 200 8267 "-" "Mozilla/5.0 (compatible; SemrushBot/7~bl; +http://www.semrush.com/bot.html)"
85.208.96.193 - - [01/Dec/2025:10:49:45 +0100] "GET /platby/72zbxoz/san-jose-sharks-draft-2021 HTTP/1.1" 200 13673 "-" "Mozilla/5.0 (compatible; SemrushBot/7~bl; +http://www.semrush.com/bot.html)"
185.191.171.12 - - [01/Dec/2025:10:50:18 +0100] "GET /platby/aohwuyx/intercultural-development-continuum HTTP/1.1" 200 9227 "-" "Mozilla/5.0 (compatible; SemrushBot/7~bl; +http://www.semrush.com/bot.html)"
85.208.96.193 - - [01/Dec/2025:10:50:20 +0100] "GET /platby/aohwuyx/german-holiday-calendar-2020 HTTP/1.1" 200 9644 "-" "Mozilla/5.0 (compatible; SemrushBot/7~bl; +http://www.semrush.com/bot.html)"
85.208.96.194 - - [01/Dec/2025:10:50:31 +0100] "GET /platby/uwoy9/newport-restaurant-group-owner HTTP/1.1" 200 8476 "-" "Mozilla/5.0 (compatible; SemrushBot/7~bl; +http://www.semrush.com/bot.html)"
137.184.95.220 - - [01/Dec/2025:10:50:39 +0100] "\x16\x03\x01" 403 265 "-" "-"
137.184.95.220 - - [01/Dec/2025:10:50:39 +0100] "\x16\x03\x01" 403 265 "-" "-"
137.184.95.220 - - [01/Dec/2025:10:50:41 +0100] "\x16\x03\x01" 403 265 "-" "-"
137.184.95.220 - - [01/Dec/2025:10:50:41 +0100] "\x16\x03\x01" 403 265 "-" "-"
85.208.96.197 - - [01/Dec/2025:10:50:42 +0100] "GET /platby/hca/bilingual-intelligence HTTP/1.1" 200 7852 "-" "Mozilla/5.0 (compatible; SemrushBot/7~bl; +http://www.semrush.com/bot.html)"
114.119.140.102 - - [01/Dec/2025:10:50:43 +0100] "GET /platby/qqap/moody's-knowledge-portal HTTP/1.1" 200 6241 "http://ispc.klape.eu/platby/qqap/moody%27s-knowledge-portal" "Mozilla/5.0 (Linux; Android 7.0;) AppleWebKit/537.36 (KHTML, like Gecko) Mobile Safari/537.36 (compatible; PetalBot;+https://webmaster.petalsearch.com/site/petalbot)"
185.191.171.13 - - [01/Dec/2025:10:50:44 +0100] "GET /platby/aohwuyx/mission-of-the-united-nations HTTP/1.1" 200 8656 "-" "Mozilla/5.0 (compatible; SemrushBot/7~bl; +http://www.semrush.com/bot.html)"
85.208.96.193 - - [01/Dec/2025:10:50:57 +0100] "GET /platby/aohwuyx/australian-scholarships-for-international-students-2021-2022 HTTP/1.1" 200 12206 "-" "Mozilla/5.0 (compatible; SemrushBot/7~bl; +http://www.semrush.com/bot.html)"
85.208.96.196 - - [01/Dec/2025:10:51:31 +0100] "GET /platby/hca/homes-for-sale-by-owner-munising,-mi HTTP/1.1" 200 8470 "-" "Mozilla/5.0 (compatible; SemrushBot/7~bl; +http://www.semrush.com/bot.html)"
185.191.171.18 - - [01/Dec/2025:10:51:45 +0100] "GET /platby/uwoy9/duck-duck-goose-pick-up-line HTTP/1.1" 200 9720 "-" "Mozilla/5.0 (compatible; SemrushBot/7~bl; +http://www.semrush.com/bot.html)"
185.191.171.5 - - [01/Dec/2025:10:52:02 +0100] "GET /platby/qqap/jurassic-park-logo-template HTTP/1.1" 200 7252 "-" "Mozilla/5.0 (compatible; SemrushBot/7~bl; +http://www.semrush.com/bot.html)"
185.191.171.1 - - [01/Dec/2025:10:52:25 +0100] "GET /platby/aohwuyx/can-you-keep-a-secret-book-ending HTTP/1.1" 200 10594 "-" "Mozilla/5.0 (compatible; SemrushBot/7~bl; +http://www.semrush.com/bot.html)"
85.208.96.194 - - [01/Dec/2025:10:52:41 +0100] "GET /platby/aohwuyx/tiny-house-builders-midwest HTTP/1.1" 200 14212 "-" "Mozilla/5.0 (compatible; SemrushBot/7~bl; +http://www.semrush.com/bot.html)"
85.208.96.202 - - [01/Dec/2025:10:52:47 +0100] "GET /platby/qqap/what-did-ollie-robinson-tweets HTTP/1.1" 200 8909 "-" "Mozilla/5.0 (compatible; SemrushBot/7~bl; +http://www.semrush.com/bot.html)"
185.191.171.13 - - [01/Dec/2025:10:52:49 +0100] "GET /platby/hca/pros-and-cons-of-student-loans HTTP/1.1" 200 7738 "-" "Mozilla/5.0 (compatible; SemrushBot/7~bl; +http://www.semrush.com/bot.html)"
185.191.171.6 - - [01/Dec/2025:10:52:50 +0100] "GET /platby/hca/huawei-p10-lite-power-button-not-working HTTP/1.1" 200 6839 "-" "Mozilla/5.0 (compatible; SemrushBot/7~bl; +http://www.semrush.com/bot.html)"
85.208.96.212 - - [01/Dec/2025:10:52:59 +0100] "GET /platby/qqap/youth-football-camps-michigan-2021 HTTP/1.1" 200 8024 "-" "Mozilla/5.0 (compatible; SemrushBot/7~bl; +http://www.semrush.com/bot.html)"
98.89.254.180 - - [01/Dec/2025:10:53:07 +0100] "\x16\x03\x03\x01\x1d\x01" 403 265 "-" "-"
85.208.96.203 - - [01/Dec/2025:10:53:20 +0100] "GET /platby/qqap/what-happened-at-pearl-harbor HTTP/1.1" 200 7944 "-" "Mozilla/5.0 (compatible; SemrushBot/7~bl; +http://www.semrush.com/bot.html)"
114.119.139.112 - - [01/Dec/2025:10:53:32 +0100] "GET /platby/qqap/hyperbole-oxford-dictionary HTTP/1.1" 200 8655 "http://ispc.klape.eu/platby/qqap/hebrews-13:5-6-reflection" "Mozilla/5.0 (Linux; Android 7.0;) AppleWebKit/537.36 (KHTML, like Gecko) Mobile Safari/537.36 (compatible; PetalBot;+https://webmaster.petalsearch.com/site/petalbot)"
85.208.96.196 - - [01/Dec/2025:10:53:43 +0100] "GET /platby/qqap/oak-park-school-district-employment HTTP/1.1" 200 12971 "-" "Mozilla/5.0 (compatible; SemrushBot/7~bl; +http://www.semrush.com/bot.html)"
185.191.171.17 - - [01/Dec/2025:10:53:59 +0100] "GET /platby/72zbxoz/giovanni-carmazzi-rhodes-scholar HTTP/1.1" 200 11095 "-" "Mozilla/5.0 (compatible; SemrushBot/7~bl; +http://www.semrush.com/bot.html)"
85.208.96.193 - - [01/Dec/2025:10:54:28 +0100] "GET /platby/aohwuyx/2014-team-canada-world-junior-roster HTTP/1.1" 200 13220 "-" "Mozilla/5.0 (compatible; SemrushBot/7~bl; +http://www.semrush.com/bot.html)"
85.208.96.200 - - [01/Dec/2025:10:54:32 +0100] "GET /platby/qqap/africa-university-programmes-2021-pdf HTTP/1.1" 200 6796 "-" "Mozilla/5.0 (compatible; SemrushBot/7~bl; +http://www.semrush.com/bot.html)"
85.208.96.211 - - [01/Dec/2025:10:54:48 +0100] "GET /platby/hca/are-washington-hawthorn-berries-edible HTTP/1.1" 200 12787 "-" "Mozilla/5.0 (compatible; SemrushBot/7~bl; +http://www.semrush.com/bot.html)"
185.191.171.18 - - [01/Dec/2025:10:54:53 +0100] "GET /platby/aohwuyx/imagine-festival-2019 HTTP/1.1" 200 10964 "-" "Mozilla/5.0 (compatible; SemrushBot/7~bl; +http://www.semrush.com/bot.html)"
85.208.96.201 - - [01/Dec/2025:10:54:57 +0100] "GET /platby/hca/how-do-you-make-your-paragraph-flow HTTP/1.1" 200 6709 "-" "Mozilla/5.0 (compatible; SemrushBot/7~bl; +http://www.semrush.com/bot.html)"
185.191.171.8 - - [01/Dec/2025:10:55:27 +0100] "GET /platby/hca/front-yard-landscaping-ideas-michigan HTTP/1.1" 200 7719 "-" "Mozilla/5.0 (compatible; SemrushBot/7~bl; +http://www.semrush.com/bot.html)"
185.191.171.6 - - [01/Dec/2025:10:55:41 +0100] "GET /platby/aohwuyx/alhambra-high-school-enrollment HTTP/1.1" 200 7938 "-" "Mozilla/5.0 (compatible; SemrushBot/7~bl; +http://www.semrush.com/bot.html)"
85.208.96.207 - - [01/Dec/2025:10:55:54 +0100] "GET /platby/qqap/ferrari-ki-sawaari-car-owner HTTP/1.1" 200 6741 "-" "Mozilla/5.0 (compatible; SemrushBot/7~bl; +http://www.semrush.com/bot.html)"
85.208.96.209 - - [01/Dec/2025:10:56:15 +0100] "GET /platby/uwoy9/russian-twist-before-and-after HTTP/1.1" 200 13278 "-" "Mozilla/5.0 (compatible; SemrushBot/7~bl; +http://www.semrush.com/bot.html)"
85.208.96.194 - - [01/Dec/2025:10:56:17 +0100] "GET /platby/aohwuyx/reasons-for-choosing-secondary-school HTTP/1.1" 200 8873 "-" "Mozilla/5.0 (compatible; SemrushBot/7~bl; +http://www.semrush.com/bot.html)"
114.119.130.237 - - [01/Dec/2025:10:56:21 +0100] "GET /platby/qqap/best-12-year-old-soccer-player HTTP/1.1" 200 11156 "http://ispc.klape.eu/platby/qqap/best-12-year-old-soccer-player" "Mozilla/5.0 (Linux; Android 7.0;) AppleWebKit/537.36 (KHTML, like Gecko) Mobile Safari/537.36 (compatible; PetalBot;+https://webmaster.petalsearch.com/site/petalbot)"
185.191.171.12 - - [01/Dec/2025:10:56:26 +0100] "GET /platby/qqap/how-to-help-black-students-succeed HTTP/1.1" 200 12419 "-" "Mozilla/5.0 (compatible; SemrushBot/7~bl; +http://www.semrush.com/bot.html)"
85.208.96.198 - - [01/Dec/2025:10:56:47 +0100] "GET /platby/hca/pitt-data-science-major HTTP/1.1" 200 7974 "-" "Mozilla/5.0 (compatible; SemrushBot/7~bl; +http://www.semrush.com/bot.html)"
85.208.96.200 - - [01/Dec/2025:10:56:50 +0100] "GET /platby/aohwuyx/irs-guidelines-for-starting-a-scholarship-fund HTTP/1.1" 200 12500 "-" "Mozilla/5.0 (compatible; SemrushBot/7~bl; +http://www.semrush.com/bot.html)"
185.191.171.7 - - [01/Dec/2025:10:56:58 +0100] "GET /platby/qqap/fraudcast-news-references HTTP/1.1" 200 8790 "-" "Mozilla/5.0 (compatible; SemrushBot/7~bl; +http://www.semrush.com/bot.html)"
101.199.254.203 - - [01/Dec/2025:10:57:03 +0100] "\x16\x03\x01\x018\x01" 403 265 "-" "-"
101.199.254.233 - - [01/Dec/2025:10:57:04 +0100] "GET / HTTP/1.1" 403 276 "-" "Mozilla/5.0 (Macintosh; Intel Mac OS X 10_15_7) AppleWebKit/537.36 (KHTML, like Gecko) Chrome/120.0.0.0 Safari/537.36 Edg/120.0.0.0"
101.199.254.209 - - [01/Dec/2025:10:57:08 +0100] "GET /favicon.ico HTTP/1.1" 403 237 "-" "Mozilla/5.0 (Macintosh; Intel Mac OS X 10_7_0) AppleWebKit/535.11 (KHTML, like Gecko) Chrome/17.0.963.56 Safari/535.11"
101.199.254.232 - - [01/Dec/2025:10:57:11 +0100] "GET /robots.txt HTTP/1.1" 403 236 "-" "Mozilla/5.0 (Macintosh; Intel Mac OS X 10_7_0) AppleWebKit/535.11 (KHTML, like Gecko) Chrome/17.0.963.56 Safari/535.11"
79.124.40.174 - - [01/Dec/2025:10:57:13 +0100] "\x16\x03\x01\x05\xa8\x01" 403 265 "-" "-"
101.199.254.203 - - [01/Dec/2025:10:57:14 +0100] "GET /sitemap.xml HTTP/1.1" 403 237 "-" "Mozilla/5.0 (Macintosh; Intel Mac OS X 10_7_0) AppleWebKit/535.11 (KHTML, like Gecko) Chrome/17.0.963.56 Safari/535.11"
85.208.96.197 - - [01/Dec/2025:10:57:25 +0100] "GET /platby/72zbxoz/all-i-need-lloyd-slowed-1-hour HTTP/1.1" 200 15236 "-" "Mozilla/5.0 (compatible; SemrushBot/7~bl; +http://www.semrush.com/bot.html)"
185.191.171.17 - - [01/Dec/2025:10:57:37 +0100] "GET /platby/hca/bbc-breakfast-presenters-2021 HTTP/1.1" 200 8787 "-" "Mozilla/5.0 (compatible; SemrushBot/7~bl; +http://www.semrush.com/bot.html)"
85.208.96.202 - - [01/Dec/2025:10:57:57 +0100] "GET /platby/hca/construction-companies HTTP/1.1" 200 11960 "-" "Mozilla/5.0 (compatible; SemrushBot/7~bl; +http://www.semrush.com/bot.html)"
200.14.81.249 - - [01/Dec/2025:10:58:16 +0100] "\x16\x03\x01\x02" 403 265 "-" "-"
85.208.96.212 - - [01/Dec/2025:10:58:32 +0100] "GET /platby/uwoy9/react-set-cookie-from-response HTTP/1.1" 200 15403 "-" "Mozilla/5.0 (compatible; SemrushBot/7~bl; +http://www.semrush.com/bot.html)"
185.191.171.18 - - [01/Dec/2025:10:58:34 +0100] "GET /platby/uwoy9/can-you-plant-rudbeckia-seeds-in-the-fall HTTP/1.1" 200 9483 "-" "Mozilla/5.0 (compatible; SemrushBot/7~bl; +http://www.semrush.com/bot.html)"
204.76.203.206 - - [01/Dec/2025:10:58:49 +0100] "GET /" 400 468 "-" "-"
85.208.96.204 - - [01/Dec/2025:10:58:52 +0100] "GET /platby/aohwuyx/blackburn-rovers-fans HTTP/1.1" 200 7343 "-" "Mozilla/5.0 (compatible; SemrushBot/7~bl; +http://www.semrush.com/bot.html)"
85.208.96.202 - - [01/Dec/2025:10:59:00 +0100] "GET /platby/aohwuyx/bentonville-parks-and-trails HTTP/1.1" 200 13878 "-" "Mozilla/5.0 (compatible; SemrushBot/7~bl; +http://www.semrush.com/bot.html)"
85.208.96.210 - - [01/Dec/2025:10:59:02 +0100] "GET /platby/hca/robertson-fifa-21-rating HTTP/1.1" 200 7721 "-" "Mozilla/5.0 (compatible; SemrushBot/7~bl; +http://www.semrush.com/bot.html)"
85.208.96.207 - - [01/Dec/2025:10:59:03 +0100] "GET /platby/hca/archie-goodwin-legman HTTP/1.1" 200 9681 "-" "Mozilla/5.0 (compatible; SemrushBot/7~bl; +http://www.semrush.com/bot.html)"
114.119.130.237 - - [01/Dec/2025:10:59:09 +0100] "GET /platby/article.php?5d4c26=walmart-women's-clothes HTTP/1.1" 200 5171 "http://ispc.klape.eu/platby/article.php?5d4c26=14-minutes-from-earth-wikipedia" "Mozilla/5.0 (Linux; Android 7.0;) AppleWebKit/537.36 (KHTML, like Gecko) Mobile Safari/537.36 (compatible; PetalBot;+https://webmaster.petalsearch.com/site/petalbot)"
85.208.96.210 - - [01/Dec/2025:10:59:19 +0100] "GET /platby/hca/advantages-and-disadvantages-of-co-creation HTTP/1.1" 200 10447 "-" "Mozilla/5.0 (compatible; SemrushBot/7~bl; +http://www.semrush.com/bot.html)"
85.208.96.202 - - [01/Dec/2025:10:59:28 +0100] "GET /platby/uwoy9/funny-chicken-coop-signs HTTP/1.1" 200 14480 "-" "Mozilla/5.0 (compatible; SemrushBot/7~bl; +http://www.semrush.com/bot.html)"
204.76.203.206 - - [01/Dec/2025:11:00:22 +0100] "GET / HTTP/1.1" 200 316 "-" "Mozilla/5.0 (Windows NT 10.0; Win64; x64) AppleWebKit/537.36 (KHTML, like Gecko) Chrome/90.0.4430.85 Safari/537.36 Edg/90.0.818.46"
85.208.96.206 - - [01/Dec/2025:11:00:24 +0100] "GET /platby/aohwuyx/install-dosbox-ubuntu HTTP/1.1" 200 9182 "-" "Mozilla/5.0 (compatible; SemrushBot/7~bl; +http://www.semrush.com/bot.html)"
185.191.171.14 - - [01/Dec/2025:11:00:26 +0100] "GET /platby/uwoy9/diversity-and-inclusion-courses-uk HTTP/1.1" 200 9691 "-" "Mozilla/5.0 (compatible; SemrushBot/7~bl; +http://www.semrush.com/bot.html)"
85.208.96.194 - - [01/Dec/2025:11:00:32 +0100] "GET /platby/72zbxoz/eugenie-clark-national-geographic HTTP/1.1" 200 12644 "-" "Mozilla/5.0 (compatible; SemrushBot/7~bl; +http://www.semrush.com/bot.html)"
185.191.171.10 - - [01/Dec/2025:11:00:45 +0100] "GET /platby/qqap/denver-university-hockey-stats HTTP/1.1" 200 6053 "-" "Mozilla/5.0 (compatible; SemrushBot/7~bl; +http://www.semrush.com/bot.html)"
82.223.30.60 - - [01/Dec/2025:11:00:45 +0100] "\x16\x03\x01\x05\xbb\x01" 403 265 "-" "-"
85.208.96.194 - - [01/Dec/2025:11:00:54 +0100] "GET /platby/uwoy9/how-long-ago-did-the-genus-rhinella-likely-diverge HTTP/1.1" 200 10623 "-" "Mozilla/5.0 (compatible; SemrushBot/7~bl; +http://www.semrush.com/bot.html)"
85.208.96.201 - - [01/Dec/2025:11:00:57 +0100] "GET /platby/aohwuyx/low-income-apartments-for-rent-in-miami-dade-county HTTP/1.1" 200 13601 "-" "Mozilla/5.0 (compatible; SemrushBot/7~bl; +http://www.semrush.com/bot.html)"
85.208.96.193 - - [01/Dec/2025:11:01:01 +0100] "GET /platby/hca/jefferson-county-zoning-ordinance HTTP/1.1" 200 9825 "-" "Mozilla/5.0 (compatible; SemrushBot/7~bl; +http://www.semrush.com/bot.html)"
185.191.171.1 - - [01/Dec/2025:11:01:21 +0100] "GET /platby/aohwuyx/imran-khan-actor-wife HTTP/1.1" 200 12562 "-" "Mozilla/5.0 (compatible; SemrushBot/7~bl; +http://www.semrush.com/bot.html)"
185.191.171.17 - - [01/Dec/2025:11:01:44 +0100] "GET /platby/72zbxoz/harvard-diversity-and-inclusion-course HTTP/1.1" 200 9704 "-" "Mozilla/5.0 (compatible; SemrushBot/7~bl; +http://www.semrush.com/bot.html)"
85.208.96.201 - - [01/Dec/2025:11:01:57 +0100] "GET /platby/qqap/james-from-unspeakable-full-name HTTP/1.1" 200 7231 "-" "Mozilla/5.0 (compatible; SemrushBot/7~bl; +http://www.semrush.com/bot.html)"
114.119.139.112 - - [01/Dec/2025:11:01:57 +0100] "GET /platby/article.php?5d4c26=university-of-michigan-oos-scholarships HTTP/1.1" 200 6764 "http://ispc.klape.eu/platby/article.php?5d4c26=university-of-michigan-oos-scholarships" "Mozilla/5.0 (Linux; Android 7.0;) AppleWebKit/537.36 (KHTML, like Gecko) Mobile Safari/537.36 (compatible; PetalBot;+https://webmaster.petalsearch.com/site/petalbot)"
204.76.203.212 - - [01/Dec/2025:11:02:24 +0100] "GET /" 400 468 "-" "-"
85.208.96.204 - - [01/Dec/2025:11:02:42 +0100] "GET /platby/hca/quinn-meinerz-pro-day-measurements HTTP/1.1" 200 9781 "-" "Mozilla/5.0 (compatible; SemrushBot/7~bl; +http://www.semrush.com/bot.html)"
85.208.96.200 - - [01/Dec/2025:11:02:43 +0100] "GET /platby/qqap/syosset-high-school-college-acceptance-2020 HTTP/1.1" 200 11806 "-" "Mozilla/5.0 (compatible; SemrushBot/7~bl; +http://www.semrush.com/bot.html)"
198.235.24.26 - - [01/Dec/2025:11:03:00 +0100] "GET / HTTP/1.1" 200 1867 "-" "-"
185.191.171.10 - - [01/Dec/2025:11:03:04 +0100] "GET /platby/uwoy9/nicky-katt-batman-and-robin HTTP/1.1" 200 9705 "-" "Mozilla/5.0 (compatible; SemrushBot/7~bl; +http://www.semrush.com/bot.html)"
185.191.171.7 - - [01/Dec/2025:11:03:10 +0100] "GET /platby/aohwuyx/gentleman-definition-1600s HTTP/1.1" 200 16310 "-" "Mozilla/5.0 (compatible; SemrushBot/7~bl; +http://www.semrush.com/bot.html)"
85.208.96.206 - - [01/Dec/2025:11:03:12 +0100] "GET /platby/hca/zach-williams-survivor-piano-chords HTTP/1.1" 200 10374 "-" "Mozilla/5.0 (compatible; SemrushBot/7~bl; +http://www.semrush.com/bot.html)"
185.191.171.11 - - [01/Dec/2025:11:03:14 +0100] "GET /platby/uwoy9/paul-gambaccini-america's-greatest-hits HTTP/1.1" 200 11687 "-" "Mozilla/5.0 (compatible; SemrushBot/7~bl; +http://www.semrush.com/bot.html)"
85.208.96.206 - - [01/Dec/2025:11:03:47 +0100] "GET /platby/hca/alrighty-then-sound-effect HTTP/1.1" 200 12577 "-" "Mozilla/5.0 (compatible; SemrushBot/7~bl; +http://www.semrush.com/bot.html)"
85.208.96.203 - - [01/Dec/2025:11:03:51 +0100] "GET /platby/qqap/event-planning-template-microsoft HTTP/1.1" 200 6818 "-" "Mozilla/5.0 (compatible; SemrushBot/7~bl; +http://www.semrush.com/bot.html)"
85.208.96.196 - - [01/Dec/2025:11:04:33 +0100] "GET /platby/72zbxoz/basis-flagstaff-ranking HTTP/1.1" 200 7940 "-" "Mozilla/5.0 (compatible; SemrushBot/7~bl; +http://www.semrush.com/bot.html)"
85.208.96.212 - - [01/Dec/2025:11:04:37 +0100] "GET /platby/qqap/oklahoma-city-university-ielts-requirement HTTP/1.1" 200 12999 "-" "Mozilla/5.0 (compatible; SemrushBot/7~bl; +http://www.semrush.com/bot.html)"
54.157.99.244 - - [01/Dec/2025:11:04:38 +0100] "GET /platby/uwoy9/fingerprint-lock-screen-prank-mod-apk HTTP/1.1" 200 10968 "-" "Mozilla/5.0 AppleWebKit/537.36 (KHTML, like Gecko; compatible; Amazonbot/0.1; +https://developer.amazon.com/support/amazonbot) Chrome/119.0.6045.214 Safari/537.36"
213.180.203.172 - - [01/Dec/2025:11:04:40 +0100] "\x16\x03\x01\x02" 403 265 "-" "-"
3.231.193.38 - - [01/Dec/2025:11:04:43 +0100] "GET /platby/uwoy9/%22model-order-reduction:-techniques-and-tools HTTP/1.1" 200 9160 "-" "Mozilla/5.0 AppleWebKit/537.36 (KHTML, like Gecko; compatible; Amazonbot/0.1; +https://developer.amazon.com/support/amazonbot) Chrome/119.0.6045.214 Safari/537.36"
3.93.211.16 - - [01/Dec/2025:11:04:46 +0100] "GET /platby/uwoy9/hawthorn-roots-near-house HTTP/1.1" 200 8781 "-" "Mozilla/5.0 AppleWebKit/537.36 (KHTML, like Gecko; compatible; Amazonbot/0.1; +https://developer.amazon.com/support/amazonbot) Chrome/119.0.6045.214 Safari/537.36"
114.119.152.142 - - [01/Dec/2025:11:04:47 +0100] "GET /platby/aohwuyx/which-individual-made-the-world-first-radio-broadcast HTTP/1.1" 200 16221 "http://ispc.klape.eu/platby/aohwuyx/which-individual-made-the-world-first-radio-broadcast" "Mozilla/5.0 (Linux; Android 7.0;) AppleWebKit/537.36 (KHTML, like Gecko) Mobile Safari/537.36 (compatible; PetalBot;+https://webmaster.petalsearch.com/site/petalbot)"
185.191.171.8 - - [01/Dec/2025:11:04:48 +0100] "GET /platby/uwoy9/paper-presentation-samples-pdf HTTP/1.1" 200 11135 "-" "Mozilla/5.0 (compatible; SemrushBot/7~bl; +http://www.semrush.com/bot.html)"
44.207.252.58 - - [01/Dec/2025:11:04:50 +0100] "GET /platby/uwoy9/yellow-jacket-nest-in-ground-boiling-water HTTP/1.1" 200 9648 "-" "Mozilla/5.0 AppleWebKit/537.36 (KHTML, like Gecko; compatible; Amazonbot/0.1; +https://developer.amazon.com/support/amazonbot) Chrome/119.0.6045.214 Safari/537.36"
185.191.171.12 - - [01/Dec/2025:11:04:52 +0100] "GET /robots.txt HTTP/1.1" 200 54 "-" "Mozilla/5.0 (compatible; SemrushBot/7~bl; +http://www.semrush.com/bot.html)"
185.191.171.6 - - [01/Dec/2025:11:04:53 +0100] "GET /platby/hca/dallas-holocaust-and-human-rights-museum-grand-opening HTTP/1.1" 200 6906 "-" "Mozilla/5.0 (compatible; SemrushBot/7~bl; +http://www.semrush.com/bot.html)"
54.225.181.161 - - [01/Dec/2025:11:04:54 +0100] "GET /platby/uwoy9/woodland-phlox-blue-moon HTTP/1.1" 200 8560 "-" "Mozilla/5.0 AppleWebKit/537.36 (KHTML, like Gecko; compatible; Amazonbot/0.1; +https://developer.amazon.com/support/amazonbot) Chrome/119.0.6045.214 Safari/537.36"
85.208.96.208 - - [01/Dec/2025:11:05:04 +0100] "GET /platby/72zbxoz/holy-cross-women's-hockey-coach HTTP/1.1" 200 7538 "-" "Mozilla/5.0 (compatible; SemrushBot/7~bl; +http://www.semrush.com/bot.html)"
85.208.96.202 - - [01/Dec/2025:11:05:12 +0100] "GET /platby/qqap/simmons-university-dean HTTP/1.1" 200 7691 "-" "Mozilla/5.0 (compatible; SemrushBot/7~bl; +http://www.semrush.com/bot.html)"
185.191.171.11 - - [01/Dec/2025:11:05:16 +0100] "GET /platby/aohwuyx/hunter-dozier-fantasy HTTP/1.1" 200 12791 "-" "Mozilla/5.0 (compatible; SemrushBot/7~bl; +http://www.semrush.com/bot.html)"
85.208.96.206 - - [01/Dec/2025:11:05:40 +0100] "GET /platby/uwoy9/deepwater-horizon-oil-spill-environmental-impact HTTP/1.1" 200 8099 "-" "Mozilla/5.0 (compatible; SemrushBot/7~bl; +http://www.semrush.com/bot.html)"
185.191.171.12 - - [01/Dec/2025:11:06:05 +0100] "GET /platby/hca/track-and-field-olympics-2021 HTTP/1.1" 200 9653 "-" "Mozilla/5.0 (compatible; SemrushBot/7~bl; +http://www.semrush.com/bot.html)"
185.191.171.7 - - [01/Dec/2025:11:06:15 +0100] "GET /platby/72zbxoz/hello-my-fellow-colleagues HTTP/1.1" 200 9740 "-" "Mozilla/5.0 (compatible; SemrushBot/7~bl; +http://www.semrush.com/bot.html)"
85.208.96.207 - - [01/Dec/2025:11:06:51 +0100] "GET /platby/qqap/percheron-characteristics HTTP/1.1" 200 6529 "-" "Mozilla/5.0 (compatible; SemrushBot/7~bl; +http://www.semrush.com/bot.html)"
185.191.171.7 - - [01/Dec/2025:11:06:52 +0100] "GET /platby/qqap/exam-paper-presentation-sample-pdf HTTP/1.1" 200 10359 "-" "Mozilla/5.0 (compatible; SemrushBot/7~bl; +http://www.semrush.com/bot.html)"
85.208.96.207 - - [01/Dec/2025:11:07:16 +0100] "GET /platby/aohwuyx/what-denomination-is-village-church-surrey HTTP/1.1" 200 10469 "-" "Mozilla/5.0 (compatible; SemrushBot/7~bl; +http://www.semrush.com/bot.html)"
185.191.171.17 - - [01/Dec/2025:11:07:18 +0100] "GET /platby/72zbxoz/lancaster-vs-orchard-park-football-score HTTP/1.1" 200 14804 "-" "Mozilla/5.0 (compatible; SemrushBot/7~bl; +http://www.semrush.com/bot.html)"
185.191.171.16 - - [01/Dec/2025:11:07:34 +0100] "GET /platby/uwoy9/yohji-yamamoto-perfume-1996 HTTP/1.1" 200 15406 "-" "Mozilla/5.0 (compatible; SemrushBot/7~bl; +http://www.semrush.com/bot.html)"
114.119.152.142 - - [01/Dec/2025:11:07:34 +0100] "GET /platby/qqap/indoor-plants-that-like-morning-sun-and-afternoon-shade HTTP/1.1" 200 6716 "http://ispc.klape.eu/platby/qqap/shallow-pronunciation" "Mozilla/5.0 (Linux; Android 7.0;) AppleWebKit/537.36 (KHTML, like Gecko) Mobile Safari/537.36 (compatible; PetalBot;+https://webmaster.petalsearch.com/site/petalbot)"
185.191.171.14 - - [01/Dec/2025:11:07:41 +0100] "GET /platby/hca/puerile-retort-crossword HTTP/1.1" 200 8898 "-" "Mozilla/5.0 (compatible; SemrushBot/7~bl; +http://www.semrush.com/bot.html)"
185.191.171.16 - - [01/Dec/2025:11:07:52 +0100] "GET /platby/aohwuyx/electric-brooder-heater HTTP/1.1" 200 10212 "-" "Mozilla/5.0 (compatible; SemrushBot/7~bl; +http://www.semrush.com/bot.html)"
185.191.171.16 - - [01/Dec/2025:11:08:25 +0100] "GET /platby/72zbxoz/air-jordan-1-edge-glow-women's HTTP/1.1" 200 13156 "-" "Mozilla/5.0 (compatible; SemrushBot/7~bl; +http://www.semrush.com/bot.html)"
195.178.110.240 - - [01/Dec/2025:11:08:31 +0100] "\x16\x03\x01" 403 265 "-" "-"
195.178.110.240 - - [01/Dec/2025:11:08:32 +0100] "GET / HTTP/1.1" 403 252 "-" "-"
195.178.110.240 - - [01/Dec/2025:11:08:32 +0100] "GET / HTTP/1.1" 403 266 "-" "l9tcpid/v1.1.0"
195.178.110.240 - - [01/Dec/2025:11:08:32 +0100] "GET /api/.git/config HTTP/1.1" 403 235 "-" "l9explore/1.2.2"
195.178.110.240 - - [01/Dec/2025:11:08:32 +0100] "GET /www/.git/config HTTP/1.1" 403 236 "-" "l9explore/1.2.2"
195.178.110.240 - - [01/Dec/2025:11:08:32 +0100] "GET /prod/.env HTTP/1.1" 403 230 "-" "l9explore/1.2.2"
195.178.110.240 - - [01/Dec/2025:11:08:32 +0100] "GET /docker-compose.prod.yml HTTP/1.1" 403 240 "-" "l9explore/1.2.2"
195.178.110.240 - - [01/Dec/2025:11:08:32 +0100] "GET /.envrc HTTP/1.1" 403 228 "-" "l9explore/1.2.2"
195.178.110.240 - - [01/Dec/2025:11:08:32 +0100] "GET /.env.production.local HTTP/1.1" 403 238 "-" "l9explore/1.2.2"
195.178.110.240 - - [01/Dec/2025:11:08:32 +0100] "GET /.env.development.local HTTP/1.1" 403 239 "-" "l9explore/1.2.2"
195.178.110.240 - - [01/Dec/2025:11:08:32 +0100] "GET /.env.live HTTP/1.1" 403 230 "-" "l9explore/1.2.2"
195.178.110.240 - - [01/Dec/2025:11:08:32 +0100] "GET /.env.local HTTP/1.1" 403 231 "-" "l9explore/1.2.2"
195.178.110.240 - - [01/Dec/2025:11:08:32 +0100] "GET /config/.env HTTP/1.1" 403 233 "-" "l9explore/1.2.2"
195.178.110.240 - - [01/Dec/2025:11:08:32 +0100] "GET /.env.sandbox HTTP/1.1" 403 233 "-" "l9explore/1.2.2"
195.178.110.240 - - [01/Dec/2025:11:08:32 +0100] "GET /.env.config HTTP/1.1" 403 233 "-" "l9explore/1.2.2"
195.178.110.240 - - [01/Dec/2025:11:08:32 +0100] "GET /.env.dist HTTP/1.1" 403 230 "-" "l9explore/1.2.2"
195.178.110.240 - - [01/Dec/2025:11:08:32 +0100] "GET /.git/config HTTP/1.1" 403 233 "-" "l9explore/1.2.2"
195.178.110.240 - - [01/Dec/2025:11:08:32 +0100] "GET /config/.git/config HTTP/1.1" 403 234 "-" "l9explore/1.2.2"
195.178.110.240 - - [01/Dec/2025:11:08:32 +0100] "GET /.env.production HTTP/1.1" 403 234 "-" "l9explore/1.2.2"
195.178.110.240 - - [01/Dec/2025:11:08:32 +0100] "GET /build/.env HTTP/1.1" 403 231 "-" "l9explore/1.2.2"
195.178.110.240 - - [01/Dec/2025:11:08:32 +0100] "GET /cms/.git/config HTTP/1.1" 403 235 "-" "l9explore/1.2.2"
195.178.110.240 - - [01/Dec/2025:11:08:32 +0100] "GET /static../.git/config HTTP/1.1" 403 238 "-" "l9explore/1.2.2"
195.178.110.240 - - [01/Dec/2025:11:08:32 +0100] "GET /.env.bak HTTP/1.1" 403 230 "-" "l9explore/1.2.2"
195.178.110.240 - - [01/Dec/2025:11:08:32 +0100] "GET /.env HTTP/1.1" 403 227 "-" "l9explore/1.2.2"
195.178.110.240 - - [01/Dec/2025:11:08:33 +0100] "GET /server/.git/config HTTP/1.1" 403 235 "-" "l9explore/1.2.2"
195.178.110.240 - - [01/Dec/2025:11:08:33 +0100] "GET /media/.git/config HTTP/1.1" 403 237 "-" "l9explore/1.2.2"
195.178.110.240 - - [01/Dec/2025:11:08:33 +0100] "GET /files/.git/config HTTP/1.1" 403 237 "-" "l9explore/1.2.2"
195.178.110.240 - - [01/Dec/2025:11:08:33 +0100] "GET /public/.git/config HTTP/1.1" 403 238 "-" "l9explore/1.2.2"
195.178.110.240 - - [01/Dec/2025:11:08:33 +0100] "GET /assets../.git/config HTTP/1.1" 403 238 "-" "l9explore/1.2.2"
195.178.110.240 - - [01/Dec/2025:11:08:33 +0100] "GET /data/.git/config HTTP/1.1" 403 236 "-" "l9explore/1.2.2"
195.178.110.240 - - [01/Dec/2025:11:08:33 +0100] "GET /project/.git/config HTTP/1.1" 403 238 "-" "l9explore/1.2.2"
195.178.110.240 - - [01/Dec/2025:11:08:33 +0100] "GET /.env.test HTTP/1.1" 403 230 "-" "l9explore/1.2.2"
195.178.110.240 - - [01/Dec/2025:11:08:33 +0100] "GET /.env.uat HTTP/1.1" 403 230 "-" "l9explore/1.2.2"
195.178.110.240 - - [01/Dec/2025:11:08:33 +0100] "GET /.env.prod HTTP/1.1" 403 230 "-" "l9explore/1.2.2"
195.178.110.240 - - [01/Dec/2025:11:08:33 +0100] "GET /src/.git/config HTTP/1.1" 403 235 "-" "l9explore/1.2.2"
195.178.110.240 - - [01/Dec/2025:11:08:33 +0100] "GET /admin/.git/config HTTP/1.1" 403 237 "-" "l9explore/1.2.2"
195.178.110.240 - - [01/Dec/2025:11:08:33 +0100] "GET /dev/.git/config HTTP/1.1" 403 235 "-" "l9explore/1.2.2"
195.178.110.240 - - [01/Dec/2025:11:08:33 +0100] "GET /.env.dev.local HTTP/1.1" 403 234 "-" "l9explore/1.2.2"
195.178.110.240 - - [01/Dec/2025:11:08:33 +0100] "GET /.env.preprod HTTP/1.1" 403 232 "-" "l9explore/1.2.2"
195.178.110.240 - - [01/Dec/2025:11:08:33 +0100] "GET /.env_sample HTTP/1.1" 403 233 "-" "l9explore/1.2.2"
195.178.110.240 - - [01/Dec/2025:11:08:33 +0100] "GET /config.json HTTP/1.1" 403 233 "-" "l9explore/1.2.2"
195.178.110.240 - - [01/Dec/2025:11:08:33 +0100] "GET /.env.qa HTTP/1.1" 403 229 "-" "l9explore/1.2.2"
195.178.110.240 - - [01/Dec/2025:11:08:33 +0100] "GET /backup/.git/config HTTP/1.1" 403 238 "-" "l9explore/1.2.2"
195.178.110.240 - - [01/Dec/2025:11:08:33 +0100] "GET /.env.dev HTTP/1.1" 403 229 "-" "l9explore/1.2.2"
195.178.110.240 - - [01/Dec/2025:11:08:33 +0100] "GET /.env.testing HTTP/1.1" 403 232 "-" "l9explore/1.2.2"
195.178.110.240 - - [01/Dec/2025:11:08:33 +0100] "GET /.env.secret HTTP/1.1" 403 231 "-" "l9explore/1.2.2"
195.178.110.240 - - [01/Dec/2025:11:08:33 +0100] "GET /.env.staging.local HTTP/1.1" 403 237 "-" "l9explore/1.2.2"
195.178.110.240 - - [01/Dec/2025:11:08:33 +0100] "GET /.env.template HTTP/1.1" 403 233 "-" "l9explore/1.2.2"
195.178.110.240 - - [01/Dec/2025:11:08:34 +0100] "GET /core/.git/config HTTP/1.1" 403 234 "-" "l9explore/1.2.2"
195.178.110.240 - - [01/Dec/2025:11:08:34 +0100] "GET /media../.git/config HTTP/1.1" 403 238 "-" "l9explore/1.2.2"
195.178.110.240 - - [01/Dec/2025:11:08:34 +0100] "GET /.env.backup HTTP/1.1" 403 232 "-" "l9explore/1.2.2"
195.178.110.240 - - [01/Dec/2025:11:08:34 +0100] "GET /.env.save HTTP/1.1" 403 230 "-" "l9explore/1.2.2"
195.178.110.240 - - [01/Dec/2025:11:08:34 +0100] "GET /.env.prod.local HTTP/1.1" 403 234 "-" "l9explore/1.2.2"
195.178.110.240 - - [01/Dec/2025:11:08:34 +0100] "GET /settings/.env HTTP/1.1" 403 233 "-" "l9explore/1.2.2"
195.178.110.240 - - [01/Dec/2025:11:08:34 +0100] "GET /.env.testing.local HTTP/1.1" 403 237 "-" "l9explore/1.2.2"
195.178.110.240 - - [01/Dec/2025:11:08:34 +0100] "GET /app/.git/config HTTP/1.1" 403 235 "-" "l9explore/1.2.2"
195.178.110.240 - - [01/Dec/2025:11:08:34 +0100] "GET /.aws/credentials HTTP/1.1" 403 234 "-" "l9explore/1.2.2"
195.178.110.240 - - [01/Dec/2025:11:08:34 +0100] "GET /.env.default HTTP/1.1" 403 233 "-" "l9explore/1.2.2"
195.178.110.240 - - [01/Dec/2025:11:08:34 +0100] "GET /api/.env HTTP/1.1" 403 229 "-" "l9explore/1.2.2"
195.178.110.240 - - [01/Dec/2025:11:08:34 +0100] "GET /configuration/.env HTTP/1.1" 403 237 "-" "l9explore/1.2.2"
195.178.110.240 - - [01/Dec/2025:11:08:34 +0100] "GET /.env.ci HTTP/1.1" 403 229 "-" "l9explore/1.2.2"
85.208.96.200 - - [01/Dec/2025:11:08:34 +0100] "GET /platby/aohwuyx/hemlock-elementary-school-staff HTTP/1.1" 200 11248 "-" "Mozilla/5.0 (compatible; SemrushBot/7~bl; +http://www.semrush.com/bot.html)"
195.178.110.240 - - [01/Dec/2025:11:08:34 +0100] "GET /.env.stage HTTP/1.1" 403 231 "-" "l9explore/1.2.2"
185.191.171.4 - - [01/Dec/2025:11:08:42 +0100] "GET /platby/uwoy9/hilton-knoxville-airport HTTP/1.1" 200 8828 "-" "Mozilla/5.0 (compatible; SemrushBot/7~bl; +http://www.semrush.com/bot.html)"
185.191.171.13 - - [01/Dec/2025:11:08:48 +0100] "GET /platby/uwoy9/fargo-force-tryout-camp-2021 HTTP/1.1" 200 11680 "-" "Mozilla/5.0 (compatible; SemrushBot/7~bl; +http://www.semrush.com/bot.html)"
85.208.96.201 - - [01/Dec/2025:11:08:51 +0100] "GET /platby/uwoy9/cowboys-eagles-highlights HTTP/1.1" 200 11646 "-" "Mozilla/5.0 (compatible; SemrushBot/7~bl; +http://www.semrush.com/bot.html)"
185.191.171.12 - - [01/Dec/2025:11:08:54 +0100] "GET /platby/qqap/gcps-salary-schedule-2021-2022 HTTP/1.1" 200 10785 "-" "Mozilla/5.0 (compatible; SemrushBot/7~bl; +http://www.semrush.com/bot.html)"
85.208.96.212 - - [01/Dec/2025:11:09:12 +0100] "GET /platby/aohwuyx/huawei-p30-pro-charging-problems HTTP/1.1" 200 14812 "-" "Mozilla/5.0 (compatible; SemrushBot/7~bl; +http://www.semrush.com/bot.html)"
185.191.171.9 - - [01/Dec/2025:11:09:16 +0100] "GET /platby/aohwuyx/huawei-wireless-charging-table-lamp HTTP/1.1" 200 15272 "-" "Mozilla/5.0 (compatible; SemrushBot/7~bl; +http://www.semrush.com/bot.html)"
185.191.171.12 - - [01/Dec/2025:11:09:41 +0100] "GET /platby/qqap/best-university-websites-uk HTTP/1.1" 200 14130 "-" "Mozilla/5.0 (compatible; SemrushBot/7~bl; +http://www.semrush.com/bot.html)"
185.191.171.19 - - [01/Dec/2025:11:09:57 +0100] "GET /platby/uwoy9/1995-upper-deck-sp-baseball-cards-value HTTP/1.1" 200 10382 "-" "Mozilla/5.0 (compatible; SemrushBot/7~bl; +http://www.semrush.com/bot.html)"
85.208.96.206 - - [01/Dec/2025:11:10:21 +0100] "GET /platby/aohwuyx/committee-for-private-education HTTP/1.1" 200 9086 "-" "Mozilla/5.0 (compatible; SemrushBot/7~bl; +http://www.semrush.com/bot.html)"
114.119.152.142 - - [01/Dec/2025:11:10:23 +0100] "GET /platby/qqap/nba-2021-22-schedule-release-date HTTP/1.1" 200 9639 "http://ispc.klape.eu/platby/qqap/%2B-4moregreat-cocktailszenbarn,-the-reservoir,-and-more" "Mozilla/5.0 (Linux; Android 7.0;) AppleWebKit/537.36 (KHTML, like Gecko) Mobile Safari/537.36 (compatible; PetalBot;+https://webmaster.petalsearch.com/site/petalbot)"
71.6.232.29 - - [01/Dec/2025:11:10:38 +0100] "GET /" 400 468 "-" "-"
185.191.171.13 - - [01/Dec/2025:11:10:59 +0100] "GET /platby/hca/is-nicky-jam-and-valentino-related HTTP/1.1" 200 11722 "-" "Mozilla/5.0 (compatible; SemrushBot/7~bl; +http://www.semrush.com/bot.html)"
85.208.96.210 - - [01/Dec/2025:11:11:16 +0100] "GET /platby/72zbxoz/braves-stadium-capacity HTTP/1.1" 200 12384 "-" "Mozilla/5.0 (compatible; SemrushBot/7~bl; +http://www.semrush.com/bot.html)"
85.208.96.212 - - [01/Dec/2025:11:11:18 +0100] "GET /platby/72zbxoz/cleanest-amusement-parks-in-america HTTP/1.1" 200 11658 "-" "Mozilla/5.0 (compatible; SemrushBot/7~bl; +http://www.semrush.com/bot.html)"
185.191.171.16 - - [01/Dec/2025:11:11:20 +0100] "GET /platby/qqap/maryland-basketball-schedule-2020-21 HTTP/1.1" 200 6003 "-" "Mozilla/5.0 (compatible; SemrushBot/7~bl; +http://www.semrush.com/bot.html)"
85.208.96.210 - - [01/Dec/2025:11:11:30 +0100] "GET /platby/uwoy9/gitahead-documentation HTTP/1.1" 200 15233 "-" "Mozilla/5.0 (compatible; SemrushBot/7~bl; +http://www.semrush.com/bot.html)"
85.208.96.208 - - [01/Dec/2025:11:11:58 +0100] "GET /platby/qqap/isleworth-and-syon-school-number HTTP/1.1" 200 9679 "-" "Mozilla/5.0 (compatible; SemrushBot/7~bl; +http://www.semrush.com/bot.html)"
185.191.171.9 - - [01/Dec/2025:11:12:31 +0100] "GET /platby/aohwuyx/ballyhoo-south-african-band-members HTTP/1.1" 200 13553 "-" "Mozilla/5.0 (compatible; SemrushBot/7~bl; +http://www.semrush.com/bot.html)"
185.191.171.1 - - [01/Dec/2025:11:12:35 +0100] "GET /platby/aohwuyx/mall-in-singapore-with-river HTTP/1.1" 200 8911 "-" "Mozilla/5.0 (compatible; SemrushBot/7~bl; +http://www.semrush.com/bot.html)"
85.208.96.204 - - [01/Dec/2025:11:12:51 +0100] "GET /platby/uwoy9/best-car-in-carx-drift-racing-2-mobile HTTP/1.1" 200 8935 "-" "Mozilla/5.0 (compatible; SemrushBot/7~bl; +http://www.semrush.com/bot.html)"
185.191.171.8 - - [01/Dec/2025:11:12:53 +0100] "GET /platby/uwoy9/recess-school's-out-spinelli HTTP/1.1" 200 14104 "-" "Mozilla/5.0 (compatible; SemrushBot/7~bl; +http://www.semrush.com/bot.html)"
85.208.96.200 - - [01/Dec/2025:11:12:55 +0100] "GET /platby/72zbxoz/talent-development-skills HTTP/1.1" 200 9913 "-" "Mozilla/5.0 (compatible; SemrushBot/7~bl; +http://www.semrush.com/bot.html)"
185.191.171.16 - - [01/Dec/2025:11:13:06 +0100] "GET /platby/72zbxoz/ulta-mastercard-login HTTP/1.1" 200 20 "-" "Mozilla/5.0 (compatible; SemrushBot/7~bl; +http://www.semrush.com/bot.html)"
195.177.94.189 - - [01/Dec/2025:11:13:09 +0100] "GET /phpmyadmin/scripts/setup.php HTTP/1.1" 200 11106 "-" "Mozilla/4.0 (compatible; MSIE 6.0; MSIE 5.5; Windows NT 5.1) Opera 7.01 [en]"
195.177.94.189 - - [01/Dec/2025:11:13:10 +0100] "POST /phpmyadmin/scripts/setup.php HTTP/1.1" 200 18608 "http://109.105.49.240:8081/phpmyadmin/scripts/setup.php" "Mozilla/4.0 (compatible; MSIE 6.0; MSIE 5.5; Windows NT 5.1) Opera 7.01 [en]"
