185.191.171.18 - - [01/Dec/2025:12:03:11 +0100] "GET /platby/qqap/african-clawed-frog-tank HTTP/1.1" 200 8770 "-" "Mozilla/5.0 (compatible; SemrushBot/7~bl; +http://www.semrush.com/bot.html)"
85.208.96.202 - - [01/Dec/2025:12:03:24 +0100] "GET /platby/qqap/jordan-4-metallic-green HTTP/1.1" 200 6594 "-" "Mozilla/5.0 (compatible; SemrushBot/7~bl; +http://www.semrush.com/bot.html)"
114.119.128.6 - - [01/Dec/2025:12:03:43 +0100] "GET /platby/aohwuyx/how-long-do-geese-sleep-at-night HTTP/1.1" 200 9706 "http://ispc.klape.eu/platby/aohwuyx/dragon-ball-z---super-butouden-rom" "Mozilla/5.0 (Linux; Android 7.0;) AppleWebKit/537.36 (KHTML, like Gecko) Mobile Safari/537.36 (compatible; PetalBot;+https://webmaster.petalsearch.com/site/petalbot)"
185.191.171.13 - - [01/Dec/2025:12:03:48 +0100] "GET /platby/qqap/mindfulness-training-courses HTTP/1.1" 200 9000 "-" "Mozilla/5.0 (compatible; SemrushBot/7~bl; +http://www.semrush.com/bot.html)"
185.191.171.2 - - [01/Dec/2025:12:03:57 +0100] "GET /platby/uwoy9/sheriff-street-dublin-dangerous HTTP/1.1" 200 8106 "-" "Mozilla/5.0 (compatible; SemrushBot/7~bl; +http://www.semrush.com/bot.html)"
71.6.134.230 - - [01/Dec/2025:12:03:58 +0100] "GET / HTTP/1.1" 403 225 "-" "Mozilla/5.0 (Windows NT 10.0; Win64; x64) AppleWebKit/537.36 (KHTML, like Gecko) Chrome/133.0.0.0 Safari/537.36"
185.191.171.12 - - [01/Dec/2025:12:04:18 +0100] "GET /platby/uwoy9/diversity-and-inclusion-education-programs HTTP/1.1" 200 14378 "-" "Mozilla/5.0 (compatible; SemrushBot/7~bl; +http://www.semrush.com/bot.html)"
71.6.134.230 - - [01/Dec/2025:12:04:34 +0100] "GET /favicon.ico HTTP/1.1" 403 282 "-" "Mozilla/5.0 (Windows NT 10.0; Win64; x64) AppleWebKit/537.36 (KHTML, like Gecko) Chrome/133.0.0.0 Safari/537.36"
185.191.171.11 - - [01/Dec/2025:12:04:38 +0100] "GET /platby/hca/alfresco-architecture HTTP/1.1" 200 7810 "-" "Mozilla/5.0 (compatible; SemrushBot/7~bl; +http://www.semrush.com/bot.html)"
185.191.171.16 - - [01/Dec/2025:12:05:29 +0100] "GET /platby/hca/shanghai-maglev-top-speed HTTP/1.1" 200 9704 "-" "Mozilla/5.0 (compatible; SemrushBot/7~bl; +http://www.semrush.com/bot.html)"
85.208.96.201 - - [01/Dec/2025:12:05:31 +0100] "GET /platby/aohwuyx/pratt-communication-design HTTP/1.1" 200 8704 "-" "Mozilla/5.0 (compatible; SemrushBot/7~bl; +http://www.semrush.com/bot.html)"
85.208.96.203 - - [01/Dec/2025:12:05:40 +0100] "GET /platby/qqap/original-album-classics HTTP/1.1" 200 11605 "-" "Mozilla/5.0 (compatible; SemrushBot/7~bl; +http://www.semrush.com/bot.html)"
85.208.96.202 - - [01/Dec/2025:12:05:41 +0100] "GET /platby/qqap/tender-is-the-night-analysis HTTP/1.1" 200 12594 "-" "Mozilla/5.0 (compatible; SemrushBot/7~bl; +http://www.semrush.com/bot.html)"
85.208.96.205 - - [01/Dec/2025:12:06:02 +0100] "GET /platby/uwoy9/richard-steven-horvitz-vivziepop HTTP/1.1" 200 9073 "-" "Mozilla/5.0 (compatible; SemrushBot/7~bl; +http://www.semrush.com/bot.html)"
85.208.96.212 - - [01/Dec/2025:12:06:18 +0100] "GET /platby/72zbxoz/system-modeling-and-control HTTP/1.1" 200 13007 "-" "Mozilla/5.0 (compatible; SemrushBot/7~bl; +http://www.semrush.com/bot.html)"
185.191.171.8 - - [01/Dec/2025:12:06:26 +0100] "GET /platby/hca/bard-high-school-early-college-inside-schools HTTP/1.1" 200 6327 "-" "Mozilla/5.0 (compatible; SemrushBot/7~bl; +http://www.semrush.com/bot.html)"
114.119.139.66 - - [01/Dec/2025:12:06:36 +0100] "GET /platby/aohwuyx/earth-teerapat-ruangritkul-boyfriend HTTP/1.1" 200 9296 "http://ispc.klape.eu/platby/aohwuyx/what-is-the-main-source-of-energy-on-earth" "Mozilla/5.0 (Linux; Android 7.0;) AppleWebKit/537.36 (KHTML, like Gecko) Mobile Safari/537.36 (compatible; PetalBot;+https://webmaster.petalsearch.com/site/petalbot)"
185.191.171.13 - - [01/Dec/2025:12:06:47 +0100] "GET /platby/uwoy9/charlotte-brown-pole-vaulter-now HTTP/1.1" 200 10200 "-" "Mozilla/5.0 (compatible; SemrushBot/7~bl; +http://www.semrush.com/bot.html)"
85.208.96.197 - - [01/Dec/2025:12:06:51 +0100] "GET /platby/aohwuyx/solar-companies-looking-to-lease-land-in-sc HTTP/1.1" 200 8566 "-" "Mozilla/5.0 (compatible; SemrushBot/7~bl; +http://www.semrush.com/bot.html)"
23.23.99.55 - - [01/Dec/2025:12:06:58 +0100] "GET /platby/uwoy9/temporary-hair-tattoo HTTP/1.1" 200 7410 "-" "Mozilla/5.0 AppleWebKit/537.36 (KHTML, like Gecko; compatible; Amazonbot/0.1; +https://developer.amazon.com/support/amazonbot) Chrome/119.0.6045.214 Safari/537.36"
34.192.67.98 - - [01/Dec/2025:12:06:59 +0100] "GET /platby/uwoy9/mike-greenwell-retirement HTTP/1.1" 200 11953 "-" "Mozilla/5.0 AppleWebKit/537.36 (KHTML, like Gecko; compatible; Amazonbot/0.1; +https://developer.amazon.com/support/amazonbot) Chrome/119.0.6045.214 Safari/537.36"
85.208.96.205 - - [01/Dec/2025:12:07:02 +0100] "GET /platby/uwoy9/fm21-fiorentina-tactics HTTP/1.1" 200 15612 "-" "Mozilla/5.0 (compatible; SemrushBot/7~bl; +http://www.semrush.com/bot.html)"
52.202.52.82 - - [01/Dec/2025:12:07:02 +0100] "GET /platby/uwoy9/carolina-panthers-2016-roster HTTP/1.1" 200 9411 "-" "Mozilla/5.0 AppleWebKit/537.36 (KHTML, like Gecko; compatible; Amazonbot/0.1; +https://developer.amazon.com/support/amazonbot) Chrome/119.0.6045.214 Safari/537.36"
85.208.96.200 - - [01/Dec/2025:12:07:08 +0100] "GET /platby/72zbxoz/divock-origi-fifa-21-career-mode HTTP/1.1" 200 12897 "-" "Mozilla/5.0 (compatible; SemrushBot/7~bl; +http://www.semrush.com/bot.html)"
185.191.171.19 - - [01/Dec/2025:12:07:24 +0100] "GET /platby/aohwuyx/frenkie-de-jong-fifa-21-face HTTP/1.1" 200 9845 "-" "Mozilla/5.0 (compatible; SemrushBot/7~bl; +http://www.semrush.com/bot.html)"
185.191.171.11 - - [01/Dec/2025:12:07:28 +0100] "GET /platby/hca/alfie-best-junior-net-worth HTTP/1.1" 200 9313 "-" "Mozilla/5.0 (compatible; SemrushBot/7~bl; +http://www.semrush.com/bot.html)"
85.208.96.196 - - [01/Dec/2025:12:07:30 +0100] "GET /platby/hca/lavender-texas-wildflowers HTTP/1.1" 200 7260 "-" "Mozilla/5.0 (compatible; SemrushBot/7~bl; +http://www.semrush.com/bot.html)"
185.191.171.16 - - [01/Dec/2025:12:07:57 +0100] "GET /platby/aohwuyx/oaksterdam-clones-sacramento HTTP/1.1" 200 11300 "-" "Mozilla/5.0 (compatible; SemrushBot/7~bl; +http://www.semrush.com/bot.html)"
185.191.171.14 - - [01/Dec/2025:12:08:30 +0100] "GET /platby/72zbxoz/as-sure-as-the-dawn-proper-nouns HTTP/1.1" 200 9808 "-" "Mozilla/5.0 (compatible; SemrushBot/7~bl; +http://www.semrush.com/bot.html)"
185.191.171.10 - - [01/Dec/2025:12:08:42 +0100] "GET /platby/hca/new-orleans-saints-training-camp-2021-tickets HTTP/1.1" 200 7547 "-" "Mozilla/5.0 (compatible; SemrushBot/7~bl; +http://www.semrush.com/bot.html)"
85.208.96.200 - - [01/Dec/2025:12:08:55 +0100] "GET /platby/qqap/springbok-rugby-schedule-2021 HTTP/1.1" 200 10677 "-" "Mozilla/5.0 (compatible; SemrushBot/7~bl; +http://www.semrush.com/bot.html)"
185.191.171.16 - - [01/Dec/2025:12:09:03 +0100] "GET /platby/hca/always-summer-barbados HTTP/1.1" 200 7597 "-" "Mozilla/5.0 (compatible; SemrushBot/7~bl; +http://www.semrush.com/bot.html)"
114.119.140.102 - - [01/Dec/2025:12:09:19 +0100] "GET /platby/72zbxoz/the-structure-of-launch-vehicle-is-decided-by HTTP/1.1" 200 11131 "http://ispc.klape.eu/platby/72zbxoz/the-structure-of-launch-vehicle-is-decided-by" "Mozilla/5.0 (Linux; Android 7.0;) AppleWebKit/537.36 (KHTML, like Gecko) Mobile Safari/537.36 (compatible; PetalBot;+https://webmaster.petalsearch.com/site/petalbot)"
85.208.96.196 - - [01/Dec/2025:12:09:48 +0100] "GET /platby/72zbxoz/lobelia-regatta-sapphire HTTP/1.1" 200 8105 "-" "Mozilla/5.0 (compatible; SemrushBot/7~bl; +http://www.semrush.com/bot.html)"
85.208.96.200 - - [01/Dec/2025:12:09:57 +0100] "GET /platby/aohwuyx/midsomer-murders-green-man-pub HTTP/1.1" 200 11848 "-" "Mozilla/5.0 (compatible; SemrushBot/7~bl; +http://www.semrush.com/bot.html)"
31.14.231.13 - - [01/Dec/2025:12:10:05 +0100] "\x16\x03\x01\x06\xdd\x01" 403 265 "-" "-"
31.14.231.13 - - [01/Dec/2025:12:10:06 +0100] "\x16\x03\x01\x06\xfd\x01" 403 265 "-" "-"
185.191.171.5 - - [01/Dec/2025:12:10:15 +0100] "GET /platby/qqap/forever-danger-incorporated-chords HTTP/1.1" 200 12155 "-" "Mozilla/5.0 (compatible; SemrushBot/7~bl; +http://www.semrush.com/bot.html)"
85.208.96.207 - - [01/Dec/2025:12:10:28 +0100] "GET /platby/uwoy9/ehsaas-program-fingerprint-problem HTTP/1.1" 200 13266 "-" "Mozilla/5.0 (compatible; SemrushBot/7~bl; +http://www.semrush.com/bot.html)"
85.208.96.204 - - [01/Dec/2025:12:10:30 +0100] "GET /platby/hca/john-templeton-books-on-investing HTTP/1.1" 200 8383 "-" "Mozilla/5.0 (compatible; SemrushBot/7~bl; +http://www.semrush.com/bot.html)"
34.79.159.68 - - [01/Dec/2025:12:10:39 +0100] "\x16\x03\x01\x02" 403 265 "-" "-"
43.152.7.200 - - [01/Dec/2025:12:10:40 +0100] "\x16\x03\x01\x07\x1d\x01" 403 265 "-" "-"
43.152.7.200 - - [01/Dec/2025:12:10:40 +0100] "\x16\x03\x01\x06\xdd\x01" 403 265 "-" "-"
43.152.7.200 - - [01/Dec/2025:12:10:40 +0100] "\x16\x03\x01\x06\xfd\x01" 403 265 "-" "-"
43.152.7.200 - - [01/Dec/2025:12:10:40 +0100] "\x16\x03\x01\x06\xdd\x01" 403 265 "-" "-"
85.208.96.204 - - [01/Dec/2025:12:10:51 +0100] "GET /platby/hca/what-does-immortal-mean HTTP/1.1" 200 9119 "-" "Mozilla/5.0 (compatible; SemrushBot/7~bl; +http://www.semrush.com/bot.html)"
185.191.171.13 - - [01/Dec/2025:12:11:24 +0100] "GET /platby/uwoy9/fifa-17-career-mode-hidden-gems HTTP/1.1" 200 11965 "-" "Mozilla/5.0 (compatible; SemrushBot/7~bl; +http://www.semrush.com/bot.html)"
85.208.96.197 - - [01/Dec/2025:12:11:26 +0100] "GET /platby/uwoy9/will-there-be-a-third-p-ebt-payment-california HTTP/1.1" 200 14893 "-" "Mozilla/5.0 (compatible; SemrushBot/7~bl; +http://www.semrush.com/bot.html)"
203.75.213.2 - - [01/Dec/2025:12:11:36 +0100] "\x16\x03\x03\x01\xa7\x01" 403 265 "-" "-"
203.75.213.2 - - [01/Dec/2025:12:11:37 +0100] "\x16\x03\x03\x01\xa7\x01" 403 265 "-" "-"
203.75.213.2 - - [01/Dec/2025:12:11:37 +0100] "\x16\x03\x03\x01X\x01" 403 265 "-" "-"
203.75.213.2 - - [01/Dec/2025:12:11:38 +0100] "\x16\x03\x03\x01J\x01" 403 265 "-" "-"
203.75.213.2 - - [01/Dec/2025:12:11:38 +0100] "\x16\x03\x03\x01\x9b\x01" 403 265 "-" "-"
203.75.213.2 - - [01/Dec/2025:12:11:39 +0100] "\x16\x03\x02\x01\x9c\x01" 403 265 "-" "-"
203.75.213.2 - - [01/Dec/2025:12:11:40 +0100] "\x16\x03\x01\x01\xa9\x01" 403 265 "-" "-"
203.75.213.2 - - [01/Dec/2025:12:11:40 +0100] "\x16\x03\x01\x01\xa9\x01" 403 265 "-" "-"
85.208.96.200 - - [01/Dec/2025:12:11:41 +0100] "GET /platby/aohwuyx/stowe-mountain-vertical-drop HTTP/1.1" 200 9429 "-" "Mozilla/5.0 (compatible; SemrushBot/7~bl; +http://www.semrush.com/bot.html)"
203.75.213.2 - - [01/Dec/2025:12:11:41 +0100] "\x16\x03\x01\x01\x9f\x01" 403 265 "-" "-"
203.75.213.2 - - [01/Dec/2025:12:11:41 +0100] "\x16\x03\x01\x01\xb6\x01" 403 265 "-" "-"
185.191.171.4 - - [01/Dec/2025:12:11:47 +0100] "GET /platby/hca/daniel-defoe-belongs-to-which-age HTTP/1.1" 200 13420 "-" "Mozilla/5.0 (compatible; SemrushBot/7~bl; +http://www.semrush.com/bot.html)"
185.191.171.15 - - [01/Dec/2025:12:11:52 +0100] "GET /platby/aohwuyx/kailer-yamamoto-brother HTTP/1.1" 200 10909 "-" "Mozilla/5.0 (compatible; SemrushBot/7~bl; +http://www.semrush.com/bot.html)"
185.191.171.6 - - [01/Dec/2025:12:12:01 +0100] "GET /platby/uwoy9/atlanta-falcons-signings-2020 HTTP/1.1" 200 9388 "-" "Mozilla/5.0 (compatible; SemrushBot/7~bl; +http://www.semrush.com/bot.html)"
114.119.140.102 - - [01/Dec/2025:12:12:07 +0100] "GET /platby/72zbxoz/how-to-promote-diversity,-equity-and-inclusion HTTP/1.1" 200 11440 "http://ispc.klape.eu/platby/72zbxoz/how-to-promote-diversity,-equity-and-inclusion" "Mozilla/5.0 (Linux; Android 7.0;) AppleWebKit/537.36 (KHTML, like Gecko) Mobile Safari/537.36 (compatible; PetalBot;+https://webmaster.petalsearch.com/site/petalbot)"
185.191.171.15 - - [01/Dec/2025:12:12:14 +0100] "GET /platby/uwoy9/dutch-premier-league-players HTTP/1.1" 200 13346 "-" "Mozilla/5.0 (compatible; SemrushBot/7~bl; +http://www.semrush.com/bot.html)"
185.191.171.4 - - [01/Dec/2025:12:12:52 +0100] "GET /platby/aohwuyx/weekend-getaways-in-south-dakota HTTP/1.1" 200 10415 "-" "Mozilla/5.0 (compatible; SemrushBot/7~bl; +http://www.semrush.com/bot.html)"
85.208.96.201 - - [01/Dec/2025:12:13:30 +0100] "GET /platby/hca/theakston-old-peculier-crime-novel-of-the-year-2019 HTTP/1.1" 200 9544 "-" "Mozilla/5.0 (compatible; SemrushBot/7~bl; +http://www.semrush.com/bot.html)"
85.208.96.201 - - [01/Dec/2025:12:13:45 +0100] "GET /platby/72zbxoz/quotes-about-opinions-of-others HTTP/1.1" 200 7911 "-" "Mozilla/5.0 (compatible; SemrushBot/7~bl; +http://www.semrush.com/bot.html)"
185.191.171.6 - - [01/Dec/2025:12:13:49 +0100] "GET /platby/uwoy9/2021-panini-donruss-baseball-checklist HTTP/1.1" 200 10012 "-" "Mozilla/5.0 (compatible; SemrushBot/7~bl; +http://www.semrush.com/bot.html)"
85.208.96.196 - - [01/Dec/2025:12:14:09 +0100] "GET /platby/hca/han-university-automotive-ranking HTTP/1.1" 200 5569 "-" "Mozilla/5.0 (compatible; SemrushBot/7~bl; +http://www.semrush.com/bot.html)"
185.191.171.4 - - [01/Dec/2025:12:14:28 +0100] "GET /platby/hca/diversity-and-inclusion-consultants-minneapolis HTTP/1.1" 200 8479 "-" "Mozilla/5.0 (compatible; SemrushBot/7~bl; +http://www.semrush.com/bot.html)"
204.76.203.206 - - [01/Dec/2025:12:14:43 +0100] "GET /" 400 468 "-" "-"
185.191.171.14 - - [01/Dec/2025:12:14:49 +0100] "GET /platby/hca/kiva-blue-dream-gummies HTTP/1.1" 200 11414 "-" "Mozilla/5.0 (compatible; SemrushBot/7~bl; +http://www.semrush.com/bot.html)"
85.208.96.202 - - [01/Dec/2025:12:14:52 +0100] "GET /platby/hca/wholesale-fashion-market HTTP/1.1" 200 8318 "-" "Mozilla/5.0 (compatible; SemrushBot/7~bl; +http://www.semrush.com/bot.html)"
114.119.139.112 - - [01/Dec/2025:12:14:56 +0100] "GET /platby/72zbxoz/how-to-defend-yourself-against-false-accusations HTTP/1.1" 200 13803 "http://ispc.klape.eu/platby/72zbxoz/first-round-picks-nfl-2021" "Mozilla/5.0 (Linux; Android 7.0;) AppleWebKit/537.36 (KHTML, like Gecko) Mobile Safari/537.36 (compatible; PetalBot;+https://webmaster.petalsearch.com/site/petalbot)"
85.208.96.211 - - [01/Dec/2025:12:15:23 +0100] "GET /platby/aohwuyx/amon-ra-st-brown-nfl-draft-projection HTTP/1.1" 200 7580 "-" "Mozilla/5.0 (compatible; SemrushBot/7~bl; +http://www.semrush.com/bot.html)"
185.191.171.2 - - [01/Dec/2025:12:15:32 +0100] "GET /platby/uwoy9/how-much-is-dave-lee-travis-worth HTTP/1.1" 200 13228 "-" "Mozilla/5.0 (compatible; SemrushBot/7~bl; +http://www.semrush.com/bot.html)"
185.191.171.12 - - [01/Dec/2025:12:15:57 +0100] "GET /platby/hca/bumblebee-queen-sting HTTP/1.1" 200 11812 "-" "Mozilla/5.0 (compatible; SemrushBot/7~bl; +http://www.semrush.com/bot.html)"
85.208.96.202 - - [01/Dec/2025:12:16:02 +0100] "GET /platby/aohwuyx/american-slang-dictionary HTTP/1.1" 200 10155 "-" "Mozilla/5.0 (compatible; SemrushBot/7~bl; +http://www.semrush.com/bot.html)"
185.191.171.11 - - [01/Dec/2025:12:16:03 +0100] "GET /platby/hca/fastest-growing-religion-in-lebanon HTTP/1.1" 200 9664 "-" "Mozilla/5.0 (compatible; SemrushBot/7~bl; +http://www.semrush.com/bot.html)"
85.208.96.200 - - [01/Dec/2025:12:16:05 +0100] "GET /platby/uwoy9/does-mi-note-9-pro-support-wireless-charging HTTP/1.1" 200 14173 "-" "Mozilla/5.0 (compatible; SemrushBot/7~bl; +http://www.semrush.com/bot.html)"
185.191.171.13 - - [01/Dec/2025:12:16:06 +0100] "GET /platby/uwoy9/newton-county,-texas-property-records HTTP/1.1" 200 14995 "-" "Mozilla/5.0 (compatible; SemrushBot/7~bl; +http://www.semrush.com/bot.html)"
5.133.192.133 - - [01/Dec/2025:12:16:17 +0100] "\x16\x03\x01\x01#\x01" 403 265 "-" "-"
185.191.171.15 - - [01/Dec/2025:12:16:21 +0100] "GET /platby/uwoy9/pour-up-drank-head-shot-drank HTTP/1.1" 200 9389 "-" "Mozilla/5.0 (compatible; SemrushBot/7~bl; +http://www.semrush.com/bot.html)"
85.208.96.212 - - [01/Dec/2025:12:17:00 +0100] "GET /platby/aohwuyx/most-valuable-1989-donruss-baseball-cards HTTP/1.1" 200 13170 "-" "Mozilla/5.0 (compatible; SemrushBot/7~bl; +http://www.semrush.com/bot.html)"
204.76.203.206 - - [01/Dec/2025:12:17:02 +0100] "GET / HTTP/1.1" 200 316 "-" "Mozilla/5.0 (Windows NT 10.0; Win64; x64) AppleWebKit/537.36 (KHTML, like Gecko) Chrome/90.0.4430.85 Safari/537.36 Edg/90.0.818.46"
85.208.96.195 - - [01/Dec/2025:12:17:09 +0100] "GET /platby/uwoy9/how-to-become-captain-in-fifa-20-career-mode HTTP/1.1" 200 12153 "-" "Mozilla/5.0 (compatible; SemrushBot/7~bl; +http://www.semrush.com/bot.html)"
85.208.96.193 - - [01/Dec/2025:12:17:35 +0100] "GET /platby/aohwuyx/cross-cultural-training-model HTTP/1.1" 200 9722 "-" "Mozilla/5.0 (compatible; SemrushBot/7~bl; +http://www.semrush.com/bot.html)"
114.119.129.163 - - [01/Dec/2025:12:17:45 +0100] "GET /platby/72zbxoz/diversity-equity-and-inclusion-for-students-quizlet HTTP/1.1" 200 11546 "http://ispc.klape.eu/platby/72zbxoz/when-is-motive-relevant-to-prove-a-case" "Mozilla/5.0 (Linux; Android 7.0;) AppleWebKit/537.36 (KHTML, like Gecko) Mobile Safari/537.36 (compatible; PetalBot;+https://webmaster.petalsearch.com/site/petalbot)"
85.208.96.195 - - [01/Dec/2025:12:17:46 +0100] "GET /platby/aohwuyx/do-ducks-steal-ducklings HTTP/1.1" 200 15958 "-" "Mozilla/5.0 (compatible; SemrushBot/7~bl; +http://www.semrush.com/bot.html)"
85.208.96.208 - - [01/Dec/2025:12:17:52 +0100] "GET /platby/aohwuyx/how-to-cure-hangover-nausea-and-vomiting HTTP/1.1" 200 9726 "-" "Mozilla/5.0 (compatible; SemrushBot/7~bl; +http://www.semrush.com/bot.html)"
85.208.96.195 - - [01/Dec/2025:12:18:28 +0100] "GET /platby/hca/appliance-direct-corporate-office HTTP/1.1" 200 8100 "-" "Mozilla/5.0 (compatible; SemrushBot/7~bl; +http://www.semrush.com/bot.html)"
85.208.96.200 - - [01/Dec/2025:12:18:29 +0100] "GET /platby/uwoy9/tony-parker-house-in-france HTTP/1.1" 200 12493 "-" "Mozilla/5.0 (compatible; SemrushBot/7~bl; +http://www.semrush.com/bot.html)"
185.191.171.13 - - [01/Dec/2025:12:18:54 +0100] "GET /platby/aohwuyx/family-description-example HTTP/1.1" 200 12646 "-" "Mozilla/5.0 (compatible; SemrushBot/7~bl; +http://www.semrush.com/bot.html)"
85.208.96.200 - - [01/Dec/2025:12:18:55 +0100] "GET /platby/qqap/android-11-home-screen-icons HTTP/1.1" 200 6285 "-" "Mozilla/5.0 (compatible; SemrushBot/7~bl; +http://www.semrush.com/bot.html)"
185.191.171.14 - - [01/Dec/2025:12:19:07 +0100] "GET /platby/aohwuyx/and-i-remember-everything-tiktok HTTP/1.1" 200 9676 "-" "Mozilla/5.0 (compatible; SemrushBot/7~bl; +http://www.semrush.com/bot.html)"
185.191.171.8 - - [01/Dec/2025:12:19:43 +0100] "GET /platby/uwoy9/edison-care-program-phone-number HTTP/1.1" 200 11071 "-" "Mozilla/5.0 (compatible; SemrushBot/7~bl; +http://www.semrush.com/bot.html)"
185.191.171.19 - - [01/Dec/2025:12:19:50 +0100] "GET /platby/hca/dixie-claire-townsend HTTP/1.1" 200 5441 "-" "Mozilla/5.0 (compatible; SemrushBot/7~bl; +http://www.semrush.com/bot.html)"
85.208.96.198 - - [01/Dec/2025:12:20:02 +0100] "GET /platby/uwoy9/afc-bournemouth-livescore HTTP/1.1" 200 12081 "-" "Mozilla/5.0 (compatible; SemrushBot/7~bl; +http://www.semrush.com/bot.html)"
185.191.171.17 - - [01/Dec/2025:12:20:04 +0100] "GET /platby/72zbxoz/only-the-real-ones-will-understand HTTP/1.1" 200 14086 "-" "Mozilla/5.0 (compatible; SemrushBot/7~bl; +http://www.semrush.com/bot.html)"
85.208.96.194 - - [01/Dec/2025:12:20:13 +0100] "GET /platby/hca/anti-bias-training-for-teachers HTTP/1.1" 200 11213 "-" "Mozilla/5.0 (compatible; SemrushBot/7~bl; +http://www.semrush.com/bot.html)"
185.191.171.5 - - [01/Dec/2025:12:20:24 +0100] "GET /platby/hca/baldwin-wallace-2020-graduates HTTP/1.1" 200 10999 "-" "Mozilla/5.0 (compatible; SemrushBot/7~bl; +http://www.semrush.com/bot.html)"
185.191.171.3 - - [01/Dec/2025:12:20:26 +0100] "GET /platby/uwoy9/famous-rappers-from-kansas-city HTTP/1.1" 200 14130 "-" "Mozilla/5.0 (compatible; SemrushBot/7~bl; +http://www.semrush.com/bot.html)"
114.119.140.102 - - [01/Dec/2025:12:20:33 +0100] "GET /platby/72zbxoz/design-thinking-process-and-methods-4th-edition-pdf HTTP/1.1" 200 10995 "http://ispc.klape.eu/platby/72zbxoz/bible-verses-about-thankfulness-to-others-kjv" "Mozilla/5.0 (Linux; Android 7.0;) AppleWebKit/537.36 (KHTML, like Gecko) Mobile Safari/537.36 (compatible; PetalBot;+https://webmaster.petalsearch.com/site/petalbot)"
185.191.171.1 - - [01/Dec/2025:12:21:06 +0100] "GET /platby/qqap/best-self-catering-devon HTTP/1.1" 200 6873 "-" "Mozilla/5.0 (compatible; SemrushBot/7~bl; +http://www.semrush.com/bot.html)"
85.208.96.204 - - [01/Dec/2025:12:21:12 +0100] "GET /platby/qqap/portrait-of-eleonora-gonzaga HTTP/1.1" 200 7163 "-" "Mozilla/5.0 (compatible; SemrushBot/7~bl; +http://www.semrush.com/bot.html)"
85.208.96.199 - - [01/Dec/2025:12:21:15 +0100] "GET /platby/72zbxoz/warner-university-graduation-2021 HTTP/1.1" 200 9102 "-" "Mozilla/5.0 (compatible; SemrushBot/7~bl; +http://www.semrush.com/bot.html)"
85.208.96.195 - - [01/Dec/2025:12:21:42 +0100] "GET /platby/qqap/jaguars-starting-qb-2020 HTTP/1.1" 200 9474 "-" "Mozilla/5.0 (compatible; SemrushBot/7~bl; +http://www.semrush.com/bot.html)"
85.208.96.201 - - [01/Dec/2025:12:21:59 +0100] "GET /platby/uwoy9/queens-metropolitan-high-school-wiki HTTP/1.1" 200 14777 "-" "Mozilla/5.0 (compatible; SemrushBot/7~bl; +http://www.semrush.com/bot.html)"
185.191.171.9 - - [01/Dec/2025:12:22:12 +0100] "GET /robots.txt HTTP/1.1" 200 54 "-" "Mozilla/5.0 (compatible; SemrushBot/7~bl; +http://www.semrush.com/bot.html)"
185.191.171.10 - - [01/Dec/2025:12:22:12 +0100] "GET /platby/aohwuyx/rocket-league-ranks-2020best-secondary-school-in-hounslow-2020 HTTP/1.1" 200 11276 "-" "Mozilla/5.0 (compatible; SemrushBot/7~bl; +http://www.semrush.com/bot.html)"
185.191.171.4 - - [01/Dec/2025:12:22:18 +0100] "GET /platby/hca/propulsion-engineering-course HTTP/1.1" 200 7440 "-" "Mozilla/5.0 (compatible; SemrushBot/7~bl; +http://www.semrush.com/bot.html)"
85.208.96.208 - - [01/Dec/2025:12:22:45 +0100] "GET /platby/hca/hideo-nomo-documentary HTTP/1.1" 200 8353 "-" "Mozilla/5.0 (compatible; SemrushBot/7~bl; +http://www.semrush.com/bot.html)"
185.191.171.2 - - [01/Dec/2025:12:22:50 +0100] "GET /platby/aohwuyx/is-boston-university-a-jesuit-school HTTP/1.1" 200 11040 "-" "Mozilla/5.0 (compatible; SemrushBot/7~bl; +http://www.semrush.com/bot.html)"
185.191.171.6 - - [01/Dec/2025:12:22:55 +0100] "GET /platby/qqap/when-a-fire-starts-to-burn-genius HTTP/1.1" 200 13174 "-" "Mozilla/5.0 (compatible; SemrushBot/7~bl; +http://www.semrush.com/bot.html)"
85.208.96.193 - - [01/Dec/2025:12:23:12 +0100] "GET /platby/uwoy9/rubicon-research-canada-jobs HTTP/1.1" 200 13360 "-" "Mozilla/5.0 (compatible; SemrushBot/7~bl; +http://www.semrush.com/bot.html)"
114.119.128.6 - - [01/Dec/2025:12:23:23 +0100] "GET /platby/72zbxoz/d-fend-reloaded-games HTTP/1.1" 200 11845 "http://ispc.klape.eu/platby/72zbxoz/d-fend-reloaded-games" "Mozilla/5.0 (Linux; Android 7.0;) AppleWebKit/537.36 (KHTML, like Gecko) Mobile Safari/537.36 (compatible; PetalBot;+https://webmaster.petalsearch.com/site/petalbot)"
176.65.148.40 - - [01/Dec/2025:12:23:38 +0100] "GET /" 400 468 "-" "-"
185.191.171.10 - - [01/Dec/2025:12:24:03 +0100] "GET /platby/uwoy9/importerror:-no-module-named-pychart HTTP/1.1" 200 11742 "-" "Mozilla/5.0 (compatible; SemrushBot/7~bl; +http://www.semrush.com/bot.html)"
85.208.96.203 - - [01/Dec/2025:12:24:04 +0100] "GET /platby/aohwuyx/baby-finch-bird-mouth HTTP/1.1" 200 10115 "-" "Mozilla/5.0 (compatible; SemrushBot/7~bl; +http://www.semrush.com/bot.html)"
185.191.171.11 - - [01/Dec/2025:12:24:06 +0100] "GET /platby/qqap/kennebunk-beach-hotels HTTP/1.1" 200 6276 "-" "Mozilla/5.0 (compatible; SemrushBot/7~bl; +http://www.semrush.com/bot.html)"
185.191.171.3 - - [01/Dec/2025:12:24:12 +0100] "GET /platby/uwoy9/leather-bomber-jacket-men's HTTP/1.1" 200 12474 "-" "Mozilla/5.0 (compatible; SemrushBot/7~bl; +http://www.semrush.com/bot.html)"
85.208.96.198 - - [01/Dec/2025:12:24:21 +0100] "GET /platby/qqap/donate-to-indigenous-communities-covid HTTP/1.1" 200 10295 "-" "Mozilla/5.0 (compatible; SemrushBot/7~bl; +http://www.semrush.com/bot.html)"
185.191.171.4 - - [01/Dec/2025:12:24:32 +0100] "GET /platby/aohwuyx/tales-from-the-secret-annex HTTP/1.1" 200 8975 "-" "Mozilla/5.0 (compatible; SemrushBot/7~bl; +http://www.semrush.com/bot.html)"
185.191.171.9 - - [01/Dec/2025:12:24:39 +0100] "GET /platby/qqap/rusholme-ruffians-bass-tab HTTP/1.1" 200 10905 "-" "Mozilla/5.0 (compatible; SemrushBot/7~bl; +http://www.semrush.com/bot.html)"
85.208.96.200 - - [01/Dec/2025:12:24:45 +0100] "GET /platby/uwoy9/oxygen-os-11-always-on-display-apk HTTP/1.1" 200 13246 "-" "Mozilla/5.0 (compatible; SemrushBot/7~bl; +http://www.semrush.com/bot.html)"
85.208.96.210 - - [01/Dec/2025:12:25:11 +0100] "GET /platby/hca/kings-of-comedy-tour-1998 HTTP/1.1" 200 12742 "-" "Mozilla/5.0 (compatible; SemrushBot/7~bl; +http://www.semrush.com/bot.html)"
185.191.171.16 - - [01/Dec/2025:12:25:14 +0100] "GET /platby/uwoy9/the-x-files-i-want-to-believe-timeline HTTP/1.1" 200 9881 "-" "Mozilla/5.0 (compatible; SemrushBot/7~bl; +http://www.semrush.com/bot.html)"
185.191.171.13 - - [01/Dec/2025:12:25:44 +0100] "GET /platby/qqap/how-to-make-sizzler-melts-at-home HTTP/1.1" 200 10211 "-" "Mozilla/5.0 (compatible; SemrushBot/7~bl; +http://www.semrush.com/bot.html)"
185.191.171.8 - - [01/Dec/2025:12:25:52 +0100] "GET /platby/qqap/south-dakota-state-football-roster-2018 HTTP/1.1" 200 5827 "-" "Mozilla/5.0 (compatible; SemrushBot/7~bl; +http://www.semrush.com/bot.html)"
185.191.171.4 - - [01/Dec/2025:12:25:59 +0100] "GET /platby/qqap/new-dorp-high-school-programs HTTP/1.1" 200 7935 "-" "Mozilla/5.0 (compatible; SemrushBot/7~bl; +http://www.semrush.com/bot.html)"
85.208.96.197 - - [01/Dec/2025:12:26:04 +0100] "GET /platby/hca/what-does-a-mayhaw-tree-look-like HTTP/1.1" 200 12085 "-" "Mozilla/5.0 (compatible; SemrushBot/7~bl; +http://www.semrush.com/bot.html)"
114.119.128.6 - - [01/Dec/2025:12:26:09 +0100] "GET /platby/72zbxoz/bhujangasana-contraindications HTTP/1.1" 200 9612 "http://ispc.klape.eu/platby/72zbxoz/mophie-3-in-1-wireless-charging-pad-best-buy" "Mozilla/5.0 (Linux; Android 7.0;) AppleWebKit/537.36 (KHTML, like Gecko) Mobile Safari/537.36 (compatible; PetalBot;+https://webmaster.petalsearch.com/site/petalbot)"
185.191.171.10 - - [01/Dec/2025:12:26:48 +0100] "GET /platby/72zbxoz/huawei-mobile-10000-to-15000 HTTP/1.1" 200 11821 "-" "Mozilla/5.0 (compatible; SemrushBot/7~bl; +http://www.semrush.com/bot.html)"
185.191.171.16 - - [01/Dec/2025:12:26:50 +0100] "GET /platby/qqap/zelda:-breath-of-the-wild-2-release-date HTTP/1.1" 200 9800 "-" "Mozilla/5.0 (compatible; SemrushBot/7~bl; +http://www.semrush.com/bot.html)"
185.191.171.4 - - [01/Dec/2025:12:26:52 +0100] "GET /platby/72zbxoz/how-to-create-jira-automation HTTP/1.1" 200 9392 "-" "Mozilla/5.0 (compatible; SemrushBot/7~bl; +http://www.semrush.com/bot.html)"
85.208.96.200 - - [01/Dec/2025:12:27:00 +0100] "GET /platby/qqap/brompton-oratory-mass-live-stream HTTP/1.1" 200 8702 "-" "Mozilla/5.0 (compatible; SemrushBot/7~bl; +http://www.semrush.com/bot.html)"
193.189.100.198 - - [01/Dec/2025:12:27:16 +0100] "\x16\x03\x02" 403 265 "-" "-"
193.189.100.198 - - [01/Dec/2025:12:27:16 +0100] "\x16\x03\x02" 403 265 "-" "-"
193.189.100.198 - - [01/Dec/2025:12:27:17 +0100] "\x16\x03\x02" 403 265 "-" "-"
185.191.171.11 - - [01/Dec/2025:12:27:30 +0100] "GET /platby/aohwuyx/north-high-school-calendar HTTP/1.1" 200 9684 "-" "Mozilla/5.0 (compatible; SemrushBot/7~bl; +http://www.semrush.com/bot.html)"
85.208.96.197 - - [01/Dec/2025:12:27:44 +0100] "GET /platby/hca/sad-poems-poetry-foundation HTTP/1.1" 200 14013 "-" "Mozilla/5.0 (compatible; SemrushBot/7~bl; +http://www.semrush.com/bot.html)"
85.208.96.200 - - [01/Dec/2025:12:28:03 +0100] "GET /platby/qqap/latest-news-on-government-employees'-salary-increase HTTP/1.1" 200 10114 "-" "Mozilla/5.0 (compatible; SemrushBot/7~bl; +http://www.semrush.com/bot.html)"
185.191.171.1 - - [01/Dec/2025:12:28:08 +0100] "GET /platby/hca/porter-moser-oklahoma-salary HTTP/1.1" 200 7451 "-" "Mozilla/5.0 (compatible; SemrushBot/7~bl; +http://www.semrush.com/bot.html)"
85.208.96.194 - - [01/Dec/2025:12:28:21 +0100] "GET /platby/uwoy9/how-to-measure-culture-change HTTP/1.1" 200 15122 "-" "Mozilla/5.0 (compatible; SemrushBot/7~bl; +http://www.semrush.com/bot.html)"
180.153.236.173 - - [01/Dec/2025:12:28:23 +0100] "\x16\x03\x01\x02" 403 265 "-" "-"
185.191.171.9 - - [01/Dec/2025:12:28:26 +0100] "GET /platby/hca/microsoft-teams-recent-files-clear HTTP/1.1" 200 8422 "-" "Mozilla/5.0 (compatible; SemrushBot/7~bl; +http://www.semrush.com/bot.html)"
85.208.96.198 - - [01/Dec/2025:12:28:39 +0100] "GET /platby/uwoy9/how-to-cancel-a-pending-vrbo-reservation HTTP/1.1" 200 10040 "-" "Mozilla/5.0 (compatible; SemrushBot/7~bl; +http://www.semrush.com/bot.html)"
85.208.96.196 - - [01/Dec/2025:12:28:49 +0100] "GET /platby/72zbxoz/green-caffeine-strain HTTP/1.1" 200 9031 "-" "Mozilla/5.0 (compatible; SemrushBot/7~bl; +http://www.semrush.com/bot.html)"
85.208.96.202 - - [01/Dec/2025:12:29:04 +0100] "GET /platby/72zbxoz/north-community-credit-union HTTP/1.1" 200 10960 "-" "Mozilla/5.0 (compatible; SemrushBot/7~bl; +http://www.semrush.com/bot.html)"
85.208.96.197 - - [01/Dec/2025:12:29:10 +0100] "GET /platby/72zbxoz/aviation-weather-handbook HTTP/1.1" 200 8339 "-" "Mozilla/5.0 (compatible; SemrushBot/7~bl; +http://www.semrush.com/bot.html)"
185.191.171.8 - - [01/Dec/2025:12:29:19 +0100] "GET /platby/72zbxoz/bbc-radio-london-phone-number HTTP/1.1" 200 10883 "-" "Mozilla/5.0 (compatible; SemrushBot/7~bl; +http://www.semrush.com/bot.html)"
188.166.168.105 - - [01/Dec/2025:12:29:32 +0100] "\x16\x03\x01\x02" 403 265 "-" "-"
79.124.49.90 - - [01/Dec/2025:12:29:36 +0100] "CONNECT play.teslacraft.org:25565 HTTP/1.1" 405 297 "-" "-"
89.78.115.186 - - [01/Dec/2025:12:29:50 +0100] "\x16\x03\x03" 403 265 "-" "-"
89.78.115.186 - - [01/Dec/2025:12:29:50 +0100] "\x16\x03\x03" 403 265 "-" "-"
89.78.115.186 - - [01/Dec/2025:12:29:54 +0100] "\x16\x03\x03" 403 265 "-" "-"
89.78.115.186 - - [01/Dec/2025:12:29:54 +0100] "\x16\x03\x03" 403 265 "-" "-"
85.208.96.193 - - [01/Dec/2025:12:30:02 +0100] "GET /platby/uwoy9/loyola-new-orleans-acceptance HTTP/1.1" 200 8978 "-" "Mozilla/5.0 (compatible; SemrushBot/7~bl; +http://www.semrush.com/bot.html)"
85.208.96.194 - - [01/Dec/2025:12:30:05 +0100] "GET /platby/qqap/scott-stapp-franklin,-tn HTTP/1.1" 200 8136 "-" "Mozilla/5.0 (compatible; SemrushBot/7~bl; +http://www.semrush.com/bot.html)"
85.208.96.201 - - [01/Dec/2025:12:30:10 +0100] "GET /platby/72zbxoz/surrey-sports-park-activities HTTP/1.1" 200 12741 "-" "Mozilla/5.0 (compatible; SemrushBot/7~bl; +http://www.semrush.com/bot.html)"
195.177.94.189 - - [01/Dec/2025:12:30:14 +0100] "GET /phpmyadmin/scripts/setup.php HTTP/1.1" 200 11106 "-" "Mozilla/4.0 (compatible; MSIE 6.0; MSIE 5.5; Windows NT 5.1) Opera 7.01 [en]"
195.177.94.189 - - [01/Dec/2025:12:30:14 +0100] "POST /phpmyadmin/scripts/setup.php HTTP/1.1" 200 18608 "http://109.105.49.240:8081/phpmyadmin/scripts/setup.php" "Mozilla/4.0 (compatible; MSIE 6.0; MSIE 5.5; Windows NT 5.1) Opera 7.01 [en]"
85.208.96.198 - - [01/Dec/2025:12:30:31 +0100] "GET /platby/uwoy9/saucony-endorphin-shift-2-release-date HTTP/1.1" 200 13372 "-" "Mozilla/5.0 (compatible; SemrushBot/7~bl; +http://www.semrush.com/bot.html)"
43.155.157.239 - - [01/Dec/2025:12:30:39 +0100] "GET / HTTP/1.1" 403 224 "-" "Mozilla/5.0 (iPhone; CPU iPhone OS 13_2_3 like Mac OS X) AppleWebKit/605.1.15 (KHTML, like Gecko) Version/13.0.3 Mobile/15E148 Safari/604.1"
85.208.96.201 - - [01/Dec/2025:12:30:49 +0100] "GET /platby/uwoy9/love-guru-funny-names HTTP/1.1" 200 9673 "-" "Mozilla/5.0 (compatible; SemrushBot/7~bl; +http://www.semrush.com/bot.html)"
185.191.171.16 - - [01/Dec/2025:12:30:54 +0100] "GET /platby/aohwuyx/michigan-department-of-education-jobs HTTP/1.1" 200 9745 "-" "Mozilla/5.0 (compatible; SemrushBot/7~bl; +http://www.semrush.com/bot.html)"
85.208.96.202 - - [01/Dec/2025:12:31:13 +0100] "GET /platby/qqap/darryl-strawberry-height HTTP/1.1" 200 8671 "-" "Mozilla/5.0 (compatible; SemrushBot/7~bl; +http://www.semrush.com/bot.html)"
195.177.94.189 - - [01/Dec/2025:12:31:19 +0100] "GET /phpmyadmin/scripts/setup.php HTTP/1.1" 200 11105 "-" "Mozilla/4.0 (compatible; MSIE 6.0; MSIE 5.5; Windows NT 5.1) Opera 7.01 [en]"
195.177.94.189 - - [01/Dec/2025:12:31:19 +0100] "POST /phpmyadmin/scripts/setup.php HTTP/1.1" 200 18608 "http://109.105.49.240:443/phpmyadmin/scripts/setup.php" "Mozilla/4.0 (compatible; MSIE 6.0; MSIE 5.5; Windows NT 5.1) Opera 7.01 [en]"
85.208.96.201 - - [01/Dec/2025:12:32:02 +0100] "GET /platby/aohwuyx/soldier-field-drive-in HTTP/1.1" 200 13484 "-" "Mozilla/5.0 (compatible; SemrushBot/7~bl; +http://www.semrush.com/bot.html)"
185.191.171.3 - - [01/Dec/2025:12:32:07 +0100] "GET /platby/aohwuyx/football-manager-ac-milan-tactic HTTP/1.1" 200 15100 "-" "Mozilla/5.0 (compatible; SemrushBot/7~bl; +http://www.semrush.com/bot.html)"
85.208.96.193 - - [01/Dec/2025:12:32:08 +0100] "GET /platby/hca/seahawks-schedule-2020 HTTP/1.1" 200 9793 "-" "Mozilla/5.0 (compatible; SemrushBot/7~bl; +http://www.semrush.com/bot.html)"
85.208.96.209 - - [01/Dec/2025:12:32:11 +0100] "GET /platby/72zbxoz/what-happened-to-wolf-winters-after-the-voice HTTP/1.1" 200 14030 "-" "Mozilla/5.0 (compatible; SemrushBot/7~bl; +http://www.semrush.com/bot.html)"
192.71.126.207 - - [01/Dec/2025:12:32:21 +0100] "\x16\x03\x01\x02" 403 265 "-" "-"
185.6.8.214 - - [01/Dec/2025:12:32:22 +0100] "\x16\x03\x01\x02" 403 265 "-" "-"
85.208.96.201 - - [01/Dec/2025:12:32:44 +0100] "GET /platby/hca/justin-simmons-parents HTTP/1.1" 200 9151 "-" "Mozilla/5.0 (compatible; SemrushBot/7~bl; +http://www.semrush.com/bot.html)"
185.191.171.2 - - [01/Dec/2025:12:32:49 +0100] "GET /platby/72zbxoz/vector-from-two-points-calculator HTTP/1.1" 200 10719 "-" "Mozilla/5.0 (compatible; SemrushBot/7~bl; +http://www.semrush.com/bot.html)"
85.208.96.199 - - [01/Dec/2025:12:33:20 +0100] "GET /platby/aohwuyx/metroid-prime-trilogy---dolphin HTTP/1.1" 200 13677 "-" "Mozilla/5.0 (compatible; SemrushBot/7~bl; +http://www.semrush.com/bot.html)"
185.191.171.5 - - [01/Dec/2025:12:33:26 +0100] "GET /platby/hca/2017-patriots-defense-ranking HTTP/1.1" 200 8268 "-" "Mozilla/5.0 (compatible; SemrushBot/7~bl; +http://www.semrush.com/bot.html)"
198.235.24.183 - - [01/Dec/2025:12:33:30 +0100] "\x16\x03\x01\x01\x07\x01" 403 265 "-" "-"
198.235.24.183 - - [01/Dec/2025:12:33:30 +0100] "\x16\x03\x01" 403 265 "-" "-"
85.208.96.198 - - [01/Dec/2025:12:33:35 +0100] "GET /platby/aohwuyx/forbes-massie-copenhagen HTTP/1.1" 200 10591 "-" "Mozilla/5.0 (compatible; SemrushBot/7~bl; +http://www.semrush.com/bot.html)"
185.191.171.5 - - [01/Dec/2025:12:34:07 +0100] "GET /platby/72zbxoz/alva-donna-world-palace HTTP/1.1" 200 12881 "-" "Mozilla/5.0 (compatible; SemrushBot/7~bl; +http://www.semrush.com/bot.html)"
85.208.96.201 - - [01/Dec/2025:12:34:24 +0100] "GET /platby/hca/how-to-start-qemu-from-command-line HTTP/1.1" 200 7798 "-" "Mozilla/5.0 (compatible; SemrushBot/7~bl; +http://www.semrush.com/bot.html)"
204.76.203.206 - - [01/Dec/2025:12:34:24 +0100] "GET /" 400 468 "-" "-"
85.208.96.201 - - [01/Dec/2025:12:34:35 +0100] "GET /platby/uwoy9/do-they-know-it's-christmas-queen HTTP/1.1" 200 11620 "-" "Mozilla/5.0 (compatible; SemrushBot/7~bl; +http://www.semrush.com/bot.html)"
85.208.96.196 - - [01/Dec/2025:12:34:50 +0100] "GET /platby/72zbxoz/kieran-dowell-whoscored HTTP/1.1" 200 14001 "-" "Mozilla/5.0 (compatible; SemrushBot/7~bl; +http://www.semrush.com/bot.html)"
85.208.96.201 - - [01/Dec/2025:12:34:55 +0100] "GET /platby/aohwuyx/asus-windows-xp-factory-reset HTTP/1.1" 200 9166 "-" "Mozilla/5.0 (compatible; SemrushBot/7~bl; +http://www.semrush.com/bot.html)"
85.208.96.201 - - [01/Dec/2025:12:35:16 +0100] "GET /platby/72zbxoz/words-that-rhyme-with-hear HTTP/1.1" 200 9535 "-" "Mozilla/5.0 (compatible; SemrushBot/7~bl; +http://www.semrush.com/bot.html)"
185.191.171.7 - - [01/Dec/2025:12:35:23 +0100] "GET /platby/hca/proform-trainer-treadmill HTTP/1.1" 200 6024 "-" "Mozilla/5.0 (compatible; SemrushBot/7~bl; +http://www.semrush.com/bot.html)"
100.28.57.133 - - [01/Dec/2025:12:35:47 +0100] "GET /platby/uwoy9/butterfly-outline-to-color HTTP/1.1" 200 9297 "-" "Mozilla/5.0 AppleWebKit/537.36 (KHTML, like Gecko; compatible; Amazonbot/0.1; +https://developer.amazon.com/support/amazonbot) Chrome/119.0.6045.214 Safari/537.36"
54.204.12.115 - - [01/Dec/2025:12:35:51 +0100] "GET /platby/uwoy9/bee-or-wasp-nest-identification-uk HTTP/1.1" 200 9004 "-" "Mozilla/5.0 AppleWebKit/537.36 (KHTML, like Gecko; compatible; Amazonbot/0.1; +https://developer.amazon.com/support/amazonbot) Chrome/119.0.6045.214 Safari/537.36"
34.225.87.80 - - [01/Dec/2025:12:35:55 +0100] "GET /platby/uwoy9/arrowhead-seating-chart-garth-brooks HTTP/1.1" 200 9390 "-" "Mozilla/5.0 AppleWebKit/537.36 (KHTML, like Gecko; compatible; Amazonbot/0.1; +https://developer.amazon.com/support/amazonbot) Chrome/119.0.6045.214 Safari/537.36"
3.218.35.239 - - [01/Dec/2025:12:35:59 +0100] "GET /platby/uwoy9/coastal-carolina-volleyball-schedule-2021 HTTP/1.1" 200 11728 "-" "Mozilla/5.0 AppleWebKit/537.36 (KHTML, like Gecko; compatible; Amazonbot/0.1; +https://developer.amazon.com/support/amazonbot) Chrome/119.0.6045.214 Safari/537.36"
52.2.4.213 - - [01/Dec/2025:12:36:04 +0100] "GET /platby/uwoy9/canada-men's-national-basketball-team-players HTTP/1.1" 200 9545 "-" "Mozilla/5.0 AppleWebKit/537.36 (KHTML, like Gecko; compatible; Amazonbot/0.1; +https://developer.amazon.com/support/amazonbot) Chrome/119.0.6045.214 Safari/537.36"
54.84.147.79 - - [01/Dec/2025:12:36:07 +0100] "GET /platby/uwoy9/missouri-fox-trotter-rdr2-silver-dapple-pinto HTTP/1.1" 200 9691 "-" "Mozilla/5.0 AppleWebKit/537.36 (KHTML, like Gecko; compatible; Amazonbot/0.1; +https://developer.amazon.com/support/amazonbot) Chrome/119.0.6045.214 Safari/537.36"
204.76.203.206 - - [01/Dec/2025:12:36:12 +0100] "GET / HTTP/1.1" 200 316 "-" "Mozilla/5.0 (Windows NT 10.0; Win64; x64) AppleWebKit/537.36 (KHTML, like Gecko) Chrome/90.0.4430.85 Safari/537.36 Edg/90.0.818.46"
34.192.125.239 - - [01/Dec/2025:12:36:13 +0100] "GET /platby/uwoy9/terrell-brandon-highlights HTTP/1.1" 200 8146 "-" "Mozilla/5.0 AppleWebKit/537.36 (KHTML, like Gecko; compatible; Amazonbot/0.1; +https://developer.amazon.com/support/amazonbot) Chrome/119.0.6045.214 Safari/537.36"
85.208.96.199 - - [01/Dec/2025:12:36:22 +0100] "GET /platby/aohwuyx/newcastle-jets-games-2021 HTTP/1.1" 200 7304 "-" "Mozilla/5.0 (compatible; SemrushBot/7~bl; +http://www.semrush.com/bot.html)"
85.208.96.207 - - [01/Dec/2025:12:36:24 +0100] "GET /platby/aohwuyx/tremulous-relationship HTTP/1.1" 200 9551 "-" "Mozilla/5.0 (compatible; SemrushBot/7~bl; +http://www.semrush.com/bot.html)"
85.208.96.203 - - [01/Dec/2025:12:36:32 +0100] "GET /platby/hca/what-causes-jealousy-and-envy HTTP/1.1" 200 6726 "-" "Mozilla/5.0 (compatible; SemrushBot/7~bl; +http://www.semrush.com/bot.html)"
185.191.171.14 - - [01/Dec/2025:12:36:51 +0100] "GET /platby/72zbxoz/define-authorized-synonym HTTP/1.1" 200 9367 "-" "Mozilla/5.0 (compatible; SemrushBot/7~bl; +http://www.semrush.com/bot.html)"
185.191.171.2 - - [01/Dec/2025:12:36:59 +0100] "GET /platby/uwoy9/cpl-2021-draft-players-list HTTP/1.1" 200 10143 "-" "Mozilla/5.0 (compatible; SemrushBot/7~bl; +http://www.semrush.com/bot.html)"
185.191.171.3 - - [01/Dec/2025:12:37:05 +0100] "GET /platby/uwoy9/orangutan-pronunciation HTTP/1.1" 200 8138 "-" "Mozilla/5.0 (compatible; SemrushBot/7~bl; +http://www.semrush.com/bot.html)"
85.208.96.197 - - [01/Dec/2025:12:37:17 +0100] "GET /platby/aohwuyx/1998-world-cup-qualifying HTTP/1.1" 200 12611 "-" "Mozilla/5.0 (compatible; SemrushBot/7~bl; +http://www.semrush.com/bot.html)"
185.191.171.16 - - [01/Dec/2025:12:37:31 +0100] "GET /platby/hca/eula-reader-crossword-clue HTTP/1.1" 200 8231 "-" "Mozilla/5.0 (compatible; SemrushBot/7~bl; +http://www.semrush.com/bot.html)"
185.191.171.5 - - [01/Dec/2025:12:37:35 +0100] "GET /platby/qqap/sallah-celebration-2021 HTTP/1.1" 200 8976 "-" "Mozilla/5.0 (compatible; SemrushBot/7~bl; +http://www.semrush.com/bot.html)"
185.191.171.19 - - [01/Dec/2025:12:37:43 +0100] "GET /platby/72zbxoz/best-leather-motorcycle-jacket-2020 HTTP/1.1" 200 10688 "-" "Mozilla/5.0 (compatible; SemrushBot/7~bl; +http://www.semrush.com/bot.html)"
185.191.171.5 - - [01/Dec/2025:12:37:46 +0100] "GET /platby/qqap/newport-beach-to-los-angeles HTTP/1.1" 200 11872 "-" "Mozilla/5.0 (compatible; SemrushBot/7~bl; +http://www.semrush.com/bot.html)"
185.191.171.13 - - [01/Dec/2025:12:37:56 +0100] "GET /platby/uwoy9/is-poor-performance-termination-for-cause HTTP/1.1" 200 11409 "-" "Mozilla/5.0 (compatible; SemrushBot/7~bl; +http://www.semrush.com/bot.html)"
185.191.171.12 - - [01/Dec/2025:12:38:22 +0100] "GET /platby/72zbxoz/collin-sexton-shoe-deal HTTP/1.1" 200 13430 "-" "Mozilla/5.0 (compatible; SemrushBot/7~bl; +http://www.semrush.com/bot.html)"
185.191.171.14 - - [01/Dec/2025:12:38:31 +0100] "GET /platby/qqap/how-long-has-glenn-jacobs-been-mayor HTTP/1.1" 200 11394 "-" "Mozilla/5.0 (compatible; SemrushBot/7~bl; +http://www.semrush.com/bot.html)"
185.191.171.4 - - [01/Dec/2025:12:38:50 +0100] "GET /platby/qqap/st-paul's-girls'-school-ofsted HTTP/1.1" 200 12714 "-" "Mozilla/5.0 (compatible; SemrushBot/7~bl; +http://www.semrush.com/bot.html)"
185.191.171.14 - - [01/Dec/2025:12:38:59 +0100] "GET /platby/qqap/why-is-the-cell-theory-still-accepted-today HTTP/1.1" 200 9121 "-" "Mozilla/5.0 (compatible; SemrushBot/7~bl; +http://www.semrush.com/bot.html)"
85.208.96.209 - - [01/Dec/2025:12:39:16 +0100] "GET /platby/uwoy9/cove-rise-green-crack HTTP/1.1" 200 10328 "-" "Mozilla/5.0 (compatible; SemrushBot/7~bl; +http://www.semrush.com/bot.html)"
85.208.96.208 - - [01/Dec/2025:12:39:50 +0100] "GET /platby/qqap/where-does-maria-sharapova-live HTTP/1.1" 200 10524 "-" "Mozilla/5.0 (compatible; SemrushBot/7~bl; +http://www.semrush.com/bot.html)"
185.191.171.14 - - [01/Dec/2025:12:40:25 +0100] "GET /platby/hca/how-to-collect-cowslip-seeds HTTP/1.1" 200 10117 "-" "Mozilla/5.0 (compatible; SemrushBot/7~bl; +http://www.semrush.com/bot.html)"
185.191.171.14 - - [01/Dec/2025:12:40:28 +0100] "GET /platby/uwoy9/playland-tickets-2021 HTTP/1.1" 200 12338 "-" "Mozilla/5.0 (compatible; SemrushBot/7~bl; +http://www.semrush.com/bot.html)"
185.191.171.1 - - [01/Dec/2025:12:40:44 +0100] "GET /platby/uwoy9/idaho-state-football-schedule-2021 HTTP/1.1" 200 10476 "-" "Mozilla/5.0 (compatible; SemrushBot/7~bl; +http://www.semrush.com/bot.html)"
185.191.171.8 - - [01/Dec/2025:12:40:46 +0100] "GET /platby/qqap/basecamp-classic-vs-basecamp-2 HTTP/1.1" 200 8556 "-" "Mozilla/5.0 (compatible; SemrushBot/7~bl; +http://www.semrush.com/bot.html)"
85.208.96.208 - - [01/Dec/2025:12:40:53 +0100] "GET /platby/72zbxoz/massart-career-services HTTP/1.1" 200 7811 "-" "Mozilla/5.0 (compatible; SemrushBot/7~bl; +http://www.semrush.com/bot.html)"
85.208.96.205 - - [01/Dec/2025:12:41:06 +0100] "GET /platby/uwoy9/how-much-is-katie-piper-worth HTTP/1.1" 200 8738 "-" "Mozilla/5.0 (compatible; SemrushBot/7~bl; +http://www.semrush.com/bot.html)"
85.208.96.210 - - [01/Dec/2025:12:41:19 +0100] "GET /platby/hca/who-owns-brookfield-properties HTTP/1.1" 200 5320 "-" "Mozilla/5.0 (compatible; SemrushBot/7~bl; +http://www.semrush.com/bot.html)"
204.76.203.212 - - [01/Dec/2025:12:41:36 +0100] "GET /" 400 468 "-" "-"
185.191.171.7 - - [01/Dec/2025:12:41:38 +0100] "GET /platby/hca/appliance-repair-dieppe HTTP/1.1" 200 10197 "-" "Mozilla/5.0 (compatible; SemrushBot/7~bl; +http://www.semrush.com/bot.html)"
85.208.96.210 - - [01/Dec/2025:12:41:39 +0100] "GET /platby/hca/jewellery-designing-courses-distance-learning HTTP/1.1" 200 10825 "-" "Mozilla/5.0 (compatible; SemrushBot/7~bl; +http://www.semrush.com/bot.html)"
85.208.96.195 - - [01/Dec/2025:12:41:42 +0100] "GET /platby/uwoy9/kitaria-fables-romance HTTP/1.1" 200 9626 "-" "Mozilla/5.0 (compatible; SemrushBot/7~bl; +http://www.semrush.com/bot.html)"
185.191.171.15 - - [01/Dec/2025:12:41:49 +0100] "GET /platby/uwoy9/camera-resolution-chart HTTP/1.1" 200 10140 "-" "Mozilla/5.0 (compatible; SemrushBot/7~bl; +http://www.semrush.com/bot.html)"
185.191.171.2 - - [01/Dec/2025:12:42:03 +0100] "GET /platby/72zbxoz/tiffin-girls'-school-ranking-2020 HTTP/1.1" 200 10157 "-" "Mozilla/5.0 (compatible; SemrushBot/7~bl; +http://www.semrush.com/bot.html)"
85.208.96.201 - - [01/Dec/2025:12:42:05 +0100] "GET /platby/hca/name-necklace-gold-cheap HTTP/1.1" 200 7159 "-" "Mozilla/5.0 (compatible; SemrushBot/7~bl; +http://www.semrush.com/bot.html)"
185.191.171.13 - - [01/Dec/2025:12:42:21 +0100] "GET /platby/qqap/prime-steakhouse-bethlehem HTTP/1.1" 200 7945 "-" "Mozilla/5.0 (compatible; SemrushBot/7~bl; +http://www.semrush.com/bot.html)"
85.208.96.205 - - [01/Dec/2025:12:42:45 +0100] "GET /platby/qqap/texas-property-tax-exemptions-for-veterans HTTP/1.1" 200 6982 "-" "Mozilla/5.0 (compatible; SemrushBot/7~bl; +http://www.semrush.com/bot.html)"
85.208.96.209 - - [01/Dec/2025:12:42:49 +0100] "GET /platby/aohwuyx/carlos-santana-concert-2021 HTTP/1.1" 200 9847 "-" "Mozilla/5.0 (compatible; SemrushBot/7~bl; +http://www.semrush.com/bot.html)"
85.208.96.211 - - [01/Dec/2025:12:43:02 +0100] "GET /platby/hca/vihiga-united-flashscore HTTP/1.1" 200 10659 "-" "Mozilla/5.0 (compatible; SemrushBot/7~bl; +http://www.semrush.com/bot.html)"
85.208.96.211 - - [01/Dec/2025:12:43:29 +0100] "GET /platby/qqap/great-british-holidays HTTP/1.1" 200 6218 "-" "Mozilla/5.0 (compatible; SemrushBot/7~bl; +http://www.semrush.com/bot.html)"
104.210.140.131 - - [01/Dec/2025:12:44:04 +0100] "\x16\x03\x01\x02" 403 265 "-" "-"
104.210.140.143 - - [01/Dec/2025:12:44:05 +0100] "\x16\x03\x01\x02" 403 265 "-" "-"
104.210.140.130 - - [01/Dec/2025:12:44:06 +0100] "\x16\x03\x01\x02U\x01" 403 265 "-" "-"
104.210.140.135 - - [01/Dec/2025:12:44:06 +0100] "\x16\x03\x01\x02" 403 265 "-" "-"
104.210.140.134 - - [01/Dec/2025:12:44:08 +0100] "\x16\x03\x01\x02" 403 265 "-" "-"
104.210.140.137 - - [01/Dec/2025:12:44:08 +0100] "\x16\x03\x01\x02" 403 265 "-" "-"
104.210.140.140 - - [01/Dec/2025:12:44:09 +0100] "\x16\x03\x01\x02" 403 265 "-" "-"
104.210.140.137 - - [01/Dec/2025:12:44:09 +0100] "\x16\x03\x01\x02" 403 265 "-" "-"
104.210.140.129 - - [01/Dec/2025:12:44:10 +0100] "\x16\x03\x01\x02" 403 265 "-" "-"
185.191.171.16 - - [01/Dec/2025:12:44:10 +0100] "GET /platby/hca/wisconsin-bait-fish-species HTTP/1.1" 200 11967 "-" "Mozilla/5.0 (compatible; SemrushBot/7~bl; +http://www.semrush.com/bot.html)"
104.210.140.136 - - [01/Dec/2025:12:44:10 +0100] "\x16\x03\x01\x02" 403 265 "-" "-"
104.210.140.134 - - [01/Dec/2025:12:44:11 +0100] "\x16\x03\x01\x02" 403 265 "-" "-"
185.191.171.16 - - [01/Dec/2025:12:44:23 +0100] "GET /platby/72zbxoz/steelers-vs-patriots-2021 HTTP/1.1" 200 10223 "-" "Mozilla/5.0 (compatible; SemrushBot/7~bl; +http://www.semrush.com/bot.html)"
85.208.96.194 - - [01/Dec/2025:12:44:32 +0100] "GET /platby/uwoy9/darude-sandstorm-serum HTTP/1.1" 200 14811 "-" "Mozilla/5.0 (compatible; SemrushBot/7~bl; +http://www.semrush.com/bot.html)"
185.191.171.10 - - [01/Dec/2025:12:44:59 +0100] "GET /platby/72zbxoz/jaylon-moore-western-michigan-pff HTTP/1.1" 200 10165 "-" "Mozilla/5.0 (compatible; SemrushBot/7~bl; +http://www.semrush.com/bot.html)"
185.191.171.16 - - [01/Dec/2025:12:45:07 +0100] "GET /platby/hca/osage-orange-furniture HTTP/1.1" 200 6752 "-" "Mozilla/5.0 (compatible; SemrushBot/7~bl; +http://www.semrush.com/bot.html)"
185.191.171.10 - - [01/Dec/2025:12:45:26 +0100] "GET /platby/72zbxoz/user-manual-for-this-phone HTTP/1.1" 200 15329 "-" "Mozilla/5.0 (compatible; SemrushBot/7~bl; +http://www.semrush.com/bot.html)"
185.191.171.5 - - [01/Dec/2025:12:45:37 +0100] "GET /platby/qqap/jane-austen-biography HTTP/1.1" 200 6882 "-" "Mozilla/5.0 (compatible; SemrushBot/7~bl; +http://www.semrush.com/bot.html)"
185.191.171.13 - - [01/Dec/2025:12:45:40 +0100] "GET /platby/72zbxoz/vivo-y15-fingerprint-not-working HTTP/1.1" 200 9899 "-" "Mozilla/5.0 (compatible; SemrushBot/7~bl; +http://www.semrush.com/bot.html)"
185.191.171.7 - - [01/Dec/2025:12:45:43 +0100] "GET /robots.txt HTTP/1.1" 200 54 "-" "Mozilla/5.0 (compatible; SemrushBot/7~bl; +http://www.semrush.com/bot.html)"
185.191.171.11 - - [01/Dec/2025:12:45:44 +0100] "GET /platby/hca/change-management-training-for-leaders-ppt HTTP/1.1" 200 6717 "-" "Mozilla/5.0 (compatible; SemrushBot/7~bl; +http://www.semrush.com/bot.html)"
85.208.96.196 - - [01/Dec/2025:12:45:58 +0100] "GET /platby/qqap/the-week-of-living-dangerously HTTP/1.1" 200 11145 "-" "Mozilla/5.0 (compatible; SemrushBot/7~bl; +http://www.semrush.com/bot.html)"
85.208.96.211 - - [01/Dec/2025:12:46:12 +0100] "GET /platby/72zbxoz/antony-auclair-nfl-draft-scout HTTP/1.1" 200 9118 "-" "Mozilla/5.0 (compatible; SemrushBot/7~bl; +http://www.semrush.com/bot.html)"
85.208.96.204 - - [01/Dec/2025:12:46:20 +0100] "GET /platby/aohwuyx/freddie-gillespie-2k-rating HTTP/1.1" 200 12587 "-" "Mozilla/5.0 (compatible; SemrushBot/7~bl; +http://www.semrush.com/bot.html)"
85.208.96.204 - - [01/Dec/2025:12:46:21 +0100] "GET /platby/qqap/seattle-seahawks-running-backs-2021 HTTP/1.1" 200 6153 "-" "Mozilla/5.0 (compatible; SemrushBot/7~bl; +http://www.semrush.com/bot.html)"
185.191.171.13 - - [01/Dec/2025:12:46:23 +0100] "GET /platby/72zbxoz/james-o'shaughnessy-asset-management HTTP/1.1" 200 10282 "-" "Mozilla/5.0 (compatible; SemrushBot/7~bl; +http://www.semrush.com/bot.html)"
185.191.171.7 - - [01/Dec/2025:12:46:39 +0100] "GET /platby/aohwuyx/sundowns-vs-pirates-head-to-head-record HTTP/1.1" 200 12227 "-" "Mozilla/5.0 (compatible; SemrushBot/7~bl; +http://www.semrush.com/bot.html)"
185.191.171.10 - - [01/Dec/2025:12:46:46 +0100] "GET /platby/qqap/usps-complaint-number HTTP/1.1" 200 12383 "-" "Mozilla/5.0 (compatible; SemrushBot/7~bl; +http://www.semrush.com/bot.html)"
85.208.96.210 - - [01/Dec/2025:12:46:51 +0100] "GET /platby/qqap/browns-vs-steelers-stats HTTP/1.1" 200 5525 "-" "Mozilla/5.0 (compatible; SemrushBot/7~bl; +http://www.semrush.com/bot.html)"
85.208.96.204 - - [01/Dec/2025:12:47:12 +0100] "GET /platby/qqap/lonsdale-college-oxford HTTP/1.1" 200 7614 "-" "Mozilla/5.0 (compatible; SemrushBot/7~bl; +http://www.semrush.com/bot.html)"
185.191.171.1 - - [01/Dec/2025:12:47:37 +0100] "GET /platby/qqap/sherwood-newcastle-r-972-for-sale HTTP/1.1" 200 7832 "-" "Mozilla/5.0 (compatible; SemrushBot/7~bl; +http://www.semrush.com/bot.html)"
