185.191.171.9 - - [01/Dec/2025:09:06:19 +0100] "GET /platby/qqap/morgan-watkins-harlots HTTP/1.1" 200 9724 "-" "Mozilla/5.0 (compatible; SemrushBot/7~bl; +http://www.semrush.com/bot.html)"
85.208.96.208 - - [01/Dec/2025:09:06:24 +0100] "GET /platby/aohwuyx/caroline-hirons-spring-kit-2021 HTTP/1.1" 200 13586 "-" "Mozilla/5.0 (compatible; SemrushBot/7~bl; +http://www.semrush.com/bot.html)"
85.208.96.199 - - [01/Dec/2025:09:06:35 +0100] "GET /platby/hca/christopher-goulet-son-of-robert-goulet HTTP/1.1" 200 11506 "-" "Mozilla/5.0 (compatible; SemrushBot/7~bl; +http://www.semrush.com/bot.html)"
185.191.171.8 - - [01/Dec/2025:09:06:38 +0100] "GET /platby/uwoy9/george-baker-singer-wife HTTP/1.1" 200 14650 "-" "Mozilla/5.0 (compatible; SemrushBot/7~bl; +http://www.semrush.com/bot.html)"
85.208.96.193 - - [01/Dec/2025:09:06:52 +0100] "GET /platby/qqap/de'anthony-melton-college HTTP/1.1" 200 10433 "-" "Mozilla/5.0 (compatible; SemrushBot/7~bl; +http://www.semrush.com/bot.html)"
185.191.171.6 - - [01/Dec/2025:09:07:29 +0100] "GET /platby/aohwuyx/my-old-friend-the-blues-proclaimers HTTP/1.1" 200 8704 "-" "Mozilla/5.0 (compatible; SemrushBot/7~bl; +http://www.semrush.com/bot.html)"
185.191.171.6 - - [01/Dec/2025:09:08:07 +0100] "GET /platby/aohwuyx/newton-county,-mo-newspaper HTTP/1.1" 200 8449 "-" "Mozilla/5.0 (compatible; SemrushBot/7~bl; +http://www.semrush.com/bot.html)"
185.191.171.8 - - [01/Dec/2025:09:08:16 +0100] "GET /platby/72zbxoz/hericane-lany-ukulele-chords HTTP/1.1" 200 9780 "-" "Mozilla/5.0 (compatible; SemrushBot/7~bl; +http://www.semrush.com/bot.html)"
185.191.171.19 - - [01/Dec/2025:09:08:26 +0100] "GET /platby/qqap/tyler-anderson-salary HTTP/1.1" 200 6671 "-" "Mozilla/5.0 (compatible; SemrushBot/7~bl; +http://www.semrush.com/bot.html)"
85.208.96.199 - - [01/Dec/2025:09:09:27 +0100] "GET /platby/qqap/sweden-v-australia-live-score-olympics HTTP/1.1" 200 10117 "-" "Mozilla/5.0 (compatible; SemrushBot/7~bl; +http://www.semrush.com/bot.html)"
114.119.139.112 - - [01/Dec/2025:09:09:39 +0100] "GET /platby/uwoy9/when-do-rhododendrons-bloom-in-north-carolina-2020 HTTP/1.1" 200 9459 "http://ispc.klape.eu/platby/uwoy9/when-do-rhododendrons-bloom-in-north-carolina-2020" "Mozilla/5.0 (Linux; Android 7.0;) AppleWebKit/537.36 (KHTML, like Gecko) Mobile Safari/537.36 (compatible; PetalBot;+https://webmaster.petalsearch.com/site/petalbot)"
85.208.96.207 - - [01/Dec/2025:09:09:55 +0100] "GET /platby/72zbxoz/samsung-galaxy-a12-prepaid HTTP/1.1" 200 9511 "-" "Mozilla/5.0 (compatible; SemrushBot/7~bl; +http://www.semrush.com/bot.html)"
185.191.171.17 - - [01/Dec/2025:09:09:59 +0100] "GET /platby/hca/justus-sheffield-dynasty HTTP/1.1" 200 7721 "-" "Mozilla/5.0 (compatible; SemrushBot/7~bl; +http://www.semrush.com/bot.html)"
85.208.96.205 - - [01/Dec/2025:09:10:01 +0100] "GET /platby/aohwuyx/david-robinson-children HTTP/1.1" 200 12969 "-" "Mozilla/5.0 (compatible; SemrushBot/7~bl; +http://www.semrush.com/bot.html)"
85.208.96.211 - - [01/Dec/2025:09:10:02 +0100] "GET /platby/aohwuyx/non-possession-synonyms HTTP/1.1" 200 9311 "-" "Mozilla/5.0 (compatible; SemrushBot/7~bl; +http://www.semrush.com/bot.html)"
185.191.171.7 - - [01/Dec/2025:09:10:14 +0100] "GET /platby/uwoy9/fema-trailers-for-sale-in-panama-city-florida HTTP/1.1" 200 7588 "-" "Mozilla/5.0 (compatible; SemrushBot/7~bl; +http://www.semrush.com/bot.html)"
185.191.171.19 - - [01/Dec/2025:09:10:16 +0100] "GET /platby/qqap/who-is-iroh-ii-father-in-legend-of-korra HTTP/1.1" 200 8460 "-" "Mozilla/5.0 (compatible; SemrushBot/7~bl; +http://www.semrush.com/bot.html)"
85.208.96.206 - - [01/Dec/2025:09:10:18 +0100] "GET /platby/uwoy9/wolf-wall-street-meme HTTP/1.1" 200 13561 "-" "Mozilla/5.0 (compatible; SemrushBot/7~bl; +http://www.semrush.com/bot.html)"
185.191.171.2 - - [01/Dec/2025:09:10:42 +0100] "GET /platby/qqap/what-comes-first-thought-or-action HTTP/1.1" 200 14062 "-" "Mozilla/5.0 (compatible; SemrushBot/7~bl; +http://www.semrush.com/bot.html)"
185.191.171.8 - - [01/Dec/2025:09:10:44 +0100] "GET /platby/72zbxoz/olivia-moultrie-website HTTP/1.1" 200 9101 "-" "Mozilla/5.0 (compatible; SemrushBot/7~bl; +http://www.semrush.com/bot.html)"
85.208.96.197 - - [01/Dec/2025:09:10:58 +0100] "GET /platby/aohwuyx/matildas-olympic-team HTTP/1.1" 200 7665 "-" "Mozilla/5.0 (compatible; SemrushBot/7~bl; +http://www.semrush.com/bot.html)"
85.208.96.207 - - [01/Dec/2025:09:10:59 +0100] "GET /platby/aohwuyx/island-of-a-thousand-mirrors HTTP/1.1" 200 8776 "-" "Mozilla/5.0 (compatible; SemrushBot/7~bl; +http://www.semrush.com/bot.html)"
185.191.171.5 - - [01/Dec/2025:09:11:36 +0100] "GET /platby/hca/soccer-speed-training-drills-pdf HTTP/1.1" 200 7677 "-" "Mozilla/5.0 (compatible; SemrushBot/7~bl; +http://www.semrush.com/bot.html)"
85.208.96.207 - - [01/Dec/2025:09:11:57 +0100] "GET /platby/aohwuyx/computer-systems-engineering-vs-computer-engineering HTTP/1.1" 200 14171 "-" "Mozilla/5.0 (compatible; SemrushBot/7~bl; +http://www.semrush.com/bot.html)"
185.191.171.16 - - [01/Dec/2025:09:12:22 +0100] "GET /platby/hca/nyu-cinema-studies-acceptance-rate HTTP/1.1" 200 13018 "-" "Mozilla/5.0 (compatible; SemrushBot/7~bl; +http://www.semrush.com/bot.html)"
114.119.140.102 - - [01/Dec/2025:09:12:27 +0100] "GET /platby/article.php?5d4c26=software-company-levels HTTP/1.1" 200 4866 "http://ispc.klape.eu/platby/article.php?5d4c26=co-op-city-affordable-housing" "Mozilla/5.0 (Linux; Android 7.0;) AppleWebKit/537.36 (KHTML, like Gecko) Mobile Safari/537.36 (compatible; PetalBot;+https://webmaster.petalsearch.com/site/petalbot)"
185.191.171.8 - - [01/Dec/2025:09:13:20 +0100] "GET /platby/uwoy9/top-construction-companies-in-usa-2020 HTTP/1.1" 200 14547 "-" "Mozilla/5.0 (compatible; SemrushBot/7~bl; +http://www.semrush.com/bot.html)"
185.191.171.12 - - [01/Dec/2025:09:13:23 +0100] "GET /platby/72zbxoz/the-straw-woman-filming-locations HTTP/1.1" 200 16138 "-" "Mozilla/5.0 (compatible; SemrushBot/7~bl; +http://www.semrush.com/bot.html)"
85.208.96.210 - - [01/Dec/2025:09:13:36 +0100] "GET /platby/hca/traditional-mexican-poems HTTP/1.1" 200 6552 "-" "Mozilla/5.0 (compatible; SemrushBot/7~bl; +http://www.semrush.com/bot.html)"
185.191.171.7 - - [01/Dec/2025:09:13:50 +0100] "GET /platby/hca/florida-international-university HTTP/1.1" 200 9871 "-" "Mozilla/5.0 (compatible; SemrushBot/7~bl; +http://www.semrush.com/bot.html)"
185.191.171.8 - - [01/Dec/2025:09:13:53 +0100] "GET /platby/aohwuyx/samsung-s20-fe-fingerprint-sensor-issues HTTP/1.1" 200 14350 "-" "Mozilla/5.0 (compatible; SemrushBot/7~bl; +http://www.semrush.com/bot.html)"
185.191.171.11 - - [01/Dec/2025:09:14:00 +0100] "GET /platby/72zbxoz/white-gaze-in-development HTTP/1.1" 200 8951 "-" "Mozilla/5.0 (compatible; SemrushBot/7~bl; +http://www.semrush.com/bot.html)"
85.208.96.197 - - [01/Dec/2025:09:14:21 +0100] "GET /platby/aohwuyx/powers-of-the-state-government HTTP/1.1" 200 7400 "-" "Mozilla/5.0 (compatible; SemrushBot/7~bl; +http://www.semrush.com/bot.html)"
85.208.96.201 - - [01/Dec/2025:09:14:28 +0100] "GET /platby/aohwuyx/numerical-methods-for-partial-differential-equations-book HTTP/1.1" 200 7691 "-" "Mozilla/5.0 (compatible; SemrushBot/7~bl; +http://www.semrush.com/bot.html)"
85.208.96.202 - - [01/Dec/2025:09:14:35 +0100] "GET /platby/72zbxoz/how-to-develop-listening-skills-in-students-pdf HTTP/1.1" 200 10473 "-" "Mozilla/5.0 (compatible; SemrushBot/7~bl; +http://www.semrush.com/bot.html)"
185.191.171.13 - - [01/Dec/2025:09:14:45 +0100] "GET /platby/aohwuyx/j-cole-rwanda-basketball HTTP/1.1" 200 7656 "-" "Mozilla/5.0 (compatible; SemrushBot/7~bl; +http://www.semrush.com/bot.html)"
185.191.171.1 - - [01/Dec/2025:09:14:51 +0100] "GET /platby/qqap/short-walk-crossword-clue HTTP/1.1" 200 10597 "-" "Mozilla/5.0 (compatible; SemrushBot/7~bl; +http://www.semrush.com/bot.html)"
85.208.96.206 - - [01/Dec/2025:09:14:57 +0100] "GET /platby/72zbxoz/power-automate-create-folder-in-sharepoint HTTP/1.1" 200 9518 "-" "Mozilla/5.0 (compatible; SemrushBot/7~bl; +http://www.semrush.com/bot.html)"
85.208.96.203 - - [01/Dec/2025:09:15:13 +0100] "GET /platby/72zbxoz/hydrogen-stocks-under-$1 HTTP/1.1" 200 7556 "-" "Mozilla/5.0 (compatible; SemrushBot/7~bl; +http://www.semrush.com/bot.html)"
114.119.130.237 - - [01/Dec/2025:09:15:17 +0100] "GET /platby/article.php?5d4c26=snes-roms-for-retropie HTTP/1.1" 200 7354 "http://ispc.klape.eu/platby/article.php?5d4c26=dormition-abbey-hours" "Mozilla/5.0 (Linux; Android 7.0;) AppleWebKit/537.36 (KHTML, like Gecko) Mobile Safari/537.36 (compatible; PetalBot;+https://webmaster.petalsearch.com/site/petalbot)"
185.191.171.6 - - [01/Dec/2025:09:15:44 +0100] "GET /platby/72zbxoz/novena-prayer-to-st-dominic-de-guzman HTTP/1.1" 200 13033 "-" "Mozilla/5.0 (compatible; SemrushBot/7~bl; +http://www.semrush.com/bot.html)"
85.208.96.198 - - [01/Dec/2025:09:15:46 +0100] "GET /platby/hca/electric-love-festival HTTP/1.1" 200 7719 "-" "Mozilla/5.0 (compatible; SemrushBot/7~bl; +http://www.semrush.com/bot.html)"
185.191.171.8 - - [01/Dec/2025:09:16:05 +0100] "GET /platby/uwoy9/brodric-thomas-height-without-shoes HTTP/1.1" 200 10449 "-" "Mozilla/5.0 (compatible; SemrushBot/7~bl; +http://www.semrush.com/bot.html)"
185.191.171.7 - - [01/Dec/2025:09:16:27 +0100] "GET /platby/hca/university-of-minnesota-duluth-dorm-tour HTTP/1.1" 200 12466 "-" "Mozilla/5.0 (compatible; SemrushBot/7~bl; +http://www.semrush.com/bot.html)"
172.234.151.239 - - [01/Dec/2025:09:16:29 +0100] "\x16\x03\x01\x01X\x01" 403 265 "-" "-"
64.225.60.187 - - [01/Dec/2025:09:16:50 +0100] "\x16\x03\x01" 403 265 "-" "-"
185.191.171.8 - - [01/Dec/2025:09:17:00 +0100] "GET /platby/qqap/black-social-groups-near-me HTTP/1.1" 200 11641 "-" "Mozilla/5.0 (compatible; SemrushBot/7~bl; +http://www.semrush.com/bot.html)"
185.191.171.5 - - [01/Dec/2025:09:17:07 +0100] "GET /platby/72zbxoz/how-to-install-autocad-2020-student-version HTTP/1.1" 200 10567 "-" "Mozilla/5.0 (compatible; SemrushBot/7~bl; +http://www.semrush.com/bot.html)"
185.191.171.8 - - [01/Dec/2025:09:17:58 +0100] "GET /platby/qqap/concurrent-versions-system HTTP/1.1" 200 7646 "-" "Mozilla/5.0 (compatible; SemrushBot/7~bl; +http://www.semrush.com/bot.html)"
85.208.96.209 - - [01/Dec/2025:09:18:02 +0100] "GET /platby/72zbxoz/another-word-for-here-and-there HTTP/1.1" 200 12956 "-" "Mozilla/5.0 (compatible; SemrushBot/7~bl; +http://www.semrush.com/bot.html)"
114.119.149.2 - - [01/Dec/2025:09:18:05 +0100] "GET /platby/article.php?5d4c26=inverse-matrix-method HTTP/1.1" 200 5551 "http://ispc.klape.eu/platby/article.php?5d4c26=inverse-matrix-method" "Mozilla/5.0 (Linux; Android 7.0;) AppleWebKit/537.36 (KHTML, like Gecko) Mobile Safari/537.36 (compatible; PetalBot;+https://webmaster.petalsearch.com/site/petalbot)"
85.208.96.208 - - [01/Dec/2025:09:18:08 +0100] "GET /platby/72zbxoz/atlanta-falcons-defense-ranking-2014 HTTP/1.1" 200 13464 "-" "Mozilla/5.0 (compatible; SemrushBot/7~bl; +http://www.semrush.com/bot.html)"
185.191.171.12 - - [01/Dec/2025:09:18:10 +0100] "GET /platby/qqap/turner-construction-vice-president-salary HTTP/1.1" 200 11700 "-" "Mozilla/5.0 (compatible; SemrushBot/7~bl; +http://www.semrush.com/bot.html)"
185.191.171.14 - - [01/Dec/2025:09:18:23 +0100] "GET /platby/uwoy9/avalon-townhomes-for-rent-alpharetta,-ga HTTP/1.1" 200 11328 "-" "Mozilla/5.0 (compatible; SemrushBot/7~bl; +http://www.semrush.com/bot.html)"
85.208.96.209 - - [01/Dec/2025:09:18:24 +0100] "GET /platby/hca/power-file-sander-toolstation HTTP/1.1" 200 11150 "-" "Mozilla/5.0 (compatible; SemrushBot/7~bl; +http://www.semrush.com/bot.html)"
185.191.171.7 - - [01/Dec/2025:09:18:31 +0100] "GET /platby/hca/ainsley-maitland-niles-pace HTTP/1.1" 200 8649 "-" "Mozilla/5.0 (compatible; SemrushBot/7~bl; +http://www.semrush.com/bot.html)"
85.208.96.199 - - [01/Dec/2025:09:18:41 +0100] "GET /platby/qqap/colorado-state-university-graduate-programs HTTP/1.1" 200 8979 "-" "Mozilla/5.0 (compatible; SemrushBot/7~bl; +http://www.semrush.com/bot.html)"
85.208.96.210 - - [01/Dec/2025:09:18:54 +0100] "GET /platby/qqap/use-fingerprint-instead-of-passwords-android HTTP/1.1" 200 8327 "-" "Mozilla/5.0 (compatible; SemrushBot/7~bl; +http://www.semrush.com/bot.html)"
185.191.171.12 - - [01/Dec/2025:09:18:59 +0100] "GET /platby/hca/why-is-cultural-awareness-important-in-the-workplace HTTP/1.1" 200 7606 "-" "Mozilla/5.0 (compatible; SemrushBot/7~bl; +http://www.semrush.com/bot.html)"
185.191.171.14 - - [01/Dec/2025:09:19:08 +0100] "GET /platby/72zbxoz/orlando-magic-trade-targets HTTP/1.1" 200 7152 "-" "Mozilla/5.0 (compatible; SemrushBot/7~bl; +http://www.semrush.com/bot.html)"
185.191.171.6 - - [01/Dec/2025:09:19:32 +0100] "GET /platby/hca/zephyr-for-jira---test-management HTTP/1.1" 200 7489 "-" "Mozilla/5.0 (compatible; SemrushBot/7~bl; +http://www.semrush.com/bot.html)"
185.191.171.14 - - [01/Dec/2025:09:19:49 +0100] "GET /platby/aohwuyx/kansas-city-chiefs-defense-ranking-2019 HTTP/1.1" 200 6621 "-" "Mozilla/5.0 (compatible; SemrushBot/7~bl; +http://www.semrush.com/bot.html)"
185.191.171.16 - - [01/Dec/2025:09:20:18 +0100] "GET /platby/uwoy9/the-prayer-of-protection-unity HTTP/1.1" 200 11305 "-" "Mozilla/5.0 (compatible; SemrushBot/7~bl; +http://www.semrush.com/bot.html)"
85.208.96.208 - - [01/Dec/2025:09:20:45 +0100] "GET /platby/72zbxoz/cohesion-paragraph-example HTTP/1.1" 200 10398 "-" "Mozilla/5.0 (compatible; SemrushBot/7~bl; +http://www.semrush.com/bot.html)"
185.191.171.17 - - [01/Dec/2025:09:21:01 +0100] "GET /platby/aohwuyx/boldmethod-aviation-quizzes HTTP/1.1" 200 10347 "-" "Mozilla/5.0 (compatible; SemrushBot/7~bl; +http://www.semrush.com/bot.html)"
185.191.171.6 - - [01/Dec/2025:09:21:50 +0100] "GET /platby/uwoy9/eagle-rock-high-school-demographics HTTP/1.1" 200 13115 "-" "Mozilla/5.0 (compatible; SemrushBot/7~bl; +http://www.semrush.com/bot.html)"
185.191.171.9 - - [01/Dec/2025:09:21:54 +0100] "GET /platby/uwoy9/juventus-torino-whoscored HTTP/1.1" 200 12196 "-" "Mozilla/5.0 (compatible; SemrushBot/7~bl; +http://www.semrush.com/bot.html)"
85.208.96.211 - - [01/Dec/2025:09:22:03 +0100] "GET /platby/72zbxoz/renewable-energy-reading-comprehension-worksheet HTTP/1.1" 200 13675 "-" "Mozilla/5.0 (compatible; SemrushBot/7~bl; +http://www.semrush.com/bot.html)"
204.76.203.206 - - [01/Dec/2025:09:22:19 +0100] "GET /" 400 468 "-" "-"
85.208.96.203 - - [01/Dec/2025:09:22:20 +0100] "GET /platby/qqap/russian-athletes-male HTTP/1.1" 200 7907 "-" "Mozilla/5.0 (compatible; SemrushBot/7~bl; +http://www.semrush.com/bot.html)"
85.208.96.208 - - [01/Dec/2025:09:22:25 +0100] "GET /platby/hca/moesha-ending-explained HTTP/1.1" 200 7683 "-" "Mozilla/5.0 (compatible; SemrushBot/7~bl; +http://www.semrush.com/bot.html)"
85.208.96.212 - - [01/Dec/2025:09:22:43 +0100] "GET /platby/aohwuyx/charters-towers-school,-bexhill-on-sea HTTP/1.1" 200 13036 "-" "Mozilla/5.0 (compatible; SemrushBot/7~bl; +http://www.semrush.com/bot.html)"
85.208.96.210 - - [01/Dec/2025:09:22:58 +0100] "GET /platby/hca/british-street-slang:-insults HTTP/1.1" 200 10964 "-" "Mozilla/5.0 (compatible; SemrushBot/7~bl; +http://www.semrush.com/bot.html)"
185.191.171.12 - - [01/Dec/2025:09:23:02 +0100] "GET /platby/hca/bulgaria-football-ranking HTTP/1.1" 200 10904 "-" "Mozilla/5.0 (compatible; SemrushBot/7~bl; +http://www.semrush.com/bot.html)"
85.208.96.195 - - [01/Dec/2025:09:23:04 +0100] "GET /platby/qqap/bullet-train-speed-california HTTP/1.1" 200 5762 "-" "Mozilla/5.0 (compatible; SemrushBot/7~bl; +http://www.semrush.com/bot.html)"
185.191.171.15 - - [01/Dec/2025:09:23:05 +0100] "GET /platby/72zbxoz/iowa-attack-elite-8-tournament HTTP/1.1" 200 12579 "-" "Mozilla/5.0 (compatible; SemrushBot/7~bl; +http://www.semrush.com/bot.html)"
114.119.152.142 - - [01/Dec/2025:09:20:54 +0100] "GET /platby/article.php?5d4c26=gray-television-directv-now HTTP/1.1" 200 7140 "http://ispc.klape.eu/platby/article.php?5d4c26=google-maps-nz-auckland" "Mozilla/5.0 (Linux; Android 7.0;) AppleWebKit/537.36 (KHTML, like Gecko) Mobile Safari/537.36 (compatible; PetalBot;+https://webmaster.petalsearch.com/site/petalbot)"
185.191.171.6 - - [01/Dec/2025:09:23:12 +0100] "GET /platby/aohwuyx/new-york-plant-identification HTTP/1.1" 200 9012 "-" "Mozilla/5.0 (compatible; SemrushBot/7~bl; +http://www.semrush.com/bot.html)"
85.208.96.209 - - [01/Dec/2025:09:23:20 +0100] "GET /platby/aohwuyx/shantel-vansanten-the-flash HTTP/1.1" 200 9670 "-" "Mozilla/5.0 (compatible; SemrushBot/7~bl; +http://www.semrush.com/bot.html)"
114.119.129.163 - - [01/Dec/2025:09:23:41 +0100] "GET /platby/qqap/session-cookies-vs-persistent-cookies HTTP/1.1" 200 12126 "http://ispc.klape.eu/platby/qqap/session-cookies-vs-persistent-cookies" "Mozilla/5.0 (Linux; Android 7.0;) AppleWebKit/537.36 (KHTML, like Gecko) Mobile Safari/537.36 (compatible; PetalBot;+https://webmaster.petalsearch.com/site/petalbot)"
204.76.203.206 - - [01/Dec/2025:09:23:47 +0100] "GET / HTTP/1.1" 200 316 "-" "Mozilla/5.0 (Windows NT 10.0; Win64; x64) AppleWebKit/537.36 (KHTML, like Gecko) Chrome/90.0.4430.85 Safari/537.36 Edg/90.0.818.46"
85.208.96.209 - - [01/Dec/2025:09:23:57 +0100] "GET /platby/hca/while-waiting-sentence HTTP/1.1" 200 7550 "-" "Mozilla/5.0 (compatible; SemrushBot/7~bl; +http://www.semrush.com/bot.html)"
85.208.96.208 - - [01/Dec/2025:09:24:27 +0100] "GET /platby/hca/francine-rivers-new-book-2021 HTTP/1.1" 200 7258 "-" "Mozilla/5.0 (compatible; SemrushBot/7~bl; +http://www.semrush.com/bot.html)"
85.208.96.209 - - [01/Dec/2025:09:24:28 +0100] "GET /platby/uwoy9/western-sydney-wanderers-vs-wellington-phoenix-prediction HTTP/1.1" 200 11995 "-" "Mozilla/5.0 (compatible; SemrushBot/7~bl; +http://www.semrush.com/bot.html)"
85.208.96.193 - - [01/Dec/2025:09:24:34 +0100] "GET /platby/qqap/how-far-apart-to-plant-black-walnut-trees HTTP/1.1" 200 9089 "-" "Mozilla/5.0 (compatible; SemrushBot/7~bl; +http://www.semrush.com/bot.html)"
85.208.96.204 - - [01/Dec/2025:09:25:07 +0100] "GET /platby/qqap/uk-cookie-consent-wordpress-plugin HTTP/1.1" 200 6448 "-" "Mozilla/5.0 (compatible; SemrushBot/7~bl; +http://www.semrush.com/bot.html)"
185.191.171.19 - - [01/Dec/2025:09:25:39 +0100] "GET /platby/uwoy9/ubuntu-20-virtualbox-image HTTP/1.1" 200 12130 "-" "Mozilla/5.0 (compatible; SemrushBot/7~bl; +http://www.semrush.com/bot.html)"
141.98.11.170 - - [01/Dec/2025:09:25:49 +0100] "GET /" 400 468 "-" "-"
185.191.171.12 - - [01/Dec/2025:09:25:50 +0100] "GET /platby/uwoy9/girona-vs-rayo-vallecano-bettingexpert HTTP/1.1" 200 11921 "-" "Mozilla/5.0 (compatible; SemrushBot/7~bl; +http://www.semrush.com/bot.html)"
85.208.96.195 - - [01/Dec/2025:09:26:07 +0100] "GET /platby/hca/shopping-outlets-near-me HTTP/1.1" 200 9247 "-" "Mozilla/5.0 (compatible; SemrushBot/7~bl; +http://www.semrush.com/bot.html)"
114.119.140.102 - - [01/Dec/2025:09:26:29 +0100] "GET /platby/qqap/colleges-with-dorms-in-london HTTP/1.1" 200 10047 "http://ispc.klape.eu/platby/qqap/colleges-with-dorms-in-london" "Mozilla/5.0 (Linux; Android 7.0;) AppleWebKit/537.36 (KHTML, like Gecko) Mobile Safari/537.36 (compatible; PetalBot;+https://webmaster.petalsearch.com/site/petalbot)"
185.191.171.15 - - [01/Dec/2025:09:26:51 +0100] "GET /platby/uwoy9/huawei-y6-face-recognition HTTP/1.1" 200 12901 "-" "Mozilla/5.0 (compatible; SemrushBot/7~bl; +http://www.semrush.com/bot.html)"
185.191.171.19 - - [01/Dec/2025:09:26:53 +0100] "GET /platby/aohwuyx/playstation-state-of-play-july-2021 HTTP/1.1" 200 10948 "-" "Mozilla/5.0 (compatible; SemrushBot/7~bl; +http://www.semrush.com/bot.html)"
85.208.96.193 - - [01/Dec/2025:09:26:59 +0100] "GET /platby/72zbxoz/sherwood-ar-to-north-little-rock-ar HTTP/1.1" 200 8699 "-" "Mozilla/5.0 (compatible; SemrushBot/7~bl; +http://www.semrush.com/bot.html)"
85.208.96.211 - - [01/Dec/2025:09:27:01 +0100] "GET /platby/aohwuyx/apartments-for-rent-temple HTTP/1.1" 200 11094 "-" "Mozilla/5.0 (compatible; SemrushBot/7~bl; +http://www.semrush.com/bot.html)"
185.191.171.12 - - [01/Dec/2025:09:27:11 +0100] "GET /platby/hca/goodix-gf3208-fingerprint-sensor-driver-ubuntu HTTP/1.1" 200 8601 "-" "Mozilla/5.0 (compatible; SemrushBot/7~bl; +http://www.semrush.com/bot.html)"
185.191.171.9 - - [01/Dec/2025:09:27:13 +0100] "GET /platby/aohwuyx/i-don't-trust-this-n-that-i-lay-with HTTP/1.1" 200 15981 "-" "Mozilla/5.0 (compatible; SemrushBot/7~bl; +http://www.semrush.com/bot.html)"
185.191.171.8 - - [01/Dec/2025:09:27:15 +0100] "GET /platby/aohwuyx/faa-pilot-license-requirements HTTP/1.1" 200 11596 "-" "Mozilla/5.0 (compatible; SemrushBot/7~bl; +http://www.semrush.com/bot.html)"
185.191.171.12 - - [01/Dec/2025:09:27:16 +0100] "GET /platby/qqap/what-plants-grow-well-in-pots-in-arizona HTTP/1.1" 200 12721 "-" "Mozilla/5.0 (compatible; SemrushBot/7~bl; +http://www.semrush.com/bot.html)"
185.191.171.17 - - [01/Dec/2025:09:27:18 +0100] "GET /platby/72zbxoz/federal-judicial-center-jobs HTTP/1.1" 200 14719 "-" "Mozilla/5.0 (compatible; SemrushBot/7~bl; +http://www.semrush.com/bot.html)"
85.208.96.210 - - [01/Dec/2025:09:27:38 +0100] "GET /platby/qqap/employee-resource-group-budget HTTP/1.1" 200 9842 "-" "Mozilla/5.0 (compatible; SemrushBot/7~bl; +http://www.semrush.com/bot.html)"
85.208.96.209 - - [01/Dec/2025:09:28:08 +0100] "GET /platby/uwoy9/ravnica:-city-of-guilds-card-list HTTP/1.1" 200 11784 "-" "Mozilla/5.0 (compatible; SemrushBot/7~bl; +http://www.semrush.com/bot.html)"
204.76.203.212 - - [01/Dec/2025:09:28:32 +0100] "GET /" 400 468 "-" "-"
185.191.171.16 - - [01/Dec/2025:09:28:33 +0100] "GET /platby/hca/harvard-criteria-for-admission HTTP/1.1" 200 7902 "-" "Mozilla/5.0 (compatible; SemrushBot/7~bl; +http://www.semrush.com/bot.html)"
198.235.24.29 - - [01/Dec/2025:09:28:47 +0100] "\x16\x03\x01\x01\x0c\x01" 400 289 "-" "-"
198.235.24.29 - - [01/Dec/2025:09:28:47 +0100] "\x16\x03\x01" 403 265 "-" "-"
85.208.96.199 - - [01/Dec/2025:09:28:51 +0100] "GET /platby/qqap/nba-draft-rumors-timberwolves HTTP/1.1" 200 11135 "-" "Mozilla/5.0 (compatible; SemrushBot/7~bl; +http://www.semrush.com/bot.html)"
114.119.149.2 - - [01/Dec/2025:09:29:18 +0100] "GET /platby/article.php?5d4c26=leaders-in-the-world HTTP/1.1" 200 7193 "http://ispc.klape.eu/platby/article.php?5d4c26=8-days%3A-to-the-moon-and-back-123movies" "Mozilla/5.0 (Linux; Android 7.0;) AppleWebKit/537.36 (KHTML, like Gecko) Mobile Safari/537.36 (compatible; PetalBot;+https://webmaster.petalsearch.com/site/petalbot)"
85.208.96.194 - - [01/Dec/2025:09:29:25 +0100] "GET /platby/qqap/michael-warren-obituary HTTP/1.1" 200 6509 "-" "Mozilla/5.0 (compatible; SemrushBot/7~bl; +http://www.semrush.com/bot.html)"
185.191.171.3 - - [01/Dec/2025:09:29:26 +0100] "GET /platby/qqap/grafton-public-schools-nd HTTP/1.1" 200 6973 "-" "Mozilla/5.0 (compatible; SemrushBot/7~bl; +http://www.semrush.com/bot.html)"
185.191.171.15 - - [01/Dec/2025:09:29:52 +0100] "GET /platby/hca/characteristics-of-bilingualism HTTP/1.1" 200 11354 "-" "Mozilla/5.0 (compatible; SemrushBot/7~bl; +http://www.semrush.com/bot.html)"
85.208.96.205 - - [01/Dec/2025:09:30:10 +0100] "GET /platby/qqap/browns-broncos-tickets HTTP/1.1" 200 10970 "-" "Mozilla/5.0 (compatible; SemrushBot/7~bl; +http://www.semrush.com/bot.html)"
185.191.171.3 - - [01/Dec/2025:09:30:20 +0100] "GET /platby/uwoy9/1-thessalonians-4-13-18-explained HTTP/1.1" 200 10246 "-" "Mozilla/5.0 (compatible; SemrushBot/7~bl; +http://www.semrush.com/bot.html)"
85.208.96.207 - - [01/Dec/2025:09:30:25 +0100] "GET /platby/72zbxoz/maria-sharapova-official-website HTTP/1.1" 200 12668 "-" "Mozilla/5.0 (compatible; SemrushBot/7~bl; +http://www.semrush.com/bot.html)"
185.191.171.13 - - [01/Dec/2025:09:30:28 +0100] "GET /platby/qqap/best-smp-programs-medical-school HTTP/1.1" 200 9844 "-" "Mozilla/5.0 (compatible; SemrushBot/7~bl; +http://www.semrush.com/bot.html)"
185.191.171.13 - - [01/Dec/2025:09:30:52 +0100] "GET /platby/aohwuyx/harvard-extension-school HTTP/1.1" 200 9576 "-" "Mozilla/5.0 (compatible; SemrushBot/7~bl; +http://www.semrush.com/bot.html)"
85.208.96.209 - - [01/Dec/2025:09:31:12 +0100] "GET /platby/hca/create-session-cookie HTTP/1.1" 200 7776 "-" "Mozilla/5.0 (compatible; SemrushBot/7~bl; +http://www.semrush.com/bot.html)"
185.191.171.8 - - [01/Dec/2025:09:31:13 +0100] "GET /robots.txt HTTP/1.1" 200 54 "-" "Mozilla/5.0 (compatible; SemrushBot/7~bl; +http://www.semrush.com/bot.html)"
85.208.96.212 - - [01/Dec/2025:09:31:13 +0100] "GET /platby/72zbxoz/nosferatu-remake-2013 HTTP/1.1" 200 13283 "-" "Mozilla/5.0 (compatible; SemrushBot/7~bl; +http://www.semrush.com/bot.html)"
185.191.171.3 - - [01/Dec/2025:09:31:19 +0100] "GET /platby/uwoy9/scholarships-for-doctoral-students-in-organizational-leadership HTTP/1.1" 200 8335 "-" "Mozilla/5.0 (compatible; SemrushBot/7~bl; +http://www.semrush.com/bot.html)"
85.208.96.196 - - [01/Dec/2025:09:31:25 +0100] "GET /platby/uwoy9/galleria-mall-directory HTTP/1.1" 200 8865 "-" "Mozilla/5.0 (compatible; SemrushBot/7~bl; +http://www.semrush.com/bot.html)"
85.208.96.208 - - [01/Dec/2025:09:31:34 +0100] "GET /platby/aohwuyx/wilfred-astudillo-trade HTTP/1.1" 200 12637 "-" "Mozilla/5.0 (compatible; SemrushBot/7~bl; +http://www.semrush.com/bot.html)"
85.208.96.206 - - [01/Dec/2025:09:31:49 +0100] "GET /platby/aohwuyx/addie-joss-jersey-number HTTP/1.1" 200 10030 "-" "Mozilla/5.0 (compatible; SemrushBot/7~bl; +http://www.semrush.com/bot.html)"
85.208.96.208 - - [01/Dec/2025:09:31:57 +0100] "GET /platby/hca/latvia-football-shirt HTTP/1.1" 200 12092 "-" "Mozilla/5.0 (compatible; SemrushBot/7~bl; +http://www.semrush.com/bot.html)"
148.251.136.40 - - [01/Dec/2025:09:31:57 +0100] "\x16\x03\x01\x01\x01\x01" 403 265 "-" "-"
148.251.136.40 - - [01/Dec/2025:09:31:57 +0100] "\x16\x03\x01\x01\x01\x01" 403 265 "-" "-"
148.251.136.40 - - [01/Dec/2025:09:31:57 +0100] "\x16\x03\x01\x01\x01\x01" 403 265 "-" "-"
148.251.136.40 - - [01/Dec/2025:09:31:57 +0100] "\x16\x03\x01\x01\x01\x01" 403 265 "-" "-"
148.251.136.40 - - [01/Dec/2025:09:31:57 +0100] "\x16\x03\x01\x01\x01\x01" 403 265 "-" "-"
114.119.140.102 - - [01/Dec/2025:09:32:06 +0100] "GET /platby/article.php?5d4c26=gamefaqs-character-battle-l-block HTTP/1.1" 200 7241 "http://ispc.klape.eu/platby/article.php?5d4c26=sikhote-alin-meteorite-origin" "Mozilla/5.0 (Linux; Android 7.0;) AppleWebKit/537.36 (KHTML, like Gecko) Mobile Safari/537.36 (compatible; PetalBot;+https://webmaster.petalsearch.com/site/petalbot)"
85.208.96.203 - - [01/Dec/2025:09:32:11 +0100] "GET /platby/uwoy9/soccer-leg-workout-no-weights HTTP/1.1" 200 9564 "-" "Mozilla/5.0 (compatible; SemrushBot/7~bl; +http://www.semrush.com/bot.html)"
85.208.96.194 - - [01/Dec/2025:09:32:37 +0100] "GET /platby/hca/jonestown-kool-aid-flavor HTTP/1.1" 200 10524 "-" "Mozilla/5.0 (compatible; SemrushBot/7~bl; +http://www.semrush.com/bot.html)"
185.191.171.3 - - [01/Dec/2025:09:33:08 +0100] "GET /platby/qqap/amphi-school-calendar-2020-2021 HTTP/1.1" 200 11232 "-" "Mozilla/5.0 (compatible; SemrushBot/7~bl; +http://www.semrush.com/bot.html)"
218.75.38.210 - - [01/Dec/2025:09:33:21 +0100] "GET /" 400 468 "-" "-"
85.208.96.204 - - [01/Dec/2025:09:33:21 +0100] "GET /platby/qqap/ma'khia-bryant-foster-care HTTP/1.1" 200 6932 "-" "Mozilla/5.0 (compatible; SemrushBot/7~bl; +http://www.semrush.com/bot.html)"
85.208.96.206 - - [01/Dec/2025:09:33:42 +0100] "GET /platby/72zbxoz/scissor-kicks-benefits HTTP/1.1" 200 12645 "-" "Mozilla/5.0 (compatible; SemrushBot/7~bl; +http://www.semrush.com/bot.html)"
85.208.96.198 - - [01/Dec/2025:09:33:48 +0100] "GET /platby/72zbxoz/is-shaquem-griffin-still-playing-for-the-seahawks HTTP/1.1" 200 9800 "-" "Mozilla/5.0 (compatible; SemrushBot/7~bl; +http://www.semrush.com/bot.html)"
85.208.96.205 - - [01/Dec/2025:09:33:49 +0100] "GET /platby/qqap/university-of-rochester-graduation-2022 HTTP/1.1" 200 12109 "-" "Mozilla/5.0 (compatible; SemrushBot/7~bl; +http://www.semrush.com/bot.html)"
85.208.96.194 - - [01/Dec/2025:09:34:06 +0100] "GET /platby/uwoy9/scientifically-best-time-to-wake-up HTTP/1.1" 200 8775 "-" "Mozilla/5.0 (compatible; SemrushBot/7~bl; +http://www.semrush.com/bot.html)"
185.191.171.3 - - [01/Dec/2025:09:34:20 +0100] "GET /platby/uwoy9/various-stakeholders-and-components-of-agribusiness-system HTTP/1.1" 200 9143 "-" "Mozilla/5.0 (compatible; SemrushBot/7~bl; +http://www.semrush.com/bot.html)"
185.191.171.16 - - [01/Dec/2025:09:34:39 +0100] "GET /platby/aohwuyx/section-8-apartments-all-bills-paid-san-antonio HTTP/1.1" 200 12622 "-" "Mozilla/5.0 (compatible; SemrushBot/7~bl; +http://www.semrush.com/bot.html)"
85.208.96.207 - - [01/Dec/2025:09:34:44 +0100] "GET /platby/aohwuyx/i-dreamed-something-and-it-happened-the-next-day HTTP/1.1" 200 11602 "-" "Mozilla/5.0 (compatible; SemrushBot/7~bl; +http://www.semrush.com/bot.html)"
85.208.96.203 - - [01/Dec/2025:09:34:46 +0100] "GET /platby/qqap/fellow-sentence-for-class-1 HTTP/1.1" 200 7003 "-" "Mozilla/5.0 (compatible; SemrushBot/7~bl; +http://www.semrush.com/bot.html)"
85.208.96.199 - - [01/Dec/2025:09:34:52 +0100] "GET /platby/aohwuyx/volunteer-computing-projects HTTP/1.1" 200 9209 "-" "Mozilla/5.0 (compatible; SemrushBot/7~bl; +http://www.semrush.com/bot.html)"
114.119.139.66 - - [01/Dec/2025:09:34:56 +0100] "GET /platby/aohwuyx/saskatchewan-indigenous HTTP/1.1" 200 8024 "http://ispc.klape.eu/platby/aohwuyx/saskatchewan-indigenous" "Mozilla/5.0 (Linux; Android 7.0;) AppleWebKit/537.36 (KHTML, like Gecko) Mobile Safari/537.36 (compatible; PetalBot;+https://webmaster.petalsearch.com/site/petalbot)"
185.191.171.13 - - [01/Dec/2025:09:35:02 +0100] "GET /platby/qqap/catawba-college-jv-basketball HTTP/1.1" 200 9577 "-" "Mozilla/5.0 (compatible; SemrushBot/7~bl; +http://www.semrush.com/bot.html)"
185.191.171.3 - - [01/Dec/2025:09:35:16 +0100] "GET /platby/qqap/thank-you-with-exclamation-mark-in-email HTTP/1.1" 200 12602 "-" "Mozilla/5.0 (compatible; SemrushBot/7~bl; +http://www.semrush.com/bot.html)"
185.191.171.16 - - [01/Dec/2025:09:35:19 +0100] "GET /platby/uwoy9/sorrento-vs-bayswater-city HTTP/1.1" 200 10726 "-" "Mozilla/5.0 (compatible; SemrushBot/7~bl; +http://www.semrush.com/bot.html)"
185.191.171.1 - - [01/Dec/2025:09:35:21 +0100] "GET /platby/72zbxoz/derek-fisher-kobe-bryant-wife HTTP/1.1" 200 6924 "-" "Mozilla/5.0 (compatible; SemrushBot/7~bl; +http://www.semrush.com/bot.html)"
85.208.96.200 - - [01/Dec/2025:09:35:23 +0100] "GET /platby/qqap/professional-sports-jobs HTTP/1.1" 200 9922 "-" "Mozilla/5.0 (compatible; SemrushBot/7~bl; +http://www.semrush.com/bot.html)"
85.208.96.199 - - [01/Dec/2025:09:35:54 +0100] "GET /platby/uwoy9/enidine-shock-absorber HTTP/1.1" 200 10394 "-" "Mozilla/5.0 (compatible; SemrushBot/7~bl; +http://www.semrush.com/bot.html)"
185.191.171.15 - - [01/Dec/2025:09:36:08 +0100] "GET /platby/qqap/argentina-vs-ecuador-head-to-head HTTP/1.1" 200 9982 "-" "Mozilla/5.0 (compatible; SemrushBot/7~bl; +http://www.semrush.com/bot.html)"
185.191.171.16 - - [01/Dec/2025:09:36:16 +0100] "GET /platby/hca/golang-http-post-json HTTP/1.1" 200 7494 "-" "Mozilla/5.0 (compatible; SemrushBot/7~bl; +http://www.semrush.com/bot.html)"
185.191.171.15 - - [01/Dec/2025:09:37:22 +0100] "GET /platby/qqap/dinner-for-schmucks-apartment HTTP/1.1" 200 12090 "-" "Mozilla/5.0 (compatible; SemrushBot/7~bl; +http://www.semrush.com/bot.html)"
185.191.171.6 - - [01/Dec/2025:09:37:23 +0100] "GET /platby/uwoy9/adam-coon-olympics-2021 HTTP/1.1" 200 10734 "-" "Mozilla/5.0 (compatible; SemrushBot/7~bl; +http://www.semrush.com/bot.html)"
176.65.132.18 - - [01/Dec/2025:09:37:24 +0100] "\x16\x03\x01\x01\x01\x01" 403 265 "-" "-"
52.4.213.199 - - [01/Dec/2025:09:37:28 +0100] "GET /platby/uwoy9/safa-national-women's-league-teams HTTP/1.1" 200 13246 "-" "Mozilla/5.0 AppleWebKit/537.36 (KHTML, like Gecko; compatible; Amazonbot/0.1; +https://developer.amazon.com/support/amazonbot) Chrome/119.0.6045.214 Safari/537.36"
85.208.96.197 - - [01/Dec/2025:09:37:30 +0100] "GET /platby/qqap/trailer-hitches-near-me-installed HTTP/1.1" 200 13261 "-" "Mozilla/5.0 (compatible; SemrushBot/7~bl; +http://www.semrush.com/bot.html)"
34.226.89.140 - - [01/Dec/2025:09:37:31 +0100] "GET /platby/uwoy9/dakota-college-at-bottineau-women's-hockey HTTP/1.1" 200 9083 "-" "Mozilla/5.0 AppleWebKit/537.36 (KHTML, like Gecko; compatible; Amazonbot/0.1; +https://developer.amazon.com/support/amazonbot) Chrome/119.0.6045.214 Safari/537.36"
85.208.96.206 - - [01/Dec/2025:09:37:36 +0100] "GET /platby/aohwuyx/st-vincent-north-phone-number HTTP/1.1" 200 12621 "-" "Mozilla/5.0 (compatible; SemrushBot/7~bl; +http://www.semrush.com/bot.html)"
3.209.174.110 - - [01/Dec/2025:09:37:36 +0100] "GET /platby/uwoy9/ander-herrera-fifa-21-rating HTTP/1.1" 200 9381 "-" "Mozilla/5.0 AppleWebKit/537.36 (KHTML, like Gecko; compatible; Amazonbot/0.1; +https://developer.amazon.com/support/amazonbot) Chrome/119.0.6045.214 Safari/537.36"
52.2.191.202 - - [01/Dec/2025:09:37:38 +0100] "GET /platby/uwoy9/lancaster-county-nebraska-most-wanted HTTP/1.1" 200 8296 "-" "Mozilla/5.0 AppleWebKit/537.36 (KHTML, like Gecko; compatible; Amazonbot/0.1; +https://developer.amazon.com/support/amazonbot) Chrome/119.0.6045.214 Safari/537.36"
114.119.139.112 - - [01/Dec/2025:09:37:44 +0100] "GET /platby/uwoy9/where-can-i-buy-a-cherokee-rose-bush HTTP/1.1" 200 8147 "http://ispc.klape.eu/platby/uwoy9/prosperity-pronunciation" "Mozilla/5.0 (Linux; Android 7.0;) AppleWebKit/537.36 (KHTML, like Gecko) Mobile Safari/537.36 (compatible; PetalBot;+https://webmaster.petalsearch.com/site/petalbot)"
44.196.118.6 - - [01/Dec/2025:09:37:44 +0100] "GET /platby/uwoy9/in-1905-homework-was-invented-for-what-reason HTTP/1.1" 200 11061 "-" "Mozilla/5.0 AppleWebKit/537.36 (KHTML, like Gecko; compatible; Amazonbot/0.1; +https://developer.amazon.com/support/amazonbot) Chrome/119.0.6045.214 Safari/537.36"
185.191.171.14 - - [01/Dec/2025:09:38:10 +0100] "GET /platby/uwoy9/hammer-conflict-styles HTTP/1.1" 200 9546 "-" "Mozilla/5.0 (compatible; SemrushBot/7~bl; +http://www.semrush.com/bot.html)"
115.238.44.234 - - [01/Dec/2025:09:38:10 +0100] "GET /" 400 468 "-" "-"
85.208.96.211 - - [01/Dec/2025:09:38:29 +0100] "GET /platby/aohwuyx/tomorrow-river-school-district-board-meeting HTTP/1.1" 200 12004 "-" "Mozilla/5.0 (compatible; SemrushBot/7~bl; +http://www.semrush.com/bot.html)"
85.208.96.197 - - [01/Dec/2025:09:38:39 +0100] "GET /platby/hca/valentino-reggaeton-singer HTTP/1.1" 200 10712 "-" "Mozilla/5.0 (compatible; SemrushBot/7~bl; +http://www.semrush.com/bot.html)"
185.191.171.11 - - [01/Dec/2025:09:38:58 +0100] "GET /platby/hca/huawei-p30-lite-not-holding-charge HTTP/1.1" 200 8407 "-" "Mozilla/5.0 (compatible; SemrushBot/7~bl; +http://www.semrush.com/bot.html)"
185.191.171.3 - - [01/Dec/2025:09:39:01 +0100] "GET /platby/qqap/masters-in-rocket-propulsion HTTP/1.1" 200 7128 "-" "Mozilla/5.0 (compatible; SemrushBot/7~bl; +http://www.semrush.com/bot.html)"
85.208.96.210 - - [01/Dec/2025:09:39:11 +0100] "GET /platby/72zbxoz/where-to-buy-bloodroot-powder HTTP/1.1" 200 15012 "-" "Mozilla/5.0 (compatible; SemrushBot/7~bl; +http://www.semrush.com/bot.html)"
85.208.96.206 - - [01/Dec/2025:09:39:16 +0100] "GET /platby/aohwuyx/philadelphia-76ers-trade HTTP/1.1" 200 9886 "-" "Mozilla/5.0 (compatible; SemrushBot/7~bl; +http://www.semrush.com/bot.html)"
185.191.171.14 - - [01/Dec/2025:09:39:22 +0100] "GET /platby/qqap/misappropriation-of-funds-australia HTTP/1.1" 200 5711 "-" "Mozilla/5.0 (compatible; SemrushBot/7~bl; +http://www.semrush.com/bot.html)"
185.191.171.6 - - [01/Dec/2025:09:39:25 +0100] "GET /platby/qqap/moderate-level-of-support HTTP/1.1" 200 8090 "-" "Mozilla/5.0 (compatible; SemrushBot/7~bl; +http://www.semrush.com/bot.html)"
185.191.171.6 - - [01/Dec/2025:09:39:26 +0100] "GET /platby/72zbxoz/waldorf-school-of-the-peninsula-jobs HTTP/1.1" 200 11583 "-" "Mozilla/5.0 (compatible; SemrushBot/7~bl; +http://www.semrush.com/bot.html)"
185.191.171.4 - - [01/Dec/2025:09:39:30 +0100] "GET /platby/qqap/devonta-smith-fan-reaction HTTP/1.1" 200 9710 "-" "Mozilla/5.0 (compatible; SemrushBot/7~bl; +http://www.semrush.com/bot.html)"
34.77.175.85 - - [01/Dec/2025:09:39:31 +0100] "\x16\x03\x01" 403 265 "-" "-"
34.77.175.85 - - [01/Dec/2025:09:39:35 +0100] "OPTIONS / HTTP/1.0" 403 266 "-" "-"
185.191.171.19 - - [01/Dec/2025:09:40:03 +0100] "GET /platby/uwoy9/rhode-island-red-chickens-for-sale HTTP/1.1" 200 9340 "-" "Mozilla/5.0 (compatible; SemrushBot/7~bl; +http://www.semrush.com/bot.html)"
85.208.96.207 - - [01/Dec/2025:09:40:24 +0100] "GET /platby/72zbxoz/what-is-compare-in-computer HTTP/1.1" 200 9629 "-" "Mozilla/5.0 (compatible; SemrushBot/7~bl; +http://www.semrush.com/bot.html)"
114.119.139.112 - - [01/Dec/2025:09:40:33 +0100] "GET /platby/uwoy9/commercial-property-for-rent-in-houghton,-mi HTTP/1.1" 200 8030 "http://ispc.klape.eu/platby/uwoy9/commercial-property-for-rent-in-houghton%2C-mi" "Mozilla/5.0 (Linux; Android 7.0;) AppleWebKit/537.36 (KHTML, like Gecko) Mobile Safari/537.36 (compatible; PetalBot;+https://webmaster.petalsearch.com/site/petalbot)"
212.36.208.248 - - [01/Dec/2025:09:41:05 +0100] "\x16\x03\x01\x02" 403 265 "-" "-"
167.94.138.39 - - [01/Dec/2025:09:41:14 +0100] "\x16\x03\x01" 403 265 "-" "-"
167.94.138.39 - - [01/Dec/2025:09:41:15 +0100] "GET / HTTP/1.1" 403 224 "-" "Mozilla/5.0 (compatible; CensysInspect/1.1; +https://about.censys.io/)"
167.94.138.39 - - [01/Dec/2025:09:41:15 +0100] "PRI * HTTP/2.0" 400 289 "-" "-"
195.178.87.172 - - [01/Dec/2025:09:41:18 +0100] "\x16\x03\x01\x01\x1f\x01" 403 265 "-" "-"
23.92.26.25 - - [01/Dec/2025:09:41:21 +0100] "\x16\x03\x01" 403 265 "-" "-"
167.94.138.39 - - [01/Dec/2025:09:41:21 +0100] "\x16\x03\x01" 403 265 "-" "-"
167.94.138.39 - - [01/Dec/2025:09:41:22 +0100] "GET /.well-known/security.txt HTTP/1.1" 403 243 "-" "Mozilla/5.0 (compatible; CensysInspect/1.1; +https://about.censys.io/)"
85.208.96.196 - - [01/Dec/2025:09:41:24 +0100] "GET /platby/qqap/guildford-college-courses-2020 HTTP/1.1" 200 6323 "-" "Mozilla/5.0 (compatible; SemrushBot/7~bl; +http://www.semrush.com/bot.html)"
85.208.96.199 - - [01/Dec/2025:09:41:33 +0100] "GET /platby/aohwuyx/with-reference-to-the-below-trailing-mail HTTP/1.1" 200 9874 "-" "Mozilla/5.0 (compatible; SemrushBot/7~bl; +http://www.semrush.com/bot.html)"
204.76.203.206 - - [01/Dec/2025:09:41:52 +0100] "GET /" 400 468 "-" "-"
85.208.96.202 - - [01/Dec/2025:09:42:13 +0100] "GET /platby/qqap/manhattan-hunter-science-high-school-admissions HTTP/1.1" 200 11433 "-" "Mozilla/5.0 (compatible; SemrushBot/7~bl; +http://www.semrush.com/bot.html)"
85.208.96.202 - - [01/Dec/2025:09:42:17 +0100] "GET /platby/qqap/bluebonnet-news-obituaries HTTP/1.1" 200 12408 "-" "Mozilla/5.0 (compatible; SemrushBot/7~bl; +http://www.semrush.com/bot.html)"
85.208.96.204 - - [01/Dec/2025:09:42:20 +0100] "GET /platby/aohwuyx/when-was-the-first-mobile-phone-invented HTTP/1.1" 200 8226 "-" "Mozilla/5.0 (compatible; SemrushBot/7~bl; +http://www.semrush.com/bot.html)"
85.208.96.205 - - [01/Dec/2025:09:42:27 +0100] "GET /platby/hca/pcl-construction-holidays HTTP/1.1" 200 8489 "-" "Mozilla/5.0 (compatible; SemrushBot/7~bl; +http://www.semrush.com/bot.html)"
185.191.171.17 - - [01/Dec/2025:09:42:31 +0100] "GET /platby/aohwuyx/usa-hockey-registration-renewal HTTP/1.1" 200 9429 "-" "Mozilla/5.0 (compatible; SemrushBot/7~bl; +http://www.semrush.com/bot.html)"
204.76.203.206 - - [01/Dec/2025:09:43:07 +0100] "GET / HTTP/1.1" 200 316 "-" "Mozilla/5.0 (Windows NT 10.0; Win64; x64) AppleWebKit/537.36 (KHTML, like Gecko) Chrome/90.0.4430.85 Safari/537.36 Edg/90.0.818.46"
85.208.96.195 - - [01/Dec/2025:09:43:17 +0100] "GET /platby/aohwuyx/private-pilot-checkride-study-guide HTTP/1.1" 200 8958 "-" "Mozilla/5.0 (compatible; SemrushBot/7~bl; +http://www.semrush.com/bot.html)"
85.208.96.210 - - [01/Dec/2025:09:43:21 +0100] "GET /platby/aohwuyx/orchard-park-lacrosse-schedule HTTP/1.1" 200 9869 "-" "Mozilla/5.0 (compatible; SemrushBot/7~bl; +http://www.semrush.com/bot.html)"
114.119.128.6 - - [01/Dec/2025:09:43:22 +0100] "GET /platby/qqap/bird-pronunciation-dictionary HTTP/1.1" 200 12416 "http://ispc.klape.eu/platby/qqap/bird-pronunciation-dictionary" "Mozilla/5.0 (Linux; Android 7.0;) AppleWebKit/537.36 (KHTML, like Gecko) Mobile Safari/537.36 (compatible; PetalBot;+https://webmaster.petalsearch.com/site/petalbot)"
85.208.96.195 - - [01/Dec/2025:09:43:22 +0100] "GET /platby/uwoy9/fayetta-pronunciation HTTP/1.1" 200 13078 "-" "Mozilla/5.0 (compatible; SemrushBot/7~bl; +http://www.semrush.com/bot.html)"
185.191.171.4 - - [01/Dec/2025:09:43:24 +0100] "GET /platby/uwoy9/how-to-remove-a-tattoo-with-salt-and-ice HTTP/1.1" 200 9334 "-" "Mozilla/5.0 (compatible; SemrushBot/7~bl; +http://www.semrush.com/bot.html)"
185.191.171.1 - - [01/Dec/2025:09:43:26 +0100] "GET /platby/uwoy9/dr-charlotte-brown-nashville,-tn HTTP/1.1" 200 13957 "-" "Mozilla/5.0 (compatible; SemrushBot/7~bl; +http://www.semrush.com/bot.html)"
185.191.171.3 - - [01/Dec/2025:09:43:34 +0100] "GET /platby/qqap/impending-doom-anxiety HTTP/1.1" 200 7071 "-" "Mozilla/5.0 (compatible; SemrushBot/7~bl; +http://www.semrush.com/bot.html)"
185.191.171.2 - - [01/Dec/2025:09:43:35 +0100] "GET /platby/aohwuyx/gods-country-scotland HTTP/1.1" 200 14720 "-" "Mozilla/5.0 (compatible; SemrushBot/7~bl; +http://www.semrush.com/bot.html)"
185.191.171.8 - - [01/Dec/2025:09:44:08 +0100] "GET /platby/hca/untitled-unmastered-release-date HTTP/1.1" 200 8060 "-" "Mozilla/5.0 (compatible; SemrushBot/7~bl; +http://www.semrush.com/bot.html)"
185.191.171.13 - - [01/Dec/2025:09:44:16 +0100] "GET /platby/qqap/big-words-sentence-generator HTTP/1.1" 200 9190 "-" "Mozilla/5.0 (compatible; SemrushBot/7~bl; +http://www.semrush.com/bot.html)"
85.208.96.195 - - [01/Dec/2025:09:44:30 +0100] "GET /platby/aohwuyx/orchard-park-high-school-football-schedule HTTP/1.1" 200 8345 "-" "Mozilla/5.0 (compatible; SemrushBot/7~bl; +http://www.semrush.com/bot.html)"
143.198.151.128 - - [01/Dec/2025:09:44:54 +0100] "\x16\x03\x01\x02" 403 265 "-" "-"
185.191.171.10 - - [01/Dec/2025:09:45:09 +0100] "GET /platby/72zbxoz/usb-floppy-disk-controller HTTP/1.1" 200 16251 "-" "Mozilla/5.0 (compatible; SemrushBot/7~bl; +http://www.semrush.com/bot.html)"
85.208.96.195 - - [01/Dec/2025:09:45:23 +0100] "GET /platby/qqap/another-word-for-another-in-an-essay HTTP/1.1" 200 10755 "-" "Mozilla/5.0 (compatible; SemrushBot/7~bl; +http://www.semrush.com/bot.html)"
188.166.169.109 - - [01/Dec/2025:09:45:24 +0100] "\x16\x03\x01\x02" 403 265 "-" "-"
114.119.140.102 - - [01/Dec/2025:09:46:10 +0100] "GET /platby/article.php?5d4c26=xcom-2-viper-king-bug HTTP/1.1" 200 7760 "http://ispc.klape.eu/platby/article.php?5d4c26=xcom-2-viper-king-bug" "Mozilla/5.0 (Linux; Android 7.0;) AppleWebKit/537.36 (KHTML, like Gecko) Mobile Safari/537.36 (compatible; PetalBot;+https://webmaster.petalsearch.com/site/petalbot)"
185.191.171.9 - - [01/Dec/2025:09:46:13 +0100] "GET /platby/uwoy9/harford-community-college-jobs HTTP/1.1" 200 8341 "-" "Mozilla/5.0 (compatible; SemrushBot/7~bl; +http://www.semrush.com/bot.html)"
85.208.96.206 - - [01/Dec/2025:09:46:30 +0100] "GET /platby/qqap/moto-g-power-wifi-issues HTTP/1.1" 200 13454 "-" "Mozilla/5.0 (compatible; SemrushBot/7~bl; +http://www.semrush.com/bot.html)"
185.191.171.3 - - [01/Dec/2025:09:46:39 +0100] "GET /platby/hca/what-stores-are-open-in-hawthorn-mall HTTP/1.1" 200 10693 "-" "Mozilla/5.0 (compatible; SemrushBot/7~bl; +http://www.semrush.com/bot.html)"
85.208.96.195 - - [01/Dec/2025:09:46:43 +0100] "GET /platby/aohwuyx/whitewater-world-maintenance HTTP/1.1" 200 9796 "-" "Mozilla/5.0 (compatible; SemrushBot/7~bl; +http://www.semrush.com/bot.html)"
85.208.96.194 - - [01/Dec/2025:09:46:48 +0100] "GET /platby/72zbxoz/love-life-parents-guide HTTP/1.1" 200 15680 "-" "Mozilla/5.0 (compatible; SemrushBot/7~bl; +http://www.semrush.com/bot.html)"
85.208.96.193 - - [01/Dec/2025:09:46:49 +0100] "GET /platby/hca/buford-georgia-directions HTTP/1.1" 200 9737 "-" "Mozilla/5.0 (compatible; SemrushBot/7~bl; +http://www.semrush.com/bot.html)"
185.191.171.14 - - [01/Dec/2025:09:46:58 +0100] "GET /platby/72zbxoz/remote-college-admissions-jobs HTTP/1.1" 200 9079 "-" "Mozilla/5.0 (compatible; SemrushBot/7~bl; +http://www.semrush.com/bot.html)"
85.208.96.195 - - [01/Dec/2025:09:47:15 +0100] "GET /platby/uwoy9/delusional-jealousy-schizophrenia HTTP/1.1" 200 9728 "-" "Mozilla/5.0 (compatible; SemrushBot/7~bl; +http://www.semrush.com/bot.html)"
185.191.171.2 - - [01/Dec/2025:09:47:28 +0100] "GET /platby/aohwuyx/is-ivanpah-still-operating HTTP/1.1" 200 12481 "-" "Mozilla/5.0 (compatible; SemrushBot/7~bl; +http://www.semrush.com/bot.html)"
185.191.171.6 - - [01/Dec/2025:09:47:35 +0100] "GET /platby/qqap/eleanor-roosevelt-high-school-dimitri-saliani HTTP/1.1" 200 7957 "-" "Mozilla/5.0 (compatible; SemrushBot/7~bl; +http://www.semrush.com/bot.html)"
85.208.96.210 - - [01/Dec/2025:09:47:37 +0100] "GET /platby/aohwuyx/nesterov-accelerated-gradient HTTP/1.1" 200 9174 "-" "Mozilla/5.0 (compatible; SemrushBot/7~bl; +http://www.semrush.com/bot.html)"
185.191.171.6 - - [01/Dec/2025:09:47:39 +0100] "GET /platby/uwoy9/docusign-alternatives-for-small-business HTTP/1.1" 200 9927 "-" "Mozilla/5.0 (compatible; SemrushBot/7~bl; +http://www.semrush.com/bot.html)"
85.208.96.195 - - [01/Dec/2025:09:48:14 +0100] "GET /platby/uwoy9/social-issues-in-africa-2020 HTTP/1.1" 200 15686 "-" "Mozilla/5.0 (compatible; SemrushBot/7~bl; +http://www.semrush.com/bot.html)"
185.191.171.15 - - [01/Dec/2025:09:48:31 +0100] "GET /platby/uwoy9/where-do-sheepshead-fish-live HTTP/1.1" 200 8612 "-" "Mozilla/5.0 (compatible; SemrushBot/7~bl; +http://www.semrush.com/bot.html)"
85.208.96.206 - - [01/Dec/2025:09:48:36 +0100] "GET /platby/uwoy9/pharma-development-agreements HTTP/1.1" 200 14158 "-" "Mozilla/5.0 (compatible; SemrushBot/7~bl; +http://www.semrush.com/bot.html)"
85.208.96.210 - - [01/Dec/2025:09:48:39 +0100] "GET /platby/uwoy9/authenticateresult-success-without-ticket HTTP/1.1" 200 12776 "-" "Mozilla/5.0 (compatible; SemrushBot/7~bl; +http://www.semrush.com/bot.html)"
114.119.130.237 - - [01/Dec/2025:09:48:59 +0100] "GET /platby/article.php?5d4c26=phosphate-buffered-saline-uses HTTP/1.1" 200 6398 "http://ispc.klape.eu/platby/article.php?5d4c26=doctor-provider-number-search-australia" "Mozilla/5.0 (Linux; Android 7.0;) AppleWebKit/537.36 (KHTML, like Gecko) Mobile Safari/537.36 (compatible; PetalBot;+https://webmaster.petalsearch.com/site/petalbot)"
185.191.171.3 - - [01/Dec/2025:09:49:09 +0100] "GET /platby/72zbxoz/instrument-flying-handbook-pdf HTTP/1.1" 200 11338 "-" "Mozilla/5.0 (compatible; SemrushBot/7~bl; +http://www.semrush.com/bot.html)"
85.208.96.207 - - [01/Dec/2025:09:49:23 +0100] "GET /platby/aohwuyx/melonds-android-descargar HTTP/1.1" 200 12631 "-" "Mozilla/5.0 (compatible; SemrushBot/7~bl; +http://www.semrush.com/bot.html)"
185.191.171.19 - - [01/Dec/2025:09:50:04 +0100] "GET /platby/qqap/brent-seabrook-contract HTTP/1.1" 200 9158 "-" "Mozilla/5.0 (compatible; SemrushBot/7~bl; +http://www.semrush.com/bot.html)"
85.208.96.200 - - [01/Dec/2025:09:50:13 +0100] "GET /platby/uwoy9/taylormade-putter-spider HTTP/1.1" 200 9333 "-" "Mozilla/5.0 (compatible; SemrushBot/7~bl; +http://www.semrush.com/bot.html)"
185.191.171.7 - - [01/Dec/2025:09:50:28 +0100] "GET /platby/uwoy9/desmond-bane-scouting-report HTTP/1.1" 200 14115 "-" "Mozilla/5.0 (compatible; SemrushBot/7~bl; +http://www.semrush.com/bot.html)"
85.208.96.212 - - [01/Dec/2025:09:50:35 +0100] "GET /platby/qqap/aviation-instructor's-handbook HTTP/1.1" 200 4358 "-" "Mozilla/5.0 (compatible; SemrushBot/7~bl; +http://www.semrush.com/bot.html)"
85.208.96.200 - - [01/Dec/2025:09:50:58 +0100] "GET /platby/qqap/en-defensa-propia-podcast HTTP/1.1" 200 10999 "-" "Mozilla/5.0 (compatible; SemrushBot/7~bl; +http://www.semrush.com/bot.html)"
185.191.171.3 - - [01/Dec/2025:09:51:04 +0100] "GET /platby/qqap/matthew-peltz-therapist HTTP/1.1" 200 9821 "-" "Mozilla/5.0 (compatible; SemrushBot/7~bl; +http://www.semrush.com/bot.html)"
85.208.96.207 - - [01/Dec/2025:09:51:05 +0100] "GET /platby/aohwuyx/noorjehan-rajput-wadhwani HTTP/1.1" 200 11561 "-" "Mozilla/5.0 (compatible; SemrushBot/7~bl; +http://www.semrush.com/bot.html)"
185.191.171.16 - - [01/Dec/2025:09:51:24 +0100] "GET /platby/uwoy9/the-writing-on-the-wall-bible-lesson HTTP/1.1" 200 10314 "-" "Mozilla/5.0 (compatible; SemrushBot/7~bl; +http://www.semrush.com/bot.html)"
85.208.96.198 - - [01/Dec/2025:09:51:37 +0100] "GET /platby/uwoy9/will-students-pass-to-the-next-grade-2021 HTTP/1.1" 200 14788 "-" "Mozilla/5.0 (compatible; SemrushBot/7~bl; +http://www.semrush.com/bot.html)"
85.208.96.200 - - [01/Dec/2025:09:51:41 +0100] "GET /platby/qqap/white-sox-nike-city-connect-jersey-for-sale HTTP/1.1" 200 11454 "-" "Mozilla/5.0 (compatible; SemrushBot/7~bl; +http://www.semrush.com/bot.html)"
185.191.171.17 - - [01/Dec/2025:09:51:42 +0100] "GET /platby/72zbxoz/emotional-response-verbs HTTP/1.1" 200 9994 "-" "Mozilla/5.0 (compatible; SemrushBot/7~bl; +http://www.semrush.com/bot.html)"
114.119.130.237 - - [01/Dec/2025:09:51:46 +0100] "GET /platby/article.php?5d4c26=list-of-animals-that-can-predict-earthquakes HTTP/1.1" 200 6751 "http://ispc.klape.eu/platby/article.php?5d4c26=Por-Que-Raz%C3%B3n" "Mozilla/5.0 (Linux; Android 7.0;) AppleWebKit/537.36 (KHTML, like Gecko) Mobile Safari/537.36 (compatible; PetalBot;+https://webmaster.petalsearch.com/site/petalbot)"
47.128.124.93 - - [01/Dec/2025:09:51:47 +0100] "\x16\x03\x01\x02" 403 265 "-" "-"
185.191.171.3 - - [01/Dec/2025:09:51:58 +0100] "GET /platby/72zbxoz/qemu-full-system-emulation HTTP/1.1" 200 10274 "-" "Mozilla/5.0 (compatible; SemrushBot/7~bl; +http://www.semrush.com/bot.html)"
185.191.171.14 - - [01/Dec/2025:09:51:59 +0100] "GET /platby/qqap/pac-12-rowing-championships-2021 HTTP/1.1" 200 6026 "-" "Mozilla/5.0 (compatible; SemrushBot/7~bl; +http://www.semrush.com/bot.html)"
185.191.171.16 - - [01/Dec/2025:09:52:18 +0100] "GET /platby/72zbxoz/science-activities-at-home HTTP/1.1" 200 12230 "-" "Mozilla/5.0 (compatible; SemrushBot/7~bl; +http://www.semrush.com/bot.html)"
85.208.96.203 - - [01/Dec/2025:09:52:20 +0100] "GET /platby/qqap/european-commission-salary-grid-2019 HTTP/1.1" 200 6340 "-" "Mozilla/5.0 (compatible; SemrushBot/7~bl; +http://www.semrush.com/bot.html)"
