185.191.171.18 - - [01/Dec/2025:06:25:31 +0100] "GET /platby/uwoy9/pete-davidson-tattoos HTTP/1.1" 200 10816 "-" "Mozilla/5.0 (compatible; SemrushBot/7~bl; +http://www.semrush.com/bot.html)"
85.208.96.210 - - [01/Dec/2025:06:25:53 +0100] "GET /platby/72zbxoz/foreclosed-homes-marquette,-mi HTTP/1.1" 200 12307 "-" "Mozilla/5.0 (compatible; SemrushBot/7~bl; +http://www.semrush.com/bot.html)"
114.119.139.66 - - [01/Dec/2025:06:27:00 +0100] "GET /platby/72zbxoz/william-avery-photography HTTP/1.1" 200 7513 "http://ispc.klape.eu/platby/72zbxoz/stanley-druckenmiller" "Mozilla/5.0 (Linux; Android 7.0;) AppleWebKit/537.36 (KHTML, like Gecko) Mobile Safari/537.36 (compatible; PetalBot;+https://webmaster.petalsearch.com/site/petalbot)"
85.208.96.210 - - [01/Dec/2025:06:27:25 +0100] "GET /platby/uwoy9/wainwrights-continuous-round HTTP/1.1" 200 10199 "-" "Mozilla/5.0 (compatible; SemrushBot/7~bl; +http://www.semrush.com/bot.html)"
185.191.171.15 - - [01/Dec/2025:06:27:47 +0100] "GET /platby/hca/jacobs-engineering-headquarters HTTP/1.1" 200 10451 "-" "Mozilla/5.0 (compatible; SemrushBot/7~bl; +http://www.semrush.com/bot.html)"
185.191.171.11 - - [01/Dec/2025:06:28:48 +0100] "GET /platby/hca/android-kiosk-browser HTTP/1.1" 200 10887 "-" "Mozilla/5.0 (compatible; SemrushBot/7~bl; +http://www.semrush.com/bot.html)"
85.208.96.210 - - [01/Dec/2025:06:29:07 +0100] "GET /platby/hca/sacramento-mountain-lions HTTP/1.1" 200 11890 "-" "Mozilla/5.0 (compatible; SemrushBot/7~bl; +http://www.semrush.com/bot.html)"
185.191.171.15 - - [01/Dec/2025:06:29:11 +0100] "GET /platby/hca/cave-dwelling-amphibian-proteus-anguinus-is-an-example-for HTTP/1.1" 200 9027 "-" "Mozilla/5.0 (compatible; SemrushBot/7~bl; +http://www.semrush.com/bot.html)"
85.208.96.193 - - [01/Dec/2025:06:29:26 +0100] "GET /platby/uwoy9/texas-tough-variety-pack-drawer-dispenser HTTP/1.1" 200 7502 "-" "Mozilla/5.0 (compatible; SemrushBot/7~bl; +http://www.semrush.com/bot.html)"
85.208.96.193 - - [01/Dec/2025:06:29:43 +0100] "GET /platby/qqap/methadone-clinics-in-seattle HTTP/1.1" 200 9429 "-" "Mozilla/5.0 (compatible; SemrushBot/7~bl; +http://www.semrush.com/bot.html)"
85.208.96.196 - - [01/Dec/2025:06:29:51 +0100] "GET /platby/aohwuyx/is-jacksonville-arkansas-a-dry''-county HTTP/1.1" 200 11353 "-" "Mozilla/5.0 (compatible; SemrushBot/7~bl; +http://www.semrush.com/bot.html)"
204.76.203.206 - - [01/Dec/2025:06:29:54 +0100] "GET /" 400 468 "-" "-"
85.208.96.206 - - [01/Dec/2025:06:29:57 +0100] "GET /platby/uwoy9/how-to-determine-cell-confluency HTTP/1.1" 200 10292 "-" "Mozilla/5.0 (compatible; SemrushBot/7~bl; +http://www.semrush.com/bot.html)"
114.119.149.2 - - [01/Dec/2025:06:30:06 +0100] "GET /platby/72zbxoz/tailgate-guys-careers HTTP/1.1" 200 9557 "http://ispc.klape.eu/platby/72zbxoz/the-hook-menu-jacksonville,-ar" "Mozilla/5.0 (Linux; Android 7.0;) AppleWebKit/537.36 (KHTML, like Gecko) Mobile Safari/537.36 (compatible; PetalBot;+https://webmaster.petalsearch.com/site/petalbot)"
85.208.96.204 - - [01/Dec/2025:06:30:11 +0100] "GET /platby/qqap/turn-off-text-message-bubbles-android HTTP/1.1" 200 7769 "-" "Mozilla/5.0 (compatible; SemrushBot/7~bl; +http://www.semrush.com/bot.html)"
204.76.203.206 - - [01/Dec/2025:06:30:57 +0100] "GET / HTTP/1.1" 200 316 "-" "Mozilla/5.0 (Windows NT 10.0; Win64; x64) AppleWebKit/537.36 (KHTML, like Gecko) Chrome/90.0.4430.85 Safari/537.36 Edg/90.0.818.46"
85.208.96.195 - - [01/Dec/2025:06:31:09 +0100] "GET /platby/aohwuyx/montserrat-college-of-art-covid HTTP/1.1" 200 12768 "-" "Mozilla/5.0 (compatible; SemrushBot/7~bl; +http://www.semrush.com/bot.html)"
185.191.171.5 - - [01/Dec/2025:06:31:26 +0100] "GET /platby/aohwuyx/summer-winter-olympic-challenge HTTP/1.1" 200 9420 "-" "Mozilla/5.0 (compatible; SemrushBot/7~bl; +http://www.semrush.com/bot.html)"
85.208.96.201 - - [01/Dec/2025:06:31:36 +0100] "GET /platby/uwoy9/inclusion-professional-development-model HTTP/1.1" 200 9700 "-" "Mozilla/5.0 (compatible; SemrushBot/7~bl; +http://www.semrush.com/bot.html)"
46.100.41.52 - - [01/Dec/2025:06:32:04 +0100] "POST /GponForm/diag_Form?style/ HTTP/1.1" 400 230 "-" "Hello, World"
85.208.96.197 - - [01/Dec/2025:06:32:14 +0100] "GET /platby/qqap/post-inoculation-attack HTTP/1.1" 200 6538 "-" "Mozilla/5.0 (compatible; SemrushBot/7~bl; +http://www.semrush.com/bot.html)"
85.208.96.195 - - [01/Dec/2025:06:32:33 +0100] "GET /platby/uwoy9/alternating-dumbbell-front-raise-muscles-worked HTTP/1.1" 200 9526 "-" "Mozilla/5.0 (compatible; SemrushBot/7~bl; +http://www.semrush.com/bot.html)"
185.191.171.5 - - [01/Dec/2025:06:32:46 +0100] "GET /platby/uwoy9/through-engineering-human-achievement-continues-to-advance HTTP/1.1" 200 12981 "-" "Mozilla/5.0 (compatible; SemrushBot/7~bl; +http://www.semrush.com/bot.html)"
85.208.96.201 - - [01/Dec/2025:06:33:06 +0100] "GET /platby/uwoy9/friendship-oak-tree-mississippi HTTP/1.1" 200 9500 "-" "Mozilla/5.0 (compatible; SemrushBot/7~bl; +http://www.semrush.com/bot.html)"
114.119.152.142 - - [01/Dec/2025:06:33:10 +0100] "GET /platby/72zbxoz/self-propelled-vehicle-examples HTTP/1.1" 200 9446 "http://ispc.klape.eu/platby/72zbxoz/self-propelled-vehicle-examples" "Mozilla/5.0 (Linux; Android 7.0;) AppleWebKit/537.36 (KHTML, like Gecko) Mobile Safari/537.36 (compatible; PetalBot;+https://webmaster.petalsearch.com/site/petalbot)"
85.208.96.209 - - [01/Dec/2025:06:33:28 +0100] "GET /platby/72zbxoz/remboursement-course-eiffage HTTP/1.1" 200 13800 "-" "Mozilla/5.0 (compatible; SemrushBot/7~bl; +http://www.semrush.com/bot.html)"
85.208.96.196 - - [01/Dec/2025:06:34:01 +0100] "GET /platby/qqap/how-to-make-a-european-wasp-trap HTTP/1.1" 200 8181 "-" "Mozilla/5.0 (compatible; SemrushBot/7~bl; +http://www.semrush.com/bot.html)"
185.191.171.16 - - [01/Dec/2025:06:34:21 +0100] "GET /platby/uwoy9/gwinnett-county-sports HTTP/1.1" 200 10134 "-" "Mozilla/5.0 (compatible; SemrushBot/7~bl; +http://www.semrush.com/bot.html)"
85.208.96.198 - - [01/Dec/2025:06:34:59 +0100] "GET /platby/hca/schott-motorcycle-jacket HTTP/1.1" 200 6178 "-" "Mozilla/5.0 (compatible; SemrushBot/7~bl; +http://www.semrush.com/bot.html)"
85.208.96.204 - - [01/Dec/2025:06:35:26 +0100] "GET /platby/aohwuyx/luther-college-mailing-address HTTP/1.1" 200 11895 "-" "Mozilla/5.0 (compatible; SemrushBot/7~bl; +http://www.semrush.com/bot.html)"
114.119.139.66 - - [01/Dec/2025:06:36:15 +0100] "GET /platby/72zbxoz/low-income-apartments-for-rent-in-miami-dade-county HTTP/1.1" 200 13493 "http://ispc.klape.eu/platby/72zbxoz/best-chemistry-style-for-van-dijk-fifa-21" "Mozilla/5.0 (Linux; Android 7.0;) AppleWebKit/537.36 (KHTML, like Gecko) Mobile Safari/537.36 (compatible; PetalBot;+https://webmaster.petalsearch.com/site/petalbot)"
185.191.171.8 - - [01/Dec/2025:06:36:53 +0100] "GET /platby/hca/when-do-uc-applications-open-for-fall-2021 HTTP/1.1" 200 12780 "-" "Mozilla/5.0 (compatible; SemrushBot/7~bl; +http://www.semrush.com/bot.html)"
85.208.96.205 - - [01/Dec/2025:06:37:16 +0100] "GET /platby/hca/professional-organizers-of-canada HTTP/1.1" 200 12595 "-" "Mozilla/5.0 (compatible; SemrushBot/7~bl; +http://www.semrush.com/bot.html)"
85.208.96.201 - - [01/Dec/2025:06:37:51 +0100] "GET /platby/qqap/teeradon-supapunpinyo-bl HTTP/1.1" 200 12833 "-" "Mozilla/5.0 (compatible; SemrushBot/7~bl; +http://www.semrush.com/bot.html)"
185.191.171.16 - - [01/Dec/2025:06:38:07 +0100] "GET /platby/hca/augustinus-bader-sunscreen HTTP/1.1" 200 8591 "-" "Mozilla/5.0 (compatible; SemrushBot/7~bl; +http://www.semrush.com/bot.html)"
85.208.96.209 - - [01/Dec/2025:06:38:14 +0100] "GET /platby/aohwuyx/buffalo-bills-bus-trips-from-syracuse-ny HTTP/1.1" 200 9599 "-" "Mozilla/5.0 (compatible; SemrushBot/7~bl; +http://www.semrush.com/bot.html)"
185.191.171.11 - - [01/Dec/2025:06:38:22 +0100] "GET /platby/uwoy9/convergent-thinking-techniques HTTP/1.1" 200 11221 "-" "Mozilla/5.0 (compatible; SemrushBot/7~bl; +http://www.semrush.com/bot.html)"
85.208.96.210 - - [01/Dec/2025:06:39:08 +0100] "GET /platby/uwoy9/blind-audition-judges HTTP/1.1" 200 7775 "-" "Mozilla/5.0 (compatible; SemrushBot/7~bl; +http://www.semrush.com/bot.html)"
114.119.130.237 - - [01/Dec/2025:06:39:21 +0100] "GET /platby/72zbxoz/how-to-downscale-4k-to-1080p-monitor HTTP/1.1" 200 10016 "http://ispc.klape.eu/platby/72zbxoz/soccer-sign-ups-near-me-2020" "Mozilla/5.0 (Linux; Android 7.0;) AppleWebKit/537.36 (KHTML, like Gecko) Mobile Safari/537.36 (compatible; PetalBot;+https://webmaster.petalsearch.com/site/petalbot)"
85.208.96.196 - - [01/Dec/2025:06:39:23 +0100] "GET /platby/hca/pearl-blonde-hair-color-formula HTTP/1.1" 200 7246 "-" "Mozilla/5.0 (compatible; SemrushBot/7~bl; +http://www.semrush.com/bot.html)"
185.191.171.11 - - [01/Dec/2025:06:40:37 +0100] "GET /platby/hca/who-was-dolly-dagger-written-about HTTP/1.1" 200 12447 "-" "Mozilla/5.0 (compatible; SemrushBot/7~bl; +http://www.semrush.com/bot.html)"
185.191.171.4 - - [01/Dec/2025:06:41:00 +0100] "GET /platby/aohwuyx/progressive-field-virtual-tour HTTP/1.1" 200 9638 "-" "Mozilla/5.0 (compatible; SemrushBot/7~bl; +http://www.semrush.com/bot.html)"
85.208.96.196 - - [01/Dec/2025:06:41:12 +0100] "GET /platby/aohwuyx/original-album-classics HTTP/1.1" 200 13191 "-" "Mozilla/5.0 (compatible; SemrushBot/7~bl; +http://www.semrush.com/bot.html)"
185.191.171.9 - - [01/Dec/2025:06:41:52 +0100] "GET /platby/aohwuyx/nick-harris-southampton HTTP/1.1" 200 12707 "-" "Mozilla/5.0 (compatible; SemrushBot/7~bl; +http://www.semrush.com/bot.html)"
85.208.96.211 - - [01/Dec/2025:06:41:58 +0100] "GET /platby/hca/resources-for-creating-an-inclusive-school HTTP/1.1" 200 9951 "-" "Mozilla/5.0 (compatible; SemrushBot/7~bl; +http://www.semrush.com/bot.html)"
185.191.171.17 - - [01/Dec/2025:06:42:11 +0100] "GET /platby/72zbxoz/nazarene-bible-college HTTP/1.1" 200 13824 "-" "Mozilla/5.0 (compatible; SemrushBot/7~bl; +http://www.semrush.com/bot.html)"
85.208.96.208 - - [01/Dec/2025:06:42:19 +0100] "GET /platby/qqap/solar-panels-on-farmland HTTP/1.1" 200 13292 "-" "Mozilla/5.0 (compatible; SemrushBot/7~bl; +http://www.semrush.com/bot.html)"
114.119.128.6 - - [01/Dec/2025:06:42:27 +0100] "GET /platby/72zbxoz/how-to-create-a-diversity-task-force HTTP/1.1" 200 9956 "http://ispc.klape.eu/platby/72zbxoz/how-to-create-a-diversity-task-force" "Mozilla/5.0 (Linux; Android 7.0;) AppleWebKit/537.36 (KHTML, like Gecko) Mobile Safari/537.36 (compatible; PetalBot;+https://webmaster.petalsearch.com/site/petalbot)"
185.191.171.11 - - [01/Dec/2025:06:42:56 +0100] "GET /platby/qqap/dinamo-moscow-prediction HTTP/1.1" 200 7799 "-" "Mozilla/5.0 (compatible; SemrushBot/7~bl; +http://www.semrush.com/bot.html)"
176.65.132.18 - - [01/Dec/2025:06:43:42 +0100] "\x16\x03\x01" 403 265 "-" "-"
185.191.171.15 - - [01/Dec/2025:06:44:03 +0100] "GET /platby/aohwuyx/windows-10-license-cheap HTTP/1.1" 200 11754 "-" "Mozilla/5.0 (compatible; SemrushBot/7~bl; +http://www.semrush.com/bot.html)"
185.191.171.13 - - [01/Dec/2025:06:44:17 +0100] "GET /platby/hca/fibonacci-expansion-strategy HTTP/1.1" 200 6440 "-" "Mozilla/5.0 (compatible; SemrushBot/7~bl; +http://www.semrush.com/bot.html)"
185.191.171.17 - - [01/Dec/2025:06:44:34 +0100] "GET /platby/aohwuyx/how-to-make-a-space-in-little-alchemy HTTP/1.1" 200 11334 "-" "Mozilla/5.0 (compatible; SemrushBot/7~bl; +http://www.semrush.com/bot.html)"
185.191.171.15 - - [01/Dec/2025:06:44:57 +0100] "GET /platby/hca/powell-peralta-canada HTTP/1.1" 200 7012 "-" "Mozilla/5.0 (compatible; SemrushBot/7~bl; +http://www.semrush.com/bot.html)"
185.191.171.7 - - [01/Dec/2025:06:44:58 +0100] "GET /platby/qqap/medicinal-seeds-catalog HTTP/1.1" 200 6057 "-" "Mozilla/5.0 (compatible; SemrushBot/7~bl; +http://www.semrush.com/bot.html)"
85.208.96.194 - - [01/Dec/2025:06:45:13 +0100] "GET /platby/aohwuyx/aqua-restaurant-beaufort HTTP/1.1" 200 9006 "-" "Mozilla/5.0 (compatible; SemrushBot/7~bl; +http://www.semrush.com/bot.html)"
114.119.152.142 - - [01/Dec/2025:06:45:31 +0100] "GET /platby/72zbxoz/explain-the-origin-of-modern-olympic-games HTTP/1.1" 200 12797 "http://ispc.klape.eu/platby/72zbxoz/argosy-university%2C-twin-cities" "Mozilla/5.0 (Linux; Android 7.0;) AppleWebKit/537.36 (KHTML, like Gecko) Mobile Safari/537.36 (compatible; PetalBot;+https://webmaster.petalsearch.com/site/petalbot)"
216.73.216.161 - - [01/Dec/2025:06:45:31 +0100] "\x16\x03\x01" 403 265 "-" "-"
85.208.96.195 - - [01/Dec/2025:06:45:56 +0100] "GET /platby/qqap/scott-cooper-attorney HTTP/1.1" 200 12898 "-" "Mozilla/5.0 (compatible; SemrushBot/7~bl; +http://www.semrush.com/bot.html)"
85.208.96.211 - - [01/Dec/2025:06:46:13 +0100] "GET /platby/qqap/restaurants-in-silver-spring-with-outdoor-seating HTTP/1.1" 200 11014 "-" "Mozilla/5.0 (compatible; SemrushBot/7~bl; +http://www.semrush.com/bot.html)"
185.191.171.3 - - [01/Dec/2025:06:46:19 +0100] "GET /platby/aohwuyx/3-minute-mindfulness-script-pdf HTTP/1.1" 200 8397 "-" "Mozilla/5.0 (compatible; SemrushBot/7~bl; +http://www.semrush.com/bot.html)"
85.208.96.212 - - [01/Dec/2025:06:46:52 +0100] "GET /platby/uwoy9/fingerprint-not-recognized-for-aadhar-card HTTP/1.1" 200 12115 "-" "Mozilla/5.0 (compatible; SemrushBot/7~bl; +http://www.semrush.com/bot.html)"
3.224.104.67 - - [01/Dec/2025:06:47:41 +0100] "GET /platby/uwoy9/brisbane-roar-vs-adelaide-united-results HTTP/1.1" 200 12601 "-" "Mozilla/5.0 AppleWebKit/537.36 (KHTML, like Gecko; compatible; Amazonbot/0.1; +https://developer.amazon.com/support/amazonbot) Chrome/119.0.6045.214 Safari/537.36"
3.213.106.226 - - [01/Dec/2025:06:47:43 +0100] "GET /platby/uwoy9/back-to-the-future-window-scene HTTP/1.1" 200 15358 "-" "Mozilla/5.0 AppleWebKit/537.36 (KHTML, like Gecko; compatible; Amazonbot/0.1; +https://developer.amazon.com/support/amazonbot) Chrome/119.0.6045.214 Safari/537.36"
3.221.156.96 - - [01/Dec/2025:06:47:49 +0100] "GET /platby/uwoy9/can't-fight-this-feeling HTTP/1.1" 200 9192 "-" "Mozilla/5.0 AppleWebKit/537.36 (KHTML, like Gecko; compatible; Amazonbot/0.1; +https://developer.amazon.com/support/amazonbot) Chrome/119.0.6045.214 Safari/537.36"
184.105.139.69 - - [01/Dec/2025:06:47:50 +0100] "\x16\x03\x01" 403 265 "-" "-"
54.198.33.233 - - [01/Dec/2025:06:47:52 +0100] "GET /platby/uwoy9/concentrate-fully-on-crossword-clue HTTP/1.1" 200 15080 "-" "Mozilla/5.0 AppleWebKit/537.36 (KHTML, like Gecko; compatible; Amazonbot/0.1; +https://developer.amazon.com/support/amazonbot) Chrome/119.0.6045.214 Safari/537.36"
54.84.93.8 - - [01/Dec/2025:06:47:56 +0100] "GET /platby/uwoy9/kentucky-limestone-water HTTP/1.1" 200 14087 "-" "Mozilla/5.0 AppleWebKit/537.36 (KHTML, like Gecko; compatible; Amazonbot/0.1; +https://developer.amazon.com/support/amazonbot) Chrome/119.0.6045.214 Safari/537.36"
114.119.130.237 - - [01/Dec/2025:06:48:37 +0100] "GET /platby/72zbxoz/difference-between-factual-and-legal-causation-in-tort HTTP/1.1" 200 9983 "http://ispc.klape.eu/platby/72zbxoz/basis-flagstaff-ranking" "Mozilla/5.0 (Linux; Android 7.0;) AppleWebKit/537.36 (KHTML, like Gecko) Mobile Safari/537.36 (compatible; PetalBot;+https://webmaster.petalsearch.com/site/petalbot)"
185.191.171.14 - - [01/Dec/2025:06:48:44 +0100] "GET /platby/qqap/nuclear-reactor-thermal-hydraulics-pdf HTTP/1.1" 200 10193 "-" "Mozilla/5.0 (compatible; SemrushBot/7~bl; +http://www.semrush.com/bot.html)"
185.191.171.11 - - [01/Dec/2025:06:48:57 +0100] "GET /platby/uwoy9/brookfield-business-partners-acquisition HTTP/1.1" 200 7349 "-" "Mozilla/5.0 (compatible; SemrushBot/7~bl; +http://www.semrush.com/bot.html)"
185.191.171.4 - - [01/Dec/2025:06:49:01 +0100] "GET /platby/uwoy9/back-to-back-50-point-playoff-games HTTP/1.1" 200 7663 "-" "Mozilla/5.0 (compatible; SemrushBot/7~bl; +http://www.semrush.com/bot.html)"
85.208.96.209 - - [01/Dec/2025:06:49:12 +0100] "GET /platby/qqap/what-rhymes-with-tonight HTTP/1.1" 200 6149 "-" "Mozilla/5.0 (compatible; SemrushBot/7~bl; +http://www.semrush.com/bot.html)"
185.191.171.14 - - [01/Dec/2025:06:49:17 +0100] "GET /robots.txt HTTP/1.1" 200 54 "-" "Mozilla/5.0 (compatible; SemrushBot/7~bl; +http://www.semrush.com/bot.html)"
185.191.171.8 - - [01/Dec/2025:06:49:17 +0100] "GET /platby/72zbxoz/ncaa-hockey-championship-2021 HTTP/1.1" 200 9026 "-" "Mozilla/5.0 (compatible; SemrushBot/7~bl; +http://www.semrush.com/bot.html)"
185.191.171.4 - - [01/Dec/2025:06:49:39 +0100] "GET /platby/aohwuyx/live-at-the-apollo-tickets-2021 HTTP/1.1" 200 13363 "-" "Mozilla/5.0 (compatible; SemrushBot/7~bl; +http://www.semrush.com/bot.html)"
204.76.203.206 - - [01/Dec/2025:06:49:41 +0100] "GET /" 400 468 "-" "-"
185.39.19.43 - - [01/Dec/2025:06:50:05 +0100] "\x16\x03\x01\x01E\x01" 403 265 "-" "-"
185.191.171.1 - - [01/Dec/2025:06:50:11 +0100] "GET /platby/aohwuyx/minnesota-homeless-organizations HTTP/1.1" 200 13788 "-" "Mozilla/5.0 (compatible; SemrushBot/7~bl; +http://www.semrush.com/bot.html)"
204.76.203.206 - - [01/Dec/2025:06:50:22 +0100] "GET / HTTP/1.1" 200 316 "-" "Mozilla/5.0 (Windows NT 10.0; Win64; x64) AppleWebKit/537.36 (KHTML, like Gecko) Chrome/90.0.4430.85 Safari/537.36 Edg/90.0.818.46"
185.191.171.1 - - [01/Dec/2025:06:50:24 +0100] "GET /platby/72zbxoz/what-is-another-word-for-melting HTTP/1.1" 200 12324 "-" "Mozilla/5.0 (compatible; SemrushBot/7~bl; +http://www.semrush.com/bot.html)"
85.208.96.199 - - [01/Dec/2025:06:50:32 +0100] "GET /platby/hca/hero-wars-helios-team HTTP/1.1" 200 10948 "-" "Mozilla/5.0 (compatible; SemrushBot/7~bl; +http://www.semrush.com/bot.html)"
85.208.96.210 - - [01/Dec/2025:06:50:52 +0100] "GET /platby/hca/detroit-lions-2021-schedule HTTP/1.1" 200 7993 "-" "Mozilla/5.0 (compatible; SemrushBot/7~bl; +http://www.semrush.com/bot.html)"
85.208.96.207 - - [01/Dec/2025:06:51:28 +0100] "GET /platby/72zbxoz/piano-chords-to-walk-away-renee HTTP/1.1" 200 9525 "-" "Mozilla/5.0 (compatible; SemrushBot/7~bl; +http://www.semrush.com/bot.html)"
185.191.171.7 - - [01/Dec/2025:06:51:33 +0100] "GET /platby/qqap/walnut-production-in-california HTTP/1.1" 200 12560 "-" "Mozilla/5.0 (compatible; SemrushBot/7~bl; +http://www.semrush.com/bot.html)"
85.208.96.199 - - [01/Dec/2025:06:52:43 +0100] "GET /platby/qqap/whitecaps-salary-2021 HTTP/1.1" 200 5914 "-" "Mozilla/5.0 (compatible; SemrushBot/7~bl; +http://www.semrush.com/bot.html)"
185.191.171.12 - - [01/Dec/2025:06:53:12 +0100] "GET /platby/72zbxoz/oklahoma-panhandle-state-university-housing HTTP/1.1" 200 11577 "-" "Mozilla/5.0 (compatible; SemrushBot/7~bl; +http://www.semrush.com/bot.html)"
78.153.140.218 - - [01/Dec/2025:06:53:15 +0100] "\x16\x03\x01" 403 265 "-" "-"
78.153.140.218 - - [01/Dec/2025:06:53:15 +0100] "\x16\x03\x01" 403 265 "-" "-"
185.191.171.15 - - [01/Dec/2025:06:53:16 +0100] "GET /platby/hca/negative-prefix-for-allow HTTP/1.1" 200 8586 "-" "Mozilla/5.0 (compatible; SemrushBot/7~bl; +http://www.semrush.com/bot.html)"
185.191.171.10 - - [01/Dec/2025:06:53:24 +0100] "GET /platby/uwoy9/how-much-are-violin-lessons-near-me HTTP/1.1" 200 15422 "-" "Mozilla/5.0 (compatible; SemrushBot/7~bl; +http://www.semrush.com/bot.html)"
85.208.96.199 - - [01/Dec/2025:06:53:48 +0100] "GET /platby/uwoy9/anomalous-sentence-semantics-example HTTP/1.1" 200 15727 "-" "Mozilla/5.0 (compatible; SemrushBot/7~bl; +http://www.semrush.com/bot.html)"
85.208.96.199 - - [01/Dec/2025:06:53:53 +0100] "GET /platby/72zbxoz/mountain-pleasure-horse HTTP/1.1" 200 8187 "-" "Mozilla/5.0 (compatible; SemrushBot/7~bl; +http://www.semrush.com/bot.html)"
185.191.171.14 - - [01/Dec/2025:06:54:00 +0100] "GET /platby/72zbxoz/partner-suzie-bates-husband HTTP/1.1" 200 11206 "-" "Mozilla/5.0 (compatible; SemrushBot/7~bl; +http://www.semrush.com/bot.html)"
85.208.96.202 - - [01/Dec/2025:06:54:11 +0100] "GET /platby/hca/cleveland-nfl-draft-volunteer HTTP/1.1" 200 6559 "-" "Mozilla/5.0 (compatible; SemrushBot/7~bl; +http://www.semrush.com/bot.html)"
185.191.171.10 - - [01/Dec/2025:06:54:25 +0100] "GET /platby/uwoy9/how-to-understand-emotions-of-others HTTP/1.1" 200 9162 "-" "Mozilla/5.0 (compatible; SemrushBot/7~bl; +http://www.semrush.com/bot.html)"
85.208.96.210 - - [01/Dec/2025:06:54:33 +0100] "GET /platby/aohwuyx/shaq-owns-krispy-kreme HTTP/1.1" 200 9956 "-" "Mozilla/5.0 (compatible; SemrushBot/7~bl; +http://www.semrush.com/bot.html)"
185.191.171.16 - - [01/Dec/2025:06:55:00 +0100] "GET /platby/uwoy9/the-tomorrow-war-age-rating-australia HTTP/1.1" 200 7271 "-" "Mozilla/5.0 (compatible; SemrushBot/7~bl; +http://www.semrush.com/bot.html)"
47.128.61.193 - - [01/Dec/2025:06:55:15 +0100] "\x16\x03\x01\x02" 403 265 "-" "-"
85.208.96.206 - - [01/Dec/2025:06:55:25 +0100] "GET /platby/hca/science-lessons-for-grade-6 HTTP/1.1" 200 13411 "-" "Mozilla/5.0 (compatible; SemrushBot/7~bl; +http://www.semrush.com/bot.html)"
185.191.171.6 - - [01/Dec/2025:06:55:27 +0100] "GET /platby/uwoy9/who-wrote-the-psalms-catholic HTTP/1.1" 200 8729 "-" "Mozilla/5.0 (compatible; SemrushBot/7~bl; +http://www.semrush.com/bot.html)"
85.208.96.208 - - [01/Dec/2025:06:55:53 +0100] "GET /platby/hca/tanning-membership-near-me HTTP/1.1" 200 7764 "-" "Mozilla/5.0 (compatible; SemrushBot/7~bl; +http://www.semrush.com/bot.html)"
67.205.167.121 - - [01/Dec/2025:06:57:08 +0100] "\x16\x03\x01\x02" 403 265 "-" "-"
185.191.171.18 - - [01/Dec/2025:06:57:17 +0100] "GET /platby/72zbxoz/south-africa-cup-live-score HTTP/1.1" 200 11918 "-" "Mozilla/5.0 (compatible; SemrushBot/7~bl; +http://www.semrush.com/bot.html)"
185.191.171.6 - - [01/Dec/2025:06:57:33 +0100] "GET /platby/72zbxoz/native-plant-trust-staff HTTP/1.1" 200 13112 "-" "Mozilla/5.0 (compatible; SemrushBot/7~bl; +http://www.semrush.com/bot.html)"
185.191.171.5 - - [01/Dec/2025:06:57:38 +0100] "GET /platby/hca/soul-to-soul-greatest-hits HTTP/1.1" 200 11975 "-" "Mozilla/5.0 (compatible; SemrushBot/7~bl; +http://www.semrush.com/bot.html)"
85.208.96.212 - - [01/Dec/2025:06:58:26 +0100] "GET /platby/uwoy9/man-about-the-house-another-bride,-another-groom HTTP/1.1" 200 8884 "-" "Mozilla/5.0 (compatible; SemrushBot/7~bl; +http://www.semrush.com/bot.html)"
185.191.171.19 - - [01/Dec/2025:06:58:49 +0100] "GET /platby/aohwuyx/endeavor-content-sale HTTP/1.1" 200 7424 "-" "Mozilla/5.0 (compatible; SemrushBot/7~bl; +http://www.semrush.com/bot.html)"
112.46.214.83 - - [01/Dec/2025:06:59:20 +0100] "GET /" 400 468 "-" "-"
185.191.171.2 - - [01/Dec/2025:06:59:27 +0100] "GET /platby/qqap/dosbox-android-illegal-command HTTP/1.1" 200 9272 "-" "Mozilla/5.0 (compatible; SemrushBot/7~bl; +http://www.semrush.com/bot.html)"
185.191.171.14 - - [01/Dec/2025:06:59:28 +0100] "GET /platby/72zbxoz/what-division-is-bemidji-state-football HTTP/1.1" 200 10956 "-" "Mozilla/5.0 (compatible; SemrushBot/7~bl; +http://www.semrush.com/bot.html)"
85.208.96.210 - - [01/Dec/2025:06:59:35 +0100] "GET /platby/qqap/commas-should-always-be-placed-around HTTP/1.1" 200 8910 "-" "Mozilla/5.0 (compatible; SemrushBot/7~bl; +http://www.semrush.com/bot.html)"
185.191.171.14 - - [01/Dec/2025:07:00:00 +0100] "GET /platby/qqap/jamie-maclaren-lawyer HTTP/1.1" 200 11002 "-" "Mozilla/5.0 (compatible; SemrushBot/7~bl; +http://www.semrush.com/bot.html)"
185.191.171.12 - - [01/Dec/2025:07:00:02 +0100] "GET /platby/qqap/best-guitarist-in-the-world-2020 HTTP/1.1" 200 5906 "-" "Mozilla/5.0 (compatible; SemrushBot/7~bl; +http://www.semrush.com/bot.html)"
85.208.96.210 - - [01/Dec/2025:07:00:25 +0100] "GET /platby/aohwuyx/hooverphonic---unfinished-sympathy HTTP/1.1" 200 16025 "-" "Mozilla/5.0 (compatible; SemrushBot/7~bl; +http://www.semrush.com/bot.html)"
15.204.182.106 - - [01/Dec/2025:07:00:36 +0100] "\x16\x03\x01\x01#\x01" 403 265 "-" "-"
185.191.171.11 - - [01/Dec/2025:07:01:14 +0100] "GET /platby/72zbxoz/apartments-for-rent-in-hancock,-md HTTP/1.1" 200 12002 "-" "Mozilla/5.0 (compatible; SemrushBot/7~bl; +http://www.semrush.com/bot.html)"
204.76.203.212 - - [01/Dec/2025:07:01:29 +0100] "GET /" 400 468 "-" "-"
85.208.96.195 - - [01/Dec/2025:07:01:32 +0100] "GET /platby/hca/war-horse-national-theatre-live-stream HTTP/1.1" 200 10287 "-" "Mozilla/5.0 (compatible; SemrushBot/7~bl; +http://www.semrush.com/bot.html)"
85.208.96.203 - - [01/Dec/2025:07:01:36 +0100] "GET /platby/hca/motorola-edge-plus-canada HTTP/1.1" 200 5976 "-" "Mozilla/5.0 (compatible; SemrushBot/7~bl; +http://www.semrush.com/bot.html)"
141.98.11.170 - - [01/Dec/2025:07:01:49 +0100] "GET /" 400 468 "-" "-"
185.191.171.11 - - [01/Dec/2025:07:01:57 +0100] "GET /platby/72zbxoz/best-breakfast-chicago HTTP/1.1" 200 14099 "-" "Mozilla/5.0 (compatible; SemrushBot/7~bl; +http://www.semrush.com/bot.html)"
114.119.139.66 - - [01/Dec/2025:07:02:14 +0100] "GET /platby/hca/what-time-is-good-morning-britain-on HTTP/1.1" 200 5917 "http://ispc.klape.eu/platby/hca/opinion-pronunciation" "Mozilla/5.0 (Linux; Android 7.0;) AppleWebKit/537.36 (KHTML, like Gecko) Mobile Safari/537.36 (compatible; PetalBot;+https://webmaster.petalsearch.com/site/petalbot)"
85.208.96.208 - - [01/Dec/2025:07:02:27 +0100] "GET /platby/aohwuyx/thesaurus-dictionary-book HTTP/1.1" 200 6983 "-" "Mozilla/5.0 (compatible; SemrushBot/7~bl; +http://www.semrush.com/bot.html)"
85.208.96.206 - - [01/Dec/2025:07:02:31 +0100] "GET /platby/uwoy9/detroit-lions-ticket-office-phone-number HTTP/1.1" 200 13433 "-" "Mozilla/5.0 (compatible; SemrushBot/7~bl; +http://www.semrush.com/bot.html)"
185.191.171.16 - - [01/Dec/2025:07:02:49 +0100] "GET /platby/hca/stock-market-astrology-predictions-2020 HTTP/1.1" 200 7449 "-" "Mozilla/5.0 (compatible; SemrushBot/7~bl; +http://www.semrush.com/bot.html)"
85.208.96.207 - - [01/Dec/2025:07:03:35 +0100] "GET /platby/aohwuyx/gwinnett-county-districts HTTP/1.1" 200 11630 "-" "Mozilla/5.0 (compatible; SemrushBot/7~bl; +http://www.semrush.com/bot.html)"
85.208.96.211 - - [01/Dec/2025:07:04:07 +0100] "GET /platby/qqap/dallas-mavericks-tour HTTP/1.1" 200 11649 "-" "Mozilla/5.0 (compatible; SemrushBot/7~bl; +http://www.semrush.com/bot.html)"
85.208.96.211 - - [01/Dec/2025:07:04:12 +0100] "GET /platby/aohwuyx/teach-for-america-special-education HTTP/1.1" 200 10527 "-" "Mozilla/5.0 (compatible; SemrushBot/7~bl; +http://www.semrush.com/bot.html)"
185.191.171.6 - - [01/Dec/2025:07:04:29 +0100] "GET /platby/qqap/django-login-page-with-database-github HTTP/1.1" 200 9613 "-" "Mozilla/5.0 (compatible; SemrushBot/7~bl; +http://www.semrush.com/bot.html)"
85.208.96.196 - - [01/Dec/2025:07:04:40 +0100] "GET /platby/hca/soccerway-predictions HTTP/1.1" 200 9641 "-" "Mozilla/5.0 (compatible; SemrushBot/7~bl; +http://www.semrush.com/bot.html)"
204.76.203.52 - - [01/Dec/2025:07:05:02 +0100] "GET /" 400 468 "-" "-"
185.191.171.10 - - [01/Dec/2025:07:05:18 +0100] "GET /platby/uwoy9/express-session-timeout HTTP/1.1" 200 14189 "-" "Mozilla/5.0 (compatible; SemrushBot/7~bl; +http://www.semrush.com/bot.html)"
85.208.96.201 - - [01/Dec/2025:07:05:35 +0100] "GET /platby/hca/you-were-never-really-here HTTP/1.1" 200 11172 "-" "Mozilla/5.0 (compatible; SemrushBot/7~bl; +http://www.semrush.com/bot.html)"
185.191.171.13 - - [01/Dec/2025:07:05:37 +0100] "GET /platby/uwoy9/cesar-azpilicueta-hand-cast-2021 HTTP/1.1" 200 9779 "-" "Mozilla/5.0 (compatible; SemrushBot/7~bl; +http://www.semrush.com/bot.html)"
185.191.171.5 - - [01/Dec/2025:07:05:44 +0100] "GET /platby/uwoy9/latest-transfer-news-for-chelsea HTTP/1.1" 200 12159 "-" "Mozilla/5.0 (compatible; SemrushBot/7~bl; +http://www.semrush.com/bot.html)"
85.208.96.211 - - [01/Dec/2025:07:06:29 +0100] "GET /platby/hca/heathrow-postcode-area HTTP/1.1" 200 6622 "-" "Mozilla/5.0 (compatible; SemrushBot/7~bl; +http://www.semrush.com/bot.html)"
185.191.171.7 - - [01/Dec/2025:07:06:40 +0100] "GET /platby/hca/treatment-for-simple-fracture HTTP/1.1" 200 6466 "-" "Mozilla/5.0 (compatible; SemrushBot/7~bl; +http://www.semrush.com/bot.html)"
185.191.171.12 - - [01/Dec/2025:07:07:00 +0100] "GET /platby/hca/cross-cultural-training-program-outline HTTP/1.1" 200 12566 "-" "Mozilla/5.0 (compatible; SemrushBot/7~bl; +http://www.semrush.com/bot.html)"
176.65.149.34 - - [01/Dec/2025:07:07:23 +0100] "GET /index.htm HTTP/1.1" 404 273 "-" "Mozilla/5.0"
176.65.149.34 - - [01/Dec/2025:07:07:23 +0100] "GET / HTTP/1.1" 200 516 "-" "-"
176.65.149.34 - - [01/Dec/2025:07:07:23 +0100] "\x16\x03\x01\x05\xac\x01" 501 273 "-" "-"
176.65.149.34 - - [01/Dec/2025:07:07:23 +0100] "1111\x0c\x01" 400 291 "-" "-"
176.65.149.34 - - [01/Dec/2025:07:07:23 +0100] "1111\x88" 501 272 "-" "-"
176.65.149.34 - - [01/Dec/2025:07:07:24 +0100] "1111\x88" 501 272 "-" "-"
176.65.149.34 - - [01/Dec/2025:07:07:25 +0100] "1111\x88" 501 272 "-" "-"
185.191.171.12 - - [01/Dec/2025:07:07:37 +0100] "GET /platby/uwoy9/social-groups-examples HTTP/1.1" 200 14286 "-" "Mozilla/5.0 (compatible; SemrushBot/7~bl; +http://www.semrush.com/bot.html)"
185.191.171.15 - - [01/Dec/2025:07:07:46 +0100] "GET /platby/72zbxoz/netherlands-wv-australia-w HTTP/1.1" 200 7789 "-" "Mozilla/5.0 (compatible; SemrushBot/7~bl; +http://www.semrush.com/bot.html)"
204.76.203.206 - - [01/Dec/2025:07:07:49 +0100] "GET /" 400 468 "-" "-"
85.208.96.202 - - [01/Dec/2025:07:08:22 +0100] "GET /platby/qqap/frank-vincent-bournemouth-fc HTTP/1.1" 200 6170 "-" "Mozilla/5.0 (compatible; SemrushBot/7~bl; +http://www.semrush.com/bot.html)"
85.208.96.194 - - [01/Dec/2025:07:08:28 +0100] "GET /platby/uwoy9/baguette-pronunciation HTTP/1.1" 200 11995 "-" "Mozilla/5.0 (compatible; SemrushBot/7~bl; +http://www.semrush.com/bot.html)"
85.208.96.206 - - [01/Dec/2025:07:08:58 +0100] "GET /platby/hca/jeffery-simmons-draft HTTP/1.1" 200 5715 "-" "Mozilla/5.0 (compatible; SemrushBot/7~bl; +http://www.semrush.com/bot.html)"
185.191.171.4 - - [01/Dec/2025:07:09:04 +0100] "GET /platby/hca/mindful-certification HTTP/1.1" 200 8743 "-" "Mozilla/5.0 (compatible; SemrushBot/7~bl; +http://www.semrush.com/bot.html)"
185.191.171.7 - - [01/Dec/2025:07:09:18 +0100] "GET /platby/hca/roles-of-the-local-government HTTP/1.1" 200 11078 "-" "Mozilla/5.0 (compatible; SemrushBot/7~bl; +http://www.semrush.com/bot.html)"
204.76.203.206 - - [01/Dec/2025:07:09:18 +0100] "GET / HTTP/1.1" 200 316 "-" "Mozilla/5.0 (Windows NT 10.0; Win64; x64) AppleWebKit/537.36 (KHTML, like Gecko) Chrome/90.0.4430.85 Safari/537.36 Edg/90.0.818.46"
157.18.10.140 - - [01/Dec/2025:07:09:24 +0100] "POST /GponForm/diag_Form?style/ HTTP/1.1" 400 230 "-" "Hello, World"
185.191.171.3 - - [01/Dec/2025:07:09:35 +0100] "GET /platby/qqap/golang-bson-marshal-example HTTP/1.1" 200 11291 "-" "Mozilla/5.0 (compatible; SemrushBot/7~bl; +http://www.semrush.com/bot.html)"
85.208.96.207 - - [01/Dec/2025:07:10:05 +0100] "GET /platby/qqap/remote-college-application-reader-jobs HTTP/1.1" 200 8071 "-" "Mozilla/5.0 (compatible; SemrushBot/7~bl; +http://www.semrush.com/bot.html)"
185.191.171.3 - - [01/Dec/2025:07:10:35 +0100] "GET /platby/qqap/never-back-down:-no-surrender HTTP/1.1" 200 10171 "-" "Mozilla/5.0 (compatible; SemrushBot/7~bl; +http://www.semrush.com/bot.html)"
85.208.96.210 - - [01/Dec/2025:07:11:09 +0100] "GET /platby/aohwuyx/halifax-nova-scotia-population HTTP/1.1" 200 13745 "-" "Mozilla/5.0 (compatible; SemrushBot/7~bl; +http://www.semrush.com/bot.html)"
85.208.96.196 - - [01/Dec/2025:07:11:12 +0100] "GET /platby/72zbxoz/toxic-chemicals-and-their-effects HTTP/1.1" 200 14361 "-" "Mozilla/5.0 (compatible; SemrushBot/7~bl; +http://www.semrush.com/bot.html)"
85.208.96.207 - - [01/Dec/2025:07:11:50 +0100] "GET /platby/qqap/glastonbury-2018-lineup HTTP/1.1" 200 10980 "-" "Mozilla/5.0 (compatible; SemrushBot/7~bl; +http://www.semrush.com/bot.html)"
85.208.96.200 - - [01/Dec/2025:07:12:11 +0100] "GET /platby/hca/ancient-greek-aphrodite HTTP/1.1" 200 13441 "-" "Mozilla/5.0 (compatible; SemrushBot/7~bl; +http://www.semrush.com/bot.html)"
85.208.96.210 - - [01/Dec/2025:07:12:16 +0100] "GET /platby/aohwuyx/antony-and-cleopatra-summary HTTP/1.1" 200 14429 "-" "Mozilla/5.0 (compatible; SemrushBot/7~bl; +http://www.semrush.com/bot.html)"
185.191.171.10 - - [01/Dec/2025:07:12:23 +0100] "GET /platby/72zbxoz/first-aid-beauty-ultra-repair-cream-dupe HTTP/1.1" 200 14008 "-" "Mozilla/5.0 (compatible; SemrushBot/7~bl; +http://www.semrush.com/bot.html)"
85.208.96.203 - - [01/Dec/2025:07:12:43 +0100] "GET /platby/qqap/premiere-networks-locations HTTP/1.1" 200 7317 "-" "Mozilla/5.0 (compatible; SemrushBot/7~bl; +http://www.semrush.com/bot.html)"
52.54.249.218 - - [01/Dec/2025:07:12:43 +0100] "GET /platby/uwoy9/european-grid-infrastructure HTTP/1.1" 200 13391 "-" "Mozilla/5.0 AppleWebKit/537.36 (KHTML, like Gecko; compatible; Amazonbot/0.1; +https://developer.amazon.com/support/amazonbot) Chrome/119.0.6045.214 Safari/537.36"
54.235.158.162 - - [01/Dec/2025:07:12:46 +0100] "GET /platby/uwoy9/honey-locust-tree-nursery HTTP/1.1" 200 10097 "-" "Mozilla/5.0 AppleWebKit/537.36 (KHTML, like Gecko; compatible; Amazonbot/0.1; +https://developer.amazon.com/support/amazonbot) Chrome/119.0.6045.214 Safari/537.36"
18.215.24.66 - - [01/Dec/2025:07:12:51 +0100] "GET /platby/uwoy9/samsung-galaxy-s9-screen-repair-near-me HTTP/1.1" 200 14614 "-" "Mozilla/5.0 AppleWebKit/537.36 (KHTML, like Gecko; compatible; Amazonbot/0.1; +https://developer.amazon.com/support/amazonbot) Chrome/119.0.6045.214 Safari/537.36"
85.208.96.206 - - [01/Dec/2025:07:13:06 +0100] "GET /platby/hca/herkimer-diamond-mine-hours HTTP/1.1" 200 12954 "-" "Mozilla/5.0 (compatible; SemrushBot/7~bl; +http://www.semrush.com/bot.html)"
185.191.171.8 - - [01/Dec/2025:07:13:38 +0100] "GET /platby/qqap/gary-easy-origami-duck HTTP/1.1" 200 12911 "-" "Mozilla/5.0 (compatible; SemrushBot/7~bl; +http://www.semrush.com/bot.html)"
185.191.171.10 - - [01/Dec/2025:07:14:21 +0100] "GET /platby/qqap/what-does-the-sunglasses-emoji-mean-on-snapchat HTTP/1.1" 200 12028 "-" "Mozilla/5.0 (compatible; SemrushBot/7~bl; +http://www.semrush.com/bot.html)"
185.191.171.13 - - [01/Dec/2025:07:14:49 +0100] "GET /platby/uwoy9/comic-sans-font-numbers HTTP/1.1" 200 14067 "-" "Mozilla/5.0 (compatible; SemrushBot/7~bl; +http://www.semrush.com/bot.html)"
185.191.171.6 - - [01/Dec/2025:07:15:14 +0100] "GET /platby/qqap/shops-that-sell-jordan-1-near-me HTTP/1.1" 200 13953 "-" "Mozilla/5.0 (compatible; SemrushBot/7~bl; +http://www.semrush.com/bot.html)"
85.208.96.211 - - [01/Dec/2025:07:15:27 +0100] "GET /platby/qqap/arizona-education-ranking-2020 HTTP/1.1" 200 10384 "-" "Mozilla/5.0 (compatible; SemrushBot/7~bl; +http://www.semrush.com/bot.html)"
185.191.171.13 - - [01/Dec/2025:07:15:36 +0100] "GET /platby/qqap/srh-university-heidelberg HTTP/1.1" 200 7975 "-" "Mozilla/5.0 (compatible; SemrushBot/7~bl; +http://www.semrush.com/bot.html)"
85.208.96.211 - - [01/Dec/2025:07:15:44 +0100] "GET /platby/qqap/token-based-authentication-web-api HTTP/1.1" 200 11867 "-" "Mozilla/5.0 (compatible; SemrushBot/7~bl; +http://www.semrush.com/bot.html)"
85.208.96.203 - - [01/Dec/2025:07:16:01 +0100] "GET /platby/72zbxoz/fertile-ground-synonym HTTP/1.1" 200 12970 "-" "Mozilla/5.0 (compatible; SemrushBot/7~bl; +http://www.semrush.com/bot.html)"
85.208.96.204 - - [01/Dec/2025:07:16:23 +0100] "GET /platby/72zbxoz/interpret-sentence-examples HTTP/1.1" 200 10046 "-" "Mozilla/5.0 (compatible; SemrushBot/7~bl; +http://www.semrush.com/bot.html)"
185.191.171.9 - - [01/Dec/2025:07:16:27 +0100] "GET /platby/uwoy9/university-of-maryland-global-campus-transcript-address HTTP/1.1" 200 14356 "-" "Mozilla/5.0 (compatible; SemrushBot/7~bl; +http://www.semrush.com/bot.html)"
172.234.151.169 - - [01/Dec/2025:07:16:50 +0100] "\x16\x03\x01\x01X\x01" 403 265 "-" "-"
185.191.171.6 - - [01/Dec/2025:07:17:04 +0100] "GET /platby/hca/midge-vs-mosquito-australia HTTP/1.1" 200 11036 "-" "Mozilla/5.0 (compatible; SemrushBot/7~bl; +http://www.semrush.com/bot.html)"
85.208.96.208 - - [01/Dec/2025:07:17:07 +0100] "GET /platby/hca/therefore-in-a-sentence-with-semicolon HTTP/1.1" 200 9532 "-" "Mozilla/5.0 (compatible; SemrushBot/7~bl; +http://www.semrush.com/bot.html)"
185.191.171.12 - - [01/Dec/2025:07:18:17 +0100] "GET /platby/aohwuyx/judson-alabama-athletics HTTP/1.1" 200 10955 "-" "Mozilla/5.0 (compatible; SemrushBot/7~bl; +http://www.semrush.com/bot.html)"
85.208.96.203 - - [01/Dec/2025:07:18:19 +0100] "GET /platby/72zbxoz/michigan-landscape-plants HTTP/1.1" 200 12557 "-" "Mozilla/5.0 (compatible; SemrushBot/7~bl; +http://www.semrush.com/bot.html)"
85.208.96.202 - - [01/Dec/2025:07:18:26 +0100] "GET /platby/aohwuyx/apartments-near-marquette HTTP/1.1" 200 8524 "-" "Mozilla/5.0 (compatible; SemrushBot/7~bl; +http://www.semrush.com/bot.html)"
185.191.171.5 - - [01/Dec/2025:07:18:50 +0100] "GET /platby/uwoy9/foods-invented-in-arkansas HTTP/1.1" 200 14409 "-" "Mozilla/5.0 (compatible; SemrushBot/7~bl; +http://www.semrush.com/bot.html)"
185.191.171.10 - - [01/Dec/2025:07:19:00 +0100] "GET /platby/aohwuyx/slaughter-rule-definition HTTP/1.1" 200 13446 "-" "Mozilla/5.0 (compatible; SemrushBot/7~bl; +http://www.semrush.com/bot.html)"
85.208.96.210 - - [01/Dec/2025:07:19:11 +0100] "GET /platby/72zbxoz/engine-natural-frequency-calculation HTTP/1.1" 200 8835 "-" "Mozilla/5.0 (compatible; SemrushBot/7~bl; +http://www.semrush.com/bot.html)"
185.191.171.18 - - [01/Dec/2025:07:19:17 +0100] "GET /platby/aohwuyx/definition-of-diversity-and-inclusion HTTP/1.1" 200 8840 "-" "Mozilla/5.0 (compatible; SemrushBot/7~bl; +http://www.semrush.com/bot.html)"
85.208.96.193 - - [01/Dec/2025:07:19:18 +0100] "GET /platby/hca/strength-in-stillness-summary HTTP/1.1" 200 10654 "-" "Mozilla/5.0 (compatible; SemrushBot/7~bl; +http://www.semrush.com/bot.html)"
85.208.96.208 - - [01/Dec/2025:07:19:51 +0100] "GET /platby/uwoy9/moto-g-speaker-not-working-while-calling HTTP/1.1" 200 9533 "-" "Mozilla/5.0 (compatible; SemrushBot/7~bl; +http://www.semrush.com/bot.html)"
85.208.96.206 - - [01/Dec/2025:07:20:18 +0100] "GET /platby/hca/what-time-is-sunset-today HTTP/1.1" 200 11744 "-" "Mozilla/5.0 (compatible; SemrushBot/7~bl; +http://www.semrush.com/bot.html)"
85.208.96.194 - - [01/Dec/2025:07:20:26 +0100] "GET /platby/hca/heidelberg-university-medical-school-acceptance-rate HTTP/1.1" 200 6642 "-" "Mozilla/5.0 (compatible; SemrushBot/7~bl; +http://www.semrush.com/bot.html)"
85.208.96.204 - - [01/Dec/2025:07:20:28 +0100] "GET /platby/hca/hrsa-loan-repayment-application-2021 HTTP/1.1" 200 8603 "-" "Mozilla/5.0 (compatible; SemrushBot/7~bl; +http://www.semrush.com/bot.html)"
85.208.96.210 - - [01/Dec/2025:07:20:46 +0100] "GET /platby/72zbxoz/wholesale-flower-market-near-me HTTP/1.1" 200 10270 "-" "Mozilla/5.0 (compatible; SemrushBot/7~bl; +http://www.semrush.com/bot.html)"
185.191.171.5 - - [01/Dec/2025:07:20:50 +0100] "GET /platby/hca/eurovision-2021-results HTTP/1.1" 200 9058 "-" "Mozilla/5.0 (compatible; SemrushBot/7~bl; +http://www.semrush.com/bot.html)"
195.177.94.189 - - [01/Dec/2025:07:21:18 +0100] "GET /phpmyadmin/scripts/setup.php HTTP/1.1" 200 11106 "-" "Mozilla/4.0 (compatible; MSIE 6.0; MSIE 5.5; Windows NT 5.1) Opera 7.01 [en]"
195.177.94.189 - - [01/Dec/2025:07:21:18 +0100] "POST /phpmyadmin/scripts/setup.php HTTP/1.1" 200 18608 "http://109.105.49.240:8081/phpmyadmin/scripts/setup.php" "Mozilla/4.0 (compatible; MSIE 6.0; MSIE 5.5; Windows NT 5.1) Opera 7.01 [en]"
185.191.171.6 - - [01/Dec/2025:07:21:21 +0100] "GET /platby/qqap/science-experiments-for-preschoolers HTTP/1.1" 200 7699 "-" "Mozilla/5.0 (compatible; SemrushBot/7~bl; +http://www.semrush.com/bot.html)"
185.191.171.15 - - [01/Dec/2025:07:21:56 +0100] "GET /platby/72zbxoz/odisha-fc-jersey-2020-21 HTTP/1.1" 200 13169 "-" "Mozilla/5.0 (compatible; SemrushBot/7~bl; +http://www.semrush.com/bot.html)"
85.208.96.205 - - [01/Dec/2025:07:22:19 +0100] "GET /platby/uwoy9/complete-sentence-example HTTP/1.1" 200 13332 "-" "Mozilla/5.0 (compatible; SemrushBot/7~bl; +http://www.semrush.com/bot.html)"
185.191.171.10 - - [01/Dec/2025:07:22:21 +0100] "GET /platby/qqap/jurassic-park-easy-piano-notes HTTP/1.1" 200 6700 "-" "Mozilla/5.0 (compatible; SemrushBot/7~bl; +http://www.semrush.com/bot.html)"
195.177.94.189 - - [01/Dec/2025:07:22:24 +0100] "GET /phpmyadmin/scripts/setup.php HTTP/1.1" 200 11105 "-" "Mozilla/4.0 (compatible; MSIE 6.0; MSIE 5.5; Windows NT 5.1) Opera 7.01 [en]"
195.177.94.189 - - [01/Dec/2025:07:22:24 +0100] "POST /phpmyadmin/scripts/setup.php HTTP/1.1" 200 18608 "http://109.105.49.240:443/phpmyadmin/scripts/setup.php" "Mozilla/4.0 (compatible; MSIE 6.0; MSIE 5.5; Windows NT 5.1) Opera 7.01 [en]"
85.208.96.212 - - [01/Dec/2025:07:22:37 +0100] "GET /platby/72zbxoz/the-little-seagull-handbook-4th-edition-pdf HTTP/1.1" 200 11993 "-" "Mozilla/5.0 (compatible; SemrushBot/7~bl; +http://www.semrush.com/bot.html)"
85.208.96.211 - - [01/Dec/2025:07:23:06 +0100] "GET /platby/qqap/spanish-slang-for-girlfriend HTTP/1.1" 200 11401 "-" "Mozilla/5.0 (compatible; SemrushBot/7~bl; +http://www.semrush.com/bot.html)"
185.191.171.18 - - [01/Dec/2025:07:23:11 +0100] "GET /robots.txt HTTP/1.1" 200 54 "-" "Mozilla/5.0 (compatible; SemrushBot/7~bl; +http://www.semrush.com/bot.html)"
85.208.96.193 - - [01/Dec/2025:07:23:12 +0100] "GET /platby/hca/mandy-minella-prediction HTTP/1.1" 200 7222 "-" "Mozilla/5.0 (compatible; SemrushBot/7~bl; +http://www.semrush.com/bot.html)"
85.208.96.201 - - [01/Dec/2025:07:23:16 +0100] "GET /platby/hca/marcus-garvey-advocated-for HTTP/1.1" 200 5042 "-" "Mozilla/5.0 (compatible; SemrushBot/7~bl; +http://www.semrush.com/bot.html)"
185.191.171.15 - - [01/Dec/2025:07:23:45 +0100] "GET /platby/aohwuyx/audio-video-interleave HTTP/1.1" 200 11256 "-" "Mozilla/5.0 (compatible; SemrushBot/7~bl; +http://www.semrush.com/bot.html)"
85.208.96.194 - - [01/Dec/2025:07:23:46 +0100] "GET /platby/hca/cumberland-county-nc-register-of-deeds HTTP/1.1" 200 8922 "-" "Mozilla/5.0 (compatible; SemrushBot/7~bl; +http://www.semrush.com/bot.html)"
85.208.96.201 - - [01/Dec/2025:07:24:00 +0100] "GET /platby/hca/ja-morant-wallpaper-iphone HTTP/1.1" 200 11308 "-" "Mozilla/5.0 (compatible; SemrushBot/7~bl; +http://www.semrush.com/bot.html)"
91.232.238.112 - - [01/Dec/2025:07:24:12 +0100] "\x16\x03\x01\x01\xaa\x01" 403 265 "-" "-"
185.191.171.11 - - [01/Dec/2025:07:24:28 +0100] "GET /platby/qqap/what-does-the-bible-say-about-homes HTTP/1.1" 200 14858 "-" "Mozilla/5.0 (compatible; SemrushBot/7~bl; +http://www.semrush.com/bot.html)"
85.208.96.211 - - [01/Dec/2025:07:24:37 +0100] "GET /platby/aohwuyx/sony-xperia-1-ii-android-11-update HTTP/1.1" 200 7844 "-" "Mozilla/5.0 (compatible; SemrushBot/7~bl; +http://www.semrush.com/bot.html)"
185.191.171.2 - - [01/Dec/2025:07:24:45 +0100] "GET /platby/hca/movements-colorblind-vinyl HTTP/1.1" 200 13246 "-" "Mozilla/5.0 (compatible; SemrushBot/7~bl; +http://www.semrush.com/bot.html)"
185.191.171.10 - - [01/Dec/2025:07:25:02 +0100] "GET /platby/hca/1080p-hd-video-converter HTTP/1.1" 200 9256 "-" "Mozilla/5.0 (compatible; SemrushBot/7~bl; +http://www.semrush.com/bot.html)"
85.208.96.210 - - [01/Dec/2025:07:25:25 +0100] "GET /platby/hca/thank-you-very-much-in-spanish-to-a-woman HTTP/1.1" 200 13800 "-" "Mozilla/5.0 (compatible; SemrushBot/7~bl; +http://www.semrush.com/bot.html)"
85.208.96.202 - - [01/Dec/2025:07:25:42 +0100] "GET /platby/qqap/school-lunch-program-covid-2021 HTTP/1.1" 200 7257 "-" "Mozilla/5.0 (compatible; SemrushBot/7~bl; +http://www.semrush.com/bot.html)"
85.208.96.212 - - [01/Dec/2025:07:26:26 +0100] "GET /platby/qqap/events-at-soldier-field-today HTTP/1.1" 200 12470 "-" "Mozilla/5.0 (compatible; SemrushBot/7~bl; +http://www.semrush.com/bot.html)"
85.208.96.199 - - [01/Dec/2025:07:26:36 +0100] "GET /platby/qqap/user-manual-for-software-application-pdf HTTP/1.1" 200 13869 "-" "Mozilla/5.0 (compatible; SemrushBot/7~bl; +http://www.semrush.com/bot.html)"
185.191.171.14 - - [01/Dec/2025:07:27:14 +0100] "GET /platby/72zbxoz/ephesians-2:11-22-application HTTP/1.1" 200 16721 "-" "Mozilla/5.0 (compatible; SemrushBot/7~bl; +http://www.semrush.com/bot.html)"
185.191.171.12 - - [01/Dec/2025:07:27:21 +0100] "GET /platby/qqap/baker-hughes-logo-vector HTTP/1.1" 200 7094 "-" "Mozilla/5.0 (compatible; SemrushBot/7~bl; +http://www.semrush.com/bot.html)"
204.76.203.206 - - [01/Dec/2025:07:27:22 +0100] "GET /" 400 468 "-" "-"
85.208.96.201 - - [01/Dec/2025:07:27:28 +0100] "GET /platby/qqap/cinema-paradiso-rotten-tomatoes HTTP/1.1" 200 7330 "-" "Mozilla/5.0 (compatible; SemrushBot/7~bl; +http://www.semrush.com/bot.html)"
185.191.171.14 - - [01/Dec/2025:07:27:49 +0100] "GET /platby/72zbxoz/private-pilot-written-test-prep-course HTTP/1.1" 200 9955 "-" "Mozilla/5.0 (compatible; SemrushBot/7~bl; +http://www.semrush.com/bot.html)"
85.208.96.201 - - [01/Dec/2025:07:28:16 +0100] "GET /platby/72zbxoz/when-is-the-next-solar-eclipse-uk HTTP/1.1" 200 8610 "-" "Mozilla/5.0 (compatible; SemrushBot/7~bl; +http://www.semrush.com/bot.html)"
85.208.96.193 - - [01/Dec/2025:07:28:24 +0100] "GET /platby/72zbxoz/morality-in-business-examples HTTP/1.1" 200 8617 "-" "Mozilla/5.0 (compatible; SemrushBot/7~bl; +http://www.semrush.com/bot.html)"
85.208.96.198 - - [01/Dec/2025:07:28:39 +0100] "GET /platby/aohwuyx/dance-conferences-2021 HTTP/1.1" 200 10050 "-" "Mozilla/5.0 (compatible; SemrushBot/7~bl; +http://www.semrush.com/bot.html)"
185.191.171.3 - - [01/Dec/2025:07:28:43 +0100] "GET /platby/qqap/tupac-poetic-justice-shirt-walmart HTTP/1.1" 200 10351 "-" "Mozilla/5.0 (compatible; SemrushBot/7~bl; +http://www.semrush.com/bot.html)"
85.208.96.203 - - [01/Dec/2025:07:28:58 +0100] "GET /platby/uwoy9/water-birds-identification HTTP/1.1" 200 16471 "-" "Mozilla/5.0 (compatible; SemrushBot/7~bl; +http://www.semrush.com/bot.html)"
185.191.171.14 - - [01/Dec/2025:07:29:12 +0100] "GET /platby/hca/microsoft-planner-jira-integration HTTP/1.1" 200 13758 "-" "Mozilla/5.0 (compatible; SemrushBot/7~bl; +http://www.semrush.com/bot.html)"
204.76.203.206 - - [01/Dec/2025:07:29:16 +0100] "GET / HTTP/1.1" 200 316 "-" "Mozilla/5.0 (Windows NT 10.0; Win64; x64) AppleWebKit/537.36 (KHTML, like Gecko) Chrome/90.0.4430.85 Safari/537.36 Edg/90.0.818.46"
162.216.149.172 - - [01/Dec/2025:07:29:20 +0100] "\x16\x03\x01" 403 265 "-" "-"
162.216.149.172 - - [01/Dec/2025:07:29:21 +0100] "\x16\x03\x01" 403 265 "-" "-"
185.191.171.8 - - [01/Dec/2025:07:29:21 +0100] "GET /platby/qqap/rubber-mixing-mill-specification HTTP/1.1" 200 7474 "-" "Mozilla/5.0 (compatible; SemrushBot/7~bl; +http://www.semrush.com/bot.html)"
114.119.130.237 - - [01/Dec/2025:07:29:58 +0100] "GET /platby/uwoy9/swing-swing-swing-don't-don't-don't-tik-tok HTTP/1.1" 200 12593 "http://ispc.klape.eu/platby/uwoy9/the-seven-principles-for-making-marriage-work-exercises" "Mozilla/5.0 (Linux; Android 7.0;) AppleWebKit/537.36 (KHTML, like Gecko) Mobile Safari/537.36 (compatible; PetalBot;+https://webmaster.petalsearch.com/site/petalbot)"
85.208.96.197 - - [01/Dec/2025:07:29:58 +0100] "GET /platby/aohwuyx/private-school-primary-london HTTP/1.1" 200 15707 "-" "Mozilla/5.0 (compatible; SemrushBot/7~bl; +http://www.semrush.com/bot.html)"
85.208.96.198 - - [01/Dec/2025:07:30:14 +0100] "GET /platby/72zbxoz/argentina-vs-australia-olympic-football-live-score HTTP/1.1" 200 10683 "-" "Mozilla/5.0 (compatible; SemrushBot/7~bl; +http://www.semrush.com/bot.html)"
85.208.96.201 - - [01/Dec/2025:07:30:34 +0100] "GET /platby/aohwuyx/sars-tax-return-deadline-2021 HTTP/1.1" 200 11615 "-" "Mozilla/5.0 (compatible; SemrushBot/7~bl; +http://www.semrush.com/bot.html)"
185.191.171.3 - - [01/Dec/2025:07:30:52 +0100] "GET /platby/qqap/messenger-international-store HTTP/1.1" 200 7408 "-" "Mozilla/5.0 (compatible; SemrushBot/7~bl; +http://www.semrush.com/bot.html)"
185.191.171.12 - - [01/Dec/2025:07:31:01 +0100] "GET /platby/hca/micropigmentation-vs-powder-brows HTTP/1.1" 200 13105 "-" "Mozilla/5.0 (compatible; SemrushBot/7~bl; +http://www.semrush.com/bot.html)"
185.191.171.16 - - [01/Dec/2025:07:31:16 +0100] "GET /platby/uwoy9/falcons-wins-and-losses-2020 HTTP/1.1" 200 5795 "-" "Mozilla/5.0 (compatible; SemrushBot/7~bl; +http://www.semrush.com/bot.html)"
85.208.96.206 - - [01/Dec/2025:07:31:18 +0100] "GET /platby/72zbxoz/huawei-p30-lite-charging-problem HTTP/1.1" 200 8850 "-" "Mozilla/5.0 (compatible; SemrushBot/7~bl; +http://www.semrush.com/bot.html)"
104.210.140.128 - - [01/Dec/2025:07:31:32 +0100] "\x16\x03\x01\x02" 403 265 "-" "-"
104.210.140.143 - - [01/Dec/2025:07:31:33 +0100] "\x16\x03\x01\x02" 403 265 "-" "-"
104.210.140.138 - - [01/Dec/2025:07:31:34 +0100] "\x16\x03\x01\x02" 403 265 "-" "-"
185.191.171.14 - - [01/Dec/2025:07:31:50 +0100] "GET /platby/72zbxoz/friendly-matches-today HTTP/1.1" 200 12832 "-" "Mozilla/5.0 (compatible; SemrushBot/7~bl; +http://www.semrush.com/bot.html)"
176.65.149.45 - - [01/Dec/2025:07:32:07 +0100] "GET / HTTP/1.1" 200 316 "-" "Go-http-client/1.1"
85.208.96.210 - - [01/Dec/2025:07:32:08 +0100] "GET /platby/hca/jordan-1-flyease-shattered-backboard HTTP/1.1" 200 8722 "-" "Mozilla/5.0 (compatible; SemrushBot/7~bl; +http://www.semrush.com/bot.html)"
54.183.6.185 - - [01/Dec/2025:07:32:10 +0100] "\x16\x03\x01\x01&\x01" 403 265 "-" "-"
185.191.171.9 - - [01/Dec/2025:07:32:16 +0100] "GET /platby/qqap/timothy-plan-aggressive-growth-fund HTTP/1.1" 200 7751 "-" "Mozilla/5.0 (compatible; SemrushBot/7~bl; +http://www.semrush.com/bot.html)"
185.191.171.9 - - [01/Dec/2025:07:32:47 +0100] "GET /platby/qqap/fake-university-blue-jordan-1 HTTP/1.1" 200 12844 "-" "Mozilla/5.0 (compatible; SemrushBot/7~bl; +http://www.semrush.com/bot.html)"
114.119.149.2 - - [01/Dec/2025:07:33:03 +0100] "GET /platby/uwoy9/amon-ra-st-brown-draft-pick HTTP/1.1" 200 10825 "http://ispc.klape.eu/platby/uwoy9/best-cheap-cb-fifa-21-ultimate-team" "Mozilla/5.0 (Linux; Android 7.0;) AppleWebKit/537.36 (KHTML, like Gecko) Mobile Safari/537.36 (compatible; PetalBot;+https://webmaster.petalsearch.com/site/petalbot)"
185.191.171.10 - - [01/Dec/2025:07:33:10 +0100] "GET /platby/uwoy9/7'-9-basketball-player-nigeria HTTP/1.1" 200 13609 "-" "Mozilla/5.0 (compatible; SemrushBot/7~bl; +http://www.semrush.com/bot.html)"
185.191.171.6 - - [01/Dec/2025:07:33:12 +0100] "GET /platby/72zbxoz/village-names-generator HTTP/1.1" 200 10717 "-" "Mozilla/5.0 (compatible; SemrushBot/7~bl; +http://www.semrush.com/bot.html)"
85.208.96.209 - - [01/Dec/2025:07:33:50 +0100] "GET /platby/72zbxoz/nathan-little-tetra-defense HTTP/1.1" 200 9901 "-" "Mozilla/5.0 (compatible; SemrushBot/7~bl; +http://www.semrush.com/bot.html)"
5.133.102.226 - - [01/Dec/2025:07:34:11 +0100] "GET /" 400 468 "-" "-"
