114.119.139.66 - - [01/Dec/2025:11:13:12 +0100] "GET /platby/qqap/how-to-restart-huawei-p30-without-power-button HTTP/1.1" 200 11234 "http://ispc.klape.eu/platby/qqap/how-to-restart-huawei-p30-without-power-button" "Mozilla/5.0 (Linux; Android 7.0;) AppleWebKit/537.36 (KHTML, like Gecko) Mobile Safari/537.36 (compatible; PetalBot;+https://webmaster.petalsearch.com/site/petalbot)"
185.191.171.6 - - [01/Dec/2025:11:13:19 +0100] "GET /platby/uwoy9/social-justice-resource-center HTTP/1.1" 200 13254 "-" "Mozilla/5.0 (compatible; SemrushBot/7~bl; +http://www.semrush.com/bot.html)"
195.177.94.189 - - [01/Dec/2025:11:14:16 +0100] "GET /phpmyadmin/scripts/setup.php HTTP/1.1" 200 11105 "-" "Mozilla/4.0 (compatible; MSIE 6.0; MSIE 5.5; Windows NT 5.1) Opera 7.01 [en]"
195.177.94.189 - - [01/Dec/2025:11:14:16 +0100] "POST /phpmyadmin/scripts/setup.php HTTP/1.1" 200 18608 "http://109.105.49.240:443/phpmyadmin/scripts/setup.php" "Mozilla/4.0 (compatible; MSIE 6.0; MSIE 5.5; Windows NT 5.1) Opera 7.01 [en]"
185.191.171.15 - - [01/Dec/2025:11:14:16 +0100] "GET /platby/qqap/nebraska-basketball-schedule-2021-2022 HTTP/1.1" 200 5426 "-" "Mozilla/5.0 (compatible; SemrushBot/7~bl; +http://www.semrush.com/bot.html)"
185.191.171.16 - - [01/Dec/2025:11:14:18 +0100] "GET /platby/aohwuyx/moses-brown-contract-details HTTP/1.1" 200 7837 "-" "Mozilla/5.0 (compatible; SemrushBot/7~bl; +http://www.semrush.com/bot.html)"
85.208.96.198 - - [01/Dec/2025:11:14:56 +0100] "GET /platby/uwoy9/josh-giddey-draft-profile HTTP/1.1" 200 11829 "-" "Mozilla/5.0 (compatible; SemrushBot/7~bl; +http://www.semrush.com/bot.html)"
185.191.171.5 - - [01/Dec/2025:11:15:03 +0100] "GET /platby/hca/what-does-the-bible-say-about-understanding-others HTTP/1.1" 200 13080 "-" "Mozilla/5.0 (compatible; SemrushBot/7~bl; +http://www.semrush.com/bot.html)"
85.208.96.194 - - [01/Dec/2025:11:15:16 +0100] "GET /platby/aohwuyx/integration-definition HTTP/1.1" 200 13331 "-" "Mozilla/5.0 (compatible; SemrushBot/7~bl; +http://www.semrush.com/bot.html)"
185.191.171.5 - - [01/Dec/2025:11:15:18 +0100] "GET /platby/hca/i-still-fall-in-love-with-you-everyday HTTP/1.1" 200 11472 "-" "Mozilla/5.0 (compatible; SemrushBot/7~bl; +http://www.semrush.com/bot.html)"
85.208.96.210 - - [01/Dec/2025:11:15:32 +0100] "GET /platby/hca/thermo-fisher-investor-relations HTTP/1.1" 200 6044 "-" "Mozilla/5.0 (compatible; SemrushBot/7~bl; +http://www.semrush.com/bot.html)"
185.191.171.15 - - [01/Dec/2025:11:15:45 +0100] "GET /platby/uwoy9/sourcetree-vs-gitkraken-vs-tower HTTP/1.1" 200 10648 "-" "Mozilla/5.0 (compatible; SemrushBot/7~bl; +http://www.semrush.com/bot.html)"
85.208.96.198 - - [01/Dec/2025:11:16:13 +0100] "GET /platby/uwoy9/glossierblack-lives-matter HTTP/1.1" 200 12517 "-" "Mozilla/5.0 (compatible; SemrushBot/7~bl; +http://www.semrush.com/bot.html)"
185.191.171.13 - - [01/Dec/2025:11:16:20 +0100] "GET /platby/uwoy9/catawba-college-wrestling HTTP/1.1" 200 11210 "-" "Mozilla/5.0 (compatible; SemrushBot/7~bl; +http://www.semrush.com/bot.html)"
114.119.149.2 - - [01/Dec/2025:11:16:21 +0100] "GET /platby/uwoy9/peoria-unified-school-district-last-day-of-school-2021 HTTP/1.1" 200 14397 "http://ispc.klape.eu/platby/uwoy9/what-color-is-the-moon-tonight-2021" "Mozilla/5.0 (Linux; Android 7.0;) AppleWebKit/537.36 (KHTML, like Gecko) Mobile Safari/537.36 (compatible; PetalBot;+https://webmaster.petalsearch.com/site/petalbot)"
185.191.171.13 - - [01/Dec/2025:11:16:39 +0100] "GET /platby/aohwuyx/elderly-woman-behind-a-counter-guitar HTTP/1.1" 200 9855 "-" "Mozilla/5.0 (compatible; SemrushBot/7~bl; +http://www.semrush.com/bot.html)"
172.234.151.239 - - [01/Dec/2025:11:16:50 +0100] "\x16\x03\x01\x01X\x01" 403 265 "-" "-"
185.191.171.16 - - [01/Dec/2025:11:17:05 +0100] "GET /platby/qqap/ainsley-maitland-niles-transfermarkt HTTP/1.1" 200 6910 "-" "Mozilla/5.0 (compatible; SemrushBot/7~bl; +http://www.semrush.com/bot.html)"
204.76.203.206 - - [01/Dec/2025:11:17:09 +0100] "GET /" 400 468 "-" "-"
85.208.96.212 - - [01/Dec/2025:11:17:19 +0100] "GET /platby/aohwuyx/jamie-maclaren-lawyer HTTP/1.1" 200 12507 "-" "Mozilla/5.0 (compatible; SemrushBot/7~bl; +http://www.semrush.com/bot.html)"
85.208.96.204 - - [01/Dec/2025:11:17:21 +0100] "GET /platby/72zbxoz/how-does-a-steam-locomotive-work HTTP/1.1" 200 8309 "-" "Mozilla/5.0 (compatible; SemrushBot/7~bl; +http://www.semrush.com/bot.html)"
85.208.96.196 - - [01/Dec/2025:11:17:25 +0100] "GET /platby/72zbxoz/examples-of-social-justice-actions HTTP/1.1" 200 15471 "-" "Mozilla/5.0 (compatible; SemrushBot/7~bl; +http://www.semrush.com/bot.html)"
85.208.96.196 - - [01/Dec/2025:11:17:31 +0100] "GET /platby/aohwuyx/i'll-see-you-in-my-dreams-ukulele-strumming-pattern HTTP/1.1" 200 12580 "-" "Mozilla/5.0 (compatible; SemrushBot/7~bl; +http://www.semrush.com/bot.html)"
85.208.96.209 - - [01/Dec/2025:11:17:57 +0100] "GET /platby/aohwuyx/individual-definition-in-sociology HTTP/1.1" 200 14630 "-" "Mozilla/5.0 (compatible; SemrushBot/7~bl; +http://www.semrush.com/bot.html)"
79.124.40.174 - - [01/Dec/2025:11:18:13 +0100] "\x16\x03\x01\x05\xa8\x01" 403 265 "-" "-"
85.208.96.209 - - [01/Dec/2025:11:18:14 +0100] "GET /platby/72zbxoz/zion-williamson-new-shoes HTTP/1.1" 200 11861 "-" "Mozilla/5.0 (compatible; SemrushBot/7~bl; +http://www.semrush.com/bot.html)"
43.168.34.23 - - [01/Dec/2025:11:18:18 +0100] "\x16\x03\x01\x06\xfd\x01" 403 265 "-" "-"
43.168.34.23 - - [01/Dec/2025:11:18:19 +0100] "\x16\x03\x01\x07\x1d\x01" 403 265 "-" "-"
85.208.96.209 - - [01/Dec/2025:11:18:36 +0100] "GET /platby/72zbxoz/scottie-pippen-karl-malone HTTP/1.1" 200 11892 "-" "Mozilla/5.0 (compatible; SemrushBot/7~bl; +http://www.semrush.com/bot.html)"
114.119.130.237 - - [01/Dec/2025:11:18:47 +0100] "GET /platby/uwoy9/how-to-invalidate-particular-session-in-java HTTP/1.1" 200 9882 "http://ispc.klape.eu/platby/uwoy9/gluten-free-restaurants" "Mozilla/5.0 (Linux; Android 7.0;) AppleWebKit/537.36 (KHTML, like Gecko) Mobile Safari/537.36 (compatible; PetalBot;+https://webmaster.petalsearch.com/site/petalbot)"
43.175.194.84 - - [01/Dec/2025:11:18:51 +0100] "\x16\x03\x01\x07\x1d\x01" 403 265 "-" "-"
43.175.194.84 - - [01/Dec/2025:11:18:51 +0100] "\x16\x03\x01\x06\xbd\x01" 403 265 "-" "-"
204.76.203.206 - - [01/Dec/2025:11:19:04 +0100] "GET / HTTP/1.1" 200 316 "-" "Mozilla/5.0 (Windows NT 10.0; Win64; x64) AppleWebKit/537.36 (KHTML, like Gecko) Chrome/90.0.4430.85 Safari/537.36 Edg/90.0.818.46"
185.191.171.11 - - [01/Dec/2025:11:19:10 +0100] "GET /platby/qqap/minimum-wage-in-austria-per-hour-2020 HTTP/1.1" 200 12726 "-" "Mozilla/5.0 (compatible; SemrushBot/7~bl; +http://www.semrush.com/bot.html)"
85.208.96.199 - - [01/Dec/2025:11:19:19 +0100] "GET /platby/aohwuyx/bahamas-track-and-field-calendar-2021 HTTP/1.1" 200 8791 "-" "Mozilla/5.0 (compatible; SemrushBot/7~bl; +http://www.semrush.com/bot.html)"
85.208.96.200 - - [01/Dec/2025:11:19:32 +0100] "GET /platby/qqap/writing-resources-for-university-students HTTP/1.1" 200 7864 "-" "Mozilla/5.0 (compatible; SemrushBot/7~bl; +http://www.semrush.com/bot.html)"
85.208.96.212 - - [01/Dec/2025:11:19:43 +0100] "GET /platby/72zbxoz/colorful-birds-in-kansas HTTP/1.1" 200 10208 "-" "Mozilla/5.0 (compatible; SemrushBot/7~bl; +http://www.semrush.com/bot.html)"
185.191.171.8 - - [01/Dec/2025:11:19:50 +0100] "GET /platby/uwoy9/more-than-my-hometown-chords HTTP/1.1" 200 10547 "-" "Mozilla/5.0 (compatible; SemrushBot/7~bl; +http://www.semrush.com/bot.html)"
85.208.96.196 - - [01/Dec/2025:11:20:05 +0100] "GET /platby/72zbxoz/system-of-a-down-tabs-aerials HTTP/1.1" 200 7965 "-" "Mozilla/5.0 (compatible; SemrushBot/7~bl; +http://www.semrush.com/bot.html)"
185.191.171.3 - - [01/Dec/2025:11:20:27 +0100] "GET /platby/qqap/theoretical-hydrodynamics HTTP/1.1" 200 11946 "-" "Mozilla/5.0 (compatible; SemrushBot/7~bl; +http://www.semrush.com/bot.html)"
185.191.171.19 - - [01/Dec/2025:11:20:32 +0100] "GET /platby/hca/vivo-model-finder-tool HTTP/1.1" 200 6102 "-" "Mozilla/5.0 (compatible; SemrushBot/7~bl; +http://www.semrush.com/bot.html)"
185.191.171.15 - - [01/Dec/2025:11:20:35 +0100] "GET /platby/qqap/guadalupe-bass-habitat HTTP/1.1" 200 9101 "-" "Mozilla/5.0 (compatible; SemrushBot/7~bl; +http://www.semrush.com/bot.html)"
85.208.96.212 - - [01/Dec/2025:11:20:48 +0100] "GET /platby/qqap/noah-galvin-dear-evan-hansen HTTP/1.1" 200 5591 "-" "Mozilla/5.0 (compatible; SemrushBot/7~bl; +http://www.semrush.com/bot.html)"
85.208.96.197 - - [01/Dec/2025:11:20:50 +0100] "GET /platby/qqap/spadefoot-toad-species HTTP/1.1" 200 8675 "-" "Mozilla/5.0 (compatible; SemrushBot/7~bl; +http://www.semrush.com/bot.html)"
85.208.96.198 - - [01/Dec/2025:11:21:25 +0100] "GET /platby/aohwuyx/the-crowns-vs-black-panthers HTTP/1.1" 200 7497 "-" "Mozilla/5.0 (compatible; SemrushBot/7~bl; +http://www.semrush.com/bot.html)"
185.191.171.18 - - [01/Dec/2025:11:21:26 +0100] "GET /platby/uwoy9/nba-2k20-cyber-league-live-stream HTTP/1.1" 200 9597 "-" "Mozilla/5.0 (compatible; SemrushBot/7~bl; +http://www.semrush.com/bot.html)"
185.191.171.4 - - [01/Dec/2025:11:21:31 +0100] "GET /platby/qqap/black-widow-strain-yield HTTP/1.1" 200 7474 "-" "Mozilla/5.0 (compatible; SemrushBot/7~bl; +http://www.semrush.com/bot.html)"
114.119.152.142 - - [01/Dec/2025:11:21:36 +0100] "GET /platby/qqap/fort-lauderdale-cf-transfermarkt HTTP/1.1" 200 5969 "http://ispc.klape.eu/platby/qqap/university-of-wisconsin--madison-address-for-transcripts" "Mozilla/5.0 (Linux; Android 7.0;) AppleWebKit/537.36 (KHTML, like Gecko) Mobile Safari/537.36 (compatible; PetalBot;+https://webmaster.petalsearch.com/site/petalbot)"
85.208.96.207 - - [01/Dec/2025:11:22:21 +0100] "GET /platby/aohwuyx/i-can-t-get-no-satisfaction-bass-cover HTTP/1.1" 200 8308 "-" "Mozilla/5.0 (compatible; SemrushBot/7~bl; +http://www.semrush.com/bot.html)"
185.191.171.7 - - [01/Dec/2025:11:22:57 +0100] "GET /platby/qqap/jewelry-stores-durham,-nc HTTP/1.1" 200 12061 "-" "Mozilla/5.0 (compatible; SemrushBot/7~bl; +http://www.semrush.com/bot.html)"
185.191.171.11 - - [01/Dec/2025:11:22:59 +0100] "GET /platby/uwoy9/henry-ruggs-dynasty-value HTTP/1.1" 200 11358 "-" "Mozilla/5.0 (compatible; SemrushBot/7~bl; +http://www.semrush.com/bot.html)"
71.6.134.230 - - [01/Dec/2025:11:23:10 +0100] "\x16\x03\x01\x01\x07\x01" 403 265 "-" "-"
85.208.96.210 - - [01/Dec/2025:11:23:17 +0100] "GET /platby/72zbxoz/where-is-the-colossus-of-rhodes-located-today HTTP/1.1" 200 9298 "-" "Mozilla/5.0 (compatible; SemrushBot/7~bl; +http://www.semrush.com/bot.html)"
185.191.171.10 - - [01/Dec/2025:11:23:22 +0100] "GET /platby/uwoy9/number-19-florida-panthers HTTP/1.1" 200 8356 "-" "Mozilla/5.0 (compatible; SemrushBot/7~bl; +http://www.semrush.com/bot.html)"
185.191.171.10 - - [01/Dec/2025:11:23:26 +0100] "GET /platby/uwoy9/another-word-for-provider HTTP/1.1" 200 13739 "-" "Mozilla/5.0 (compatible; SemrushBot/7~bl; +http://www.semrush.com/bot.html)"
185.191.171.5 - - [01/Dec/2025:11:24:04 +0100] "GET /platby/72zbxoz/unique-name-dictionary HTTP/1.1" 200 14221 "-" "Mozilla/5.0 (compatible; SemrushBot/7~bl; +http://www.semrush.com/bot.html)"
114.119.129.163 - - [01/Dec/2025:11:24:25 +0100] "GET /platby/hca/columbia-university-vagelos-college-of-physicians-and-surgeons-gpa HTTP/1.1" 200 7214 "http://ispc.klape.eu/platby/hca/columbia-university-vagelos-college-of-physicians-and-surgeons-gpa" "Mozilla/5.0 (Linux; Android 7.0;) AppleWebKit/537.36 (KHTML, like Gecko) Mobile Safari/537.36 (compatible; PetalBot;+https://webmaster.petalsearch.com/site/petalbot)"
185.191.171.8 - - [01/Dec/2025:11:24:47 +0100] "GET /platby/qqap/com-cov-study-results-mix-and-match HTTP/1.1" 200 11900 "-" "Mozilla/5.0 (compatible; SemrushBot/7~bl; +http://www.semrush.com/bot.html)"
85.208.96.212 - - [01/Dec/2025:11:24:55 +0100] "GET /platby/qqap/teenage-fanclub-the-concept-chords HTTP/1.1" 200 12093 "-" "Mozilla/5.0 (compatible; SemrushBot/7~bl; +http://www.semrush.com/bot.html)"
85.208.96.194 - - [01/Dec/2025:11:24:57 +0100] "GET /platby/aohwuyx/ut-austin-control-theory HTTP/1.1" 200 11786 "-" "Mozilla/5.0 (compatible; SemrushBot/7~bl; +http://www.semrush.com/bot.html)"
185.191.171.11 - - [01/Dec/2025:11:25:13 +0100] "GET /platby/72zbxoz/lamar-odom-reborn-release-date HTTP/1.1" 200 13812 "-" "Mozilla/5.0 (compatible; SemrushBot/7~bl; +http://www.semrush.com/bot.html)"
85.208.96.200 - - [01/Dec/2025:11:25:24 +0100] "GET /platby/qqap/psalms-managing-our-emotions-pdf HTTP/1.1" 200 6331 "-" "Mozilla/5.0 (compatible; SemrushBot/7~bl; +http://www.semrush.com/bot.html)"
85.208.96.200 - - [01/Dec/2025:11:25:27 +0100] "GET /platby/uwoy9/cleveland-browns-dog-pound HTTP/1.1" 200 8041 "-" "Mozilla/5.0 (compatible; SemrushBot/7~bl; +http://www.semrush.com/bot.html)"
85.208.96.195 - - [01/Dec/2025:11:25:30 +0100] "GET /platby/hca/alcatel-3v-phone-case-walmart HTTP/1.1" 200 9800 "-" "Mozilla/5.0 (compatible; SemrushBot/7~bl; +http://www.semrush.com/bot.html)"
85.208.96.206 - - [01/Dec/2025:11:25:32 +0100] "GET /platby/aohwuyx/uganda-basketball-league-2020 HTTP/1.1" 200 12143 "-" "Mozilla/5.0 (compatible; SemrushBot/7~bl; +http://www.semrush.com/bot.html)"
185.191.171.5 - - [01/Dec/2025:11:25:34 +0100] "GET /platby/uwoy9/how-to-become-brilliant-in-studies HTTP/1.1" 200 11790 "-" "Mozilla/5.0 (compatible; SemrushBot/7~bl; +http://www.semrush.com/bot.html)"
185.191.171.17 - - [01/Dec/2025:11:25:40 +0100] "GET /platby/aohwuyx/ntpc-exam-results-2021 HTTP/1.1" 200 8993 "-" "Mozilla/5.0 (compatible; SemrushBot/7~bl; +http://www.semrush.com/bot.html)"
85.208.96.196 - - [01/Dec/2025:11:25:58 +0100] "GET /platby/hca/what-did-ollie-robinson-tweets HTTP/1.1" 200 8744 "-" "Mozilla/5.0 (compatible; SemrushBot/7~bl; +http://www.semrush.com/bot.html)"
114.119.149.2 - - [01/Dec/2025:11:27:13 +0100] "GET /platby/article.php?5d4c26=which-country-has-the-most-earthquakes-in-europe HTTP/1.1" 200 7731 "http://ispc.klape.eu/platby/article.php?5d4c26=taiwan-weather-august" "Mozilla/5.0 (Linux; Android 7.0;) AppleWebKit/537.36 (KHTML, like Gecko) Mobile Safari/537.36 (compatible; PetalBot;+https://webmaster.petalsearch.com/site/petalbot)"
85.208.96.197 - - [01/Dec/2025:11:27:15 +0100] "GET /platby/hca/nba-hall-of-fame-eligibility HTTP/1.1" 200 7339 "-" "Mozilla/5.0 (compatible; SemrushBot/7~bl; +http://www.semrush.com/bot.html)"
85.208.96.203 - - [01/Dec/2025:11:27:16 +0100] "GET /platby/hca/christian-bethancourt HTTP/1.1" 200 9365 "-" "Mozilla/5.0 (compatible; SemrushBot/7~bl; +http://www.semrush.com/bot.html)"
85.208.96.212 - - [01/Dec/2025:11:27:23 +0100] "GET /platby/hca/university-of-florida-gators HTTP/1.1" 200 10110 "-" "Mozilla/5.0 (compatible; SemrushBot/7~bl; +http://www.semrush.com/bot.html)"
185.191.171.13 - - [01/Dec/2025:11:27:25 +0100] "GET /platby/qqap/to-let-someone-know-about-something-synonym HTTP/1.1" 200 7760 "-" "Mozilla/5.0 (compatible; SemrushBot/7~bl; +http://www.semrush.com/bot.html)"
85.208.96.193 - - [01/Dec/2025:11:27:51 +0100] "GET /platby/qqap/birmingham-oratory-easter-mass-times HTTP/1.1" 200 9096 "-" "Mozilla/5.0 (compatible; SemrushBot/7~bl; +http://www.semrush.com/bot.html)"
85.208.96.206 - - [01/Dec/2025:11:28:11 +0100] "GET /platby/qqap/avas-flowers-new-hampshire HTTP/1.1" 200 11416 "-" "Mozilla/5.0 (compatible; SemrushBot/7~bl; +http://www.semrush.com/bot.html)"
185.191.171.8 - - [01/Dec/2025:11:28:19 +0100] "GET /platby/qqap/cara-mengatasi-reverse-charging HTTP/1.1" 200 7522 "-" "Mozilla/5.0 (compatible; SemrushBot/7~bl; +http://www.semrush.com/bot.html)"
85.208.96.197 - - [01/Dec/2025:11:28:29 +0100] "GET /platby/qqap/sharepoint-link-to-external-website HTTP/1.1" 200 5683 "-" "Mozilla/5.0 (compatible; SemrushBot/7~bl; +http://www.semrush.com/bot.html)"
85.208.96.206 - - [01/Dec/2025:11:28:41 +0100] "GET /platby/hca/air-force-academy-visitor-center HTTP/1.1" 200 7007 "-" "Mozilla/5.0 (compatible; SemrushBot/7~bl; +http://www.semrush.com/bot.html)"
185.191.171.3 - - [01/Dec/2025:11:29:06 +0100] "GET /platby/hca/weather-in-little-rock-arkansas HTTP/1.1" 200 8506 "-" "Mozilla/5.0 (compatible; SemrushBot/7~bl; +http://www.semrush.com/bot.html)"
82.221.128.191 - - [01/Dec/2025:11:29:20 +0100] "\x16\x03\x01\x05\xc4\x01" 403 265 "-" "-"
85.208.96.203 - - [01/Dec/2025:11:29:24 +0100] "GET /platby/72zbxoz/huawei-fingerprint-button-not-working HTTP/1.1" 200 8697 "-" "Mozilla/5.0 (compatible; SemrushBot/7~bl; +http://www.semrush.com/bot.html)"
85.208.96.204 - - [01/Dec/2025:11:29:28 +0100] "GET /platby/qqap/did-steve-smith-won-an-nba-championship HTTP/1.1" 200 7418 "-" "Mozilla/5.0 (compatible; SemrushBot/7~bl; +http://www.semrush.com/bot.html)"
185.191.171.9 - - [01/Dec/2025:11:29:34 +0100] "GET /platby/hca/shawn-rodriques-net-worth HTTP/1.1" 200 9585 "-" "Mozilla/5.0 (compatible; SemrushBot/7~bl; +http://www.semrush.com/bot.html)"
85.208.96.206 - - [01/Dec/2025:11:29:34 +0100] "GET /robots.txt HTTP/1.1" 200 54 "-" "Mozilla/5.0 (compatible; SemrushBot/7~bl; +http://www.semrush.com/bot.html)"
85.208.96.210 - - [01/Dec/2025:11:29:36 +0100] "GET /platby/aohwuyx/keble-college-state-school HTTP/1.1" 200 14430 "-" "Mozilla/5.0 (compatible; SemrushBot/7~bl; +http://www.semrush.com/bot.html)"
185.191.171.4 - - [01/Dec/2025:11:29:37 +0100] "GET /platby/qqap/west-point-superintendents HTTP/1.1" 200 10402 "-" "Mozilla/5.0 (compatible; SemrushBot/7~bl; +http://www.semrush.com/bot.html)"
185.191.171.15 - - [01/Dec/2025:11:29:40 +0100] "GET /platby/uwoy9/hakeem-olajuwon-teammates HTTP/1.1" 200 12300 "-" "Mozilla/5.0 (compatible; SemrushBot/7~bl; +http://www.semrush.com/bot.html)"
114.119.130.237 - - [01/Dec/2025:11:30:03 +0100] "GET /platby/article.php?5d4c26=smite-set-build-joust HTTP/1.1" 200 6029 "http://ispc.klape.eu/platby/article.php?5d4c26=brandi-chastain-bellarmine" "Mozilla/5.0 (Linux; Android 7.0;) AppleWebKit/537.36 (KHTML, like Gecko) Mobile Safari/537.36 (compatible; PetalBot;+https://webmaster.petalsearch.com/site/petalbot)"
85.208.96.199 - - [01/Dec/2025:11:30:25 +0100] "GET /platby/uwoy9/thwart-synonym-crossword HTTP/1.1" 200 11768 "-" "Mozilla/5.0 (compatible; SemrushBot/7~bl; +http://www.semrush.com/bot.html)"
176.65.132.18 - - [01/Dec/2025:11:31:27 +0100] "\x16\x03\x01\x01\x04\x01" 403 265 "-" "-"
185.191.171.5 - - [01/Dec/2025:11:31:29 +0100] "GET /platby/hca/cuny-off-campus-housing HTTP/1.1" 200 5430 "-" "Mozilla/5.0 (compatible; SemrushBot/7~bl; +http://www.semrush.com/bot.html)"
85.208.96.200 - - [01/Dec/2025:11:31:33 +0100] "GET /platby/72zbxoz/synonyms-for-service-provided HTTP/1.1" 200 13202 "-" "Mozilla/5.0 (compatible; SemrushBot/7~bl; +http://www.semrush.com/bot.html)"
85.208.96.194 - - [01/Dec/2025:11:31:34 +0100] "GET /platby/72zbxoz/d-fend-reloaded-games HTTP/1.1" 200 11845 "-" "Mozilla/5.0 (compatible; SemrushBot/7~bl; +http://www.semrush.com/bot.html)"
85.208.96.200 - - [01/Dec/2025:11:31:36 +0100] "GET /platby/aohwuyx/bern-township-zoning-ordinance HTTP/1.1" 200 12983 "-" "Mozilla/5.0 (compatible; SemrushBot/7~bl; +http://www.semrush.com/bot.html)"
85.208.96.202 - - [01/Dec/2025:11:31:41 +0100] "GET /platby/hca/bruhn-aerospace-structures-pdf HTTP/1.1" 200 10637 "-" "Mozilla/5.0 (compatible; SemrushBot/7~bl; +http://www.semrush.com/bot.html)"
85.208.96.201 - - [01/Dec/2025:11:32:21 +0100] "GET /platby/uwoy9/bitbucket-pipelines-artifacts HTTP/1.1" 200 11622 "-" "Mozilla/5.0 (compatible; SemrushBot/7~bl; +http://www.semrush.com/bot.html)"
114.119.128.6 - - [01/Dec/2025:11:32:51 +0100] "GET /platby/uwoy9/architects-these-colours-don-t-run-live HTTP/1.1" 200 8665 "http://ispc.klape.eu/platby/uwoy9/architects-these-colours-don-t-run-live" "Mozilla/5.0 (Linux; Android 7.0;) AppleWebKit/537.36 (KHTML, like Gecko) Mobile Safari/537.36 (compatible; PetalBot;+https://webmaster.petalsearch.com/site/petalbot)"
85.208.96.206 - - [01/Dec/2025:11:32:51 +0100] "GET /platby/qqap/london-jewelry-brands HTTP/1.1" 200 13124 "-" "Mozilla/5.0 (compatible; SemrushBot/7~bl; +http://www.semrush.com/bot.html)"
85.208.96.202 - - [01/Dec/2025:11:32:53 +0100] "GET /platby/uwoy9/apartments-for-rent-houghton HTTP/1.1" 200 10326 "-" "Mozilla/5.0 (compatible; SemrushBot/7~bl; +http://www.semrush.com/bot.html)"
85.208.96.194 - - [01/Dec/2025:11:32:55 +0100] "GET /platby/72zbxoz/explain-the-structure-of-covid-19 HTTP/1.1" 200 8105 "-" "Mozilla/5.0 (compatible; SemrushBot/7~bl; +http://www.semrush.com/bot.html)"
85.208.96.199 - - [01/Dec/2025:11:33:08 +0100] "GET /platby/hca/warwick-business-school-mba HTTP/1.1" 200 12743 "-" "Mozilla/5.0 (compatible; SemrushBot/7~bl; +http://www.semrush.com/bot.html)"
85.208.96.204 - - [01/Dec/2025:11:33:14 +0100] "GET /platby/uwoy9/luis-suarez-salary-2020 HTTP/1.1" 200 7827 "-" "Mozilla/5.0 (compatible; SemrushBot/7~bl; +http://www.semrush.com/bot.html)"
85.208.96.209 - - [01/Dec/2025:11:33:15 +0100] "GET /platby/uwoy9/beaufort-gazette-e-edition HTTP/1.1" 200 9024 "-" "Mozilla/5.0 (compatible; SemrushBot/7~bl; +http://www.semrush.com/bot.html)"
185.191.171.5 - - [01/Dec/2025:11:33:28 +0100] "GET /platby/hca/rest-api-pagination-total-count HTTP/1.1" 200 8193 "-" "Mozilla/5.0 (compatible; SemrushBot/7~bl; +http://www.semrush.com/bot.html)"
85.208.96.200 - - [01/Dec/2025:11:33:47 +0100] "GET /platby/aohwuyx/mens-leather-biker-jacket-south-africa HTTP/1.1" 200 8579 "-" "Mozilla/5.0 (compatible; SemrushBot/7~bl; +http://www.semrush.com/bot.html)"
185.191.171.19 - - [01/Dec/2025:11:33:49 +0100] "GET /platby/uwoy9/transformers-beast-wars HTTP/1.1" 200 10288 "-" "Mozilla/5.0 (compatible; SemrushBot/7~bl; +http://www.semrush.com/bot.html)"
185.191.171.19 - - [01/Dec/2025:11:34:08 +0100] "GET /platby/hca/mit-aerospace-engineering-graduate-acceptance-rate HTTP/1.1" 200 6739 "-" "Mozilla/5.0 (compatible; SemrushBot/7~bl; +http://www.semrush.com/bot.html)"
185.191.171.12 - - [01/Dec/2025:11:34:37 +0100] "GET /platby/72zbxoz/salary-of-dav-lakkar-bazar,-shimla HTTP/1.1" 200 10030 "-" "Mozilla/5.0 (compatible; SemrushBot/7~bl; +http://www.semrush.com/bot.html)"
79.124.40.174 - - [01/Dec/2025:11:34:56 +0100] "\x16\x03\x01\x05\xa8\x01" 403 265 "-" "-"
185.191.171.7 - - [01/Dec/2025:11:35:05 +0100] "GET /platby/uwoy9/chip-phonetic-transcription HTTP/1.1" 200 11779 "-" "Mozilla/5.0 (compatible; SemrushBot/7~bl; +http://www.semrush.com/bot.html)"
85.208.96.209 - - [01/Dec/2025:11:35:26 +0100] "GET /platby/uwoy9/how-to-make-a-wireless-charger-receiver HTTP/1.1" 200 15585 "-" "Mozilla/5.0 (compatible; SemrushBot/7~bl; +http://www.semrush.com/bot.html)"
185.191.171.3 - - [01/Dec/2025:11:35:37 +0100] "GET /platby/aohwuyx/devonta-smith-40-time-college HTTP/1.1" 200 8090 "-" "Mozilla/5.0 (compatible; SemrushBot/7~bl; +http://www.semrush.com/bot.html)"
114.119.139.112 - - [01/Dec/2025:11:35:38 +0100] "GET /platby/qqap/latest-news-on-government-employees'-salary-increase HTTP/1.1" 200 10114 "http://ispc.klape.eu/platby/qqap/weston-workers-fc-sofascore" "Mozilla/5.0 (Linux; Android 7.0;) AppleWebKit/537.36 (KHTML, like Gecko) Mobile Safari/537.36 (compatible; PetalBot;+https://webmaster.petalsearch.com/site/petalbot)"
185.191.171.5 - - [01/Dec/2025:11:35:39 +0100] "GET /platby/aohwuyx/involvement-of-sociology-in-hospital-environment HTTP/1.1" 200 12232 "-" "Mozilla/5.0 (compatible; SemrushBot/7~bl; +http://www.semrush.com/bot.html)"
85.208.96.212 - - [01/Dec/2025:11:35:49 +0100] "GET /platby/qqap/galena-chemical-formula HTTP/1.1" 200 9766 "-" "Mozilla/5.0 (compatible; SemrushBot/7~bl; +http://www.semrush.com/bot.html)"
85.208.96.207 - - [01/Dec/2025:11:36:31 +0100] "GET /platby/aohwuyx/sierra-pacific-windows HTTP/1.1" 200 7662 "-" "Mozilla/5.0 (compatible; SemrushBot/7~bl; +http://www.semrush.com/bot.html)"
34.234.206.30 - - [01/Dec/2025:11:36:59 +0100] "GET /platby/uwoy9/brady-christensen-stats HTTP/1.1" 200 11742 "-" "Mozilla/5.0 AppleWebKit/537.36 (KHTML, like Gecko; compatible; Amazonbot/0.1; +https://developer.amazon.com/support/amazonbot) Chrome/119.0.6045.214 Safari/537.36"
54.157.84.74 - - [01/Dec/2025:11:37:02 +0100] "GET /platby/uwoy9/dermalogica-active-moist-ingredients HTTP/1.1" 200 10295 "-" "Mozilla/5.0 AppleWebKit/537.36 (KHTML, like Gecko; compatible; Amazonbot/0.1; +https://developer.amazon.com/support/amazonbot) Chrome/119.0.6045.214 Safari/537.36"
204.76.203.206 - - [01/Dec/2025:11:37:04 +0100] "GET /" 400 468 "-" "-"
98.80.130.239 - - [01/Dec/2025:11:37:06 +0100] "GET /platby/uwoy9/baby-khaki-campbell-ducks HTTP/1.1" 200 15173 "-" "Mozilla/5.0 AppleWebKit/537.36 (KHTML, like Gecko; compatible; Amazonbot/0.1; +https://developer.amazon.com/support/amazonbot) Chrome/119.0.6045.214 Safari/537.36"
85.208.96.209 - - [01/Dec/2025:11:37:14 +0100] "GET /platby/qqap/icon-health-and-fitness-address HTTP/1.1" 200 9902 "-" "Mozilla/5.0 (compatible; SemrushBot/7~bl; +http://www.semrush.com/bot.html)"
85.208.96.209 - - [01/Dec/2025:11:37:17 +0100] "GET /platby/uwoy9/list-of-australian-birds-a-z HTTP/1.1" 200 9268 "-" "Mozilla/5.0 (compatible; SemrushBot/7~bl; +http://www.semrush.com/bot.html)"
85.208.96.209 - - [01/Dec/2025:11:37:23 +0100] "GET /platby/uwoy9/italy-2006-world-cup-squad HTTP/1.1" 200 12737 "-" "Mozilla/5.0 (compatible; SemrushBot/7~bl; +http://www.semrush.com/bot.html)"
85.208.96.196 - - [01/Dec/2025:11:37:35 +0100] "GET /platby/72zbxoz/hey-jude-guitar-sheet-music-pdf HTTP/1.1" 200 12885 "-" "Mozilla/5.0 (compatible; SemrushBot/7~bl; +http://www.semrush.com/bot.html)"
185.191.171.14 - - [01/Dec/2025:11:37:42 +0100] "GET /platby/aohwuyx/gliac-volleyball-tournament-2021 HTTP/1.1" 200 7673 "-" "Mozilla/5.0 (compatible; SemrushBot/7~bl; +http://www.semrush.com/bot.html)"
204.76.203.206 - - [01/Dec/2025:11:37:44 +0100] "GET / HTTP/1.1" 200 316 "-" "Mozilla/5.0 (Windows NT 10.0; Win64; x64) AppleWebKit/537.36 (KHTML, like Gecko) Chrome/90.0.4430.85 Safari/537.36 Edg/90.0.818.46"
185.191.171.9 - - [01/Dec/2025:11:37:48 +0100] "GET /platby/qqap/celebrity-big-brother-20-cast HTTP/1.1" 200 9778 "-" "Mozilla/5.0 (compatible; SemrushBot/7~bl; +http://www.semrush.com/bot.html)"
185.191.171.13 - - [01/Dec/2025:11:37:52 +0100] "GET /platby/uwoy9/new-dorp-high-school-famous-alumni HTTP/1.1" 200 14545 "-" "Mozilla/5.0 (compatible; SemrushBot/7~bl; +http://www.semrush.com/bot.html)"
185.191.171.8 - - [01/Dec/2025:11:37:54 +0100] "GET /platby/aohwuyx/the-cove-documentary-summary HTTP/1.1" 200 14413 "-" "Mozilla/5.0 (compatible; SemrushBot/7~bl; +http://www.semrush.com/bot.html)"
85.208.96.197 - - [01/Dec/2025:11:38:02 +0100] "GET /platby/qqap/kiss-bar,-side-turkey HTTP/1.1" 200 14060 "-" "Mozilla/5.0 (compatible; SemrushBot/7~bl; +http://www.semrush.com/bot.html)"
114.119.129.163 - - [01/Dec/2025:11:38:27 +0100] "GET /platby/article.php?5d4c26=hbo-depression-documentary HTTP/1.1" 200 5935 "http://ispc.klape.eu/platby/article.php?5d4c26=personal-english-teacher-near-me" "Mozilla/5.0 (Linux; Android 7.0;) AppleWebKit/537.36 (KHTML, like Gecko) Mobile Safari/537.36 (compatible; PetalBot;+https://webmaster.petalsearch.com/site/petalbot)"
85.208.96.212 - - [01/Dec/2025:11:38:41 +0100] "GET /platby/aohwuyx/patrisse-cullors-partner HTTP/1.1" 200 12464 "-" "Mozilla/5.0 (compatible; SemrushBot/7~bl; +http://www.semrush.com/bot.html)"
85.208.96.207 - - [01/Dec/2025:11:39:18 +0100] "GET /platby/aohwuyx/scarsdale-school-age-cutoff HTTP/1.1" 200 12710 "-" "Mozilla/5.0 (compatible; SemrushBot/7~bl; +http://www.semrush.com/bot.html)"
85.208.96.195 - - [01/Dec/2025:11:39:39 +0100] "GET /platby/uwoy9/i-speak-fluent-french-translation HTTP/1.1" 200 14521 "-" "Mozilla/5.0 (compatible; SemrushBot/7~bl; +http://www.semrush.com/bot.html)"
185.191.171.8 - - [01/Dec/2025:11:39:46 +0100] "GET /platby/uwoy9/cool-restaurants-in-bergen-county HTTP/1.1" 200 15952 "-" "Mozilla/5.0 (compatible; SemrushBot/7~bl; +http://www.semrush.com/bot.html)"
85.208.96.195 - - [01/Dec/2025:11:39:57 +0100] "GET /platby/uwoy9/arizona-flower-delivery HTTP/1.1" 200 10128 "-" "Mozilla/5.0 (compatible; SemrushBot/7~bl; +http://www.semrush.com/bot.html)"
85.208.96.195 - - [01/Dec/2025:11:39:59 +0100] "GET /platby/72zbxoz/listening-for-specific-information-ppt HTTP/1.1" 200 10145 "-" "Mozilla/5.0 (compatible; SemrushBot/7~bl; +http://www.semrush.com/bot.html)"
185.191.171.15 - - [01/Dec/2025:11:40:11 +0100] "GET /platby/72zbxoz/primary-dimensions-of-diversity-definition HTTP/1.1" 200 9204 "-" "Mozilla/5.0 (compatible; SemrushBot/7~bl; +http://www.semrush.com/bot.html)"
141.98.11.170 - - [01/Dec/2025:11:40:14 +0100] "GET /" 400 468 "-" "-"
114.119.152.142 - - [01/Dec/2025:11:41:17 +0100] "GET /platby/article.php?5d4c26=diane-greene-sap HTTP/1.1" 200 6742 "http://ispc.klape.eu/platby/article.php?5d4c26=one-born-every-minute-season-6-episode-5" "Mozilla/5.0 (Linux; Android 7.0;) AppleWebKit/537.36 (KHTML, like Gecko) Mobile Safari/537.36 (compatible; PetalBot;+https://webmaster.petalsearch.com/site/petalbot)"
85.208.96.198 - - [01/Dec/2025:11:41:18 +0100] "GET /platby/72zbxoz/italian-festivals-2021 HTTP/1.1" 200 13841 "-" "Mozilla/5.0 (compatible; SemrushBot/7~bl; +http://www.semrush.com/bot.html)"
85.208.96.197 - - [01/Dec/2025:11:41:28 +0100] "GET /platby/aohwuyx/aviation-management-in-europe HTTP/1.1" 200 9675 "-" "Mozilla/5.0 (compatible; SemrushBot/7~bl; +http://www.semrush.com/bot.html)"
185.191.171.8 - - [01/Dec/2025:11:41:31 +0100] "GET /platby/uwoy9/estar-with-emotions-practice HTTP/1.1" 200 13102 "-" "Mozilla/5.0 (compatible; SemrushBot/7~bl; +http://www.semrush.com/bot.html)"
85.208.96.204 - - [01/Dec/2025:11:41:42 +0100] "GET /platby/72zbxoz/wind-turbines-in-cold-climates HTTP/1.1" 200 11398 "-" "Mozilla/5.0 (compatible; SemrushBot/7~bl; +http://www.semrush.com/bot.html)"
41.236.71.233 - - [01/Dec/2025:11:41:43 +0100] "POST /GponForm/diag_Form?style/ HTTP/1.1" 400 230 "-" "Hello, World"
85.208.96.207 - - [01/Dec/2025:11:41:45 +0100] "GET /platby/uwoy9/naacp-minneapolis-contact HTTP/1.1" 200 12217 "-" "Mozilla/5.0 (compatible; SemrushBot/7~bl; +http://www.semrush.com/bot.html)"
185.191.171.18 - - [01/Dec/2025:11:41:49 +0100] "GET /platby/hca/finland-eurovision-2021 HTTP/1.1" 200 10622 "-" "Mozilla/5.0 (compatible; SemrushBot/7~bl; +http://www.semrush.com/bot.html)"
85.208.96.211 - - [01/Dec/2025:11:41:53 +0100] "GET /platby/uwoy9/multi-game-arcade-machine HTTP/1.1" 200 13484 "-" "Mozilla/5.0 (compatible; SemrushBot/7~bl; +http://www.semrush.com/bot.html)"
185.191.171.18 - - [01/Dec/2025:11:42:02 +0100] "GET /platby/aohwuyx/ziploc-bag-size-comparison HTTP/1.1" 200 9716 "-" "Mozilla/5.0 (compatible; SemrushBot/7~bl; +http://www.semrush.com/bot.html)"
185.191.171.19 - - [01/Dec/2025:11:42:07 +0100] "GET /platby/aohwuyx/other-ways-to-say-sounds-good-professionally HTTP/1.1" 200 15234 "-" "Mozilla/5.0 (compatible; SemrushBot/7~bl; +http://www.semrush.com/bot.html)"
85.208.96.193 - - [01/Dec/2025:11:42:48 +0100] "GET /platby/aohwuyx/best-italian-midfielders-fifa-21 HTTP/1.1" 200 14237 "-" "Mozilla/5.0 (compatible; SemrushBot/7~bl; +http://www.semrush.com/bot.html)"
185.191.171.17 - - [01/Dec/2025:11:43:42 +0100] "GET /platby/qqap/which-taylormade-putter-is-right-for-me HTTP/1.1" 200 7203 "-" "Mozilla/5.0 (compatible; SemrushBot/7~bl; +http://www.semrush.com/bot.html)"
85.208.96.204 - - [01/Dec/2025:11:43:53 +0100] "GET /platby/aohwuyx/mendenhall-and-oddou-cross-cultural-training-model HTTP/1.1" 200 9132 "-" "Mozilla/5.0 (compatible; SemrushBot/7~bl; +http://www.semrush.com/bot.html)"
114.119.129.163 - - [01/Dec/2025:11:44:03 +0100] "GET /platby/hca/england-women's-cricket-team-players-list-2021 HTTP/1.1" 200 12110 "http://ispc.klape.eu/platby/hca/england-women%27s-cricket-team-players-list-2021" "Mozilla/5.0 (Linux; Android 7.0;) AppleWebKit/537.36 (KHTML, like Gecko) Mobile Safari/537.36 (compatible; PetalBot;+https://webmaster.petalsearch.com/site/petalbot)"
85.208.96.202 - - [01/Dec/2025:11:44:14 +0100] "GET /platby/hca/is-there-a-wireless-switch-controller-with-headphone-jack HTTP/1.1" 200 11731 "-" "Mozilla/5.0 (compatible; SemrushBot/7~bl; +http://www.semrush.com/bot.html)"
85.208.96.211 - - [01/Dec/2025:11:44:33 +0100] "GET /platby/qqap/how-to-turn-on-samsung-a20-without-power-button HTTP/1.1" 200 7752 "-" "Mozilla/5.0 (compatible; SemrushBot/7~bl; +http://www.semrush.com/bot.html)"
172.236.228.220 - - [01/Dec/2025:11:44:59 +0100] "\x16\x03\x01\x01" 501 271 "-" "-"
172.236.228.220 - - [01/Dec/2025:11:44:59 +0100] "\x16\x03\x01\x01" 501 271 "-" "-"
185.191.171.3 - - [01/Dec/2025:11:45:11 +0100] "GET /platby/aohwuyx/all-jordan-shoes-pictures HTTP/1.1" 200 10766 "-" "Mozilla/5.0 (compatible; SemrushBot/7~bl; +http://www.semrush.com/bot.html)"
85.208.96.209 - - [01/Dec/2025:11:45:16 +0100] "GET /platby/hca/female-mallard-duckling HTTP/1.1" 200 7267 "-" "Mozilla/5.0 (compatible; SemrushBot/7~bl; +http://www.semrush.com/bot.html)"
85.208.96.203 - - [01/Dec/2025:11:45:28 +0100] "GET /platby/72zbxoz/best-time-to-wake-up-in-the-morning HTTP/1.1" 200 14812 "-" "Mozilla/5.0 (compatible; SemrushBot/7~bl; +http://www.semrush.com/bot.html)"
85.208.96.202 - - [01/Dec/2025:11:45:33 +0100] "GET /platby/uwoy9/isaiah-stewart-defense HTTP/1.1" 200 8587 "-" "Mozilla/5.0 (compatible; SemrushBot/7~bl; +http://www.semrush.com/bot.html)"
115.248.8.65 - - [01/Dec/2025:11:45:38 +0100] "\x16\x03\x01" 403 265 "-" "-"
185.191.171.12 - - [01/Dec/2025:11:45:47 +0100] "GET /platby/aohwuyx/texas-solar-projects-2020 HTTP/1.1" 200 11093 "-" "Mozilla/5.0 (compatible; SemrushBot/7~bl; +http://www.semrush.com/bot.html)"
185.191.171.14 - - [01/Dec/2025:11:45:49 +0100] "GET /platby/hca/abraham-lincoln-family HTTP/1.1" 200 11876 "-" "Mozilla/5.0 (compatible; SemrushBot/7~bl; +http://www.semrush.com/bot.html)"
85.208.96.198 - - [01/Dec/2025:11:45:50 +0100] "GET /platby/qqap/how-did-everything-start-from-nothing HTTP/1.1" 200 14496 "-" "Mozilla/5.0 (compatible; SemrushBot/7~bl; +http://www.semrush.com/bot.html)"
85.208.96.194 - - [01/Dec/2025:11:46:02 +0100] "GET /platby/hca/faa-pilot-license-requirements HTTP/1.1" 200 9745 "-" "Mozilla/5.0 (compatible; SemrushBot/7~bl; +http://www.semrush.com/bot.html)"
85.208.96.205 - - [01/Dec/2025:11:46:09 +0100] "GET /platby/aohwuyx/christian-walker-video HTTP/1.1" 200 8513 "-" "Mozilla/5.0 (compatible; SemrushBot/7~bl; +http://www.semrush.com/bot.html)"
185.191.171.8 - - [01/Dec/2025:11:46:23 +0100] "GET /platby/72zbxoz/confluence-create-database-postgres HTTP/1.1" 200 9138 "-" "Mozilla/5.0 (compatible; SemrushBot/7~bl; +http://www.semrush.com/bot.html)"
114.119.130.237 - - [01/Dec/2025:11:46:52 +0100] "GET /platby/article.php?5d4c26=shayad-television-show HTTP/1.1" 200 6549 "http://ispc.klape.eu/platby/article.php?5d4c26=deers/rapids-help-desk" "Mozilla/5.0 (Linux; Android 7.0;) AppleWebKit/537.36 (KHTML, like Gecko) Mobile Safari/537.36 (compatible; PetalBot;+https://webmaster.petalsearch.com/site/petalbot)"
185.191.171.15 - - [01/Dec/2025:11:46:58 +0100] "GET /platby/aohwuyx/rajdhani-express-patna-to-delhi HTTP/1.1" 200 12549 "-" "Mozilla/5.0 (compatible; SemrushBot/7~bl; +http://www.semrush.com/bot.html)"
185.191.171.4 - - [01/Dec/2025:11:47:45 +0100] "GET /platby/aohwuyx/ray-allen-son-playing-basketball HTTP/1.1" 200 12290 "-" "Mozilla/5.0 (compatible; SemrushBot/7~bl; +http://www.semrush.com/bot.html)"
185.191.171.10 - - [01/Dec/2025:11:47:58 +0100] "GET /platby/aohwuyx/svsu-women's-basketball-roster HTTP/1.1" 200 12149 "-" "Mozilla/5.0 (compatible; SemrushBot/7~bl; +http://www.semrush.com/bot.html)"
185.191.171.14 - - [01/Dec/2025:11:48:24 +0100] "GET /platby/uwoy9/leonardo-dicaprio-net-worth-2021 HTTP/1.1" 200 7871 "-" "Mozilla/5.0 (compatible; SemrushBot/7~bl; +http://www.semrush.com/bot.html)"
185.191.171.6 - - [01/Dec/2025:11:48:38 +0100] "GET /platby/aohwuyx/fifa-17-career-mode-cheap-players HTTP/1.1" 200 8094 "-" "Mozilla/5.0 (compatible; SemrushBot/7~bl; +http://www.semrush.com/bot.html)"
85.208.96.194 - - [01/Dec/2025:11:48:40 +0100] "GET /platby/aohwuyx/statutory-holidays-ontario HTTP/1.1" 200 8944 "-" "Mozilla/5.0 (compatible; SemrushBot/7~bl; +http://www.semrush.com/bot.html)"
44.248.202.83 - - [01/Dec/2025:11:48:47 +0100] "\x16\x03\x01\x01o\x01" 403 265 "-" "-"
44.248.202.83 - - [01/Dec/2025:11:48:48 +0100] "\x16\x03\x01\x01s\x01" 403 265 "-" "-"
185.180.141.9 - - [01/Dec/2025:11:49:05 +0100] "\x16\x03\x01" 403 265 "-" "-"
185.180.141.8 - - [01/Dec/2025:11:49:08 +0100] "\x16\x03\x01" 403 265 "-" "-"
185.191.171.18 - - [01/Dec/2025:11:49:09 +0100] "GET /platby/uwoy9/bernard-herrmann-twisted-nerve-sample HTTP/1.1" 200 10946 "-" "Mozilla/5.0 (compatible; SemrushBot/7~bl; +http://www.semrush.com/bot.html)"
85.208.96.199 - - [01/Dec/2025:11:49:18 +0100] "GET /platby/uwoy9/mobile-full-screen-video-size-android HTTP/1.1" 200 15528 "-" "Mozilla/5.0 (compatible; SemrushBot/7~bl; +http://www.semrush.com/bot.html)"
185.191.171.6 - - [01/Dec/2025:11:49:27 +0100] "GET /platby/72zbxoz/hyland-software-employee-benefits HTTP/1.1" 200 8883 "-" "Mozilla/5.0 (compatible; SemrushBot/7~bl; +http://www.semrush.com/bot.html)"
185.191.171.18 - - [01/Dec/2025:11:49:38 +0100] "GET /platby/hca/assunta-di-lorenzo-family HTTP/1.1" 200 7393 "-" "Mozilla/5.0 (compatible; SemrushBot/7~bl; +http://www.semrush.com/bot.html)"
114.119.152.142 - - [01/Dec/2025:11:49:41 +0100] "GET /platby/article.php?5d4c26=de-kuip-seating-plan-concert HTTP/1.1" 200 8331 "http://ispc.klape.eu/platby/article.php?5d4c26=achtung-baby-book" "Mozilla/5.0 (Linux; Android 7.0;) AppleWebKit/537.36 (KHTML, like Gecko) Mobile Safari/537.36 (compatible; PetalBot;+https://webmaster.petalsearch.com/site/petalbot)"
185.191.171.8 - - [01/Dec/2025:11:49:53 +0100] "GET /platby/aohwuyx/aboriginal-population-in-canada-2018 HTTP/1.1" 200 9860 "-" "Mozilla/5.0 (compatible; SemrushBot/7~bl; +http://www.semrush.com/bot.html)"
185.191.171.14 - - [01/Dec/2025:11:49:55 +0100] "GET /platby/hca/aymeric-laporte-release-clause HTTP/1.1" 200 5827 "-" "Mozilla/5.0 (compatible; SemrushBot/7~bl; +http://www.semrush.com/bot.html)"
185.191.171.9 - - [01/Dec/2025:11:50:05 +0100] "GET /platby/72zbxoz/beech-bark-disease-treatment HTTP/1.1" 200 13075 "-" "Mozilla/5.0 (compatible; SemrushBot/7~bl; +http://www.semrush.com/bot.html)"
79.124.40.174 - - [01/Dec/2025:11:50:07 +0100] "\x16\x03\x01\x05\xa8\x01" 403 265 "-" "-"
185.191.171.14 - - [01/Dec/2025:11:50:12 +0100] "GET /platby/hca/how-much-baking-soda-is-toxic HTTP/1.1" 200 7786 "-" "Mozilla/5.0 (compatible; SemrushBot/7~bl; +http://www.semrush.com/bot.html)"
85.208.96.194 - - [01/Dec/2025:11:50:15 +0100] "GET /platby/hca/walton-county-schools-portal HTTP/1.1" 200 8332 "-" "Mozilla/5.0 (compatible; SemrushBot/7~bl; +http://www.semrush.com/bot.html)"
85.208.96.201 - - [01/Dec/2025:11:50:16 +0100] "GET /platby/hca/precinct-definition-government HTTP/1.1" 200 12153 "-" "Mozilla/5.0 (compatible; SemrushBot/7~bl; +http://www.semrush.com/bot.html)"
185.191.171.5 - - [01/Dec/2025:11:50:43 +0100] "GET /platby/72zbxoz/new-york-knicks-vintage-t-shirt HTTP/1.1" 200 15887 "-" "Mozilla/5.0 (compatible; SemrushBot/7~bl; +http://www.semrush.com/bot.html)"
85.208.96.196 - - [01/Dec/2025:11:51:04 +0100] "GET /platby/uwoy9/examples-of-heroes-in-literature HTTP/1.1" 200 10479 "-" "Mozilla/5.0 (compatible; SemrushBot/7~bl; +http://www.semrush.com/bot.html)"
204.76.203.212 - - [01/Dec/2025:11:51:10 +0100] "GET /" 400 468 "-" "-"
85.208.96.200 - - [01/Dec/2025:11:51:44 +0100] "GET /platby/hca/age-beautiful-pearl-blonde-toner-before-and-after HTTP/1.1" 200 10502 "-" "Mozilla/5.0 (compatible; SemrushBot/7~bl; +http://www.semrush.com/bot.html)"
85.208.96.201 - - [01/Dec/2025:11:52:08 +0100] "GET /platby/hca/jira-rest-api-java-example HTTP/1.1" 200 7203 "-" "Mozilla/5.0 (compatible; SemrushBot/7~bl; +http://www.semrush.com/bot.html)"
114.119.128.6 - - [01/Dec/2025:11:52:29 +0100] "GET /platby/article.php?5d4c26=story-of-seasons:-trio-of-towns-wiki HTTP/1.1" 200 6383 "http://ispc.klape.eu/platby/article.php?5d4c26=international-public-relations-wikipedia" "Mozilla/5.0 (Linux; Android 7.0;) AppleWebKit/537.36 (KHTML, like Gecko) Mobile Safari/537.36 (compatible; PetalBot;+https://webmaster.petalsearch.com/site/petalbot)"
85.208.96.211 - - [01/Dec/2025:11:53:13 +0100] "GET /platby/72zbxoz/is-ashley-kramlich-engaged HTTP/1.1" 200 11383 "-" "Mozilla/5.0 (compatible; SemrushBot/7~bl; +http://www.semrush.com/bot.html)"
185.191.171.11 - - [01/Dec/2025:11:53:28 +0100] "GET /platby/hca/grove-high-school-mascot HTTP/1.1" 200 8522 "-" "Mozilla/5.0 (compatible; SemrushBot/7~bl; +http://www.semrush.com/bot.html)"
85.208.96.204 - - [01/Dec/2025:11:53:38 +0100] "GET /platby/uwoy9/seven-tests-of-just-cause-pdf HTTP/1.1" 200 15693 "-" "Mozilla/5.0 (compatible; SemrushBot/7~bl; +http://www.semrush.com/bot.html)"
185.191.171.1 - - [01/Dec/2025:11:53:40 +0100] "GET /platby/uwoy9/francesca-hayward-diet HTTP/1.1" 200 12846 "-" "Mozilla/5.0 (compatible; SemrushBot/7~bl; +http://www.semrush.com/bot.html)"
185.191.171.3 - - [01/Dec/2025:11:53:41 +0100] "GET /platby/uwoy9/marsh-harrier-scotlandmako-robotic-knee-replacement-recovery-time HTTP/1.1" 200 11819 "-" "Mozilla/5.0 (compatible; SemrushBot/7~bl; +http://www.semrush.com/bot.html)"
85.208.96.206 - - [01/Dec/2025:11:53:54 +0100] "GET /platby/uwoy9/what-conditions-existed-in-europe-after-world-war-ii%3F HTTP/1.1" 200 13460 "-" "Mozilla/5.0 (compatible; SemrushBot/7~bl; +http://www.semrush.com/bot.html)"
185.191.171.7 - - [01/Dec/2025:11:53:56 +0100] "GET /platby/uwoy9/grade-7-science-curriculum HTTP/1.1" 200 14799 "-" "Mozilla/5.0 (compatible; SemrushBot/7~bl; +http://www.semrush.com/bot.html)"
85.208.96.205 - - [01/Dec/2025:11:54:04 +0100] "GET /platby/uwoy9/richest-football-clubs-2021 HTTP/1.1" 200 8511 "-" "Mozilla/5.0 (compatible; SemrushBot/7~bl; +http://www.semrush.com/bot.html)"
85.208.96.196 - - [01/Dec/2025:11:54:15 +0100] "GET /platby/qqap/todd-gurley-knee-injury HTTP/1.1" 200 5623 "-" "Mozilla/5.0 (compatible; SemrushBot/7~bl; +http://www.semrush.com/bot.html)"
85.208.96.212 - - [01/Dec/2025:11:54:27 +0100] "GET /platby/uwoy9/ukraine-vs-republic-of-north-macedonia HTTP/1.1" 200 8234 "-" "Mozilla/5.0 (compatible; SemrushBot/7~bl; +http://www.semrush.com/bot.html)"
185.191.171.7 - - [01/Dec/2025:11:54:35 +0100] "GET /platby/aohwuyx/flower-seeds-for-sale-cheap HTTP/1.1" 200 9649 "-" "Mozilla/5.0 (compatible; SemrushBot/7~bl; +http://www.semrush.com/bot.html)"
85.208.96.211 - - [01/Dec/2025:11:54:43 +0100] "GET /platby/hca/mr-appliance-of-the-delaware-valley HTTP/1.1" 200 8870 "-" "Mozilla/5.0 (compatible; SemrushBot/7~bl; +http://www.semrush.com/bot.html)"
146.88.240.70 - - [01/Dec/2025:11:54:53 +0100] "\x16\x03\x01" 403 265 "-" "-"
85.208.96.204 - - [01/Dec/2025:11:55:06 +0100] "GET /platby/uwoy9/nebraska-football-stats-2020 HTTP/1.1" 200 12575 "-" "Mozilla/5.0 (compatible; SemrushBot/7~bl; +http://www.semrush.com/bot.html)"
114.119.130.237 - - [01/Dec/2025:11:55:17 +0100] "GET /platby/aohwuyx/walmart-ceo-email-complaints HTTP/1.1" 200 8684 "http://ispc.klape.eu/platby/aohwuyx/walmart-ceo-email-complaints" "Mozilla/5.0 (Linux; Android 7.0;) AppleWebKit/537.36 (KHTML, like Gecko) Mobile Safari/537.36 (compatible; PetalBot;+https://webmaster.petalsearch.com/site/petalbot)"
185.191.171.4 - - [01/Dec/2025:11:55:46 +0100] "GET /platby/aohwuyx/phone-clone-iphone-to-huawei HTTP/1.1" 200 8293 "-" "Mozilla/5.0 (compatible; SemrushBot/7~bl; +http://www.semrush.com/bot.html)"
204.76.203.206 - - [01/Dec/2025:11:55:57 +0100] "GET /" 400 468 "-" "-"
85.208.96.204 - - [01/Dec/2025:11:56:24 +0100] "GET /platby/uwoy9/ccsi-construction-florida HTTP/1.1" 200 15441 "-" "Mozilla/5.0 (compatible; SemrushBot/7~bl; +http://www.semrush.com/bot.html)"
204.76.203.206 - - [01/Dec/2025:11:56:57 +0100] "GET / HTTP/1.1" 200 316 "-" "Mozilla/5.0 (Windows NT 10.0; Win64; x64) AppleWebKit/537.36 (KHTML, like Gecko) Chrome/90.0.4430.85 Safari/537.36 Edg/90.0.818.46"
85.208.96.194 - - [01/Dec/2025:11:57:23 +0100] "GET /robots.txt HTTP/1.1" 200 54 "-" "Mozilla/5.0 (compatible; SemrushBot/7~bl; +http://www.semrush.com/bot.html)"
85.208.96.194 - - [01/Dec/2025:11:57:24 +0100] "GET /platby/qqap/part-time-content-writing-jobs HTTP/1.1" 200 11185 "-" "Mozilla/5.0 (compatible; SemrushBot/7~bl; +http://www.semrush.com/bot.html)"
185.191.171.14 - - [01/Dec/2025:11:57:46 +0100] "GET /platby/hca/the-glory-days-restaurant HTTP/1.1" 200 7739 "-" "Mozilla/5.0 (compatible; SemrushBot/7~bl; +http://www.semrush.com/bot.html)"
85.208.96.202 - - [01/Dec/2025:11:57:49 +0100] "GET /platby/qqap/what-do-you-call-someone-from-massachusetts HTTP/1.1" 200 7737 "-" "Mozilla/5.0 (compatible; SemrushBot/7~bl; +http://www.semrush.com/bot.html)"
85.208.96.199 - - [01/Dec/2025:11:57:52 +0100] "GET /platby/qqap/how-to-write-a-portfolio-for-an-assignment HTTP/1.1" 200 8531 "-" "Mozilla/5.0 (compatible; SemrushBot/7~bl; +http://www.semrush.com/bot.html)"
185.191.171.7 - - [01/Dec/2025:11:57:57 +0100] "GET /platby/hca/david-peterson-ariana HTTP/1.1" 200 6004 "-" "Mozilla/5.0 (compatible; SemrushBot/7~bl; +http://www.semrush.com/bot.html)"
85.208.96.199 - - [01/Dec/2025:11:58:07 +0100] "GET /platby/72zbxoz/weather-depiction-charts-have-been-discontinued HTTP/1.1" 200 12623 "-" "Mozilla/5.0 (compatible; SemrushBot/7~bl; +http://www.semrush.com/bot.html)"
114.119.140.102 - - [01/Dec/2025:11:58:07 +0100] "GET /platby/aohwuyx/walk-in-cooler-swing-doors HTTP/1.1" 200 15084 "http://ispc.klape.eu/platby/aohwuyx/pro-football-focus-top-50-players-2021" "Mozilla/5.0 (Linux; Android 7.0;) AppleWebKit/537.36 (KHTML, like Gecko) Mobile Safari/537.36 (compatible; PetalBot;+https://webmaster.petalsearch.com/site/petalbot)"
185.191.171.7 - - [01/Dec/2025:11:58:08 +0100] "GET /platby/qqap/new-orleans-pelicans-city-jersey-2019 HTTP/1.1" 200 9251 "-" "Mozilla/5.0 (compatible; SemrushBot/7~bl; +http://www.semrush.com/bot.html)"
185.191.171.10 - - [01/Dec/2025:11:58:26 +0100] "GET /platby/uwoy9/kings-of-leon---only-by-the-night HTTP/1.1" 200 13891 "-" "Mozilla/5.0 (compatible; SemrushBot/7~bl; +http://www.semrush.com/bot.html)"
85.208.96.200 - - [01/Dec/2025:11:58:45 +0100] "GET /platby/aohwuyx/creative-synonym-generator HTTP/1.1" 200 8545 "-" "Mozilla/5.0 (compatible; SemrushBot/7~bl; +http://www.semrush.com/bot.html)"
185.191.171.18 - - [01/Dec/2025:11:58:47 +0100] "GET /platby/uwoy9/compassionate-body-scan-script HTTP/1.1" 200 7457 "-" "Mozilla/5.0 (compatible; SemrushBot/7~bl; +http://www.semrush.com/bot.html)"
185.191.171.19 - - [01/Dec/2025:11:58:54 +0100] "GET /platby/uwoy9/jira-xray,-automated-test HTTP/1.1" 200 8101 "-" "Mozilla/5.0 (compatible; SemrushBot/7~bl; +http://www.semrush.com/bot.html)"
185.191.171.7 - - [01/Dec/2025:11:59:19 +0100] "GET /platby/uwoy9/ccsi-alternative-school HTTP/1.1" 200 11146 "-" "Mozilla/5.0 (compatible; SemrushBot/7~bl; +http://www.semrush.com/bot.html)"
185.191.171.19 - - [01/Dec/2025:11:59:47 +0100] "GET /platby/aohwuyx/diversity-and-inclusion-training-minnesota HTTP/1.1" 200 10388 "-" "Mozilla/5.0 (compatible; SemrushBot/7~bl; +http://www.semrush.com/bot.html)"
185.191.171.15 - - [01/Dec/2025:11:59:49 +0100] "GET /platby/72zbxoz/the-pharcyde-splattitorium HTTP/1.1" 200 10963 "-" "Mozilla/5.0 (compatible; SemrushBot/7~bl; +http://www.semrush.com/bot.html)"
85.208.96.210 - - [01/Dec/2025:12:00:31 +0100] "GET /platby/qqap/bronco-sport-drive-modes HTTP/1.1" 200 9038 "-" "Mozilla/5.0 (compatible; SemrushBot/7~bl; +http://www.semrush.com/bot.html)"
85.208.96.210 - - [01/Dec/2025:12:00:45 +0100] "GET /platby/hca/solarwinds-down-detector HTTP/1.1" 200 8095 "-" "Mozilla/5.0 (compatible; SemrushBot/7~bl; +http://www.semrush.com/bot.html)"
185.191.171.5 - - [01/Dec/2025:12:00:49 +0100] "GET /platby/uwoy9/harry-winks-liverpool HTTP/1.1" 200 10924 "-" "Mozilla/5.0 (compatible; SemrushBot/7~bl; +http://www.semrush.com/bot.html)"
114.119.139.112 - - [01/Dec/2025:12:00:54 +0100] "GET /platby/aohwuyx/inspirational-quotes-by-famous-authors-and-poets HTTP/1.1" 200 8901 "http://ispc.klape.eu/platby/aohwuyx/usa-hockey-body-checking-rule-change-proposal-2020" "Mozilla/5.0 (Linux; Android 7.0;) AppleWebKit/537.36 (KHTML, like Gecko) Mobile Safari/537.36 (compatible; PetalBot;+https://webmaster.petalsearch.com/site/petalbot)"
185.191.171.19 - - [01/Dec/2025:12:01:12 +0100] "GET /platby/aohwuyx/how-to-remove-eyebrow-micropigmentation HTTP/1.1" 200 10537 "-" "Mozilla/5.0 (compatible; SemrushBot/7~bl; +http://www.semrush.com/bot.html)"
185.191.171.19 - - [01/Dec/2025:12:01:21 +0100] "GET /platby/uwoy9/devonta-smith-measurements HTTP/1.1" 200 12454 "-" "Mozilla/5.0 (compatible; SemrushBot/7~bl; +http://www.semrush.com/bot.html)"
185.191.171.16 - - [01/Dec/2025:12:01:33 +0100] "GET /platby/hca/moto-g-power-screen-replacement-near-me HTTP/1.1" 200 10907 "-" "Mozilla/5.0 (compatible; SemrushBot/7~bl; +http://www.semrush.com/bot.html)"
85.208.96.195 - - [01/Dec/2025:12:01:49 +0100] "GET /platby/qqap/artem-besedin-injury-update HTTP/1.1" 200 5906 "-" "Mozilla/5.0 (compatible; SemrushBot/7~bl; +http://www.semrush.com/bot.html)"
185.191.171.3 - - [01/Dec/2025:12:01:58 +0100] "GET /platby/72zbxoz/california-college-of-the-arts HTTP/1.1" 200 11750 "-" "Mozilla/5.0 (compatible; SemrushBot/7~bl; +http://www.semrush.com/bot.html)"
185.191.171.2 - - [01/Dec/2025:12:02:13 +0100] "GET /platby/uwoy9/groupon-spa-packages-near-me HTTP/1.1" 200 14009 "-" "Mozilla/5.0 (compatible; SemrushBot/7~bl; +http://www.semrush.com/bot.html)"
5.133.192.99 - - [01/Dec/2025:12:02:15 +0100] "\x16\x03\x01\x01\x18\x01" 403 265 "-" "-"
85.208.96.204 - - [01/Dec/2025:12:02:47 +0100] "GET /platby/hca/formula-grant-definition HTTP/1.1" 200 7388 "-" "Mozilla/5.0 (compatible; SemrushBot/7~bl; +http://www.semrush.com/bot.html)"
79.124.40.174 - - [01/Dec/2025:12:02:53 +0100] "\x16\x03\x01\x05\xa8\x01" 403 265 "-" "-"
160.119.152.26 - - [01/Dec/2025:12:02:53 +0100] "\x16\x03\x01" 403 265 "-" "-"
185.191.171.3 - - [01/Dec/2025:12:03:05 +0100] "GET /platby/uwoy9/weston-nurseries-plant-finder HTTP/1.1" 200 14100 "-" "Mozilla/5.0 (compatible; SemrushBot/7~bl; +http://www.semrush.com/bot.html)"
185.191.171.5 - - [01/Dec/2025:12:03:10 +0100] "GET /platby/qqap/oklahoma-panhandle-state-university-gpa-requirements HTTP/1.1" 200 6621 "-" "Mozilla/5.0 (compatible; SemrushBot/7~bl; +http://www.semrush.com/bot.html)"
