85.208.96.203 - - [01/Dec/2025:09:52:46 +0100] "GET /platby/qqap/drastic-ds-emulator-ocean-of-apk HTTP/1.1" 200 7962 "-" "Mozilla/5.0 (compatible; SemrushBot/7~bl; +http://www.semrush.com/bot.html)"
185.191.171.19 - - [01/Dec/2025:09:52:52 +0100] "GET /platby/aohwuyx/positive-effects-of-diversity-training HTTP/1.1" 200 12159 "-" "Mozilla/5.0 (compatible; SemrushBot/7~bl; +http://www.semrush.com/bot.html)"
85.208.96.197 - - [01/Dec/2025:09:53:10 +0100] "GET /platby/qqap/maths-paper-presentation HTTP/1.1" 200 11286 "-" "Mozilla/5.0 (compatible; SemrushBot/7~bl; +http://www.semrush.com/bot.html)"
85.208.96.202 - - [01/Dec/2025:09:53:57 +0100] "GET /platby/uwoy9/stay-with-me-drama-ending HTTP/1.1" 200 10744 "-" "Mozilla/5.0 (compatible; SemrushBot/7~bl; +http://www.semrush.com/bot.html)"
185.191.171.17 - - [01/Dec/2025:09:53:59 +0100] "GET /platby/qqap/best-film-cameras-for-beginners HTTP/1.1" 200 12194 "-" "Mozilla/5.0 (compatible; SemrushBot/7~bl; +http://www.semrush.com/bot.html)"
85.208.96.207 - - [01/Dec/2025:09:54:13 +0100] "GET /platby/qqap/university-of-maryland,-college-park-computer-science-ranking HTTP/1.1" 200 10614 "-" "Mozilla/5.0 (compatible; SemrushBot/7~bl; +http://www.semrush.com/bot.html)"
114.119.139.112 - - [01/Dec/2025:09:54:37 +0100] "GET /platby/uwoy9/c-execute-shell-command-and-get-output HTTP/1.1" 200 8555 "http://ispc.klape.eu/platby/uwoy9/c-execute-shell-command-and-get-output" "Mozilla/5.0 (Linux; Android 7.0;) AppleWebKit/537.36 (KHTML, like Gecko) Mobile Safari/537.36 (compatible; PetalBot;+https://webmaster.petalsearch.com/site/petalbot)"
185.191.171.5 - - [01/Dec/2025:09:54:58 +0100] "GET /robots.txt HTTP/1.1" 200 54 "-" "Mozilla/5.0 (compatible; SemrushBot/7~bl; +http://www.semrush.com/bot.html)"
185.191.171.1 - - [01/Dec/2025:09:54:58 +0100] "GET /platby/72zbxoz/taylor-swift-signature-font HTTP/1.1" 200 12983 "-" "Mozilla/5.0 (compatible; SemrushBot/7~bl; +http://www.semrush.com/bot.html)"
185.191.171.7 - - [01/Dec/2025:09:54:59 +0100] "GET /platby/uwoy9/preston-vanderslice-when-calls-the-heart HTTP/1.1" 200 13253 "-" "Mozilla/5.0 (compatible; SemrushBot/7~bl; +http://www.semrush.com/bot.html)"
185.191.171.7 - - [01/Dec/2025:09:55:01 +0100] "GET /platby/qqap/flagstaff-junior-academy HTTP/1.1" 200 6425 "-" "Mozilla/5.0 (compatible; SemrushBot/7~bl; +http://www.semrush.com/bot.html)"
185.191.171.1 - - [01/Dec/2025:09:55:07 +0100] "GET /platby/uwoy9/jordan-retro-5-'stealth-grade-school HTTP/1.1" 200 13269 "-" "Mozilla/5.0 (compatible; SemrushBot/7~bl; +http://www.semrush.com/bot.html)"
185.191.171.14 - - [01/Dec/2025:09:55:10 +0100] "GET /platby/72zbxoz/what-is-financial-institution HTTP/1.1" 200 8141 "-" "Mozilla/5.0 (compatible; SemrushBot/7~bl; +http://www.semrush.com/bot.html)"
85.208.96.201 - - [01/Dec/2025:09:55:28 +0100] "GET /platby/qqap/university-of-maryland-men's-swimming-roster HTTP/1.1" 200 8689 "-" "Mozilla/5.0 (compatible; SemrushBot/7~bl; +http://www.semrush.com/bot.html)"
85.208.96.201 - - [01/Dec/2025:09:55:35 +0100] "GET /platby/uwoy9/little-rock-crime-rate-ranking HTTP/1.1" 200 12915 "-" "Mozilla/5.0 (compatible; SemrushBot/7~bl; +http://www.semrush.com/bot.html)"
195.177.94.189 - - [01/Dec/2025:09:55:38 +0100] "GET /phpmyadmin/scripts/setup.php HTTP/1.1" 200 11106 "-" "Mozilla/4.0 (compatible; MSIE 6.0; MSIE 5.5; Windows NT 5.1) Opera 7.01 [en]"
195.177.94.189 - - [01/Dec/2025:09:55:38 +0100] "POST /phpmyadmin/scripts/setup.php HTTP/1.1" 200 18608 "http://109.105.49.240:8081/phpmyadmin/scripts/setup.php" "Mozilla/4.0 (compatible; MSIE 6.0; MSIE 5.5; Windows NT 5.1) Opera 7.01 [en]"
185.191.171.12 - - [01/Dec/2025:09:55:43 +0100] "GET /platby/qqap/when-a-guy-asks-if-you-need-anything HTTP/1.1" 200 14511 "-" "Mozilla/5.0 (compatible; SemrushBot/7~bl; +http://www.semrush.com/bot.html)"
85.208.96.198 - - [01/Dec/2025:09:55:45 +0100] "GET /platby/qqap/the-legend-of-zelda---spirit-tracks-rom HTTP/1.1" 200 9825 "-" "Mozilla/5.0 (compatible; SemrushBot/7~bl; +http://www.semrush.com/bot.html)"
85.208.96.198 - - [01/Dec/2025:09:55:48 +0100] "GET /platby/qqap/duluth-east-hockey-apparel HTTP/1.1" 200 12071 "-" "Mozilla/5.0 (compatible; SemrushBot/7~bl; +http://www.semrush.com/bot.html)"
85.208.96.210 - - [01/Dec/2025:09:56:34 +0100] "GET /platby/hca/what-is-another-word-for-great-achievement HTTP/1.1" 200 9240 "-" "Mozilla/5.0 (compatible; SemrushBot/7~bl; +http://www.semrush.com/bot.html)"
85.208.96.197 - - [01/Dec/2025:09:56:38 +0100] "GET /platby/hca/is-kate-walsh-married-2021 HTTP/1.1" 200 5347 "-" "Mozilla/5.0 (compatible; SemrushBot/7~bl; +http://www.semrush.com/bot.html)"
195.177.94.189 - - [01/Dec/2025:09:56:43 +0100] "GET /phpmyadmin/scripts/setup.php HTTP/1.1" 200 11105 "-" "Mozilla/4.0 (compatible; MSIE 6.0; MSIE 5.5; Windows NT 5.1) Opera 7.01 [en]"
195.177.94.189 - - [01/Dec/2025:09:56:44 +0100] "POST /phpmyadmin/scripts/setup.php HTTP/1.1" 200 18608 "http://109.105.49.240:443/phpmyadmin/scripts/setup.php" "Mozilla/4.0 (compatible; MSIE 6.0; MSIE 5.5; Windows NT 5.1) Opera 7.01 [en]"
85.208.96.193 - - [01/Dec/2025:09:56:46 +0100] "GET /platby/hca/while-listening-activities HTTP/1.1" 200 10919 "-" "Mozilla/5.0 (compatible; SemrushBot/7~bl; +http://www.semrush.com/bot.html)"
85.208.96.212 - - [01/Dec/2025:09:56:49 +0100] "GET /platby/aohwuyx/largest-solar-power-plant-in-asia HTTP/1.1" 200 8236 "-" "Mozilla/5.0 (compatible; SemrushBot/7~bl; +http://www.semrush.com/bot.html)"
85.208.96.195 - - [01/Dec/2025:09:56:51 +0100] "GET /platby/hca/fitness-definition-evolution HTTP/1.1" 200 6268 "-" "Mozilla/5.0 (compatible; SemrushBot/7~bl; +http://www.semrush.com/bot.html)"
185.191.171.15 - - [01/Dec/2025:09:57:10 +0100] "GET /platby/hca/confluence-attachments HTTP/1.1" 200 12226 "-" "Mozilla/5.0 (compatible; SemrushBot/7~bl; +http://www.semrush.com/bot.html)"
114.119.129.163 - - [01/Dec/2025:09:57:26 +0100] "GET /platby/article.php?5d4c26=what's-inside-youtube-play-button HTTP/1.1" 200 7080 "http://ispc.klape.eu/platby/article.php?5d4c26=tohmat-drama-story" "Mozilla/5.0 (Linux; Android 7.0;) AppleWebKit/537.36 (KHTML, like Gecko) Mobile Safari/537.36 (compatible; PetalBot;+https://webmaster.petalsearch.com/site/petalbot)"
85.208.96.200 - - [01/Dec/2025:09:57:43 +0100] "GET /platby/aohwuyx/glossier-alternatives HTTP/1.1" 200 7616 "-" "Mozilla/5.0 (compatible; SemrushBot/7~bl; +http://www.semrush.com/bot.html)"
185.191.171.6 - - [01/Dec/2025:09:57:53 +0100] "GET /platby/hca/what-restaurants-are-part-of-the-newport-restaurant-group HTTP/1.1" 200 10615 "-" "Mozilla/5.0 (compatible; SemrushBot/7~bl; +http://www.semrush.com/bot.html)"
85.208.96.209 - - [01/Dec/2025:09:58:08 +0100] "GET /platby/uwoy9/tony-bennett-basketball-coach HTTP/1.1" 200 11819 "-" "Mozilla/5.0 (compatible; SemrushBot/7~bl; +http://www.semrush.com/bot.html)"
185.191.171.5 - - [01/Dec/2025:09:58:40 +0100] "GET /platby/qqap/stinging-nettle-treatment HTTP/1.1" 200 10208 "-" "Mozilla/5.0 (compatible; SemrushBot/7~bl; +http://www.semrush.com/bot.html)"
85.208.96.200 - - [01/Dec/2025:09:58:48 +0100] "GET /platby/aohwuyx/scholarly-articles-on-diversity-and-inclusion HTTP/1.1" 200 15823 "-" "Mozilla/5.0 (compatible; SemrushBot/7~bl; +http://www.semrush.com/bot.html)"
185.191.171.13 - - [01/Dec/2025:09:59:06 +0100] "GET /platby/aohwuyx/need-for-speed:-prostreet HTTP/1.1" 200 10188 "-" "Mozilla/5.0 (compatible; SemrushBot/7~bl; +http://www.semrush.com/bot.html)"
85.208.96.203 - - [01/Dec/2025:09:59:25 +0100] "GET /platby/uwoy9/being-present-meditation-script HTTP/1.1" 200 8222 "-" "Mozilla/5.0 (compatible; SemrushBot/7~bl; +http://www.semrush.com/bot.html)"
185.191.171.16 - - [01/Dec/2025:09:59:27 +0100] "GET /platby/hca/bitbucket-release-management HTTP/1.1" 200 12413 "-" "Mozilla/5.0 (compatible; SemrushBot/7~bl; +http://www.semrush.com/bot.html)"
185.191.171.5 - - [01/Dec/2025:09:59:36 +0100] "GET /platby/hca/engineering-mechanics-statics-meriam-solutions HTTP/1.1" 200 7885 "-" "Mozilla/5.0 (compatible; SemrushBot/7~bl; +http://www.semrush.com/bot.html)"
185.191.171.6 - - [01/Dec/2025:09:59:37 +0100] "GET /platby/hca/teams-view-only-access HTTP/1.1" 200 11267 "-" "Mozilla/5.0 (compatible; SemrushBot/7~bl; +http://www.semrush.com/bot.html)"
185.191.171.5 - - [01/Dec/2025:09:59:44 +0100] "GET /platby/72zbxoz/active-listening-for-kids HTTP/1.1" 200 8987 "-" "Mozilla/5.0 (compatible; SemrushBot/7~bl; +http://www.semrush.com/bot.html)"
185.191.171.16 - - [01/Dec/2025:09:59:46 +0100] "GET /platby/aohwuyx/tiege-hanley-malaysia HTTP/1.1" 200 11898 "-" "Mozilla/5.0 (compatible; SemrushBot/7~bl; +http://www.semrush.com/bot.html)"
85.208.96.206 - - [01/Dec/2025:09:59:54 +0100] "GET /platby/qqap/titans-released-players-2021 HTTP/1.1" 200 12845 "-" "Mozilla/5.0 (compatible; SemrushBot/7~bl; +http://www.semrush.com/bot.html)"
85.208.96.195 - - [01/Dec/2025:10:00:11 +0100] "GET /platby/uwoy9/holmes-osborne-kansas-city HTTP/1.1" 200 12465 "-" "Mozilla/5.0 (compatible; SemrushBot/7~bl; +http://www.semrush.com/bot.html)"
114.119.129.163 - - [01/Dec/2025:10:00:11 +0100] "GET /platby/article.php?5d4c26=%2B-18moreTakeoutStreet-Box,-Bluerapa,-and-more HTTP/1.1" 200 6659 "http://ispc.klape.eu/platby/article.php?5d4c26=how-to-pronounce-bedazzle" "Mozilla/5.0 (Linux; Android 7.0;) AppleWebKit/537.36 (KHTML, like Gecko) Mobile Safari/537.36 (compatible; PetalBot;+https://webmaster.petalsearch.com/site/petalbot)"
204.76.203.206 - - [01/Dec/2025:10:00:45 +0100] "GET /" 400 468 "-" "-"
185.191.171.11 - - [01/Dec/2025:10:00:52 +0100] "GET /platby/uwoy9/providence-health-insurance-phone-number HTTP/1.1" 200 9268 "-" "Mozilla/5.0 (compatible; SemrushBot/7~bl; +http://www.semrush.com/bot.html)"
185.191.171.5 - - [01/Dec/2025:10:00:59 +0100] "GET /platby/aohwuyx/rapid-city,-south-dakota HTTP/1.1" 200 6643 "-" "Mozilla/5.0 (compatible; SemrushBot/7~bl; +http://www.semrush.com/bot.html)"
85.208.96.196 - - [01/Dec/2025:10:01:02 +0100] "GET /platby/aohwuyx/what-breaks-down-fat-in-the-body HTTP/1.1" 200 14459 "-" "Mozilla/5.0 (compatible; SemrushBot/7~bl; +http://www.semrush.com/bot.html)"
85.208.96.207 - - [01/Dec/2025:10:01:07 +0100] "GET /platby/qqap/magic-mountain-roller-coasters HTTP/1.1" 200 10102 "-" "Mozilla/5.0 (compatible; SemrushBot/7~bl; +http://www.semrush.com/bot.html)"
85.208.96.206 - - [01/Dec/2025:10:01:32 +0100] "GET /platby/aohwuyx/oppo-a15-message-center-number HTTP/1.1" 200 10027 "-" "Mozilla/5.0 (compatible; SemrushBot/7~bl; +http://www.semrush.com/bot.html)"
185.191.171.2 - - [01/Dec/2025:10:01:44 +0100] "GET /platby/uwoy9/confluence-regulatory-reporting HTTP/1.1" 200 10577 "-" "Mozilla/5.0 (compatible; SemrushBot/7~bl; +http://www.semrush.com/bot.html)"
204.76.203.206 - - [01/Dec/2025:10:01:51 +0100] "GET / HTTP/1.1" 200 316 "-" "Mozilla/5.0 (Windows NT 10.0; Win64; x64) AppleWebKit/537.36 (KHTML, like Gecko) Chrome/90.0.4430.85 Safari/537.36 Edg/90.0.818.46"
185.191.171.7 - - [01/Dec/2025:10:02:00 +0100] "GET /platby/aohwuyx/when-do-ducks-start-laying-eggs-in-the-spring HTTP/1.1" 200 9592 "-" "Mozilla/5.0 (compatible; SemrushBot/7~bl; +http://www.semrush.com/bot.html)"
185.191.171.4 - - [01/Dec/2025:10:02:18 +0100] "GET /platby/aohwuyx/baseball-live-scores-cpbl HTTP/1.1" 200 11744 "-" "Mozilla/5.0 (compatible; SemrushBot/7~bl; +http://www.semrush.com/bot.html)"
46.101.114.136 - - [01/Dec/2025:10:02:42 +0100] "\x16\x03\x01\x01$\x01" 403 265 "-" "-"
114.119.139.112 - - [01/Dec/2025:10:02:59 +0100] "GET /platby/qqap/when-do-baby-pigeons-leave-the-nest-uk HTTP/1.1" 200 6623 "http://ispc.klape.eu/platby/qqap/restaurants-in-silver-spring-with-outdoor-seating" "Mozilla/5.0 (Linux; Android 7.0;) AppleWebKit/537.36 (KHTML, like Gecko) Mobile Safari/537.36 (compatible; PetalBot;+https://webmaster.petalsearch.com/site/petalbot)"
185.191.171.3 - - [01/Dec/2025:10:03:02 +0100] "GET /platby/aohwuyx/qemu-system-arm-options HTTP/1.1" 200 13216 "-" "Mozilla/5.0 (compatible; SemrushBot/7~bl; +http://www.semrush.com/bot.html)"
85.208.96.204 - - [01/Dec/2025:10:03:07 +0100] "GET /platby/qqap/female-football-league-near-me HTTP/1.1" 200 5718 "-" "Mozilla/5.0 (compatible; SemrushBot/7~bl; +http://www.semrush.com/bot.html)"
85.208.96.197 - - [01/Dec/2025:10:03:12 +0100] "GET /platby/qqap/elizabeth-line-opening-date HTTP/1.1" 200 11227 "-" "Mozilla/5.0 (compatible; SemrushBot/7~bl; +http://www.semrush.com/bot.html)"
185.191.171.8 - - [01/Dec/2025:10:03:20 +0100] "GET /platby/72zbxoz/from-a-railway-carriage HTTP/1.1" 200 11303 "-" "Mozilla/5.0 (compatible; SemrushBot/7~bl; +http://www.semrush.com/bot.html)"
3.224.215.150 - - [01/Dec/2025:10:03:31 +0100] "GET /platby/uwoy9/quality-sentence-for-class-2 HTTP/1.1" 200 13122 "-" "Mozilla/5.0 AppleWebKit/537.36 (KHTML, like Gecko; compatible; Amazonbot/0.1; +https://developer.amazon.com/support/amazonbot) Chrome/119.0.6045.214 Safari/537.36"
18.214.124.6 - - [01/Dec/2025:10:03:34 +0100] "GET /platby/uwoy9/daejeon-world-cup-stadium HTTP/1.1" 200 13182 "-" "Mozilla/5.0 AppleWebKit/537.36 (KHTML, like Gecko; compatible; Amazonbot/0.1; +https://developer.amazon.com/support/amazonbot) Chrome/119.0.6045.214 Safari/537.36"
85.208.96.200 - - [01/Dec/2025:10:03:38 +0100] "GET /platby/72zbxoz/when-sophie-gets-angry-worksheets HTTP/1.1" 200 7651 "-" "Mozilla/5.0 (compatible; SemrushBot/7~bl; +http://www.semrush.com/bot.html)"
54.144.185.255 - - [01/Dec/2025:10:03:39 +0100] "GET /platby/uwoy9/mikkelin-palloilijat-fc-table HTTP/1.1" 200 10027 "-" "Mozilla/5.0 AppleWebKit/537.36 (KHTML, like Gecko; compatible; Amazonbot/0.1; +https://developer.amazon.com/support/amazonbot) Chrome/119.0.6045.214 Safari/537.36"
18.235.81.246 - - [01/Dec/2025:10:03:42 +0100] "GET /platby/uwoy9/evergreen-ornamental-grasses-uk HTTP/1.1" 200 15198 "-" "Mozilla/5.0 AppleWebKit/537.36 (KHTML, like Gecko; compatible; Amazonbot/0.1; +https://developer.amazon.com/support/amazonbot) Chrome/119.0.6045.214 Safari/537.36"
185.191.171.13 - - [01/Dec/2025:10:03:43 +0100] "GET /platby/hca/cheap-lb-fifa-21-career-mode HTTP/1.1" 200 7305 "-" "Mozilla/5.0 (compatible; SemrushBot/7~bl; +http://www.semrush.com/bot.html)"
185.191.171.18 - - [01/Dec/2025:10:03:44 +0100] "GET /platby/qqap/persistent-cookie-vulnerability HTTP/1.1" 200 8698 "-" "Mozilla/5.0 (compatible; SemrushBot/7~bl; +http://www.semrush.com/bot.html)"
185.191.171.12 - - [01/Dec/2025:10:03:46 +0100] "GET /platby/aohwuyx/listening-for-detailed-understanding HTTP/1.1" 200 12038 "-" "Mozilla/5.0 (compatible; SemrushBot/7~bl; +http://www.semrush.com/bot.html)"
35.174.141.243 - - [01/Dec/2025:10:03:46 +0100] "GET /platby/uwoy9/where-to-donate-children's-books-near-me HTTP/1.1" 200 13089 "-" "Mozilla/5.0 AppleWebKit/537.36 (KHTML, like Gecko; compatible; Amazonbot/0.1; +https://developer.amazon.com/support/amazonbot) Chrome/119.0.6045.214 Safari/537.36"
23.21.250.48 - - [01/Dec/2025:10:03:51 +0100] "GET /platby/uwoy9/can't-take-that-away-from-me-mariah-carey HTTP/1.1" 200 10444 "-" "Mozilla/5.0 AppleWebKit/537.36 (KHTML, like Gecko; compatible; Amazonbot/0.1; +https://developer.amazon.com/support/amazonbot) Chrome/119.0.6045.214 Safari/537.36"
185.191.171.3 - - [01/Dec/2025:10:03:55 +0100] "GET /platby/qqap/teaching-your-child-to-identify-and-express-emotions-pdf HTTP/1.1" 200 10364 "-" "Mozilla/5.0 (compatible; SemrushBot/7~bl; +http://www.semrush.com/bot.html)"
85.208.96.197 - - [01/Dec/2025:10:04:36 +0100] "GET /platby/uwoy9/california-education-code-teacher-responsibilities HTTP/1.1" 200 14953 "-" "Mozilla/5.0 (compatible; SemrushBot/7~bl; +http://www.semrush.com/bot.html)"
185.191.171.10 - - [01/Dec/2025:10:04:38 +0100] "GET /platby/aohwuyx/aerospace-engineering-salary-in-south-africa HTTP/1.1" 200 9981 "-" "Mozilla/5.0 (compatible; SemrushBot/7~bl; +http://www.semrush.com/bot.html)"
85.208.96.195 - - [01/Dec/2025:10:05:06 +0100] "GET /platby/aohwuyx/vocational-school-in-germany HTTP/1.1" 200 8263 "-" "Mozilla/5.0 (compatible; SemrushBot/7~bl; +http://www.semrush.com/bot.html)"
180.194.31.23 - - [01/Dec/2025:10:05:07 +0100] "\x16\x03\x01\x01\xb8\x01" 403 265 "-" "-"
180.194.31.23 - - [01/Dec/2025:10:05:07 +0100] "\x16\x03\x03" 403 265 "-" "-"
180.194.31.23 - - [01/Dec/2025:10:05:14 +0100] "\x16\x03\x01\x01\xb9\x01" 403 265 "-" "-"
185.191.171.3 - - [01/Dec/2025:10:05:14 +0100] "GET /platby/aohwuyx/glenn-gordon-caron-first-wife HTTP/1.1" 200 8942 "-" "Mozilla/5.0 (compatible; SemrushBot/7~bl; +http://www.semrush.com/bot.html)"
180.194.31.23 - - [01/Dec/2025:10:05:15 +0100] "\x16\x03\x03" 403 265 "-" "-"
180.194.31.23 - - [01/Dec/2025:10:05:15 +0100] "\x16\x03\x01\x01\xb8\x01" 403 265 "-" "-"
185.191.171.6 - - [01/Dec/2025:10:05:16 +0100] "GET /platby/aohwuyx/spanish-slang-urban-dictionary HTTP/1.1" 200 13145 "-" "Mozilla/5.0 (compatible; SemrushBot/7~bl; +http://www.semrush.com/bot.html)"
180.194.31.23 - - [01/Dec/2025:10:05:16 +0100] "\x16\x03\x03" 403 265 "-" "-"
180.194.31.23 - - [01/Dec/2025:10:05:17 +0100] "\x16\x03\x01\x01\xb8\x01" 403 265 "-" "-"
180.194.31.23 - - [01/Dec/2025:10:05:17 +0100] "\x16\x03\x03" 403 265 "-" "-"
85.208.96.206 - - [01/Dec/2025:10:05:28 +0100] "GET /platby/hca/laravel-check-if-session-exists HTTP/1.1" 200 10921 "-" "Mozilla/5.0 (compatible; SemrushBot/7~bl; +http://www.semrush.com/bot.html)"
185.191.171.2 - - [01/Dec/2025:10:05:48 +0100] "GET /platby/uwoy9/hotels-with-jacuzzi-in-room-hershey,-pa HTTP/1.1" 200 8249 "-" "Mozilla/5.0 (compatible; SemrushBot/7~bl; +http://www.semrush.com/bot.html)"
114.119.139.112 - - [01/Dec/2025:10:05:48 +0100] "GET /platby/uwoy9/department-of-health-and-human-services-seal HTTP/1.1" 200 8436 "http://ispc.klape.eu/platby/uwoy9/how-to-pronounce-birthday-in-american-accent" "Mozilla/5.0 (Linux; Android 7.0;) AppleWebKit/537.36 (KHTML, like Gecko) Mobile Safari/537.36 (compatible; PetalBot;+https://webmaster.petalsearch.com/site/petalbot)"
14.195.181.10 - - [01/Dec/2025:10:05:50 +0100] "\x16\x03\x01\x01\xb4\x01" 403 265 "-" "-"
14.195.181.10 - - [01/Dec/2025:10:05:50 +0100] "\x16\x03\x03" 403 265 "-" "-"
85.208.96.206 - - [01/Dec/2025:10:06:34 +0100] "GET /platby/qqap/lgbtq-resource-center HTTP/1.1" 200 8497 "-" "Mozilla/5.0 (compatible; SemrushBot/7~bl; +http://www.semrush.com/bot.html)"
85.208.96.206 - - [01/Dec/2025:10:06:36 +0100] "GET /platby/qqap/consuelo-vanderbilt-neck HTTP/1.1" 200 9940 "-" "Mozilla/5.0 (compatible; SemrushBot/7~bl; +http://www.semrush.com/bot.html)"
185.191.171.13 - - [01/Dec/2025:10:06:49 +0100] "GET /platby/hca/princeton-basketball-camp-2021 HTTP/1.1" 200 12973 "-" "Mozilla/5.0 (compatible; SemrushBot/7~bl; +http://www.semrush.com/bot.html)"
85.208.96.204 - - [01/Dec/2025:10:06:53 +0100] "GET /platby/aohwuyx/kottakkal-medicine-for-insomnia HTTP/1.1" 200 11581 "-" "Mozilla/5.0 (compatible; SemrushBot/7~bl; +http://www.semrush.com/bot.html)"
85.208.96.194 - - [01/Dec/2025:10:07:19 +0100] "GET /platby/aohwuyx/sioux-falls-football-roster HTTP/1.1" 200 12934 "-" "Mozilla/5.0 (compatible; SemrushBot/7~bl; +http://www.semrush.com/bot.html)"
185.191.171.4 - - [01/Dec/2025:10:07:24 +0100] "GET /platby/hca/kevin-durant-kobe-bryant HTTP/1.1" 200 6375 "-" "Mozilla/5.0 (compatible; SemrushBot/7~bl; +http://www.semrush.com/bot.html)"
185.191.171.15 - - [01/Dec/2025:10:07:40 +0100] "GET /platby/aohwuyx/racing-simulator-seat HTTP/1.1" 200 14127 "-" "Mozilla/5.0 (compatible; SemrushBot/7~bl; +http://www.semrush.com/bot.html)"
85.208.96.211 - - [01/Dec/2025:10:07:44 +0100] "GET /platby/qqap/heaven-forbid-sentence HTTP/1.1" 200 10925 "-" "Mozilla/5.0 (compatible; SemrushBot/7~bl; +http://www.semrush.com/bot.html)"
85.208.96.198 - - [01/Dec/2025:10:07:55 +0100] "GET /platby/uwoy9/techniques-in-teaching-fiction HTTP/1.1" 200 10390 "-" "Mozilla/5.0 (compatible; SemrushBot/7~bl; +http://www.semrush.com/bot.html)"
185.191.171.14 - - [01/Dec/2025:10:08:02 +0100] "GET /platby/72zbxoz/best-costume-jewelry-websites HTTP/1.1" 200 10048 "-" "Mozilla/5.0 (compatible; SemrushBot/7~bl; +http://www.semrush.com/bot.html)"
180.194.31.23 - - [01/Dec/2025:10:08:03 +0100] "\x16\x03\x01\x01\xca\x01" 403 265 "-" "-"
180.194.31.23 - - [01/Dec/2025:10:08:04 +0100] "\x16\x03\x03" 403 265 "-" "-"
85.208.96.202 - - [01/Dec/2025:10:08:04 +0100] "GET /platby/qqap/brown-leather-jacket-men's HTTP/1.1" 200 8606 "-" "Mozilla/5.0 (compatible; SemrushBot/7~bl; +http://www.semrush.com/bot.html)"
180.194.31.23 - - [01/Dec/2025:10:08:05 +0100] "\x16\x03\x01\x01\xca\x01" 403 265 "-" "-"
180.194.31.23 - - [01/Dec/2025:10:08:05 +0100] "\x16\x03\x03" 403 265 "-" "-"
172.233.195.21 - - [01/Dec/2025:10:08:06 +0100] "\x16\x03\x01\x01X\x01" 403 265 "-" "-"
85.208.96.198 - - [01/Dec/2025:10:08:20 +0100] "GET /platby/72zbxoz/fillmore-east-address HTTP/1.1" 200 14422 "-" "Mozilla/5.0 (compatible; SemrushBot/7~bl; +http://www.semrush.com/bot.html)"
13.42.10.176 - - [01/Dec/2025:10:08:35 +0100] "\x16\x03\x01\x02" 403 265 "-" "-"
114.119.128.6 - - [01/Dec/2025:10:08:36 +0100] "GET /platby/qqap/sony-str-dh190-connect-to-tv HTTP/1.1" 200 12109 "http://ispc.klape.eu/platby/qqap/sony-str-dh190-connect-to-tv" "Mozilla/5.0 (Linux; Android 7.0;) AppleWebKit/537.36 (KHTML, like Gecko) Mobile Safari/537.36 (compatible; PetalBot;+https://webmaster.petalsearch.com/site/petalbot)"
85.208.96.212 - - [01/Dec/2025:10:08:52 +0100] "GET /platby/aohwuyx/don't-feed-ducks-bread-sign HTTP/1.1" 200 9862 "-" "Mozilla/5.0 (compatible; SemrushBot/7~bl; +http://www.semrush.com/bot.html)"
185.191.171.14 - - [01/Dec/2025:10:09:11 +0100] "GET /platby/uwoy9/jordan-1-mid-banned-release-2020 HTTP/1.1" 200 11721 "-" "Mozilla/5.0 (compatible; SemrushBot/7~bl; +http://www.semrush.com/bot.html)"
185.191.171.3 - - [01/Dec/2025:10:09:33 +0100] "GET /platby/aohwuyx/victor-webster-shantel-vansanten HTTP/1.1" 200 11343 "-" "Mozilla/5.0 (compatible; SemrushBot/7~bl; +http://www.semrush.com/bot.html)"
185.191.171.12 - - [01/Dec/2025:10:09:35 +0100] "GET /platby/hca/what-rhymes-with-forever HTTP/1.1" 200 6337 "-" "Mozilla/5.0 (compatible; SemrushBot/7~bl; +http://www.semrush.com/bot.html)"
85.208.96.209 - - [01/Dec/2025:10:10:00 +0100] "GET /platby/hca/bowmar-nutrition-weight-loss HTTP/1.1" 200 12009 "-" "Mozilla/5.0 (compatible; SemrushBot/7~bl; +http://www.semrush.com/bot.html)"
185.191.171.13 - - [01/Dec/2025:10:10:21 +0100] "GET /platby/qqap/mechanical-energy-for-kids HTTP/1.1" 200 6797 "-" "Mozilla/5.0 (compatible; SemrushBot/7~bl; +http://www.semrush.com/bot.html)"
185.191.171.5 - - [01/Dec/2025:10:10:31 +0100] "GET /platby/qqap/3840x2160-monitor-240hz HTTP/1.1" 200 13630 "-" "Mozilla/5.0 (compatible; SemrushBot/7~bl; +http://www.semrush.com/bot.html)"
185.191.171.19 - - [01/Dec/2025:10:10:33 +0100] "GET /platby/hca/belgium-league-2020-2021-fixtures HTTP/1.1" 200 6145 "-" "Mozilla/5.0 (compatible; SemrushBot/7~bl; +http://www.semrush.com/bot.html)"
185.191.171.19 - - [01/Dec/2025:10:10:56 +0100] "GET /platby/aohwuyx/common-blue-violet-facts HTTP/1.1" 200 10230 "-" "Mozilla/5.0 (compatible; SemrushBot/7~bl; +http://www.semrush.com/bot.html)"
185.191.171.1 - - [01/Dec/2025:10:11:18 +0100] "GET /platby/aohwuyx/steve-smith-basketball-net-worth HTTP/1.1" 200 15327 "-" "Mozilla/5.0 (compatible; SemrushBot/7~bl; +http://www.semrush.com/bot.html)"
114.119.128.6 - - [01/Dec/2025:10:11:25 +0100] "GET /platby/hca/trent-alexander-arnold-age HTTP/1.1" 200 8191 "http://ispc.klape.eu/platby/hca/left-footed-premier-league-players-2021" "Mozilla/5.0 (Linux; Android 7.0;) AppleWebKit/537.36 (KHTML, like Gecko) Mobile Safari/537.36 (compatible; PetalBot;+https://webmaster.petalsearch.com/site/petalbot)"
185.191.171.15 - - [01/Dec/2025:10:11:26 +0100] "GET /platby/aohwuyx/alcides-escobar-japan HTTP/1.1" 200 7820 "-" "Mozilla/5.0 (compatible; SemrushBot/7~bl; +http://www.semrush.com/bot.html)"
85.208.96.210 - - [01/Dec/2025:10:11:29 +0100] "GET /platby/hca/ultimate-guitar-not-working-on-ipad HTTP/1.1" 200 12356 "-" "Mozilla/5.0 (compatible; SemrushBot/7~bl; +http://www.semrush.com/bot.html)"
85.208.96.195 - - [01/Dec/2025:10:11:38 +0100] "GET /platby/qqap/newport-mansions-for-sale HTTP/1.1" 200 7520 "-" "Mozilla/5.0 (compatible; SemrushBot/7~bl; +http://www.semrush.com/bot.html)"
185.191.171.8 - - [01/Dec/2025:10:11:49 +0100] "GET /platby/hca/kevin-matthews-tulsa-attorney HTTP/1.1" 200 9592 "-" "Mozilla/5.0 (compatible; SemrushBot/7~bl; +http://www.semrush.com/bot.html)"
85.208.96.194 - - [01/Dec/2025:10:12:03 +0100] "GET /platby/qqap/hunter-college-directory HTTP/1.1" 200 10960 "-" "Mozilla/5.0 (compatible; SemrushBot/7~bl; +http://www.semrush.com/bot.html)"
85.208.96.205 - - [01/Dec/2025:10:12:14 +0100] "GET /platby/aohwuyx/queens-metropolitan-high-school-zone HTTP/1.1" 200 15273 "-" "Mozilla/5.0 (compatible; SemrushBot/7~bl; +http://www.semrush.com/bot.html)"
185.191.171.2 - - [01/Dec/2025:10:12:22 +0100] "GET /platby/qqap/graphic-design-in-different-languages HTTP/1.1" 200 8788 "-" "Mozilla/5.0 (compatible; SemrushBot/7~bl; +http://www.semrush.com/bot.html)"
185.191.171.11 - - [01/Dec/2025:10:12:36 +0100] "GET /platby/qqap/fallout-76-settlers-reputation-levels HTTP/1.1" 200 9401 "-" "Mozilla/5.0 (compatible; SemrushBot/7~bl; +http://www.semrush.com/bot.html)"
85.208.96.210 - - [01/Dec/2025:10:13:11 +0100] "GET /platby/72zbxoz/house-of-representatives-requirements HTTP/1.1" 200 13133 "-" "Mozilla/5.0 (compatible; SemrushBot/7~bl; +http://www.semrush.com/bot.html)"
185.191.171.18 - - [01/Dec/2025:10:13:20 +0100] "GET /platby/uwoy9/confluence-table-of-contents-zone HTTP/1.1" 200 15393 "-" "Mozilla/5.0 (compatible; SemrushBot/7~bl; +http://www.semrush.com/bot.html)"
20.168.12.169 - - [01/Dec/2025:10:13:22 +0100] "\x16\x03\x01" 403 265 "-" "-"
85.208.96.195 - - [01/Dec/2025:10:13:51 +0100] "GET /platby/hca/how-many-rolex-authorized-dealers-in-the-world HTTP/1.1" 200 7499 "-" "Mozilla/5.0 (compatible; SemrushBot/7~bl; +http://www.semrush.com/bot.html)"
185.191.171.14 - - [01/Dec/2025:10:13:56 +0100] "GET /platby/uwoy9/jackie-chan-adventures-characters HTTP/1.1" 200 12073 "-" "Mozilla/5.0 (compatible; SemrushBot/7~bl; +http://www.semrush.com/bot.html)"
114.119.139.112 - - [01/Dec/2025:10:14:13 +0100] "GET /platby/hca/st-lawrence-convent-school-geeta-colony-fee-structure HTTP/1.1" 200 13743 "http://ispc.klape.eu/platby/hca/st-lawrence-convent-school-geeta-colony-fee-structure" "Mozilla/5.0 (Linux; Android 7.0;) AppleWebKit/537.36 (KHTML, like Gecko) Mobile Safari/537.36 (compatible; PetalBot;+https://webmaster.petalsearch.com/site/petalbot)"
85.208.96.197 - - [01/Dec/2025:10:14:20 +0100] "GET /platby/uwoy9/courtyard-by-marriott-reading-wyomissing HTTP/1.1" 200 10501 "-" "Mozilla/5.0 (compatible; SemrushBot/7~bl; +http://www.semrush.com/bot.html)"
204.76.203.212 - - [01/Dec/2025:10:14:26 +0100] "GET /" 400 468 "-" "-"
85.208.96.204 - - [01/Dec/2025:10:14:32 +0100] "GET /platby/aohwuyx/missouri-executive-order-20-04 HTTP/1.1" 200 8575 "-" "Mozilla/5.0 (compatible; SemrushBot/7~bl; +http://www.semrush.com/bot.html)"
85.208.96.201 - - [01/Dec/2025:10:14:34 +0100] "GET /platby/hca/miniature-american-paint-horse HTTP/1.1" 200 5852 "-" "Mozilla/5.0 (compatible; SemrushBot/7~bl; +http://www.semrush.com/bot.html)"
185.191.171.10 - - [01/Dec/2025:10:14:35 +0100] "GET /platby/72zbxoz/powershell-in-command-prompt HTTP/1.1" 200 9253 "-" "Mozilla/5.0 (compatible; SemrushBot/7~bl; +http://www.semrush.com/bot.html)"
185.191.171.10 - - [01/Dec/2025:10:14:56 +0100] "GET /platby/aohwuyx/broncos-leading-receivers-2020 HTTP/1.1" 200 11294 "-" "Mozilla/5.0 (compatible; SemrushBot/7~bl; +http://www.semrush.com/bot.html)"
185.191.171.10 - - [01/Dec/2025:10:15:10 +0100] "GET /platby/uwoy9/spion-kop-hike-difficulty HTTP/1.1" 200 9858 "-" "Mozilla/5.0 (compatible; SemrushBot/7~bl; +http://www.semrush.com/bot.html)"
185.191.171.18 - - [01/Dec/2025:10:15:39 +0100] "GET /platby/72zbxoz/more-pandemics-in-future HTTP/1.1" 200 11299 "-" "Mozilla/5.0 (compatible; SemrushBot/7~bl; +http://www.semrush.com/bot.html)"
185.191.171.9 - - [01/Dec/2025:10:15:44 +0100] "GET /platby/72zbxoz/haldimand-tract-waterloo HTTP/1.1" 200 9904 "-" "Mozilla/5.0 (compatible; SemrushBot/7~bl; +http://www.semrush.com/bot.html)"
85.208.96.203 - - [01/Dec/2025:10:15:46 +0100] "GET /platby/aohwuyx/fnf-test-corrupted-skid-and-pump HTTP/1.1" 200 12357 "-" "Mozilla/5.0 (compatible; SemrushBot/7~bl; +http://www.semrush.com/bot.html)"
184.105.247.252 - - [01/Dec/2025:10:15:52 +0100] "GET /" 400 468 "-" "-"
185.191.171.16 - - [01/Dec/2025:10:16:01 +0100] "GET /platby/aohwuyx/canberra-olympic-football-club HTTP/1.1" 200 10763 "-" "Mozilla/5.0 (compatible; SemrushBot/7~bl; +http://www.semrush.com/bot.html)"
185.191.171.10 - - [01/Dec/2025:10:16:18 +0100] "GET /platby/72zbxoz/adam-coon-olympics-2021 HTTP/1.1" 200 10800 "-" "Mozilla/5.0 (compatible; SemrushBot/7~bl; +http://www.semrush.com/bot.html)"
185.191.171.13 - - [01/Dec/2025:10:16:20 +0100] "GET /platby/qqap/my-blue-heaven-and-goodfellas HTTP/1.1" 200 9895 "-" "Mozilla/5.0 (compatible; SemrushBot/7~bl; +http://www.semrush.com/bot.html)"
185.191.171.16 - - [01/Dec/2025:10:16:40 +0100] "GET /platby/72zbxoz/the-voice-spain-judges-2020 HTTP/1.1" 200 13357 "-" "Mozilla/5.0 (compatible; SemrushBot/7~bl; +http://www.semrush.com/bot.html)"
95.214.54.147 - - [01/Dec/2025:10:16:44 +0100] "GET /" 400 468 "-" "-"
172.234.151.239 - - [01/Dec/2025:10:16:51 +0100] "\x16\x03\x01\x01X\x01" 403 265 "-" "-"
185.191.171.15 - - [01/Dec/2025:10:16:53 +0100] "GET /platby/aohwuyx/equality,-diversity-and-inclusion-toolkit HTTP/1.1" 200 9954 "-" "Mozilla/5.0 (compatible; SemrushBot/7~bl; +http://www.semrush.com/bot.html)"
185.191.171.5 - - [01/Dec/2025:10:16:55 +0100] "GET /platby/72zbxoz/netherlands-university-ranking HTTP/1.1" 200 9937 "-" "Mozilla/5.0 (compatible; SemrushBot/7~bl; +http://www.semrush.com/bot.html)"
114.119.139.66 - - [01/Dec/2025:10:17:02 +0100] "GET /platby/uwoy9/can-you-work-in-childcare-with-a-criminal-record HTTP/1.1" 200 12613 "http://ispc.klape.eu/platby/uwoy9/peoria-unified-school-district-last-day-of-school-2021" "Mozilla/5.0 (Linux; Android 7.0;) AppleWebKit/537.36 (KHTML, like Gecko) Mobile Safari/537.36 (compatible; PetalBot;+https://webmaster.petalsearch.com/site/petalbot)"
85.208.96.195 - - [01/Dec/2025:10:17:27 +0100] "GET /robots.txt HTTP/1.1" 200 54 "-" "Mozilla/5.0 (compatible; SemrushBot/7~bl; +http://www.semrush.com/bot.html)"
85.208.96.206 - - [01/Dec/2025:10:17:28 +0100] "GET /platby/72zbxoz/seemore-center-shaft-putter-cover HTTP/1.1" 200 15182 "-" "Mozilla/5.0 (compatible; SemrushBot/7~bl; +http://www.semrush.com/bot.html)"
85.208.96.195 - - [01/Dec/2025:10:18:11 +0100] "GET /platby/aohwuyx/pulaski-county-building-permits HTTP/1.1" 200 10522 "-" "Mozilla/5.0 (compatible; SemrushBot/7~bl; +http://www.semrush.com/bot.html)"
185.191.171.18 - - [01/Dec/2025:10:18:22 +0100] "GET /platby/uwoy9/fingerprint-sensor-calibration-needed-a30s HTTP/1.1" 200 9754 "-" "Mozilla/5.0 (compatible; SemrushBot/7~bl; +http://www.semrush.com/bot.html)"
185.191.171.2 - - [01/Dec/2025:10:18:34 +0100] "GET /platby/hca/lesser-whistling-duck HTTP/1.1" 200 9259 "-" "Mozilla/5.0 (compatible; SemrushBot/7~bl; +http://www.semrush.com/bot.html)"
185.191.171.6 - - [01/Dec/2025:10:18:38 +0100] "GET /platby/qqap/in-the-realm-of-hungry-ghosts-citation HTTP/1.1" 200 11536 "-" "Mozilla/5.0 (compatible; SemrushBot/7~bl; +http://www.semrush.com/bot.html)"
85.208.96.204 - - [01/Dec/2025:10:18:42 +0100] "GET /platby/aohwuyx/jeff-smith-world's-smallest-house HTTP/1.1" 200 13015 "-" "Mozilla/5.0 (compatible; SemrushBot/7~bl; +http://www.semrush.com/bot.html)"
85.208.96.196 - - [01/Dec/2025:10:18:43 +0100] "GET /platby/72zbxoz/ottawa-university-jobs HTTP/1.1" 200 13239 "-" "Mozilla/5.0 (compatible; SemrushBot/7~bl; +http://www.semrush.com/bot.html)"
185.191.171.6 - - [01/Dec/2025:10:19:11 +0100] "GET /platby/qqap/subordinate-ideas-in-a-sentence HTTP/1.1" 200 10643 "-" "Mozilla/5.0 (compatible; SemrushBot/7~bl; +http://www.semrush.com/bot.html)"
185.191.171.2 - - [01/Dec/2025:10:19:22 +0100] "GET /platby/qqap/st-aloysius-reconciliation HTTP/1.1" 200 12425 "-" "Mozilla/5.0 (compatible; SemrushBot/7~bl; +http://www.semrush.com/bot.html)"
114.216.81.156 - - [01/Dec/2025:10:19:25 +0100] "\x16\x03\x01\x02" 403 265 "-" "-"
114.216.81.156 - - [01/Dec/2025:10:19:26 +0100] "\x16\x03\x01\x02" 403 265 "-" "-"
185.191.171.15 - - [01/Dec/2025:10:19:27 +0100] "GET /platby/aohwuyx/howard-wilson-sunderland HTTP/1.1" 200 13827 "-" "Mozilla/5.0 (compatible; SemrushBot/7~bl; +http://www.semrush.com/bot.html)"
85.208.96.206 - - [01/Dec/2025:10:19:29 +0100] "GET /platby/aohwuyx/holiday-date-calendar HTTP/1.1" 200 13006 "-" "Mozilla/5.0 (compatible; SemrushBot/7~bl; +http://www.semrush.com/bot.html)"
204.76.203.206 - - [01/Dec/2025:10:19:47 +0100] "GET /" 400 468 "-" "-"
85.208.96.196 - - [01/Dec/2025:10:19:48 +0100] "GET /platby/uwoy9/sprout-action-camera-manual HTTP/1.1" 200 15238 "-" "Mozilla/5.0 (compatible; SemrushBot/7~bl; +http://www.semrush.com/bot.html)"
114.119.149.2 - - [01/Dec/2025:10:19:50 +0100] "GET /platby/article.php?5d4c26=self-leadership:-the-definitive-guide-to-personal-excellence-2nd-edition-summary HTTP/1.1" 200 6974 "http://ispc.klape.eu/platby/article.php?5d4c26=counting-crows---recovering-the-satellites-lyrics" "Mozilla/5.0 (Linux; Android 7.0;) AppleWebKit/537.36 (KHTML, like Gecko) Mobile Safari/537.36 (compatible; PetalBot;+https://webmaster.petalsearch.com/site/petalbot)"
85.208.96.207 - - [01/Dec/2025:10:19:50 +0100] "GET /platby/hca/motorola-edge-plus-speaker-not-working HTTP/1.1" 200 6623 "-" "Mozilla/5.0 (compatible; SemrushBot/7~bl; +http://www.semrush.com/bot.html)"
85.208.96.207 - - [01/Dec/2025:10:20:04 +0100] "GET /platby/uwoy9/refrigerator-spare-parts-near-me HTTP/1.1" 200 14349 "-" "Mozilla/5.0 (compatible; SemrushBot/7~bl; +http://www.semrush.com/bot.html)"
85.208.96.207 - - [01/Dec/2025:10:20:16 +0100] "GET /platby/72zbxoz/yamamoto-bankai-temperature HTTP/1.1" 200 15343 "-" "Mozilla/5.0 (compatible; SemrushBot/7~bl; +http://www.semrush.com/bot.html)"
185.191.171.8 - - [01/Dec/2025:10:20:22 +0100] "GET /platby/72zbxoz/i-love-how-you-love-me-chords-paris-sisters HTTP/1.1" 200 11964 "-" "Mozilla/5.0 (compatible; SemrushBot/7~bl; +http://www.semrush.com/bot.html)"
85.208.96.210 - - [01/Dec/2025:10:20:33 +0100] "GET /platby/uwoy9/tomorrow-war-release-date HTTP/1.1" 200 9378 "-" "Mozilla/5.0 (compatible; SemrushBot/7~bl; +http://www.semrush.com/bot.html)"
185.191.171.5 - - [01/Dec/2025:10:21:07 +0100] "GET /platby/aohwuyx/ellen-wilkinson-school-for-girls HTTP/1.1" 200 11100 "-" "Mozilla/5.0 (compatible; SemrushBot/7~bl; +http://www.semrush.com/bot.html)"
204.76.203.206 - - [01/Dec/2025:10:21:32 +0100] "GET / HTTP/1.1" 200 316 "-" "Mozilla/5.0 (Windows NT 10.0; Win64; x64) AppleWebKit/537.36 (KHTML, like Gecko) Chrome/90.0.4430.85 Safari/537.36 Edg/90.0.818.46"
185.191.171.12 - - [01/Dec/2025:10:21:35 +0100] "GET /platby/72zbxoz/real-madrid-players-wages-2021 HTTP/1.1" 200 8225 "-" "Mozilla/5.0 (compatible; SemrushBot/7~bl; +http://www.semrush.com/bot.html)"
35.233.209.250 - - [01/Dec/2025:10:22:09 +0100] "\x16\x03\x01\x02" 403 265 "-" "-"
35.233.209.250 - - [01/Dec/2025:10:22:18 +0100] "\x16\x03\x01\x02" 403 265 "-" "-"
185.191.171.3 - - [01/Dec/2025:10:22:21 +0100] "GET /platby/qqap/primary-schools-in-whitley-reading HTTP/1.1" 200 9242 "-" "Mozilla/5.0 (compatible; SemrushBot/7~bl; +http://www.semrush.com/bot.html)"
85.208.96.198 - - [01/Dec/2025:10:22:31 +0100] "GET /platby/uwoy9/lee-county-schools-employee-portal HTTP/1.1" 200 13035 "-" "Mozilla/5.0 (compatible; SemrushBot/7~bl; +http://www.semrush.com/bot.html)"
185.191.171.6 - - [01/Dec/2025:10:22:32 +0100] "GET /platby/aohwuyx/fighter-and-tutor-dramacool HTTP/1.1" 200 13683 "-" "Mozilla/5.0 (compatible; SemrushBot/7~bl; +http://www.semrush.com/bot.html)"
185.191.171.11 - - [01/Dec/2025:10:22:34 +0100] "GET /platby/72zbxoz/underground-river-in-idaho HTTP/1.1" 200 8217 "-" "Mozilla/5.0 (compatible; SemrushBot/7~bl; +http://www.semrush.com/bot.html)"
114.119.130.237 - - [01/Dec/2025:10:22:41 +0100] "GET /platby/qqap/hebrews-13:5-6-reflection HTTP/1.1" 200 12284 "http://ispc.klape.eu/platby/qqap/hebrews-13:5-6-reflection" "Mozilla/5.0 (Linux; Android 7.0;) AppleWebKit/537.36 (KHTML, like Gecko) Mobile Safari/537.36 (compatible; PetalBot;+https://webmaster.petalsearch.com/site/petalbot)"
185.191.171.14 - - [01/Dec/2025:10:22:44 +0100] "GET /platby/aohwuyx/atlassian-scrum-master HTTP/1.1" 200 13805 "-" "Mozilla/5.0 (compatible; SemrushBot/7~bl; +http://www.semrush.com/bot.html)"
185.191.171.19 - - [01/Dec/2025:10:23:03 +0100] "GET /platby/hca/missouri-cities-by-population HTTP/1.1" 200 6584 "-" "Mozilla/5.0 (compatible; SemrushBot/7~bl; +http://www.semrush.com/bot.html)"
185.191.171.14 - - [01/Dec/2025:10:23:17 +0100] "GET /platby/hca/launchpad-rcboe-login HTTP/1.1" 200 9927 "-" "Mozilla/5.0 (compatible; SemrushBot/7~bl; +http://www.semrush.com/bot.html)"
85.208.96.212 - - [01/Dec/2025:10:23:28 +0100] "GET /platby/uwoy9/stoke-on-trent-college-distance-learning HTTP/1.1" 200 12338 "-" "Mozilla/5.0 (compatible; SemrushBot/7~bl; +http://www.semrush.com/bot.html)"
185.191.171.15 - - [01/Dec/2025:10:23:32 +0100] "GET /platby/qqap/russell-westbrook-weight-in-lbs HTTP/1.1" 200 11176 "-" "Mozilla/5.0 (compatible; SemrushBot/7~bl; +http://www.semrush.com/bot.html)"
85.208.96.193 - - [01/Dec/2025:10:23:39 +0100] "GET /platby/uwoy9/100-million-dollar-bill-zimbabwe HTTP/1.1" 200 14273 "-" "Mozilla/5.0 (compatible; SemrushBot/7~bl; +http://www.semrush.com/bot.html)"
185.191.171.1 - - [01/Dec/2025:10:23:49 +0100] "GET /platby/aohwuyx/sam-carlson-wife-port-protection-alaska HTTP/1.1" 200 13195 "-" "Mozilla/5.0 (compatible; SemrushBot/7~bl; +http://www.semrush.com/bot.html)"
85.208.96.211 - - [01/Dec/2025:10:23:59 +0100] "GET /platby/hca/why-is-it-called-along-came-a-spider HTTP/1.1" 200 11704 "-" "Mozilla/5.0 (compatible; SemrushBot/7~bl; +http://www.semrush.com/bot.html)"
185.191.171.10 - - [01/Dec/2025:10:24:09 +0100] "GET /platby/aohwuyx/how-to-chat-in-microsoft-teams-on-phone HTTP/1.1" 200 14112 "-" "Mozilla/5.0 (compatible; SemrushBot/7~bl; +http://www.semrush.com/bot.html)"
185.191.171.14 - - [01/Dec/2025:10:24:10 +0100] "GET /platby/qqap/candlestick-park-address HTTP/1.1" 200 13483 "-" "Mozilla/5.0 (compatible; SemrushBot/7~bl; +http://www.semrush.com/bot.html)"
185.191.171.14 - - [01/Dec/2025:10:24:19 +0100] "GET /platby/uwoy9/top-universities-in-netherlands HTTP/1.1" 200 12847 "-" "Mozilla/5.0 (compatible; SemrushBot/7~bl; +http://www.semrush.com/bot.html)"
85.208.96.207 - - [01/Dec/2025:10:24:20 +0100] "GET /platby/qqap/university-of-kentucky-soccer-rankings HTTP/1.1" 200 10594 "-" "Mozilla/5.0 (compatible; SemrushBot/7~bl; +http://www.semrush.com/bot.html)"
185.191.171.3 - - [01/Dec/2025:10:24:39 +0100] "GET /platby/aohwuyx/bluebonnet-news-obituaries HTTP/1.1" 200 13758 "-" "Mozilla/5.0 (compatible; SemrushBot/7~bl; +http://www.semrush.com/bot.html)"
85.208.96.195 - - [01/Dec/2025:10:25:03 +0100] "GET /platby/qqap/aston-martin-valkyrie-0-100 HTTP/1.1" 200 7646 "-" "Mozilla/5.0 (compatible; SemrushBot/7~bl; +http://www.semrush.com/bot.html)"
114.119.130.237 - - [01/Dec/2025:10:25:27 +0100] "GET /platby/article.php?5d4c26=harrow-and-wealdstone-to-oxford-circus HTTP/1.1" 200 4383 "http://ispc.klape.eu/platby/article.php?5d4c26=aspen-minecraft-server" "Mozilla/5.0 (Linux; Android 7.0;) AppleWebKit/537.36 (KHTML, like Gecko) Mobile Safari/537.36 (compatible; PetalBot;+https://webmaster.petalsearch.com/site/petalbot)"
185.191.171.19 - - [01/Dec/2025:10:25:40 +0100] "GET /platby/qqap/sea-water-temperature-antalya HTTP/1.1" 200 10843 "-" "Mozilla/5.0 (compatible; SemrushBot/7~bl; +http://www.semrush.com/bot.html)"
85.208.96.200 - - [01/Dec/2025:10:26:05 +0100] "GET /platby/qqap/gionee-max-5000mah-battery HTTP/1.1" 200 11214 "-" "Mozilla/5.0 (compatible; SemrushBot/7~bl; +http://www.semrush.com/bot.html)"
185.191.171.4 - - [01/Dec/2025:10:26:27 +0100] "GET /platby/72zbxoz/role-of-board-chair-not-for-profit HTTP/1.1" 200 13881 "-" "Mozilla/5.0 (compatible; SemrushBot/7~bl; +http://www.semrush.com/bot.html)"
85.208.96.201 - - [01/Dec/2025:10:26:35 +0100] "GET /platby/hca/literature-definition HTTP/1.1" 200 10808 "-" "Mozilla/5.0 (compatible; SemrushBot/7~bl; +http://www.semrush.com/bot.html)"
185.191.171.7 - - [01/Dec/2025:10:26:48 +0100] "GET /platby/hca/best-emulated-games-on-android HTTP/1.1" 200 6727 "-" "Mozilla/5.0 (compatible; SemrushBot/7~bl; +http://www.semrush.com/bot.html)"
185.191.171.16 - - [01/Dec/2025:10:26:55 +0100] "GET /platby/aohwuyx/3d-product-design-software HTTP/1.1" 200 11652 "-" "Mozilla/5.0 (compatible; SemrushBot/7~bl; +http://www.semrush.com/bot.html)"
185.191.171.15 - - [01/Dec/2025:10:26:57 +0100] "GET /platby/hca/upcoming-running-shoes-2021 HTTP/1.1" 200 12309 "-" "Mozilla/5.0 (compatible; SemrushBot/7~bl; +http://www.semrush.com/bot.html)"
85.208.96.209 - - [01/Dec/2025:10:27:42 +0100] "GET /platby/hca/catawba-college-application HTTP/1.1" 200 7649 "-" "Mozilla/5.0 (compatible; SemrushBot/7~bl; +http://www.semrush.com/bot.html)"
85.208.96.211 - - [01/Dec/2025:10:27:50 +0100] "GET /platby/uwoy9/texas-tech-mailing-address-for-transcripts HTTP/1.1" 200 13771 "-" "Mozilla/5.0 (compatible; SemrushBot/7~bl; +http://www.semrush.com/bot.html)"
85.208.96.200 - - [01/Dec/2025:10:27:52 +0100] "GET /platby/uwoy9/charles-paul-basketball HTTP/1.1" 200 7611 "-" "Mozilla/5.0 (compatible; SemrushBot/7~bl; +http://www.semrush.com/bot.html)"
185.191.171.19 - - [01/Dec/2025:10:28:01 +0100] "GET /platby/qqap/seven-seas-hotel-blue-tripadvisor HTTP/1.1" 200 8166 "-" "Mozilla/5.0 (compatible; SemrushBot/7~bl; +http://www.semrush.com/bot.html)"
185.191.171.11 - - [01/Dec/2025:10:28:02 +0100] "GET /platby/uwoy9/when-will-adalberto-mondesi-return HTTP/1.1" 200 11175 "-" "Mozilla/5.0 (compatible; SemrushBot/7~bl; +http://www.semrush.com/bot.html)"
85.208.96.211 - - [01/Dec/2025:10:28:08 +0100] "GET /platby/72zbxoz/why-is-charlotte-hawkins-brown-significant%3F HTTP/1.1" 200 10466 "-" "Mozilla/5.0 (compatible; SemrushBot/7~bl; +http://www.semrush.com/bot.html)"
85.208.96.206 - - [01/Dec/2025:10:28:10 +0100] "GET /platby/uwoy9/tetra-radio-system-tutorial HTTP/1.1" 200 9556 "-" "Mozilla/5.0 (compatible; SemrushBot/7~bl; +http://www.semrush.com/bot.html)"
114.119.152.142 - - [01/Dec/2025:10:28:17 +0100] "GET /platby/article.php?5d4c26=computational-geometry-machine-learning HTTP/1.1" 200 6543 "http://ispc.klape.eu/platby/article.php?5d4c26=how-to-get-all-the-pok%C3%A9mon-in-let%27s-go%2C-eevee" "Mozilla/5.0 (Linux; Android 7.0;) AppleWebKit/537.36 (KHTML, like Gecko) Mobile Safari/537.36 (compatible; PetalBot;+https://webmaster.petalsearch.com/site/petalbot)"
185.191.171.13 - - [01/Dec/2025:10:28:23 +0100] "GET /platby/qqap/university-hospitals-of-north-midlands-county-hospital HTTP/1.1" 200 6795 "-" "Mozilla/5.0 (compatible; SemrushBot/7~bl; +http://www.semrush.com/bot.html)"
185.191.171.6 - - [01/Dec/2025:10:28:38 +0100] "GET /platby/aohwuyx/psychological-continuity-theory-of-personal-identity HTTP/1.1" 200 12368 "-" "Mozilla/5.0 (compatible; SemrushBot/7~bl; +http://www.semrush.com/bot.html)"
85.208.96.203 - - [01/Dec/2025:10:28:43 +0100] "GET /platby/uwoy9/molloy-high-school-closed HTTP/1.1" 200 8226 "-" "Mozilla/5.0 (compatible; SemrushBot/7~bl; +http://www.semrush.com/bot.html)"
85.208.96.211 - - [01/Dec/2025:10:29:49 +0100] "GET /platby/hca/justice-league-unlimited-panic-in-the-sky HTTP/1.1" 200 7859 "-" "Mozilla/5.0 (compatible; SemrushBot/7~bl; +http://www.semrush.com/bot.html)"
85.208.96.203 - - [01/Dec/2025:10:30:05 +0100] "GET /platby/hca/respect-my-decision-quotes HTTP/1.1" 200 14341 "-" "Mozilla/5.0 (compatible; SemrushBot/7~bl; +http://www.semrush.com/bot.html)"
185.191.171.14 - - [01/Dec/2025:10:30:20 +0100] "GET /platby/uwoy9/written-expression-skills HTTP/1.1" 200 10511 "-" "Mozilla/5.0 (compatible; SemrushBot/7~bl; +http://www.semrush.com/bot.html)"
85.208.96.197 - - [01/Dec/2025:10:30:48 +0100] "GET /platby/hca/jira-xray-documentation HTTP/1.1" 200 10309 "-" "Mozilla/5.0 (compatible; SemrushBot/7~bl; +http://www.semrush.com/bot.html)"
141.98.11.170 - - [01/Dec/2025:10:30:54 +0100] "GET /" 400 468 "-" "-"
85.208.96.196 - - [01/Dec/2025:10:31:03 +0100] "GET /platby/aohwuyx/hemlock-high-school-graduation-2020 HTTP/1.1" 200 14908 "-" "Mozilla/5.0 (compatible; SemrushBot/7~bl; +http://www.semrush.com/bot.html)"
114.119.139.66 - - [01/Dec/2025:10:31:05 +0100] "GET /platby/uwoy9/full-hd-1080p-webcam-driver-for-mac HTTP/1.1" 200 13092 "http://ispc.klape.eu/platby/uwoy9/full-hd-1080p-webcam-driver-for-mac" "Mozilla/5.0 (Linux; Android 7.0;) AppleWebKit/537.36 (KHTML, like Gecko) Mobile Safari/537.36 (compatible; PetalBot;+https://webmaster.petalsearch.com/site/petalbot)"
185.191.171.1 - - [01/Dec/2025:10:31:10 +0100] "GET /platby/72zbxoz/michael-mcintyre's-comedy-roadshow HTTP/1.1" 200 11415 "-" "Mozilla/5.0 (compatible; SemrushBot/7~bl; +http://www.semrush.com/bot.html)"
185.191.171.16 - - [01/Dec/2025:10:31:12 +0100] "GET /platby/uwoy9/best-wynn-encore-restaurants HTTP/1.1" 200 9365 "-" "Mozilla/5.0 (compatible; SemrushBot/7~bl; +http://www.semrush.com/bot.html)"
85.208.96.201 - - [01/Dec/2025:10:31:32 +0100] "GET /platby/aohwuyx/top-diversity-and-inclusion-consulting-firms HTTP/1.1" 200 9463 "-" "Mozilla/5.0 (compatible; SemrushBot/7~bl; +http://www.semrush.com/bot.html)"
85.208.96.208 - - [01/Dec/2025:10:31:34 +0100] "GET /platby/hca/henry-county-schools-calendar-updated HTTP/1.1" 200 12072 "-" "Mozilla/5.0 (compatible; SemrushBot/7~bl; +http://www.semrush.com/bot.html)"
185.191.171.7 - - [01/Dec/2025:10:31:47 +0100] "GET /platby/uwoy9/watford-fixtures-and-results HTTP/1.1" 200 7230 "-" "Mozilla/5.0 (compatible; SemrushBot/7~bl; +http://www.semrush.com/bot.html)"
137.184.175.43 - - [01/Dec/2025:10:32:07 +0100] "\x16\x03\x01\x02" 403 265 "-" "-"
185.191.171.16 - - [01/Dec/2025:10:32:09 +0100] "GET /platby/72zbxoz/sony-xperia-pro-release-date HTTP/1.1" 200 13151 "-" "Mozilla/5.0 (compatible; SemrushBot/7~bl; +http://www.semrush.com/bot.html)"
85.208.96.193 - - [01/Dec/2025:10:32:14 +0100] "GET /platby/hca/cartoon-cat-killing-someone HTTP/1.1" 200 11967 "-" "Mozilla/5.0 (compatible; SemrushBot/7~bl; +http://www.semrush.com/bot.html)"
185.191.171.2 - - [01/Dec/2025:10:32:18 +0100] "GET /platby/72zbxoz/whitefish-vs-trout-taste HTTP/1.1" 200 20 "-" "Mozilla/5.0 (compatible; SemrushBot/7~bl; +http://www.semrush.com/bot.html)"
85.208.96.210 - - [01/Dec/2025:10:32:19 +0100] "GET /platby/aohwuyx/how-many-cities-in-republic-of-ireland HTTP/1.1" 200 10678 "-" "Mozilla/5.0 (compatible; SemrushBot/7~bl; +http://www.semrush.com/bot.html)"
85.208.96.211 - - [01/Dec/2025:10:32:38 +0100] "GET /platby/72zbxoz/steven-matz-record-2021 HTTP/1.1" 200 7328 "-" "Mozilla/5.0 (compatible; SemrushBot/7~bl; +http://www.semrush.com/bot.html)"
185.191.171.13 - - [01/Dec/2025:10:32:42 +0100] "GET /platby/aohwuyx/aubrey's-sevierville-menu HTTP/1.1" 200 12840 "-" "Mozilla/5.0 (compatible; SemrushBot/7~bl; +http://www.semrush.com/bot.html)"
185.191.171.15 - - [01/Dec/2025:10:33:32 +0100] "GET /platby/hca/confluence-pdf-macro-not-working HTTP/1.1" 200 7970 "-" "Mozilla/5.0 (compatible; SemrushBot/7~bl; +http://www.semrush.com/bot.html)"
114.119.149.2 - - [01/Dec/2025:10:33:52 +0100] "GET /platby/qqap/how-to-check-fingerprint-scanner-working-or-not HTTP/1.1" 200 12410 "http://ispc.klape.eu/platby/qqap/why-is-the-cell-theory-still-accepted-today" "Mozilla/5.0 (Linux; Android 7.0;) AppleWebKit/537.36 (KHTML, like Gecko) Mobile Safari/537.36 (compatible; PetalBot;+https://webmaster.petalsearch.com/site/petalbot)"
185.191.171.14 - - [01/Dec/2025:10:33:54 +0100] "GET /platby/aohwuyx/motion-parallax-quizlet HTTP/1.1" 200 11983 "-" "Mozilla/5.0 (compatible; SemrushBot/7~bl; +http://www.semrush.com/bot.html)"
85.208.96.212 - - [01/Dec/2025:10:34:06 +0100] "GET /platby/qqap/kestrel-weather-meter HTTP/1.1" 200 9955 "-" "Mozilla/5.0 (compatible; SemrushBot/7~bl; +http://www.semrush.com/bot.html)"
185.191.171.15 - - [01/Dec/2025:10:34:10 +0100] "GET /platby/hca/loyola-chicago-application-deadline-fall-2021 HTTP/1.1" 200 8513 "-" "Mozilla/5.0 (compatible; SemrushBot/7~bl; +http://www.semrush.com/bot.html)"
85.208.96.202 - - [01/Dec/2025:10:34:54 +0100] "GET /platby/qqap/phillip-fulmer-family HTTP/1.1" 200 8265 "-" "Mozilla/5.0 (compatible; SemrushBot/7~bl; +http://www.semrush.com/bot.html)"
109.105.209.14 - - [01/Dec/2025:10:35:03 +0100] "\x16\x03\x01" 403 265 "-" "-"
185.191.171.12 - - [01/Dec/2025:10:35:03 +0100] "GET /platby/aohwuyx/west-reading-hall-rental HTTP/1.1" 200 13374 "-" "Mozilla/5.0 (compatible; SemrushBot/7~bl; +http://www.semrush.com/bot.html)"
109.105.209.15 - - [01/Dec/2025:10:35:06 +0100] "\x16\x03\x01\x01\x01\x01" 403 265 "-" "-"
85.208.96.199 - - [01/Dec/2025:10:35:29 +0100] "GET /platby/uwoy9/west-coast-villas-barbados HTTP/1.1" 200 15031 "-" "Mozilla/5.0 (compatible; SemrushBot/7~bl; +http://www.semrush.com/bot.html)"
85.208.96.194 - - [01/Dec/2025:10:35:41 +0100] "GET /platby/qqap/diamond-dealer-services HTTP/1.1" 200 9100 "-" "Mozilla/5.0 (compatible; SemrushBot/7~bl; +http://www.semrush.com/bot.html)"
185.191.171.9 - - [01/Dec/2025:10:35:49 +0100] "GET /platby/hca/how-to-do-mindfulness-meditation HTTP/1.1" 200 8177 "-" "Mozilla/5.0 (compatible; SemrushBot/7~bl; +http://www.semrush.com/bot.html)"
85.208.96.199 - - [01/Dec/2025:10:35:59 +0100] "GET /platby/hca/dirk-benedict-net-worth-2021 HTTP/1.1" 200 9165 "-" "Mozilla/5.0 (compatible; SemrushBot/7~bl; +http://www.semrush.com/bot.html)"
185.191.171.18 - - [01/Dec/2025:10:36:10 +0100] "GET /platby/72zbxoz/biggie-and-tupac-wallpaper HTTP/1.1" 200 12602 "-" "Mozilla/5.0 (compatible; SemrushBot/7~bl; +http://www.semrush.com/bot.html)"
185.191.171.1 - - [01/Dec/2025:10:36:22 +0100] "GET /platby/qqap/crime-thriller-book-awards HTTP/1.1" 200 11658 "-" "Mozilla/5.0 (compatible; SemrushBot/7~bl; +http://www.semrush.com/bot.html)"
