185.191.171.9 - - [01/Dec/2025:16:01:42 +0100] "GET /platby/uwoy9/couldn't-read-fingerprint-redmi-note-8-pro HTTP/1.1" 200 7804 "-" "Mozilla/5.0 (compatible; SemrushBot/7~bl; +http://www.semrush.com/bot.html)"
85.208.96.211 - - [01/Dec/2025:16:01:49 +0100] "GET /platby/qqap/newton-county,-mo-police-reports HTTP/1.1" 200 10404 "-" "Mozilla/5.0 (compatible; SemrushBot/7~bl; +http://www.semrush.com/bot.html)"
100.28.204.82 - - [01/Dec/2025:16:01:49 +0100] "GET /platby/uwoy9/order-pizza-burlington-vt HTTP/1.1" 200 11054 "-" "Mozilla/5.0 AppleWebKit/537.36 (KHTML, like Gecko; compatible; Amazonbot/0.1; +https://developer.amazon.com/support/amazonbot) Chrome/119.0.6045.214 Safari/537.36"
3.229.95.193 - - [01/Dec/2025:16:01:51 +0100] "GET /platby/uwoy9/thermofluids-engineering-jobs HTTP/1.1" 200 8838 "-" "Mozilla/5.0 AppleWebKit/537.36 (KHTML, like Gecko; compatible; Amazonbot/0.1; +https://developer.amazon.com/support/amazonbot) Chrome/119.0.6045.214 Safari/537.36"
54.84.102.81 - - [01/Dec/2025:16:01:54 +0100] "GET /platby/uwoy9/1994-leaf-baseball-cards-most-valuable HTTP/1.1" 200 8600 "-" "Mozilla/5.0 AppleWebKit/537.36 (KHTML, like Gecko; compatible; Amazonbot/0.1; +https://developer.amazon.com/support/amazonbot) Chrome/119.0.6045.214 Safari/537.36"
98.82.66.172 - - [01/Dec/2025:16:02:01 +0100] "GET /platby/uwoy9/men's-wedding-shorts-suits HTTP/1.1" 200 15545 "-" "Mozilla/5.0 AppleWebKit/537.36 (KHTML, like Gecko; compatible; Amazonbot/0.1; +https://developer.amazon.com/support/amazonbot) Chrome/119.0.6045.214 Safari/537.36"
185.191.171.15 - - [01/Dec/2025:16:02:07 +0100] "GET /platby/uwoy9/principles-of-empathic-listening HTTP/1.1" 200 8602 "-" "Mozilla/5.0 (compatible; SemrushBot/7~bl; +http://www.semrush.com/bot.html)"
46.161.50.108 - - [01/Dec/2025:16:02:08 +0100] "GET /" 400 468 "-" "-"
85.208.96.203 - - [01/Dec/2025:16:02:26 +0100] "GET /platby/aohwuyx/dolphins-draft-picks-2019 HTTP/1.1" 200 10018 "-" "Mozilla/5.0 (compatible; SemrushBot/7~bl; +http://www.semrush.com/bot.html)"
114.119.130.237 - - [01/Dec/2025:16:02:51 +0100] "GET /platby/uwoy9/i-won't-hold-you-back-guitar-tab HTTP/1.1" 200 11449 "http://ispc.klape.eu/platby/uwoy9/best-books-for-toddlers-on-racial-diversity" "Mozilla/5.0 (Linux; Android 7.0;) AppleWebKit/537.36 (KHTML, like Gecko) Mobile Safari/537.36 (compatible; PetalBot;+https://webmaster.petalsearch.com/site/petalbot)"
85.208.96.209 - - [01/Dec/2025:16:03:09 +0100] "GET /platby/uwoy9/seated-core-exercises-for-seniors-handout HTTP/1.1" 200 10097 "-" "Mozilla/5.0 (compatible; SemrushBot/7~bl; +http://www.semrush.com/bot.html)"
85.208.96.198 - - [01/Dec/2025:16:03:31 +0100] "GET /platby/aohwuyx/it's-never-gonna-be-the-same-again-without-you HTTP/1.1" 200 15031 "-" "Mozilla/5.0 (compatible; SemrushBot/7~bl; +http://www.semrush.com/bot.html)"
85.208.96.193 - - [01/Dec/2025:16:03:47 +0100] "GET /platby/hca/solar-energy-projects-pdf HTTP/1.1" 200 7390 "-" "Mozilla/5.0 (compatible; SemrushBot/7~bl; +http://www.semrush.com/bot.html)"
85.208.96.202 - - [01/Dec/2025:16:04:09 +0100] "GET /platby/72zbxoz/peep-game-husky-hoodie HTTP/1.1" 200 13200 "-" "Mozilla/5.0 (compatible; SemrushBot/7~bl; +http://www.semrush.com/bot.html)"
185.191.171.11 - - [01/Dec/2025:16:04:34 +0100] "GET /platby/uwoy9/catholic-charities-community-services-archdiocese-of-new-york HTTP/1.1" 200 11594 "-" "Mozilla/5.0 (compatible; SemrushBot/7~bl; +http://www.semrush.com/bot.html)"
185.191.171.5 - - [01/Dec/2025:16:04:44 +0100] "GET /platby/uwoy9/discount-flowers-tucson HTTP/1.1" 200 8889 "-" "Mozilla/5.0 (compatible; SemrushBot/7~bl; +http://www.semrush.com/bot.html)"
114.119.128.6 - - [01/Dec/2025:16:04:56 +0100] "GET /platby/hca/which-is-better-720p-or-1080p-camera HTTP/1.1" 200 9634 "http://ispc.klape.eu/platby/hca/which-is-better-720p-or-1080p-camera" "Mozilla/5.0 (Linux; Android 7.0;) AppleWebKit/537.36 (KHTML, like Gecko) Mobile Safari/537.36 (compatible; PetalBot;+https://webmaster.petalsearch.com/site/petalbot)"
131.255.181.122 - - [01/Dec/2025:16:04:59 +0100] "\x16\x03\x01\x02" 403 265 "-" "-"
185.191.171.19 - - [01/Dec/2025:16:05:01 +0100] "GET /platby/hca/moto-g8-fingerprint-sensor-not-working HTTP/1.1" 200 6998 "-" "Mozilla/5.0 (compatible; SemrushBot/7~bl; +http://www.semrush.com/bot.html)"
185.191.171.11 - - [01/Dec/2025:16:05:03 +0100] "GET /platby/uwoy9/espn-draft-grades-2021 HTTP/1.1" 200 12811 "-" "Mozilla/5.0 (compatible; SemrushBot/7~bl; +http://www.semrush.com/bot.html)"
203.55.131.5 - - [01/Dec/2025:16:05:22 +0100] "GET / HTTP/1.1" 403 220 "-" "Mozilla/5.0 (Windows NT 10.0; Win64; x64) AppleWebKit/537.36 (KHTML, like Gecko) Chrome/133.0.0.0 Safari/537.36"
85.208.96.194 - - [01/Dec/2025:16:05:26 +0100] "GET /platby/qqap/solanke-transfermarkt HTTP/1.1" 200 11112 "-" "Mozilla/5.0 (compatible; SemrushBot/7~bl; +http://www.semrush.com/bot.html)"
85.208.96.206 - - [01/Dec/2025:16:05:34 +0100] "GET /platby/72zbxoz/maryland-lacrosse-coach-salary HTTP/1.1" 200 13121 "-" "Mozilla/5.0 (compatible; SemrushBot/7~bl; +http://www.semrush.com/bot.html)"
85.208.96.212 - - [01/Dec/2025:16:05:50 +0100] "GET /platby/qqap/jewelry-design-school-montreal HTTP/1.1" 200 12433 "-" "Mozilla/5.0 (compatible; SemrushBot/7~bl; +http://www.semrush.com/bot.html)"
175.43.135.115 - - [01/Dec/2025:16:06:07 +0100] "POST /GponForm/diag_Form?style/ HTTP/1.1" 400 230 "-" "Hello, World"
185.191.171.16 - - [01/Dec/2025:16:06:28 +0100] "GET /platby/qqap/listen-to-your-heart-above-all-other-voices HTTP/1.1" 200 14061 "-" "Mozilla/5.0 (compatible; SemrushBot/7~bl; +http://www.semrush.com/bot.html)"
85.208.96.193 - - [01/Dec/2025:16:06:30 +0100] "GET /platby/aohwuyx/motor-testing-equipment-manufacturers HTTP/1.1" 200 9562 "-" "Mozilla/5.0 (compatible; SemrushBot/7~bl; +http://www.semrush.com/bot.html)"
85.208.96.196 - - [01/Dec/2025:16:06:40 +0100] "GET /platby/aohwuyx/columnist-pronunciation HTTP/1.1" 200 14708 "-" "Mozilla/5.0 (compatible; SemrushBot/7~bl; +http://www.semrush.com/bot.html)"
114.119.139.112 - - [01/Dec/2025:16:07:04 +0100] "GET /platby/hca/does-oppo-reno-2f-support-wireless-charging HTTP/1.1" 200 7917 "http://ispc.klape.eu/platby/hca/does-oppo-reno-2f-support-wireless-charging" "Mozilla/5.0 (Linux; Android 7.0;) AppleWebKit/537.36 (KHTML, like Gecko) Mobile Safari/537.36 (compatible; PetalBot;+https://webmaster.petalsearch.com/site/petalbot)"
85.208.96.207 - - [01/Dec/2025:16:07:20 +0100] "GET /platby/qqap/golang-http-client-timeout HTTP/1.1" 200 13106 "-" "Mozilla/5.0 (compatible; SemrushBot/7~bl; +http://www.semrush.com/bot.html)"
85.208.96.197 - - [01/Dec/2025:16:07:33 +0100] "GET /platby/qqap/rock-landscaping-ideas HTTP/1.1" 200 7431 "-" "Mozilla/5.0 (compatible; SemrushBot/7~bl; +http://www.semrush.com/bot.html)"
85.208.96.212 - - [01/Dec/2025:16:07:34 +0100] "GET /platby/uwoy9/allowed-sentence-for-class-3 HTTP/1.1" 200 11291 "-" "Mozilla/5.0 (compatible; SemrushBot/7~bl; +http://www.semrush.com/bot.html)"
185.191.171.3 - - [01/Dec/2025:16:08:14 +0100] "GET /platby/qqap/hannah-montana-mickey HTTP/1.1" 200 8904 "-" "Mozilla/5.0 (compatible; SemrushBot/7~bl; +http://www.semrush.com/bot.html)"
185.191.171.14 - - [01/Dec/2025:16:08:30 +0100] "GET /platby/aohwuyx/gliac-tournament-2021-baseball HTTP/1.1" 200 13515 "-" "Mozilla/5.0 (compatible; SemrushBot/7~bl; +http://www.semrush.com/bot.html)"
85.208.96.198 - - [01/Dec/2025:16:08:37 +0100] "GET /platby/72zbxoz/mindfulness-based-cognitive-therapy-pdf HTTP/1.1" 200 12245 "-" "Mozilla/5.0 (compatible; SemrushBot/7~bl; +http://www.semrush.com/bot.html)"
204.76.203.206 - - [01/Dec/2025:16:08:45 +0100] "GET /" 400 468 "-" "-"
85.208.96.194 - - [01/Dec/2025:16:08:48 +0100] "GET /platby/aohwuyx/stevie-nicks-inspired-clothing-for-sale HTTP/1.1" 200 7588 "-" "Mozilla/5.0 (compatible; SemrushBot/7~bl; +http://www.semrush.com/bot.html)"
85.208.96.197 - - [01/Dec/2025:16:08:50 +0100] "GET /platby/qqap/1994-baseball-rookies HTTP/1.1" 200 9793 "-" "Mozilla/5.0 (compatible; SemrushBot/7~bl; +http://www.semrush.com/bot.html)"
185.191.171.17 - - [01/Dec/2025:16:09:00 +0100] "GET /platby/hca/the-blind-side-coach-cotton HTTP/1.1" 200 13163 "-" "Mozilla/5.0 (compatible; SemrushBot/7~bl; +http://www.semrush.com/bot.html)"
114.119.139.66 - - [01/Dec/2025:16:09:06 +0100] "GET /platby/hca/chs-field-concessions-2021 HTTP/1.1" 200 6728 "http://ispc.klape.eu/platby/hca/crayfish-reproduction" "Mozilla/5.0 (Linux; Android 7.0;) AppleWebKit/537.36 (KHTML, like Gecko) Mobile Safari/537.36 (compatible; PetalBot;+https://webmaster.petalsearch.com/site/petalbot)"
185.191.171.2 - - [01/Dec/2025:16:09:29 +0100] "GET /platby/aohwuyx/sofia's-hasbrouck-heights HTTP/1.1" 200 9210 "-" "Mozilla/5.0 (compatible; SemrushBot/7~bl; +http://www.semrush.com/bot.html)"
85.208.96.193 - - [01/Dec/2025:16:09:39 +0100] "GET /platby/uwoy9/exercise-lesson-plans HTTP/1.1" 200 10724 "-" "Mozilla/5.0 (compatible; SemrushBot/7~bl; +http://www.semrush.com/bot.html)"
85.208.96.197 - - [01/Dec/2025:16:09:49 +0100] "GET /platby/hca/5-greatest-engineering-achievements-of-the-modern-world HTTP/1.1" 200 13435 "-" "Mozilla/5.0 (compatible; SemrushBot/7~bl; +http://www.semrush.com/bot.html)"
185.191.171.8 - - [01/Dec/2025:16:09:53 +0100] "GET /platby/hca/new-zealand-tour-of-australia-2021 HTTP/1.1" 200 11074 "-" "Mozilla/5.0 (compatible; SemrushBot/7~bl; +http://www.semrush.com/bot.html)"
85.208.96.200 - - [01/Dec/2025:16:10:09 +0100] "GET /platby/aohwuyx/traffic-reporter-on-ken-bruce-show HTTP/1.1" 200 9353 "-" "Mozilla/5.0 (compatible; SemrushBot/7~bl; +http://www.semrush.com/bot.html)"
85.208.96.194 - - [01/Dec/2025:16:10:16 +0100] "GET /platby/aohwuyx/who-developed-the-inclusion-framework HTTP/1.1" 200 14272 "-" "Mozilla/5.0 (compatible; SemrushBot/7~bl; +http://www.semrush.com/bot.html)"
204.76.203.206 - - [01/Dec/2025:16:10:17 +0100] "GET / HTTP/1.1" 200 316 "-" "Mozilla/5.0 (Windows NT 10.0; Win64; x64) AppleWebKit/537.36 (KHTML, like Gecko) Chrome/90.0.4430.85 Safari/537.36 Edg/90.0.818.46"
103.71.64.6 - - [01/Dec/2025:16:10:37 +0100] "\x16\x03\x03" 403 265 "-" "-"
114.119.128.6 - - [01/Dec/2025:16:11:12 +0100] "GET /platby/uwoy9/what-is-dr-travis-stork-doing-now HTTP/1.1" 200 11689 "http://ispc.klape.eu/platby/uwoy9/what-is-dr-travis-stork-doing-now" "Mozilla/5.0 (Linux; Android 7.0;) AppleWebKit/537.36 (KHTML, like Gecko) Mobile Safari/537.36 (compatible; PetalBot;+https://webmaster.petalsearch.com/site/petalbot)"
85.208.96.204 - - [01/Dec/2025:16:11:33 +0100] "GET /platby/72zbxoz/when-is-the-last-day-of-school-in-california HTTP/1.1" 200 9691 "-" "Mozilla/5.0 (compatible; SemrushBot/7~bl; +http://www.semrush.com/bot.html)"
185.191.171.1 - - [01/Dec/2025:16:11:52 +0100] "GET /platby/aohwuyx/american-swedish-institute HTTP/1.1" 200 8234 "-" "Mozilla/5.0 (compatible; SemrushBot/7~bl; +http://www.semrush.com/bot.html)"
85.208.96.209 - - [01/Dec/2025:16:11:57 +0100] "GET /platby/aohwuyx/what-happened-to-telaria-stock HTTP/1.1" 200 13922 "-" "Mozilla/5.0 (compatible; SemrushBot/7~bl; +http://www.semrush.com/bot.html)"
104.210.140.134 - - [01/Dec/2025:16:12:26 +0100] "\x16\x03\x01\x02" 403 265 "-" "-"
104.210.140.133 - - [01/Dec/2025:16:12:26 +0100] "\x16\x03\x01\x02" 403 265 "-" "-"
104.210.140.142 - - [01/Dec/2025:16:12:27 +0100] "\x16\x03\x01\x02" 403 265 "-" "-"
104.210.140.132 - - [01/Dec/2025:16:12:27 +0100] "\x16\x03\x01\x02" 403 265 "-" "-"
104.210.140.130 - - [01/Dec/2025:16:12:28 +0100] "\x16\x03\x01\x02" 403 265 "-" "-"
104.210.140.133 - - [01/Dec/2025:16:12:28 +0100] "\x16\x03\x01\x02" 403 265 "-" "-"
104.210.140.137 - - [01/Dec/2025:16:12:30 +0100] "\x16\x03\x01\x02" 403 265 "-" "-"
185.191.171.5 - - [01/Dec/2025:16:12:30 +0100] "GET /platby/uwoy9/best-books-for-anxiety-and-mindfulness HTTP/1.1" 200 9832 "-" "Mozilla/5.0 (compatible; SemrushBot/7~bl; +http://www.semrush.com/bot.html)"
185.191.171.4 - - [01/Dec/2025:16:12:31 +0100] "GET /platby/qqap/flashdance-dance-scene HTTP/1.1" 200 10914 "-" "Mozilla/5.0 (compatible; SemrushBot/7~bl; +http://www.semrush.com/bot.html)"
104.210.140.133 - - [01/Dec/2025:16:12:32 +0100] "\x16\x03\x01\x02" 403 265 "-" "-"
104.210.140.142 - - [01/Dec/2025:16:12:32 +0100] "\x16\x03\x01\x02" 403 265 "-" "-"
104.210.140.133 - - [01/Dec/2025:16:12:33 +0100] "\x16\x03\x01\x02" 403 265 "-" "-"
47.128.53.100 - - [01/Dec/2025:16:12:33 +0100] "\x16\x03\x01\x02" 403 265 "-" "-"
104.210.140.130 - - [01/Dec/2025:16:12:33 +0100] "\x16\x03\x01\x02" 403 265 "-" "-"
85.208.96.200 - - [01/Dec/2025:16:12:50 +0100] "GET /platby/uwoy9/yvette-wilson-obituary HTTP/1.1" 200 13418 "-" "Mozilla/5.0 (compatible; SemrushBot/7~bl; +http://www.semrush.com/bot.html)"
85.208.96.209 - - [01/Dec/2025:16:13:05 +0100] "GET /platby/aohwuyx/passive-relative-clause HTTP/1.1" 200 15532 "-" "Mozilla/5.0 (compatible; SemrushBot/7~bl; +http://www.semrush.com/bot.html)"
85.208.96.196 - - [01/Dec/2025:16:13:07 +0100] "GET /platby/aohwuyx/jordan-willis-contract HTTP/1.1" 200 10530 "-" "Mozilla/5.0 (compatible; SemrushBot/7~bl; +http://www.semrush.com/bot.html)"
114.119.128.6 - - [01/Dec/2025:16:13:16 +0100] "GET /platby/qqap/regis-university-academic-calendar-2020-21 HTTP/1.1" 200 8790 "http://ispc.klape.eu/platby/qqap/diphthong-pronunciation" "Mozilla/5.0 (Linux; Android 7.0;) AppleWebKit/537.36 (KHTML, like Gecko) Mobile Safari/537.36 (compatible; PetalBot;+https://webmaster.petalsearch.com/site/petalbot)"
85.208.96.198 - - [01/Dec/2025:16:13:22 +0100] "GET /platby/aohwuyx/physics-projects-college-level HTTP/1.1" 200 10032 "-" "Mozilla/5.0 (compatible; SemrushBot/7~bl; +http://www.semrush.com/bot.html)"
141.98.11.181 - - [01/Dec/2025:16:13:24 +0100] "\x16\x03\x01\x02" 403 265 "-" "-"
185.191.171.10 - - [01/Dec/2025:16:13:47 +0100] "GET /platby/aohwuyx/diversity,-equity-and-inclusion-training-for-physicians HTTP/1.1" 200 11801 "-" "Mozilla/5.0 (compatible; SemrushBot/7~bl; +http://www.semrush.com/bot.html)"
185.191.171.7 - - [01/Dec/2025:16:14:01 +0100] "GET /platby/uwoy9/metropolitan-soccer-league HTTP/1.1" 200 14230 "-" "Mozilla/5.0 (compatible; SemrushBot/7~bl; +http://www.semrush.com/bot.html)"
85.208.96.194 - - [01/Dec/2025:16:14:09 +0100] "GET /platby/qqap/make-sentence-with-the-following-words-friend HTTP/1.1" 200 10250 "-" "Mozilla/5.0 (compatible; SemrushBot/7~bl; +http://www.semrush.com/bot.html)"
85.208.96.195 - - [01/Dec/2025:16:14:19 +0100] "GET /platby/qqap/fort-lauderdale-cf-transfermarkt HTTP/1.1" 200 5969 "-" "Mozilla/5.0 (compatible; SemrushBot/7~bl; +http://www.semrush.com/bot.html)"
185.191.171.7 - - [01/Dec/2025:16:14:24 +0100] "GET /platby/uwoy9/maddie-scherr-recruiting HTTP/1.1" 200 9321 "-" "Mozilla/5.0 (compatible; SemrushBot/7~bl; +http://www.semrush.com/bot.html)"
85.208.96.198 - - [01/Dec/2025:16:14:28 +0100] "GET /platby/aohwuyx/easy-drinks-to-make-with-vodka HTTP/1.1" 200 10167 "-" "Mozilla/5.0 (compatible; SemrushBot/7~bl; +http://www.semrush.com/bot.html)"
185.191.171.7 - - [01/Dec/2025:16:14:43 +0100] "GET /platby/72zbxoz/youth-pete-maravich-jersey HTTP/1.1" 200 9656 "-" "Mozilla/5.0 (compatible; SemrushBot/7~bl; +http://www.semrush.com/bot.html)"
114.119.129.163 - - [01/Dec/2025:16:15:22 +0100] "GET /platby/qqap/legal-segregation-is-best-defined-as-the-separation-of HTTP/1.1" 200 11413 "http://ispc.klape.eu/platby/qqap/legal-segregation-is-best-defined-as-the-separation-of" "Mozilla/5.0 (Linux; Android 7.0;) AppleWebKit/537.36 (KHTML, like Gecko) Mobile Safari/537.36 (compatible; PetalBot;+https://webmaster.petalsearch.com/site/petalbot)"
85.208.96.198 - - [01/Dec/2025:16:15:33 +0100] "GET /platby/uwoy9/are-swans-dangerous-to-humans HTTP/1.1" 200 8967 "-" "Mozilla/5.0 (compatible; SemrushBot/7~bl; +http://www.semrush.com/bot.html)"
85.208.96.198 - - [01/Dec/2025:16:16:26 +0100] "GET /platby/qqap/2021-topps-bowman-baseball-hobby-box HTTP/1.1" 200 9427 "-" "Mozilla/5.0 (compatible; SemrushBot/7~bl; +http://www.semrush.com/bot.html)"
185.191.171.3 - - [01/Dec/2025:16:16:49 +0100] "GET /platby/hca/jason-preston-draft-projection HTTP/1.1" 200 5872 "-" "Mozilla/5.0 (compatible; SemrushBot/7~bl; +http://www.semrush.com/bot.html)"
85.208.96.210 - - [01/Dec/2025:16:17:06 +0100] "GET /platby/72zbxoz/best-neo-geo-emulator-for-android HTTP/1.1" 200 7483 "-" "Mozilla/5.0 (compatible; SemrushBot/7~bl; +http://www.semrush.com/bot.html)"
185.191.171.16 - - [01/Dec/2025:16:17:08 +0100] "GET /platby/72zbxoz/devon-holidays-2021-with-hot-tubs HTTP/1.1" 200 8208 "-" "Mozilla/5.0 (compatible; SemrushBot/7~bl; +http://www.semrush.com/bot.html)"
85.208.96.206 - - [01/Dec/2025:16:17:10 +0100] "GET /platby/aohwuyx/flowering-trees-in-mississippi HTTP/1.1" 200 14684 "-" "Mozilla/5.0 (compatible; SemrushBot/7~bl; +http://www.semrush.com/bot.html)"
85.208.96.210 - - [01/Dec/2025:16:17:22 +0100] "GET /platby/qqap/strategies-for-teaching-writing-in-primary-school HTTP/1.1" 200 8126 "-" "Mozilla/5.0 (compatible; SemrushBot/7~bl; +http://www.semrush.com/bot.html)"
172.234.151.239 - - [01/Dec/2025:16:17:25 +0100] "\x16\x03\x01\x01X\x01" 403 265 "-" "-"
141.98.11.181 - - [01/Dec/2025:16:17:28 +0100] "\x16\x03\x01\x02" 403 265 "-" "-"
114.119.139.112 - - [01/Dec/2025:16:17:29 +0100] "GET /platby/article.php?5d4c26=south-african-light-attack-aircraft HTTP/1.1" 200 6716 "http://ispc.klape.eu/platby/article.php?5d4c26=south-african-light-attack-aircraft" "Mozilla/5.0 (Linux; Android 7.0;) AppleWebKit/537.36 (KHTML, like Gecko) Mobile Safari/537.36 (compatible; PetalBot;+https://webmaster.petalsearch.com/site/petalbot)"
185.191.171.16 - - [01/Dec/2025:16:17:47 +0100] "GET /platby/hca/mississippi-planting-zone-map HTTP/1.1" 200 7335 "-" "Mozilla/5.0 (compatible; SemrushBot/7~bl; +http://www.semrush.com/bot.html)"
185.191.171.14 - - [01/Dec/2025:16:17:56 +0100] "GET /platby/uwoy9/california-education-code-hiring-practices HTTP/1.1" 200 9414 "-" "Mozilla/5.0 (compatible; SemrushBot/7~bl; +http://www.semrush.com/bot.html)"
85.208.96.200 - - [01/Dec/2025:16:17:58 +0100] "GET /platby/uwoy9/peacock-characteristics-personality HTTP/1.1" 200 9482 "-" "Mozilla/5.0 (compatible; SemrushBot/7~bl; +http://www.semrush.com/bot.html)"
185.191.171.14 - - [01/Dec/2025:16:18:09 +0100] "GET /platby/qqap/academic-resource-center-ucr HTTP/1.1" 200 8145 "-" "Mozilla/5.0 (compatible; SemrushBot/7~bl; +http://www.semrush.com/bot.html)"
85.208.96.195 - - [01/Dec/2025:16:18:18 +0100] "GET /platby/aohwuyx/painted-trillium-michigan HTTP/1.1" 200 7919 "-" "Mozilla/5.0 (compatible; SemrushBot/7~bl; +http://www.semrush.com/bot.html)"
85.208.96.201 - - [01/Dec/2025:16:18:28 +0100] "GET /platby/hca/crossover-health-stock HTTP/1.1" 200 10149 "-" "Mozilla/5.0 (compatible; SemrushBot/7~bl; +http://www.semrush.com/bot.html)"
185.191.171.7 - - [01/Dec/2025:16:18:45 +0100] "GET /robots.txt HTTP/1.1" 200 54 "-" "Mozilla/5.0 (compatible; SemrushBot/7~bl; +http://www.semrush.com/bot.html)"
85.208.96.199 - - [01/Dec/2025:16:18:45 +0100] "GET /platby/uwoy9/wales-v-argentina-score HTTP/1.1" 200 10382 "-" "Mozilla/5.0 (compatible; SemrushBot/7~bl; +http://www.semrush.com/bot.html)"
185.191.171.5 - - [01/Dec/2025:16:18:51 +0100] "GET /platby/uwoy9/20-minute-upper-body-dumbbell-workout HTTP/1.1" 200 8655 "-" "Mozilla/5.0 (compatible; SemrushBot/7~bl; +http://www.semrush.com/bot.html)"
114.119.152.142 - - [01/Dec/2025:16:19:37 +0100] "GET /platby/article.php?5d4c26=snap-on-tool-box-with-tools HTTP/1.1" 200 6973 "http://ispc.klape.eu/platby/article.php?5d4c26=baldur%27s-gate-2-shadows-of-amn-walkthrough" "Mozilla/5.0 (Linux; Android 7.0;) AppleWebKit/537.36 (KHTML, like Gecko) Mobile Safari/537.36 (compatible; PetalBot;+https://webmaster.petalsearch.com/site/petalbot)"
85.208.96.198 - - [01/Dec/2025:16:20:28 +0100] "GET /platby/uwoy9/whitney-houston-funeral-church HTTP/1.1" 200 11133 "-" "Mozilla/5.0 (compatible; SemrushBot/7~bl; +http://www.semrush.com/bot.html)"
185.191.171.17 - - [01/Dec/2025:16:20:39 +0100] "GET /platby/72zbxoz/do-bluebirds-attack-humans HTTP/1.1" 200 16571 "-" "Mozilla/5.0 (compatible; SemrushBot/7~bl; +http://www.semrush.com/bot.html)"
185.191.171.4 - - [01/Dec/2025:16:20:46 +0100] "GET /platby/hca/madden-21-2022-draft-class HTTP/1.1" 200 5980 "-" "Mozilla/5.0 (compatible; SemrushBot/7~bl; +http://www.semrush.com/bot.html)"
85.208.96.200 - - [01/Dec/2025:16:20:50 +0100] "GET /platby/72zbxoz/highest-paid-nba-player-contract HTTP/1.1" 200 13393 "-" "Mozilla/5.0 (compatible; SemrushBot/7~bl; +http://www.semrush.com/bot.html)"
185.191.171.14 - - [01/Dec/2025:16:20:52 +0100] "GET /platby/uwoy9/huawei-volume-button-not-working HTTP/1.1" 200 14538 "-" "Mozilla/5.0 (compatible; SemrushBot/7~bl; +http://www.semrush.com/bot.html)"
185.191.171.16 - - [01/Dec/2025:16:20:56 +0100] "GET /platby/uwoy9/high-knees-definition HTTP/1.1" 200 8172 "-" "Mozilla/5.0 (compatible; SemrushBot/7~bl; +http://www.semrush.com/bot.html)"
85.208.96.196 - - [01/Dec/2025:16:21:00 +0100] "GET /platby/qqap/how-to-add-another-fingerprint-on-samsung-s20 HTTP/1.1" 200 9638 "-" "Mozilla/5.0 (compatible; SemrushBot/7~bl; +http://www.semrush.com/bot.html)"
185.191.171.1 - - [01/Dec/2025:16:21:22 +0100] "GET /platby/uwoy9/uncompressed-video-format HTTP/1.1" 200 8676 "-" "Mozilla/5.0 (compatible; SemrushBot/7~bl; +http://www.semrush.com/bot.html)"
85.208.96.209 - - [01/Dec/2025:16:21:26 +0100] "GET /platby/hca/samsung-galaxy-a21-case-near-me HTTP/1.1" 200 7719 "-" "Mozilla/5.0 (compatible; SemrushBot/7~bl; +http://www.semrush.com/bot.html)"
101.91.110.13 - - [01/Dec/2025:16:21:27 +0100] "\x16\x03\x01\x011\x01" 403 265 "-" "-"
101.91.110.131 - - [01/Dec/2025:16:21:28 +0100] "GET / HTTP/1.1" 403 269 "-" "Mozilla/5.0 (Macintosh; Intel Mac OS X 10_15_7) AppleWebKit/537.36 (KHTML, like Gecko) Chrome/120.0.0.0 Safari/537.36 Edg/120.0.0.0"
85.208.96.204 - - [01/Dec/2025:16:21:31 +0100] "GET /platby/72zbxoz/providence-health-plan-provider-login HTTP/1.1" 200 8629 "-" "Mozilla/5.0 (compatible; SemrushBot/7~bl; +http://www.semrush.com/bot.html)"
101.91.110.24 - - [01/Dec/2025:16:21:32 +0100] "GET /favicon.ico HTTP/1.1" 403 232 "-" "Mozilla/5.0 (Macintosh; Intel Mac OS X 10_7_0) AppleWebKit/535.11 (KHTML, like Gecko) Chrome/17.0.963.56 Safari/535.11"
101.91.110.163 - - [01/Dec/2025:16:21:34 +0100] "GET /robots.txt HTTP/1.1" 403 231 "-" "Mozilla/5.0 (Macintosh; Intel Mac OS X 10_7_0) AppleWebKit/535.11 (KHTML, like Gecko) Chrome/17.0.963.56 Safari/535.11"
101.91.110.4 - - [01/Dec/2025:16:21:37 +0100] "GET /sitemap.xml HTTP/1.1" 403 232 "-" "Mozilla/5.0 (Macintosh; Intel Mac OS X 10_7_0) AppleWebKit/535.11 (KHTML, like Gecko) Chrome/17.0.963.56 Safari/535.11"
85.208.96.193 - - [01/Dec/2025:16:21:37 +0100] "GET /platby/qqap/dakota-college-at-bottineau-minot HTTP/1.1" 200 7986 "-" "Mozilla/5.0 (compatible; SemrushBot/7~bl; +http://www.semrush.com/bot.html)"
114.119.128.6 - - [01/Dec/2025:16:21:38 +0100] "GET /platby/article.php?5d4c26=off-white-presto-zip-tie-legit-check HTTP/1.1" 200 8252 "http://ispc.klape.eu/platby/article.php?5d4c26=story-of-seasons%3A-trio-of-towns-guide" "Mozilla/5.0 (Linux; Android 7.0;) AppleWebKit/537.36 (KHTML, like Gecko) Mobile Safari/537.36 (compatible; PetalBot;+https://webmaster.petalsearch.com/site/petalbot)"
185.191.171.8 - - [01/Dec/2025:16:21:57 +0100] "GET /platby/qqap/degrees-of-comparison-sentences HTTP/1.1" 200 6415 "-" "Mozilla/5.0 (compatible; SemrushBot/7~bl; +http://www.semrush.com/bot.html)"
85.208.96.193 - - [01/Dec/2025:16:22:24 +0100] "GET /platby/qqap/purple-haze-smoke-shop-florida HTTP/1.1" 200 7462 "-" "Mozilla/5.0 (compatible; SemrushBot/7~bl; +http://www.semrush.com/bot.html)"
85.208.96.194 - - [01/Dec/2025:16:22:29 +0100] "GET /platby/uwoy9/how-to-remove-noise-in-arnold-render-maya HTTP/1.1" 200 13247 "-" "Mozilla/5.0 (compatible; SemrushBot/7~bl; +http://www.semrush.com/bot.html)"
185.191.171.14 - - [01/Dec/2025:16:22:42 +0100] "GET /platby/qqap/adrian-martinez-baseball HTTP/1.1" 200 9356 "-" "Mozilla/5.0 (compatible; SemrushBot/7~bl; +http://www.semrush.com/bot.html)"
185.191.171.6 - - [01/Dec/2025:16:22:44 +0100] "GET /platby/72zbxoz/why-does-my-huawei-p8-lite-keep-shutting-off HTTP/1.1" 200 9717 "-" "Mozilla/5.0 (compatible; SemrushBot/7~bl; +http://www.semrush.com/bot.html)"
85.208.96.194 - - [01/Dec/2025:16:22:46 +0100] "GET /platby/72zbxoz/prince-george-of-cambridge HTTP/1.1" 200 9668 "-" "Mozilla/5.0 (compatible; SemrushBot/7~bl; +http://www.semrush.com/bot.html)"
85.208.96.207 - - [01/Dec/2025:16:22:55 +0100] "GET /platby/72zbxoz/+-18moretakeoutclyde's-gastro-diner,-miles-table,-and-more HTTP/1.1" 200 11782 "-" "Mozilla/5.0 (compatible; SemrushBot/7~bl; +http://www.semrush.com/bot.html)"
195.177.94.189 - - [01/Dec/2025:16:23:28 +0100] "GET /phpmyadmin/scripts/setup.php HTTP/1.1" 200 11106 "-" "Mozilla/4.0 (compatible; MSIE 6.0; MSIE 5.5; Windows NT 5.1) Opera 7.01 [en]"
195.177.94.189 - - [01/Dec/2025:16:23:28 +0100] "POST /phpmyadmin/scripts/setup.php HTTP/1.1" 200 18608 "http://109.105.49.240:8081/phpmyadmin/scripts/setup.php" "Mozilla/4.0 (compatible; MSIE 6.0; MSIE 5.5; Windows NT 5.1) Opera 7.01 [en]"
114.119.152.142 - - [01/Dec/2025:16:23:43 +0100] "GET /platby/article.php?5d4c26=jimmy-eat-world---a-praise-chorus HTTP/1.1" 200 5831 "http://ispc.klape.eu/platby/article.php?5d4c26=filing-a-complaint-against-a-mental-health-professional" "Mozilla/5.0 (Linux; Android 7.0;) AppleWebKit/537.36 (KHTML, like Gecko) Mobile Safari/537.36 (compatible; PetalBot;+https://webmaster.petalsearch.com/site/petalbot)"
185.191.171.12 - - [01/Dec/2025:16:24:31 +0100] "GET /platby/72zbxoz/machine-gun-kelly-tattoo-neck HTTP/1.1" 200 10184 "-" "Mozilla/5.0 (compatible; SemrushBot/7~bl; +http://www.semrush.com/bot.html)"
195.177.94.189 - - [01/Dec/2025:16:24:33 +0100] "GET /phpmyadmin/scripts/setup.php HTTP/1.1" 200 11105 "-" "Mozilla/4.0 (compatible; MSIE 6.0; MSIE 5.5; Windows NT 5.1) Opera 7.01 [en]"
195.177.94.189 - - [01/Dec/2025:16:24:33 +0100] "POST /phpmyadmin/scripts/setup.php HTTP/1.1" 200 18608 "http://109.105.49.240:443/phpmyadmin/scripts/setup.php" "Mozilla/4.0 (compatible; MSIE 6.0; MSIE 5.5; Windows NT 5.1) Opera 7.01 [en]"
85.208.96.207 - - [01/Dec/2025:16:24:44 +0100] "GET /platby/72zbxoz/quantum-natural-resources HTTP/1.1" 200 10358 "-" "Mozilla/5.0 (compatible; SemrushBot/7~bl; +http://www.semrush.com/bot.html)"
85.208.96.194 - - [01/Dec/2025:16:24:51 +0100] "GET /platby/72zbxoz/solar-electricity-handbook-pdf HTTP/1.1" 200 14763 "-" "Mozilla/5.0 (compatible; SemrushBot/7~bl; +http://www.semrush.com/bot.html)"
85.208.96.206 - - [01/Dec/2025:16:25:09 +0100] "GET /platby/qqap/upek-fingerprint-reader-driver-windows-10 HTTP/1.1" 200 11900 "-" "Mozilla/5.0 (compatible; SemrushBot/7~bl; +http://www.semrush.com/bot.html)"
45.135.193.9 - - [01/Dec/2025:16:25:21 +0100] "GET /" 400 468 "-" "-"
85.208.96.199 - - [01/Dec/2025:16:25:23 +0100] "GET /platby/hca/1999-nba-draft-best-players HTTP/1.1" 200 10379 "-" "Mozilla/5.0 (compatible; SemrushBot/7~bl; +http://www.semrush.com/bot.html)"
185.191.171.11 - - [01/Dec/2025:16:25:26 +0100] "GET /platby/hca/eastern-meadowlark-ontario HTTP/1.1" 200 11231 "-" "Mozilla/5.0 (compatible; SemrushBot/7~bl; +http://www.semrush.com/bot.html)"
85.208.96.204 - - [01/Dec/2025:16:25:30 +0100] "GET /platby/qqap/las-vegas-conventions-september-2021 HTTP/1.1" 200 9082 "-" "Mozilla/5.0 (compatible; SemrushBot/7~bl; +http://www.semrush.com/bot.html)"
185.191.171.6 - - [01/Dec/2025:16:25:48 +0100] "GET /platby/hca/darrell-evers-paintings HTTP/1.1" 200 8286 "-" "Mozilla/5.0 (compatible; SemrushBot/7~bl; +http://www.semrush.com/bot.html)"
114.119.140.102 - - [01/Dec/2025:16:25:51 +0100] "GET /platby/article.php?5d4c26=number-to-call-to-listen-to-music HTTP/1.1" 200 7046 "http://ispc.klape.eu/platby/article.php?5d4c26=Rick-May-TF2" "Mozilla/5.0 (Linux; Android 7.0;) AppleWebKit/537.36 (KHTML, like Gecko) Mobile Safari/537.36 (compatible; PetalBot;+https://webmaster.petalsearch.com/site/petalbot)"
185.191.171.2 - - [01/Dec/2025:16:25:58 +0100] "GET /platby/hca/what-is-the-definition-of-philosophy HTTP/1.1" 200 6441 "-" "Mozilla/5.0 (compatible; SemrushBot/7~bl; +http://www.semrush.com/bot.html)"
185.191.171.17 - - [01/Dec/2025:16:26:09 +0100] "GET /platby/qqap/resultant-of-two-forces-at-an-angle-formula HTTP/1.1" 200 9525 "-" "Mozilla/5.0 (compatible; SemrushBot/7~bl; +http://www.semrush.com/bot.html)"
185.191.171.1 - - [01/Dec/2025:16:26:40 +0100] "GET /platby/aohwuyx/jubilantly-make-sentence HTTP/1.1" 200 8466 "-" "Mozilla/5.0 (compatible; SemrushBot/7~bl; +http://www.semrush.com/bot.html)"
85.208.96.197 - - [01/Dec/2025:16:26:46 +0100] "GET /platby/uwoy9/veronica-repens-invasive HTTP/1.1" 200 8467 "-" "Mozilla/5.0 (compatible; SemrushBot/7~bl; +http://www.semrush.com/bot.html)"
185.191.171.3 - - [01/Dec/2025:16:27:06 +0100] "GET /platby/hca/fun-facts-about-rocket-league HTTP/1.1" 200 7333 "-" "Mozilla/5.0 (compatible; SemrushBot/7~bl; +http://www.semrush.com/bot.html)"
85.208.96.193 - - [01/Dec/2025:16:27:11 +0100] "GET /platby/aohwuyx/ozzie-newsome-rookie-card HTTP/1.1" 200 9510 "-" "Mozilla/5.0 (compatible; SemrushBot/7~bl; +http://www.semrush.com/bot.html)"
204.76.203.206 - - [01/Dec/2025:16:27:23 +0100] "GET /" 400 468 "-" "-"
114.119.140.102 - - [01/Dec/2025:16:27:53 +0100] "GET /platby/article.php?5d4c26=grumman-c-2-greyhound HTTP/1.1" 200 6027 "http://ispc.klape.eu/platby/article.php?5d4c26=faraday%27s-law-slideshare" "Mozilla/5.0 (Linux; Android 7.0;) AppleWebKit/537.36 (KHTML, like Gecko) Mobile Safari/537.36 (compatible; PetalBot;+https://webmaster.petalsearch.com/site/petalbot)"
185.191.171.6 - - [01/Dec/2025:16:28:29 +0100] "GET /platby/uwoy9/tech-companies-in-nashville HTTP/1.1" 200 8493 "-" "Mozilla/5.0 (compatible; SemrushBot/7~bl; +http://www.semrush.com/bot.html)"
185.191.171.6 - - [01/Dec/2025:16:28:44 +0100] "GET /platby/hca/is-food-city-owned-by-bashas HTTP/1.1" 200 8540 "-" "Mozilla/5.0 (compatible; SemrushBot/7~bl; +http://www.semrush.com/bot.html)"
141.98.11.181 - - [01/Dec/2025:16:28:48 +0100] "\x16\x03\x01\x02" 403 265 "-" "-"
85.208.96.211 - - [01/Dec/2025:16:28:53 +0100] "GET /platby/qqap/construction-market-trends-2021 HTTP/1.1" 200 9220 "-" "Mozilla/5.0 (compatible; SemrushBot/7~bl; +http://www.semrush.com/bot.html)"
185.191.171.10 - - [01/Dec/2025:16:28:55 +0100] "GET /platby/72zbxoz/pacifica-coconut-probiotic HTTP/1.1" 200 8844 "-" "Mozilla/5.0 (compatible; SemrushBot/7~bl; +http://www.semrush.com/bot.html)"
204.76.203.206 - - [01/Dec/2025:16:28:57 +0100] "GET / HTTP/1.1" 200 316 "-" "Mozilla/5.0 (Windows NT 10.0; Win64; x64) AppleWebKit/537.36 (KHTML, like Gecko) Chrome/90.0.4430.85 Safari/537.36 Edg/90.0.818.46"
85.208.96.206 - - [01/Dec/2025:16:29:07 +0100] "GET /platby/hca/wading-pool-pronunciation HTTP/1.1" 200 11398 "-" "Mozilla/5.0 (compatible; SemrushBot/7~bl; +http://www.semrush.com/bot.html)"
185.191.171.11 - - [01/Dec/2025:16:29:11 +0100] "GET /platby/qqap/fluent-synonym-for-resume HTTP/1.1" 200 11403 "-" "Mozilla/5.0 (compatible; SemrushBot/7~bl; +http://www.semrush.com/bot.html)"
185.191.171.12 - - [01/Dec/2025:16:29:45 +0100] "GET /platby/uwoy9/yellow-jacket-fortnite HTTP/1.1" 200 12444 "-" "Mozilla/5.0 (compatible; SemrushBot/7~bl; +http://www.semrush.com/bot.html)"
114.119.149.2 - - [01/Dec/2025:16:30:00 +0100] "GET /platby/hca/before-you-can-say-jack-robinson-sentence HTTP/1.1" 200 10893 "http://ispc.klape.eu/platby/hca/best-12-year-old-soccer-player" "Mozilla/5.0 (Linux; Android 7.0;) AppleWebKit/537.36 (KHTML, like Gecko) Mobile Safari/537.36 (compatible; PetalBot;+https://webmaster.petalsearch.com/site/petalbot)"
141.98.11.181 - - [01/Dec/2025:16:30:16 +0100] "\x16\x03\x01\x02" 403 265 "-" "-"
85.208.96.204 - - [01/Dec/2025:16:30:19 +0100] "GET /platby/72zbxoz/walmart-phone-cases-samsung HTTP/1.1" 200 13713 "-" "Mozilla/5.0 (compatible; SemrushBot/7~bl; +http://www.semrush.com/bot.html)"
85.208.96.210 - - [01/Dec/2025:16:30:27 +0100] "GET /platby/qqap/health-effects-of-chromium-in-drinking-water HTTP/1.1" 200 7375 "-" "Mozilla/5.0 (compatible; SemrushBot/7~bl; +http://www.semrush.com/bot.html)"
185.191.171.17 - - [01/Dec/2025:16:30:31 +0100] "GET /platby/hca/basis-independent-sports HTTP/1.1" 200 13381 "-" "Mozilla/5.0 (compatible; SemrushBot/7~bl; +http://www.semrush.com/bot.html)"
85.208.96.204 - - [01/Dec/2025:16:31:27 +0100] "GET /platby/qqap/oscar-skagerberg-country HTTP/1.1" 200 10157 "-" "Mozilla/5.0 (compatible; SemrushBot/7~bl; +http://www.semrush.com/bot.html)"
85.208.96.196 - - [01/Dec/2025:16:31:32 +0100] "GET /platby/uwoy9/thunder-mcqueen-shoes HTTP/1.1" 200 14133 "-" "Mozilla/5.0 (compatible; SemrushBot/7~bl; +http://www.semrush.com/bot.html)"
85.208.96.198 - - [01/Dec/2025:16:31:49 +0100] "GET /platby/qqap/queensland-high-schools HTTP/1.1" 200 6196 "-" "Mozilla/5.0 (compatible; SemrushBot/7~bl; +http://www.semrush.com/bot.html)"
85.208.96.206 - - [01/Dec/2025:16:31:52 +0100] "GET /platby/72zbxoz/anthony-ramos-children HTTP/1.1" 200 8369 "-" "Mozilla/5.0 (compatible; SemrushBot/7~bl; +http://www.semrush.com/bot.html)"
114.119.140.102 - - [01/Dec/2025:16:32:04 +0100] "GET /platby/uwoy9/how-to-promote-diversity,-equity-and-inclusion HTTP/1.1" 200 11369 "http://ispc.klape.eu/platby/uwoy9/how-to-promote-diversity,-equity-and-inclusion" "Mozilla/5.0 (Linux; Android 7.0;) AppleWebKit/537.36 (KHTML, like Gecko) Mobile Safari/537.36 (compatible; PetalBot;+https://webmaster.petalsearch.com/site/petalbot)"
78.153.140.195 - - [01/Dec/2025:16:32:32 +0100] "\x16\x03\x01" 403 265 "-" "-"
78.153.140.195 - - [01/Dec/2025:16:32:32 +0100] "\x16\x03\x01" 403 265 "-" "-"
185.191.171.8 - - [01/Dec/2025:16:32:34 +0100] "GET /platby/uwoy9/sea-containers-tripadvisor HTTP/1.1" 200 8716 "-" "Mozilla/5.0 (compatible; SemrushBot/7~bl; +http://www.semrush.com/bot.html)"
185.191.171.8 - - [01/Dec/2025:16:32:54 +0100] "GET /platby/aohwuyx/when-did-steeplechase-park-open HTTP/1.1" 200 10631 "-" "Mozilla/5.0 (compatible; SemrushBot/7~bl; +http://www.semrush.com/bot.html)"
85.208.96.209 - - [01/Dec/2025:16:32:58 +0100] "GET /platby/hca/journal-prompts-for-loneliness HTTP/1.1" 200 6260 "-" "Mozilla/5.0 (compatible; SemrushBot/7~bl; +http://www.semrush.com/bot.html)"
185.191.171.7 - - [01/Dec/2025:16:33:09 +0100] "GET /platby/hca/educational-leadership-philosophy HTTP/1.1" 200 9915 "-" "Mozilla/5.0 (compatible; SemrushBot/7~bl; +http://www.semrush.com/bot.html)"
85.208.96.199 - - [01/Dec/2025:16:33:12 +0100] "GET /platby/aohwuyx/the-norton-introduction-to-literature HTTP/1.1" 200 10029 "-" "Mozilla/5.0 (compatible; SemrushBot/7~bl; +http://www.semrush.com/bot.html)"
85.208.96.212 - - [01/Dec/2025:16:33:21 +0100] "GET /platby/aohwuyx/black-lives-matter-campaign-ideas HTTP/1.1" 200 10113 "-" "Mozilla/5.0 (compatible; SemrushBot/7~bl; +http://www.semrush.com/bot.html)"
85.208.96.196 - - [01/Dec/2025:16:33:23 +0100] "GET /platby/aohwuyx/heart-similar-sounding-words HTTP/1.1" 200 9983 "-" "Mozilla/5.0 (compatible; SemrushBot/7~bl; +http://www.semrush.com/bot.html)"
85.208.96.199 - - [01/Dec/2025:16:33:35 +0100] "GET /platby/uwoy9/david-montgomery-2021 HTTP/1.1" 200 10147 "-" "Mozilla/5.0 (compatible; SemrushBot/7~bl; +http://www.semrush.com/bot.html)"
185.191.171.18 - - [01/Dec/2025:16:33:42 +0100] "GET /platby/hca/hydrangea-root-system HTTP/1.1" 200 9499 "-" "Mozilla/5.0 (compatible; SemrushBot/7~bl; +http://www.semrush.com/bot.html)"
141.98.11.170 - - [01/Dec/2025:16:33:48 +0100] "GET /" 400 468 "-" "-"
66.249.79.4 - - [01/Dec/2025:16:33:49 +0100] "\x16\x03\x01\x02" 403 265 "-" "-"
114.119.140.102 - - [01/Dec/2025:16:34:09 +0100] "GET /platby/uwoy9/nigeria-women's-national-under-17-football-team HTTP/1.1" 200 10295 "http://ispc.klape.eu/platby/uwoy9/ritz-carlton%2C-st-thomas-shop" "Mozilla/5.0 (Linux; Android 7.0;) AppleWebKit/537.36 (KHTML, like Gecko) Mobile Safari/537.36 (compatible; PetalBot;+https://webmaster.petalsearch.com/site/petalbot)"
185.191.171.8 - - [01/Dec/2025:16:34:12 +0100] "GET /platby/qqap/carter-bins-fangraphs HTTP/1.1" 200 10695 "-" "Mozilla/5.0 (compatible; SemrushBot/7~bl; +http://www.semrush.com/bot.html)"
185.191.171.14 - - [01/Dec/2025:16:34:20 +0100] "GET /platby/aohwuyx/jira-cloud-premium-pricing HTTP/1.1" 200 7460 "-" "Mozilla/5.0 (compatible; SemrushBot/7~bl; +http://www.semrush.com/bot.html)"
85.208.96.212 - - [01/Dec/2025:16:35:07 +0100] "GET /platby/uwoy9/xbox-wireless-controller HTTP/1.1" 200 10651 "-" "Mozilla/5.0 (compatible; SemrushBot/7~bl; +http://www.semrush.com/bot.html)"
85.208.96.207 - - [01/Dec/2025:16:35:29 +0100] "GET /platby/hca/association-and-causation-in-epidemiology-ppt HTTP/1.1" 200 7881 "-" "Mozilla/5.0 (compatible; SemrushBot/7~bl; +http://www.semrush.com/bot.html)"
98.83.72.38 - - [01/Dec/2025:16:35:36 +0100] "GET /platby/uwoy9/manchester-united-fifa-20-sofifa HTTP/1.1" 200 12938 "-" "Mozilla/5.0 AppleWebKit/537.36 (KHTML, like Gecko; compatible; Amazonbot/0.1; +https://developer.amazon.com/support/amazonbot) Chrome/119.0.6045.214 Safari/537.36"
34.194.14.255 - - [01/Dec/2025:16:35:40 +0100] "GET /platby/uwoy9/gliac-volleyball-tournament-2021-bracket HTTP/1.1" 200 10154 "-" "Mozilla/5.0 AppleWebKit/537.36 (KHTML, like Gecko; compatible; Amazonbot/0.1; +https://developer.amazon.com/support/amazonbot) Chrome/119.0.6045.214 Safari/537.36"
34.225.87.80 - - [01/Dec/2025:16:35:42 +0100] "GET /platby/uwoy9/nvs-chandigarh-recruitment-2021 HTTP/1.1" 200 9321 "-" "Mozilla/5.0 AppleWebKit/537.36 (KHTML, like Gecko; compatible; Amazonbot/0.1; +https://developer.amazon.com/support/amazonbot) Chrome/119.0.6045.214 Safari/537.36"
185.191.171.17 - - [01/Dec/2025:16:35:46 +0100] "GET /platby/aohwuyx/vladislav-namestnikov HTTP/1.1" 200 7785 "-" "Mozilla/5.0 (compatible; SemrushBot/7~bl; +http://www.semrush.com/bot.html)"
52.6.97.88 - - [01/Dec/2025:16:35:48 +0100] "GET /platby/uwoy9/bo-jackson-1990-score-football-card-value HTTP/1.1" 200 8200 "-" "Mozilla/5.0 AppleWebKit/537.36 (KHTML, like Gecko; compatible; Amazonbot/0.1; +https://developer.amazon.com/support/amazonbot) Chrome/119.0.6045.214 Safari/537.36"
85.208.96.211 - - [01/Dec/2025:16:35:50 +0100] "GET /platby/uwoy9/pirates-trade-rumors-2020 HTTP/1.1" 200 11555 "-" "Mozilla/5.0 (compatible; SemrushBot/7~bl; +http://www.semrush.com/bot.html)"
85.208.96.210 - - [01/Dec/2025:16:36:13 +0100] "GET /platby/hca/apache-web-server-definition HTTP/1.1" 200 7186 "-" "Mozilla/5.0 (compatible; SemrushBot/7~bl; +http://www.semrush.com/bot.html)"
114.119.139.112 - - [01/Dec/2025:16:36:15 +0100] "GET /platby/uwoy9/difference-between-basic-authentication-and-token-based-authentication HTTP/1.1" 200 11115 "http://ispc.klape.eu/platby/uwoy9/difference-between-basic-authentication-and-token-based-authentication" "Mozilla/5.0 (Linux; Android 7.0;) AppleWebKit/537.36 (KHTML, like Gecko) Mobile Safari/537.36 (compatible; PetalBot;+https://webmaster.petalsearch.com/site/petalbot)"
185.191.171.6 - - [01/Dec/2025:16:36:35 +0100] "GET /platby/hca/space-mission-engineering-pdf HTTP/1.1" 200 14348 "-" "Mozilla/5.0 (compatible; SemrushBot/7~bl; +http://www.semrush.com/bot.html)"
85.208.96.194 - - [01/Dec/2025:16:36:54 +0100] "GET /platby/qqap/interesting-science-facts-about-the-human-body HTTP/1.1" 200 7812 "-" "Mozilla/5.0 (compatible; SemrushBot/7~bl; +http://www.semrush.com/bot.html)"
185.191.171.18 - - [01/Dec/2025:16:36:58 +0100] "GET /platby/72zbxoz/where-do-hellbenders-live HTTP/1.1" 200 10072 "-" "Mozilla/5.0 (compatible; SemrushBot/7~bl; +http://www.semrush.com/bot.html)"
85.208.96.199 - - [01/Dec/2025:16:37:41 +0100] "GET /platby/uwoy9/yellow-wildflowers-in-oklahoma HTTP/1.1" 200 8657 "-" "Mozilla/5.0 (compatible; SemrushBot/7~bl; +http://www.semrush.com/bot.html)"
85.208.96.199 - - [01/Dec/2025:16:37:42 +0100] "GET /platby/qqap/project-management-in-sharepoint-365 HTTP/1.1" 200 11298 "-" "Mozilla/5.0 (compatible; SemrushBot/7~bl; +http://www.semrush.com/bot.html)"
85.208.96.198 - - [01/Dec/2025:16:37:43 +0100] "GET /platby/hca/penelope-pronunciation-greek HTTP/1.1" 200 6257 "-" "Mozilla/5.0 (compatible; SemrushBot/7~bl; +http://www.semrush.com/bot.html)"
185.191.171.11 - - [01/Dec/2025:16:37:45 +0100] "GET /platby/qqap/how-to-write-a-statement-of-purpose HTTP/1.1" 200 13143 "-" "Mozilla/5.0 (compatible; SemrushBot/7~bl; +http://www.semrush.com/bot.html)"
85.208.96.211 - - [01/Dec/2025:16:38:17 +0100] "GET /platby/qqap/xray-jira-tutorial-guru99 HTTP/1.1" 200 12700 "-" "Mozilla/5.0 (compatible; SemrushBot/7~bl; +http://www.semrush.com/bot.html)"
114.119.152.142 - - [01/Dec/2025:16:38:21 +0100] "GET /platby/qqap/ryan-nugent-hopkins-wedding HTTP/1.1" 200 9839 "http://ispc.klape.eu/platby/qqap/how-far-is-jacksonville-arkansas-from-little-rock-arkansas" "Mozilla/5.0 (Linux; Android 7.0;) AppleWebKit/537.36 (KHTML, like Gecko) Mobile Safari/537.36 (compatible; PetalBot;+https://webmaster.petalsearch.com/site/petalbot)"
85.208.96.205 - - [01/Dec/2025:16:38:32 +0100] "GET /platby/uwoy9/summer-winter-olympic-challenge HTTP/1.1" 200 9565 "-" "Mozilla/5.0 (compatible; SemrushBot/7~bl; +http://www.semrush.com/bot.html)"
85.208.96.205 - - [01/Dec/2025:16:38:57 +0100] "GET /platby/qqap/hennepin-county-naacp HTTP/1.1" 200 12038 "-" "Mozilla/5.0 (compatible; SemrushBot/7~bl; +http://www.semrush.com/bot.html)"
185.191.171.9 - - [01/Dec/2025:16:39:28 +0100] "GET /platby/aohwuyx/rhian-brewster-parents HTTP/1.1" 200 12526 "-" "Mozilla/5.0 (compatible; SemrushBot/7~bl; +http://www.semrush.com/bot.html)"
85.208.96.200 - - [01/Dec/2025:16:39:58 +0100] "GET /platby/72zbxoz/flea-market-pronunciation HTTP/1.1" 200 9984 "-" "Mozilla/5.0 (compatible; SemrushBot/7~bl; +http://www.semrush.com/bot.html)"
185.191.171.13 - - [01/Dec/2025:16:40:00 +0100] "GET /platby/uwoy9/gwinnett-county-breaking-news HTTP/1.1" 200 13907 "-" "Mozilla/5.0 (compatible; SemrushBot/7~bl; +http://www.semrush.com/bot.html)"
185.191.171.16 - - [01/Dec/2025:16:40:10 +0100] "GET /platby/uwoy9/used-bricks-for-sale-near-me HTTP/1.1" 200 8754 "-" "Mozilla/5.0 (compatible; SemrushBot/7~bl; +http://www.semrush.com/bot.html)"
185.191.171.9 - - [01/Dec/2025:16:40:21 +0100] "GET /platby/hca/ingrid-michaelson-over-you-ukulele-chords HTTP/1.1" 200 10306 "-" "Mozilla/5.0 (compatible; SemrushBot/7~bl; +http://www.semrush.com/bot.html)"
114.119.139.112 - - [01/Dec/2025:16:40:26 +0100] "GET /platby/uwoy9/how-to-grow-bubba-kush-from-seed HTTP/1.1" 200 13076 "http://ispc.klape.eu/platby/uwoy9/how-to-grow-bubba-kush-from-seed" "Mozilla/5.0 (Linux; Android 7.0;) AppleWebKit/537.36 (KHTML, like Gecko) Mobile Safari/537.36 (compatible; PetalBot;+https://webmaster.petalsearch.com/site/petalbot)"
85.208.96.202 - - [01/Dec/2025:16:40:32 +0100] "GET /platby/aohwuyx/village-name-generator HTTP/1.1" 200 9042 "-" "Mozilla/5.0 (compatible; SemrushBot/7~bl; +http://www.semrush.com/bot.html)"
85.208.96.204 - - [01/Dec/2025:16:40:59 +0100] "GET /platby/aohwuyx/doraemon:-nobita's-new-dinosaur-sub-indo HTTP/1.1" 200 8536 "-" "Mozilla/5.0 (compatible; SemrushBot/7~bl; +http://www.semrush.com/bot.html)"
185.191.171.18 - - [01/Dec/2025:16:41:13 +0100] "GET /platby/72zbxoz/vikings-vs-seahawks-2020 HTTP/1.1" 200 7126 "-" "Mozilla/5.0 (compatible; SemrushBot/7~bl; +http://www.semrush.com/bot.html)"
204.76.203.212 - - [01/Dec/2025:16:41:19 +0100] "GET /" 400 468 "-" "-"
85.208.96.199 - - [01/Dec/2025:16:41:26 +0100] "GET /platby/aohwuyx/benefits-of-microsoft-teams-for-teachers HTTP/1.1" 200 10024 "-" "Mozilla/5.0 (compatible; SemrushBot/7~bl; +http://www.semrush.com/bot.html)"
20.38.33.1 - - [01/Dec/2025:16:41:33 +0100] "GET / HTTP/1.1" 200 2492 "-" "Mozilla/5.0 zgrab/0.x"
85.208.96.210 - - [01/Dec/2025:16:41:44 +0100] "GET /platby/qqap/ramifications-synonym HTTP/1.1" 200 8723 "-" "Mozilla/5.0 (compatible; SemrushBot/7~bl; +http://www.semrush.com/bot.html)"
85.208.96.196 - - [01/Dec/2025:16:42:05 +0100] "GET /platby/hca/arena-football-teams-that-folded HTTP/1.1" 200 12236 "-" "Mozilla/5.0 (compatible; SemrushBot/7~bl; +http://www.semrush.com/bot.html)"
185.191.171.10 - - [01/Dec/2025:16:42:07 +0100] "GET /platby/qqap/don't-compare-yourself-to-others-quotes-sun-and-moon HTTP/1.1" 200 11642 "-" "Mozilla/5.0 (compatible; SemrushBot/7~bl; +http://www.semrush.com/bot.html)"
185.191.171.13 - - [01/Dec/2025:16:42:11 +0100] "GET /platby/qqap/west-bromwich-albion-contact-number HTTP/1.1" 200 5424 "-" "Mozilla/5.0 (compatible; SemrushBot/7~bl; +http://www.semrush.com/bot.html)"
114.119.129.163 - - [01/Dec/2025:16:42:31 +0100] "GET /platby/qqap/national-center-for-faculty-development-and-diversity-detroit HTTP/1.1" 200 11154 "http://ispc.klape.eu/platby/qqap/national-center-for-faculty-development-and-diversity-detroit" "Mozilla/5.0 (Linux; Android 7.0;) AppleWebKit/537.36 (KHTML, like Gecko) Mobile Safari/537.36 (compatible; PetalBot;+https://webmaster.petalsearch.com/site/petalbot)"
85.208.96.193 - - [01/Dec/2025:16:42:38 +0100] "GET /platby/hca/example-of-medium-sentences HTTP/1.1" 200 7129 "-" "Mozilla/5.0 (compatible; SemrushBot/7~bl; +http://www.semrush.com/bot.html)"
85.208.96.196 - - [01/Dec/2025:16:42:45 +0100] "GET /platby/72zbxoz/sheldon-college-canada HTTP/1.1" 200 12486 "-" "Mozilla/5.0 (compatible; SemrushBot/7~bl; +http://www.semrush.com/bot.html)"
93.158.91.10 - - [01/Dec/2025:16:42:49 +0100] "\x16\x03\x01\x01\x1a\x01" 403 265 "-" "-"
185.191.171.7 - - [01/Dec/2025:16:43:29 +0100] "GET /platby/uwoy9/michael-jordan-kids-twins HTTP/1.1" 200 9383 "-" "Mozilla/5.0 (compatible; SemrushBot/7~bl; +http://www.semrush.com/bot.html)"
85.208.96.196 - - [01/Dec/2025:16:44:01 +0100] "GET /platby/72zbxoz/what-does-sans-stand-for-in-french HTTP/1.1" 200 11065 "-" "Mozilla/5.0 (compatible; SemrushBot/7~bl; +http://www.semrush.com/bot.html)"
185.191.171.9 - - [01/Dec/2025:16:44:12 +0100] "GET /platby/aohwuyx/david-tennant-harry-potter HTTP/1.1" 200 7659 "-" "Mozilla/5.0 (compatible; SemrushBot/7~bl; +http://www.semrush.com/bot.html)"
85.208.96.193 - - [01/Dec/2025:16:44:13 +0100] "GET /platby/aohwuyx/bellagio-restrictions HTTP/1.1" 200 10105 "-" "Mozilla/5.0 (compatible; SemrushBot/7~bl; +http://www.semrush.com/bot.html)"
85.208.96.196 - - [01/Dec/2025:16:44:16 +0100] "GET /platby/72zbxoz/utes-football-schedule HTTP/1.1" 200 12784 "-" "Mozilla/5.0 (compatible; SemrushBot/7~bl; +http://www.semrush.com/bot.html)"
185.191.171.11 - - [01/Dec/2025:16:44:29 +0100] "GET /platby/uwoy9/are-the-vinsmokes-celestial-dragons HTTP/1.1" 200 13485 "-" "Mozilla/5.0 (compatible; SemrushBot/7~bl; +http://www.semrush.com/bot.html)"
85.208.96.198 - - [01/Dec/2025:16:44:34 +0100] "GET /platby/aohwuyx/famous-kansas-citians HTTP/1.1" 200 7482 "-" "Mozilla/5.0 (compatible; SemrushBot/7~bl; +http://www.semrush.com/bot.html)"
114.119.139.112 - - [01/Dec/2025:16:44:48 +0100] "GET /platby/uwoy9/dog-friendly-places-in-portland,-oregon HTTP/1.1" 200 13308 "http://ispc.klape.eu/platby/uwoy9/dog-friendly-places-in-portland,-oregon" "Mozilla/5.0 (Linux; Android 7.0;) AppleWebKit/537.36 (KHTML, like Gecko) Mobile Safari/537.36 (compatible; PetalBot;+https://webmaster.petalsearch.com/site/petalbot)"
85.208.96.206 - - [01/Dec/2025:16:44:55 +0100] "GET /platby/uwoy9/miami-dolphins-2021-predictions HTTP/1.1" 200 9730 "-" "Mozilla/5.0 (compatible; SemrushBot/7~bl; +http://www.semrush.com/bot.html)"
85.208.96.206 - - [01/Dec/2025:16:44:57 +0100] "GET /platby/uwoy9/diy-fireworks-firing-system HTTP/1.1" 200 8314 "-" "Mozilla/5.0 (compatible; SemrushBot/7~bl; +http://www.semrush.com/bot.html)"
185.191.171.7 - - [01/Dec/2025:16:45:31 +0100] "GET /platby/uwoy9/fleetwood-tower-apartments HTTP/1.1" 200 12063 "-" "Mozilla/5.0 (compatible; SemrushBot/7~bl; +http://www.semrush.com/bot.html)"
85.208.96.210 - - [01/Dec/2025:16:45:51 +0100] "GET /platby/qqap/the-masterpiece-children's-book HTTP/1.1" 200 6937 "-" "Mozilla/5.0 (compatible; SemrushBot/7~bl; +http://www.semrush.com/bot.html)"
185.191.171.13 - - [01/Dec/2025:16:45:56 +0100] "GET /platby/72zbxoz/basis-peoria-calendar-2021-2022 HTTP/1.1" 200 11902 "-" "Mozilla/5.0 (compatible; SemrushBot/7~bl; +http://www.semrush.com/bot.html)"
85.208.96.209 - - [01/Dec/2025:16:45:58 +0100] "GET /platby/72zbxoz/2020-prizm-football-hobby-box HTTP/1.1" 200 11279 "-" "Mozilla/5.0 (compatible; SemrushBot/7~bl; +http://www.semrush.com/bot.html)"
85.208.96.201 - - [01/Dec/2025:16:46:02 +0100] "GET /robots.txt HTTP/1.1" 200 54 "-" "Mozilla/5.0 (compatible; SemrushBot/7~bl; +http://www.semrush.com/bot.html)"
85.208.96.210 - - [01/Dec/2025:16:46:03 +0100] "GET /platby/uwoy9/zillow-homes-for-rent-in-west-memphis-arkansas HTTP/1.1" 200 9969 "-" "Mozilla/5.0 (compatible; SemrushBot/7~bl; +http://www.semrush.com/bot.html)"
85.208.96.193 - - [01/Dec/2025:16:46:22 +0100] "GET /platby/hca/somerset-college-staff HTTP/1.1" 200 7253 "-" "Mozilla/5.0 (compatible; SemrushBot/7~bl; +http://www.semrush.com/bot.html)"
185.191.171.13 - - [01/Dec/2025:16:46:24 +0100] "GET /platby/qqap/new-family-medicine-residency-programs-2021 HTTP/1.1" 200 8473 "-" "Mozilla/5.0 (compatible; SemrushBot/7~bl; +http://www.semrush.com/bot.html)"
139.59.83.255 - - [01/Dec/2025:16:46:37 +0100] "GET /ab2g HTTP/1.1" 404 178 "-" "Mozilla/5.0 zgrab/0.x"
139.59.83.255 - - [01/Dec/2025:16:46:38 +0100] "GET /ab2h HTTP/1.1" 404 177 "-" "Mozilla/5.0 zgrab/0.x"
139.59.83.255 - - [01/Dec/2025:16:46:38 +0100] "GET /" 400 468 "-" "-"
85.208.96.205 - - [01/Dec/2025:16:46:38 +0100] "GET /platby/aohwuyx/shrm-virtual-conference-2021 HTTP/1.1" 200 11789 "-" "Mozilla/5.0 (compatible; SemrushBot/7~bl; +http://www.semrush.com/bot.html)"
139.59.83.255 - - [01/Dec/2025:16:46:39 +0100] "GET / HTTP/1.1" 200 2492 "-" "Mozilla/5.0 (Windows NT 10.0; Win64; x64) AppleWebKit/537.36 (KHTML, like Gecko) Chrome/108.0.0.0 Safari/537.36"
139.59.83.255 - - [01/Dec/2025:16:46:39 +0100] "GET /" 400 468 "-" "-"
139.59.83.255 - - [01/Dec/2025:16:46:40 +0100] "GET /download/powershell/ HTTP/1.1" 404 188 "-" "Mozilla/5.0 (Windows NT 6.1; WOW64; Trident/7.0; rv:11.0) like Gecko"
139.59.83.255 - - [01/Dec/2025:16:46:40 +0100] "GET /" 400 468 "-" "-"
