185.191.171.9 - - [01/Dec/2025:17:35:55 +0100] "GET /platby/qqap/someone-who-fights-for-what-is-right HTTP/1.1" 200 13531 "-" "Mozilla/5.0 (compatible; SemrushBot/7~bl; +http://www.semrush.com/bot.html)"
185.191.171.5 - - [01/Dec/2025:17:36:01 +0100] "GET /platby/qqap/microsoft-teams-works-on-phone-but-not-computer HTTP/1.1" 200 8862 "-" "Mozilla/5.0 (compatible; SemrushBot/7~bl; +http://www.semrush.com/bot.html)"
185.191.171.6 - - [01/Dec/2025:17:36:07 +0100] "GET /platby/hca/african-clawed-frog-food HTTP/1.1" 200 13189 "-" "Mozilla/5.0 (compatible; SemrushBot/7~bl; +http://www.semrush.com/bot.html)"
85.208.96.198 - - [01/Dec/2025:17:36:19 +0100] "GET /platby/uwoy9/jacob-zero-chill-actor HTTP/1.1" 200 13856 "-" "Mozilla/5.0 (compatible; SemrushBot/7~bl; +http://www.semrush.com/bot.html)"
85.208.96.207 - - [01/Dec/2025:17:36:21 +0100] "GET /platby/72zbxoz/math-strategies-2nd-grade HTTP/1.1" 200 10111 "-" "Mozilla/5.0 (compatible; SemrushBot/7~bl; +http://www.semrush.com/bot.html)"
185.191.171.13 - - [01/Dec/2025:17:36:38 +0100] "GET /platby/uwoy9/heartache-siivagunner HTTP/1.1" 200 13093 "-" "Mozilla/5.0 (compatible; SemrushBot/7~bl; +http://www.semrush.com/bot.html)"
114.119.139.112 - - [01/Dec/2025:17:36:49 +0100] "GET /platby/article.php?5d4c26=panasonic-web-browser-not-working HTTP/1.1" 200 6295 "http://ispc.klape.eu/platby/article.php?5d4c26=old-british-words" "Mozilla/5.0 (Linux; Android 7.0;) AppleWebKit/537.36 (KHTML, like Gecko) Mobile Safari/537.36 (compatible; PetalBot;+https://webmaster.petalsearch.com/site/petalbot)"
85.208.96.196 - - [01/Dec/2025:17:37:12 +0100] "GET /platby/hca/michigan-football-quarterback-transfer HTTP/1.1" 200 5665 "-" "Mozilla/5.0 (compatible; SemrushBot/7~bl; +http://www.semrush.com/bot.html)"
185.191.171.8 - - [01/Dec/2025:17:37:20 +0100] "GET /platby/qqap/chota-caney-fork-wading-boots HTTP/1.1" 200 8988 "-" "Mozilla/5.0 (compatible; SemrushBot/7~bl; +http://www.semrush.com/bot.html)"
185.191.171.9 - - [01/Dec/2025:17:37:44 +0100] "GET /platby/72zbxoz/reasons-why-listening-is-important HTTP/1.1" 200 14811 "-" "Mozilla/5.0 (compatible; SemrushBot/7~bl; +http://www.semrush.com/bot.html)"
104.28.62.11 - - [01/Dec/2025:17:38:09 +0100] "\x16\x03\x01\x05\xfe\x01" 403 265 "-" "-"
104.28.62.11 - - [01/Dec/2025:17:38:09 +0100] "\x16\x03\x01\x06" 403 265 "-" "-"
104.28.62.11 - - [01/Dec/2025:17:38:09 +0100] "\x16\x03\x01\x05\xfe\x01" 403 265 "-" "-"
104.28.62.11 - - [01/Dec/2025:17:38:09 +0100] "\x16\x03\x01\x06" 403 265 "-" "-"
185.191.171.6 - - [01/Dec/2025:17:38:20 +0100] "GET /platby/aohwuyx/sawback-trail-mt-norquay-to-lake-louise HTTP/1.1" 200 12654 "-" "Mozilla/5.0 (compatible; SemrushBot/7~bl; +http://www.semrush.com/bot.html)"
141.98.11.170 - - [01/Dec/2025:17:38:53 +0100] "GET /" 400 468 "-" "-"
114.119.140.102 - - [01/Dec/2025:17:38:56 +0100] "GET /platby/article.php?5d4c26=wet-n-wild-fireworks HTTP/1.1" 200 7464 "http://ispc.klape.eu/platby/article.php?5d4c26=brandi-chastain-bellarmine" "Mozilla/5.0 (Linux; Android 7.0;) AppleWebKit/537.36 (KHTML, like Gecko) Mobile Safari/537.36 (compatible; PetalBot;+https://webmaster.petalsearch.com/site/petalbot)"
85.208.96.199 - - [01/Dec/2025:17:39:15 +0100] "GET /platby/aohwuyx/clothes-to-match-jordan-13-starfish HTTP/1.1" 200 11250 "-" "Mozilla/5.0 (compatible; SemrushBot/7~bl; +http://www.semrush.com/bot.html)"
85.208.96.206 - - [01/Dec/2025:17:39:22 +0100] "GET /platby/hca/how-to-make-immortality-in-little-alchemy HTTP/1.1" 200 9334 "-" "Mozilla/5.0 (compatible; SemrushBot/7~bl; +http://www.semrush.com/bot.html)"
185.191.171.6 - - [01/Dec/2025:17:39:24 +0100] "GET /platby/uwoy9/american-basin-animal HTTP/1.1" 200 14542 "-" "Mozilla/5.0 (compatible; SemrushBot/7~bl; +http://www.semrush.com/bot.html)"
93.123.109.225 - - [01/Dec/2025:17:39:26 +0100] "\x16\x03\x01\x05\xec\x01" 403 265 "-" "-"
43.174.135.27 - - [01/Dec/2025:17:39:31 +0100] "\x16\x03\x01\x06\xdd\x01" 403 265 "-" "-"
43.174.135.27 - - [01/Dec/2025:17:39:31 +0100] "\x16\x03\x01\x06\xfd\x01" 403 265 "-" "-"
185.191.171.10 - - [01/Dec/2025:17:39:35 +0100] "GET /platby/72zbxoz/nightmare-before-christmas-characters HTTP/1.1" 200 8275 "-" "Mozilla/5.0 (compatible; SemrushBot/7~bl; +http://www.semrush.com/bot.html)"
185.191.171.10 - - [01/Dec/2025:17:39:36 +0100] "GET /platby/aohwuyx/living-beings-and-living-things HTTP/1.1" 200 15901 "-" "Mozilla/5.0 (compatible; SemrushBot/7~bl; +http://www.semrush.com/bot.html)"
185.191.171.6 - - [01/Dec/2025:17:40:00 +0100] "GET /platby/hca/julius-randle-city-edition-jersey HTTP/1.1" 200 6535 "-" "Mozilla/5.0 (compatible; SemrushBot/7~bl; +http://www.semrush.com/bot.html)"
43.174.153.18 - - [01/Dec/2025:17:40:03 +0100] "\x16\x03\x01\x07\x1d\x01" 403 265 "-" "-"
43.174.153.18 - - [01/Dec/2025:17:40:03 +0100] "\x16\x03\x01\x06\xdd\x01" 403 265 "-" "-"
185.191.171.7 - - [01/Dec/2025:17:40:20 +0100] "GET /platby/hca/the-fingerprint-sensor-is-not-responding-try-again-later HTTP/1.1" 200 8221 "-" "Mozilla/5.0 (compatible; SemrushBot/7~bl; +http://www.semrush.com/bot.html)"
185.191.171.3 - - [01/Dec/2025:17:40:22 +0100] "GET /platby/uwoy9/list-of-solar-farms-in-victoria HTTP/1.1" 200 11003 "-" "Mozilla/5.0 (compatible; SemrushBot/7~bl; +http://www.semrush.com/bot.html)"
85.208.96.210 - - [01/Dec/2025:17:40:27 +0100] "GET /platby/qqap/congress-of-aboriginal-peoples-logo HTTP/1.1" 200 11714 "-" "Mozilla/5.0 (compatible; SemrushBot/7~bl; +http://www.semrush.com/bot.html)"
185.191.171.3 - - [01/Dec/2025:17:40:36 +0100] "GET /platby/qqap/missouri-llc-registered-agent HTTP/1.1" 200 6926 "-" "Mozilla/5.0 (compatible; SemrushBot/7~bl; +http://www.semrush.com/bot.html)"
195.177.94.189 - - [01/Dec/2025:17:40:42 +0100] "GET /phpmyadmin/scripts/setup.php HTTP/1.1" 200 11106 "-" "Mozilla/4.0 (compatible; MSIE 6.0; MSIE 5.5; Windows NT 5.1) Opera 7.01 [en]"
195.177.94.189 - - [01/Dec/2025:17:40:42 +0100] "POST /phpmyadmin/scripts/setup.php HTTP/1.1" 200 18608 "http://109.105.49.240:8081/phpmyadmin/scripts/setup.php" "Mozilla/4.0 (compatible; MSIE 6.0; MSIE 5.5; Windows NT 5.1) Opera 7.01 [en]"
114.119.152.142 - - [01/Dec/2025:17:41:01 +0100] "GET /platby/article.php?5d4c26=personal-anchor-wow HTTP/1.1" 200 5848 "http://ispc.klape.eu/platby/article.php?5d4c26=amazon-headquarters-2" "Mozilla/5.0 (Linux; Android 7.0;) AppleWebKit/537.36 (KHTML, like Gecko) Mobile Safari/537.36 (compatible; PetalBot;+https://webmaster.petalsearch.com/site/petalbot)"
85.208.96.199 - - [01/Dec/2025:17:41:03 +0100] "GET /platby/uwoy9/oppo-cph1893-pattern-unlock HTTP/1.1" 200 12728 "-" "Mozilla/5.0 (compatible; SemrushBot/7~bl; +http://www.semrush.com/bot.html)"
43.174.127.13 - - [01/Dec/2025:17:41:22 +0100] "\x16\x03\x01\x06\xbd\x01" 403 265 "-" "-"
43.174.127.13 - - [01/Dec/2025:17:41:22 +0100] "\x16\x03\x01\x06\xfd\x01" 403 265 "-" "-"
43.174.127.13 - - [01/Dec/2025:17:41:22 +0100] "\x16\x03\x01\x06\xbd\x01" 403 265 "-" "-"
85.208.96.209 - - [01/Dec/2025:17:41:23 +0100] "GET /platby/72zbxoz/narcity-canadian-tire HTTP/1.1" 200 12765 "-" "Mozilla/5.0 (compatible; SemrushBot/7~bl; +http://www.semrush.com/bot.html)"
43.174.127.13 - - [01/Dec/2025:17:41:23 +0100] "\x16\x03\x01\x06\xdd\x01" 403 265 "-" "-"
185.191.171.6 - - [01/Dec/2025:17:41:24 +0100] "GET /platby/hca/suppasit-jongcheveevat-and-kanawut-relationship HTTP/1.1" 200 9902 "-" "Mozilla/5.0 (compatible; SemrushBot/7~bl; +http://www.semrush.com/bot.html)"
85.208.96.200 - - [01/Dec/2025:17:41:41 +0100] "GET /platby/hca/cell-phone-cases-canada HTTP/1.1" 200 10919 "-" "Mozilla/5.0 (compatible; SemrushBot/7~bl; +http://www.semrush.com/bot.html)"
195.177.94.189 - - [01/Dec/2025:17:41:47 +0100] "GET /phpmyadmin/scripts/setup.php HTTP/1.1" 200 11105 "-" "Mozilla/4.0 (compatible; MSIE 6.0; MSIE 5.5; Windows NT 5.1) Opera 7.01 [en]"
195.177.94.189 - - [01/Dec/2025:17:41:47 +0100] "POST /phpmyadmin/scripts/setup.php HTTP/1.1" 200 18608 "http://109.105.49.240:443/phpmyadmin/scripts/setup.php" "Mozilla/4.0 (compatible; MSIE 6.0; MSIE 5.5; Windows NT 5.1) Opera 7.01 [en]"
43.152.171.184 - - [01/Dec/2025:17:41:55 +0100] "\x16\x03\x01\x06\xbd\x01" 403 265 "-" "-"
43.152.171.184 - - [01/Dec/2025:17:41:55 +0100] "\x16\x03\x01\x06\xbd\x01" 403 265 "-" "-"
185.191.171.14 - - [01/Dec/2025:17:41:58 +0100] "GET /robots.txt HTTP/1.1" 200 54 "-" "Mozilla/5.0 (compatible; SemrushBot/7~bl; +http://www.semrush.com/bot.html)"
185.191.171.15 - - [01/Dec/2025:17:41:59 +0100] "GET /platby/aohwuyx/open-source-intelligence-tools HTTP/1.1" 200 10635 "-" "Mozilla/5.0 (compatible; SemrushBot/7~bl; +http://www.semrush.com/bot.html)"
185.191.171.7 - - [01/Dec/2025:17:42:19 +0100] "GET /platby/qqap/bears-draft-picks-by-year HTTP/1.1" 200 11336 "-" "Mozilla/5.0 (compatible; SemrushBot/7~bl; +http://www.semrush.com/bot.html)"
114.119.152.142 - - [01/Dec/2025:17:43:05 +0100] "GET /platby/article.php?5d4c26=palestinian-territory-occupied-currency-code HTTP/1.1" 200 6991 "http://ispc.klape.eu/platby/article.php?5d4c26=symbolism-in-children%27s-literature" "Mozilla/5.0 (Linux; Android 7.0;) AppleWebKit/537.36 (KHTML, like Gecko) Mobile Safari/537.36 (compatible; PetalBot;+https://webmaster.petalsearch.com/site/petalbot)"
185.191.171.7 - - [01/Dec/2025:17:43:08 +0100] "GET /platby/uwoy9/takeout-westerly-restaurants HTTP/1.1" 200 13498 "-" "Mozilla/5.0 (compatible; SemrushBot/7~bl; +http://www.semrush.com/bot.html)"
185.191.171.14 - - [01/Dec/2025:17:43:20 +0100] "GET /platby/aohwuyx/alexandra-roach-killing-eve HTTP/1.1" 200 11470 "-" "Mozilla/5.0 (compatible; SemrushBot/7~bl; +http://www.semrush.com/bot.html)"
85.208.96.206 - - [01/Dec/2025:17:43:26 +0100] "GET /platby/qqap/iftikhar-ali-khan-pataudi HTTP/1.1" 200 9056 "-" "Mozilla/5.0 (compatible; SemrushBot/7~bl; +http://www.semrush.com/bot.html)"
85.208.96.204 - - [01/Dec/2025:17:43:34 +0100] "GET /platby/72zbxoz/ascent-solar-stock-forecast HTTP/1.1" 200 13089 "-" "Mozilla/5.0 (compatible; SemrushBot/7~bl; +http://www.semrush.com/bot.html)"
66.249.68.4 - - [01/Dec/2025:17:43:36 +0100] "\x16\x03\x01\x02" 403 265 "-" "-"
85.208.96.204 - - [01/Dec/2025:17:44:04 +0100] "GET /platby/72zbxoz/ontario-junior-women's-hockey-league HTTP/1.1" 200 10308 "-" "Mozilla/5.0 (compatible; SemrushBot/7~bl; +http://www.semrush.com/bot.html)"
85.208.96.198 - - [01/Dec/2025:17:44:23 +0100] "GET /platby/hca/sooryavansham-world-record HTTP/1.1" 200 10047 "-" "Mozilla/5.0 (compatible; SemrushBot/7~bl; +http://www.semrush.com/bot.html)"
185.191.171.3 - - [01/Dec/2025:17:44:29 +0100] "GET /platby/hca/thesis-topics-architecture HTTP/1.1" 200 8293 "-" "Mozilla/5.0 (compatible; SemrushBot/7~bl; +http://www.semrush.com/bot.html)"
185.191.171.1 - - [01/Dec/2025:17:44:31 +0100] "GET /platby/72zbxoz/is-haig-sutherland-married HTTP/1.1" 200 13202 "-" "Mozilla/5.0 (compatible; SemrushBot/7~bl; +http://www.semrush.com/bot.html)"
85.208.96.199 - - [01/Dec/2025:17:44:44 +0100] "GET /platby/72zbxoz/boutique-festival-clothing HTTP/1.1" 200 9860 "-" "Mozilla/5.0 (compatible; SemrushBot/7~bl; +http://www.semrush.com/bot.html)"
204.76.203.206 - - [01/Dec/2025:17:44:48 +0100] "GET /" 400 468 "-" "-"
185.191.171.9 - - [01/Dec/2025:17:44:53 +0100] "GET /platby/hca/cheap-video-cameras-for-sale HTTP/1.1" 200 12259 "-" "Mozilla/5.0 (compatible; SemrushBot/7~bl; +http://www.semrush.com/bot.html)"
114.119.129.163 - - [01/Dec/2025:17:45:10 +0100] "GET /platby/article.php?5d4c26=orchestral-manoeuvres-in-the-dark-she's-leaving HTTP/1.1" 200 6392 "http://ispc.klape.eu/platby/article.php?5d4c26=how-to-get-all-the-pok%C3%A9mon-in-let%27s-go%2C-eevee" "Mozilla/5.0 (Linux; Android 7.0;) AppleWebKit/537.36 (KHTML, like Gecko) Mobile Safari/537.36 (compatible; PetalBot;+https://webmaster.petalsearch.com/site/petalbot)"
85.208.96.198 - - [01/Dec/2025:17:45:19 +0100] "GET /platby/hca/division-3-basketball-rankings-2021 HTTP/1.1" 200 11488 "-" "Mozilla/5.0 (compatible; SemrushBot/7~bl; +http://www.semrush.com/bot.html)"
185.191.171.17 - - [01/Dec/2025:17:45:36 +0100] "GET /platby/uwoy9/2020-panini-select-football-best-cards HTTP/1.1" 200 8175 "-" "Mozilla/5.0 (compatible; SemrushBot/7~bl; +http://www.semrush.com/bot.html)"
85.208.96.210 - - [01/Dec/2025:17:45:48 +0100] "GET /platby/aohwuyx/venntel-gravy-analytics HTTP/1.1" 200 12105 "-" "Mozilla/5.0 (compatible; SemrushBot/7~bl; +http://www.semrush.com/bot.html)"
185.191.171.11 - - [01/Dec/2025:17:45:50 +0100] "GET /platby/aohwuyx/nba-schedule-2022-release-date HTTP/1.1" 200 10130 "-" "Mozilla/5.0 (compatible; SemrushBot/7~bl; +http://www.semrush.com/bot.html)"
185.191.171.10 - - [01/Dec/2025:17:45:59 +0100] "GET /platby/72zbxoz/ranker-best-quarterbacks HTTP/1.1" 200 9213 "-" "Mozilla/5.0 (compatible; SemrushBot/7~bl; +http://www.semrush.com/bot.html)"
204.76.203.206 - - [01/Dec/2025:17:46:09 +0100] "GET / HTTP/1.1" 200 316 "-" "Mozilla/5.0 (Windows NT 10.0; Win64; x64) AppleWebKit/537.36 (KHTML, like Gecko) Chrome/90.0.4430.85 Safari/537.36 Edg/90.0.818.46"
185.191.171.10 - - [01/Dec/2025:17:46:20 +0100] "GET /platby/aohwuyx/what-is-persephone-the-goddess-of HTTP/1.1" 200 11192 "-" "Mozilla/5.0 (compatible; SemrushBot/7~bl; +http://www.semrush.com/bot.html)"
185.191.171.14 - - [01/Dec/2025:17:47:12 +0100] "GET /platby/hca/poco-m3-fast-charging-support HTTP/1.1" 200 6786 "-" "Mozilla/5.0 (compatible; SemrushBot/7~bl; +http://www.semrush.com/bot.html)"
114.119.130.237 - - [01/Dec/2025:17:47:18 +0100] "GET /platby/article.php?5d4c26=monos-rotten-tomatoes HTTP/1.1" 200 5974 "http://ispc.klape.eu/platby/article.php?5d4c26=international-public-relations-wikipedia" "Mozilla/5.0 (Linux; Android 7.0;) AppleWebKit/537.36 (KHTML, like Gecko) Mobile Safari/537.36 (compatible; PetalBot;+https://webmaster.petalsearch.com/site/petalbot)"
85.208.96.207 - - [01/Dec/2025:17:47:51 +0100] "GET /platby/72zbxoz/stellaris-shattered-ring-origin-console HTTP/1.1" 200 9982 "-" "Mozilla/5.0 (compatible; SemrushBot/7~bl; +http://www.semrush.com/bot.html)"
185.191.171.1 - - [01/Dec/2025:17:48:03 +0100] "GET /platby/uwoy9/what-is-supply-in-economics HTTP/1.1" 200 13523 "-" "Mozilla/5.0 (compatible; SemrushBot/7~bl; +http://www.semrush.com/bot.html)"
185.191.171.14 - - [01/Dec/2025:17:48:20 +0100] "GET /platby/72zbxoz/training-for-change-super-t HTTP/1.1" 200 17011 "-" "Mozilla/5.0 (compatible; SemrushBot/7~bl; +http://www.semrush.com/bot.html)"
85.208.96.210 - - [01/Dec/2025:17:48:22 +0100] "GET /platby/72zbxoz/omar-richards-rating-fifa-21 HTTP/1.1" 200 9333 "-" "Mozilla/5.0 (compatible; SemrushBot/7~bl; +http://www.semrush.com/bot.html)"
85.208.96.206 - - [01/Dec/2025:17:48:24 +0100] "GET /platby/72zbxoz/use-medium-in-a-sentence-in-contemporary-art HTTP/1.1" 200 10728 "-" "Mozilla/5.0 (compatible; SemrushBot/7~bl; +http://www.semrush.com/bot.html)"
98.80.130.239 - - [01/Dec/2025:17:48:25 +0100] "GET /platby/uwoy9/parking-lot-safety-toolbox-talk HTTP/1.1" 200 16105 "-" "Mozilla/5.0 AppleWebKit/537.36 (KHTML, like Gecko; compatible; Amazonbot/0.1; +https://developer.amazon.com/support/amazonbot) Chrome/119.0.6045.214 Safari/537.36"
44.209.187.99 - - [01/Dec/2025:17:48:29 +0100] "GET /platby/uwoy9/trenton-new-jersey-to-philadelphia HTTP/1.1" 200 14020 "-" "Mozilla/5.0 AppleWebKit/537.36 (KHTML, like Gecko; compatible; Amazonbot/0.1; +https://developer.amazon.com/support/amazonbot) Chrome/119.0.6045.214 Safari/537.36"
52.0.41.164 - - [01/Dec/2025:17:48:29 +0100] "GET /platby/uwoy9/tomb-of-the-unknown-soldier-guard-salary HTTP/1.1" 200 10890 "-" "Mozilla/5.0 AppleWebKit/537.36 (KHTML, like Gecko; compatible; Amazonbot/0.1; +https://developer.amazon.com/support/amazonbot) Chrome/119.0.6045.214 Safari/537.36"
185.191.171.11 - - [01/Dec/2025:17:48:47 +0100] "GET /platby/hca/brittany-allen-houston HTTP/1.1" 200 10844 "-" "Mozilla/5.0 (compatible; SemrushBot/7~bl; +http://www.semrush.com/bot.html)"
185.191.171.18 - - [01/Dec/2025:17:48:55 +0100] "GET /platby/qqap/latest-cosmology-theories HTTP/1.1" 200 8456 "-" "Mozilla/5.0 (compatible; SemrushBot/7~bl; +http://www.semrush.com/bot.html)"
185.191.171.1 - - [01/Dec/2025:17:48:57 +0100] "GET /platby/qqap/bridgewater-state-university HTTP/1.1" 200 11279 "-" "Mozilla/5.0 (compatible; SemrushBot/7~bl; +http://www.semrush.com/bot.html)"
185.191.171.14 - - [01/Dec/2025:17:49:04 +0100] "GET /platby/hca/effects-of-covid-19-on-business-and-research HTTP/1.1" 200 5957 "-" "Mozilla/5.0 (compatible; SemrushBot/7~bl; +http://www.semrush.com/bot.html)"
114.119.139.66 - - [01/Dec/2025:17:49:22 +0100] "GET /platby/article.php?5d4c26=lms-ue-results HTTP/1.1" 200 6343 "http://ispc.klape.eu/platby/article.php?5d4c26=everyday-astronaut-suit" "Mozilla/5.0 (Linux; Android 7.0;) AppleWebKit/537.36 (KHTML, like Gecko) Mobile Safari/537.36 (compatible; PetalBot;+https://webmaster.petalsearch.com/site/petalbot)"
85.208.96.202 - - [01/Dec/2025:17:49:27 +0100] "GET /platby/hca/mckeesport,-pa-crime-rate HTTP/1.1" 200 12489 "-" "Mozilla/5.0 (compatible; SemrushBot/7~bl; +http://www.semrush.com/bot.html)"
34.182.90.56 - - [01/Dec/2025:17:49:47 +0100] "\x16\x03\x01\x05\xe5\x01" 403 265 "-" "-"
34.182.90.56 - - [01/Dec/2025:17:49:47 +0100] "\x16\x03\x01\x05\xe9\x01" 403 265 "-" "-"
35.230.9.176 - - [01/Dec/2025:17:49:50 +0100] "\x16\x03\x01" 403 265 "-" "-"
35.230.9.176 - - [01/Dec/2025:17:49:50 +0100] "GET / HTTP/1.1" 200 313 "-" "Mozilla/5.0 (Windows NT 10.0; Win64; x64; rv:109.0) Gecko/20100101 Firefox/118.0"
35.230.9.176 - - [01/Dec/2025:17:49:50 +0100] "GET / HTTP/1.1" 200 308 "-" "Mozilla/5.0 (Windows NT 10.0; Win64; x64; rv:109.0) Gecko/20100101 Firefox/118.0"
185.191.171.6 - - [01/Dec/2025:17:49:57 +0100] "GET /platby/aohwuyx/anthony-grant-bloom-net-worth HTTP/1.1" 200 11943 "-" "Mozilla/5.0 (compatible; SemrushBot/7~bl; +http://www.semrush.com/bot.html)"
85.208.96.198 - - [01/Dec/2025:17:50:04 +0100] "GET /platby/72zbxoz/advanced-power-services HTTP/1.1" 200 9118 "-" "Mozilla/5.0 (compatible; SemrushBot/7~bl; +http://www.semrush.com/bot.html)"
185.191.171.11 - - [01/Dec/2025:17:50:14 +0100] "GET /platby/qqap/journal-of-aeronautics-&-aerospace-engineering HTTP/1.1" 200 10738 "-" "Mozilla/5.0 (compatible; SemrushBot/7~bl; +http://www.semrush.com/bot.html)"
185.191.171.8 - - [01/Dec/2025:17:50:19 +0100] "GET /platby/uwoy9/philadelphia-soul-players HTTP/1.1" 200 10274 "-" "Mozilla/5.0 (compatible; SemrushBot/7~bl; +http://www.semrush.com/bot.html)"
85.208.96.195 - - [01/Dec/2025:17:51:11 +0100] "GET /platby/hca/vector-addition-calculator---symbolab HTTP/1.1" 200 13687 "-" "Mozilla/5.0 (compatible; SemrushBot/7~bl; +http://www.semrush.com/bot.html)"
85.208.96.195 - - [01/Dec/2025:17:51:17 +0100] "GET /platby/uwoy9/mako-shark-facts-national-geographic HTTP/1.1" 200 8168 "-" "Mozilla/5.0 (compatible; SemrushBot/7~bl; +http://www.semrush.com/bot.html)"
114.119.139.112 - - [01/Dec/2025:17:51:26 +0100] "GET /platby/article.php?5d4c26=jehangir-wadia-email-id HTTP/1.1" 200 6581 "http://ispc.klape.eu/platby/article.php?5d4c26=piston-cup-trophy" "Mozilla/5.0 (Linux; Android 7.0;) AppleWebKit/537.36 (KHTML, like Gecko) Mobile Safari/537.36 (compatible; PetalBot;+https://webmaster.petalsearch.com/site/petalbot)"
85.208.96.193 - - [01/Dec/2025:17:51:47 +0100] "GET /platby/uwoy9/reading-fc-players-released HTTP/1.1" 200 13841 "-" "Mozilla/5.0 (compatible; SemrushBot/7~bl; +http://www.semrush.com/bot.html)"
85.208.96.200 - - [01/Dec/2025:17:51:52 +0100] "GET /platby/72zbxoz/boogie-down-productions-samples HTTP/1.1" 200 12813 "-" "Mozilla/5.0 (compatible; SemrushBot/7~bl; +http://www.semrush.com/bot.html)"
185.191.171.11 - - [01/Dec/2025:17:52:24 +0100] "GET /platby/hca/bird-that-looks-like-a-cardinal-but-is-black HTTP/1.1" 200 7722 "-" "Mozilla/5.0 (compatible; SemrushBot/7~bl; +http://www.semrush.com/bot.html)"
185.191.171.19 - - [01/Dec/2025:17:52:33 +0100] "GET /platby/72zbxoz/explain-the-origin-of-modern-olympic-games HTTP/1.1" 200 12797 "-" "Mozilla/5.0 (compatible; SemrushBot/7~bl; +http://www.semrush.com/bot.html)"
85.208.96.207 - - [01/Dec/2025:17:52:35 +0100] "GET /platby/aohwuyx/how-to-control-anger-in-a-relationship-pdf HTTP/1.1" 200 9334 "-" "Mozilla/5.0 (compatible; SemrushBot/7~bl; +http://www.semrush.com/bot.html)"
85.208.96.204 - - [01/Dec/2025:17:52:36 +0100] "GET /platby/uwoy9/percy-tau-net-worth-2020-in-rands HTTP/1.1" 200 13253 "-" "Mozilla/5.0 (compatible; SemrushBot/7~bl; +http://www.semrush.com/bot.html)"
85.208.96.206 - - [01/Dec/2025:17:52:46 +0100] "GET /platby/aohwuyx/chris-carpenter-family HTTP/1.1" 200 12722 "-" "Mozilla/5.0 (compatible; SemrushBot/7~bl; +http://www.semrush.com/bot.html)"
185.191.171.11 - - [01/Dec/2025:17:52:56 +0100] "GET /platby/aohwuyx/delta-state-basketball HTTP/1.1" 200 12097 "-" "Mozilla/5.0 (compatible; SemrushBot/7~bl; +http://www.semrush.com/bot.html)"
141.98.11.181 - - [01/Dec/2025:17:53:05 +0100] "\x16\x03\x01\x02" 403 265 "-" "-"
85.208.96.205 - - [01/Dec/2025:17:53:07 +0100] "GET /platby/qqap/michael-lewis-podcast HTTP/1.1" 200 7583 "-" "Mozilla/5.0 (compatible; SemrushBot/7~bl; +http://www.semrush.com/bot.html)"
114.119.140.102 - - [01/Dec/2025:17:53:31 +0100] "GET /platby/article.php?5d4c26=how-to-tell-if-an-artillery-shell-is-live HTTP/1.1" 200 7880 "http://ispc.klape.eu/platby/article.php?5d4c26=under-armour-workout-tops" "Mozilla/5.0 (Linux; Android 7.0;) AppleWebKit/537.36 (KHTML, like Gecko) Mobile Safari/537.36 (compatible; PetalBot;+https://webmaster.petalsearch.com/site/petalbot)"
185.191.171.18 - - [01/Dec/2025:17:53:58 +0100] "GET /platby/uwoy9/high-knees-regression HTTP/1.1" 200 12666 "-" "Mozilla/5.0 (compatible; SemrushBot/7~bl; +http://www.semrush.com/bot.html)"
85.208.96.206 - - [01/Dec/2025:17:54:01 +0100] "GET /platby/hca/apha-horse-contact-number HTTP/1.1" 200 13741 "-" "Mozilla/5.0 (compatible; SemrushBot/7~bl; +http://www.semrush.com/bot.html)"
185.191.171.16 - - [01/Dec/2025:17:54:02 +0100] "GET /platby/qqap/razer-basilisk-driver HTTP/1.1" 200 8545 "-" "Mozilla/5.0 (compatible; SemrushBot/7~bl; +http://www.semrush.com/bot.html)"
185.191.171.9 - - [01/Dec/2025:17:54:16 +0100] "GET /platby/qqap/confluence-powerpoint-macro-not-working HTTP/1.1" 200 10115 "-" "Mozilla/5.0 (compatible; SemrushBot/7~bl; +http://www.semrush.com/bot.html)"
185.191.171.11 - - [01/Dec/2025:17:54:20 +0100] "GET /platby/hca/green-v-county-school-board-ruling HTTP/1.1" 200 9539 "-" "Mozilla/5.0 (compatible; SemrushBot/7~bl; +http://www.semrush.com/bot.html)"
85.208.96.210 - - [01/Dec/2025:17:54:23 +0100] "GET /platby/qqap/a-storm-of-swords-illustrated-edition HTTP/1.1" 200 9985 "-" "Mozilla/5.0 (compatible; SemrushBot/7~bl; +http://www.semrush.com/bot.html)"
114.119.149.2 - - [01/Dec/2025:17:55:38 +0100] "GET /platby/article.php?5d4c26=how-to-remove-skins-in-guild-wars-2 HTTP/1.1" 200 6266 "http://ispc.klape.eu/platby/article.php?5d4c26=amplify-snack-brands-wiki" "Mozilla/5.0 (Linux; Android 7.0;) AppleWebKit/537.36 (KHTML, like Gecko) Mobile Safari/537.36 (compatible; PetalBot;+https://webmaster.petalsearch.com/site/petalbot)"
85.208.96.195 - - [01/Dec/2025:17:55:49 +0100] "GET /platby/uwoy9/replace-circuit-breaker-box HTTP/1.1" 200 8793 "-" "Mozilla/5.0 (compatible; SemrushBot/7~bl; +http://www.semrush.com/bot.html)"
185.191.171.17 - - [01/Dec/2025:17:56:25 +0100] "GET /platby/aohwuyx/full-catastrophe-living-mp3 HTTP/1.1" 200 9861 "-" "Mozilla/5.0 (compatible; SemrushBot/7~bl; +http://www.semrush.com/bot.html)"
185.191.171.6 - - [01/Dec/2025:17:56:31 +0100] "GET /platby/qqap/current-issues-involving-the-4th-amendment HTTP/1.1" 200 11929 "-" "Mozilla/5.0 (compatible; SemrushBot/7~bl; +http://www.semrush.com/bot.html)"
185.191.171.8 - - [01/Dec/2025:17:56:36 +0100] "GET /platby/uwoy9/huawei-phone-stuck-in-bootloop HTTP/1.1" 200 14352 "-" "Mozilla/5.0 (compatible; SemrushBot/7~bl; +http://www.semrush.com/bot.html)"
85.208.96.200 - - [01/Dec/2025:17:56:40 +0100] "GET /platby/aohwuyx/green-heron-scientific-name HTTP/1.1" 200 11142 "-" "Mozilla/5.0 (compatible; SemrushBot/7~bl; +http://www.semrush.com/bot.html)"
85.208.96.206 - - [01/Dec/2025:17:56:57 +0100] "GET /platby/72zbxoz/real-madrid-vs-ac-milan-2009 HTTP/1.1" 200 11141 "-" "Mozilla/5.0 (compatible; SemrushBot/7~bl; +http://www.semrush.com/bot.html)"
185.191.171.17 - - [01/Dec/2025:17:57:00 +0100] "GET /platby/uwoy9/reverse-causality-test-stata HTTP/1.1" 200 9462 "-" "Mozilla/5.0 (compatible; SemrushBot/7~bl; +http://www.semrush.com/bot.html)"
185.191.171.19 - - [01/Dec/2025:17:57:09 +0100] "GET /platby/uwoy9/west-reading,-pennsylvania HTTP/1.1" 200 9822 "-" "Mozilla/5.0 (compatible; SemrushBot/7~bl; +http://www.semrush.com/bot.html)"
85.208.96.193 - - [01/Dec/2025:17:57:11 +0100] "GET /platby/uwoy9/seoul-national-university-ranking-in-korea HTTP/1.1" 200 12679 "-" "Mozilla/5.0 (compatible; SemrushBot/7~bl; +http://www.semrush.com/bot.html)"
185.191.171.14 - - [01/Dec/2025:17:57:15 +0100] "GET /platby/qqap/examples-of-implicit-bias-in-the-classroom HTTP/1.1" 200 8059 "-" "Mozilla/5.0 (compatible; SemrushBot/7~bl; +http://www.semrush.com/bot.html)"
85.208.96.202 - - [01/Dec/2025:17:57:28 +0100] "GET /platby/qqap/lichfield-upcoming-events HTTP/1.1" 200 10202 "-" "Mozilla/5.0 (compatible; SemrushBot/7~bl; +http://www.semrush.com/bot.html)"
185.191.171.5 - - [01/Dec/2025:17:57:42 +0100] "GET /platby/72zbxoz/water-parks-in-denver-colorado HTTP/1.1" 200 14605 "-" "Mozilla/5.0 (compatible; SemrushBot/7~bl; +http://www.semrush.com/bot.html)"
114.119.129.163 - - [01/Dec/2025:17:57:44 +0100] "GET /platby/article.php?5d4c26=god-is-good-all-the-time-in-french HTTP/1.1" 200 7228 "http://ispc.klape.eu/platby/article.php?5d4c26=snkrs-app-purchased" "Mozilla/5.0 (Linux; Android 7.0;) AppleWebKit/537.36 (KHTML, like Gecko) Mobile Safari/537.36 (compatible; PetalBot;+https://webmaster.petalsearch.com/site/petalbot)"
185.191.171.19 - - [01/Dec/2025:17:57:47 +0100] "GET /platby/qqap/tennessee-titans-news-clowney HTTP/1.1" 200 6137 "-" "Mozilla/5.0 (compatible; SemrushBot/7~bl; +http://www.semrush.com/bot.html)"
85.208.96.211 - - [01/Dec/2025:17:58:11 +0100] "GET /platby/hca/bundaberg-airport-arrivals HTTP/1.1" 200 11737 "-" "Mozilla/5.0 (compatible; SemrushBot/7~bl; +http://www.semrush.com/bot.html)"
185.191.171.17 - - [01/Dec/2025:17:58:20 +0100] "GET /platby/qqap/render-farm-cost-calculator HTTP/1.1" 200 9914 "-" "Mozilla/5.0 (compatible; SemrushBot/7~bl; +http://www.semrush.com/bot.html)"
185.191.171.3 - - [01/Dec/2025:17:58:35 +0100] "GET /platby/qqap/snl-under-the-boardwalk-bathroom-skit HTTP/1.1" 200 12060 "-" "Mozilla/5.0 (compatible; SemrushBot/7~bl; +http://www.semrush.com/bot.html)"
49.248.192.204 - - [01/Dec/2025:17:59:27 +0100] "\x16\x03\x01\x05\xbb\x01" 403 265 "-" "-"
49.248.192.204 - - [01/Dec/2025:17:59:27 +0100] "\x16\x03\x01\x05\xbb\x01" 403 265 "-" "-"
49.248.192.204 - - [01/Dec/2025:17:59:27 +0100] "\x16\x03\x01\x05\xbb\x01" 403 265 "-" "-"
49.248.192.204 - - [01/Dec/2025:17:59:27 +0100] "\x16\x03\x01\x05\xbb\x01" 403 265 "-" "-"
49.248.192.204 - - [01/Dec/2025:17:59:27 +0100] "\x16\x03\x01\x05\xbb\x01" 403 265 "-" "-"
49.248.192.204 - - [01/Dec/2025:17:59:27 +0100] "\x16\x03\x01\x05\xbb\x01" 403 265 "-" "-"
49.248.192.204 - - [01/Dec/2025:17:59:27 +0100] "\x16\x03\x01\x05\xbb\x01" 403 265 "-" "-"
114.119.129.163 - - [01/Dec/2025:17:59:47 +0100] "GET /platby/article.php?5d4c26=crete-weather-march HTTP/1.1" 200 7447 "http://ispc.klape.eu/platby/article.php?5d4c26=goedendag-dutch-to-english" "Mozilla/5.0 (Linux; Android 7.0;) AppleWebKit/537.36 (KHTML, like Gecko) Mobile Safari/537.36 (compatible; PetalBot;+https://webmaster.petalsearch.com/site/petalbot)"
185.191.171.11 - - [01/Dec/2025:18:00:02 +0100] "GET /platby/72zbxoz/mount-vernon-nazarene-university-football HTTP/1.1" 200 12158 "-" "Mozilla/5.0 (compatible; SemrushBot/7~bl; +http://www.semrush.com/bot.html)"
185.191.171.9 - - [01/Dec/2025:18:00:15 +0100] "GET /platby/hca/bettinardi-headcover-archive HTTP/1.1" 200 11747 "-" "Mozilla/5.0 (compatible; SemrushBot/7~bl; +http://www.semrush.com/bot.html)"
85.208.96.209 - - [01/Dec/2025:18:00:25 +0100] "GET /platby/72zbxoz/2021-mlb-mock-draft-draft-site HTTP/1.1" 200 7754 "-" "Mozilla/5.0 (compatible; SemrushBot/7~bl; +http://www.semrush.com/bot.html)"
185.191.171.11 - - [01/Dec/2025:18:00:27 +0100] "GET /platby/hca/best-strikers-premier-league-2021 HTTP/1.1" 200 6290 "-" "Mozilla/5.0 (compatible; SemrushBot/7~bl; +http://www.semrush.com/bot.html)"
85.208.96.212 - - [01/Dec/2025:18:00:29 +0100] "GET /platby/72zbxoz/penal-colonies-in-australia HTTP/1.1" 200 10035 "-" "Mozilla/5.0 (compatible; SemrushBot/7~bl; +http://www.semrush.com/bot.html)"
185.191.171.10 - - [01/Dec/2025:18:00:38 +0100] "GET /platby/aohwuyx/minneapolis-redlining-map HTTP/1.1" 200 11446 "-" "Mozilla/5.0 (compatible; SemrushBot/7~bl; +http://www.semrush.com/bot.html)"
185.191.171.17 - - [01/Dec/2025:18:00:40 +0100] "GET /platby/qqap/wireless-model-rocket-launch-controller HTTP/1.1" 200 7000 "-" "Mozilla/5.0 (compatible; SemrushBot/7~bl; +http://www.semrush.com/bot.html)"
185.191.171.5 - - [01/Dec/2025:18:01:16 +0100] "GET /platby/qqap/whatever-works-rotten-tomatoes HTTP/1.1" 200 9193 "-" "Mozilla/5.0 (compatible; SemrushBot/7~bl; +http://www.semrush.com/bot.html)"
185.191.171.8 - - [01/Dec/2025:18:01:23 +0100] "GET /platby/qqap/jira-zephyr-integration HTTP/1.1" 200 8370 "-" "Mozilla/5.0 (compatible; SemrushBot/7~bl; +http://www.semrush.com/bot.html)"
85.208.96.207 - - [01/Dec/2025:18:01:49 +0100] "GET /platby/72zbxoz/long-december-chords-piano HTTP/1.1" 200 11973 "-" "Mozilla/5.0 (compatible; SemrushBot/7~bl; +http://www.semrush.com/bot.html)"
114.119.149.2 - - [01/Dec/2025:18:01:53 +0100] "GET /platby/article.php?5d4c26=charles-bolden-omega-psi-phi HTTP/1.1" 200 6829 "http://ispc.klape.eu/platby/article.php?5d4c26=northern-advocate-archives" "Mozilla/5.0 (Linux; Android 7.0;) AppleWebKit/537.36 (KHTML, like Gecko) Mobile Safari/537.36 (compatible; PetalBot;+https://webmaster.petalsearch.com/site/petalbot)"
85.208.96.209 - - [01/Dec/2025:18:02:00 +0100] "GET /platby/72zbxoz/burial-ground-is-an-example-of HTTP/1.1" 200 9434 "-" "Mozilla/5.0 (compatible; SemrushBot/7~bl; +http://www.semrush.com/bot.html)"
85.208.96.200 - - [01/Dec/2025:18:02:19 +0100] "GET /platby/hca/cell-phone-case-brands HTTP/1.1" 200 10398 "-" "Mozilla/5.0 (compatible; SemrushBot/7~bl; +http://www.semrush.com/bot.html)"
185.191.171.10 - - [01/Dec/2025:18:02:21 +0100] "GET /platby/uwoy9/hillcrest-high-school-district-code HTTP/1.1" 200 13040 "-" "Mozilla/5.0 (compatible; SemrushBot/7~bl; +http://www.semrush.com/bot.html)"
185.191.171.17 - - [01/Dec/2025:18:02:23 +0100] "GET /platby/72zbxoz/black-horses-for-sale-in-illinois HTTP/1.1" 200 12836 "-" "Mozilla/5.0 (compatible; SemrushBot/7~bl; +http://www.semrush.com/bot.html)"
185.191.171.4 - - [01/Dec/2025:18:02:42 +0100] "\x16\x03\x01\x01H\x01" 403 265 "-" "-"
185.191.171.4 - - [01/Dec/2025:18:02:43 +0100] "\x16\x03\x01\x01H\x01" 403 265 "-" "-"
66.249.79.172 - - [01/Dec/2025:18:02:49 +0100] "\x16\x03\x01\x02" 403 265 "-" "-"
185.191.171.17 - - [01/Dec/2025:18:02:52 +0100] "GET /platby/72zbxoz/reverse-color-blind-test HTTP/1.1" 200 10456 "-" "Mozilla/5.0 (compatible; SemrushBot/7~bl; +http://www.semrush.com/bot.html)"
185.191.171.11 - - [01/Dec/2025:18:03:08 +0100] "GET /platby/hca/kansas-city-mavericks-arena HTTP/1.1" 200 6079 "-" "Mozilla/5.0 (compatible; SemrushBot/7~bl; +http://www.semrush.com/bot.html)"
85.208.96.200 - - [01/Dec/2025:18:03:54 +0100] "GET /platby/72zbxoz/every-effort-counts-quotes HTTP/1.1" 200 9507 "-" "Mozilla/5.0 (compatible; SemrushBot/7~bl; +http://www.semrush.com/bot.html)"
114.119.139.66 - - [01/Dec/2025:18:04:01 +0100] "GET /platby/article.php?5d4c26=cbc-radio-2-playlog-today HTTP/1.1" 200 7445 "http://ispc.klape.eu/platby/article.php?5d4c26=golden-boy-boxing-on-espn-tonight" "Mozilla/5.0 (Linux; Android 7.0;) AppleWebKit/537.36 (KHTML, like Gecko) Mobile Safari/537.36 (compatible; PetalBot;+https://webmaster.petalsearch.com/site/petalbot)"
185.191.171.18 - - [01/Dec/2025:18:04:04 +0100] "GET /platby/qqap/forward-moving-synonym HTTP/1.1" 200 9607 "-" "Mozilla/5.0 (compatible; SemrushBot/7~bl; +http://www.semrush.com/bot.html)"
185.191.171.16 - - [01/Dec/2025:18:04:11 +0100] "GET /platby/aohwuyx/fifa-21-career-mode-hidden-gems-cb HTTP/1.1" 200 8062 "-" "Mozilla/5.0 (compatible; SemrushBot/7~bl; +http://www.semrush.com/bot.html)"
185.191.171.5 - - [01/Dec/2025:18:04:33 +0100] "GET /platby/qqap/sony-xperia-fingerprint-sensor-not-working HTTP/1.1" 200 13332 "-" "Mozilla/5.0 (compatible; SemrushBot/7~bl; +http://www.semrush.com/bot.html)"
185.191.171.9 - - [01/Dec/2025:18:04:45 +0100] "GET /platby/uwoy9/nonprofit-executive-committee-roles-and-responsibilities HTTP/1.1" 200 14897 "-" "Mozilla/5.0 (compatible; SemrushBot/7~bl; +http://www.semrush.com/bot.html)"
185.191.171.8 - - [01/Dec/2025:18:04:51 +0100] "GET /platby/72zbxoz/houston-themed-wallpaper HTTP/1.1" 200 11647 "-" "Mozilla/5.0 (compatible; SemrushBot/7~bl; +http://www.semrush.com/bot.html)"
85.208.96.209 - - [01/Dec/2025:18:05:02 +0100] "GET /platby/aohwuyx/visually-stunning-music-videos HTTP/1.1" 200 9969 "-" "Mozilla/5.0 (compatible; SemrushBot/7~bl; +http://www.semrush.com/bot.html)"
204.76.203.206 - - [01/Dec/2025:18:05:03 +0100] "GET /" 400 468 "-" "-"
185.191.171.9 - - [01/Dec/2025:18:05:14 +0100] "GET /platby/hca/rennes-players-salary HTTP/1.1" 200 6526 "-" "Mozilla/5.0 (compatible; SemrushBot/7~bl; +http://www.semrush.com/bot.html)"
204.76.203.206 - - [01/Dec/2025:18:05:24 +0100] "GET / HTTP/1.1" 200 316 "-" "Mozilla/5.0 (Windows NT 10.0; Win64; x64) AppleWebKit/537.36 (KHTML, like Gecko) Chrome/90.0.4430.85 Safari/537.36 Edg/90.0.818.46"
85.208.96.195 - - [01/Dec/2025:18:05:26 +0100] "GET /platby/72zbxoz/social-learning-theory HTTP/1.1" 200 11131 "-" "Mozilla/5.0 (compatible; SemrushBot/7~bl; +http://www.semrush.com/bot.html)"
185.191.171.7 - - [01/Dec/2025:18:05:38 +0100] "GET /platby/hca/listening-to-music-illustration HTTP/1.1" 200 8059 "-" "Mozilla/5.0 (compatible; SemrushBot/7~bl; +http://www.semrush.com/bot.html)"
85.208.96.206 - - [01/Dec/2025:18:05:46 +0100] "GET /platby/qqap/did-myles-from-moesha-died HTTP/1.1" 200 8590 "-" "Mozilla/5.0 (compatible; SemrushBot/7~bl; +http://www.semrush.com/bot.html)"
185.191.171.8 - - [01/Dec/2025:18:05:49 +0100] "GET /platby/uwoy9/madea's-family-reunion HTTP/1.1" 200 10753 "-" "Mozilla/5.0 (compatible; SemrushBot/7~bl; +http://www.semrush.com/bot.html)"
114.119.130.237 - - [01/Dec/2025:18:06:05 +0100] "GET /platby/article.php?5d4c26=boundless-attorney-salary HTTP/1.1" 200 5103 "http://ispc.klape.eu/platby/article.php?5d4c26=gondola-lift-safety" "Mozilla/5.0 (Linux; Android 7.0;) AppleWebKit/537.36 (KHTML, like Gecko) Mobile Safari/537.36 (compatible; PetalBot;+https://webmaster.petalsearch.com/site/petalbot)"
85.208.96.200 - - [01/Dec/2025:18:06:24 +0100] "GET /platby/uwoy9/convert-16-bit-executable-to-32-bit HTTP/1.1" 200 11054 "-" "Mozilla/5.0 (compatible; SemrushBot/7~bl; +http://www.semrush.com/bot.html)"
185.191.171.7 - - [01/Dec/2025:18:07:03 +0100] "GET /platby/72zbxoz/cultural-competency-training-powerpoint HTTP/1.1" 200 9939 "-" "Mozilla/5.0 (compatible; SemrushBot/7~bl; +http://www.semrush.com/bot.html)"
185.191.171.13 - - [01/Dec/2025:18:07:05 +0100] "GET /platby/uwoy9/deweyville-texas-news HTTP/1.1" 200 12374 "-" "Mozilla/5.0 (compatible; SemrushBot/7~bl; +http://www.semrush.com/bot.html)"
85.208.96.196 - - [01/Dec/2025:18:07:06 +0100] "GET /platby/qqap/whitey-herzog-baseball-card HTTP/1.1" 200 10714 "-" "Mozilla/5.0 (compatible; SemrushBot/7~bl; +http://www.semrush.com/bot.html)"
185.191.171.8 - - [01/Dec/2025:18:07:56 +0100] "GET /platby/hca/las-palmas-vs-real-madrid-2016 HTTP/1.1" 200 10796 "-" "Mozilla/5.0 (compatible; SemrushBot/7~bl; +http://www.semrush.com/bot.html)"
85.208.96.211 - - [01/Dec/2025:18:07:58 +0100] "GET /platby/72zbxoz/windows-disabled-graphics-card HTTP/1.1" 200 14167 "-" "Mozilla/5.0 (compatible; SemrushBot/7~bl; +http://www.semrush.com/bot.html)"
185.191.171.13 - - [01/Dec/2025:18:07:59 +0100] "GET /platby/uwoy9/triplet-definition-literature HTTP/1.1" 200 7549 "-" "Mozilla/5.0 (compatible; SemrushBot/7~bl; +http://www.semrush.com/bot.html)"
114.119.129.163 - - [01/Dec/2025:18:08:13 +0100] "GET /platby/article.php?5d4c26=boom-beach-hq-16-upgrade-order HTTP/1.1" 200 6221 "http://ispc.klape.eu/platby/article.php?5d4c26=kate-fox-netflix" "Mozilla/5.0 (Linux; Android 7.0;) AppleWebKit/537.36 (KHTML, like Gecko) Mobile Safari/537.36 (compatible; PetalBot;+https://webmaster.petalsearch.com/site/petalbot)"
85.208.96.201 - - [01/Dec/2025:18:08:14 +0100] "GET /platby/hca/2020-washington-football-team-schedule HTTP/1.1" 200 10433 "-" "Mozilla/5.0 (compatible; SemrushBot/7~bl; +http://www.semrush.com/bot.html)"
185.191.171.9 - - [01/Dec/2025:18:08:32 +0100] "GET /robots.txt HTTP/1.1" 200 54 "-" "Mozilla/5.0 (compatible; SemrushBot/7~bl; +http://www.semrush.com/bot.html)"
185.191.171.15 - - [01/Dec/2025:18:08:33 +0100] "GET /platby/qqap/basis-independent-silicon-valley-calendar-2020-2021 HTTP/1.1" 200 15300 "-" "Mozilla/5.0 (compatible; SemrushBot/7~bl; +http://www.semrush.com/bot.html)"
185.191.171.12 - - [01/Dec/2025:18:08:48 +0100] "GET /platby/hca/majek-fashek-performance HTTP/1.1" 200 9716 "-" "Mozilla/5.0 (compatible; SemrushBot/7~bl; +http://www.semrush.com/bot.html)"
185.191.171.7 - - [01/Dec/2025:18:08:51 +0100] "GET /platby/72zbxoz/humans-plural-possessive HTTP/1.1" 200 11347 "-" "Mozilla/5.0 (compatible; SemrushBot/7~bl; +http://www.semrush.com/bot.html)"
185.191.171.11 - - [01/Dec/2025:18:09:02 +0100] "GET /platby/72zbxoz/jira-core-vs-jira-work-management HTTP/1.1" 200 8790 "-" "Mozilla/5.0 (compatible; SemrushBot/7~bl; +http://www.semrush.com/bot.html)"
185.191.171.14 - - [01/Dec/2025:18:09:05 +0100] "GET /platby/hca/why-is-alan-arkin-leaving-the-kominsky-method HTTP/1.1" 200 4981 "-" "Mozilla/5.0 (compatible; SemrushBot/7~bl; +http://www.semrush.com/bot.html)"
85.208.96.212 - - [01/Dec/2025:18:09:15 +0100] "GET /platby/qqap/when-was-the-department-of-interior-created HTTP/1.1" 200 8997 "-" "Mozilla/5.0 (compatible; SemrushBot/7~bl; +http://www.semrush.com/bot.html)"
176.65.132.18 - - [01/Dec/2025:18:09:18 +0100] "\x16\x03\x01" 403 265 "-" "-"
85.208.96.196 - - [01/Dec/2025:18:09:19 +0100] "GET /platby/aohwuyx/poetry-activities-for-adults HTTP/1.1" 200 13309 "-" "Mozilla/5.0 (compatible; SemrushBot/7~bl; +http://www.semrush.com/bot.html)"
85.208.96.211 - - [01/Dec/2025:18:09:38 +0100] "GET /platby/hca/bible-characters-that-made-a-difference HTTP/1.1" 200 8060 "-" "Mozilla/5.0 (compatible; SemrushBot/7~bl; +http://www.semrush.com/bot.html)"
85.208.96.211 - - [01/Dec/2025:18:09:58 +0100] "GET /platby/72zbxoz/goethe-university-frankfurt-master-in-international-management HTTP/1.1" 200 8554 "-" "Mozilla/5.0 (compatible; SemrushBot/7~bl; +http://www.semrush.com/bot.html)"
185.191.171.6 - - [01/Dec/2025:18:10:09 +0100] "GET /platby/hca/redrafting-1989-nba-draft HTTP/1.1" 200 7667 "-" "Mozilla/5.0 (compatible; SemrushBot/7~bl; +http://www.semrush.com/bot.html)"
114.119.128.6 - - [01/Dec/2025:18:10:14 +0100] "GET /platby/article.php?5d4c26=best-time-to-visit-france HTTP/1.1" 200 6027 "http://ispc.klape.eu/platby/article.php?5d4c26=how-to-test-a-capacitor-with-a-multimeter-in-a-circuit" "Mozilla/5.0 (Linux; Android 7.0;) AppleWebKit/537.36 (KHTML, like Gecko) Mobile Safari/537.36 (compatible; PetalBot;+https://webmaster.petalsearch.com/site/petalbot)"
85.208.96.209 - - [01/Dec/2025:18:10:24 +0100] "GET /platby/qqap/when-do-baby-pigeons-leave-the-nest-uk HTTP/1.1" 200 6623 "-" "Mozilla/5.0 (compatible; SemrushBot/7~bl; +http://www.semrush.com/bot.html)"
136.226.3.19 - - [01/Dec/2025:18:10:24 +0100] "\x16\x03\x01\x01K\x01" 403 265 "-" "-"
136.226.3.19 - - [01/Dec/2025:18:10:24 +0100] "\x16\x03\x01\x06\xf7\x01" 403 265 "-" "-"
136.226.3.19 - - [01/Dec/2025:18:10:24 +0100] "\x16\x03\x01\x01K\x01" 403 265 "-" "-"
136.226.3.19 - - [01/Dec/2025:18:10:25 +0100] "\x16\x03\x01\x07\x17\x01" 403 265 "-" "-"
85.208.96.197 - - [01/Dec/2025:18:10:39 +0100] "GET /platby/uwoy9/brooklyn-nets-game-stats-tonight HTTP/1.1" 200 12771 "-" "Mozilla/5.0 (compatible; SemrushBot/7~bl; +http://www.semrush.com/bot.html)"
185.191.171.10 - - [01/Dec/2025:18:11:00 +0100] "GET /platby/qqap/sarpsborg-vs-brann-results HTTP/1.1" 200 8943 "-" "Mozilla/5.0 (compatible; SemrushBot/7~bl; +http://www.semrush.com/bot.html)"
185.191.171.4 - - [01/Dec/2025:18:11:03 +0100] "GET /platby/uwoy9/italy-away-shirt-2021 HTTP/1.1" 200 8555 "-" "Mozilla/5.0 (compatible; SemrushBot/7~bl; +http://www.semrush.com/bot.html)"
85.208.96.202 - - [01/Dec/2025:18:11:38 +0100] "GET /platby/uwoy9/american-crossword-puzzle-tournament-2020 HTTP/1.1" 200 10870 "-" "Mozilla/5.0 (compatible; SemrushBot/7~bl; +http://www.semrush.com/bot.html)"
47.128.38.173 - - [01/Dec/2025:18:11:46 +0100] "\x16\x03\x01\x02" 403 265 "-" "-"
85.208.96.209 - - [01/Dec/2025:18:12:01 +0100] "GET /platby/72zbxoz/large-house-to-rent-lyme-regis HTTP/1.1" 200 8415 "-" "Mozilla/5.0 (compatible; SemrushBot/7~bl; +http://www.semrush.com/bot.html)"
185.191.171.11 - - [01/Dec/2025:18:12:07 +0100] "GET /platby/hca/food-city-maryville-tn-weekly-ad HTTP/1.1" 200 9257 "-" "Mozilla/5.0 (compatible; SemrushBot/7~bl; +http://www.semrush.com/bot.html)"
114.119.152.142 - - [01/Dec/2025:18:12:21 +0100] "GET /platby/article.php?5d4c26=avadon-2-igg HTTP/1.1" 200 6521 "http://ispc.klape.eu/platby/article.php?5d4c26=www-atlas-net" "Mozilla/5.0 (Linux; Android 7.0;) AppleWebKit/537.36 (KHTML, like Gecko) Mobile Safari/537.36 (compatible; PetalBot;+https://webmaster.petalsearch.com/site/petalbot)"
15.235.59.82 - - [01/Dec/2025:18:12:21 +0100] "\x16\x03\x01\x02" 403 265 "-" "-"
85.208.96.205 - - [01/Dec/2025:18:12:35 +0100] "GET /platby/72zbxoz/jerry-lawson-interview HTTP/1.1" 200 10177 "-" "Mozilla/5.0 (compatible; SemrushBot/7~bl; +http://www.semrush.com/bot.html)"
185.191.171.2 - - [01/Dec/2025:18:12:48 +0100] "GET /platby/qqap/artem-dovbyk-whoscored HTTP/1.1" 200 10899 "-" "Mozilla/5.0 (compatible; SemrushBot/7~bl; +http://www.semrush.com/bot.html)"
185.191.171.16 - - [01/Dec/2025:18:12:50 +0100] "GET /platby/aohwuyx/south-korea-1992-olympics HTTP/1.1" 200 12154 "-" "Mozilla/5.0 (compatible; SemrushBot/7~bl; +http://www.semrush.com/bot.html)"
85.208.96.212 - - [01/Dec/2025:18:13:04 +0100] "GET /platby/uwoy9/diskpart-resize-partition-windows-10 HTTP/1.1" 200 11482 "-" "Mozilla/5.0 (compatible; SemrushBot/7~bl; +http://www.semrush.com/bot.html)"
85.208.96.212 - - [01/Dec/2025:18:13:10 +0100] "GET /platby/uwoy9/is-camden-market-open-during-lockdown HTTP/1.1" 200 8653 "-" "Mozilla/5.0 (compatible; SemrushBot/7~bl; +http://www.semrush.com/bot.html)"
192.200.100.74 - - [01/Dec/2025:18:13:11 +0100] "\x16\x03\x01\x05\xde\x01" 403 265 "-" "-"
185.191.171.3 - - [01/Dec/2025:18:13:15 +0100] "GET /platby/qqap/con-altura-urban-dictionary HTTP/1.1" 200 14109 "-" "Mozilla/5.0 (compatible; SemrushBot/7~bl; +http://www.semrush.com/bot.html)"
3.225.9.97 - - [01/Dec/2025:18:13:24 +0100] "GET /platby/uwoy9/strongest-hotel-brand-in-the-world HTTP/1.1" 200 8002 "-" "Mozilla/5.0 AppleWebKit/537.36 (KHTML, like Gecko; compatible; Amazonbot/0.1; +https://developer.amazon.com/support/amazonbot) Chrome/119.0.6045.214 Safari/537.36"
23.21.204.95 - - [01/Dec/2025:18:13:26 +0100] "GET /platby/uwoy9/bahrain-vs-kuwait-football HTTP/1.1" 200 11800 "-" "Mozilla/5.0 AppleWebKit/537.36 (KHTML, like Gecko; compatible; Amazonbot/0.1; +https://developer.amazon.com/support/amazonbot) Chrome/119.0.6045.214 Safari/537.36"
85.208.96.201 - - [01/Dec/2025:18:13:33 +0100] "GET /platby/uwoy9/pulaski-county-ky-zoning-map HTTP/1.1" 200 12379 "-" "Mozilla/5.0 (compatible; SemrushBot/7~bl; +http://www.semrush.com/bot.html)"
85.208.96.200 - - [01/Dec/2025:18:13:48 +0100] "GET /platby/aohwuyx/joint-secretary-lateral-entry-2021 HTTP/1.1" 200 9049 "-" "Mozilla/5.0 (compatible; SemrushBot/7~bl; +http://www.semrush.com/bot.html)"
177.34.168.80 - - [01/Dec/2025:18:13:57 +0100] "\x16\x03\x01\x01\xba\x01" 403 265 "-" "-"
177.34.168.80 - - [01/Dec/2025:18:13:58 +0100] "\x16\x03\x03" 403 265 "-" "-"
85.208.96.205 - - [01/Dec/2025:18:14:12 +0100] "GET /platby/uwoy9/what-were-roman-chariots-used-for HTTP/1.1" 200 13260 "-" "Mozilla/5.0 (compatible; SemrushBot/7~bl; +http://www.semrush.com/bot.html)"
85.208.96.194 - - [01/Dec/2025:18:14:27 +0100] "GET /platby/qqap/new-amsterdam-raspberry-vodka-alcohol-percentage HTTP/1.1" 200 10986 "-" "Mozilla/5.0 (compatible; SemrushBot/7~bl; +http://www.semrush.com/bot.html)"
85.208.96.211 - - [01/Dec/2025:18:14:28 +0100] "GET /platby/aohwuyx/jira-create-future-sprint HTTP/1.1" 200 15766 "-" "Mozilla/5.0 (compatible; SemrushBot/7~bl; +http://www.semrush.com/bot.html)"
114.119.139.66 - - [01/Dec/2025:18:14:30 +0100] "GET /platby/article.php?5d4c26=american-councils-staff HTTP/1.1" 200 6641 "http://ispc.klape.eu/platby/article.php?5d4c26=why-does-beer-before-liquor-make-sick" "Mozilla/5.0 (Linux; Android 7.0;) AppleWebKit/537.36 (KHTML, like Gecko) Mobile Safari/537.36 (compatible; PetalBot;+https://webmaster.petalsearch.com/site/petalbot)"
3.230.69.161 - - [01/Dec/2025:18:14:35 +0100] "GET /platby/uwoy9/love-to-dream-swaddle-newborn HTTP/1.1" 200 9740 "-" "Mozilla/5.0 AppleWebKit/537.36 (KHTML, like Gecko; compatible; Amazonbot/0.1; +https://developer.amazon.com/support/amazonbot) Chrome/119.0.6045.214 Safari/537.36"
185.191.171.18 - - [01/Dec/2025:18:14:59 +0100] "GET /platby/qqap/cities-with-grid-patterns HTTP/1.1" 200 14487 "-" "Mozilla/5.0 (compatible; SemrushBot/7~bl; +http://www.semrush.com/bot.html)"
85.208.96.204 - - [01/Dec/2025:18:15:05 +0100] "GET /platby/aohwuyx/why-does-henry-gowen-limp HTTP/1.1" 200 13283 "-" "Mozilla/5.0 (compatible; SemrushBot/7~bl; +http://www.semrush.com/bot.html)"
185.191.171.3 - - [01/Dec/2025:18:15:13 +0100] "GET /platby/uwoy9/berserk-slan-voice-actor HTTP/1.1" 200 10266 "-" "Mozilla/5.0 (compatible; SemrushBot/7~bl; +http://www.semrush.com/bot.html)"
185.191.171.14 - - [01/Dec/2025:18:15:46 +0100] "GET /platby/hca/calumet-city-apartments-for-rent HTTP/1.1" 200 11489 "-" "Mozilla/5.0 (compatible; SemrushBot/7~bl; +http://www.semrush.com/bot.html)"
185.191.171.12 - - [01/Dec/2025:18:16:29 +0100] "GET /platby/hca/react-check-if-user-is-logged-in HTTP/1.1" 200 12698 "-" "Mozilla/5.0 (compatible; SemrushBot/7~bl; +http://www.semrush.com/bot.html)"
85.208.96.202 - - [01/Dec/2025:18:16:33 +0100] "GET /platby/aohwuyx/is-james-duval-related-to-robert-duvall HTTP/1.1" 200 11102 "-" "Mozilla/5.0 (compatible; SemrushBot/7~bl; +http://www.semrush.com/bot.html)"
85.208.96.201 - - [01/Dec/2025:18:16:35 +0100] "GET /platby/qqap/baltimore-washington-medical-center-covid-vaccine HTTP/1.1" 200 9975 "-" "Mozilla/5.0 (compatible; SemrushBot/7~bl; +http://www.semrush.com/bot.html)"
114.119.128.6 - - [01/Dec/2025:18:16:36 +0100] "GET /platby/article.php?5d4c26=4-letter-ish,-words HTTP/1.1" 200 7021 "http://ispc.klape.eu/platby/article.php?5d4c26=the-only-way-is-up-movie" "Mozilla/5.0 (Linux; Android 7.0;) AppleWebKit/537.36 (KHTML, like Gecko) Mobile Safari/537.36 (compatible; PetalBot;+https://webmaster.petalsearch.com/site/petalbot)"
85.208.96.210 - - [01/Dec/2025:18:16:37 +0100] "GET /platby/72zbxoz/graham-taylor-psychologist HTTP/1.1" 200 12878 "-" "Mozilla/5.0 (compatible; SemrushBot/7~bl; +http://www.semrush.com/bot.html)"
172.234.151.239 - - [01/Dec/2025:18:16:57 +0100] "\x16\x03\x01\x01X\x01" 403 265 "-" "-"
185.191.171.11 - - [01/Dec/2025:18:16:58 +0100] "GET /platby/qqap/klarisse-de-guzman-over-the-rainbow HTTP/1.1" 200 11266 "-" "Mozilla/5.0 (compatible; SemrushBot/7~bl; +http://www.semrush.com/bot.html)"
45.135.193.9 - - [01/Dec/2025:18:17:15 +0100] "GET http://ip-api.com/json/ HTTP/1.1" 404 220 "-" "Go-http-client/1.1"
66.249.79.7 - - [01/Dec/2025:18:17:15 +0100] "\x16\x03\x01\x02" 403 265 "-" "-"
185.191.171.14 - - [01/Dec/2025:18:17:17 +0100] "GET /platby/uwoy9/seemore-fgp-mallet-headcover HTTP/1.1" 200 9538 "-" "Mozilla/5.0 (compatible; SemrushBot/7~bl; +http://www.semrush.com/bot.html)"
185.191.171.10 - - [01/Dec/2025:18:17:22 +0100] "GET /platby/qqap/model-rocket-engines-sizes HTTP/1.1" 200 5422 "-" "Mozilla/5.0 (compatible; SemrushBot/7~bl; +http://www.semrush.com/bot.html)"
85.208.96.211 - - [01/Dec/2025:18:17:28 +0100] "GET /platby/qqap/salutation-spa-ambleside-day-pass HTTP/1.1" 200 11315 "-" "Mozilla/5.0 (compatible; SemrushBot/7~bl; +http://www.semrush.com/bot.html)"
185.191.171.14 - - [01/Dec/2025:18:17:34 +0100] "GET /platby/qqap/what-is-difference-between-affect-and-effect HTTP/1.1" 200 7380 "-" "Mozilla/5.0 (compatible; SemrushBot/7~bl; +http://www.semrush.com/bot.html)"
185.191.171.2 - - [01/Dec/2025:18:17:35 +0100] "GET /platby/hca/2021-iihf-world-championship-team-canada-roster HTTP/1.1" 200 5602 "-" "Mozilla/5.0 (compatible; SemrushBot/7~bl; +http://www.semrush.com/bot.html)"
85.208.96.208 - - [01/Dec/2025:18:18:06 +0100] "GET /platby/qqap/new-england-revolution-live-stream HTTP/1.1" 200 9307 "-" "Mozilla/5.0 (compatible; SemrushBot/7~bl; +http://www.semrush.com/bot.html)"
114.119.152.142 - - [01/Dec/2025:18:18:34 +0100] "GET /platby/article.php?5d4c26=2001:-a-space-odyssey-jupiter HTTP/1.1" 200 7111 "http://ispc.klape.eu/platby/article.php?5d4c26=souths-players-in-origin" "Mozilla/5.0 (Linux; Android 7.0;) AppleWebKit/537.36 (KHTML, like Gecko) Mobile Safari/537.36 (compatible; PetalBot;+https://webmaster.petalsearch.com/site/petalbot)"
85.208.96.207 - - [01/Dec/2025:18:18:59 +0100] "GET /platby/hca/elle-chanson-francaise HTTP/1.1" 200 6595 "-" "Mozilla/5.0 (compatible; SemrushBot/7~bl; +http://www.semrush.com/bot.html)"
185.191.171.17 - - [01/Dec/2025:18:19:10 +0100] "GET /platby/hca/new-mexico-attorney-general-child-support HTTP/1.1" 200 13259 "-" "Mozilla/5.0 (compatible; SemrushBot/7~bl; +http://www.semrush.com/bot.html)"
204.76.203.212 - - [01/Dec/2025:18:19:23 +0100] "GET /" 400 468 "-" "-"
185.191.171.17 - - [01/Dec/2025:18:19:25 +0100] "GET /platby/hca/true-north-homeschool-academy HTTP/1.1" 200 11964 "-" "Mozilla/5.0 (compatible; SemrushBot/7~bl; +http://www.semrush.com/bot.html)"
