114.119.130.237 - - [01/Dec/2025:16:46:42 +0100] "GET /platby/uwoy9/olympia-apartments---marquette,-mi HTTP/1.1" 200 11713 "http://ispc.klape.eu/platby/uwoy9/olympia-apartments---marquette,-mi" "Mozilla/5.0 (Linux; Android 7.0;) AppleWebKit/537.36 (KHTML, like Gecko) Mobile Safari/537.36 (compatible; PetalBot;+https://webmaster.petalsearch.com/site/petalbot)"
185.191.171.5 - - [01/Dec/2025:16:46:44 +0100] "GET /platby/72zbxoz/sage-green-bedroom-accessories HTTP/1.1" 200 11073 "-" "Mozilla/5.0 (compatible; SemrushBot/7~bl; +http://www.semrush.com/bot.html)"
204.76.203.206 - - [01/Dec/2025:16:47:21 +0100] "GET /" 400 468 "-" "-"
18.222.219.120 - - [01/Dec/2025:16:47:24 +0100] "\x16\x03\x01\x02" 403 265 "-" "-"
85.208.96.210 - - [01/Dec/2025:16:47:31 +0100] "GET /platby/hca/angelo-stiller-fifa-21-potential HTTP/1.1" 200 7269 "-" "Mozilla/5.0 (compatible; SemrushBot/7~bl; +http://www.semrush.com/bot.html)"
66.249.68.135 - - [01/Dec/2025:16:48:08 +0100] "\x16\x03\x01\x02" 403 265 "-" "-"
85.208.96.209 - - [01/Dec/2025:16:48:09 +0100] "GET /platby/aohwuyx/turner-construction-annual-report-2019 HTTP/1.1" 200 8121 "-" "Mozilla/5.0 (compatible; SemrushBot/7~bl; +http://www.semrush.com/bot.html)"
185.191.171.19 - - [01/Dec/2025:16:48:22 +0100] "GET /platby/qqap/tense-emotion-synonym HTTP/1.1" 200 11896 "-" "Mozilla/5.0 (compatible; SemrushBot/7~bl; +http://www.semrush.com/bot.html)"
85.208.96.206 - - [01/Dec/2025:16:48:23 +0100] "GET /platby/uwoy9/shared-ownership-houses-berkshire HTTP/1.1" 200 6411 "-" "Mozilla/5.0 (compatible; SemrushBot/7~bl; +http://www.semrush.com/bot.html)"
85.208.96.206 - - [01/Dec/2025:16:48:25 +0100] "GET /platby/qqap/sleepwalking-symptoms HTTP/1.1" 200 7083 "-" "Mozilla/5.0 (compatible; SemrushBot/7~bl; +http://www.semrush.com/bot.html)"
85.208.96.196 - - [01/Dec/2025:16:48:32 +0100] "GET /platby/72zbxoz/bard-graduate-programs HTTP/1.1" 200 8409 "-" "Mozilla/5.0 (compatible; SemrushBot/7~bl; +http://www.semrush.com/bot.html)"
185.191.171.19 - - [01/Dec/2025:16:48:35 +0100] "GET /platby/uwoy9/honey-locust-tree-michigan HTTP/1.1" 200 15566 "-" "Mozilla/5.0 (compatible; SemrushBot/7~bl; +http://www.semrush.com/bot.html)"
114.119.128.6 - - [01/Dec/2025:16:48:47 +0100] "GET /platby/qqap/how-many-wind-turbines-in-texas-are-frozen HTTP/1.1" 200 9929 "http://ispc.klape.eu/platby/qqap/supergoop-everyday-sunscreen-with-sunflower-extract-spf-50" "Mozilla/5.0 (Linux; Android 7.0;) AppleWebKit/537.36 (KHTML, like Gecko) Mobile Safari/537.36 (compatible; PetalBot;+https://webmaster.petalsearch.com/site/petalbot)"
185.191.171.19 - - [01/Dec/2025:16:48:49 +0100] "GET /platby/qqap/moon-river-frank-ocean HTTP/1.1" 200 8844 "-" "Mozilla/5.0 (compatible; SemrushBot/7~bl; +http://www.semrush.com/bot.html)"
204.76.203.206 - - [01/Dec/2025:16:48:50 +0100] "GET / HTTP/1.1" 200 316 "-" "Mozilla/5.0 (Windows NT 10.0; Win64; x64) AppleWebKit/537.36 (KHTML, like Gecko) Chrome/90.0.4430.85 Safari/537.36 Edg/90.0.818.46"
85.208.96.205 - - [01/Dec/2025:16:49:00 +0100] "GET /platby/aohwuyx/japan-geothermal-energy HTTP/1.1" 200 13506 "-" "Mozilla/5.0 (compatible; SemrushBot/7~bl; +http://www.semrush.com/bot.html)"
85.208.96.197 - - [01/Dec/2025:16:49:35 +0100] "GET /platby/hca/baltimore-city-community-college-jobs HTTP/1.1" 200 7781 "-" "Mozilla/5.0 (compatible; SemrushBot/7~bl; +http://www.semrush.com/bot.html)"
85.208.96.198 - - [01/Dec/2025:16:49:58 +0100] "GET /platby/72zbxoz/umass-lowell-baseball-schedule-2021northern-arizona-wranglers-arena HTTP/1.1" 200 9615 "-" "Mozilla/5.0 (compatible; SemrushBot/7~bl; +http://www.semrush.com/bot.html)"
85.208.96.207 - - [01/Dec/2025:16:50:01 +0100] "GET /platby/72zbxoz/chris-paul-injury-news HTTP/1.1" 200 8075 "-" "Mozilla/5.0 (compatible; SemrushBot/7~bl; +http://www.semrush.com/bot.html)"
185.191.171.10 - - [01/Dec/2025:16:50:04 +0100] "GET /platby/72zbxoz/famous-russian-athletes HTTP/1.1" 200 9041 "-" "Mozilla/5.0 (compatible; SemrushBot/7~bl; +http://www.semrush.com/bot.html)"
185.191.171.9 - - [01/Dec/2025:16:50:06 +0100] "GET /platby/uwoy9/summerhill-school-documentary HTTP/1.1" 200 10968 "-" "Mozilla/5.0 (compatible; SemrushBot/7~bl; +http://www.semrush.com/bot.html)"
141.98.11.181 - - [01/Dec/2025:16:50:21 +0100] "\x16\x03\x01\x02" 403 265 "-" "-"
114.119.149.2 - - [01/Dec/2025:16:50:53 +0100] "GET /platby/qqap/case-closed:-countdown-to-heaven-trailer HTTP/1.1" 200 6561 "http://ispc.klape.eu/platby/qqap/case-closed%3A-countdown-to-heaven-trailer" "Mozilla/5.0 (Linux; Android 7.0;) AppleWebKit/537.36 (KHTML, like Gecko) Mobile Safari/537.36 (compatible; PetalBot;+https://webmaster.petalsearch.com/site/petalbot)"
85.208.96.202 - - [01/Dec/2025:16:51:01 +0100] "GET /platby/qqap/shaquille-o-neal-speaking-fee HTTP/1.1" 200 11374 "-" "Mozilla/5.0 (compatible; SemrushBot/7~bl; +http://www.semrush.com/bot.html)"
185.191.171.11 - - [01/Dec/2025:16:51:16 +0100] "GET /platby/uwoy9/northwest-africa-7034 HTTP/1.1" 200 13518 "-" "Mozilla/5.0 (compatible; SemrushBot/7~bl; +http://www.semrush.com/bot.html)"
185.191.171.10 - - [01/Dec/2025:16:51:32 +0100] "GET /platby/qqap/sioux-falls-basketball-tournament HTTP/1.1" 200 8679 "-" "Mozilla/5.0 (compatible; SemrushBot/7~bl; +http://www.semrush.com/bot.html)"
185.191.171.12 - - [01/Dec/2025:16:51:41 +0100] "GET /platby/qqap/hans-zimmer-music-video HTTP/1.1" 200 7002 "-" "Mozilla/5.0 (compatible; SemrushBot/7~bl; +http://www.semrush.com/bot.html)"
185.191.171.15 - - [01/Dec/2025:16:52:24 +0100] "GET /platby/uwoy9/what-happened-to-cody-bellinger HTTP/1.1" 200 8042 "-" "Mozilla/5.0 (compatible; SemrushBot/7~bl; +http://www.semrush.com/bot.html)"
85.208.96.194 - - [01/Dec/2025:16:52:52 +0100] "GET /platby/uwoy9/carolina-chickadee-male-and-female HTTP/1.1" 200 13032 "-" "Mozilla/5.0 (compatible; SemrushBot/7~bl; +http://www.semrush.com/bot.html)"
114.119.128.6 - - [01/Dec/2025:16:52:58 +0100] "GET /platby/hca/examples-of-negative-fear HTTP/1.1" 200 10366 "http://ispc.klape.eu/platby/hca/examples-of-negative-fear" "Mozilla/5.0 (Linux; Android 7.0;) AppleWebKit/537.36 (KHTML, like Gecko) Mobile Safari/537.36 (compatible; PetalBot;+https://webmaster.petalsearch.com/site/petalbot)"
85.208.96.207 - - [01/Dec/2025:16:53:08 +0100] "GET /platby/hca/shaquem-griffin-highlights HTTP/1.1" 200 9075 "-" "Mozilla/5.0 (compatible; SemrushBot/7~bl; +http://www.semrush.com/bot.html)"
85.208.96.207 - - [01/Dec/2025:16:53:10 +0100] "GET /platby/72zbxoz/who-owns-cosmopolitan-las-vegas HTTP/1.1" 200 11444 "-" "Mozilla/5.0 (compatible; SemrushBot/7~bl; +http://www.semrush.com/bot.html)"
185.191.171.17 - - [01/Dec/2025:16:53:13 +0100] "GET /platby/hca/jeremias-amoore-nationality HTTP/1.1" 200 10571 "-" "Mozilla/5.0 (compatible; SemrushBot/7~bl; +http://www.semrush.com/bot.html)"
185.191.171.19 - - [01/Dec/2025:16:53:18 +0100] "GET /platby/uwoy9/ccsi-barry-university HTTP/1.1" 200 9104 "-" "Mozilla/5.0 (compatible; SemrushBot/7~bl; +http://www.semrush.com/bot.html)"
66.249.69.233 - - [01/Dec/2025:16:53:20 +0100] "\x16\x03\x01\x02" 403 265 "-" "-"
185.191.171.19 - - [01/Dec/2025:16:53:28 +0100] "GET /platby/qqap/best-landscaping-plants-for-iowa HTTP/1.1" 200 10594 "-" "Mozilla/5.0 (compatible; SemrushBot/7~bl; +http://www.semrush.com/bot.html)"
45.156.128.168 - - [01/Dec/2025:16:53:39 +0100] "\x16\x03\x01" 403 265 "-" "-"
185.191.171.12 - - [01/Dec/2025:16:53:49 +0100] "GET /platby/qqap/youngest-premier-league-player-to-score HTTP/1.1" 200 5887 "-" "Mozilla/5.0 (compatible; SemrushBot/7~bl; +http://www.semrush.com/bot.html)"
45.156.128.169 - - [01/Dec/2025:16:53:57 +0100] "\x16\x03\x01" 403 265 "-" "-"
45.156.128.169 - - [01/Dec/2025:16:53:58 +0100] "\x16\x03\x01" 403 265 "-" "-"
34.125.26.38 - - [01/Dec/2025:16:54:03 +0100] "\x16\x03\x01\x02" 403 265 "-" "-"
185.191.171.5 - - [01/Dec/2025:16:54:19 +0100] "GET /platby/uwoy9/when-did-six-feet-under-come-out-billie-eilish HTTP/1.1" 200 10266 "-" "Mozilla/5.0 (compatible; SemrushBot/7~bl; +http://www.semrush.com/bot.html)"
185.191.171.18 - - [01/Dec/2025:16:54:24 +0100] "GET /platby/aohwuyx/pacers-defensive-stats HTTP/1.1" 200 12227 "-" "Mozilla/5.0 (compatible; SemrushBot/7~bl; +http://www.semrush.com/bot.html)"
85.208.96.207 - - [01/Dec/2025:16:54:28 +0100] "GET /platby/qqap/is-samsung-galaxy-a20-5g-compatible HTTP/1.1" 200 10502 "-" "Mozilla/5.0 (compatible; SemrushBot/7~bl; +http://www.semrush.com/bot.html)"
85.208.96.205 - - [01/Dec/2025:16:55:03 +0100] "GET /platby/hca/early-childhood-education HTTP/1.1" 200 12956 "-" "Mozilla/5.0 (compatible; SemrushBot/7~bl; +http://www.semrush.com/bot.html)"
114.119.139.112 - - [01/Dec/2025:16:55:04 +0100] "GET /platby/qqap/gwinnett-county-pay-scale-2021-2022 HTTP/1.1" 200 11039 "http://ispc.klape.eu/platby/qqap/gwinnett-county-pay-scale-2021-2022" "Mozilla/5.0 (Linux; Android 7.0;) AppleWebKit/537.36 (KHTML, like Gecko) Mobile Safari/537.36 (compatible; PetalBot;+https://webmaster.petalsearch.com/site/petalbot)"
185.191.171.16 - - [01/Dec/2025:16:55:08 +0100] "GET /platby/hca/beaufort-gazette-login HTTP/1.1" 200 7667 "-" "Mozilla/5.0 (compatible; SemrushBot/7~bl; +http://www.semrush.com/bot.html)"
85.208.96.207 - - [01/Dec/2025:16:55:19 +0100] "GET /platby/aohwuyx/thoughts-vs-feelings-activities HTTP/1.1" 200 11815 "-" "Mozilla/5.0 (compatible; SemrushBot/7~bl; +http://www.semrush.com/bot.html)"
85.208.96.203 - - [01/Dec/2025:16:55:43 +0100] "GET /platby/72zbxoz/aerospace-industry-outlook-2021 HTTP/1.1" 200 11792 "-" "Mozilla/5.0 (compatible; SemrushBot/7~bl; +http://www.semrush.com/bot.html)"
185.191.171.7 - - [01/Dec/2025:16:56:10 +0100] "GET /platby/uwoy9/purple-robe-locust-wiki HTTP/1.1" 200 11384 "-" "Mozilla/5.0 (compatible; SemrushBot/7~bl; +http://www.semrush.com/bot.html)"
185.191.171.14 - - [01/Dec/2025:16:56:39 +0100] "GET /platby/hca/de'anthony-melton-contract HTTP/1.1" 200 9125 "-" "Mozilla/5.0 (compatible; SemrushBot/7~bl; +http://www.semrush.com/bot.html)"
199.30.231.5 - - [01/Dec/2025:16:56:46 +0100] "\x16\x03\x01" 403 265 "-" "-"
185.191.171.11 - - [01/Dec/2025:16:56:46 +0100] "GET /platby/uwoy9/court-cases-involving-teachers'-rights HTTP/1.1" 200 11894 "-" "Mozilla/5.0 (compatible; SemrushBot/7~bl; +http://www.semrush.com/bot.html)"
85.208.96.210 - - [01/Dec/2025:16:57:05 +0100] "GET /platby/qqap/engineering-mechanics:-statics-9th-edition-solutions-pdf HTTP/1.1" 200 10870 "-" "Mozilla/5.0 (compatible; SemrushBot/7~bl; +http://www.semrush.com/bot.html)"
114.119.149.2 - - [01/Dec/2025:16:57:07 +0100] "GET /platby/hca/what-anime-has-the-highest-death-count HTTP/1.1" 200 8068 "http://ispc.klape.eu/platby/hca/what-anime-has-the-highest-death-count" "Mozilla/5.0 (Linux; Android 7.0;) AppleWebKit/537.36 (KHTML, like Gecko) Mobile Safari/537.36 (compatible; PetalBot;+https://webmaster.petalsearch.com/site/petalbot)"
185.191.171.7 - - [01/Dec/2025:16:57:16 +0100] "GET /platby/aohwuyx/champions-indoor-football-salary HTTP/1.1" 200 11717 "-" "Mozilla/5.0 (compatible; SemrushBot/7~bl; +http://www.semrush.com/bot.html)"
18.237.59.179 - - [01/Dec/2025:16:57:19 +0100] "\x16\x03\x01\x01f\x01" 403 265 "-" "-"
18.237.59.179 - - [01/Dec/2025:16:57:20 +0100] "\x16\x03\x01\x01j\x01" 403 265 "-" "-"
85.208.96.199 - - [01/Dec/2025:16:57:26 +0100] "GET /platby/72zbxoz/solent-university-accommodation-fees HTTP/1.1" 200 13206 "-" "Mozilla/5.0 (compatible; SemrushBot/7~bl; +http://www.semrush.com/bot.html)"
85.208.96.199 - - [01/Dec/2025:16:57:29 +0100] "GET /platby/hca/rejoice-when-someone-dies-scripture-kjv HTTP/1.1" 200 6611 "-" "Mozilla/5.0 (compatible; SemrushBot/7~bl; +http://www.semrush.com/bot.html)"
185.191.171.17 - - [01/Dec/2025:16:57:34 +0100] "GET /platby/qqap/jules-smith-pave-point-necklace HTTP/1.1" 200 10769 "-" "Mozilla/5.0 (compatible; SemrushBot/7~bl; +http://www.semrush.com/bot.html)"
85.208.96.194 - - [01/Dec/2025:16:57:52 +0100] "GET /platby/hca/george-baker-selection-little-green-bag HTTP/1.1" 200 8782 "-" "Mozilla/5.0 (compatible; SemrushBot/7~bl; +http://www.semrush.com/bot.html)"
185.191.171.17 - - [01/Dec/2025:16:58:06 +0100] "GET /platby/72zbxoz/virsh-dommemstat-output HTTP/1.1" 200 14817 "-" "Mozilla/5.0 (compatible; SemrushBot/7~bl; +http://www.semrush.com/bot.html)"
185.191.171.1 - - [01/Dec/2025:16:58:17 +0100] "GET /platby/uwoy9/when-do-rhododendrons-bloom-in-north-carolina-2020 HTTP/1.1" 200 9459 "-" "Mozilla/5.0 (compatible; SemrushBot/7~bl; +http://www.semrush.com/bot.html)"
85.208.96.199 - - [01/Dec/2025:16:58:46 +0100] "GET /platby/72zbxoz/promo-code-forever-21-december-2020 HTTP/1.1" 200 14551 "-" "Mozilla/5.0 (compatible; SemrushBot/7~bl; +http://www.semrush.com/bot.html)"
114.119.130.237 - - [01/Dec/2025:16:59:14 +0100] "GET /platby/hca/pigeon-characteristics HTTP/1.1" 200 8363 "http://ispc.klape.eu/platby/hca/pigeon-characteristics" "Mozilla/5.0 (Linux; Android 7.0;) AppleWebKit/537.36 (KHTML, like Gecko) Mobile Safari/537.36 (compatible; PetalBot;+https://webmaster.petalsearch.com/site/petalbot)"
185.191.171.1 - - [01/Dec/2025:16:59:15 +0100] "GET /platby/hca/ifit-trainer-chris-clark-age HTTP/1.1" 200 12310 "-" "Mozilla/5.0 (compatible; SemrushBot/7~bl; +http://www.semrush.com/bot.html)"
92.118.39.34 - - [01/Dec/2025:16:59:36 +0100] "\x16\x03\x01\x02" 403 265 "-" "-"
85.208.96.205 - - [01/Dec/2025:16:59:46 +0100] "GET /platby/aohwuyx/tennessee-titans-news-clowney HTTP/1.1" 200 7423 "-" "Mozilla/5.0 (compatible; SemrushBot/7~bl; +http://www.semrush.com/bot.html)"
85.208.96.211 - - [01/Dec/2025:16:59:57 +0100] "GET /platby/qqap/seemore-ht-mallet-offset-putter HTTP/1.1" 200 7613 "-" "Mozilla/5.0 (compatible; SemrushBot/7~bl; +http://www.semrush.com/bot.html)"
85.208.96.204 - - [01/Dec/2025:17:00:26 +0100] "GET /platby/uwoy9/auk-lower-classifications HTTP/1.1" 200 16751 "-" "Mozilla/5.0 (compatible; SemrushBot/7~bl; +http://www.semrush.com/bot.html)"
85.208.96.210 - - [01/Dec/2025:17:00:50 +0100] "GET /platby/uwoy9/follow-your-head-not-your-heart HTTP/1.1" 200 10971 "-" "Mozilla/5.0 (compatible; SemrushBot/7~bl; +http://www.semrush.com/bot.html)"
85.208.96.200 - - [01/Dec/2025:17:00:56 +0100] "GET /platby/hca/wordplay:-exercise-your-brain HTTP/1.1" 200 6524 "-" "Mozilla/5.0 (compatible; SemrushBot/7~bl; +http://www.semrush.com/bot.html)"
185.191.171.12 - - [01/Dec/2025:17:01:17 +0100] "GET /platby/aohwuyx/jonathan-papelbon-wife HTTP/1.1" 200 12958 "-" "Mozilla/5.0 (compatible; SemrushBot/7~bl; +http://www.semrush.com/bot.html)"
114.119.129.163 - - [01/Dec/2025:17:01:20 +0100] "GET /platby/uwoy9/dell-xps-15-9570-fingerprint-reader-not-working HTTP/1.1" 200 10119 "http://ispc.klape.eu/platby/uwoy9/dell-xps-15-9570-fingerprint-reader-not-working" "Mozilla/5.0 (Linux; Android 7.0;) AppleWebKit/537.36 (KHTML, like Gecko) Mobile Safari/537.36 (compatible; PetalBot;+https://webmaster.petalsearch.com/site/petalbot)"
85.208.96.198 - - [01/Dec/2025:17:01:34 +0100] "GET /platby/hca/examples-of-unethical-behavior-in-business HTTP/1.1" 200 7113 "-" "Mozilla/5.0 (compatible; SemrushBot/7~bl; +http://www.semrush.com/bot.html)"
85.208.96.212 - - [01/Dec/2025:17:01:40 +0100] "GET /platby/qqap/access-hollywood-live-today HTTP/1.1" 200 7870 "-" "Mozilla/5.0 (compatible; SemrushBot/7~bl; +http://www.semrush.com/bot.html)"
185.191.171.13 - - [01/Dec/2025:17:01:41 +0100] "GET /platby/hca/eternity-k-pop-girl-group HTTP/1.1" 200 9268 "-" "Mozilla/5.0 (compatible; SemrushBot/7~bl; +http://www.semrush.com/bot.html)"
85.208.96.207 - - [01/Dec/2025:17:01:49 +0100] "GET /platby/hca/oklahoma-state-football-schedule HTTP/1.1" 200 9707 "-" "Mozilla/5.0 (compatible; SemrushBot/7~bl; +http://www.semrush.com/bot.html)"
85.208.96.204 - - [01/Dec/2025:17:02:16 +0100] "GET /platby/aohwuyx/where-to-see-wildflowers-in-oklahoma HTTP/1.1" 200 10947 "-" "Mozilla/5.0 (compatible; SemrushBot/7~bl; +http://www.semrush.com/bot.html)"
85.208.96.205 - - [01/Dec/2025:17:02:21 +0100] "GET /platby/hca/which-central-american-country-has-the-most-populated-city HTTP/1.1" 200 10242 "-" "Mozilla/5.0 (compatible; SemrushBot/7~bl; +http://www.semrush.com/bot.html)"
185.191.171.8 - - [01/Dec/2025:17:02:44 +0100] "GET /platby/aohwuyx/the-truth-singapore-drama HTTP/1.1" 200 7413 "-" "Mozilla/5.0 (compatible; SemrushBot/7~bl; +http://www.semrush.com/bot.html)"
85.208.96.195 - - [01/Dec/2025:17:03:12 +0100] "GET /platby/hca/noussair-mazraoui-stats HTTP/1.1" 200 7332 "-" "Mozilla/5.0 (compatible; SemrushBot/7~bl; +http://www.semrush.com/bot.html)"
114.119.139.112 - - [01/Dec/2025:17:03:25 +0100] "GET /platby/qqap/university-of-maryland,-college-park-computer-science-ranking HTTP/1.1" 200 10614 "http://ispc.klape.eu/platby/qqap/university-of-maryland,-college-park-computer-science-ranking" "Mozilla/5.0 (Linux; Android 7.0;) AppleWebKit/537.36 (KHTML, like Gecko) Mobile Safari/537.36 (compatible; PetalBot;+https://webmaster.petalsearch.com/site/petalbot)"
85.208.96.203 - - [01/Dec/2025:17:03:40 +0100] "GET /platby/aohwuyx/direct-appliance-refrigerators HTTP/1.1" 200 9982 "-" "Mozilla/5.0 (compatible; SemrushBot/7~bl; +http://www.semrush.com/bot.html)"
85.208.96.197 - - [01/Dec/2025:17:03:41 +0100] "GET /platby/hca/robertson-family-tree HTTP/1.1" 200 13119 "-" "Mozilla/5.0 (compatible; SemrushBot/7~bl; +http://www.semrush.com/bot.html)"
141.98.11.181 - - [01/Dec/2025:17:03:46 +0100] "\x16\x03\x01\x02" 403 265 "-" "-"
85.208.96.205 - - [01/Dec/2025:17:03:46 +0100] "GET /platby/aohwuyx/the-grand-budapest-hotel-controversy HTTP/1.1" 200 9973 "-" "Mozilla/5.0 (compatible; SemrushBot/7~bl; +http://www.semrush.com/bot.html)"
185.191.171.4 - - [01/Dec/2025:17:04:37 +0100] "GET /platby/uwoy9/hunter-college-registrar HTTP/1.1" 200 10957 "-" "Mozilla/5.0 (compatible; SemrushBot/7~bl; +http://www.semrush.com/bot.html)"
45.38.44.221 - - [01/Dec/2025:17:04:38 +0100] "GET /" 400 468 "-" "-"
185.191.171.14 - - [01/Dec/2025:17:04:56 +0100] "GET /platby/72zbxoz/wheeling-nailers-affiliates HTTP/1.1" 200 10516 "-" "Mozilla/5.0 (compatible; SemrushBot/7~bl; +http://www.semrush.com/bot.html)"
78.153.140.195 - - [01/Dec/2025:17:05:22 +0100] "\x16\x03\x01" 403 265 "-" "-"
78.153.140.195 - - [01/Dec/2025:17:05:23 +0100] "\x16\x03\x01" 403 265 "-" "-"
114.119.149.2 - - [01/Dec/2025:17:05:30 +0100] "GET /platby/hca/australia-v-croatia-2006-world-cup-highlights HTTP/1.1" 200 10446 "http://ispc.klape.eu/platby/hca/friday-the-13th%3A-the-game-lawsuit-update-2020" "Mozilla/5.0 (Linux; Android 7.0;) AppleWebKit/537.36 (KHTML, like Gecko) Mobile Safari/537.36 (compatible; PetalBot;+https://webmaster.petalsearch.com/site/petalbot)"
185.191.171.15 - - [01/Dec/2025:17:05:32 +0100] "GET /platby/uwoy9/american-airlines-center-seating-covid HTTP/1.1" 200 13423 "-" "Mozilla/5.0 (compatible; SemrushBot/7~bl; +http://www.semrush.com/bot.html)"
185.191.171.2 - - [01/Dec/2025:17:05:38 +0100] "GET /platby/uwoy9/how-to-refresh-microsoft-teams HTTP/1.1" 200 14013 "-" "Mozilla/5.0 (compatible; SemrushBot/7~bl; +http://www.semrush.com/bot.html)"
85.208.96.194 - - [01/Dec/2025:17:05:51 +0100] "GET /platby/aohwuyx/sourceforge-open-office HTTP/1.1" 200 13383 "-" "Mozilla/5.0 (compatible; SemrushBot/7~bl; +http://www.semrush.com/bot.html)"
85.208.96.207 - - [01/Dec/2025:17:05:56 +0100] "GET /platby/uwoy9/how-strong-is-franklin-richards HTTP/1.1" 200 13067 "-" "Mozilla/5.0 (compatible; SemrushBot/7~bl; +http://www.semrush.com/bot.html)"
85.208.96.198 - - [01/Dec/2025:17:06:01 +0100] "GET /platby/qqap/reading-to-london-train-stops HTTP/1.1" 200 13610 "-" "Mozilla/5.0 (compatible; SemrushBot/7~bl; +http://www.semrush.com/bot.html)"
85.208.96.212 - - [01/Dec/2025:17:06:04 +0100] "GET /platby/aohwuyx/thorne-basic-nutrients HTTP/1.1" 200 10511 "-" "Mozilla/5.0 (compatible; SemrushBot/7~bl; +http://www.semrush.com/bot.html)"
185.191.171.13 - - [01/Dec/2025:17:06:12 +0100] "GET /platby/uwoy9/plutarch-life-of-antony-summary HTTP/1.1" 200 11058 "-" "Mozilla/5.0 (compatible; SemrushBot/7~bl; +http://www.semrush.com/bot.html)"
185.191.171.13 - - [01/Dec/2025:17:06:15 +0100] "GET /platby/uwoy9/north-american-waterfowl-species HTTP/1.1" 200 12684 "-" "Mozilla/5.0 (compatible; SemrushBot/7~bl; +http://www.semrush.com/bot.html)"
185.191.171.12 - - [01/Dec/2025:17:06:18 +0100] "GET /platby/qqap/chemical-engineering-salary HTTP/1.1" 200 6598 "-" "Mozilla/5.0 (compatible; SemrushBot/7~bl; +http://www.semrush.com/bot.html)"
204.76.203.206 - - [01/Dec/2025:17:06:55 +0100] "GET /" 400 468 "-" "-"
185.191.171.3 - - [01/Dec/2025:17:07:14 +0100] "GET /platby/hca/marvel-anti-hero-team HTTP/1.1" 200 12320 "-" "Mozilla/5.0 (compatible; SemrushBot/7~bl; +http://www.semrush.com/bot.html)"
85.208.96.195 - - [01/Dec/2025:17:07:21 +0100] "GET /platby/aohwuyx/annette-o-toole-health-issues HTTP/1.1" 200 13936 "-" "Mozilla/5.0 (compatible; SemrushBot/7~bl; +http://www.semrush.com/bot.html)"
114.119.128.6 - - [01/Dec/2025:17:07:37 +0100] "GET /platby/article.php?5d4c26=youtube-sha-la-la-pentagon HTTP/1.1" 200 5476 "http://ispc.klape.eu/platby/article.php?5d4c26=kate-fox-netflix" "Mozilla/5.0 (Linux; Android 7.0;) AppleWebKit/537.36 (KHTML, like Gecko) Mobile Safari/537.36 (compatible; PetalBot;+https://webmaster.petalsearch.com/site/petalbot)"
185.191.171.3 - - [01/Dec/2025:17:07:39 +0100] "GET /platby/hca/erik-laray-harvey-birthday HTTP/1.1" 200 10579 "-" "Mozilla/5.0 (compatible; SemrushBot/7~bl; +http://www.semrush.com/bot.html)"
85.208.96.211 - - [01/Dec/2025:17:07:53 +0100] "GET /platby/aohwuyx/the-binding-vine-introduction HTTP/1.1" 200 9773 "-" "Mozilla/5.0 (compatible; SemrushBot/7~bl; +http://www.semrush.com/bot.html)"
204.76.203.206 - - [01/Dec/2025:17:08:02 +0100] "GET / HTTP/1.1" 200 316 "-" "Mozilla/5.0 (Windows NT 10.0; Win64; x64) AppleWebKit/537.36 (KHTML, like Gecko) Chrome/90.0.4430.85 Safari/537.36 Edg/90.0.818.46"
193.34.213.150 - - [01/Dec/2025:17:08:04 +0100] "GET /" 400 468 "-" "-"
85.208.96.202 - - [01/Dec/2025:17:08:55 +0100] "GET /platby/aohwuyx/does-fingerprint-scanner-work-with-screen-protector HTTP/1.1" 200 11720 "-" "Mozilla/5.0 (compatible; SemrushBot/7~bl; +http://www.semrush.com/bot.html)"
185.191.171.19 - - [01/Dec/2025:17:08:57 +0100] "GET /platby/qqap/nasa-hybrid-electric-propulsion HTTP/1.1" 200 11164 "-" "Mozilla/5.0 (compatible; SemrushBot/7~bl; +http://www.semrush.com/bot.html)"
141.98.11.181 - - [01/Dec/2025:17:09:17 +0100] "\x16\x03\x01\x02" 403 265 "-" "-"
185.191.171.3 - - [01/Dec/2025:17:09:36 +0100] "GET /platby/qqap/judicial-branch-of-government HTTP/1.1" 200 7237 "-" "Mozilla/5.0 (compatible; SemrushBot/7~bl; +http://www.semrush.com/bot.html)"
185.191.171.14 - - [01/Dec/2025:17:09:40 +0100] "GET /platby/uwoy9/magazine-publishing-companies-near-me HTTP/1.1" 200 15057 "-" "Mozilla/5.0 (compatible; SemrushBot/7~bl; +http://www.semrush.com/bot.html)"
114.119.128.6 - - [01/Dec/2025:17:09:41 +0100] "GET /platby/article.php?5d4c26=what-is-a-light-year HTTP/1.1" 200 5297 "http://ispc.klape.eu/platby/article.php?5d4c26=what-happened-to-flyff" "Mozilla/5.0 (Linux; Android 7.0;) AppleWebKit/537.36 (KHTML, like Gecko) Mobile Safari/537.36 (compatible; PetalBot;+https://webmaster.petalsearch.com/site/petalbot)"
85.208.96.196 - - [01/Dec/2025:17:09:54 +0100] "GET /platby/hca/oxygen-os-11-always-on-display-oneplus-7-pro HTTP/1.1" 200 6260 "-" "Mozilla/5.0 (compatible; SemrushBot/7~bl; +http://www.semrush.com/bot.html)"
85.208.96.209 - - [01/Dec/2025:17:09:57 +0100] "GET /platby/hca/travis-raids-fake-green-beret HTTP/1.1" 200 13428 "-" "Mozilla/5.0 (compatible; SemrushBot/7~bl; +http://www.semrush.com/bot.html)"
185.191.171.3 - - [01/Dec/2025:17:10:02 +0100] "GET /platby/qqap/rickey-henderson-today HTTP/1.1" 200 7598 "-" "Mozilla/5.0 (compatible; SemrushBot/7~bl; +http://www.semrush.com/bot.html)"
85.208.96.201 - - [01/Dec/2025:17:10:24 +0100] "GET /platby/qqap/hp-safe-mode-f8-not-working-windows-10 HTTP/1.1" 200 6696 "-" "Mozilla/5.0 (compatible; SemrushBot/7~bl; +http://www.semrush.com/bot.html)"
185.191.171.13 - - [01/Dec/2025:17:10:47 +0100] "GET /platby/aohwuyx/legend-of-zelda-majora's-mask-3ds-rom HTTP/1.1" 200 9004 "-" "Mozilla/5.0 (compatible; SemrushBot/7~bl; +http://www.semrush.com/bot.html)"
185.191.171.1 - - [01/Dec/2025:17:10:59 +0100] "GET /platby/72zbxoz/vmware-boxer-user-guide HTTP/1.1" 200 14401 "-" "Mozilla/5.0 (compatible; SemrushBot/7~bl; +http://www.semrush.com/bot.html)"
185.191.171.15 - - [01/Dec/2025:17:11:00 +0100] "GET /platby/hca/how-to-come-up-with-a-music-video-concept HTTP/1.1" 200 10234 "-" "Mozilla/5.0 (compatible; SemrushBot/7~bl; +http://www.semrush.com/bot.html)"
85.208.96.211 - - [01/Dec/2025:17:11:02 +0100] "GET /platby/72zbxoz/live-at-worthy-farm-live-stream HTTP/1.1" 200 11264 "-" "Mozilla/5.0 (compatible; SemrushBot/7~bl; +http://www.semrush.com/bot.html)"
85.208.96.203 - - [01/Dec/2025:17:11:23 +0100] "GET /platby/aohwuyx/huawei-y9-prime-front-camera-black-screen HTTP/1.1" 200 11314 "-" "Mozilla/5.0 (compatible; SemrushBot/7~bl; +http://www.semrush.com/bot.html)"
185.191.171.16 - - [01/Dec/2025:17:11:25 +0100] "GET /platby/72zbxoz/is-mindfulness-right-for-you-rotten-tomatoes HTTP/1.1" 200 7939 "-" "Mozilla/5.0 (compatible; SemrushBot/7~bl; +http://www.semrush.com/bot.html)"
185.191.171.3 - - [01/Dec/2025:17:11:41 +0100] "GET /platby/72zbxoz/jonathan-toews-statement HTTP/1.1" 200 12497 "-" "Mozilla/5.0 (compatible; SemrushBot/7~bl; +http://www.semrush.com/bot.html)"
114.119.140.102 - - [01/Dec/2025:17:11:50 +0100] "GET /platby/uwoy9/aarhus-gymnastikforening HTTP/1.1" 200 11948 "http://ispc.klape.eu/platby/uwoy9/comparison-conclusion" "Mozilla/5.0 (Linux; Android 7.0;) AppleWebKit/537.36 (KHTML, like Gecko) Mobile Safari/537.36 (compatible; PetalBot;+https://webmaster.petalsearch.com/site/petalbot)"
185.191.171.16 - - [01/Dec/2025:17:11:54 +0100] "GET /platby/uwoy9/writing-activities-for-grade-1 HTTP/1.1" 200 12387 "-" "Mozilla/5.0 (compatible; SemrushBot/7~bl; +http://www.semrush.com/bot.html)"
185.191.171.1 - - [01/Dec/2025:17:12:48 +0100] "GET /platby/qqap/importance-of-science-education HTTP/1.1" 200 10767 "-" "Mozilla/5.0 (compatible; SemrushBot/7~bl; +http://www.semrush.com/bot.html)"
185.191.171.4 - - [01/Dec/2025:17:13:04 +0100] "GET /platby/uwoy9/para-hills-football-club HTTP/1.1" 200 7875 "-" "Mozilla/5.0 (compatible; SemrushBot/7~bl; +http://www.semrush.com/bot.html)"
185.191.171.4 - - [01/Dec/2025:17:13:39 +0100] "GET /platby/qqap/postman-jira-create-issue HTTP/1.1" 200 10321 "-" "Mozilla/5.0 (compatible; SemrushBot/7~bl; +http://www.semrush.com/bot.html)"
185.191.171.6 - - [01/Dec/2025:17:13:44 +0100] "GET /robots.txt HTTP/1.1" 200 54 "-" "Mozilla/5.0 (compatible; SemrushBot/7~bl; +http://www.semrush.com/bot.html)"
185.191.171.13 - - [01/Dec/2025:17:13:45 +0100] "GET /platby/uwoy9/cape-york-partnership HTTP/1.1" 200 7449 "-" "Mozilla/5.0 (compatible; SemrushBot/7~bl; +http://www.semrush.com/bot.html)"
114.119.130.237 - - [01/Dec/2025:17:13:53 +0100] "GET /platby/uwoy9/linux-compare-two-files-byte-by-byte HTTP/1.1" 200 12686 "http://ispc.klape.eu/platby/uwoy9/if-it-ain%27t-rough%2C-it-ain%27t-right" "Mozilla/5.0 (Linux; Android 7.0;) AppleWebKit/537.36 (KHTML, like Gecko) Mobile Safari/537.36 (compatible; PetalBot;+https://webmaster.petalsearch.com/site/petalbot)"
185.191.171.15 - - [01/Dec/2025:17:13:54 +0100] "GET /platby/uwoy9/jordan-4-metallic-purple-real-vs-fake HTTP/1.1" 200 10474 "-" "Mozilla/5.0 (compatible; SemrushBot/7~bl; +http://www.semrush.com/bot.html)"
85.208.96.212 - - [01/Dec/2025:17:14:09 +0100] "GET /platby/uwoy9/orange-blossom-strawberry-shortcake-whitewashed HTTP/1.1" 200 15486 "-" "Mozilla/5.0 (compatible; SemrushBot/7~bl; +http://www.semrush.com/bot.html)"
185.191.171.8 - - [01/Dec/2025:17:14:19 +0100] "GET /platby/aohwuyx/canadian-solar-inc-company-hiring-manager HTTP/1.1" 200 8339 "-" "Mozilla/5.0 (compatible; SemrushBot/7~bl; +http://www.semrush.com/bot.html)"
147.93.129.190 - - [01/Dec/2025:17:14:23 +0100] "\x16\x03\x01\x05\xc3\x01" 403 265 "-" "-"
185.191.171.7 - - [01/Dec/2025:17:14:29 +0100] "GET /platby/hca/shrm-conference-2021-las-vegas HTTP/1.1" 200 10340 "-" "Mozilla/5.0 (compatible; SemrushBot/7~bl; +http://www.semrush.com/bot.html)"
185.191.171.13 - - [01/Dec/2025:17:14:41 +0100] "GET /platby/qqap/air-jordan-1-zoom-comfort-psg-release-date HTTP/1.1" 200 11541 "-" "Mozilla/5.0 (compatible; SemrushBot/7~bl; +http://www.semrush.com/bot.html)"
85.208.96.195 - - [01/Dec/2025:17:14:43 +0100] "GET /platby/qqap/hawthorn-tree-leaves-images HTTP/1.1" 200 13081 "-" "Mozilla/5.0 (compatible; SemrushBot/7~bl; +http://www.semrush.com/bot.html)"
185.191.171.5 - - [01/Dec/2025:17:14:44 +0100] "GET /platby/qqap/burleigh-pottery-second-hand HTTP/1.1" 200 13774 "-" "Mozilla/5.0 (compatible; SemrushBot/7~bl; +http://www.semrush.com/bot.html)"
85.208.96.209 - - [01/Dec/2025:17:15:24 +0100] "GET /platby/qqap/gwinnett-county-schools-teacher-salary-2021-2022 HTTP/1.1" 200 10561 "-" "Mozilla/5.0 (compatible; SemrushBot/7~bl; +http://www.semrush.com/bot.html)"
185.191.171.2 - - [01/Dec/2025:17:15:35 +0100] "GET /platby/hca/why-join-a-diversity-and-inclusion-committee HTTP/1.1" 200 8249 "-" "Mozilla/5.0 (compatible; SemrushBot/7~bl; +http://www.semrush.com/bot.html)"
185.191.171.8 - - [01/Dec/2025:17:15:56 +0100] "GET /platby/qqap/nfl-quarterbacks-2021-list HTTP/1.1" 200 10239 "-" "Mozilla/5.0 (compatible; SemrushBot/7~bl; +http://www.semrush.com/bot.html)"
114.119.129.163 - - [01/Dec/2025:17:15:57 +0100] "GET /platby/hca/philip-merrill-college-of-journalism-acceptance-rate HTTP/1.1" 200 9020 "http://ispc.klape.eu/platby/hca/philip-merrill-college-of-journalism-acceptance-rate" "Mozilla/5.0 (Linux; Android 7.0;) AppleWebKit/537.36 (KHTML, like Gecko) Mobile Safari/537.36 (compatible; PetalBot;+https://webmaster.petalsearch.com/site/petalbot)"
85.208.96.202 - - [01/Dec/2025:17:15:59 +0100] "GET /platby/qqap/st-aloysius-gonzaga-quotes HTTP/1.1" 200 9273 "-" "Mozilla/5.0 (compatible; SemrushBot/7~bl; +http://www.semrush.com/bot.html)"
185.191.171.8 - - [01/Dec/2025:17:16:21 +0100] "GET /platby/aohwuyx/fingerprint-lock-screen-prank-mod-apk HTTP/1.1" 200 10966 "-" "Mozilla/5.0 (compatible; SemrushBot/7~bl; +http://www.semrush.com/bot.html)"
185.191.171.14 - - [01/Dec/2025:17:16:58 +0100] "GET /platby/hca/scalp-micropigmentation-bangkok HTTP/1.1" 200 10835 "-" "Mozilla/5.0 (compatible; SemrushBot/7~bl; +http://www.semrush.com/bot.html)"
185.191.171.8 - - [01/Dec/2025:17:17:48 +0100] "GET /platby/72zbxoz/kowloon-walled-city-crime HTTP/1.1" 200 13995 "-" "Mozilla/5.0 (compatible; SemrushBot/7~bl; +http://www.semrush.com/bot.html)"
114.119.139.66 - - [01/Dec/2025:17:18:04 +0100] "GET /platby/hca/literature-definition HTTP/1.1" 200 10808 "http://ispc.klape.eu/platby/hca/literature-definition" "Mozilla/5.0 (Linux; Android 7.0;) AppleWebKit/537.36 (KHTML, like Gecko) Mobile Safari/537.36 (compatible; PetalBot;+https://webmaster.petalsearch.com/site/petalbot)"
185.191.171.19 - - [01/Dec/2025:17:18:19 +0100] "GET /platby/hca/dire-dawa-food-complex-pdf HTTP/1.1" 200 10826 "-" "Mozilla/5.0 (compatible; SemrushBot/7~bl; +http://www.semrush.com/bot.html)"
54.88.84.219 - - [01/Dec/2025:17:18:21 +0100] "GET /platby/uwoy9/30-day-challenge-workout-at-home HTTP/1.1" 200 9948 "-" "Mozilla/5.0 AppleWebKit/537.36 (KHTML, like Gecko; compatible; Amazonbot/0.1; +https://developer.amazon.com/support/amazonbot) Chrome/119.0.6045.214 Safari/537.36"
44.223.116.180 - - [01/Dec/2025:17:18:24 +0100] "GET /platby/uwoy9/product-design-magazines HTTP/1.1" 200 15722 "-" "Mozilla/5.0 AppleWebKit/537.36 (KHTML, like Gecko; compatible; Amazonbot/0.1; +https://developer.amazon.com/support/amazonbot) Chrome/119.0.6045.214 Safari/537.36"
18.209.137.234 - - [01/Dec/2025:17:18:29 +0100] "GET /platby/uwoy9/franklin-youth-football HTTP/1.1" 200 7985 "-" "Mozilla/5.0 AppleWebKit/537.36 (KHTML, like Gecko; compatible; Amazonbot/0.1; +https://developer.amazon.com/support/amazonbot) Chrome/119.0.6045.214 Safari/537.36"
98.84.131.195 - - [01/Dec/2025:17:18:31 +0100] "GET /platby/uwoy9/construction-trends-post-covid HTTP/1.1" 200 13638 "-" "Mozilla/5.0 AppleWebKit/537.36 (KHTML, like Gecko; compatible; Amazonbot/0.1; +https://developer.amazon.com/support/amazonbot) Chrome/119.0.6045.214 Safari/537.36"
44.209.89.189 - - [01/Dec/2025:17:18:39 +0100] "GET /platby/uwoy9/nfl-divisional-round-2022 HTTP/1.1" 200 10903 "-" "Mozilla/5.0 AppleWebKit/537.36 (KHTML, like Gecko; compatible; Amazonbot/0.1; +https://developer.amazon.com/support/amazonbot) Chrome/119.0.6045.214 Safari/537.36"
185.191.171.19 - - [01/Dec/2025:17:18:40 +0100] "GET /platby/aohwuyx/utility-software-examples-list HTTP/1.1" 200 10362 "-" "Mozilla/5.0 (compatible; SemrushBot/7~bl; +http://www.semrush.com/bot.html)"
34.197.28.78 - - [01/Dec/2025:17:18:40 +0100] "GET /platby/uwoy9/ireland-v-ukraine-women's HTTP/1.1" 200 10548 "-" "Mozilla/5.0 AppleWebKit/537.36 (KHTML, like Gecko; compatible; Amazonbot/0.1; +https://developer.amazon.com/support/amazonbot) Chrome/119.0.6045.214 Safari/537.36"
34.206.193.60 - - [01/Dec/2025:17:18:47 +0100] "GET /platby/uwoy9/oklahoma-baptist-university HTTP/1.1" 200 7638 "-" "Mozilla/5.0 AppleWebKit/537.36 (KHTML, like Gecko; compatible; Amazonbot/0.1; +https://developer.amazon.com/support/amazonbot) Chrome/119.0.6045.214 Safari/537.36"
185.191.171.6 - - [01/Dec/2025:17:18:47 +0100] "GET /platby/72zbxoz/guaranteed-rate-field HTTP/1.1" 200 7261 "-" "Mozilla/5.0 (compatible; SemrushBot/7~bl; +http://www.semrush.com/bot.html)"
185.191.171.15 - - [01/Dec/2025:17:18:50 +0100] "GET /platby/aohwuyx/solar-energy-introduction-pdf HTTP/1.1" 200 8320 "-" "Mozilla/5.0 (compatible; SemrushBot/7~bl; +http://www.semrush.com/bot.html)"
85.208.96.201 - - [01/Dec/2025:17:19:04 +0100] "GET /platby/72zbxoz/opportunity-to-grow-professionally-and-personally HTTP/1.1" 200 9575 "-" "Mozilla/5.0 (compatible; SemrushBot/7~bl; +http://www.semrush.com/bot.html)"
85.208.96.203 - - [01/Dec/2025:17:19:07 +0100] "GET /platby/qqap/bruce-campbell-father HTTP/1.1" 200 11465 "-" "Mozilla/5.0 (compatible; SemrushBot/7~bl; +http://www.semrush.com/bot.html)"
141.98.11.181 - - [01/Dec/2025:17:19:11 +0100] "\x16\x03\x01\x02" 403 265 "-" "-"
197.49.28.25 - - [01/Dec/2025:17:19:28 +0100] "POST /GponForm/diag_Form?style/ HTTP/1.1" 400 230 "-" "Hello, World"
85.208.96.195 - - [01/Dec/2025:17:19:51 +0100] "GET /platby/hca/providence-company-salary HTTP/1.1" 200 11443 "-" "Mozilla/5.0 (compatible; SemrushBot/7~bl; +http://www.semrush.com/bot.html)"
85.208.96.206 - - [01/Dec/2025:17:19:58 +0100] "GET /platby/qqap/timberwolves-most-points-in-a-game HTTP/1.1" 200 9446 "-" "Mozilla/5.0 (compatible; SemrushBot/7~bl; +http://www.semrush.com/bot.html)"
114.119.140.102 - - [01/Dec/2025:17:20:07 +0100] "GET /platby/qqap/alcorn-state-university HTTP/1.1" 200 12272 "http://ispc.klape.eu/platby/qqap/alcorn-state-university" "Mozilla/5.0 (Linux; Android 7.0;) AppleWebKit/537.36 (KHTML, like Gecko) Mobile Safari/537.36 (compatible; PetalBot;+https://webmaster.petalsearch.com/site/petalbot)"
185.191.171.14 - - [01/Dec/2025:17:20:14 +0100] "GET /platby/qqap/comic-sans-handwriting HTTP/1.1" 200 12998 "-" "Mozilla/5.0 (compatible; SemrushBot/7~bl; +http://www.semrush.com/bot.html)"
85.208.96.206 - - [01/Dec/2025:17:20:18 +0100] "GET /platby/hca/beautiful-poems-short HTTP/1.1" 200 13276 "-" "Mozilla/5.0 (compatible; SemrushBot/7~bl; +http://www.semrush.com/bot.html)"
85.208.96.205 - - [01/Dec/2025:17:21:00 +0100] "GET /platby/uwoy9/inexplicable-experience HTTP/1.1" 200 10110 "-" "Mozilla/5.0 (compatible; SemrushBot/7~bl; +http://www.semrush.com/bot.html)"
185.191.171.1 - - [01/Dec/2025:17:21:18 +0100] "GET /platby/uwoy9/royal-ivey-salary-nets HTTP/1.1" 200 7248 "-" "Mozilla/5.0 (compatible; SemrushBot/7~bl; +http://www.semrush.com/bot.html)"
191.7.211.90 - - [01/Dec/2025:17:21:32 +0100] "GET /" 400 468 "-" "-"
185.191.171.8 - - [01/Dec/2025:17:21:51 +0100] "GET /platby/72zbxoz/mako-total-knee-replacement-technique HTTP/1.1" 200 9174 "-" "Mozilla/5.0 (compatible; SemrushBot/7~bl; +http://www.semrush.com/bot.html)"
114.119.152.142 - - [01/Dec/2025:17:22:12 +0100] "GET /platby/hca/dastardly-pronunciation HTTP/1.1" 200 10980 "http://ispc.klape.eu/platby/hca/dastardly-pronunciation" "Mozilla/5.0 (Linux; Android 7.0;) AppleWebKit/537.36 (KHTML, like Gecko) Mobile Safari/537.36 (compatible; PetalBot;+https://webmaster.petalsearch.com/site/petalbot)"
185.191.171.4 - - [01/Dec/2025:17:22:27 +0100] "GET /platby/72zbxoz/poems-about-sorrow-and-grief HTTP/1.1" 200 15202 "-" "Mozilla/5.0 (compatible; SemrushBot/7~bl; +http://www.semrush.com/bot.html)"
185.191.171.6 - - [01/Dec/2025:17:22:35 +0100] "GET /platby/qqap/another-word-for-melting-in-chemistry HTTP/1.1" 200 10735 "-" "Mozilla/5.0 (compatible; SemrushBot/7~bl; +http://www.semrush.com/bot.html)"
185.191.171.4 - - [01/Dec/2025:17:22:51 +0100] "GET /platby/qqap/lonely-hearts-clothing HTTP/1.1" 200 9345 "-" "Mozilla/5.0 (compatible; SemrushBot/7~bl; +http://www.semrush.com/bot.html)"
85.208.96.195 - - [01/Dec/2025:17:22:55 +0100] "GET /platby/hca/name-a-fitness-professional HTTP/1.1" 200 11905 "-" "Mozilla/5.0 (compatible; SemrushBot/7~bl; +http://www.semrush.com/bot.html)"
78.153.140.222 - - [01/Dec/2025:17:23:12 +0100] "\x16\x03\x01" 403 265 "-" "-"
78.153.140.222 - - [01/Dec/2025:17:23:12 +0100] "\x16\x03\x01" 403 265 "-" "-"
185.191.171.3 - - [01/Dec/2025:17:23:13 +0100] "GET /platby/uwoy9/piccadilly-radio-presenters HTTP/1.1" 200 10459 "-" "Mozilla/5.0 (compatible; SemrushBot/7~bl; +http://www.semrush.com/bot.html)"
89.24.197.110 - - [01/Dec/2025:17:23:15 +0100] "\x16\x03\x01\x06\xdc\x01" 403 265 "-" "-"
89.24.197.110 - - [01/Dec/2025:17:23:15 +0100] "\x16\x03\x01\x06\xfc\x01" 403 265 "-" "-"
89.24.197.110 - - [01/Dec/2025:17:23:17 +0100] "\x16\x03\x01\x06\xdc\x01" 403 265 "-" "-"
89.24.197.110 - - [01/Dec/2025:17:23:17 +0100] "\x16\x03\x01\x06\xbc\x01" 403 265 "-" "-"
185.191.171.10 - - [01/Dec/2025:17:23:22 +0100] "GET /platby/uwoy9/pine-view-school-sarasota-tuition HTTP/1.1" 200 8699 "-" "Mozilla/5.0 (compatible; SemrushBot/7~bl; +http://www.semrush.com/bot.html)"
87.236.176.13 - - [01/Dec/2025:17:23:59 +0100] "\x16\x03\x01\x01\x1f\x01" 403 265 "-" "-"
185.191.171.14 - - [01/Dec/2025:17:23:59 +0100] "GET /platby/aohwuyx/john-benjamin-hickey-in-treatment HTTP/1.1" 200 10953 "-" "Mozilla/5.0 (compatible; SemrushBot/7~bl; +http://www.semrush.com/bot.html)"
185.191.171.12 - - [01/Dec/2025:17:24:09 +0100] "GET /platby/qqap/jerry-jeudy-fantasy-dynasty HTTP/1.1" 200 6518 "-" "Mozilla/5.0 (compatible; SemrushBot/7~bl; +http://www.semrush.com/bot.html)"
85.208.96.197 - - [01/Dec/2025:17:24:13 +0100] "GET /platby/72zbxoz/university-of-stuttgart-bachelor-programs HTTP/1.1" 200 8387 "-" "Mozilla/5.0 (compatible; SemrushBot/7~bl; +http://www.semrush.com/bot.html)"
87.236.176.27 - - [01/Dec/2025:17:24:14 +0100] "GET / HTTP/1.1" 403 220 "-" "Mozilla/5.0 (compatible; InternetMeasurement/1.0; +https://internet-measurement.com/)"
114.119.139.66 - - [01/Dec/2025:17:24:18 +0100] "GET /platby/article.php?5d4c26=until-i-bleed-out-the-weeknd-lyrics HTTP/1.1" 200 6243 "http://ispc.klape.eu/platby/article.php?5d4c26=meeting-place-restaurant" "Mozilla/5.0 (Linux; Android 7.0;) AppleWebKit/537.36 (KHTML, like Gecko) Mobile Safari/537.36 (compatible; PetalBot;+https://webmaster.petalsearch.com/site/petalbot)"
85.208.96.205 - - [01/Dec/2025:17:24:41 +0100] "GET /platby/72zbxoz/monte-rosa-therapeutics-stock HTTP/1.1" 200 11782 "-" "Mozilla/5.0 (compatible; SemrushBot/7~bl; +http://www.semrush.com/bot.html)"
85.208.96.210 - - [01/Dec/2025:17:25:00 +0100] "GET /platby/hca/darryl-kile-last-game HTTP/1.1" 200 11637 "-" "Mozilla/5.0 (compatible; SemrushBot/7~bl; +http://www.semrush.com/bot.html)"
185.191.171.1 - - [01/Dec/2025:17:25:01 +0100] "GET /platby/aohwuyx/port-royal-sunken-city HTTP/1.1" 200 12969 "-" "Mozilla/5.0 (compatible; SemrushBot/7~bl; +http://www.semrush.com/bot.html)"
199.30.231.5 - - [01/Dec/2025:17:25:05 +0100] "\x16\x03\x01" 403 265 "-" "-"
204.76.203.206 - - [01/Dec/2025:17:25:05 +0100] "GET /" 400 468 "-" "-"
180.153.236.241 - - [01/Dec/2025:17:25:46 +0100] "\x16\x03\x01\x02" 403 265 "-" "-"
85.208.96.195 - - [01/Dec/2025:17:25:58 +0100] "GET /platby/72zbxoz/mako-shark-teeth-vs-great-white HTTP/1.1" 200 9415 "-" "Mozilla/5.0 (compatible; SemrushBot/7~bl; +http://www.semrush.com/bot.html)"
185.191.171.14 - - [01/Dec/2025:17:26:20 +0100] "GET /platby/qqap/professional-growth-synonym HTTP/1.1" 200 9318 "-" "Mozilla/5.0 (compatible; SemrushBot/7~bl; +http://www.semrush.com/bot.html)"
85.208.96.194 - - [01/Dec/2025:17:26:25 +0100] "GET /platby/72zbxoz/scientific-theories-that-have-changed-over-time HTTP/1.1" 200 13833 "-" "Mozilla/5.0 (compatible; SemrushBot/7~bl; +http://www.semrush.com/bot.html)"
114.119.140.102 - - [01/Dec/2025:17:26:25 +0100] "GET /platby/article.php?5d4c26=things-to-do-in-brighton-in-december HTTP/1.1" 200 5895 "http://ispc.klape.eu/platby/article.php?5d4c26=kanye-new-album-genius" "Mozilla/5.0 (Linux; Android 7.0;) AppleWebKit/537.36 (KHTML, like Gecko) Mobile Safari/537.36 (compatible; PetalBot;+https://webmaster.petalsearch.com/site/petalbot)"
185.191.171.4 - - [01/Dec/2025:17:26:35 +0100] "GET /platby/uwoy9/ksa-knowledge,-skills-and-abilities-examples HTTP/1.1" 200 9879 "-" "Mozilla/5.0 (compatible; SemrushBot/7~bl; +http://www.semrush.com/bot.html)"
185.191.171.2 - - [01/Dec/2025:17:26:49 +0100] "GET /platby/hca/social-distancing-dataset HTTP/1.1" 200 6988 "-" "Mozilla/5.0 (compatible; SemrushBot/7~bl; +http://www.semrush.com/bot.html)"
85.208.96.193 - - [01/Dec/2025:17:26:58 +0100] "GET /platby/hca/nuno-espirito-santo-teams-coached HTTP/1.1" 200 6555 "-" "Mozilla/5.0 (compatible; SemrushBot/7~bl; +http://www.semrush.com/bot.html)"
204.76.203.206 - - [01/Dec/2025:17:27:09 +0100] "GET / HTTP/1.1" 200 316 "-" "Mozilla/5.0 (Windows NT 10.0; Win64; x64) AppleWebKit/537.36 (KHTML, like Gecko) Chrome/90.0.4430.85 Safari/537.36 Edg/90.0.818.46"
185.191.171.10 - - [01/Dec/2025:17:27:40 +0100] "GET /platby/aohwuyx/you're-my-hero-ferris-bueller HTTP/1.1" 200 9025 "-" "Mozilla/5.0 (compatible; SemrushBot/7~bl; +http://www.semrush.com/bot.html)"
185.191.171.10 - - [01/Dec/2025:17:27:42 +0100] "GET /platby/qqap/medgar-evers-important-events HTTP/1.1" 200 13309 "-" "Mozilla/5.0 (compatible; SemrushBot/7~bl; +http://www.semrush.com/bot.html)"
185.191.171.13 - - [01/Dec/2025:17:27:43 +0100] "GET /platby/qqap/american-kestrel-size HTTP/1.1" 200 6786 "-" "Mozilla/5.0 (compatible; SemrushBot/7~bl; +http://www.semrush.com/bot.html)"
185.191.171.7 - - [01/Dec/2025:17:27:53 +0100] "GET /platby/uwoy9/huawei-p30-lock-screen-wallpaper-keeps-changing HTTP/1.1" 200 11065 "-" "Mozilla/5.0 (compatible; SemrushBot/7~bl; +http://www.semrush.com/bot.html)"
85.208.96.193 - - [01/Dec/2025:17:28:07 +0100] "GET /platby/uwoy9/bash-escape-dollar-sign HTTP/1.1" 200 11379 "-" "Mozilla/5.0 (compatible; SemrushBot/7~bl; +http://www.semrush.com/bot.html)"
185.191.171.13 - - [01/Dec/2025:17:28:14 +0100] "GET /platby/qqap/vestibular-sense-definition HTTP/1.1" 200 12142 "-" "Mozilla/5.0 (compatible; SemrushBot/7~bl; +http://www.semrush.com/bot.html)"
114.119.149.2 - - [01/Dec/2025:17:28:28 +0100] "GET /platby/article.php?5d4c26=sandi-shore-death--mitzi HTTP/1.1" 200 6632 "http://ispc.klape.eu/platby/article.php?5d4c26=meeting-place-restaurant" "Mozilla/5.0 (Linux; Android 7.0;) AppleWebKit/537.36 (KHTML, like Gecko) Mobile Safari/537.36 (compatible; PetalBot;+https://webmaster.petalsearch.com/site/petalbot)"
34.169.123.134 - - [01/Dec/2025:17:29:03 +0100] "\x16\x03\x01\x02" 403 265 "-" "-"
185.191.171.19 - - [01/Dec/2025:17:29:09 +0100] "GET /platby/qqap/reverse-peristalsis-symptoms HTTP/1.1" 200 7843 "-" "Mozilla/5.0 (compatible; SemrushBot/7~bl; +http://www.semrush.com/bot.html)"
185.191.171.3 - - [01/Dec/2025:17:29:17 +0100] "GET /platby/72zbxoz/how-to-support-bilingualism-in-early-childhood HTTP/1.1" 200 9821 "-" "Mozilla/5.0 (compatible; SemrushBot/7~bl; +http://www.semrush.com/bot.html)"
185.191.171.10 - - [01/Dec/2025:17:29:25 +0100] "GET /platby/uwoy9/kaizer-chiefs-vs-simba-sofascore HTTP/1.1" 200 9570 "-" "Mozilla/5.0 (compatible; SemrushBot/7~bl; +http://www.semrush.com/bot.html)"
185.191.171.14 - - [01/Dec/2025:17:30:12 +0100] "GET /platby/hca/kevin-kiermaier-splits HTTP/1.1" 200 7214 "-" "Mozilla/5.0 (compatible; SemrushBot/7~bl; +http://www.semrush.com/bot.html)"
85.208.96.200 - - [01/Dec/2025:17:30:17 +0100] "GET /platby/uwoy9/fee-structure-of-schools-in-shimla HTTP/1.1" 200 11696 "-" "Mozilla/5.0 (compatible; SemrushBot/7~bl; +http://www.semrush.com/bot.html)"
85.208.96.211 - - [01/Dec/2025:17:30:22 +0100] "GET /platby/aohwuyx/what-amendment-created-prohibition HTTP/1.1" 200 8399 "-" "Mozilla/5.0 (compatible; SemrushBot/7~bl; +http://www.semrush.com/bot.html)"
114.119.152.142 - - [01/Dec/2025:17:30:33 +0100] "GET /platby/article.php?5d4c26=reki-haibane-renmei HTTP/1.1" 200 6332 "http://ispc.klape.eu/platby/article.php?5d4c26=kimberley-nixon-tv-shows" "Mozilla/5.0 (Linux; Android 7.0;) AppleWebKit/537.36 (KHTML, like Gecko) Mobile Safari/537.36 (compatible; PetalBot;+https://webmaster.petalsearch.com/site/petalbot)"
185.191.171.13 - - [01/Dec/2025:17:30:33 +0100] "GET /platby/hca/crushable-opposite-word HTTP/1.1" 200 9995 "-" "Mozilla/5.0 (compatible; SemrushBot/7~bl; +http://www.semrush.com/bot.html)"
185.191.171.1 - - [01/Dec/2025:17:30:58 +0100] "GET /platby/uwoy9/force-and-motion-lesson-plans-5th-grade HTTP/1.1" 200 15319 "-" "Mozilla/5.0 (compatible; SemrushBot/7~bl; +http://www.semrush.com/bot.html)"
85.208.96.199 - - [01/Dec/2025:17:31:12 +0100] "GET /platby/72zbxoz/don't-follow-your-heart-quotes HTTP/1.1" 200 15631 "-" "Mozilla/5.0 (compatible; SemrushBot/7~bl; +http://www.semrush.com/bot.html)"
102.210.168.99 - - [01/Dec/2025:17:31:18 +0100] "POST /GponForm/diag_Form?style/ HTTP/1.1" 400 230 "-" "Hello, World"
185.191.171.12 - - [01/Dec/2025:17:31:33 +0100] "GET /platby/uwoy9/commercial-gas-stove-for-home HTTP/1.1" 200 15091 "-" "Mozilla/5.0 (compatible; SemrushBot/7~bl; +http://www.semrush.com/bot.html)"
204.76.203.212 - - [01/Dec/2025:17:31:41 +0100] "GET /" 400 468 "-" "-"
185.191.171.9 - - [01/Dec/2025:17:31:45 +0100] "GET /platby/hca/full-tilt-pinball-steam HTTP/1.1" 200 11712 "-" "Mozilla/5.0 (compatible; SemrushBot/7~bl; +http://www.semrush.com/bot.html)"
85.208.96.204 - - [01/Dec/2025:17:31:50 +0100] "GET /platby/aohwuyx/best-chickens-to-raise-in-montana HTTP/1.1" 200 8445 "-" "Mozilla/5.0 (compatible; SemrushBot/7~bl; +http://www.semrush.com/bot.html)"
85.208.96.206 - - [01/Dec/2025:17:31:53 +0100] "GET /platby/72zbxoz/the-alchemist-paulo-coelho HTTP/1.1" 200 9668 "-" "Mozilla/5.0 (compatible; SemrushBot/7~bl; +http://www.semrush.com/bot.html)"
85.208.96.200 - - [01/Dec/2025:17:31:55 +0100] "GET /platby/hca/scarsdale-high-school-graduation-2021 HTTP/1.1" 200 12065 "-" "Mozilla/5.0 (compatible; SemrushBot/7~bl; +http://www.semrush.com/bot.html)"
85.208.96.202 - - [01/Dec/2025:17:32:07 +0100] "GET /platby/aohwuyx/insolvency-service-register HTTP/1.1" 200 8049 "-" "Mozilla/5.0 (compatible; SemrushBot/7~bl; +http://www.semrush.com/bot.html)"
185.191.171.12 - - [01/Dec/2025:17:32:16 +0100] "GET /platby/72zbxoz/most-popular-jewelry-2020dorance-armstrong-stats HTTP/1.1" 200 11016 "-" "Mozilla/5.0 (compatible; SemrushBot/7~bl; +http://www.semrush.com/bot.html)"
114.119.130.237 - - [01/Dec/2025:17:32:39 +0100] "GET /platby/article.php?5d4c26=mount-olympus-temple HTTP/1.1" 200 5281 "-" "Mozilla/5.0 (Linux; Android 7.0;) AppleWebKit/537.36 (KHTML, like Gecko) Mobile Safari/537.36 (compatible; PetalBot;+https://webmaster.petalsearch.com/site/petalbot)"
85.208.96.199 - - [01/Dec/2025:17:33:14 +0100] "GET /platby/hca/mlb-trade-rumors:-pirates HTTP/1.1" 200 6768 "-" "Mozilla/5.0 (compatible; SemrushBot/7~bl; +http://www.semrush.com/bot.html)"
85.208.96.211 - - [01/Dec/2025:17:33:25 +0100] "GET /platby/uwoy9/mit-aeroastro-application HTTP/1.1" 200 12316 "-" "Mozilla/5.0 (compatible; SemrushBot/7~bl; +http://www.semrush.com/bot.html)"
85.208.96.211 - - [01/Dec/2025:17:33:27 +0100] "GET /platby/aohwuyx/forever-living-international HTTP/1.1" 200 9771 "-" "Mozilla/5.0 (compatible; SemrushBot/7~bl; +http://www.semrush.com/bot.html)"
185.191.171.10 - - [01/Dec/2025:17:33:59 +0100] "GET /platby/aohwuyx/transparent-light-rays-png HTTP/1.1" 200 10344 "-" "Mozilla/5.0 (compatible; SemrushBot/7~bl; +http://www.semrush.com/bot.html)"
85.208.96.195 - - [01/Dec/2025:17:34:14 +0100] "GET /platby/72zbxoz/who-is-eamon-in-bourne-identity HTTP/1.1" 200 8251 "-" "Mozilla/5.0 (compatible; SemrushBot/7~bl; +http://www.semrush.com/bot.html)"
85.208.96.211 - - [01/Dec/2025:17:34:32 +0100] "GET /platby/hca/how-to-duplicate-a-folder-in-sharepoint HTTP/1.1" 200 6989 "-" "Mozilla/5.0 (compatible; SemrushBot/7~bl; +http://www.semrush.com/bot.html)"
185.191.171.9 - - [01/Dec/2025:17:34:35 +0100] "GET /platby/aohwuyx/student-looking-for-room-to-rent-in-singapore HTTP/1.1" 200 15063 "-" "Mozilla/5.0 (compatible; SemrushBot/7~bl; +http://www.semrush.com/bot.html)"
114.119.139.66 - - [01/Dec/2025:17:34:44 +0100] "GET /platby/article.php?5d4c26=r-type-final-2-trailer HTTP/1.1" 200 6385 "http://ispc.klape.eu/platby/article.php?5d4c26=how-to-pronounce-bedazzle" "Mozilla/5.0 (Linux; Android 7.0;) AppleWebKit/537.36 (KHTML, like Gecko) Mobile Safari/537.36 (compatible; PetalBot;+https://webmaster.petalsearch.com/site/petalbot)"
141.98.11.181 - - [01/Dec/2025:17:34:48 +0100] "\x16\x03\x01\x02" 403 265 "-" "-"
85.208.96.212 - - [01/Dec/2025:17:34:54 +0100] "GET /platby/uwoy9/when-someone-says-your-salty HTTP/1.1" 200 9396 "-" "Mozilla/5.0 (compatible; SemrushBot/7~bl; +http://www.semrush.com/bot.html)"
85.208.96.210 - - [01/Dec/2025:17:35:24 +0100] "GET /platby/uwoy9/ibm-think-2021-sponsorship HTTP/1.1" 200 10563 "-" "Mozilla/5.0 (compatible; SemrushBot/7~bl; +http://www.semrush.com/bot.html)"
185.191.171.11 - - [01/Dec/2025:17:35:53 +0100] "GET /platby/uwoy9/apartments-for-rent-downtown-milford,-mi HTTP/1.1" 200 8808 "-" "Mozilla/5.0 (compatible; SemrushBot/7~bl; +http://www.semrush.com/bot.html)"
