85.208.96.199 - - [01/Dec/2025:18:19:36 +0100] "GET /platby/hca/companion-sentence-for-class-3 HTTP/1.1" 200 7962 "-" "Mozilla/5.0 (compatible; SemrushBot/7~bl; +http://www.semrush.com/bot.html)"
85.208.96.195 - - [01/Dec/2025:18:19:53 +0100] "GET /platby/72zbxoz/are-tractor-supply-ducks-sexed HTTP/1.1" 200 12060 "-" "Mozilla/5.0 (compatible; SemrushBot/7~bl; +http://www.semrush.com/bot.html)"
185.191.171.18 - - [01/Dec/2025:18:19:56 +0100] "GET /platby/qqap/ultrasonic-fingerprint-sensor-screen-protector-s20 HTTP/1.1" 200 10002 "-" "Mozilla/5.0 (compatible; SemrushBot/7~bl; +http://www.semrush.com/bot.html)"
195.178.110.240 - - [01/Dec/2025:18:20:10 +0100] "\x16\x03\x01" 403 265 "-" "-"
195.178.110.240 - - [01/Dec/2025:18:20:10 +0100] "GET / HTTP/1.1" 403 252 "-" "-"
195.178.110.240 - - [01/Dec/2025:18:20:10 +0100] "GET / HTTP/1.1" 403 266 "-" "l9tcpid/v1.1.0"
195.178.110.240 - - [01/Dec/2025:18:20:10 +0100] "GET /.env.dev.local HTTP/1.1" 403 234 "-" "l9explore/1.2.2"
195.178.110.240 - - [01/Dec/2025:18:20:10 +0100] "GET /.env.staging.local HTTP/1.1" 403 237 "-" "l9explore/1.2.2"
195.178.110.240 - - [01/Dec/2025:18:20:10 +0100] "GET /.env.testing.local HTTP/1.1" 403 237 "-" "l9explore/1.2.2"
195.178.110.240 - - [01/Dec/2025:18:20:10 +0100] "GET /server/.git/config HTTP/1.1" 403 235 "-" "l9explore/1.2.2"
195.178.110.240 - - [01/Dec/2025:18:20:10 +0100] "GET /admin/.git/config HTTP/1.1" 403 237 "-" "l9explore/1.2.2"
195.178.110.240 - - [01/Dec/2025:18:20:10 +0100] "GET /.env.default HTTP/1.1" 403 233 "-" "l9explore/1.2.2"
195.178.110.240 - - [01/Dec/2025:18:20:10 +0100] "GET /.env.production HTTP/1.1" 403 234 "-" "l9explore/1.2.2"
195.178.110.240 - - [01/Dec/2025:18:20:10 +0100] "GET /.envrc HTTP/1.1" 403 228 "-" "l9explore/1.2.2"
195.178.110.240 - - [01/Dec/2025:18:20:10 +0100] "GET /.env.save HTTP/1.1" 403 230 "-" "l9explore/1.2.2"
195.178.110.240 - - [01/Dec/2025:18:20:10 +0100] "GET /.env.testing HTTP/1.1" 403 232 "-" "l9explore/1.2.2"
195.178.110.240 - - [01/Dec/2025:18:20:10 +0100] "GET /config.json HTTP/1.1" 403 233 "-" "l9explore/1.2.2"
195.178.110.240 - - [01/Dec/2025:18:20:10 +0100] "GET /.env.prod HTTP/1.1" 403 230 "-" "l9explore/1.2.2"
195.178.110.240 - - [01/Dec/2025:18:20:10 +0100] "GET /.env.qa HTTP/1.1" 403 229 "-" "l9explore/1.2.2"
195.178.110.240 - - [01/Dec/2025:18:20:10 +0100] "GET /build/.env HTTP/1.1" 403 231 "-" "l9explore/1.2.2"
195.178.110.240 - - [01/Dec/2025:18:20:10 +0100] "GET /.aws/credentials HTTP/1.1" 403 234 "-" "l9explore/1.2.2"
195.178.110.240 - - [01/Dec/2025:18:20:10 +0100] "GET /.env.preprod HTTP/1.1" 403 232 "-" "l9explore/1.2.2"
195.178.110.240 - - [01/Dec/2025:18:20:11 +0100] "GET /data/.git/config HTTP/1.1" 403 236 "-" "l9explore/1.2.2"
195.178.110.240 - - [01/Dec/2025:18:20:11 +0100] "GET /files/.git/config HTTP/1.1" 403 237 "-" "l9explore/1.2.2"
195.178.110.240 - - [01/Dec/2025:18:20:11 +0100] "GET /public/.git/config HTTP/1.1" 403 238 "-" "l9explore/1.2.2"
195.178.110.240 - - [01/Dec/2025:18:20:11 +0100] "GET /.env.secret HTTP/1.1" 403 231 "-" "l9explore/1.2.2"
195.178.110.240 - - [01/Dec/2025:18:20:11 +0100] "GET /dev/.git/config HTTP/1.1" 403 235 "-" "l9explore/1.2.2"
195.178.110.240 - - [01/Dec/2025:18:20:11 +0100] "GET /.env.production.local HTTP/1.1" 403 238 "-" "l9explore/1.2.2"
195.178.110.240 - - [01/Dec/2025:18:20:11 +0100] "GET /prod/.env HTTP/1.1" 403 230 "-" "l9explore/1.2.2"
195.178.110.240 - - [01/Dec/2025:18:20:11 +0100] "GET /.env.uat HTTP/1.1" 403 230 "-" "l9explore/1.2.2"
195.178.110.240 - - [01/Dec/2025:18:20:11 +0100] "GET /project/.git/config HTTP/1.1" 403 238 "-" "l9explore/1.2.2"
195.178.110.240 - - [01/Dec/2025:18:20:11 +0100] "GET /www/.git/config HTTP/1.1" 403 236 "-" "l9explore/1.2.2"
195.178.110.240 - - [01/Dec/2025:18:20:11 +0100] "GET /.env HTTP/1.1" 403 227 "-" "l9explore/1.2.2"
195.178.110.240 - - [01/Dec/2025:18:20:11 +0100] "GET /.env.dev HTTP/1.1" 403 229 "-" "l9explore/1.2.2"
195.178.110.240 - - [01/Dec/2025:18:20:11 +0100] "GET /.env.live HTTP/1.1" 403 230 "-" "l9explore/1.2.2"
195.178.110.240 - - [01/Dec/2025:18:20:11 +0100] "GET /.env.prod.local HTTP/1.1" 403 234 "-" "l9explore/1.2.2"
195.178.110.240 - - [01/Dec/2025:18:20:11 +0100] "GET /cms/.git/config HTTP/1.1" 403 235 "-" "l9explore/1.2.2"
195.178.110.240 - - [01/Dec/2025:18:20:11 +0100] "GET /config/.env HTTP/1.1" 403 233 "-" "l9explore/1.2.2"
195.178.110.240 - - [01/Dec/2025:18:20:11 +0100] "GET /.env.test HTTP/1.1" 403 230 "-" "l9explore/1.2.2"
195.178.110.240 - - [01/Dec/2025:18:20:11 +0100] "GET /app/.git/config HTTP/1.1" 403 235 "-" "l9explore/1.2.2"
195.178.110.240 - - [01/Dec/2025:18:20:11 +0100] "GET /configuration/.env HTTP/1.1" 403 237 "-" "l9explore/1.2.2"
195.178.110.240 - - [01/Dec/2025:18:20:11 +0100] "GET /.env.template HTTP/1.1" 403 233 "-" "l9explore/1.2.2"
195.178.110.240 - - [01/Dec/2025:18:20:11 +0100] "GET /backup/.git/config HTTP/1.1" 403 238 "-" "l9explore/1.2.2"
195.178.110.240 - - [01/Dec/2025:18:20:11 +0100] "GET /.env.development.local HTTP/1.1" 403 239 "-" "l9explore/1.2.2"
195.178.110.240 - - [01/Dec/2025:18:20:11 +0100] "GET /assets../.git/config HTTP/1.1" 403 238 "-" "l9explore/1.2.2"
195.178.110.240 - - [01/Dec/2025:18:20:11 +0100] "GET /.git/config HTTP/1.1" 403 233 "-" "l9explore/1.2.2"
195.178.110.240 - - [01/Dec/2025:18:20:12 +0100] "GET /media/.git/config HTTP/1.1" 403 237 "-" "l9explore/1.2.2"
195.178.110.240 - - [01/Dec/2025:18:20:12 +0100] "GET /.env.stage HTTP/1.1" 403 231 "-" "l9explore/1.2.2"
195.178.110.240 - - [01/Dec/2025:18:20:12 +0100] "GET /static../.git/config HTTP/1.1" 403 238 "-" "l9explore/1.2.2"
195.178.110.240 - - [01/Dec/2025:18:20:12 +0100] "GET /config/.git/config HTTP/1.1" 403 234 "-" "l9explore/1.2.2"
195.178.110.240 - - [01/Dec/2025:18:20:12 +0100] "GET /.env.config HTTP/1.1" 403 233 "-" "l9explore/1.2.2"
195.178.110.240 - - [01/Dec/2025:18:20:12 +0100] "GET /.env.dist HTTP/1.1" 403 230 "-" "l9explore/1.2.2"
195.178.110.240 - - [01/Dec/2025:18:20:12 +0100] "GET /.env_sample HTTP/1.1" 403 233 "-" "l9explore/1.2.2"
195.178.110.240 - - [01/Dec/2025:18:20:12 +0100] "GET /settings/.env HTTP/1.1" 403 233 "-" "l9explore/1.2.2"
195.178.110.240 - - [01/Dec/2025:18:20:12 +0100] "GET /core/.git/config HTTP/1.1" 403 234 "-" "l9explore/1.2.2"
195.178.110.240 - - [01/Dec/2025:18:20:12 +0100] "GET /.env.backup HTTP/1.1" 403 232 "-" "l9explore/1.2.2"
195.178.110.240 - - [01/Dec/2025:18:20:12 +0100] "GET /media../.git/config HTTP/1.1" 403 238 "-" "l9explore/1.2.2"
195.178.110.240 - - [01/Dec/2025:18:20:12 +0100] "GET /.env.bak HTTP/1.1" 403 230 "-" "l9explore/1.2.2"
195.178.110.240 - - [01/Dec/2025:18:20:12 +0100] "GET /.env.ci HTTP/1.1" 403 229 "-" "l9explore/1.2.2"
195.178.110.240 - - [01/Dec/2025:18:20:12 +0100] "GET /src/.git/config HTTP/1.1" 403 235 "-" "l9explore/1.2.2"
195.178.110.240 - - [01/Dec/2025:18:20:12 +0100] "GET /docker-compose.prod.yml HTTP/1.1" 403 240 "-" "l9explore/1.2.2"
195.178.110.240 - - [01/Dec/2025:18:20:12 +0100] "GET /.env.local HTTP/1.1" 403 231 "-" "l9explore/1.2.2"
195.178.110.240 - - [01/Dec/2025:18:20:12 +0100] "GET /.env.sandbox HTTP/1.1" 403 233 "-" "l9explore/1.2.2"
195.178.110.240 - - [01/Dec/2025:18:20:12 +0100] "GET /api/.env HTTP/1.1" 403 229 "-" "l9explore/1.2.2"
195.178.110.240 - - [01/Dec/2025:18:20:12 +0100] "GET /api/.git/config HTTP/1.1" 403 235 "-" "l9explore/1.2.2"
185.191.171.2 - - [01/Dec/2025:18:20:17 +0100] "GET /platby/aohwuyx/mako-shark-teeth-for-sale HTTP/1.1" 200 13644 "-" "Mozilla/5.0 (compatible; SemrushBot/7~bl; +http://www.semrush.com/bot.html)"
185.191.171.1 - - [01/Dec/2025:18:20:20 +0100] "GET /platby/uwoy9/ireland-v-ukraine-women's HTTP/1.1" 200 10548 "-" "Mozilla/5.0 (compatible; SemrushBot/7~bl; +http://www.semrush.com/bot.html)"
114.119.152.142 - - [01/Dec/2025:18:20:47 +0100] "GET /platby/article.php?5d4c26=%2B-18moreTakeoutStreet-Box,-Bluerapa,-and-more HTTP/1.1" 200 6659 "http://ispc.klape.eu/platby/article.php?5d4c26=filing-a-complaint-against-a-mental-health-professional" "Mozilla/5.0 (Linux; Android 7.0;) AppleWebKit/537.36 (KHTML, like Gecko) Mobile Safari/537.36 (compatible; PetalBot;+https://webmaster.petalsearch.com/site/petalbot)"
185.191.171.7 - - [01/Dec/2025:18:21:08 +0100] "GET /platby/qqap/michael-hampton-brainstorm HTTP/1.1" 200 9989 "-" "Mozilla/5.0 (compatible; SemrushBot/7~bl; +http://www.semrush.com/bot.html)"
185.191.171.14 - - [01/Dec/2025:18:21:15 +0100] "GET /platby/72zbxoz/the-shadow-friend-alex-north HTTP/1.1" 200 7890 "-" "Mozilla/5.0 (compatible; SemrushBot/7~bl; +http://www.semrush.com/bot.html)"
85.208.96.201 - - [01/Dec/2025:18:21:17 +0100] "GET /platby/72zbxoz/coyote-starrk-vs-shunsui HTTP/1.1" 200 13798 "-" "Mozilla/5.0 (compatible; SemrushBot/7~bl; +http://www.semrush.com/bot.html)"
85.208.96.199 - - [01/Dec/2025:18:21:27 +0100] "GET /platby/qqap/who-played-gandalf-in-the-hobbit HTTP/1.1" 200 12310 "-" "Mozilla/5.0 (compatible; SemrushBot/7~bl; +http://www.semrush.com/bot.html)"
74.7.228.19 - - [01/Dec/2025:18:21:27 +0100] "\x16\x03\x01\x01\x05\x01" 403 265 "-" "-"
74.7.228.19 - - [01/Dec/2025:18:21:27 +0100] "\x16\x03\x01\x02" 403 265 "-" "-"
74.7.228.19 - - [01/Dec/2025:18:21:27 +0100] "\x16\x03\x01\x02" 403 265 "-" "-"
85.208.96.197 - - [01/Dec/2025:18:21:58 +0100] "GET /platby/hca/walton-county-schools-reopening HTTP/1.1" 200 6318 "-" "Mozilla/5.0 (compatible; SemrushBot/7~bl; +http://www.semrush.com/bot.html)"
45.38.44.221 - - [01/Dec/2025:18:22:40 +0100] "GET /" 400 468 "-" "-"
114.119.140.102 - - [01/Dec/2025:18:22:47 +0100] "GET /platby/aohwuyx/walk-in-cooler-swing-doors HTTP/1.1" 200 15084 "http://ispc.klape.eu/platby/aohwuyx/pro-football-focus-top-50-players-2021" "Mozilla/5.0 (Linux; Android 7.0;) AppleWebKit/537.36 (KHTML, like Gecko) Mobile Safari/537.36 (compatible; PetalBot;+https://webmaster.petalsearch.com/site/petalbot)"
85.208.96.196 - - [01/Dec/2025:18:22:50 +0100] "GET /platby/aohwuyx/responsive-tab-panel-codepen HTTP/1.1" 200 13857 "-" "Mozilla/5.0 (compatible; SemrushBot/7~bl; +http://www.semrush.com/bot.html)"
185.191.171.15 - - [01/Dec/2025:18:23:14 +0100] "GET /platby/72zbxoz/signal-to-noise-ratio-psychology HTTP/1.1" 200 16541 "-" "Mozilla/5.0 (compatible; SemrushBot/7~bl; +http://www.semrush.com/bot.html)"
185.191.171.19 - - [01/Dec/2025:18:23:38 +0100] "GET /platby/uwoy9/importance-of-media-convergence HTTP/1.1" 200 11755 "-" "Mozilla/5.0 (compatible; SemrushBot/7~bl; +http://www.semrush.com/bot.html)"
185.191.171.19 - - [01/Dec/2025:18:23:57 +0100] "GET /platby/qqap/justin-ernest-bench-press-combine HTTP/1.1" 200 5744 "-" "Mozilla/5.0 (compatible; SemrushBot/7~bl; +http://www.semrush.com/bot.html)"
204.76.203.206 - - [01/Dec/2025:18:23:59 +0100] "GET /" 400 468 "-" "-"
85.208.96.197 - - [01/Dec/2025:18:24:02 +0100] "GET /platby/aohwuyx/necklace-for-girlfriend-with-picture HTTP/1.1" 200 9220 "-" "Mozilla/5.0 (compatible; SemrushBot/7~bl; +http://www.semrush.com/bot.html)"
85.208.96.205 - - [01/Dec/2025:18:24:23 +0100] "GET /platby/qqap/neutrogena-hydro-boost-water-gel-how-to-use HTTP/1.1" 200 11257 "-" "Mozilla/5.0 (compatible; SemrushBot/7~bl; +http://www.semrush.com/bot.html)"
204.76.203.206 - - [01/Dec/2025:18:24:44 +0100] "GET / HTTP/1.1" 200 316 "-" "Mozilla/5.0 (Windows NT 10.0; Win64; x64) AppleWebKit/537.36 (KHTML, like Gecko) Chrome/90.0.4430.85 Safari/537.36 Edg/90.0.818.46"
85.208.96.193 - - [01/Dec/2025:18:24:45 +0100] "GET /platby/hca/dusky-seaside-sparrow-extinction-reason HTTP/1.1" 200 10125 "-" "Mozilla/5.0 (compatible; SemrushBot/7~bl; +http://www.semrush.com/bot.html)"
185.191.171.16 - - [01/Dec/2025:18:24:47 +0100] "GET /platby/uwoy9/private-high-schools-in-germany HTTP/1.1" 200 12489 "-" "Mozilla/5.0 (compatible; SemrushBot/7~bl; +http://www.semrush.com/bot.html)"
185.191.171.19 - - [01/Dec/2025:18:24:55 +0100] "GET /platby/72zbxoz/technical-university-of-munich-ranking HTTP/1.1" 200 8126 "-" "Mozilla/5.0 (compatible; SemrushBot/7~bl; +http://www.semrush.com/bot.html)"
114.119.128.6 - - [01/Dec/2025:18:24:59 +0100] "GET /platby/aohwuyx/modern-authentication-vs-basic-authentication-office-365 HTTP/1.1" 200 9889 "http://ispc.klape.eu/platby/aohwuyx/point-nine-capital-internship" "Mozilla/5.0 (Linux; Android 7.0;) AppleWebKit/537.36 (KHTML, like Gecko) Mobile Safari/537.36 (compatible; PetalBot;+https://webmaster.petalsearch.com/site/petalbot)"
85.208.96.198 - - [01/Dec/2025:18:25:03 +0100] "GET /platby/aohwuyx/1996-nfl-draft-best-players HTTP/1.1" 200 13842 "-" "Mozilla/5.0 (compatible; SemrushBot/7~bl; +http://www.semrush.com/bot.html)"
85.208.96.193 - - [01/Dec/2025:18:25:19 +0100] "GET /platby/aohwuyx/wolf-of-wall-street-2-cast HTTP/1.1" 200 7381 "-" "Mozilla/5.0 (compatible; SemrushBot/7~bl; +http://www.semrush.com/bot.html)"
85.208.96.198 - - [01/Dec/2025:18:25:28 +0100] "GET /platby/hca/crystal-dangerfield-jersey HTTP/1.1" 200 5286 "-" "Mozilla/5.0 (compatible; SemrushBot/7~bl; +http://www.semrush.com/bot.html)"
85.208.96.204 - - [01/Dec/2025:18:25:32 +0100] "GET /platby/72zbxoz/perennial-wildflower-seed-mixes HTTP/1.1" 200 8554 "-" "Mozilla/5.0 (compatible; SemrushBot/7~bl; +http://www.semrush.com/bot.html)"
185.191.171.16 - - [01/Dec/2025:18:26:14 +0100] "GET /platby/uwoy9/kaleidoscope-designer-in-a-binder HTTP/1.1" 200 10192 "-" "Mozilla/5.0 (compatible; SemrushBot/7~bl; +http://www.semrush.com/bot.html)"
85.208.96.206 - - [01/Dec/2025:18:26:34 +0100] "GET /platby/72zbxoz/is-fred-lynn-in-the-baseball-hall-of-fame HTTP/1.1" 200 12803 "-" "Mozilla/5.0 (compatible; SemrushBot/7~bl; +http://www.semrush.com/bot.html)"
85.208.96.201 - - [01/Dec/2025:18:26:42 +0100] "GET /platby/aohwuyx/new-apartment-blocks-london HTTP/1.1" 200 8151 "-" "Mozilla/5.0 (compatible; SemrushBot/7~bl; +http://www.semrush.com/bot.html)"
85.208.96.209 - - [01/Dec/2025:18:26:46 +0100] "GET /platby/aohwuyx/what-we-leave-behind-series HTTP/1.1" 200 14636 "-" "Mozilla/5.0 (compatible; SemrushBot/7~bl; +http://www.semrush.com/bot.html)"
114.119.139.66 - - [01/Dec/2025:18:27:04 +0100] "GET /platby/aohwuyx/in-order-to-achieve-my-dream-i-should-not HTTP/1.1" 200 10357 "http://ispc.klape.eu/platby/aohwuyx/in-order-to-achieve-my-dream-i-should-not" "Mozilla/5.0 (Linux; Android 7.0;) AppleWebKit/537.36 (KHTML, like Gecko) Mobile Safari/537.36 (compatible; PetalBot;+https://webmaster.petalsearch.com/site/petalbot)"
185.191.171.3 - - [01/Dec/2025:18:28:01 +0100] "GET /platby/aohwuyx/nebraska-sandhills-camping HTTP/1.1" 200 9300 "-" "Mozilla/5.0 (compatible; SemrushBot/7~bl; +http://www.semrush.com/bot.html)"
85.208.96.204 - - [01/Dec/2025:18:28:13 +0100] "GET /platby/aohwuyx/badi-mushkil-baba-badi-mushkil-choreographer HTTP/1.1" 200 14485 "-" "Mozilla/5.0 (compatible; SemrushBot/7~bl; +http://www.semrush.com/bot.html)"
85.208.96.207 - - [01/Dec/2025:18:28:40 +0100] "GET /platby/qqap/computer-systems-engineering-salary HTTP/1.1" 200 7699 "-" "Mozilla/5.0 (compatible; SemrushBot/7~bl; +http://www.semrush.com/bot.html)"
85.208.96.209 - - [01/Dec/2025:18:28:55 +0100] "GET /platby/aohwuyx/reading,-pa-property-taxes HTTP/1.1" 200 10980 "-" "Mozilla/5.0 (compatible; SemrushBot/7~bl; +http://www.semrush.com/bot.html)"
185.191.171.6 - - [01/Dec/2025:18:28:58 +0100] "GET /platby/qqap/vanessa-paradis-net-worth HTTP/1.1" 200 10491 "-" "Mozilla/5.0 (compatible; SemrushBot/7~bl; +http://www.semrush.com/bot.html)"
114.119.128.6 - - [01/Dec/2025:18:29:00 +0100] "GET /platby/aohwuyx/gigabyte-motherboard-safe-mode-key-windows-10 HTTP/1.1" 200 12801 "http://ispc.klape.eu/platby/aohwuyx/it%27s-not-your-fault-gif-family-guy" "Mozilla/5.0 (Linux; Android 7.0;) AppleWebKit/537.36 (KHTML, like Gecko) Mobile Safari/537.36 (compatible; PetalBot;+https://webmaster.petalsearch.com/site/petalbot)"
85.208.96.211 - - [01/Dec/2025:18:29:17 +0100] "GET /platby/aohwuyx/rhinoceros-pronunciation HTTP/1.1" 200 8277 "-" "Mozilla/5.0 (compatible; SemrushBot/7~bl; +http://www.semrush.com/bot.html)"
185.191.171.3 - - [01/Dec/2025:18:29:19 +0100] "GET /platby/qqap/paul-acker-attorney-las-vegas HTTP/1.1" 200 8099 "-" "Mozilla/5.0 (compatible; SemrushBot/7~bl; +http://www.semrush.com/bot.html)"
96.126.106.7 - - [01/Dec/2025:18:29:29 +0100] "\x16\x03" 403 265 "-" "-"
85.208.96.204 - - [01/Dec/2025:18:29:31 +0100] "GET /platby/uwoy9/columbia-secondary-school-uniform HTTP/1.1" 200 8640 "-" "Mozilla/5.0 (compatible; SemrushBot/7~bl; +http://www.semrush.com/bot.html)"
96.126.106.7 - - [01/Dec/2025:18:29:36 +0100] "\x16\x03\x01\x03\\\x01" 403 265 "-" "-"
96.126.106.7 - - [01/Dec/2025:18:29:36 +0100] "\x16\x03\x01" 403 265 "-" "-"
96.126.106.7 - - [01/Dec/2025:18:29:36 +0100] "\x16\x03\x01\x03\\\x01" 403 265 "-" "-"
96.126.106.7 - - [01/Dec/2025:18:29:37 +0100] "\x16\x03\x01" 403 265 "-" "-"
96.126.106.7 - - [01/Dec/2025:18:29:37 +0100] "\x16\x03\x01\x02" 403 265 "-" "-"
96.126.106.7 - - [01/Dec/2025:18:29:37 +0100] "\x16\x03\x01\x03|\x01" 403 265 "-" "-"
96.126.106.7 - - [01/Dec/2025:18:29:37 +0100] "\x16\x03\x01" 403 265 "-" "-"
96.126.106.7 - - [01/Dec/2025:18:29:37 +0100] "\x16\x03\x01" 403 265 "-" "-"
96.126.106.7 - - [01/Dec/2025:18:29:37 +0100] "\x16\x03\x01" 403 265 "-" "-"
96.126.106.7 - - [01/Dec/2025:18:29:38 +0100] "\x16\x03\x01" 403 265 "-" "-"
96.126.106.7 - - [01/Dec/2025:18:29:38 +0100] "\x16\x03\x03" 403 265 "-" "-"
96.126.106.7 - - [01/Dec/2025:18:29:38 +0100] "\x16\x03\x03" 403 265 "-" "-"
96.126.106.7 - - [01/Dec/2025:18:29:38 +0100] "\x16\x03\x01" 403 265 "-" "-"
96.126.106.7 - - [01/Dec/2025:18:29:38 +0100] "\x16\x03\x01" 403 265 "-" "-"
96.126.106.7 - - [01/Dec/2025:18:29:38 +0100] "\x16\x03\x03" 403 265 "-" "-"
96.126.106.7 - - [01/Dec/2025:18:29:39 +0100] "\x16\x03\x03" 403 265 "-" "-"
96.126.106.7 - - [01/Dec/2025:18:29:39 +0100] "\x16\x03\x03" 403 265 "-" "-"
96.126.106.7 - - [01/Dec/2025:18:29:39 +0100] "\x16\x03\x03" 403 265 "-" "-"
96.126.106.7 - - [01/Dec/2025:18:29:39 +0100] "\x16\x03\x03" 403 265 "-" "-"
96.126.106.7 - - [01/Dec/2025:18:29:39 +0100] "\x16\x03\x03" 403 265 "-" "-"
96.126.106.7 - - [01/Dec/2025:18:29:40 +0100] "\x16\x03\x02" 403 265 "-" "-"
96.126.106.7 - - [01/Dec/2025:18:29:40 +0100] "\x16\x03\x02" 403 265 "-" "-"
96.126.106.7 - - [01/Dec/2025:18:29:40 +0100] "\x16\x03\x02" 403 265 "-" "-"
96.126.106.7 - - [01/Dec/2025:18:29:40 +0100] "\x16\x03\x02" 403 265 "-" "-"
96.126.106.7 - - [01/Dec/2025:18:29:41 +0100] "\x16\x03\x01\x02" 403 265 "-" "-"
96.126.106.7 - - [01/Dec/2025:18:29:41 +0100] "\x16\x03\x02" 403 265 "-" "-"
96.126.106.7 - - [01/Dec/2025:18:29:41 +0100] "\x16\x03\x01" 403 265 "-" "-"
96.126.106.7 - - [01/Dec/2025:18:29:41 +0100] "\x16\x03\x02" 403 265 "-" "-"
96.126.106.7 - - [01/Dec/2025:18:29:41 +0100] "\x16\x03\x02" 403 265 "-" "-"
96.126.106.7 - - [01/Dec/2025:18:29:47 +0100] "\x16\x03" 403 265 "-" "-"
185.191.171.5 - - [01/Dec/2025:18:29:48 +0100] "GET /platby/uwoy9/pierre-south-dakota-real-estate HTTP/1.1" 200 8029 "-" "Mozilla/5.0 (compatible; SemrushBot/7~bl; +http://www.semrush.com/bot.html)"
96.126.106.7 - - [01/Dec/2025:18:29:58 +0100] "\x16\x03" 403 265 "-" "-"
34.106.126.48 - - [01/Dec/2025:18:30:13 +0100] "\x16\x03\x01\x02" 403 265 "-" "-"
176.65.132.18 - - [01/Dec/2025:18:30:14 +0100] "\x16\x03\x01\x01\x01\x01" 403 265 "-" "-"
185.191.171.19 - - [01/Dec/2025:18:30:29 +0100] "GET /platby/aohwuyx/rotherham-vs-middlesbrough-prediction HTTP/1.1" 200 12677 "-" "Mozilla/5.0 (compatible; SemrushBot/7~bl; +http://www.semrush.com/bot.html)"
85.208.96.210 - - [01/Dec/2025:18:30:50 +0100] "GET /platby/72zbxoz/10-facts-about-sharks-you-never-knew HTTP/1.1" 200 12879 "-" "Mozilla/5.0 (compatible; SemrushBot/7~bl; +http://www.semrush.com/bot.html)"
114.119.130.237 - - [01/Dec/2025:18:31:07 +0100] "GET /platby/aohwuyx/cinemagraph-architecture HTTP/1.1" 200 15418 "http://ispc.klape.eu/platby/aohwuyx/admiration-definition" "Mozilla/5.0 (Linux; Android 7.0;) AppleWebKit/537.36 (KHTML, like Gecko) Mobile Safari/537.36 (compatible; PetalBot;+https://webmaster.petalsearch.com/site/petalbot)"
85.208.96.209 - - [01/Dec/2025:18:31:08 +0100] "GET /platby/uwoy9/what-are-institutional-scholarships HTTP/1.1" 200 13820 "-" "Mozilla/5.0 (compatible; SemrushBot/7~bl; +http://www.semrush.com/bot.html)"
85.208.96.211 - - [01/Dec/2025:18:31:23 +0100] "GET /platby/qqap/chocolate-chip-cookies HTTP/1.1" 200 7842 "-" "Mozilla/5.0 (compatible; SemrushBot/7~bl; +http://www.semrush.com/bot.html)"
185.191.171.15 - - [01/Dec/2025:18:32:01 +0100] "GET /platby/hca/jewelry-stores-in-durham,-nc HTTP/1.1" 200 7760 "-" "Mozilla/5.0 (compatible; SemrushBot/7~bl; +http://www.semrush.com/bot.html)"
85.208.96.205 - - [01/Dec/2025:18:32:27 +0100] "GET /platby/qqap/sociological-theories-ppt HTTP/1.1" 200 13100 "-" "Mozilla/5.0 (compatible; SemrushBot/7~bl; +http://www.semrush.com/bot.html)"
185.191.171.1 - - [01/Dec/2025:18:32:36 +0100] "GET /platby/uwoy9/pirelli-calendar-2010 HTTP/1.1" 200 6930 "-" "Mozilla/5.0 (compatible; SemrushBot/7~bl; +http://www.semrush.com/bot.html)"
185.191.171.13 - - [01/Dec/2025:18:32:49 +0100] "GET /platby/uwoy9/elementary-school-teacher-charged HTTP/1.1" 200 11600 "-" "Mozilla/5.0 (compatible; SemrushBot/7~bl; +http://www.semrush.com/bot.html)"
85.208.96.193 - - [01/Dec/2025:18:32:53 +0100] "GET /platby/uwoy9/entry-level-propulsion-engineer-salary HTTP/1.1" 200 9587 "-" "Mozilla/5.0 (compatible; SemrushBot/7~bl; +http://www.semrush.com/bot.html)"
185.191.171.2 - - [01/Dec/2025:18:32:59 +0100] "GET /platby/hca/erik-swanson-musician HTTP/1.1" 200 12020 "-" "Mozilla/5.0 (compatible; SemrushBot/7~bl; +http://www.semrush.com/bot.html)"
85.208.96.209 - - [01/Dec/2025:18:33:06 +0100] "GET /platby/hca/nike-air-jordan-1-mid-white-grey-shadow HTTP/1.1" 200 6143 "-" "Mozilla/5.0 (compatible; SemrushBot/7~bl; +http://www.semrush.com/bot.html)"
114.119.139.66 - - [01/Dec/2025:18:33:11 +0100] "GET /platby/aohwuyx/before-you-can-say-jack-robinson-sentence HTTP/1.1" 200 12798 "http://ispc.klape.eu/platby/aohwuyx/before-you-can-say-jack-robinson-sentence" "Mozilla/5.0 (Linux; Android 7.0;) AppleWebKit/537.36 (KHTML, like Gecko) Mobile Safari/537.36 (compatible; PetalBot;+https://webmaster.petalsearch.com/site/petalbot)"
185.191.171.14 - - [01/Dec/2025:18:33:20 +0100] "GET /platby/uwoy9/huawei-stuck-on-boot-screen HTTP/1.1" 200 9220 "-" "Mozilla/5.0 (compatible; SemrushBot/7~bl; +http://www.semrush.com/bot.html)"
85.208.96.203 - - [01/Dec/2025:18:33:44 +0100] "GET /platby/uwoy9/emerald-fire-og-autoflower HTTP/1.1" 200 13933 "-" "Mozilla/5.0 (compatible; SemrushBot/7~bl; +http://www.semrush.com/bot.html)"
185.191.171.18 - - [01/Dec/2025:18:33:47 +0100] "GET /platby/qqap/morgan-stanley-fortune-500-2021 HTTP/1.1" 200 6698 "-" "Mozilla/5.0 (compatible; SemrushBot/7~bl; +http://www.semrush.com/bot.html)"
185.191.171.15 - - [01/Dec/2025:18:34:05 +0100] "GET /platby/72zbxoz/extreme-programming-principles HTTP/1.1" 200 9980 "-" "Mozilla/5.0 (compatible; SemrushBot/7~bl; +http://www.semrush.com/bot.html)"
185.191.171.12 - - [01/Dec/2025:18:34:30 +0100] "GET /platby/uwoy9/are-canadian-geese-protected-in-california HTTP/1.1" 200 13387 "-" "Mozilla/5.0 (compatible; SemrushBot/7~bl; +http://www.semrush.com/bot.html)"
185.191.171.14 - - [01/Dec/2025:18:34:38 +0100] "GET /platby/hca/opsu-women's-soccer-division HTTP/1.1" 200 9022 "-" "Mozilla/5.0 (compatible; SemrushBot/7~bl; +http://www.semrush.com/bot.html)"
114.119.129.163 - - [01/Dec/2025:18:35:16 +0100] "GET /platby/aohwuyx/american-university-track-and-field-recruiting-standards HTTP/1.1" 200 11970 "http://ispc.klape.eu/platby/aohwuyx/kernan-hospital-address" "Mozilla/5.0 (Linux; Android 7.0;) AppleWebKit/537.36 (KHTML, like Gecko) Mobile Safari/537.36 (compatible; PetalBot;+https://webmaster.petalsearch.com/site/petalbot)"
185.191.171.15 - - [01/Dec/2025:18:35:37 +0100] "GET /platby/qqap/i-thank-god-for-you-everyday-quotes HTTP/1.1" 200 6487 "-" "Mozilla/5.0 (compatible; SemrushBot/7~bl; +http://www.semrush.com/bot.html)"
185.191.171.15 - - [01/Dec/2025:18:35:39 +0100] "GET /platby/hca/doom-2016-walkthrough HTTP/1.1" 200 6485 "-" "Mozilla/5.0 (compatible; SemrushBot/7~bl; +http://www.semrush.com/bot.html)"
185.191.171.10 - - [01/Dec/2025:18:35:41 +0100] "GET /robots.txt HTTP/1.1" 200 54 "-" "Mozilla/5.0 (compatible; SemrushBot/7~bl; +http://www.semrush.com/bot.html)"
185.191.171.14 - - [01/Dec/2025:18:35:42 +0100] "GET /platby/qqap/spiral-galaxy-examples HTTP/1.1" 200 6820 "-" "Mozilla/5.0 (compatible; SemrushBot/7~bl; +http://www.semrush.com/bot.html)"
85.208.96.196 - - [01/Dec/2025:18:35:43 +0100] "GET /platby/uwoy9/jeremy-hellickson-salary HTTP/1.1" 200 11040 "-" "Mozilla/5.0 (compatible; SemrushBot/7~bl; +http://www.semrush.com/bot.html)"
85.208.96.201 - - [01/Dec/2025:18:35:45 +0100] "GET /platby/hca/principles-of-management-quizizz HTTP/1.1" 200 11979 "-" "Mozilla/5.0 (compatible; SemrushBot/7~bl; +http://www.semrush.com/bot.html)"
141.98.11.181 - - [01/Dec/2025:18:36:28 +0100] "\x16\x03\x01\x02" 403 265 "-" "-"
185.191.171.1 - - [01/Dec/2025:18:36:33 +0100] "GET /platby/qqap/plants-that-grow-in-wyoming HTTP/1.1" 200 10368 "-" "Mozilla/5.0 (compatible; SemrushBot/7~bl; +http://www.semrush.com/bot.html)"
85.208.96.208 - - [01/Dec/2025:18:36:56 +0100] "GET /platby/uwoy9/nora-en-pure---come-with-me-datafilehost HTTP/1.1" 200 13228 "-" "Mozilla/5.0 (compatible; SemrushBot/7~bl; +http://www.semrush.com/bot.html)"
185.191.171.2 - - [01/Dec/2025:18:37:00 +0100] "GET /platby/qqap/citizens-bank-credit-card-login HTTP/1.1" 200 11200 "-" "Mozilla/5.0 (compatible; SemrushBot/7~bl; +http://www.semrush.com/bot.html)"
185.191.171.8 - - [01/Dec/2025:18:37:07 +0100] "GET /platby/aohwuyx/latest-artificial-jewellery-designs-2021 HTTP/1.1" 200 11932 "-" "Mozilla/5.0 (compatible; SemrushBot/7~bl; +http://www.semrush.com/bot.html)"
185.191.171.13 - - [01/Dec/2025:18:37:09 +0100] "GET /platby/uwoy9/baby-khaki-campbell-ducks HTTP/1.1" 200 15173 "-" "Mozilla/5.0 (compatible; SemrushBot/7~bl; +http://www.semrush.com/bot.html)"
185.191.171.10 - - [01/Dec/2025:18:37:13 +0100] "GET /platby/aohwuyx/kevin-kiermaier-fangraphs HTTP/1.1" 200 12575 "-" "Mozilla/5.0 (compatible; SemrushBot/7~bl; +http://www.semrush.com/bot.html)"
114.119.140.102 - - [01/Dec/2025:18:37:21 +0100] "GET /platby/72zbxoz/what-does-sans-stand-for-in-text HTTP/1.1" 200 16889 "http://ispc.klape.eu/platby/72zbxoz/what-does-sans-stand-for-in-text" "Mozilla/5.0 (Linux; Android 7.0;) AppleWebKit/537.36 (KHTML, like Gecko) Mobile Safari/537.36 (compatible; PetalBot;+https://webmaster.petalsearch.com/site/petalbot)"
185.191.171.13 - - [01/Dec/2025:18:37:21 +0100] "GET /platby/aohwuyx/kensington-primary-school-ranking HTTP/1.1" 200 11312 "-" "Mozilla/5.0 (compatible; SemrushBot/7~bl; +http://www.semrush.com/bot.html)"
185.191.171.16 - - [01/Dec/2025:18:37:23 +0100] "GET /platby/aohwuyx/10-day-aviation-weather-forecast HTTP/1.1" 200 11512 "-" "Mozilla/5.0 (compatible; SemrushBot/7~bl; +http://www.semrush.com/bot.html)"
85.208.96.207 - - [01/Dec/2025:18:37:54 +0100] "GET /platby/hca/major-elements-of-effective-science-teaching HTTP/1.1" 200 7244 "-" "Mozilla/5.0 (compatible; SemrushBot/7~bl; +http://www.semrush.com/bot.html)"
185.191.171.10 - - [01/Dec/2025:18:38:51 +0100] "GET /platby/qqap/clash-royale-release-date-usa HTTP/1.1" 200 7088 "-" "Mozilla/5.0 (compatible; SemrushBot/7~bl; +http://www.semrush.com/bot.html)"
85.208.96.193 - - [01/Dec/2025:18:39:07 +0100] "GET /platby/uwoy9/massart-admissions-phone-number HTTP/1.1" 200 16077 "-" "Mozilla/5.0 (compatible; SemrushBot/7~bl; +http://www.semrush.com/bot.html)"
114.119.128.6 - - [01/Dec/2025:18:39:28 +0100] "GET /platby/72zbxoz/love-yourself-chordtela HTTP/1.1" 200 13478 "http://ispc.klape.eu/platby/72zbxoz/why-is-my-alcatel-linkzone-2-not-working" "Mozilla/5.0 (Linux; Android 7.0;) AppleWebKit/537.36 (KHTML, like Gecko) Mobile Safari/537.36 (compatible; PetalBot;+https://webmaster.petalsearch.com/site/petalbot)"
85.208.96.197 - - [01/Dec/2025:18:39:41 +0100] "GET /platby/qqap/donna-jordan-tutorials-2020 HTTP/1.1" 200 7411 "-" "Mozilla/5.0 (compatible; SemrushBot/7~bl; +http://www.semrush.com/bot.html)"
185.191.171.14 - - [01/Dec/2025:18:40:00 +0100] "GET /platby/72zbxoz/worcester-city-vs-stafford-rangers-livescore HTTP/1.1" 200 12683 "-" "Mozilla/5.0 (compatible; SemrushBot/7~bl; +http://www.semrush.com/bot.html)"
85.208.96.206 - - [01/Dec/2025:18:40:48 +0100] "GET /platby/72zbxoz/refrigerator-repair-moncton,-nb HTTP/1.1" 200 12917 "-" "Mozilla/5.0 (compatible; SemrushBot/7~bl; +http://www.semrush.com/bot.html)"
185.191.171.19 - - [01/Dec/2025:18:41:14 +0100] "GET /platby/uwoy9/what-time-should-a-10-year-old-go-to-bed HTTP/1.1" 200 9815 "-" "Mozilla/5.0 (compatible; SemrushBot/7~bl; +http://www.semrush.com/bot.html)"
98.84.184.80 - - [01/Dec/2025:18:41:15 +0100] "GET /platby/uwoy9/brandeis-classes-fall-2021 HTTP/1.1" 200 13382 "-" "Mozilla/5.0 AppleWebKit/537.36 (KHTML, like Gecko; compatible; Amazonbot/0.1; +https://developer.amazon.com/support/amazonbot) Chrome/119.0.6045.214 Safari/537.36"
185.191.171.15 - - [01/Dec/2025:18:41:16 +0100] "GET /platby/qqap/construction-affected-by-covid HTTP/1.1" 200 7349 "-" "Mozilla/5.0 (compatible; SemrushBot/7~bl; +http://www.semrush.com/bot.html)"
185.191.171.13 - - [01/Dec/2025:18:41:17 +0100] "GET /platby/hca/bleacher-report-nba-draft HTTP/1.1" 200 10067 "-" "Mozilla/5.0 (compatible; SemrushBot/7~bl; +http://www.semrush.com/bot.html)"
3.226.34.98 - - [01/Dec/2025:18:41:19 +0100] "GET /platby/uwoy9/irena-sendler-family-tree HTTP/1.1" 200 12161 "-" "Mozilla/5.0 AppleWebKit/537.36 (KHTML, like Gecko; compatible; Amazonbot/0.1; +https://developer.amazon.com/support/amazonbot) Chrome/119.0.6045.214 Safari/537.36"
185.191.171.7 - - [01/Dec/2025:18:41:23 +0100] "GET /platby/uwoy9/fifa-world-cup-golden-ball HTTP/1.1" 200 11151 "-" "Mozilla/5.0 (compatible; SemrushBot/7~bl; +http://www.semrush.com/bot.html)"
185.191.171.7 - - [01/Dec/2025:18:41:28 +0100] "GET /platby/72zbxoz/tustin-unified-calendar-2021-2022 HTTP/1.1" 200 12825 "-" "Mozilla/5.0 (compatible; SemrushBot/7~bl; +http://www.semrush.com/bot.html)"
185.191.171.19 - - [01/Dec/2025:18:41:30 +0100] "GET /platby/uwoy9/getting-married-today HTTP/1.1" 200 13558 "-" "Mozilla/5.0 (compatible; SemrushBot/7~bl; +http://www.semrush.com/bot.html)"
114.119.129.163 - - [01/Dec/2025:18:41:34 +0100] "GET /platby/72zbxoz/listening-for-specific-information-ppt HTTP/1.1" 200 10145 "http://ispc.klape.eu/platby/72zbxoz/listening-for-specific-information-ppt" "Mozilla/5.0 (Linux; Android 7.0;) AppleWebKit/537.36 (KHTML, like Gecko) Mobile Safari/537.36 (compatible; PetalBot;+https://webmaster.petalsearch.com/site/petalbot)"
185.191.171.7 - - [01/Dec/2025:18:41:34 +0100] "GET /platby/qqap/words-related-to-art-and-creativity-in-other-languages HTTP/1.1" 200 6667 "-" "Mozilla/5.0 (compatible; SemrushBot/7~bl; +http://www.semrush.com/bot.html)"
85.208.96.194 - - [01/Dec/2025:18:41:57 +0100] "GET /platby/uwoy9/yellow-jacket-nest-in-ground-boiling-water HTTP/1.1" 200 9648 "-" "Mozilla/5.0 (compatible; SemrushBot/7~bl; +http://www.semrush.com/bot.html)"
185.191.171.19 - - [01/Dec/2025:18:42:11 +0100] "GET /platby/qqap/ballon-d'or-2021-list HTTP/1.1" 200 6306 "-" "Mozilla/5.0 (compatible; SemrushBot/7~bl; +http://www.semrush.com/bot.html)"
204.76.203.206 - - [01/Dec/2025:18:42:11 +0100] "GET /" 400 468 "-" "-"
85.208.96.197 - - [01/Dec/2025:18:43:11 +0100] "GET /platby/72zbxoz/research-paper-on-covid-19-in-pakistan HTTP/1.1" 200 8417 "-" "Mozilla/5.0 (compatible; SemrushBot/7~bl; +http://www.semrush.com/bot.html)"
85.208.96.194 - - [01/Dec/2025:18:43:27 +0100] "GET /platby/qqap/weber-gas-grill-comparison HTTP/1.1" 200 7443 "-" "Mozilla/5.0 (compatible; SemrushBot/7~bl; +http://www.semrush.com/bot.html)"
114.119.139.112 - - [01/Dec/2025:18:43:37 +0100] "GET /platby/72zbxoz/how-to-check-on-which-port-jira-is-running HTTP/1.1" 200 12358 "http://ispc.klape.eu/platby/72zbxoz/how-to-check-on-which-port-jira-is-running" "Mozilla/5.0 (Linux; Android 7.0;) AppleWebKit/537.36 (KHTML, like Gecko) Mobile Safari/537.36 (compatible; PetalBot;+https://webmaster.petalsearch.com/site/petalbot)"
85.208.96.198 - - [01/Dec/2025:18:43:39 +0100] "GET /platby/hca/three-types-of-listening-to-music HTTP/1.1" 200 7182 "-" "Mozilla/5.0 (compatible; SemrushBot/7~bl; +http://www.semrush.com/bot.html)"
85.208.96.202 - - [01/Dec/2025:18:44:08 +0100] "GET /platby/qqap/retinal-disparity-psychology-example HTTP/1.1" 200 7250 "-" "Mozilla/5.0 (compatible; SemrushBot/7~bl; +http://www.semrush.com/bot.html)"
85.208.96.211 - - [01/Dec/2025:18:44:19 +0100] "GET /platby/aohwuyx/native-southern-nevada-plants HTTP/1.1" 200 11629 "-" "Mozilla/5.0 (compatible; SemrushBot/7~bl; +http://www.semrush.com/bot.html)"
204.76.203.206 - - [01/Dec/2025:18:44:25 +0100] "GET / HTTP/1.1" 200 316 "-" "Mozilla/5.0 (Windows NT 10.0; Win64; x64) AppleWebKit/537.36 (KHTML, like Gecko) Chrome/90.0.4430.85 Safari/537.36 Edg/90.0.818.46"
141.98.11.181 - - [01/Dec/2025:18:44:26 +0100] "\x16\x03\x01\x02" 403 265 "-" "-"
85.208.96.203 - - [01/Dec/2025:18:45:00 +0100] "GET /platby/hca/words-that-rhyme-with-stay-strong HTTP/1.1" 200 11708 "-" "Mozilla/5.0 (compatible; SemrushBot/7~bl; +http://www.semrush.com/bot.html)"
185.191.171.16 - - [01/Dec/2025:18:45:12 +0100] "GET /platby/72zbxoz/olivia-moultrie-national-team HTTP/1.1" 200 11148 "-" "Mozilla/5.0 (compatible; SemrushBot/7~bl; +http://www.semrush.com/bot.html)"
185.191.171.16 - - [01/Dec/2025:18:45:15 +0100] "GET /platby/qqap/university-of-maryland,-baltimore-human-resources-phone-number HTTP/1.1" 200 11050 "-" "Mozilla/5.0 (compatible; SemrushBot/7~bl; +http://www.semrush.com/bot.html)"
85.208.96.203 - - [01/Dec/2025:18:45:24 +0100] "GET /platby/qqap/big-brother-series-2-contestants HTTP/1.1" 200 8665 "-" "Mozilla/5.0 (compatible; SemrushBot/7~bl; +http://www.semrush.com/bot.html)"
185.191.171.11 - - [01/Dec/2025:18:45:33 +0100] "GET /platby/72zbxoz/city-of-fayetteville,-nc-jobs HTTP/1.1" 200 12807 "-" "Mozilla/5.0 (compatible; SemrushBot/7~bl; +http://www.semrush.com/bot.html)"
185.191.171.13 - - [01/Dec/2025:18:45:36 +0100] "GET /platby/72zbxoz/michigan-state-softball HTTP/1.1" 200 7340 "-" "Mozilla/5.0 (compatible; SemrushBot/7~bl; +http://www.semrush.com/bot.html)"
85.208.96.199 - - [01/Dec/2025:18:45:49 +0100] "GET /platby/hca/hands-on-science-activities-for-kindergarten HTTP/1.1" 200 6887 "-" "Mozilla/5.0 (compatible; SemrushBot/7~bl; +http://www.semrush.com/bot.html)"
185.191.171.16 - - [01/Dec/2025:18:46:07 +0100] "GET /platby/qqap/diversity-and-inclusion-articles-2020 HTTP/1.1" 200 7889 "-" "Mozilla/5.0 (compatible; SemrushBot/7~bl; +http://www.semrush.com/bot.html)"
185.191.171.8 - - [01/Dec/2025:18:46:15 +0100] "GET /platby/hca/what-is-the-paris-climate-agreement HTTP/1.1" 200 8020 "-" "Mozilla/5.0 (compatible; SemrushBot/7~bl; +http://www.semrush.com/bot.html)"
185.191.171.11 - - [01/Dec/2025:18:47:32 +0100] "GET /platby/uwoy9/how-much-is-mookie-betts-worth HTTP/1.1" 200 13458 "-" "Mozilla/5.0 (compatible; SemrushBot/7~bl; +http://www.semrush.com/bot.html)"
185.191.171.18 - - [01/Dec/2025:18:48:08 +0100] "GET /platby/aohwuyx/lisa-de-vanna-relationship HTTP/1.1" 200 12033 "-" "Mozilla/5.0 (compatible; SemrushBot/7~bl; +http://www.semrush.com/bot.html)"
85.208.96.212 - - [01/Dec/2025:18:48:20 +0100] "GET /platby/aohwuyx/poco-f1-fingerprint-sensor-replacement HTTP/1.1" 200 10246 "-" "Mozilla/5.0 (compatible; SemrushBot/7~bl; +http://www.semrush.com/bot.html)"
185.191.171.11 - - [01/Dec/2025:18:48:25 +0100] "GET /platby/uwoy9/sony-wf-1000xm3-case-spigen HTTP/1.1" 200 7309 "-" "Mozilla/5.0 (compatible; SemrushBot/7~bl; +http://www.semrush.com/bot.html)"
85.208.96.203 - - [01/Dec/2025:18:48:55 +0100] "GET /platby/aohwuyx/duck-cartoon-drawing-images HTTP/1.1" 200 9413 "-" "Mozilla/5.0 (compatible; SemrushBot/7~bl; +http://www.semrush.com/bot.html)"
85.208.96.193 - - [01/Dec/2025:18:49:21 +0100] "GET /platby/aohwuyx/how-to-livestream-with-good-audio HTTP/1.1" 200 12029 "-" "Mozilla/5.0 (compatible; SemrushBot/7~bl; +http://www.semrush.com/bot.html)"
179.43.191.19 - - [01/Dec/2025:18:49:23 +0100] "\x16\x03\x01\x05\xc3\x01" 403 265 "-" "-"
185.191.171.1 - - [01/Dec/2025:18:49:25 +0100] "GET /platby/aohwuyx/italy-minimum-wage-per-hour-2020 HTTP/1.1" 200 8677 "-" "Mozilla/5.0 (compatible; SemrushBot/7~bl; +http://www.semrush.com/bot.html)"
85.208.96.202 - - [01/Dec/2025:18:49:33 +0100] "GET /platby/aohwuyx/texas-energy-usage-by-source HTTP/1.1" 200 8098 "-" "Mozilla/5.0 (compatible; SemrushBot/7~bl; +http://www.semrush.com/bot.html)"
85.208.96.195 - - [01/Dec/2025:18:49:52 +0100] "GET /platby/aohwuyx/grafton-school-winchester,-va HTTP/1.1" 200 8404 "-" "Mozilla/5.0 (compatible; SemrushBot/7~bl; +http://www.semrush.com/bot.html)"
85.208.96.201 - - [01/Dec/2025:18:49:54 +0100] "GET /platby/hca/beloit-senior-profiles HTTP/1.1" 200 6147 "-" "Mozilla/5.0 (compatible; SemrushBot/7~bl; +http://www.semrush.com/bot.html)"
43.152.48.29 - - [01/Dec/2025:18:50:00 +0100] "\x16\x03\x01\x06\xfd\x01" 403 265 "-" "-"
43.152.48.29 - - [01/Dec/2025:18:50:01 +0100] "\x16\x03\x01\x06\xdd\x01" 403 265 "-" "-"
185.191.171.5 - - [01/Dec/2025:18:50:14 +0100] "GET /platby/uwoy9/final-rule-title-ix-addition HTTP/1.1" 200 12793 "-" "Mozilla/5.0 (compatible; SemrushBot/7~bl; +http://www.semrush.com/bot.html)"
85.208.96.199 - - [01/Dec/2025:18:50:22 +0100] "GET /platby/uwoy9/oklahoma-state-basketball-assistant-coach HTTP/1.1" 200 8536 "-" "Mozilla/5.0 (compatible; SemrushBot/7~bl; +http://www.semrush.com/bot.html)"
85.208.96.209 - - [01/Dec/2025:18:50:26 +0100] "GET /platby/qqap/job-salary-calculator-canada HTTP/1.1" 200 13442 "-" "Mozilla/5.0 (compatible; SemrushBot/7~bl; +http://www.semrush.com/bot.html)"
43.174.84.29 - - [01/Dec/2025:18:50:34 +0100] "\x16\x03\x01\x07\x1d\x01" 403 265 "-" "-"
43.174.84.29 - - [01/Dec/2025:18:50:34 +0100] "\x16\x03\x01\x06\xbd\x01" 403 265 "-" "-"
185.191.171.6 - - [01/Dec/2025:18:50:47 +0100] "GET /platby/hca/neoragex-emulator-windows-10 HTTP/1.1" 200 10751 "-" "Mozilla/5.0 (compatible; SemrushBot/7~bl; +http://www.semrush.com/bot.html)"
85.208.96.203 - - [01/Dec/2025:18:51:39 +0100] "GET /platby/uwoy9/fifa-21-career-mode-training HTTP/1.1" 200 8087 "-" "Mozilla/5.0 (compatible; SemrushBot/7~bl; +http://www.semrush.com/bot.html)"
85.208.96.205 - - [01/Dec/2025:18:51:50 +0100] "GET /platby/uwoy9/forest-biomass-estimation HTTP/1.1" 200 12160 "-" "Mozilla/5.0 (compatible; SemrushBot/7~bl; +http://www.semrush.com/bot.html)"
87.121.84.50 - - [01/Dec/2025:18:53:15 +0100] "GET /" 400 468 "-" "-"
87.121.84.50 - - [01/Dec/2025:18:53:15 +0100] "GET /" 400 468 "-" "-"
85.208.96.194 - - [01/Dec/2025:18:53:17 +0100] "GET /platby/qqap/stay-with-me-chanyeol-chords-ukulele HTTP/1.1" 200 11216 "-" "Mozilla/5.0 (compatible; SemrushBot/7~bl; +http://www.semrush.com/bot.html)"
85.208.96.211 - - [01/Dec/2025:18:53:27 +0100] "GET /platby/uwoy9/xray-jira-documentation HTTP/1.1" 200 10071 "-" "Mozilla/5.0 (compatible; SemrushBot/7~bl; +http://www.semrush.com/bot.html)"
185.191.171.2 - - [01/Dec/2025:18:53:53 +0100] "GET /platby/qqap/state-amphibian-of-pennsylvania HTTP/1.1" 200 9844 "-" "Mozilla/5.0 (compatible; SemrushBot/7~bl; +http://www.semrush.com/bot.html)"
85.208.96.204 - - [01/Dec/2025:18:53:55 +0100] "GET /platby/hca/what-is-the-coexistence-of-diverse-cultures HTTP/1.1" 200 7266 "-" "Mozilla/5.0 (compatible; SemrushBot/7~bl; +http://www.semrush.com/bot.html)"
85.208.96.196 - - [01/Dec/2025:18:53:57 +0100] "GET /platby/hca/handbook-for-teachers-in-government-schools HTTP/1.1" 200 6334 "-" "Mozilla/5.0 (compatible; SemrushBot/7~bl; +http://www.semrush.com/bot.html)"
85.208.96.196 - - [01/Dec/2025:18:54:14 +0100] "GET /platby/hca/colville-primary-school-ofsted HTTP/1.1" 200 10248 "-" "Mozilla/5.0 (compatible; SemrushBot/7~bl; +http://www.semrush.com/bot.html)"
185.191.171.13 - - [01/Dec/2025:18:54:17 +0100] "GET /platby/qqap/8mm-vintage-camera-app-android HTTP/1.1" 200 7537 "-" "Mozilla/5.0 (compatible; SemrushBot/7~bl; +http://www.semrush.com/bot.html)"
185.191.171.11 - - [01/Dec/2025:18:54:31 +0100] "GET /platby/qqap/3501-university-blvd-east-adelphi-maryland-20783 HTTP/1.1" 200 7059 "-" "Mozilla/5.0 (compatible; SemrushBot/7~bl; +http://www.semrush.com/bot.html)"
85.208.96.205 - - [01/Dec/2025:18:54:34 +0100] "GET /platby/uwoy9/outcome-measure-synonym HTTP/1.1" 200 10779 "-" "Mozilla/5.0 (compatible; SemrushBot/7~bl; +http://www.semrush.com/bot.html)"
85.208.96.200 - - [01/Dec/2025:18:54:42 +0100] "GET /platby/uwoy9/dell-xps-15-9570-fingerprint-reader-not-working HTTP/1.1" 200 10119 "-" "Mozilla/5.0 (compatible; SemrushBot/7~bl; +http://www.semrush.com/bot.html)"
185.191.171.11 - - [01/Dec/2025:18:54:48 +0100] "GET /platby/uwoy9/judson-university-virtual-tour HTTP/1.1" 200 14476 "-" "Mozilla/5.0 (compatible; SemrushBot/7~bl; +http://www.semrush.com/bot.html)"
104.210.140.143 - - [01/Dec/2025:18:54:51 +0100] "\x16\x03\x01\x02" 403 265 "-" "-"
104.210.140.142 - - [01/Dec/2025:18:54:54 +0100] "\x16\x03\x01\x02" 403 265 "-" "-"
104.210.140.141 - - [01/Dec/2025:18:54:55 +0100] "\x16\x03\x01\x02" 403 265 "-" "-"
104.210.140.135 - - [01/Dec/2025:18:54:57 +0100] "\x16\x03\x01\x02" 403 265 "-" "-"
104.210.140.130 - - [01/Dec/2025:18:54:58 +0100] "\x16\x03\x01\x02" 403 265 "-" "-"
104.210.140.133 - - [01/Dec/2025:18:54:58 +0100] "\x16\x03\x01\x02" 403 265 "-" "-"
104.210.140.135 - - [01/Dec/2025:18:54:58 +0100] "\x16\x03\x01\x02" 403 265 "-" "-"
141.98.11.170 - - [01/Dec/2025:18:55:04 +0100] "GET /" 400 468 "-" "-"
185.191.171.9 - - [01/Dec/2025:18:55:16 +0100] "GET /platby/hca/national-association-of-independent-schools HTTP/1.1" 200 7106 "-" "Mozilla/5.0 (compatible; SemrushBot/7~bl; +http://www.semrush.com/bot.html)"
85.208.96.198 - - [01/Dec/2025:18:56:09 +0100] "GET /platby/aohwuyx/cloud-rendering-for-lumion HTTP/1.1" 200 9105 "-" "Mozilla/5.0 (compatible; SemrushBot/7~bl; +http://www.semrush.com/bot.html)"
185.191.171.6 - - [01/Dec/2025:18:57:26 +0100] "GET /platby/aohwuyx/mlb-trade-deadline:-white-sox HTTP/1.1" 200 7113 "-" "Mozilla/5.0 (compatible; SemrushBot/7~bl; +http://www.semrush.com/bot.html)"
185.191.171.6 - - [01/Dec/2025:18:57:41 +0100] "GET /platby/qqap/every-word-means-no-chords HTTP/1.1" 200 8242 "-" "Mozilla/5.0 (compatible; SemrushBot/7~bl; +http://www.semrush.com/bot.html)"
85.208.96.198 - - [01/Dec/2025:18:57:43 +0100] "GET /platby/qqap/the-beatles-the-ballad-of-john-and-yoko-remastered HTTP/1.1" 200 11521 "-" "Mozilla/5.0 (compatible; SemrushBot/7~bl; +http://www.semrush.com/bot.html)"
85.208.96.202 - - [01/Dec/2025:18:57:44 +0100] "GET /platby/72zbxoz/vegetables-grown-in-morocco HTTP/1.1" 200 9374 "-" "Mozilla/5.0 (compatible; SemrushBot/7~bl; +http://www.semrush.com/bot.html)"
195.177.94.189 - - [01/Dec/2025:18:57:49 +0100] "GET /phpmyadmin/scripts/setup.php HTTP/1.1" 200 11106 "-" "Mozilla/4.0 (compatible; MSIE 6.0; MSIE 5.5; Windows NT 5.1) Opera 7.01 [en]"
195.177.94.189 - - [01/Dec/2025:18:57:49 +0100] "POST /phpmyadmin/scripts/setup.php HTTP/1.1" 200 18608 "http://109.105.49.240:8081/phpmyadmin/scripts/setup.php" "Mozilla/4.0 (compatible; MSIE 6.0; MSIE 5.5; Windows NT 5.1) Opera 7.01 [en]"
85.208.96.198 - - [01/Dec/2025:18:58:09 +0100] "GET /platby/aohwuyx/brian-tyler-composer-wife HTTP/1.1" 200 13250 "-" "Mozilla/5.0 (compatible; SemrushBot/7~bl; +http://www.semrush.com/bot.html)"
85.208.96.200 - - [01/Dec/2025:18:58:26 +0100] "GET /platby/hca/pictures-of-cabins-at-petit-jean-state-park HTTP/1.1" 200 5199 "-" "Mozilla/5.0 (compatible; SemrushBot/7~bl; +http://www.semrush.com/bot.html)"
185.191.171.5 - - [01/Dec/2025:18:58:33 +0100] "GET /platby/hca/learning-by-doing-endogenous-growth-model HTTP/1.1" 200 11710 "-" "Mozilla/5.0 (compatible; SemrushBot/7~bl; +http://www.semrush.com/bot.html)"
185.191.171.18 - - [01/Dec/2025:18:58:34 +0100] "GET /platby/aohwuyx/floppy-disk-image-file HTTP/1.1" 200 10563 "-" "Mozilla/5.0 (compatible; SemrushBot/7~bl; +http://www.semrush.com/bot.html)"
85.208.96.210 - - [01/Dec/2025:18:58:50 +0100] "GET /platby/hca/mountain-laurel-bloom-time HTTP/1.1" 200 7008 "-" "Mozilla/5.0 (compatible; SemrushBot/7~bl; +http://www.semrush.com/bot.html)"
85.208.96.210 - - [01/Dec/2025:18:58:53 +0100] "GET /platby/qqap/bleacher-report-final-big-board HTTP/1.1" 200 11716 "-" "Mozilla/5.0 (compatible; SemrushBot/7~bl; +http://www.semrush.com/bot.html)"
195.177.94.189 - - [01/Dec/2025:18:58:56 +0100] "GET /phpmyadmin/scripts/setup.php HTTP/1.1" 200 11105 "-" "Mozilla/4.0 (compatible; MSIE 6.0; MSIE 5.5; Windows NT 5.1) Opera 7.01 [en]"
195.177.94.189 - - [01/Dec/2025:18:58:56 +0100] "POST /phpmyadmin/scripts/setup.php HTTP/1.1" 200 18608 "http://109.105.49.240:443/phpmyadmin/scripts/setup.php" "Mozilla/4.0 (compatible; MSIE 6.0; MSIE 5.5; Windows NT 5.1) Opera 7.01 [en]"
185.191.171.15 - - [01/Dec/2025:19:00:29 +0100] "GET /platby/aohwuyx/best-before-date-example HTTP/1.1" 200 10817 "-" "Mozilla/5.0 (compatible; SemrushBot/7~bl; +http://www.semrush.com/bot.html)"
51.68.107.139 - - [01/Dec/2025:19:01:03 +0100] "\x16\x03\x01\x01Z\x01" 403 265 "-" "-"
85.208.96.208 - - [01/Dec/2025:19:01:15 +0100] "GET /platby/qqap/primary-1-registration-results-2021 HTTP/1.1" 200 8349 "-" "Mozilla/5.0 (compatible; SemrushBot/7~bl; +http://www.semrush.com/bot.html)"
85.208.96.210 - - [01/Dec/2025:19:01:29 +0100] "GET /platby/uwoy9/kiosk-development-software HTTP/1.1" 200 13105 "-" "Mozilla/5.0 (compatible; SemrushBot/7~bl; +http://www.semrush.com/bot.html)"
85.208.96.198 - - [01/Dec/2025:19:01:43 +0100] "GET /platby/hca/interconnection-internet HTTP/1.1" 200 6526 "-" "Mozilla/5.0 (compatible; SemrushBot/7~bl; +http://www.semrush.com/bot.html)"
85.208.96.198 - - [01/Dec/2025:19:01:58 +0100] "GET /platby/aohwuyx/butterfly-outline-to-color HTTP/1.1" 200 9208 "-" "Mozilla/5.0 (compatible; SemrushBot/7~bl; +http://www.semrush.com/bot.html)"
85.208.96.199 - - [01/Dec/2025:19:02:08 +0100] "GET /platby/uwoy9/nigeria-women's-basketball-olympic-team HTTP/1.1" 200 6166 "-" "Mozilla/5.0 (compatible; SemrushBot/7~bl; +http://www.semrush.com/bot.html)"
204.76.203.206 - - [01/Dec/2025:19:02:15 +0100] "GET /" 400 468 "-" "-"
85.208.96.205 - - [01/Dec/2025:19:02:25 +0100] "GET /platby/72zbxoz/m202-flash-manufacturer HTTP/1.1" 200 13215 "-" "Mozilla/5.0 (compatible; SemrushBot/7~bl; +http://www.semrush.com/bot.html)"
85.208.96.198 - - [01/Dec/2025:19:02:34 +0100] "GET /platby/qqap/esca-middletown,-ct-menu HTTP/1.1" 200 10012 "-" "Mozilla/5.0 (compatible; SemrushBot/7~bl; +http://www.semrush.com/bot.html)"
185.191.171.11 - - [01/Dec/2025:19:02:38 +0100] "GET /platby/hca/expire-jwt-token-manually HTTP/1.1" 200 8268 "-" "Mozilla/5.0 (compatible; SemrushBot/7~bl; +http://www.semrush.com/bot.html)"
204.76.203.206 - - [01/Dec/2025:19:02:51 +0100] "GET / HTTP/1.1" 200 316 "-" "Mozilla/5.0 (Windows NT 10.0; Win64; x64) AppleWebKit/537.36 (KHTML, like Gecko) Chrome/90.0.4430.85 Safari/537.36 Edg/90.0.818.46"
85.208.96.207 - - [01/Dec/2025:19:03:13 +0100] "GET /platby/hca/comparing-sentences-examples HTTP/1.1" 200 11810 "-" "Mozilla/5.0 (compatible; SemrushBot/7~bl; +http://www.semrush.com/bot.html)"
185.191.171.4 - - [01/Dec/2025:19:03:24 +0100] "GET /platby/72zbxoz/time-of-dying-never-back-down HTTP/1.1" 200 12647 "-" "Mozilla/5.0 (compatible; SemrushBot/7~bl; +http://www.semrush.com/bot.html)"
185.191.171.14 - - [01/Dec/2025:19:04:47 +0100] "GET /platby/72zbxoz/leopards-vs-30-06-15-15-%2350292-kariobangi-sharks HTTP/1.1" 200 10437 "-" "Mozilla/5.0 (compatible; SemrushBot/7~bl; +http://www.semrush.com/bot.html)"
85.208.96.202 - - [01/Dec/2025:19:05:28 +0100] "GET /platby/uwoy9/brandon-ingram-signature-shoe HTTP/1.1" 200 13567 "-" "Mozilla/5.0 (compatible; SemrushBot/7~bl; +http://www.semrush.com/bot.html)"
85.208.96.211 - - [01/Dec/2025:19:05:30 +0100] "GET /platby/aohwuyx/is-retinol-safe-during-pregnancy HTTP/1.1" 200 10691 "-" "Mozilla/5.0 (compatible; SemrushBot/7~bl; +http://www.semrush.com/bot.html)"
85.208.96.212 - - [01/Dec/2025:19:05:34 +0100] "GET /platby/uwoy9/empirical-association HTTP/1.1" 200 10109 "-" "Mozilla/5.0 (compatible; SemrushBot/7~bl; +http://www.semrush.com/bot.html)"
85.208.96.197 - - [01/Dec/2025:19:06:16 +0100] "GET /platby/qqap/where-does-shaquille-o-neal-live-in-ohio HTTP/1.1" 200 11444 "-" "Mozilla/5.0 (compatible; SemrushBot/7~bl; +http://www.semrush.com/bot.html)"
85.208.96.210 - - [01/Dec/2025:19:06:17 +0100] "GET /platby/aohwuyx/lake-district-aqua-park HTTP/1.1" 200 16458 "-" "Mozilla/5.0 (compatible; SemrushBot/7~bl; +http://www.semrush.com/bot.html)"
185.191.171.8 - - [01/Dec/2025:19:06:29 +0100] "GET /platby/qqap/essay-about-children's-literature HTTP/1.1" 200 7065 "-" "Mozilla/5.0 (compatible; SemrushBot/7~bl; +http://www.semrush.com/bot.html)"
185.191.171.16 - - [01/Dec/2025:19:06:51 +0100] "GET /platby/hca/indigenous-environmental-network HTTP/1.1" 200 8941 "-" "Mozilla/5.0 (compatible; SemrushBot/7~bl; +http://www.semrush.com/bot.html)"
185.191.171.19 - - [01/Dec/2025:19:07:05 +0100] "GET /platby/72zbxoz/stages-of-development-psychology HTTP/1.1" 200 10619 "-" "Mozilla/5.0 (compatible; SemrushBot/7~bl; +http://www.semrush.com/bot.html)"
85.208.96.212 - - [01/Dec/2025:19:07:19 +0100] "GET /platby/aohwuyx/president-of-france-2021 HTTP/1.1" 200 11302 "-" "Mozilla/5.0 (compatible; SemrushBot/7~bl; +http://www.semrush.com/bot.html)"
85.208.96.207 - - [01/Dec/2025:19:07:26 +0100] "GET /platby/uwoy9/chicago-sick-leave-carryover HTTP/1.1" 200 11760 "-" "Mozilla/5.0 (compatible; SemrushBot/7~bl; +http://www.semrush.com/bot.html)"
185.191.171.9 - - [01/Dec/2025:19:07:28 +0100] "GET /platby/uwoy9/queens-academy-high-school HTTP/1.1" 200 8588 "-" "Mozilla/5.0 (compatible; SemrushBot/7~bl; +http://www.semrush.com/bot.html)"
98.89.254.180 - - [01/Dec/2025:19:07:35 +0100] "\x16\x03\x03\x01\x1c\x01" 403 265 "-" "-"
204.76.203.212 - - [01/Dec/2025:19:07:54 +0100] "GET /" 400 468 "-" "-"
98.89.254.180 - - [01/Dec/2025:19:07:55 +0100] "\x16\x03\x03\x01\x1c\x01" 403 265 "-" "-"
