93.108.74.44 - - [01/Dec/2025:15:13:31 +0100] "\x16\x03\x03" 403 265 "-" "-"
85.208.96.210 - - [01/Dec/2025:15:13:32 +0100] "GET /platby/qqap/hero-motocorp-slideshare HTTP/1.1" 200 10374 "-" "Mozilla/5.0 (compatible; SemrushBot/7~bl; +http://www.semrush.com/bot.html)"
185.191.171.2 - - [01/Dec/2025:15:13:43 +0100] "GET /platby/uwoy9/poco-f1-fingerprint-not-showing HTTP/1.1" 200 15350 "-" "Mozilla/5.0 (compatible; SemrushBot/7~bl; +http://www.semrush.com/bot.html)"
85.208.96.202 - - [01/Dec/2025:15:13:45 +0100] "GET /platby/aohwuyx/carson-wentz-elite-jersey HTTP/1.1" 200 8033 "-" "Mozilla/5.0 (compatible; SemrushBot/7~bl; +http://www.semrush.com/bot.html)"
85.208.96.202 - - [01/Dec/2025:15:13:55 +0100] "GET /platby/qqap/kodak-colorplus-200-vs-ultramax-400 HTTP/1.1" 200 9611 "-" "Mozilla/5.0 (compatible; SemrushBot/7~bl; +http://www.semrush.com/bot.html)"
185.191.171.14 - - [01/Dec/2025:15:14:13 +0100] "GET /platby/hca/basis-oro-valley-primary-calendar-2021 HTTP/1.1" 200 6746 "-" "Mozilla/5.0 (compatible; SemrushBot/7~bl; +http://www.semrush.com/bot.html)"
106.222.202.222 - - [01/Dec/2025:15:14:23 +0100] "\x16\x03\x01\x01\xb4\x01" 403 265 "-" "-"
106.222.202.222 - - [01/Dec/2025:15:14:24 +0100] "\x16\x03\x03" 403 265 "-" "-"
85.208.96.202 - - [01/Dec/2025:15:14:25 +0100] "GET /platby/qqap/grady-sizemore-height HTTP/1.1" 200 11409 "-" "Mozilla/5.0 (compatible; SemrushBot/7~bl; +http://www.semrush.com/bot.html)"
104.210.140.133 - - [01/Dec/2025:15:14:32 +0100] "\x16\x03\x01\x02" 403 265 "-" "-"
104.210.140.132 - - [01/Dec/2025:15:14:32 +0100] "\x16\x03\x01\x02" 403 265 "-" "-"
104.210.140.141 - - [01/Dec/2025:15:14:32 +0100] "\x16\x03\x01\x02" 403 265 "-" "-"
104.210.140.136 - - [01/Dec/2025:15:14:34 +0100] "\x16\x03\x01\x02" 403 265 "-" "-"
104.210.140.129 - - [01/Dec/2025:15:14:34 +0100] "\x16\x03\x01\x02" 403 265 "-" "-"
104.210.140.141 - - [01/Dec/2025:15:14:38 +0100] "\x16\x03\x01\x02" 403 265 "-" "-"
104.210.140.140 - - [01/Dec/2025:15:14:39 +0100] "\x16\x03\x01\x02\x02\x01" 403 265 "-" "-"
104.210.140.142 - - [01/Dec/2025:15:14:40 +0100] "\x16\x03\x01\x02" 403 265 "-" "-"
104.210.140.141 - - [01/Dec/2025:15:14:40 +0100] "\x16\x03\x01\x02" 403 265 "-" "-"
104.210.140.135 - - [01/Dec/2025:15:14:40 +0100] "\x16\x03\x01\x02" 403 265 "-" "-"
104.210.140.139 - - [01/Dec/2025:15:14:41 +0100] "\x16\x03\x01\x02" 403 265 "-" "-"
85.208.96.194 - - [01/Dec/2025:15:15:41 +0100] "GET /platby/qqap/perugino's-delivery-of-the-keys-to-peter-symbolizes HTTP/1.1" 200 7399 "-" "Mozilla/5.0 (compatible; SemrushBot/7~bl; +http://www.semrush.com/bot.html)"
85.208.96.205 - - [01/Dec/2025:15:15:44 +0100] "GET /platby/uwoy9/carx-drift-racing-online HTTP/1.1" 200 7455 "-" "Mozilla/5.0 (compatible; SemrushBot/7~bl; +http://www.semrush.com/bot.html)"
185.191.171.13 - - [01/Dec/2025:15:15:51 +0100] "GET /platby/uwoy9/quotes-about-respecting-others-privacy HTTP/1.1" 200 13091 "-" "Mozilla/5.0 (compatible; SemrushBot/7~bl; +http://www.semrush.com/bot.html)"
185.191.171.16 - - [01/Dec/2025:15:16:24 +0100] "GET /platby/qqap/maria's-jersey-giants HTTP/1.1" 200 5756 "-" "Mozilla/5.0 (compatible; SemrushBot/7~bl; +http://www.semrush.com/bot.html)"
85.208.96.195 - - [01/Dec/2025:15:16:25 +0100] "GET /platby/uwoy9/amiga-emulator-windows-10 HTTP/1.1" 200 10011 "-" "Mozilla/5.0 (compatible; SemrushBot/7~bl; +http://www.semrush.com/bot.html)"
85.208.96.211 - - [01/Dec/2025:15:16:27 +0100] "GET /platby/hca/mini-braids-on-stretched-hair HTTP/1.1" 200 13772 "-" "Mozilla/5.0 (compatible; SemrushBot/7~bl; +http://www.semrush.com/bot.html)"
18.232.11.247 - - [01/Dec/2025:15:16:36 +0100] "GET /platby/uwoy9/koala-baby-shoes-crocs HTTP/1.1" 200 7881 "-" "Mozilla/5.0 AppleWebKit/537.36 (KHTML, like Gecko; compatible; Amazonbot/0.1; +https://developer.amazon.com/support/amazonbot) Chrome/119.0.6045.214 Safari/537.36"
185.191.171.13 - - [01/Dec/2025:15:16:36 +0100] "GET /platby/hca/sphelele-mkhulise-salary HTTP/1.1" 200 10811 "-" "Mozilla/5.0 (compatible; SemrushBot/7~bl; +http://www.semrush.com/bot.html)"
185.191.171.7 - - [01/Dec/2025:15:16:43 +0100] "GET /platby/aohwuyx/cloister-garth-georgia HTTP/1.1" 200 13760 "-" "Mozilla/5.0 (compatible; SemrushBot/7~bl; +http://www.semrush.com/bot.html)"
185.191.171.17 - - [01/Dec/2025:15:16:45 +0100] "GET /platby/qqap/dna-genetics-grow-diaries HTTP/1.1" 200 10840 "-" "Mozilla/5.0 (compatible; SemrushBot/7~bl; +http://www.semrush.com/bot.html)"
185.191.171.13 - - [01/Dec/2025:15:17:19 +0100] "GET /platby/hca/blind-trust-pros-and-cons HTTP/1.1" 200 8118 "-" "Mozilla/5.0 (compatible; SemrushBot/7~bl; +http://www.semrush.com/bot.html)"
185.191.171.16 - - [01/Dec/2025:15:17:31 +0100] "GET /platby/qqap/lakeview-elementary-school-schedule HTTP/1.1" 200 6804 "-" "Mozilla/5.0 (compatible; SemrushBot/7~bl; +http://www.semrush.com/bot.html)"
185.191.171.8 - - [01/Dec/2025:15:17:37 +0100] "GET /platby/uwoy9/how-to-protect-birds-nest-from-rain HTTP/1.1" 200 9175 "-" "Mozilla/5.0 (compatible; SemrushBot/7~bl; +http://www.semrush.com/bot.html)"
141.98.11.170 - - [01/Dec/2025:15:17:38 +0100] "GET /" 400 468 "-" "-"
85.208.96.210 - - [01/Dec/2025:15:17:46 +0100] "GET /platby/hca/george-hill-trade-bucks HTTP/1.1" 200 9526 "-" "Mozilla/5.0 (compatible; SemrushBot/7~bl; +http://www.semrush.com/bot.html)"
35.169.102.85 - - [01/Dec/2025:15:17:50 +0100] "GET /platby/uwoy9/ronan-curtis-transfermarkt HTTP/1.1" 200 11148 "-" "Mozilla/5.0 AppleWebKit/537.36 (KHTML, like Gecko; compatible; Amazonbot/0.1; +https://developer.amazon.com/support/amazonbot) Chrome/119.0.6045.214 Safari/537.36"
185.191.171.13 - - [01/Dec/2025:15:17:59 +0100] "GET /platby/aohwuyx/questionnaire-on-impact-of-covid-19-on-business HTTP/1.1" 200 13891 "-" "Mozilla/5.0 (compatible; SemrushBot/7~bl; +http://www.semrush.com/bot.html)"
185.191.171.17 - - [01/Dec/2025:15:18:29 +0100] "GET /platby/aohwuyx/barut-hemera-restaurant-menus HTTP/1.1" 200 12166 "-" "Mozilla/5.0 (compatible; SemrushBot/7~bl; +http://www.semrush.com/bot.html)"
185.191.171.1 - - [01/Dec/2025:15:18:41 +0100] "GET /platby/72zbxoz/mountain-laurel-growth-rate HTTP/1.1" 200 11600 "-" "Mozilla/5.0 (compatible; SemrushBot/7~bl; +http://www.semrush.com/bot.html)"
18.206.47.187 - - [01/Dec/2025:15:18:52 +0100] "GET /platby/uwoy9/how-to-edit-photos-to-look-like-film HTTP/1.1" 200 13272 "-" "Mozilla/5.0 AppleWebKit/537.36 (KHTML, like Gecko; compatible; Amazonbot/0.1; +https://developer.amazon.com/support/amazonbot) Chrome/119.0.6045.214 Safari/537.36"
3.211.181.86 - - [01/Dec/2025:15:18:55 +0100] "GET /platby/uwoy9/archie-goodwin-batman HTTP/1.1" 200 10937 "-" "Mozilla/5.0 AppleWebKit/537.36 (KHTML, like Gecko; compatible; Amazonbot/0.1; +https://developer.amazon.com/support/amazonbot) Chrome/119.0.6045.214 Safari/537.36"
185.191.171.7 - - [01/Dec/2025:15:19:11 +0100] "GET /platby/aohwuyx/maharishi-speaks-to-educators HTTP/1.1" 200 14780 "-" "Mozilla/5.0 (compatible; SemrushBot/7~bl; +http://www.semrush.com/bot.html)"
85.208.96.206 - - [01/Dec/2025:15:19:43 +0100] "GET /platby/uwoy9/public-schools-in-brisbane HTTP/1.1" 200 8257 "-" "Mozilla/5.0 (compatible; SemrushBot/7~bl; +http://www.semrush.com/bot.html)"
185.191.171.16 - - [01/Dec/2025:15:19:44 +0100] "GET /platby/uwoy9/chicken-hatchery-near-me HTTP/1.1" 200 15749 "-" "Mozilla/5.0 (compatible; SemrushBot/7~bl; +http://www.semrush.com/bot.html)"
185.191.171.14 - - [01/Dec/2025:15:19:47 +0100] "GET /platby/aohwuyx/quality-engineering-in-production-design HTTP/1.1" 200 8967 "-" "Mozilla/5.0 (compatible; SemrushBot/7~bl; +http://www.semrush.com/bot.html)"
52.21.62.139 - - [01/Dec/2025:15:19:50 +0100] "GET /platby/uwoy9/jonathan-toews'-medical-condition-update HTTP/1.1" 200 10919 "-" "Mozilla/5.0 AppleWebKit/537.36 (KHTML, like Gecko; compatible; Amazonbot/0.1; +https://developer.amazon.com/support/amazonbot) Chrome/119.0.6045.214 Safari/537.36"
185.191.171.14 - - [01/Dec/2025:15:19:56 +0100] "GET /platby/aohwuyx/sly-and-the-family-stone-fresh-discogs HTTP/1.1" 200 13335 "-" "Mozilla/5.0 (compatible; SemrushBot/7~bl; +http://www.semrush.com/bot.html)"
85.208.96.204 - - [01/Dec/2025:15:20:12 +0100] "GET /platby/hca/business-development-manager-responsibilities-ppt HTTP/1.1" 200 8282 "-" "Mozilla/5.0 (compatible; SemrushBot/7~bl; +http://www.semrush.com/bot.html)"
185.191.171.7 - - [01/Dec/2025:15:20:23 +0100] "GET /platby/72zbxoz/sphinx-documentation-video HTTP/1.1" 200 9542 "-" "Mozilla/5.0 (compatible; SemrushBot/7~bl; +http://www.semrush.com/bot.html)"
185.191.171.15 - - [01/Dec/2025:15:20:26 +0100] "GET /platby/hca/spigen-xperia-1-ii-screen-protector HTTP/1.1" 200 12805 "-" "Mozilla/5.0 (compatible; SemrushBot/7~bl; +http://www.semrush.com/bot.html)"
185.191.171.9 - - [01/Dec/2025:15:20:30 +0100] "GET /platby/aohwuyx/simmons-university-archives HTTP/1.1" 200 9169 "-" "Mozilla/5.0 (compatible; SemrushBot/7~bl; +http://www.semrush.com/bot.html)"
185.191.171.9 - - [01/Dec/2025:15:20:49 +0100] "GET /platby/qqap/spring-township-halloween-parade-2020 HTTP/1.1" 200 9888 "-" "Mozilla/5.0 (compatible; SemrushBot/7~bl; +http://www.semrush.com/bot.html)"
85.208.96.198 - - [01/Dec/2025:15:21:07 +0100] "GET /platby/uwoy9/black-owned-florist-minneapolis HTTP/1.1" 200 15321 "-" "Mozilla/5.0 (compatible; SemrushBot/7~bl; +http://www.semrush.com/bot.html)"
185.191.171.19 - - [01/Dec/2025:15:21:11 +0100] "GET /platby/uwoy9/oppo-cph1893-test-point HTTP/1.1" 200 11551 "-" "Mozilla/5.0 (compatible; SemrushBot/7~bl; +http://www.semrush.com/bot.html)"
79.124.40.174 - - [01/Dec/2025:15:21:13 +0100] "\x16\x03\x01\x05\xa8\x01" 403 265 "-" "-"
85.208.96.210 - - [01/Dec/2025:15:21:21 +0100] "GET /platby/aohwuyx/smad-space-mission-analysis-and-design-pdf HTTP/1.1" 200 11424 "-" "Mozilla/5.0 (compatible; SemrushBot/7~bl; +http://www.semrush.com/bot.html)"
185.191.171.15 - - [01/Dec/2025:15:21:50 +0100] "GET /platby/aohwuyx/mcclancy-high-school-jobs HTTP/1.1" 200 9803 "-" "Mozilla/5.0 (compatible; SemrushBot/7~bl; +http://www.semrush.com/bot.html)"
185.191.171.12 - - [01/Dec/2025:15:22:05 +0100] "GET /platby/hca/whitney-houston-funeral-home HTTP/1.1" 200 8703 "-" "Mozilla/5.0 (compatible; SemrushBot/7~bl; +http://www.semrush.com/bot.html)"
85.208.96.200 - - [01/Dec/2025:15:22:06 +0100] "GET /platby/72zbxoz/affective-neuroscience-personality-scales HTTP/1.1" 200 9140 "-" "Mozilla/5.0 (compatible; SemrushBot/7~bl; +http://www.semrush.com/bot.html)"
85.208.96.200 - - [01/Dec/2025:15:22:09 +0100] "GET /platby/qqap/eyebrow-specialist-near-me HTTP/1.1" 200 7027 "-" "Mozilla/5.0 (compatible; SemrushBot/7~bl; +http://www.semrush.com/bot.html)"
74.7.230.35 - - [01/Dec/2025:15:22:09 +0100] "\x16\x03\x01" 403 265 "-" "-"
74.7.230.35 - - [01/Dec/2025:15:22:09 +0100] "\x16\x03\x01\x02" 403 265 "-" "-"
74.7.230.35 - - [01/Dec/2025:15:22:10 +0100] "\x16\x03\x01\x02" 403 265 "-" "-"
185.191.171.14 - - [01/Dec/2025:15:22:42 +0100] "GET /platby/hca/massachusetts-agricultural-products HTTP/1.1" 200 11561 "-" "Mozilla/5.0 (compatible; SemrushBot/7~bl; +http://www.semrush.com/bot.html)"
85.208.96.203 - - [01/Dec/2025:15:23:28 +0100] "GET /platby/qqap/ny-saltwater-fishing-regulations-2021 HTTP/1.1" 200 7296 "-" "Mozilla/5.0 (compatible; SemrushBot/7~bl; +http://www.semrush.com/bot.html)"
85.208.96.195 - - [01/Dec/2025:15:23:30 +0100] "GET /platby/qqap/massachusetts-wildlife-list HTTP/1.1" 200 12007 "-" "Mozilla/5.0 (compatible; SemrushBot/7~bl; +http://www.semrush.com/bot.html)"
85.208.96.203 - - [01/Dec/2025:15:23:43 +0100] "GET /platby/72zbxoz/mahabir-bhullar-family HTTP/1.1" 200 11269 "-" "Mozilla/5.0 (compatible; SemrushBot/7~bl; +http://www.semrush.com/bot.html)"
185.191.171.17 - - [01/Dec/2025:15:23:49 +0100] "GET /platby/qqap/why-is-russia-banned-from-the-olympics HTTP/1.1" 200 6910 "-" "Mozilla/5.0 (compatible; SemrushBot/7~bl; +http://www.semrush.com/bot.html)"
185.191.171.15 - - [01/Dec/2025:15:24:08 +0100] "GET /platby/aohwuyx/best-nighttime-strains HTTP/1.1" 200 8685 "-" "Mozilla/5.0 (compatible; SemrushBot/7~bl; +http://www.semrush.com/bot.html)"
185.191.171.8 - - [01/Dec/2025:15:24:15 +0100] "GET /platby/hca/chicago-jazz-festival HTTP/1.1" 200 12844 "-" "Mozilla/5.0 (compatible; SemrushBot/7~bl; +http://www.semrush.com/bot.html)"
185.191.171.14 - - [01/Dec/2025:15:24:27 +0100] "GET /platby/uwoy9/ska-st-petersburg-vs-dinamo-moscow-prediction HTTP/1.1" 200 14150 "-" "Mozilla/5.0 (compatible; SemrushBot/7~bl; +http://www.semrush.com/bot.html)"
85.208.96.211 - - [01/Dec/2025:15:24:38 +0100] "GET /platby/qqap/contrast-opposite-synonym HTTP/1.1" 200 6159 "-" "Mozilla/5.0 (compatible; SemrushBot/7~bl; +http://www.semrush.com/bot.html)"
98.89.254.180 - - [01/Dec/2025:15:24:43 +0100] "\x16\x03\x03\x01\x1c\x01" 403 265 "-" "-"
85.208.96.204 - - [01/Dec/2025:15:24:50 +0100] "GET /platby/72zbxoz/solution-of-partial-differential-equation HTTP/1.1" 200 9735 "-" "Mozilla/5.0 (compatible; SemrushBot/7~bl; +http://www.semrush.com/bot.html)"
185.191.171.12 - - [01/Dec/2025:15:24:52 +0100] "GET /platby/uwoy9/bryan-cranston-seinfeld-gif HTTP/1.1" 200 13543 "-" "Mozilla/5.0 (compatible; SemrushBot/7~bl; +http://www.semrush.com/bot.html)"
85.208.96.199 - - [01/Dec/2025:15:25:13 +0100] "GET /platby/aohwuyx/carter-bloodcare-call-center HTTP/1.1" 200 11199 "-" "Mozilla/5.0 (compatible; SemrushBot/7~bl; +http://www.semrush.com/bot.html)"
114.119.152.142 - - [01/Dec/2025:15:25:18 +0100] "GET /platby/uwoy9/smokepurpp-girlfriend HTTP/1.1" 200 10187 "http://ispc.klape.eu/platby/uwoy9/another-word-for-told-to-do-something" "Mozilla/5.0 (Linux; Android 7.0;) AppleWebKit/537.36 (KHTML, like Gecko) Mobile Safari/537.36 (compatible; PetalBot;+https://webmaster.petalsearch.com/site/petalbot)"
85.208.96.196 - - [01/Dec/2025:15:25:34 +0100] "GET /platby/qqap/blackhawks-logo-vs-redskins-logo HTTP/1.1" 200 9540 "-" "Mozilla/5.0 (compatible; SemrushBot/7~bl; +http://www.semrush.com/bot.html)"
185.191.171.14 - - [01/Dec/2025:15:25:45 +0100] "GET /platby/72zbxoz/stephanie-frederic-fgw-productions HTTP/1.1" 200 10727 "-" "Mozilla/5.0 (compatible; SemrushBot/7~bl; +http://www.semrush.com/bot.html)"
185.191.171.16 - - [01/Dec/2025:15:26:10 +0100] "GET /platby/uwoy9/a-brief-introduction-to-adversarial-examples HTTP/1.1" 200 9911 "-" "Mozilla/5.0 (compatible; SemrushBot/7~bl; +http://www.semrush.com/bot.html)"
185.191.171.3 - - [01/Dec/2025:15:26:12 +0100] "GET /platby/uwoy9/riverbend-apartments---west-memphis HTTP/1.1" 200 12321 "-" "Mozilla/5.0 (compatible; SemrushBot/7~bl; +http://www.semrush.com/bot.html)"
85.208.96.200 - - [01/Dec/2025:15:26:14 +0100] "GET /platby/uwoy9/kitchen-equipment-supplier-in-jeddah HTTP/1.1" 200 11046 "-" "Mozilla/5.0 (compatible; SemrushBot/7~bl; +http://www.semrush.com/bot.html)"
185.191.171.14 - - [01/Dec/2025:15:26:18 +0100] "GET /platby/72zbxoz/technical-documentation-software HTTP/1.1" 200 10386 "-" "Mozilla/5.0 (compatible; SemrushBot/7~bl; +http://www.semrush.com/bot.html)"
185.191.171.9 - - [01/Dec/2025:15:26:31 +0100] "GET /robots.txt HTTP/1.1" 200 54 "-" "Mozilla/5.0 (compatible; SemrushBot/7~bl; +http://www.semrush.com/bot.html)"
85.208.96.196 - - [01/Dec/2025:15:26:31 +0100] "GET /platby/qqap/highest-agricultural-producing-states-in-nigeria HTTP/1.1" 200 7286 "-" "Mozilla/5.0 (compatible; SemrushBot/7~bl; +http://www.semrush.com/bot.html)"
85.208.96.200 - - [01/Dec/2025:15:26:43 +0100] "GET /platby/72zbxoz/google-pronounce-audio HTTP/1.1" 200 10195 "-" "Mozilla/5.0 (compatible; SemrushBot/7~bl; +http://www.semrush.com/bot.html)"
185.191.171.11 - - [01/Dec/2025:15:27:43 +0100] "GET /platby/hca/reverse-charge-vat-after-brexit HTTP/1.1" 200 6188 "-" "Mozilla/5.0 (compatible; SemrushBot/7~bl; +http://www.semrush.com/bot.html)"
185.191.171.17 - - [01/Dec/2025:15:27:50 +0100] "GET /platby/aohwuyx/orbital-perturbations-in-satellite-communication HTTP/1.1" 200 13075 "-" "Mozilla/5.0 (compatible; SemrushBot/7~bl; +http://www.semrush.com/bot.html)"
85.208.96.203 - - [01/Dec/2025:15:27:53 +0100] "GET /platby/uwoy9/ackermanthology-millennium-edition HTTP/1.1" 200 8913 "-" "Mozilla/5.0 (compatible; SemrushBot/7~bl; +http://www.semrush.com/bot.html)"
185.191.171.15 - - [01/Dec/2025:15:27:55 +0100] "GET /platby/qqap/ghana-vs-south-africa-time HTTP/1.1" 200 8624 "-" "Mozilla/5.0 (compatible; SemrushBot/7~bl; +http://www.semrush.com/bot.html)"
74.7.228.10 - - [01/Dec/2025:15:27:57 +0100] "\x16\x03\x01" 403 265 "-" "-"
74.7.228.10 - - [01/Dec/2025:15:27:57 +0100] "\x16\x03\x01\x02" 403 265 "-" "-"
74.7.228.10 - - [01/Dec/2025:15:27:57 +0100] "\x16\x03\x01\x02" 403 265 "-" "-"
85.208.96.194 - - [01/Dec/2025:15:28:04 +0100] "GET /platby/hca/kansas-secretary-of-state-business-search HTTP/1.1" 200 9786 "-" "Mozilla/5.0 (compatible; SemrushBot/7~bl; +http://www.semrush.com/bot.html)"
85.208.96.212 - - [01/Dec/2025:15:28:25 +0100] "GET /platby/aohwuyx/startup-business-plan-template-pdf HTTP/1.1" 200 9879 "-" "Mozilla/5.0 (compatible; SemrushBot/7~bl; +http://www.semrush.com/bot.html)"
85.208.96.211 - - [01/Dec/2025:15:28:28 +0100] "GET /platby/qqap/ghostwriter-tv+-show-2020 HTTP/1.1" 200 5077 "-" "Mozilla/5.0 (compatible; SemrushBot/7~bl; +http://www.semrush.com/bot.html)"
85.208.96.201 - - [01/Dec/2025:15:28:46 +0100] "GET /platby/uwoy9/what-is-the-dream-smp-seed-bedrock HTTP/1.1" 200 10184 "-" "Mozilla/5.0 (compatible; SemrushBot/7~bl; +http://www.semrush.com/bot.html)"
185.191.171.14 - - [01/Dec/2025:15:29:07 +0100] "\x16\x03\x01\x01;\x01" 403 265 "-" "-"
185.191.171.14 - - [01/Dec/2025:15:29:08 +0100] "\x16\x03\x01\x01;\x01" 403 265 "-" "-"
185.191.171.14 - - [01/Dec/2025:15:29:12 +0100] "GET /platby/uwoy9/pekin-ducks-mating-behavior HTTP/1.1" 200 13344 "-" "Mozilla/5.0 (compatible; SemrushBot/7~bl; +http://www.semrush.com/bot.html)"
204.76.203.206 - - [01/Dec/2025:15:29:13 +0100] "GET /" 400 468 "-" "-"
185.191.171.11 - - [01/Dec/2025:15:29:14 +0100] "GET /platby/hca/shaw-definition-clothing HTTP/1.1" 200 13825 "-" "Mozilla/5.0 (compatible; SemrushBot/7~bl; +http://www.semrush.com/bot.html)"
85.208.96.193 - - [01/Dec/2025:15:29:21 +0100] "GET /platby/hca/why-were-the-galapagos-islands-so-important-to-darwin HTTP/1.1" 200 6962 "-" "Mozilla/5.0 (compatible; SemrushBot/7~bl; +http://www.semrush.com/bot.html)"
185.191.171.6 - - [01/Dec/2025:15:29:24 +0100] "GET /platby/72zbxoz/watford-striker-rumours HTTP/1.1" 200 10662 "-" "Mozilla/5.0 (compatible; SemrushBot/7~bl; +http://www.semrush.com/bot.html)"
85.208.96.204 - - [01/Dec/2025:15:29:39 +0100] "GET /platby/uwoy9/sega-rally-championship HTTP/1.1" 200 8402 "-" "Mozilla/5.0 (compatible; SemrushBot/7~bl; +http://www.semrush.com/bot.html)"
85.208.96.204 - - [01/Dec/2025:15:30:08 +0100] "GET /platby/qqap/somerset-community-college-courses HTTP/1.1" 200 6493 "-" "Mozilla/5.0 (compatible; SemrushBot/7~bl; +http://www.semrush.com/bot.html)"
204.76.203.206 - - [01/Dec/2025:15:30:36 +0100] "GET / HTTP/1.1" 200 316 "-" "Mozilla/5.0 (Windows NT 10.0; Win64; x64) AppleWebKit/537.36 (KHTML, like Gecko) Chrome/90.0.4430.85 Safari/537.36 Edg/90.0.818.46"
85.208.96.198 - - [01/Dec/2025:15:30:48 +0100] "GET /platby/qqap/lenovo-camera-black-screen HTTP/1.1" 200 11621 "-" "Mozilla/5.0 (compatible; SemrushBot/7~bl; +http://www.semrush.com/bot.html)"
185.191.171.9 - - [01/Dec/2025:15:31:03 +0100] "GET /platby/hca/fingerprint-lock-screen-simulator HTTP/1.1" 200 6273 "-" "Mozilla/5.0 (compatible; SemrushBot/7~bl; +http://www.semrush.com/bot.html)"
85.208.96.200 - - [01/Dec/2025:15:31:28 +0100] "GET /platby/aohwuyx/samsung-galaxy-s9-fingerprint-sensor-not-working HTTP/1.1" 200 7272 "-" "Mozilla/5.0 (compatible; SemrushBot/7~bl; +http://www.semrush.com/bot.html)"
85.208.96.211 - - [01/Dec/2025:15:31:34 +0100] "GET /platby/uwoy9/serbia-basketball-roster-2021 HTTP/1.1" 200 8367 "-" "Mozilla/5.0 (compatible; SemrushBot/7~bl; +http://www.semrush.com/bot.html)"
85.208.96.211 - - [01/Dec/2025:15:32:06 +0100] "GET /platby/qqap/moses-moody-college-stats HTTP/1.1" 200 7155 "-" "Mozilla/5.0 (compatible; SemrushBot/7~bl; +http://www.semrush.com/bot.html)"
85.208.96.201 - - [01/Dec/2025:15:32:08 +0100] "GET /platby/hca/anime-restaurants-in-america HTTP/1.1" 200 10301 "-" "Mozilla/5.0 (compatible; SemrushBot/7~bl; +http://www.semrush.com/bot.html)"
85.208.96.209 - - [01/Dec/2025:15:32:09 +0100] "GET /platby/uwoy9/carter-cooper-funeral HTTP/1.1" 200 12360 "-" "Mozilla/5.0 (compatible; SemrushBot/7~bl; +http://www.semrush.com/bot.html)"
185.191.171.5 - - [01/Dec/2025:15:32:39 +0100] "GET /platby/72zbxoz/bemidji-state-football-roster-2021 HTTP/1.1" 200 7683 "-" "Mozilla/5.0 (compatible; SemrushBot/7~bl; +http://www.semrush.com/bot.html)"
85.208.96.203 - - [01/Dec/2025:15:32:44 +0100] "GET /platby/aohwuyx/incoherent-speech-schizophrenia HTTP/1.1" 200 9222 "-" "Mozilla/5.0 (compatible; SemrushBot/7~bl; +http://www.semrush.com/bot.html)"
185.191.171.11 - - [01/Dec/2025:15:32:45 +0100] "GET /platby/qqap/jira-table-formatting HTTP/1.1" 200 12970 "-" "Mozilla/5.0 (compatible; SemrushBot/7~bl; +http://www.semrush.com/bot.html)"
85.208.96.201 - - [01/Dec/2025:15:32:49 +0100] "GET /platby/72zbxoz/ghetto-film-school-name HTTP/1.1" 200 12432 "-" "Mozilla/5.0 (compatible; SemrushBot/7~bl; +http://www.semrush.com/bot.html)"
185.191.171.1 - - [01/Dec/2025:15:32:54 +0100] "GET /platby/qqap/can-swans-swim-underwater HTTP/1.1" 200 11949 "-" "Mozilla/5.0 (compatible; SemrushBot/7~bl; +http://www.semrush.com/bot.html)"
85.208.96.212 - - [01/Dec/2025:15:33:09 +0100] "GET /platby/qqap/best-refrigerator-2021-uk HTTP/1.1" 200 9197 "-" "Mozilla/5.0 (compatible; SemrushBot/7~bl; +http://www.semrush.com/bot.html)"
85.208.96.193 - - [01/Dec/2025:15:33:21 +0100] "GET /platby/qqap/bottineau-college-hockey HTTP/1.1" 200 4644 "-" "Mozilla/5.0 (compatible; SemrushBot/7~bl; +http://www.semrush.com/bot.html)"
85.208.96.201 - - [01/Dec/2025:15:33:32 +0100] "GET /platby/uwoy9/agro-processing-industry HTTP/1.1" 200 11486 "-" "Mozilla/5.0 (compatible; SemrushBot/7~bl; +http://www.semrush.com/bot.html)"
185.191.171.9 - - [01/Dec/2025:15:33:40 +0100] "GET /platby/hca/changing-of-the-guard-arlington-cemetery HTTP/1.1" 200 10293 "-" "Mozilla/5.0 (compatible; SemrushBot/7~bl; +http://www.semrush.com/bot.html)"
185.191.171.16 - - [01/Dec/2025:15:33:59 +0100] "GET /platby/aohwuyx/college-park-atlanta-zip-code HTTP/1.1" 200 8646 "-" "Mozilla/5.0 (compatible; SemrushBot/7~bl; +http://www.semrush.com/bot.html)"
41.36.182.23 - - [01/Dec/2025:15:34:53 +0100] "POST /GponForm/diag_Form?style/ HTTP/1.1" 400 230 "-" "Hello, World"
18.214.238.178 - - [01/Dec/2025:15:35:01 +0100] "GET /platby/uwoy9/south-africa-football-match-today HTTP/1.1" 200 11033 "-" "Mozilla/5.0 AppleWebKit/537.36 (KHTML, like Gecko; compatible; Amazonbot/0.1; +https://developer.amazon.com/support/amazonbot) Chrome/119.0.6045.214 Safari/537.36"
44.221.105.234 - - [01/Dec/2025:15:35:02 +0100] "GET /platby/uwoy9/holiday-home-rental-devon HTTP/1.1" 200 8448 "-" "Mozilla/5.0 AppleWebKit/537.36 (KHTML, like Gecko; compatible; Amazonbot/0.1; +https://developer.amazon.com/support/amazonbot) Chrome/119.0.6045.214 Safari/537.36"
85.208.96.201 - - [01/Dec/2025:15:35:05 +0100] "GET /platby/72zbxoz/what-do-baby-crows-look-like HTTP/1.1" 200 9598 "-" "Mozilla/5.0 (compatible; SemrushBot/7~bl; +http://www.semrush.com/bot.html)"
52.2.4.213 - - [01/Dec/2025:15:35:10 +0100] "GET /platby/uwoy9/summerhill-apartments-ithaca HTTP/1.1" 200 11957 "-" "Mozilla/5.0 AppleWebKit/537.36 (KHTML, like Gecko; compatible; Amazonbot/0.1; +https://developer.amazon.com/support/amazonbot) Chrome/119.0.6045.214 Safari/537.36"
3.225.45.252 - - [01/Dec/2025:15:35:10 +0100] "GET /platby/uwoy9/roof-solar-panels-for-sale HTTP/1.1" 200 15447 "-" "Mozilla/5.0 AppleWebKit/537.36 (KHTML, like Gecko; compatible; Amazonbot/0.1; +https://developer.amazon.com/support/amazonbot) Chrome/119.0.6045.214 Safari/537.36"
52.2.58.41 - - [01/Dec/2025:15:35:15 +0100] "GET /platby/uwoy9/nils-hognestad-some-assembly-required HTTP/1.1" 200 12898 "-" "Mozilla/5.0 AppleWebKit/537.36 (KHTML, like Gecko; compatible; Amazonbot/0.1; +https://developer.amazon.com/support/amazonbot) Chrome/119.0.6045.214 Safari/537.36"
85.208.96.209 - - [01/Dec/2025:15:35:21 +0100] "GET /platby/uwoy9/nvidia-code-43-fix-windows-10-2019 HTTP/1.1" 200 9842 "-" "Mozilla/5.0 (compatible; SemrushBot/7~bl; +http://www.semrush.com/bot.html)"
35.204.9.94 - - [01/Dec/2025:15:35:22 +0100] "\x16\x03\x01\x02" 403 265 "-" "-"
85.208.96.196 - - [01/Dec/2025:15:35:28 +0100] "GET /platby/aohwuyx/laura-brehm---lighthouse HTTP/1.1" 200 15947 "-" "Mozilla/5.0 (compatible; SemrushBot/7~bl; +http://www.semrush.com/bot.html)"
85.208.96.196 - - [01/Dec/2025:15:35:44 +0100] "GET /platby/qqap/g-chord-guitar-variations HTTP/1.1" 200 7736 "-" "Mozilla/5.0 (compatible; SemrushBot/7~bl; +http://www.semrush.com/bot.html)"
85.208.96.196 - - [01/Dec/2025:15:36:04 +0100] "GET /platby/uwoy9/mewling-pronunciation HTTP/1.1" 200 11856 "-" "Mozilla/5.0 (compatible; SemrushBot/7~bl; +http://www.semrush.com/bot.html)"
85.208.96.204 - - [01/Dec/2025:15:36:07 +0100] "GET /platby/hca/caroline-hirons-darphin HTTP/1.1" 200 7837 "-" "Mozilla/5.0 (compatible; SemrushBot/7~bl; +http://www.semrush.com/bot.html)"
85.208.96.196 - - [01/Dec/2025:15:36:13 +0100] "GET /platby/72zbxoz/mirror-pronunciation-irish HTTP/1.1" 200 12862 "-" "Mozilla/5.0 (compatible; SemrushBot/7~bl; +http://www.semrush.com/bot.html)"
185.191.171.16 - - [01/Dec/2025:15:36:28 +0100] "GET /platby/uwoy9/examples-of-stealing-in-the-bible HTTP/1.1" 200 10067 "-" "Mozilla/5.0 (compatible; SemrushBot/7~bl; +http://www.semrush.com/bot.html)"
185.191.171.5 - - [01/Dec/2025:15:36:30 +0100] "GET /platby/uwoy9/brisbane-roar-vs-adelaide-united-results HTTP/1.1" 200 12601 "-" "Mozilla/5.0 (compatible; SemrushBot/7~bl; +http://www.semrush.com/bot.html)"
85.208.96.212 - - [01/Dec/2025:15:37:03 +0100] "GET /platby/hca/under-armour-rise-basketball-circuit-2021 HTTP/1.1" 200 6594 "-" "Mozilla/5.0 (compatible; SemrushBot/7~bl; +http://www.semrush.com/bot.html)"
85.208.96.200 - - [01/Dec/2025:15:37:14 +0100] "GET /platby/aohwuyx/when-i'm-gone-chords-joey-and-rory HTTP/1.1" 200 14020 "-" "Mozilla/5.0 (compatible; SemrushBot/7~bl; +http://www.semrush.com/bot.html)"
185.191.171.15 - - [01/Dec/2025:15:37:23 +0100] "GET /platby/uwoy9/room-organization-companies HTTP/1.1" 200 9417 "-" "Mozilla/5.0 (compatible; SemrushBot/7~bl; +http://www.semrush.com/bot.html)"
85.208.96.201 - - [01/Dec/2025:15:37:25 +0100] "GET /platby/aohwuyx/face-unlock-not-working-pixel-4 HTTP/1.1" 200 12534 "-" "Mozilla/5.0 (compatible; SemrushBot/7~bl; +http://www.semrush.com/bot.html)"
85.208.96.196 - - [01/Dec/2025:15:37:39 +0100] "GET /platby/hca/treylor-park---savannah-menu HTTP/1.1" 200 13056 "-" "Mozilla/5.0 (compatible; SemrushBot/7~bl; +http://www.semrush.com/bot.html)"
85.208.96.209 - - [01/Dec/2025:15:37:42 +0100] "GET /platby/aohwuyx/zillow-sinking-spring,-pa HTTP/1.1" 200 10793 "-" "Mozilla/5.0 (compatible; SemrushBot/7~bl; +http://www.semrush.com/bot.html)"
79.124.40.174 - - [01/Dec/2025:15:37:43 +0100] "GET /jars HTTP/1.1" 404 225 "-" "Mozilla/5.0 (Windows NT 10.0; Win64; x64) AppleWebKit/537.36 (KHTML, like Gecko) Chrome/78.0.3904.108 Safari/537.36"
185.191.171.15 - - [01/Dec/2025:15:37:44 +0100] "GET /platby/hca/the-magic-mountain-characters HTTP/1.1" 200 7528 "-" "Mozilla/5.0 (compatible; SemrushBot/7~bl; +http://www.semrush.com/bot.html)"
85.208.96.205 - - [01/Dec/2025:15:38:02 +0100] "GET /platby/hca/delmonico-steakhouse-las-vegas-menu HTTP/1.1" 200 5936 "-" "Mozilla/5.0 (compatible; SemrushBot/7~bl; +http://www.semrush.com/bot.html)"
85.208.96.203 - - [01/Dec/2025:15:38:28 +0100] "GET /platby/hca/asymmetrical-initial-necklace HTTP/1.1" 200 7410 "-" "Mozilla/5.0 (compatible; SemrushBot/7~bl; +http://www.semrush.com/bot.html)"
185.191.171.18 - - [01/Dec/2025:15:39:22 +0100] "GET /platby/hca/infected-mushroom-tour-2021 HTTP/1.1" 200 11025 "-" "Mozilla/5.0 (compatible; SemrushBot/7~bl; +http://www.semrush.com/bot.html)"
85.208.96.196 - - [01/Dec/2025:15:39:25 +0100] "GET /platby/aohwuyx/1-bedroom-apartments-marquette HTTP/1.1" 200 8601 "-" "Mozilla/5.0 (compatible; SemrushBot/7~bl; +http://www.semrush.com/bot.html)"
185.191.171.18 - - [01/Dec/2025:15:39:43 +0100] "GET /platby/qqap/dexter-jackson-classic-2021 HTTP/1.1" 200 6589 "-" "Mozilla/5.0 (compatible; SemrushBot/7~bl; +http://www.semrush.com/bot.html)"
185.191.171.15 - - [01/Dec/2025:15:39:49 +0100] "GET /platby/uwoy9/session-based-authentication-vs-token-based-authentication HTTP/1.1" 200 14717 "-" "Mozilla/5.0 (compatible; SemrushBot/7~bl; +http://www.semrush.com/bot.html)"
85.208.96.212 - - [01/Dec/2025:15:40:07 +0100] "GET /platby/qqap/jonathan-kuminga-height-weight HTTP/1.1" 200 10640 "-" "Mozilla/5.0 (compatible; SemrushBot/7~bl; +http://www.semrush.com/bot.html)"
85.208.96.199 - - [01/Dec/2025:15:40:14 +0100] "GET /platby/aohwuyx/windermere-walks-for-beginners HTTP/1.1" 200 12834 "-" "Mozilla/5.0 (compatible; SemrushBot/7~bl; +http://www.semrush.com/bot.html)"
185.191.171.4 - - [01/Dec/2025:15:40:45 +0100] "GET /platby/hca/strategies-for-improving-listening-skills-pdf HTTP/1.1" 200 8032 "-" "Mozilla/5.0 (compatible; SemrushBot/7~bl; +http://www.semrush.com/bot.html)"
85.208.96.197 - - [01/Dec/2025:15:40:46 +0100] "GET /platby/hca/bethany-joy-lenz-and-paul-johansson HTTP/1.1" 200 10305 "-" "Mozilla/5.0 (compatible; SemrushBot/7~bl; +http://www.semrush.com/bot.html)"
85.208.96.207 - - [01/Dec/2025:15:40:48 +0100] "GET /platby/qqap/vrbo-owner-login-help HTTP/1.1" 200 9276 "-" "Mozilla/5.0 (compatible; SemrushBot/7~bl; +http://www.semrush.com/bot.html)"
85.208.96.196 - - [01/Dec/2025:15:40:55 +0100] "GET /platby/hca/ontario-junior-women's-hockey-league HTTP/1.1" 200 8821 "-" "Mozilla/5.0 (compatible; SemrushBot/7~bl; +http://www.semrush.com/bot.html)"
185.191.171.1 - - [01/Dec/2025:15:41:04 +0100] "GET /platby/aohwuyx/cornelius-vanderbilt-ii-family-tree HTTP/1.1" 200 11673 "-" "Mozilla/5.0 (compatible; SemrushBot/7~bl; +http://www.semrush.com/bot.html)"
185.191.171.4 - - [01/Dec/2025:15:41:14 +0100] "GET /platby/hca/benefits-of-effective-listening-in-the-workplace HTTP/1.1" 200 7703 "-" "Mozilla/5.0 (compatible; SemrushBot/7~bl; +http://www.semrush.com/bot.html)"
185.191.171.12 - - [01/Dec/2025:15:41:31 +0100] "GET /platby/qqap/confluence:-document-management-system HTTP/1.1" 200 9513 "-" "Mozilla/5.0 (compatible; SemrushBot/7~bl; +http://www.semrush.com/bot.html)"
85.208.96.202 - - [01/Dec/2025:15:41:53 +0100] "GET /platby/72zbxoz/mortenson-construction-net-worth HTTP/1.1" 200 15106 "-" "Mozilla/5.0 (compatible; SemrushBot/7~bl; +http://www.semrush.com/bot.html)"
185.191.171.16 - - [01/Dec/2025:15:41:55 +0100] "GET /platby/uwoy9/dosinia-luxury-resort HTTP/1.1" 200 12259 "-" "Mozilla/5.0 (compatible; SemrushBot/7~bl; +http://www.semrush.com/bot.html)"
85.208.96.211 - - [01/Dec/2025:15:42:02 +0100] "GET /platby/qqap/gabriel-casseus-height HTTP/1.1" 200 10540 "-" "Mozilla/5.0 (compatible; SemrushBot/7~bl; +http://www.semrush.com/bot.html)"
85.208.96.212 - - [01/Dec/2025:15:42:45 +0100] "GET /platby/uwoy9/huawei-volume-button-stuck HTTP/1.1" 200 8322 "-" "Mozilla/5.0 (compatible; SemrushBot/7~bl; +http://www.semrush.com/bot.html)"
114.119.139.66 - - [01/Dec/2025:15:42:51 +0100] "GET /platby/uwoy9/who-wrote-was-it-a-morning-like-this HTTP/1.1" 200 14973 "http://ispc.klape.eu/platby/uwoy9/university-of-maryland-global-campus-adelphi-address" "Mozilla/5.0 (Linux; Android 7.0;) AppleWebKit/537.36 (KHTML, like Gecko) Mobile Safari/537.36 (compatible; PetalBot;+https://webmaster.petalsearch.com/site/petalbot)"
85.208.96.205 - - [01/Dec/2025:15:43:30 +0100] "GET /platby/uwoy9/patrick-surtain-draft-projection HTTP/1.1" 200 11181 "-" "Mozilla/5.0 (compatible; SemrushBot/7~bl; +http://www.semrush.com/bot.html)"
85.208.96.193 - - [01/Dec/2025:15:43:45 +0100] "GET /platby/72zbxoz/michael-jordan-paintings-for-sale HTTP/1.1" 200 8999 "-" "Mozilla/5.0 (compatible; SemrushBot/7~bl; +http://www.semrush.com/bot.html)"
185.191.171.19 - - [01/Dec/2025:15:43:51 +0100] "GET /platby/uwoy9/synonyms-for-individuality HTTP/1.1" 200 11874 "-" "Mozilla/5.0 (compatible; SemrushBot/7~bl; +http://www.semrush.com/bot.html)"
85.208.96.196 - - [01/Dec/2025:15:44:08 +0100] "GET /platby/uwoy9/city-of-sherwood-arkansas-zoning-map HTTP/1.1" 200 13561 "-" "Mozilla/5.0 (compatible; SemrushBot/7~bl; +http://www.semrush.com/bot.html)"
85.208.96.202 - - [01/Dec/2025:15:44:10 +0100] "GET /platby/aohwuyx/south-africa-soccer-live-stream HTTP/1.1" 200 11987 "-" "Mozilla/5.0 (compatible; SemrushBot/7~bl; +http://www.semrush.com/bot.html)"
85.208.96.202 - - [01/Dec/2025:15:44:19 +0100] "GET /platby/hca/where-do-mint-seeds-come-from HTTP/1.1" 200 13382 "-" "Mozilla/5.0 (compatible; SemrushBot/7~bl; +http://www.semrush.com/bot.html)"
85.208.96.194 - - [01/Dec/2025:15:44:24 +0100] "GET /platby/uwoy9/similarities-between-comets-and-asteroids HTTP/1.1" 200 11141 "-" "Mozilla/5.0 (compatible; SemrushBot/7~bl; +http://www.semrush.com/bot.html)"
185.191.171.6 - - [01/Dec/2025:15:44:29 +0100] "GET /platby/qqap/child-actress-lexi-9-letters HTTP/1.1" 200 11890 "-" "Mozilla/5.0 (compatible; SemrushBot/7~bl; +http://www.semrush.com/bot.html)"
85.208.96.198 - - [01/Dec/2025:15:44:48 +0100] "GET /platby/hca/nielsen-consumer-panel HTTP/1.1" 200 8633 "-" "Mozilla/5.0 (compatible; SemrushBot/7~bl; +http://www.semrush.com/bot.html)"
185.191.171.16 - - [01/Dec/2025:15:44:52 +0100] "GET /platby/72zbxoz/poetry-magazine-submissions HTTP/1.1" 200 10095 "-" "Mozilla/5.0 (compatible; SemrushBot/7~bl; +http://www.semrush.com/bot.html)"
85.208.96.199 - - [01/Dec/2025:15:45:08 +0100] "GET /platby/aohwuyx/university-of-maine-merch HTTP/1.1" 200 11751 "-" "Mozilla/5.0 (compatible; SemrushBot/7~bl; +http://www.semrush.com/bot.html)"
185.191.171.9 - - [01/Dec/2025:15:45:13 +0100] "GET /platby/hca/gregory-cooke-shopify HTTP/1.1" 200 11166 "-" "Mozilla/5.0 (compatible; SemrushBot/7~bl; +http://www.semrush.com/bot.html)"
185.191.171.14 - - [01/Dec/2025:15:45:36 +0100] "GET /platby/uwoy9/christopher-jackson-scarsdale HTTP/1.1" 200 7546 "-" "Mozilla/5.0 (compatible; SemrushBot/7~bl; +http://www.semrush.com/bot.html)"
185.191.171.17 - - [01/Dec/2025:15:45:38 +0100] "GET /platby/uwoy9/when-i'm-gone-chords-simple-plan HTTP/1.1" 200 8458 "-" "Mozilla/5.0 (compatible; SemrushBot/7~bl; +http://www.semrush.com/bot.html)"
185.191.171.13 - - [01/Dec/2025:15:45:44 +0100] "GET /platby/aohwuyx/jordan-11-closing-ceremony-real-vs-fake HTTP/1.1" 200 15142 "-" "Mozilla/5.0 (compatible; SemrushBot/7~bl; +http://www.semrush.com/bot.html)"
85.208.96.211 - - [01/Dec/2025:15:45:53 +0100] "GET /platby/aohwuyx/pearl-harbor-webquest-answer-key-quizlet HTTP/1.1" 200 10809 "-" "Mozilla/5.0 (compatible; SemrushBot/7~bl; +http://www.semrush.com/bot.html)"
185.191.171.16 - - [01/Dec/2025:15:46:11 +0100] "GET /platby/72zbxoz/oconee-county-schools-jobs HTTP/1.1" 200 8192 "-" "Mozilla/5.0 (compatible; SemrushBot/7~bl; +http://www.semrush.com/bot.html)"
85.208.96.202 - - [01/Dec/2025:15:46:12 +0100] "GET /platby/hca/fast-growing-herbs-from-seed HTTP/1.1" 200 7419 "-" "Mozilla/5.0 (compatible; SemrushBot/7~bl; +http://www.semrush.com/bot.html)"
185.191.171.8 - - [01/Dec/2025:15:46:47 +0100] "GET /platby/qqap/georgia-schools-reopening HTTP/1.1" 200 10966 "-" "Mozilla/5.0 (compatible; SemrushBot/7~bl; +http://www.semrush.com/bot.html)"
203.55.131.5 - - [01/Dec/2025:15:47:11 +0100] "\x16\x03\x01\x01\x01\x01" 403 265 "-" "-"
85.208.96.196 - - [01/Dec/2025:15:47:26 +0100] "GET /platby/qqap/international-culinary-center HTTP/1.1" 200 10791 "-" "Mozilla/5.0 (compatible; SemrushBot/7~bl; +http://www.semrush.com/bot.html)"
185.191.171.4 - - [01/Dec/2025:15:47:31 +0100] "GET /platby/hca/livingston-memorial-park HTTP/1.1" 200 6567 "-" "Mozilla/5.0 (compatible; SemrushBot/7~bl; +http://www.semrush.com/bot.html)"
185.191.171.15 - - [01/Dec/2025:15:47:50 +0100] "GET /platby/aohwuyx/total-control-suspension HTTP/1.1" 200 10307 "-" "Mozilla/5.0 (compatible; SemrushBot/7~bl; +http://www.semrush.com/bot.html)"
85.208.96.207 - - [01/Dec/2025:15:48:13 +0100] "GET /platby/hca/girl-scout-cookies-seeds-toronto HTTP/1.1" 200 6822 "-" "Mozilla/5.0 (compatible; SemrushBot/7~bl; +http://www.semrush.com/bot.html)"
185.191.171.18 - - [01/Dec/2025:15:48:15 +0100] "GET /platby/hca/wolf-of-wall-street-i'm-not-leaving-quote HTTP/1.1" 200 6306 "-" "Mozilla/5.0 (compatible; SemrushBot/7~bl; +http://www.semrush.com/bot.html)"
85.208.96.200 - - [01/Dec/2025:15:48:20 +0100] "GET /platby/aohwuyx/jira-automation-ideas HTTP/1.1" 200 9863 "-" "Mozilla/5.0 (compatible; SemrushBot/7~bl; +http://www.semrush.com/bot.html)"
213.211.33.84 - - [01/Dec/2025:15:48:21 +0100] "\x16\x03\x01\x06\xda\x01" 403 265 "-" "-"
213.211.33.84 - - [01/Dec/2025:15:48:21 +0100] "\x16\x03\x01\x06\xba\x01" 403 265 "-" "-"
185.191.171.4 - - [01/Dec/2025:15:48:46 +0100] "GET /platby/qqap/park-pavilions-for-rent-near-me HTTP/1.1" 200 9144 "-" "Mozilla/5.0 (compatible; SemrushBot/7~bl; +http://www.semrush.com/bot.html)"
85.208.96.207 - - [01/Dec/2025:15:48:56 +0100] "GET /platby/qqap/ameresco-subsidiaries HTTP/1.1" 200 8425 "-" "Mozilla/5.0 (compatible; SemrushBot/7~bl; +http://www.semrush.com/bot.html)"
185.191.171.16 - - [01/Dec/2025:15:49:17 +0100] "GET /platby/aohwuyx/davis-mills-reference HTTP/1.1" 200 8267 "-" "Mozilla/5.0 (compatible; SemrushBot/7~bl; +http://www.semrush.com/bot.html)"
204.76.203.206 - - [01/Dec/2025:15:49:19 +0100] "GET /" 400 468 "-" "-"
185.191.171.3 - - [01/Dec/2025:15:49:21 +0100] "GET /platby/aohwuyx/bounce-urban-dictionary HTTP/1.1" 200 12990 "-" "Mozilla/5.0 (compatible; SemrushBot/7~bl; +http://www.semrush.com/bot.html)"
185.191.171.19 - - [01/Dec/2025:15:49:30 +0100] "GET /platby/hca/when-do-rhododendrons-bloom-in-connecticut HTTP/1.1" 200 7186 "-" "Mozilla/5.0 (compatible; SemrushBot/7~bl; +http://www.semrush.com/bot.html)"
185.191.171.13 - - [01/Dec/2025:15:49:32 +0100] "GET /platby/72zbxoz/university-of-westminster HTTP/1.1" 200 12220 "-" "Mozilla/5.0 (compatible; SemrushBot/7~bl; +http://www.semrush.com/bot.html)"
213.211.33.84 - - [01/Dec/2025:15:49:36 +0100] "\x16\x03\x01\x06\xda\x01" 403 265 "-" "-"
213.211.33.84 - - [01/Dec/2025:15:49:36 +0100] "\x16\x03\x01\x06\xba\x01" 403 265 "-" "-"
213.211.33.84 - - [01/Dec/2025:15:49:36 +0100] "\x16\x03\x01\x06\xda\x01" 403 265 "-" "-"
213.211.33.84 - - [01/Dec/2025:15:49:36 +0100] "\x16\x03\x01\x06\xba\x01" 403 265 "-" "-"
213.211.33.84 - - [01/Dec/2025:15:49:36 +0100] "\x16\x03\x01\x06\xfa\x01" 403 265 "-" "-"
213.211.33.84 - - [01/Dec/2025:15:49:36 +0100] "\x16\x03\x01\x06\xfa\x01" 403 265 "-" "-"
85.208.96.212 - - [01/Dec/2025:15:49:38 +0100] "GET /platby/hca/philadelphia-tattoo-convention-2022 HTTP/1.1" 200 11041 "-" "Mozilla/5.0 (compatible; SemrushBot/7~bl; +http://www.semrush.com/bot.html)"
213.211.33.84 - - [01/Dec/2025:15:49:39 +0100] "\x16\x03\x01\x07\x1a\x01" 403 265 "-" "-"
213.211.33.84 - - [01/Dec/2025:15:49:39 +0100] "\x16\x03\x01\x06\xda\x01" 403 265 "-" "-"
213.211.33.84 - - [01/Dec/2025:15:49:39 +0100] "\x16\x03\x01\x06\xfa\x01" 403 265 "-" "-"
213.211.33.84 - - [01/Dec/2025:15:49:39 +0100] "\x16\x03\x01\x06\xba\x01" 403 265 "-" "-"
213.211.33.84 - - [01/Dec/2025:15:49:43 +0100] "\x16\x03\x01\x06\xda\x01" 403 265 "-" "-"
213.211.33.84 - - [01/Dec/2025:15:49:43 +0100] "\x16\x03\x01\x06\xfa\x01" 403 265 "-" "-"
213.211.33.84 - - [01/Dec/2025:15:49:43 +0100] "\x16\x03\x01\x06\xda\x01" 403 265 "-" "-"
213.211.33.84 - - [01/Dec/2025:15:49:43 +0100] "\x16\x03\x01\x06\xfa\x01" 403 265 "-" "-"
213.211.33.84 - - [01/Dec/2025:15:49:47 +0100] "\x16\x03\x01\x07\x1a\x01" 403 265 "-" "-"
213.211.33.84 - - [01/Dec/2025:15:49:47 +0100] "\x16\x03\x01\x07\x1a\x01" 403 265 "-" "-"
213.211.33.84 - - [01/Dec/2025:15:49:47 +0100] "\x16\x03\x01\x06\xfa\x01" 403 265 "-" "-"
213.211.33.84 - - [01/Dec/2025:15:49:47 +0100] "\x16\x03\x01\x06\xda\x01" 403 265 "-" "-"
213.211.33.84 - - [01/Dec/2025:15:49:56 +0100] "\x16\x03\x01\x06\xfa\x01" 403 265 "-" "-"
213.211.33.84 - - [01/Dec/2025:15:49:56 +0100] "\x16\x03\x01\x06\xfa\x01" 403 265 "-" "-"
213.211.33.84 - - [01/Dec/2025:15:49:57 +0100] "\x16\x03\x01\x06\xda\x01" 403 265 "-" "-"
213.211.33.84 - - [01/Dec/2025:15:49:57 +0100] "\x16\x03\x01\x06\xda\x01" 403 265 "-" "-"
213.211.33.84 - - [01/Dec/2025:15:50:06 +0100] "\x16\x03\x01\x06\xba\x01" 403 265 "-" "-"
213.211.33.84 - - [01/Dec/2025:15:50:06 +0100] "\x16\x03\x01\x07\x1a\x01" 403 265 "-" "-"
185.191.171.5 - - [01/Dec/2025:15:50:11 +0100] "GET /platby/hca/definition-of-roles-and-responsibilities HTTP/1.1" 200 8749 "-" "Mozilla/5.0 (compatible; SemrushBot/7~bl; +http://www.semrush.com/bot.html)"
85.208.96.200 - - [01/Dec/2025:15:50:22 +0100] "GET /platby/qqap/how-to-access-onedrive-for-business HTTP/1.1" 200 10861 "-" "Mozilla/5.0 (compatible; SemrushBot/7~bl; +http://www.semrush.com/bot.html)"
204.76.203.206 - - [01/Dec/2025:15:50:31 +0100] "GET / HTTP/1.1" 200 316 "-" "Mozilla/5.0 (Windows NT 10.0; Win64; x64) AppleWebKit/537.36 (KHTML, like Gecko) Chrome/90.0.4430.85 Safari/537.36 Edg/90.0.818.46"
185.191.171.4 - - [01/Dec/2025:15:50:39 +0100] "GET /robots.txt HTTP/1.1" 200 54 "-" "Mozilla/5.0 (compatible; SemrushBot/7~bl; +http://www.semrush.com/bot.html)"
85.208.96.200 - - [01/Dec/2025:15:50:40 +0100] "GET /platby/aohwuyx/teaching-writing-in-primary-school HTTP/1.1" 200 14257 "-" "Mozilla/5.0 (compatible; SemrushBot/7~bl; +http://www.semrush.com/bot.html)"
185.191.171.1 - - [01/Dec/2025:15:51:27 +0100] "GET /platby/aohwuyx/florida-school-ratings-map HTTP/1.1" 200 11711 "-" "Mozilla/5.0 (compatible; SemrushBot/7~bl; +http://www.semrush.com/bot.html)"
185.191.171.16 - - [01/Dec/2025:15:51:53 +0100] "GET /platby/qqap/indigenous-rights-movement HTTP/1.1" 200 7714 "-" "Mozilla/5.0 (compatible; SemrushBot/7~bl; +http://www.semrush.com/bot.html)"
85.208.96.206 - - [01/Dec/2025:15:52:03 +0100] "GET /platby/hca/inline-4-engine-motorcycle HTTP/1.1" 200 8108 "-" "Mozilla/5.0 (compatible; SemrushBot/7~bl; +http://www.semrush.com/bot.html)"
85.208.96.207 - - [01/Dec/2025:15:52:22 +0100] "GET /platby/uwoy9/system-engineering-pdf-notes HTTP/1.1" 200 12492 "-" "Mozilla/5.0 (compatible; SemrushBot/7~bl; +http://www.semrush.com/bot.html)"
185.191.171.13 - - [01/Dec/2025:15:52:37 +0100] "GET /platby/hca/diversity-topics-2020 HTTP/1.1" 200 11157 "-" "Mozilla/5.0 (compatible; SemrushBot/7~bl; +http://www.semrush.com/bot.html)"
74.7.175.157 - - [01/Dec/2025:15:52:41 +0100] "\x16\x03\x01" 403 265 "-" "-"
74.7.175.157 - - [01/Dec/2025:15:52:41 +0100] "\x16\x03\x01\x02" 403 265 "-" "-"
74.7.175.157 - - [01/Dec/2025:15:52:41 +0100] "\x16\x03\x01\x02" 403 265 "-" "-"
85.208.96.211 - - [01/Dec/2025:15:52:49 +0100] "GET /platby/72zbxoz/samsung-galaxy-s9-plus-screen-size HTTP/1.1" 200 7767 "-" "Mozilla/5.0 (compatible; SemrushBot/7~bl; +http://www.semrush.com/bot.html)"
185.191.171.14 - - [01/Dec/2025:15:52:51 +0100] "GET /platby/uwoy9/metlife-stadium-capacity-bts HTTP/1.1" 200 12280 "-" "Mozilla/5.0 (compatible; SemrushBot/7~bl; +http://www.semrush.com/bot.html)"
185.191.171.2 - - [01/Dec/2025:15:52:53 +0100] "GET /platby/uwoy9/salisbury-university-notable-alumni HTTP/1.1" 200 15650 "-" "Mozilla/5.0 (compatible; SemrushBot/7~bl; +http://www.semrush.com/bot.html)"
185.191.171.19 - - [01/Dec/2025:15:52:59 +0100] "GET /platby/aohwuyx/cubs-city-connect-jersey-2021 HTTP/1.1" 200 7857 "-" "Mozilla/5.0 (compatible; SemrushBot/7~bl; +http://www.semrush.com/bot.html)"
185.191.171.15 - - [01/Dec/2025:15:53:05 +0100] "GET /platby/uwoy9/origami-rocket-launcher HTTP/1.1" 200 8529 "-" "Mozilla/5.0 (compatible; SemrushBot/7~bl; +http://www.semrush.com/bot.html)"
85.208.96.193 - - [01/Dec/2025:15:53:07 +0100] "GET /platby/72zbxoz/30-day-weight-loss-meal-plan HTTP/1.1" 200 7952 "-" "Mozilla/5.0 (compatible; SemrushBot/7~bl; +http://www.semrush.com/bot.html)"
204.76.203.212 - - [01/Dec/2025:15:53:41 +0100] "GET /" 400 468 "-" "-"
85.208.96.200 - - [01/Dec/2025:15:53:46 +0100] "GET /platby/uwoy9/emergency-housing-grand-rapids,-mi HTTP/1.1" 200 11094 "-" "Mozilla/5.0 (compatible; SemrushBot/7~bl; +http://www.semrush.com/bot.html)"
85.208.96.207 - - [01/Dec/2025:15:53:58 +0100] "GET /platby/uwoy9/best-restaurants-in-carmel HTTP/1.1" 200 8870 "-" "Mozilla/5.0 (compatible; SemrushBot/7~bl; +http://www.semrush.com/bot.html)"
85.208.96.205 - - [01/Dec/2025:15:54:18 +0100] "GET /platby/qqap/bellagio-fountains-hours HTTP/1.1" 200 9826 "-" "Mozilla/5.0 (compatible; SemrushBot/7~bl; +http://www.semrush.com/bot.html)"
85.208.96.206 - - [01/Dec/2025:15:54:41 +0100] "GET /platby/aohwuyx/yuli-gurriel-contract HTTP/1.1" 200 7273 "-" "Mozilla/5.0 (compatible; SemrushBot/7~bl; +http://www.semrush.com/bot.html)"
85.208.96.199 - - [01/Dec/2025:15:55:15 +0100] "GET /platby/qqap/example-of-eavesdropping-attack HTTP/1.1" 200 8027 "-" "Mozilla/5.0 (compatible; SemrushBot/7~bl; +http://www.semrush.com/bot.html)"
85.208.96.205 - - [01/Dec/2025:15:55:28 +0100] "GET /platby/hca/ti-wireless-charging-transmitter HTTP/1.1" 200 10931 "-" "Mozilla/5.0 (compatible; SemrushBot/7~bl; +http://www.semrush.com/bot.html)"
85.208.96.211 - - [01/Dec/2025:15:56:06 +0100] "GET /platby/aohwuyx/newspace-systems-engineering HTTP/1.1" 200 8105 "-" "Mozilla/5.0 (compatible; SemrushBot/7~bl; +http://www.semrush.com/bot.html)"
185.191.171.4 - - [01/Dec/2025:15:56:23 +0100] "GET /platby/72zbxoz/pine-tree-quotes-goodreads HTTP/1.1" 200 17587 "-" "Mozilla/5.0 (compatible; SemrushBot/7~bl; +http://www.semrush.com/bot.html)"
85.208.96.205 - - [01/Dec/2025:15:56:24 +0100] "GET /platby/uwoy9/birds-of-manitoba-checklist HTTP/1.1" 200 16231 "-" "Mozilla/5.0 (compatible; SemrushBot/7~bl; +http://www.semrush.com/bot.html)"
185.191.171.5 - - [01/Dec/2025:15:56:29 +0100] "GET /platby/qqap/anime-restaurants-in-japan HTTP/1.1" 200 8655 "-" "Mozilla/5.0 (compatible; SemrushBot/7~bl; +http://www.semrush.com/bot.html)"
85.208.96.194 - - [01/Dec/2025:15:56:45 +0100] "GET /platby/72zbxoz/hillsdale-gina-relays-2021 HTTP/1.1" 200 9404 "-" "Mozilla/5.0 (compatible; SemrushBot/7~bl; +http://www.semrush.com/bot.html)"
85.208.96.210 - - [01/Dec/2025:15:57:19 +0100] "GET /platby/uwoy9/gilroy-gardens-halloween-2020 HTTP/1.1" 200 14125 "-" "Mozilla/5.0 (compatible; SemrushBot/7~bl; +http://www.semrush.com/bot.html)"
185.191.171.16 - - [01/Dec/2025:15:57:29 +0100] "GET /platby/hca/fear-facial-expression HTTP/1.1" 200 7784 "-" "Mozilla/5.0 (compatible; SemrushBot/7~bl; +http://www.semrush.com/bot.html)"
85.11.183.6 - - [01/Dec/2025:15:57:33 +0100] "GET /" 400 468 "-" "-"
185.191.171.14 - - [01/Dec/2025:15:57:46 +0100] "GET /platby/qqap/biggest-football-stadiums-in-england HTTP/1.1" 200 12360 "-" "Mozilla/5.0 (compatible; SemrushBot/7~bl; +http://www.semrush.com/bot.html)"
185.191.171.9 - - [01/Dec/2025:15:57:48 +0100] "GET /platby/hca/cardboard-rocket-ship-small HTTP/1.1" 200 13156 "-" "Mozilla/5.0 (compatible; SemrushBot/7~bl; +http://www.semrush.com/bot.html)"
185.191.171.6 - - [01/Dec/2025:15:58:02 +0100] "GET /platby/aohwuyx/resource-monitor-shortcut HTTP/1.1" 200 13743 "-" "Mozilla/5.0 (compatible; SemrushBot/7~bl; +http://www.semrush.com/bot.html)"
85.208.96.194 - - [01/Dec/2025:15:58:09 +0100] "GET /platby/72zbxoz/haast's-eagle-size-comparison HTTP/1.1" 200 14519 "-" "Mozilla/5.0 (compatible; SemrushBot/7~bl; +http://www.semrush.com/bot.html)"
185.191.171.15 - - [01/Dec/2025:15:58:56 +0100] "GET /platby/hca/phloem-definition-biology HTTP/1.1" 200 5859 "-" "Mozilla/5.0 (compatible; SemrushBot/7~bl; +http://www.semrush.com/bot.html)"
85.208.96.197 - - [01/Dec/2025:15:59:15 +0100] "GET /platby/72zbxoz/aboriginal-recognition-statement HTTP/1.1" 200 9904 "-" "Mozilla/5.0 (compatible; SemrushBot/7~bl; +http://www.semrush.com/bot.html)"
85.208.96.197 - - [01/Dec/2025:15:59:46 +0100] "GET /platby/hca/diamond-dealer-salary HTTP/1.1" 200 9592 "-" "Mozilla/5.0 (compatible; SemrushBot/7~bl; +http://www.semrush.com/bot.html)"
85.208.96.212 - - [01/Dec/2025:16:00:00 +0100] "GET /platby/uwoy9/44-phonetic-symbols-with-examples HTTP/1.1" 200 10310 "-" "Mozilla/5.0 (compatible; SemrushBot/7~bl; +http://www.semrush.com/bot.html)"
85.208.96.211 - - [01/Dec/2025:16:00:12 +0100] "GET /platby/uwoy9/camponotus-herculeanus-hibernation HTTP/1.1" 200 10922 "-" "Mozilla/5.0 (compatible; SemrushBot/7~bl; +http://www.semrush.com/bot.html)"
85.208.96.193 - - [01/Dec/2025:16:00:28 +0100] "GET /platby/hca/samsung-always-on-display-not-working HTTP/1.1" 200 12463 "-" "Mozilla/5.0 (compatible; SemrushBot/7~bl; +http://www.semrush.com/bot.html)"
185.191.171.18 - - [01/Dec/2025:16:00:45 +0100] "GET /platby/aohwuyx/powderhorn-vertical-drop HTTP/1.1" 200 12107 "-" "Mozilla/5.0 (compatible; SemrushBot/7~bl; +http://www.semrush.com/bot.html)"
114.119.139.66 - - [01/Dec/2025:16:00:46 +0100] "GET /platby/uwoy9/surgical-excision-tattoo-removal-near-me HTTP/1.1" 200 7612 "http://ispc.klape.eu/platby/uwoy9/how-to-start-a-true-crime-blog" "Mozilla/5.0 (Linux; Android 7.0;) AppleWebKit/537.36 (KHTML, like Gecko) Mobile Safari/537.36 (compatible; PetalBot;+https://webmaster.petalsearch.com/site/petalbot)"
85.208.96.206 - - [01/Dec/2025:16:00:52 +0100] "GET /platby/hca/cubesat-reference-model HTTP/1.1" 200 6688 "-" "Mozilla/5.0 (compatible; SemrushBot/7~bl; +http://www.semrush.com/bot.html)"
185.191.171.18 - - [01/Dec/2025:16:01:07 +0100] "GET /platby/hca/asana-vs-jira-vs-confluence HTTP/1.1" 200 13163 "-" "Mozilla/5.0 (compatible; SemrushBot/7~bl; +http://www.semrush.com/bot.html)"
185.191.171.7 - - [01/Dec/2025:16:01:11 +0100] "GET /platby/uwoy9/albert-einstein-fun-facts HTTP/1.1" 200 9284 "-" "Mozilla/5.0 (compatible; SemrushBot/7~bl; +http://www.semrush.com/bot.html)"
91.224.92.182 - - [01/Dec/2025:16:01:36 +0100] "\x16\x03\x01\x02" 403 265 "-" "-"
91.224.92.182 - - [01/Dec/2025:16:01:36 +0100] "\x16\x03\x01\x02" 403 265 "-" "-"
185.191.171.7 - - [01/Dec/2025:16:01:40 +0100] "GET /platby/72zbxoz/crayfish-species-oregon HTTP/1.1" 200 10334 "-" "Mozilla/5.0 (compatible; SemrushBot/7~bl; +http://www.semrush.com/bot.html)"
