87.250.224.240 - - [07/Dec/2025:18:48:05 +0100] "\x16\x03\x01\x02" 403 265 "-" "-"
114.119.128.6 - - [07/Dec/2025:18:48:15 +0100] "GET /platby/qqap/pixel-4-face-unlock-not-working-android-11 HTTP/1.1" 200 13232 "http://ispc.klape.eu/platby/qqap/feelings-journal-for-adults" "Mozilla/5.0 (Linux; Android 7.0;) AppleWebKit/537.36 (KHTML, like Gecko) Mobile Safari/537.36 (compatible; PetalBot;+https://webmaster.petalsearch.com/site/petalbot)"
114.119.129.163 - - [07/Dec/2025:18:49:39 +0100] "GET /platby/article.php?5d4c26=earthbound-64-kumatora HTTP/1.1" 200 4476 "http://ispc.klape.eu/platby/article.php?5d4c26=how-to-improve-reading-skills-for-grade-1" "Mozilla/5.0 (Linux; Android 7.0;) AppleWebKit/537.36 (KHTML, like Gecko) Mobile Safari/537.36 (compatible; PetalBot;+https://webmaster.petalsearch.com/site/petalbot)"
66.249.79.200 - - [07/Dec/2025:18:50:14 +0100] "\x16\x03\x01\x02" 403 265 "-" "-"
114.119.149.2 - - [07/Dec/2025:18:51:03 +0100] "GET /platby/qqap/header-edit-set-cookie-jsessionid HTTP/1.1" 200 11610 "http://ispc.klape.eu/platby/qqap/essex-overseas-players" "Mozilla/5.0 (Linux; Android 7.0;) AppleWebKit/537.36 (KHTML, like Gecko) Mobile Safari/537.36 (compatible; PetalBot;+https://webmaster.petalsearch.com/site/petalbot)"
104.210.140.138 - - [07/Dec/2025:18:51:04 +0100] "\x16\x03\x01\x02\x03\x01" 403 265 "-" "-"
104.210.140.132 - - [07/Dec/2025:18:51:05 +0100] "\x16\x03\x01\x02" 403 265 "-" "-"
104.210.140.136 - - [07/Dec/2025:18:51:05 +0100] "\x16\x03\x01\x02" 403 265 "-" "-"
104.210.140.142 - - [07/Dec/2025:18:51:05 +0100] "\x16\x03\x01\x02" 403 265 "-" "-"
41.249.127.150 - - [07/Dec/2025:18:51:08 +0100] "\x16\x03\x01\x01:\x01" 403 265 "-" "-"
41.249.127.150 - - [07/Dec/2025:18:51:08 +0100] "\x16\x03\x01" 403 265 "-" "-"
41.249.127.150 - - [07/Dec/2025:18:51:08 +0100] "\x16\x03\x01" 403 265 "-" "-"
41.249.127.150 - - [07/Dec/2025:18:51:09 +0100] "\x16\x03\x01" 403 265 "-" "-"
144.76.32.120 - - [07/Dec/2025:18:51:58 +0100] "\x16\x03\x03\x01\xe0\x01" 403 265 "-" "-"
144.76.32.120 - - [07/Dec/2025:18:51:58 +0100] "\x16\x03\x03\x01\xe0\x01" 403 265 "-" "-"
114.119.139.66 - - [07/Dec/2025:18:52:26 +0100] "GET /platby/article.php?5d4c26=2-explain-the-importance-of-wearing-hakama-in-the-cambodian-martial-art-bokator HTTP/1.1" 200 6579 "http://ispc.klape.eu/platby/article.php?5d4c26=co-op-credit-union-withdrawal" "Mozilla/5.0 (Linux; Android 7.0;) AppleWebKit/537.36 (KHTML, like Gecko) Mobile Safari/537.36 (compatible; PetalBot;+https://webmaster.petalsearch.com/site/petalbot)"
114.119.139.112 - - [07/Dec/2025:18:53:50 +0100] "GET /platby/aohwuyx/why-is-the-principles-of-management-necessary HTTP/1.1" 200 13182 "http://ispc.klape.eu/platby/aohwuyx/clean-energy-standard-vs-renewable-portfolio-standard" "Mozilla/5.0 (Linux; Android 7.0;) AppleWebKit/537.36 (KHTML, like Gecko) Mobile Safari/537.36 (compatible; PetalBot;+https://webmaster.petalsearch.com/site/petalbot)"
114.119.139.66 - - [07/Dec/2025:18:55:13 +0100] "GET /platby/72zbxoz/why-is-uptown-south-of-downtown-in-minneapolis HTTP/1.1" 200 15067 "http://ispc.klape.eu/platby/72zbxoz/best-players-to-sign-league-2-fifa-21" "Mozilla/5.0 (Linux; Android 7.0;) AppleWebKit/537.36 (KHTML, like Gecko) Mobile Safari/537.36 (compatible; PetalBot;+https://webmaster.petalsearch.com/site/petalbot)"
79.124.40.174 - - [07/Dec/2025:18:56:33 +0100] "\x16\x03\x01\x05\xa8\x01" 403 265 "-" "-"
114.119.139.66 - - [07/Dec/2025:18:56:36 +0100] "GET /platby/uwoy9/1994-upper-deck-collectors-choice-basketball-cards-value HTTP/1.1" 200 10997 "http://ispc.klape.eu/platby/uwoy9/how-many-hours-of-sleep-do-adults-need" "Mozilla/5.0 (Linux; Android 7.0;) AppleWebKit/537.36 (KHTML, like Gecko) Mobile Safari/537.36 (compatible; PetalBot;+https://webmaster.petalsearch.com/site/petalbot)"
195.177.94.189 - - [07/Dec/2025:18:57:10 +0100] "GET /phpmyadmin/scripts/setup.php HTTP/1.1" 200 11106 "-" "Mozilla/4.0 (compatible; MSIE 6.0; MSIE 5.5; Windows NT 5.1) Opera 7.01 [en]"
195.177.94.189 - - [07/Dec/2025:18:57:10 +0100] "POST /phpmyadmin/scripts/setup.php HTTP/1.1" 200 18608 "http://109.105.49.240:8081/phpmyadmin/scripts/setup.php" "Mozilla/4.0 (compatible; MSIE 6.0; MSIE 5.5; Windows NT 5.1) Opera 7.01 [en]"
114.119.128.6 - - [07/Dec/2025:18:58:03 +0100] "GET /platby/article.php?5d4c26=ali-safina-movies-and-tv-shows HTTP/1.1" 200 7216 "http://ispc.klape.eu/platby/article.php?5d4c26=slick-rick---the-ruler%27s-back" "Mozilla/5.0 (Linux; Android 7.0;) AppleWebKit/537.36 (KHTML, like Gecko) Mobile Safari/537.36 (compatible; PetalBot;+https://webmaster.petalsearch.com/site/petalbot)"
195.177.94.189 - - [07/Dec/2025:18:58:17 +0100] "GET /phpmyadmin/scripts/setup.php HTTP/1.1" 200 11105 "-" "Mozilla/4.0 (compatible; MSIE 6.0; MSIE 5.5; Windows NT 5.1) Opera 7.01 [en]"
195.177.94.189 - - [07/Dec/2025:18:58:17 +0100] "POST /phpmyadmin/scripts/setup.php HTTP/1.1" 200 18608 "http://109.105.49.240:443/phpmyadmin/scripts/setup.php" "Mozilla/4.0 (compatible; MSIE 6.0; MSIE 5.5; Windows NT 5.1) Opera 7.01 [en]"
34.32.146.22 - - [07/Dec/2025:18:58:23 +0100] "\x16\x03\x01\x05\xff\x01" 403 265 "-" "-"
204.76.203.206 - - [07/Dec/2025:18:58:44 +0100] "GET /" 400 468 "-" "-"
114.119.139.112 - - [07/Dec/2025:18:59:23 +0100] "GET /platby/72zbxoz/d-fend-reloaded-games HTTP/1.1" 200 11845 "http://ispc.klape.eu/platby/72zbxoz/d-fend-reloaded-games" "Mozilla/5.0 (Linux; Android 7.0;) AppleWebKit/537.36 (KHTML, like Gecko) Mobile Safari/537.36 (compatible; PetalBot;+https://webmaster.petalsearch.com/site/petalbot)"
204.76.203.206 - - [07/Dec/2025:18:59:25 +0100] "GET / HTTP/1.1" 200 316 "-" "Mozilla/5.0 (Windows NT 10.0; Win64; x64) AppleWebKit/537.36 (KHTML, like Gecko) Chrome/90.0.4430.85 Safari/537.36 Edg/90.0.818.46"
114.119.152.142 - - [07/Dec/2025:19:00:47 +0100] "GET /platby/72zbxoz/2020-donruss-optic-football-mega-box-with-10-packs HTTP/1.1" 200 9476 "http://ispc.klape.eu/platby/72zbxoz/what-does-sans-stand-for-in-text" "Mozilla/5.0 (Linux; Android 7.0;) AppleWebKit/537.36 (KHTML, like Gecko) Mobile Safari/537.36 (compatible; PetalBot;+https://webmaster.petalsearch.com/site/petalbot)"
114.119.139.66 - - [07/Dec/2025:19:02:10 +0100] "GET /platby/uwoy9/what-is-michael-giacchino-most-famous-for HTTP/1.1" 200 12381 "http://ispc.klape.eu/platby/uwoy9/nba-3-point-record-single-game" "Mozilla/5.0 (Linux; Android 7.0;) AppleWebKit/537.36 (KHTML, like Gecko) Mobile Safari/537.36 (compatible; PetalBot;+https://webmaster.petalsearch.com/site/petalbot)"
185.133.100.45 - - [07/Dec/2025:19:02:39 +0100] "\x16\x03\x01\x06\xfa\x01" 403 265 "-" "-"
185.133.100.45 - - [07/Dec/2025:19:02:39 +0100] "\x16\x03\x01\x06\xfa\x01" 403 265 "-" "-"
185.133.100.45 - - [07/Dec/2025:19:03:29 +0100] "\x16\x03\x01\x06\xda\x01" 403 265 "-" "-"
185.133.100.45 - - [07/Dec/2025:19:03:29 +0100] "\x16\x03\x01\x06\xfa\x01" 403 265 "-" "-"
114.119.152.142 - - [07/Dec/2025:19:03:35 +0100] "GET /platby/aohwuyx/taylormade-fitting-centre-near-me HTTP/1.1" 200 9591 "http://ispc.klape.eu/platby/aohwuyx/how-to-cure-hangover-nausea-and-vomiting" "Mozilla/5.0 (Linux; Android 7.0;) AppleWebKit/537.36 (KHTML, like Gecko) Mobile Safari/537.36 (compatible; PetalBot;+https://webmaster.petalsearch.com/site/petalbot)"
114.119.149.2 - - [07/Dec/2025:19:04:58 +0100] "GET /platby/article.php?5d4c26=collins-foundation-b17 HTTP/1.1" 200 6419 "http://ispc.klape.eu/platby/article.php?5d4c26=cheap-flavored-whiskey" "Mozilla/5.0 (Linux; Android 7.0;) AppleWebKit/537.36 (KHTML, like Gecko) Mobile Safari/537.36 (compatible; PetalBot;+https://webmaster.petalsearch.com/site/petalbot)"
114.119.140.102 - - [07/Dec/2025:19:06:20 +0100] "GET /platby/aohwuyx/1-year-breakeven-inflation-rate HTTP/1.1" 200 10507 "http://ispc.klape.eu/platby/aohwuyx/does-chris-paul-have-siblings" "Mozilla/5.0 (Linux; Android 7.0;) AppleWebKit/537.36 (KHTML, like Gecko) Mobile Safari/537.36 (compatible; PetalBot;+https://webmaster.petalsearch.com/site/petalbot)"
103.77.241.135 - - [07/Dec/2025:19:09:00 +0100] "GET /" 400 468 "-" "-"
141.98.11.170 - - [07/Dec/2025:19:09:22 +0100] "GET /" 400 468 "-" "-"
167.99.209.201 - - [07/Dec/2025:19:09:53 +0100] "\x16\x03\x01\x02" 403 265 "-" "-"
144.76.19.27 - - [07/Dec/2025:19:10:41 +0100] "\x16\x03\x03\x01\xdf\x01" 403 265 "-" "-"
144.76.19.27 - - [07/Dec/2025:19:10:41 +0100] "\x16\x03\x03\x01\xdf\x01" 403 265 "-" "-"
144.202.82.88 - - [07/Dec/2025:19:10:54 +0100] "\x16\x03\x01" 403 265 "-" "-"
79.124.40.174 - - [07/Dec/2025:19:11:15 +0100] "\x16\x03\x01\x05\xa8\x01" 403 265 "-" "-"
204.76.203.206 - - [07/Dec/2025:19:15:47 +0100] "GET /" 400 468 "-" "-"
204.76.203.206 - - [07/Dec/2025:19:17:51 +0100] "GET / HTTP/1.1" 200 316 "-" "Mozilla/5.0 (Windows NT 10.0; Win64; x64) AppleWebKit/537.36 (KHTML, like Gecko) Chrome/90.0.4430.85 Safari/537.36 Edg/90.0.818.46"
167.94.146.59 - - [07/Dec/2025:19:18:49 +0100] "GET / HTTP/1.1" 200 516 "-" "-"
167.94.146.59 - - [07/Dec/2025:19:18:52 +0100] "\x16\x03\x01" 501 270 "-" "-"
167.94.146.59 - - [07/Dec/2025:19:18:53 +0100] "GET / HTTP/1.1" 200 316 "-" "Mozilla/5.0 (compatible; CensysInspect/1.1; +https://about.censys.io/)"
167.94.146.59 - - [07/Dec/2025:19:18:53 +0100] "PRI * HTTP/2.0" 400 291 "-" "-"
167.94.146.59 - - [07/Dec/2025:19:18:53 +0100] "GET /favicon.ico HTTP/1.1" 404 229 "-" "Mozilla/5.0 (compatible; CensysInspect/1.1; +https://about.censys.io/)"
167.94.146.59 - - [07/Dec/2025:19:18:56 +0100] "GET / HTTP/1.1" 200 316 "-" "Mozilla/5.0 (compatible; CensysInspect/1.1; +https://about.censys.io/)"
167.94.146.59 - - [07/Dec/2025:19:19:02 +0100] "\x16\x03\x01" 501 270 "-" "-"
167.94.146.59 - - [07/Dec/2025:19:19:02 +0100] "GET /.well-known/security.txt HTTP/1.1" 404 238 "-" "Mozilla/5.0 (compatible; CensysInspect/1.1; +https://about.censys.io/)"
45.135.193.9 - - [07/Dec/2025:19:19:57 +0100] "GET /" 400 468 "-" "-"
114.119.139.66 - - [07/Dec/2025:19:20:38 +0100] "GET /platby/uwoy9/brodric-thomas-height-without-shoes HTTP/1.1" 200 10449 "http://ispc.klape.eu/platby/uwoy9/how-to-promote-diversity,-equity-and-inclusion" "Mozilla/5.0 (Linux; Android 7.0;) AppleWebKit/537.36 (KHTML, like Gecko) Mobile Safari/537.36 (compatible; PetalBot;+https://webmaster.petalsearch.com/site/petalbot)"
172.203.190.140 - - [07/Dec/2025:19:21:52 +0100] "\x16\x03\x01\x02" 403 265 "-" "-"
172.203.190.136 - - [07/Dec/2025:19:21:52 +0100] "\x16\x03\x01\x02\x1b\x01" 403 265 "-" "-"
172.203.190.136 - - [07/Dec/2025:19:21:53 +0100] "\x16\x03\x01\x02" 403 265 "-" "-"
172.203.190.131 - - [07/Dec/2025:19:21:53 +0100] "\x16\x03\x01\x02" 403 265 "-" "-"
172.203.190.134 - - [07/Dec/2025:19:21:53 +0100] "\x16\x03\x01\x02" 403 265 "-" "-"
172.203.190.139 - - [07/Dec/2025:19:21:54 +0100] "\x16\x03\x01\x02" 403 265 "-" "-"
172.203.190.142 - - [07/Dec/2025:19:21:54 +0100] "\x16\x03\x01\x02" 403 265 "-" "-"
172.203.190.132 - - [07/Dec/2025:19:21:54 +0100] "\x16\x03\x01\x02" 403 265 "-" "-"
172.203.190.141 - - [07/Dec/2025:19:21:55 +0100] "\x16\x03\x01\x02" 403 265 "-" "-"
172.203.190.142 - - [07/Dec/2025:19:21:55 +0100] "\x16\x03\x01\x02" 403 265 "-" "-"
172.203.190.136 - - [07/Dec/2025:19:21:55 +0100] "\x16\x03\x01\x02" 403 265 "-" "-"
172.203.190.140 - - [07/Dec/2025:19:21:56 +0100] "\x16\x03\x01\x02" 403 265 "-" "-"
172.203.190.138 - - [07/Dec/2025:19:21:56 +0100] "\x16\x03\x01\x02" 403 265 "-" "-"
172.203.190.138 - - [07/Dec/2025:19:21:57 +0100] "\x16\x03\x01\x02" 403 265 "-" "-"
172.203.190.130 - - [07/Dec/2025:19:21:57 +0100] "\x16\x03\x01\x02" 403 265 "-" "-"
172.203.190.143 - - [07/Dec/2025:19:21:57 +0100] "\x16\x03\x01\x02" 403 265 "-" "-"
114.119.140.102 - - [07/Dec/2025:19:22:03 +0100] "GET /platby/uwoy9/black-owned-t-shirt-company-near-me HTTP/1.1" 200 9357 "http://ispc.klape.eu/platby/uwoy9/black-owned-t-shirt-company-near-me" "Mozilla/5.0 (Linux; Android 7.0;) AppleWebKit/537.36 (KHTML, like Gecko) Mobile Safari/537.36 (compatible; PetalBot;+https://webmaster.petalsearch.com/site/petalbot)"
34.192.125.239 - - [07/Dec/2025:19:22:07 +0100] "\x16\x03\x03\x01\x1b\x01" 403 265 "-" "-"
144.76.32.117 - - [07/Dec/2025:19:22:48 +0100] "\x16\x03\x03\x01\xe2\x01" 403 265 "-" "-"
144.76.32.117 - - [07/Dec/2025:19:22:48 +0100] "\x16\x03\x03\x01\xe2\x01" 403 265 "-" "-"
114.119.139.112 - - [07/Dec/2025:19:23:26 +0100] "GET /platby/qqap/is-richard-north-patterson-still-writing-books HTTP/1.1" 200 11493 "http://ispc.klape.eu/platby/qqap/wireless-nintendo-switch-controller-with-headphone-jack-uk" "Mozilla/5.0 (Linux; Android 7.0;) AppleWebKit/537.36 (KHTML, like Gecko) Mobile Safari/537.36 (compatible; PetalBot;+https://webmaster.petalsearch.com/site/petalbot)"
135.125.75.36 - - [07/Dec/2025:19:23:28 +0100] "\x16\x03\x01\x01X\x01" 403 265 "-" "-"
135.125.75.36 - - [07/Dec/2025:19:23:28 +0100] "GET /" 400 468 "-" "-"
217.119.139.38 - - [07/Dec/2025:19:23:32 +0100] "\x16\x03\x01\x02" 403 265 "-" "-"
217.119.139.38 - - [07/Dec/2025:19:23:32 +0100] "GET / HTTP/1.1" 403 224 "-" "Mozilla/5.0 (Windows NT 10.0; Win64; x64) AppleWebKit/537.36 (KHTML, like Gecko) Chrome/140.0.0.0 Safari/537.36"
52.7.13.143 - - [07/Dec/2025:19:24:19 +0100] "GET /platby/72zbxoz/galena-hotels-with-hot-tubs-in-room HTTP/1.1" 200 10697 "-" "Mozilla/5.0 AppleWebKit/537.36 (KHTML, like Gecko; compatible; Amazonbot/0.1; +https://developer.amazon.com/support/amazonbot) Chrome/119.0.6045.214 Safari/537.36"
20.221.71.226 - - [07/Dec/2025:19:24:24 +0100] "\x16\x03\x01" 403 265 "-" "-"
114.119.152.142 - - [07/Dec/2025:19:24:50 +0100] "GET /platby/uwoy9/does-redmi-note-9-support-reverse-charging HTTP/1.1" 200 11090 "http://ispc.klape.eu/platby/uwoy9/relativity-crunchbase" "Mozilla/5.0 (Linux; Android 7.0;) AppleWebKit/537.36 (KHTML, like Gecko) Mobile Safari/537.36 (compatible; PetalBot;+https://webmaster.petalsearch.com/site/petalbot)"
114.119.139.112 - - [07/Dec/2025:19:26:12 +0100] "GET /platby/qqap/confluence-update_or_create HTTP/1.1" 200 8267 "http://ispc.klape.eu/platby/qqap/confluence-update_or_create" "Mozilla/5.0 (Linux; Android 7.0;) AppleWebKit/537.36 (KHTML, like Gecko) Mobile Safari/537.36 (compatible; PetalBot;+https://webmaster.petalsearch.com/site/petalbot)"
114.119.140.102 - - [07/Dec/2025:19:27:37 +0100] "GET /platby/hca/how-do-cane-toads-affect-the-ecosystem HTTP/1.1" 200 8519 "http://ispc.klape.eu/platby/hca/how-do-cane-toads-affect-the-ecosystem" "Mozilla/5.0 (Linux; Android 7.0;) AppleWebKit/537.36 (KHTML, like Gecko) Mobile Safari/537.36 (compatible; PetalBot;+https://webmaster.petalsearch.com/site/petalbot)"
114.119.152.142 - - [07/Dec/2025:19:29:03 +0100] "GET /platby/hca/devin-white-madden-21-rating HTTP/1.1" 200 20 "http://ispc.klape.eu/platby/hca/sentence-beginning-with-i-don%27t-think" "Mozilla/5.0 (Linux; Android 7.0;) AppleWebKit/537.36 (KHTML, like Gecko) Mobile Safari/537.36 (compatible; PetalBot;+https://webmaster.petalsearch.com/site/petalbot)"
114.119.140.102 - - [07/Dec/2025:19:30:23 +0100] "GET /platby/hca/bilingual-intelligence HTTP/1.1" 200 7852 "http://ispc.klape.eu/platby/hca/bilingual-intelligence" "Mozilla/5.0 (Linux; Android 7.0;) AppleWebKit/537.36 (KHTML, like Gecko) Mobile Safari/537.36 (compatible; PetalBot;+https://webmaster.petalsearch.com/site/petalbot)"
79.124.40.174 - - [07/Dec/2025:19:30:50 +0100] "\x16\x03\x01\x05\xa8\x01" 403 265 "-" "-"
114.119.149.2 - - [07/Dec/2025:19:31:50 +0100] "GET /platby/article.php?5d4c26=weather-in-florence,-italy-in-february-in-fahrenheit HTTP/1.1" 200 5067 "http://ispc.klape.eu/platby/article.php?5d4c26=billy-slater-book" "Mozilla/5.0 (Linux; Android 7.0;) AppleWebKit/537.36 (KHTML, like Gecko) Mobile Safari/537.36 (compatible; PetalBot;+https://webmaster.petalsearch.com/site/petalbot)"
204.76.203.212 - - [07/Dec/2025:19:32:30 +0100] "GET /" 400 468 "-" "-"
65.109.100.157 - - [07/Dec/2025:19:32:51 +0100] "\x16\x03\x03\x01\xde\x01" 403 265 "-" "-"
65.109.100.157 - - [07/Dec/2025:19:32:51 +0100] "\x16\x03\x03\x01\xde\x01" 403 265 "-" "-"
114.119.130.237 - - [07/Dec/2025:19:33:11 +0100] "GET /platby/article.php?5d4c26=nike-running-shorts-singapore HTTP/1.1" 200 7245 "http://ispc.klape.eu/platby/article.php?5d4c26=organizational-management-examples" "Mozilla/5.0 (Linux; Android 7.0;) AppleWebKit/537.36 (KHTML, like Gecko) Mobile Safari/537.36 (compatible; PetalBot;+https://webmaster.petalsearch.com/site/petalbot)"
204.76.203.206 - - [07/Dec/2025:19:33:54 +0100] "GET /" 400 468 "-" "-"
114.119.128.6 - - [07/Dec/2025:19:34:34 +0100] "GET /platby/article.php?5d4c26=michael-robotham-books-in-order HTTP/1.1" 200 5494 "http://ispc.klape.eu/platby/article.php?5d4c26=things-to-do-in-brighton-in-december" "Mozilla/5.0 (Linux; Android 7.0;) AppleWebKit/537.36 (KHTML, like Gecko) Mobile Safari/537.36 (compatible; PetalBot;+https://webmaster.petalsearch.com/site/petalbot)"
204.76.203.206 - - [07/Dec/2025:19:35:17 +0100] "GET / HTTP/1.1" 200 316 "-" "Mozilla/5.0 (Windows NT 10.0; Win64; x64) AppleWebKit/537.36 (KHTML, like Gecko) Chrome/90.0.4430.85 Safari/537.36 Edg/90.0.818.46"
114.119.139.66 - - [07/Dec/2025:19:36:00 +0100] "GET /platby/qqap/18-year-old-england-football-player HTTP/1.1" 200 8137 "http://ispc.klape.eu/platby/qqap/18-year-old-england-football-player" "Mozilla/5.0 (Linux; Android 7.0;) AppleWebKit/537.36 (KHTML, like Gecko) Mobile Safari/537.36 (compatible; PetalBot;+https://webmaster.petalsearch.com/site/petalbot)"
212.79.110.24 - - [07/Dec/2025:19:37:12 +0100] "\x16\x03\x01\x07!\x01" 403 265 "-" "-"
212.79.110.24 - - [07/Dec/2025:19:37:12 +0100] "\x16\x03\x01\x07!\x01" 403 265 "-" "-"
114.119.130.237 - - [07/Dec/2025:19:37:21 +0100] "GET /platby/hca/eazy-e-cartoon-wallpaper HTTP/1.1" 200 6281 "http://ispc.klape.eu/platby/hca/i-will-be-returning-back-to-work" "Mozilla/5.0 (Linux; Android 7.0;) AppleWebKit/537.36 (KHTML, like Gecko) Mobile Safari/537.36 (compatible; PetalBot;+https://webmaster.petalsearch.com/site/petalbot)"
114.119.139.66 - - [07/Dec/2025:19:38:45 +0100] "GET /platby/article.php?5d4c26=how-many-local-authorities-are-there-in-2019-uk HTTP/1.1" 200 7781 "http://ispc.klape.eu/platby/article.php?5d4c26=360-assessment-questions" "Mozilla/5.0 (Linux; Android 7.0;) AppleWebKit/537.36 (KHTML, like Gecko) Mobile Safari/537.36 (compatible; PetalBot;+https://webmaster.petalsearch.com/site/petalbot)"
198.235.24.64 - - [07/Dec/2025:19:39:08 +0100] "\x16\x03\x02\x01o\x01" 403 265 "-" "-"
114.119.129.163 - - [07/Dec/2025:19:40:09 +0100] "GET /platby/article.php?5d4c26=cook-strait-weather HTTP/1.1" 200 5742 "http://ispc.klape.eu/platby/article.php?5d4c26=george-kruis-rowing" "Mozilla/5.0 (Linux; Android 7.0;) AppleWebKit/537.36 (KHTML, like Gecko) Mobile Safari/537.36 (compatible; PetalBot;+https://webmaster.petalsearch.com/site/petalbot)"
114.119.152.142 - - [07/Dec/2025:19:41:32 +0100] "GET /platby/article.php?5d4c26=benji-300-shirt HTTP/1.1" 200 6589 "http://ispc.klape.eu/platby/article.php?5d4c26=what-was-the-quarterly-price-elasticity-of-demand-for-iphones-in-2007" "Mozilla/5.0 (Linux; Android 7.0;) AppleWebKit/537.36 (KHTML, like Gecko) Mobile Safari/537.36 (compatible; PetalBot;+https://webmaster.petalsearch.com/site/petalbot)"
114.119.140.102 - - [07/Dec/2025:19:42:57 +0100] "GET /platby/uwoy9/the-moody-blues-have-you-heard-part-two HTTP/1.1" 200 12124 "http://ispc.klape.eu/platby/uwoy9/living-conditions-of-indigenous-peoples-in-canada" "Mozilla/5.0 (Linux; Android 7.0;) AppleWebKit/537.36 (KHTML, like Gecko) Mobile Safari/537.36 (compatible; PetalBot;+https://webmaster.petalsearch.com/site/petalbot)"
66.249.79.34 - - [07/Dec/2025:19:43:15 +0100] "GET /robots.txt HTTP/1.1" 200 54 "-" "Mozilla/5.0 (compatible; Googlebot/2.1; +http://www.google.com/bot.html)"
66.249.79.32 - - [07/Dec/2025:19:43:16 +0100] "GET /platby/hca/jacob-wysocki-doritos HTTP/1.1" 200 8387 "-" "Mozilla/5.0 (Linux; Android 6.0.1; Nexus 5X Build/MMB29P) AppleWebKit/537.36 (KHTML, like Gecko) Chrome/141.0.7390.122 Mobile Safari/537.36 (compatible; Googlebot/2.1; +http://www.google.com/bot.html)"
114.119.149.2 - - [07/Dec/2025:19:44:20 +0100] "GET /platby/article.php?5d4c26=orchestral-manoeuvres-in-the-dark-she's-leaving HTTP/1.1" 200 6392 "http://ispc.klape.eu/platby/article.php?5d4c26=Australian-department-stores" "Mozilla/5.0 (Linux; Android 7.0;) AppleWebKit/537.36 (KHTML, like Gecko) Mobile Safari/537.36 (compatible; PetalBot;+https://webmaster.petalsearch.com/site/petalbot)"
114.119.130.237 - - [07/Dec/2025:19:45:45 +0100] "GET /platby/article.php?5d4c26=7-seven-sport HTTP/1.1" 200 6919 "http://ispc.klape.eu/platby/article.php?5d4c26=national-geographic-space-documentary" "Mozilla/5.0 (Linux; Android 7.0;) AppleWebKit/537.36 (KHTML, like Gecko) Mobile Safari/537.36 (compatible; PetalBot;+https://webmaster.petalsearch.com/site/petalbot)"
114.119.152.142 - - [07/Dec/2025:19:47:09 +0100] "GET /platby/qqap/brown-hair-with-blonde-highlights-in-front HTTP/1.1" 200 7667 "http://ispc.klape.eu/platby/qqap/brown-hair-with-blonde-highlights-in-front" "Mozilla/5.0 (Linux; Android 7.0;) AppleWebKit/537.36 (KHTML, like Gecko) Mobile Safari/537.36 (compatible; PetalBot;+https://webmaster.petalsearch.com/site/petalbot)"
144.76.32.188 - - [07/Dec/2025:19:47:52 +0100] "\x16\x03\x03\x01\xe0\x01" 403 265 "-" "-"
144.76.32.188 - - [07/Dec/2025:19:47:52 +0100] "\x16\x03\x03\x01\xe0\x01" 403 265 "-" "-"
114.119.129.163 - - [07/Dec/2025:19:48:32 +0100] "GET /platby/uwoy9/triplet-definition-literature HTTP/1.1" 200 7549 "http://ispc.klape.eu/platby/uwoy9/dog-friendly-bars-portland" "Mozilla/5.0 (Linux; Android 7.0;) AppleWebKit/537.36 (KHTML, like Gecko) Mobile Safari/537.36 (compatible; PetalBot;+https://webmaster.petalsearch.com/site/petalbot)"
44.214.19.8 - - [07/Dec/2025:19:48:52 +0100] "\x16\x03\x03\x01.\x01" 403 265 "-" "-"
34.206.249.188 - - [07/Dec/2025:19:49:06 +0100] "GET /platby/uwoy9/army-public-school-chennai-admission-2021-22-for-civilians HTTP/1.1" 200 9327 "-" "Mozilla/5.0 AppleWebKit/537.36 (KHTML, like Gecko; compatible; Amazonbot/0.1; +https://developer.amazon.com/support/amazonbot) Chrome/119.0.6045.214 Safari/537.36"
114.119.139.66 - - [07/Dec/2025:19:49:56 +0100] "GET /platby/aohwuyx/safest-place-to-raise-a-family-in-california HTTP/1.1" 200 8125 "http://ispc.klape.eu/platby/aohwuyx/how-hard-is-michigan-state-police-academy" "Mozilla/5.0 (Linux; Android 7.0;) AppleWebKit/537.36 (KHTML, like Gecko) Mobile Safari/537.36 (compatible; PetalBot;+https://webmaster.petalsearch.com/site/petalbot)"
204.76.203.206 - - [07/Dec/2025:19:50:57 +0100] "GET /" 400 468 "-" "-"
114.119.149.2 - - [07/Dec/2025:19:51:18 +0100] "GET /platby/aohwuyx/how-to-make-rocket-fuel-from-water HTTP/1.1" 200 15912 "http://ispc.klape.eu/platby/aohwuyx/how-far-is-reading-pa-from-pittsburgh" "Mozilla/5.0 (Linux; Android 7.0;) AppleWebKit/537.36 (KHTML, like Gecko) Mobile Safari/537.36 (compatible; PetalBot;+https://webmaster.petalsearch.com/site/petalbot)"
106.202.244.191 - - [07/Dec/2025:19:51:52 +0100] "\x16\x03\x03" 403 265 "-" "-"
135.181.166.38 - - [07/Dec/2025:19:52:35 +0100] "\x16\x03\x03\x01\xdf\x01" 403 265 "-" "-"
135.181.166.38 - - [07/Dec/2025:19:52:35 +0100] "\x16\x03\x03\x01\xdf\x01" 403 265 "-" "-"
114.119.140.102 - - [07/Dec/2025:19:52:41 +0100] "GET /platby/aohwuyx/digital-web-camera-driver-for-windows-7 HTTP/1.1" 200 10792 "http://ispc.klape.eu/platby/aohwuyx/mendenhall-and-oddou-cross-cultural-training-model" "Mozilla/5.0 (Linux; Android 7.0;) AppleWebKit/537.36 (KHTML, like Gecko) Mobile Safari/537.36 (compatible; PetalBot;+https://webmaster.petalsearch.com/site/petalbot)"
204.76.203.206 - - [07/Dec/2025:19:53:07 +0100] "GET / HTTP/1.1" 200 316 "-" "Mozilla/5.0 (Windows NT 10.0; Win64; x64) AppleWebKit/537.36 (KHTML, like Gecko) Chrome/90.0.4430.85 Safari/537.36 Edg/90.0.818.46"
114.119.152.142 - - [07/Dec/2025:19:54:06 +0100] "GET /platby/qqap/how-to-downscale-4k-to-1080p-davinci-resolve HTTP/1.1" 200 11830 "http://ispc.klape.eu/platby/qqap/how-to-downscale-4k-to-1080p-davinci-resolve" "Mozilla/5.0 (Linux; Android 7.0;) AppleWebKit/537.36 (KHTML, like Gecko) Mobile Safari/537.36 (compatible; PetalBot;+https://webmaster.petalsearch.com/site/petalbot)"
79.124.40.174 - - [07/Dec/2025:19:54:45 +0100] "\x16\x03\x01\x05\xa8\x01" 403 265 "-" "-"
114.119.149.2 - - [07/Dec/2025:19:55:29 +0100] "GET /platby/qqap/gaming-cafe-hyderabad HTTP/1.1" 200 7553 "http://ispc.klape.eu/platby/qqap/gaming-cafe-hyderabad" "Mozilla/5.0 (Linux; Android 7.0;) AppleWebKit/537.36 (KHTML, like Gecko) Mobile Safari/537.36 (compatible; PetalBot;+https://webmaster.petalsearch.com/site/petalbot)"
95.217.114.159 - - [07/Dec/2025:19:55:38 +0100] "\x16\x03\x03\x01\xe3\x01" 403 265 "-" "-"
95.217.114.159 - - [07/Dec/2025:19:55:38 +0100] "\x16\x03\x03\x01\xe3\x01" 403 265 "-" "-"
106.221.114.103 - - [07/Dec/2025:19:55:58 +0100] "\x16\x03\x03" 403 265 "-" "-"
114.119.140.102 - - [07/Dec/2025:19:56:53 +0100] "GET /platby/article.php?5d4c26=juno-and-co-brushes HTTP/1.1" 200 4788 "http://ispc.klape.eu/platby/article.php?5d4c26=she-was-on-it-ready-i-was-on-it-heavy-fivio" "Mozilla/5.0 (Linux; Android 7.0;) AppleWebKit/537.36 (KHTML, like Gecko) Mobile Safari/537.36 (compatible; PetalBot;+https://webmaster.petalsearch.com/site/petalbot)"
205.210.31.33 - - [07/Dec/2025:19:57:05 +0100] "\x16\x03\x01\x01\v\x01" 400 289 "-" "-"
205.210.31.33 - - [07/Dec/2025:19:57:05 +0100] "\x16\x03\x01" 403 265 "-" "-"
138.197.98.233 - - [07/Dec/2025:19:58:30 +0100] "\x16\x03\x01\x05\xce\x01" 403 265 "-" "-"
114.119.139.112 - - [07/Dec/2025:19:58:30 +0100] "GET /platby/72zbxoz/sherwood-ar-to-north-little-rock-ar HTTP/1.1" 200 8699 "http://ispc.klape.eu/platby/72zbxoz/sherwood-ar-to-north-little-rock-ar" "Mozilla/5.0 (Linux; Android 7.0;) AppleWebKit/537.36 (KHTML, like Gecko) Mobile Safari/537.36 (compatible; PetalBot;+https://webmaster.petalsearch.com/site/petalbot)"
114.119.130.237 - - [07/Dec/2025:19:59:40 +0100] "GET /platby/article.php?5d4c26=doctors'-association-uk-twitter HTTP/1.1" 200 7483 "http://ispc.klape.eu/platby/article.php?5d4c26=legacies-season-2-episode-7-release-date" "Mozilla/5.0 (Linux; Android 7.0;) AppleWebKit/537.36 (KHTML, like Gecko) Mobile Safari/537.36 (compatible; PetalBot;+https://webmaster.petalsearch.com/site/petalbot)"
144.76.32.120 - - [07/Dec/2025:20:00:41 +0100] "\x16\x03\x03\x01\xe0\x01" 403 265 "-" "-"
144.76.32.120 - - [07/Dec/2025:20:00:41 +0100] "\x16\x03\x03\x01\xe0\x01" 403 265 "-" "-"
114.119.129.163 - - [07/Dec/2025:20:01:08 +0100] "GET /platby/72zbxoz/resurrection-bible-definitionpostman-set-cookie-from-response HTTP/1.1" 200 9143 "http://ispc.klape.eu/platby/72zbxoz/dazed-and-confused-monologues" "Mozilla/5.0 (Linux; Android 7.0;) AppleWebKit/537.36 (KHTML, like Gecko) Mobile Safari/537.36 (compatible; PetalBot;+https://webmaster.petalsearch.com/site/petalbot)"
114.119.139.66 - - [07/Dec/2025:20:02:28 +0100] "GET /platby/72zbxoz/how-to-change-fingerprint-in-samsung-m21 HTTP/1.1" 200 13628 "http://ispc.klape.eu/platby/72zbxoz/transcendental-meditation" "Mozilla/5.0 (Linux; Android 7.0;) AppleWebKit/537.36 (KHTML, like Gecko) Mobile Safari/537.36 (compatible; PetalBot;+https://webmaster.petalsearch.com/site/petalbot)"
47.128.97.142 - - [07/Dec/2025:20:02:57 +0100] "\x16\x03\x01\x06\xde\x01" 403 265 "-" "-"
47.128.97.142 - - [07/Dec/2025:20:02:58 +0100] "\x16\x03\x01\x06\xbe\x01" 403 265 "-" "-"
144.76.19.27 - - [07/Dec/2025:20:03:15 +0100] "\x16\x03\x03\x01\xdf\x01" 403 265 "-" "-"
144.76.19.27 - - [07/Dec/2025:20:03:15 +0100] "\x16\x03\x03\x01\xdf\x01" 403 265 "-" "-"
217.154.173.100 - - [07/Dec/2025:20:03:15 +0100] "\x16\x03\x01" 403 265 "-" "-"
195.178.110.160 - - [07/Dec/2025:20:03:54 +0100] "\x16\x03\x01\x02" 403 265 "-" "-"
114.119.139.112 - - [07/Dec/2025:20:03:55 +0100] "GET /platby/article.php?5d4c26=g-dragon-kwon-ji-yong-songs HTTP/1.1" 200 4734 "http://ispc.klape.eu/platby/article.php?5d4c26=schmidt-cassegrain-8-inch" "Mozilla/5.0 (Linux; Android 7.0;) AppleWebKit/537.36 (KHTML, like Gecko) Mobile Safari/537.36 (compatible; PetalBot;+https://webmaster.petalsearch.com/site/petalbot)"
47.128.41.213 - - [07/Dec/2025:20:03:59 +0100] "\x16\x03\x01\x02" 403 265 "-" "-"
114.119.140.102 - - [07/Dec/2025:20:05:14 +0100] "GET /platby/article.php?5d4c26=depends-meaning-in-telugu HTTP/1.1" 200 5651 "http://ispc.klape.eu/platby/article.php?5d4c26=never-fold-lyrics-tory-lanez" "Mozilla/5.0 (Linux; Android 7.0;) AppleWebKit/537.36 (KHTML, like Gecko) Mobile Safari/537.36 (compatible; PetalBot;+https://webmaster.petalsearch.com/site/petalbot)"
114.119.128.6 - - [07/Dec/2025:20:06:38 +0100] "GET /platby/aohwuyx/aboriginal-ways-of-knowing,-being-and-doing HTTP/1.1" 200 7012 "http://ispc.klape.eu/platby/aohwuyx/aboriginal-ways-of-knowing%2C-being-and-doing" "Mozilla/5.0 (Linux; Android 7.0;) AppleWebKit/537.36 (KHTML, like Gecko) Mobile Safari/537.36 (compatible; PetalBot;+https://webmaster.petalsearch.com/site/petalbot)"
114.119.152.142 - - [07/Dec/2025:20:08:02 +0100] "GET /platby/72zbxoz/fast-growing-herbs-from-seed HTTP/1.1" 200 7615 "http://ispc.klape.eu/platby/72zbxoz/fast-growing-herbs-from-seed" "Mozilla/5.0 (Linux; Android 7.0;) AppleWebKit/537.36 (KHTML, like Gecko) Mobile Safari/537.36 (compatible; PetalBot;+https://webmaster.petalsearch.com/site/petalbot)"
204.76.203.206 - - [07/Dec/2025:20:08:26 +0100] "GET /" 400 468 "-" "-"
114.119.139.112 - - [07/Dec/2025:20:09:26 +0100] "GET /platby/72zbxoz/byrds-what's-happening HTTP/1.1" 200 8903 "http://ispc.klape.eu/platby/72zbxoz/sieging-pronunciation" "Mozilla/5.0 (Linux; Android 7.0;) AppleWebKit/537.36 (KHTML, like Gecko) Mobile Safari/537.36 (compatible; PetalBot;+https://webmaster.petalsearch.com/site/petalbot)"
204.76.203.206 - - [07/Dec/2025:20:09:57 +0100] "GET / HTTP/1.1" 200 316 "-" "Mozilla/5.0 (Windows NT 10.0; Win64; x64) AppleWebKit/537.36 (KHTML, like Gecko) Chrome/90.0.4430.85 Safari/537.36 Edg/90.0.818.46"
141.98.11.170 - - [07/Dec/2025:20:13:43 +0100] "GET /" 400 468 "-" "-"
195.177.94.189 - - [07/Dec/2025:20:15:51 +0100] "GET /phpmyadmin/scripts/setup.php HTTP/1.1" 200 11106 "-" "Mozilla/4.0 (compatible; MSIE 6.0; MSIE 5.5; Windows NT 5.1) Opera 7.01 [en]"
195.177.94.189 - - [07/Dec/2025:20:15:51 +0100] "POST /phpmyadmin/scripts/setup.php HTTP/1.1" 200 18608 "http://109.105.49.240:8081/phpmyadmin/scripts/setup.php" "Mozilla/4.0 (compatible; MSIE 6.0; MSIE 5.5; Windows NT 5.1) Opera 7.01 [en]"
18.232.36.1 - - [07/Dec/2025:20:16:30 +0100] "GET /platby/72zbxoz/montpelier-primary-school-logo HTTP/1.1" 200 11307 "-" "Mozilla/5.0 AppleWebKit/537.36 (KHTML, like Gecko; compatible; Amazonbot/0.1; +https://developer.amazon.com/support/amazonbot) Chrome/119.0.6045.214 Safari/537.36"
79.124.40.174 - - [07/Dec/2025:20:16:43 +0100] "\x16\x03\x01\x05\xa8\x01" 403 265 "-" "-"
195.177.94.189 - - [07/Dec/2025:20:16:57 +0100] "GET /phpmyadmin/scripts/setup.php HTTP/1.1" 200 11105 "-" "Mozilla/4.0 (compatible; MSIE 6.0; MSIE 5.5; Windows NT 5.1) Opera 7.01 [en]"
195.177.94.189 - - [07/Dec/2025:20:16:57 +0100] "POST /phpmyadmin/scripts/setup.php HTTP/1.1" 200 18608 "http://109.105.49.240:443/phpmyadmin/scripts/setup.php" "Mozilla/4.0 (compatible; MSIE 6.0; MSIE 5.5; Windows NT 5.1) Opera 7.01 [en]"
37.27.51.141 - - [07/Dec/2025:20:18:56 +0100] "\x16\x03\x03\x01\xe7\x01" 403 265 "-" "-"
37.27.51.141 - - [07/Dec/2025:20:18:56 +0100] "\x16\x03\x03\x01\xe7\x01" 403 265 "-" "-"
204.76.203.212 - - [07/Dec/2025:20:22:43 +0100] "GET /" 400 468 "-" "-"
104.210.140.135 - - [07/Dec/2025:20:22:52 +0100] "\x16\x03\x01\x02" 403 265 "-" "-"
104.210.140.137 - - [07/Dec/2025:20:22:52 +0100] "\x16\x03\x01\x02\x02\x01" 403 265 "-" "-"
104.210.140.131 - - [07/Dec/2025:20:22:53 +0100] "\x16\x03\x01\x02" 403 265 "-" "-"
104.210.140.134 - - [07/Dec/2025:20:22:53 +0100] "\x16\x03\x01\x02" 403 265 "-" "-"
204.137.14.71 - - [07/Dec/2025:20:22:54 +0100] "\x16\x03\x01\x017\x01" 403 265 "-" "-"
104.210.140.137 - - [07/Dec/2025:20:22:54 +0100] "\x16\x03\x01\x02" 403 265 "-" "-"
104.210.140.128 - - [07/Dec/2025:20:22:56 +0100] "\x16\x03\x01\x02" 403 265 "-" "-"
104.210.140.129 - - [07/Dec/2025:20:22:57 +0100] "\x16\x03\x01\x02\x02\x01" 403 265 "-" "-"
104.210.140.133 - - [07/Dec/2025:20:22:57 +0100] "\x16\x03\x01\x02" 403 265 "-" "-"
104.210.140.129 - - [07/Dec/2025:20:22:57 +0100] "\x16\x03\x01\x02" 403 265 "-" "-"
104.210.140.139 - - [07/Dec/2025:20:22:58 +0100] "\x16\x03\x01\x02" 403 265 "-" "-"
185.12.59.118 - - [07/Dec/2025:20:24:05 +0100] "\x16\x03\x01" 403 265 "-" "-"
93.99.191.18 - - [07/Dec/2025:20:25:31 +0100] "GET / HTTP/1.0" 200 516 "-" "-"
149.50.96.133 - - [07/Dec/2025:20:25:41 +0100] "\x16\x03\x01\x05\xde\x01" 403 265 "-" "-"
204.76.203.206 - - [07/Dec/2025:20:26:23 +0100] "GET /" 400 468 "-" "-"
204.76.203.206 - - [07/Dec/2025:20:27:29 +0100] "GET / HTTP/1.1" 200 316 "-" "Mozilla/5.0 (Windows NT 10.0; Win64; x64) AppleWebKit/537.36 (KHTML, like Gecko) Chrome/90.0.4430.85 Safari/537.36 Edg/90.0.818.46"
51.68.111.213 - - [07/Dec/2025:20:28:41 +0100] "\x16\x03\x01\x01J\x01" 403 265 "-" "-"
144.76.32.117 - - [07/Dec/2025:20:28:53 +0100] "\x16\x03\x03\x01\xe2\x01" 403 265 "-" "-"
144.76.32.117 - - [07/Dec/2025:20:28:53 +0100] "\x16\x03\x03\x01\xe2\x01" 403 265 "-" "-"
114.119.152.142 - - [07/Dec/2025:20:29:18 +0100] "GET /platby/article.php?5d4c26=ssl-certificate-wiki HTTP/1.1" 200 5461 "http://ispc.klape.eu/platby/article.php?5d4c26=Hannah-Montana-Jake-or-Jesse" "Mozilla/5.0 (Linux; Android 7.0;) AppleWebKit/537.36 (KHTML, like Gecko) Mobile Safari/537.36 (compatible; PetalBot;+https://webmaster.petalsearch.com/site/petalbot)"
176.65.149.34 - - [07/Dec/2025:20:29:27 +0100] "\x16\x03\x01\x05\xac\x01" 501 273 "-" "-"
176.65.149.34 - - [07/Dec/2025:20:29:27 +0100] "GET /index.htm HTTP/1.1" 404 273 "-" "Mozilla/5.0"
176.65.149.34 - - [07/Dec/2025:20:29:27 +0100] "1111\x88" 501 272 "-" "-"
176.65.149.34 - - [07/Dec/2025:20:29:27 +0100] "GET / HTTP/1.1" 200 516 "-" "-"
176.65.149.34 - - [07/Dec/2025:20:29:27 +0100] "1111\x0c\x01" 400 291 "-" "-"
176.65.149.34 - - [07/Dec/2025:20:29:28 +0100] "1111\x88" 501 272 "-" "-"
176.65.149.34 - - [07/Dec/2025:20:29:29 +0100] "1111\x88" 501 272 "-" "-"
114.119.129.163 - - [07/Dec/2025:20:30:41 +0100] "GET /platby/article.php?5d4c26=Fred-The-Fugitive HTTP/1.1" 200 6642 "http://ispc.klape.eu/platby/article.php?5d4c26=Kingston%2C-New-Zealand" "Mozilla/5.0 (Linux; Android 7.0;) AppleWebKit/537.36 (KHTML, like Gecko) Mobile Safari/537.36 (compatible; PetalBot;+https://webmaster.petalsearch.com/site/petalbot)"
90.219.221.206 - - [07/Dec/2025:20:37:36 +0100] "GET /platby/uwoy9/the-moody-blues-have-you-heard-part-two HTTP/1.1" 200 12124 "http://ispc.klape.eu/" "Mozilla/5.0 (Macintosh; Intel Mac OS X 12_5) AppleWebKit/537.36 (KHTML, like Gecko) Chrome/114.0.0.0 Safari/537.36 Edg/114.0.1264.71"
90.219.221.206 - - [07/Dec/2025:20:37:42 +0100] "GET /platby/uwoy9/de-centring-the-%27white-gaze%27-of-development HTTP/1.1" 200 13258 "http://ispc.klape.eu/platby/uwoy9/de-centring-the-%27white-gaze%27-of-development" "Mozilla/5.0 (Macintosh; Intel Mac OS X 12_5) AppleWebKit/537.36 (KHTML, like Gecko) Chrome/114.0.0.0 Safari/537.36 Edg/114.0.1264.71"
104.244.73.136 - - [07/Dec/2025:20:38:49 +0100] "\x16\x03\x02" 403 265 "-" "-"
104.244.73.136 - - [07/Dec/2025:20:38:50 +0100] "\x16\x03\x02" 403 265 "-" "-"
104.244.73.136 - - [07/Dec/2025:20:38:50 +0100] "\x16\x03\x02" 403 265 "-" "-"
185.220.100.242 - - [07/Dec/2025:20:39:18 +0100] "\x16\x03\x01\x01\b\x01" 403 265 "-" "-"
144.76.32.188 - - [07/Dec/2025:20:40:07 +0100] "\x16\x03\x03\x01\xe0\x01" 403 265 "-" "-"
144.76.32.188 - - [07/Dec/2025:20:40:07 +0100] "\x16\x03\x03\x01\xe0\x01" 403 265 "-" "-"
20.163.15.238 - - [07/Dec/2025:20:42:07 +0100] "\x16\x03\x03\x01\xa7\x01" 403 265 "-" "-"
20.163.15.238 - - [07/Dec/2025:20:42:07 +0100] "\x16\x03\x03\x01\xa7\x01" 403 265 "-" "-"
20.163.15.238 - - [07/Dec/2025:20:42:07 +0100] "\x16\x03\x03\x01X\x01" 403 265 "-" "-"
20.163.15.238 - - [07/Dec/2025:20:42:07 +0100] "\x16\x03\x03\x01J\x01" 403 265 "-" "-"
20.163.15.238 - - [07/Dec/2025:20:42:08 +0100] "\x16\x03\x03\x01\x9b\x01" 403 265 "-" "-"
20.163.15.238 - - [07/Dec/2025:20:42:08 +0100] "\x16\x03\x02\x01\x9c\x01" 403 265 "-" "-"
20.163.15.238 - - [07/Dec/2025:20:42:08 +0100] "\x16\x03\x01\x01\xa9\x01" 403 265 "-" "-"
20.163.15.238 - - [07/Dec/2025:20:42:09 +0100] "\x16\x03\x01\x01\xa9\x01" 403 265 "-" "-"
20.163.15.238 - - [07/Dec/2025:20:42:09 +0100] "\x16\x03\x01\x01\x9f\x01" 403 265 "-" "-"
20.163.15.238 - - [07/Dec/2025:20:42:09 +0100] "\x16\x03\x01\x01\xb6\x01" 403 265 "-" "-"
79.124.40.174 - - [07/Dec/2025:20:43:52 +0100] "\x16\x03\x01\x05\xa8\x01" 403 265 "-" "-"
204.76.203.206 - - [07/Dec/2025:20:44:23 +0100] "GET /" 400 468 "-" "-"
204.76.203.206 - - [07/Dec/2025:20:45:27 +0100] "GET / HTTP/1.1" 200 316 "-" "Mozilla/5.0 (Windows NT 10.0; Win64; x64) AppleWebKit/537.36 (KHTML, like Gecko) Chrome/90.0.4430.85 Safari/537.36 Edg/90.0.818.46"
141.98.11.120 - - [07/Dec/2025:20:46:48 +0100] "\x16\x03\x01\x02" 403 265 "-" "-"
141.98.11.120 - - [07/Dec/2025:20:46:48 +0100] "\x16\x03\x01\x02" 403 265 "-" "-"
167.94.146.52 - - [07/Dec/2025:20:47:50 +0100] "\x16\x03\x01" 403 265 "-" "-"
167.94.146.52 - - [07/Dec/2025:20:47:50 +0100] "GET / HTTP/1.1" 403 224 "-" "Mozilla/5.0 (compatible; CensysInspect/1.1; +https://about.censys.io/)"
167.94.146.52 - - [07/Dec/2025:20:47:50 +0100] "PRI * HTTP/2.0" 400 289 "-" "-"
167.94.146.52 - - [07/Dec/2025:20:47:53 +0100] "\x16\x03\x01" 403 265 "-" "-"
167.94.146.52 - - [07/Dec/2025:20:47:54 +0100] "GET /.well-known/security.txt HTTP/1.1" 403 243 "-" "Mozilla/5.0 (compatible; CensysInspect/1.1; +https://about.censys.io/)"
205.210.31.180 - - [07/Dec/2025:20:48:04 +0100] "\x16\x03\x01\x01\x05\x01" 403 265 "-" "-"
205.210.31.180 - - [07/Dec/2025:20:48:05 +0100] "\x16\x03\x01" 403 265 "-" "-"
185.39.19.34 - - [07/Dec/2025:20:49:10 +0100] "\x16\x03\x01\x01V\x01" 403 265 "-" "-"
65.109.100.157 - - [07/Dec/2025:20:50:02 +0100] "\x16\x03\x03\x01\xde\x01" 403 265 "-" "-"
65.109.100.157 - - [07/Dec/2025:20:50:02 +0100] "\x16\x03\x03\x01\xde\x01" 403 265 "-" "-"
79.124.40.174 - - [07/Dec/2025:20:53:39 +0100] "\x16\x03\x01\x05\xa8\x01" 403 265 "-" "-"
144.76.32.120 - - [07/Dec/2025:20:55:27 +0100] "\x16\x03\x03\x01\xe0\x01" 403 265 "-" "-"
144.76.32.120 - - [07/Dec/2025:20:55:27 +0100] "\x16\x03\x03\x01\xe0\x01" 403 265 "-" "-"
152.233.20.7 - - [07/Dec/2025:20:56:25 +0100] "\x16\x03\x01\x02" 403 265 "-" "-"
152.233.20.7 - - [07/Dec/2025:20:56:28 +0100] "\x16\x03\x01\x02" 403 265 "-" "-"
152.233.20.7 - - [07/Dec/2025:20:56:31 +0100] "\x16\x03\x01\x02" 403 265 "-" "-"
152.233.20.7 - - [07/Dec/2025:20:56:33 +0100] "GET /SetupWizard.aspx/ HTTP/1.1" 403 237 "-" "python-requests/2.32.5"
152.233.20.7 - - [07/Dec/2025:20:56:34 +0100] "GET /SetupWizard.aspx HTTP/1.1" 403 237 "-" "python-requests/2.32.5"
152.233.20.7 - - [07/Dec/2025:20:56:35 +0100] "GET /setupwizard.aspx/ HTTP/1.1" 403 237 "-" "python-requests/2.32.5"
152.233.20.7 - - [07/Dec/2025:20:56:36 +0100] "\x16\x03\x01\x02" 403 265 "-" "-"
152.233.20.7 - - [07/Dec/2025:20:56:40 +0100] "\x16\x03\x01\x02" 403 265 "-" "-"
152.233.20.7 - - [07/Dec/2025:20:56:43 +0100] "\x16\x03\x01\x02" 403 265 "-" "-"
152.233.20.7 - - [07/Dec/2025:20:56:44 +0100] "\x16\x03\x01\x02" 403 265 "-" "-"
152.233.20.7 - - [07/Dec/2025:20:56:49 +0100] "\x16\x03\x01\x02" 403 265 "-" "-"
152.233.20.7 - - [07/Dec/2025:20:56:50 +0100] "GET / HTTP/1.1" 403 224 "-" "python-requests/2.32.5"
152.233.20.7 - - [07/Dec/2025:20:56:50 +0100] "GET /LabTech/ HTTP/1.1" 403 229 "-" "python-requests/2.32.5"
152.233.20.7 - - [07/Dec/2025:20:56:51 +0100] "GET /Automate/ HTTP/1.1" 403 230 "-" "python-requests/2.32.5"
152.233.20.7 - - [07/Dec/2025:20:56:53 +0100] "GET /LabTech/Service.aspx HTTP/1.1" 403 238 "-" "python-requests/2.32.5"
152.233.20.7 - - [07/Dec/2025:20:56:53 +0100] "GET /LabTech/Agent.aspx HTTP/1.1" 403 238 "-" "python-requests/2.32.5"
216.244.66.239 - - [07/Dec/2025:20:59:42 +0100] "GET /robots.txt HTTP/1.1" 200 34 "-" "Mozilla/5.0 (compatible; DotBot/1.2; +https://opensiteexplorer.org/dotbot; help@moz.com)"
93.158.91.11 - - [07/Dec/2025:20:59:54 +0100] "\x16\x03\x01\x01+\x01" 403 265 "-" "-"
204.76.203.206 - - [07/Dec/2025:21:01:51 +0100] "GET /" 400 468 "-" "-"
204.76.203.206 - - [07/Dec/2025:21:02:42 +0100] "GET / HTTP/1.1" 200 316 "-" "Mozilla/5.0 (Windows NT 10.0; Win64; x64) AppleWebKit/537.36 (KHTML, like Gecko) Chrome/90.0.4430.85 Safari/537.36 Edg/90.0.818.46"
216.244.66.239 - - [07/Dec/2025:21:04:50 +0100] "GET /platby/article.php?5d4c26=Avengers-vs-JLA HTTP/1.1" 200 15960 "-" "Mozilla/5.0 (compatible; DotBot/1.2; +https://opensiteexplorer.org/dotbot; help@moz.com)"
216.244.66.239 - - [07/Dec/2025:21:04:55 +0100] "GET /platby/article.php?5d4c26=cindy-nell-wedding HTTP/1.1" 200 17402 "-" "Mozilla/5.0 (compatible; DotBot/1.2; +https://opensiteexplorer.org/dotbot; help@moz.com)"
216.244.66.239 - - [07/Dec/2025:21:04:59 +0100] "GET /platby/article.php?5d4c26=sonic-jump-sound HTTP/1.1" 200 17836 "-" "Mozilla/5.0 (compatible; DotBot/1.2; +https://opensiteexplorer.org/dotbot; help@moz.com)"
216.244.66.239 - - [07/Dec/2025:21:05:03 +0100] "GET /platby/article.php?5d4c26=PUBG-Mobile-crew HTTP/1.1" 200 18226 "-" "Mozilla/5.0 (compatible; DotBot/1.2; +https://opensiteexplorer.org/dotbot; help@moz.com)"
216.244.66.239 - - [07/Dec/2025:21:05:06 +0100] "GET /platby/article.php?5d4c26=Party-System-in-India HTTP/1.1" 200 15822 "-" "Mozilla/5.0 (compatible; DotBot/1.2; +https://opensiteexplorer.org/dotbot; help@moz.com)"
216.244.66.239 - - [07/Dec/2025:21:05:09 +0100] "GET /platby/article.php?5d4c26=Terrier-for-adoption HTTP/1.1" 200 24222 "-" "Mozilla/5.0 (compatible; DotBot/1.2; +https://opensiteexplorer.org/dotbot; help@moz.com)"
216.244.66.239 - - [07/Dec/2025:21:05:11 +0100] "GET /platby/article.php?5d4c26=angular-httpclient-example HTTP/1.1" 200 18216 "-" "Mozilla/5.0 (compatible; DotBot/1.2; +https://opensiteexplorer.org/dotbot; help@moz.com)"
216.244.66.239 - - [07/Dec/2025:21:05:13 +0100] "GET /platby/article.php?5d4c26=boulcott-street-bistro HTTP/1.1" 200 15316 "-" "Mozilla/5.0 (compatible; DotBot/1.2; +https://opensiteexplorer.org/dotbot; help@moz.com)"
216.244.66.239 - - [07/Dec/2025:21:05:15 +0100] "GET /platby/article.php?5d4c26=cdkeys-witcher-3 HTTP/1.1" 200 15632 "-" "Mozilla/5.0 (compatible; DotBot/1.2; +https://opensiteexplorer.org/dotbot; help@moz.com)"
216.244.66.239 - - [07/Dec/2025:21:05:17 +0100] "GET /platby/article.php?5d4c26=charter-school-growth-fund-case-study HTTP/1.1" 200 26366 "-" "Mozilla/5.0 (compatible; DotBot/1.2; +https://opensiteexplorer.org/dotbot; help@moz.com)"
216.244.66.239 - - [07/Dec/2025:21:05:18 +0100] "GET /platby/article.php?5d4c26=common-bugs-in-georgia HTTP/1.1" 200 23096 "-" "Mozilla/5.0 (compatible; DotBot/1.2; +https://opensiteexplorer.org/dotbot; help@moz.com)"
216.244.66.239 - - [07/Dec/2025:21:05:20 +0100] "GET /platby/article.php?5d4c26=delusion-of-grandeur HTTP/1.1" 200 17700 "-" "Mozilla/5.0 (compatible; DotBot/1.2; +https://opensiteexplorer.org/dotbot; help@moz.com)"
216.244.66.239 - - [07/Dec/2025:21:05:21 +0100] "GET /platby/article.php?5d4c26=flexibility-drills-for-tennis HTTP/1.1" 200 19348 "-" "Mozilla/5.0 (compatible; DotBot/1.2; +https://opensiteexplorer.org/dotbot; help@moz.com)"
216.244.66.239 - - [07/Dec/2025:21:05:22 +0100] "GET /platby/article.php?5d4c26=how-to-say-perkele HTTP/1.1" 200 17557 "-" "Mozilla/5.0 (compatible; DotBot/1.2; +https://opensiteexplorer.org/dotbot; help@moz.com)"
216.244.66.239 - - [07/Dec/2025:21:05:23 +0100] "GET /platby/article.php?5d4c26=jihad-ward-contract HTTP/1.1" 200 17234 "-" "Mozilla/5.0 (compatible; DotBot/1.2; +https://opensiteexplorer.org/dotbot; help@moz.com)"
216.244.66.239 - - [07/Dec/2025:21:05:24 +0100] "GET /platby/article.php?5d4c26=jill-soloway-mel HTTP/1.1" 200 20414 "-" "Mozilla/5.0 (compatible; DotBot/1.2; +https://opensiteexplorer.org/dotbot; help@moz.com)"
216.244.66.239 - - [07/Dec/2025:21:05:26 +0100] "GET /platby/article.php?5d4c26=march-28%2C-2020-moon HTTP/1.1" 200 20062 "-" "Mozilla/5.0 (compatible; DotBot/1.2; +https://opensiteexplorer.org/dotbot; help@moz.com)"
216.244.66.239 - - [07/Dec/2025:21:05:27 +0100] "GET /platby/article.php?5d4c26=megan-nicole---7-years HTTP/1.1" 200 25358 "-" "Mozilla/5.0 (compatible; DotBot/1.2; +https://opensiteexplorer.org/dotbot; help@moz.com)"
216.244.66.239 - - [07/Dec/2025:21:05:29 +0100] "GET /platby/article.php?5d4c26=od-in-prescription HTTP/1.1" 200 23906 "-" "Mozilla/5.0 (compatible; DotBot/1.2; +https://opensiteexplorer.org/dotbot; help@moz.com)"
216.244.66.239 - - [07/Dec/2025:21:05:30 +0100] "GET /platby/article.php?5d4c26=rimworld-royalty-kinguin HTTP/1.1" 200 16210 "-" "Mozilla/5.0 (compatible; DotBot/1.2; +https://opensiteexplorer.org/dotbot; help@moz.com)"
216.244.66.239 - - [07/Dec/2025:21:05:31 +0100] "GET /platby/article.php?5d4c26=rugby-15-ps4 HTTP/1.1" 200 21538 "-" "Mozilla/5.0 (compatible; DotBot/1.2; +https://opensiteexplorer.org/dotbot; help@moz.com)"
216.244.66.239 - - [07/Dec/2025:21:05:32 +0100] "GET /platby/article.php?5d4c26=trust-and-respect-in-a-team HTTP/1.1" 200 19195 "-" "Mozilla/5.0 (compatible; DotBot/1.2; +https://opensiteexplorer.org/dotbot; help@moz.com)"
216.244.66.239 - - [07/Dec/2025:21:05:33 +0100] "GET /platby/article.php?5d4c26=when-was-fiji-discovered HTTP/1.1" 200 23608 "-" "Mozilla/5.0 (compatible; DotBot/1.2; +https://opensiteexplorer.org/dotbot; help@moz.com)"
216.244.66.239 - - [07/Dec/2025:21:05:34 +0100] "GET /platby/article.php?5d4c26=where-is-chimerica-filmed HTTP/1.1" 200 24257 "-" "Mozilla/5.0 (compatible; DotBot/1.2; +https://opensiteexplorer.org/dotbot; help@moz.com)"
216.244.66.239 - - [07/Dec/2025:21:05:35 +0100] "GET /platby/article.php?5d4c26=whitney-cummings-mailing-address HTTP/1.1" 200 15533 "-" "Mozilla/5.0 (compatible; DotBot/1.2; +https://opensiteexplorer.org/dotbot; help@moz.com)"
216.244.66.239 - - [07/Dec/2025:21:05:37 +0100] "GET /platby/article.php?5d4c26=you-season-1-ending-scene HTTP/1.1" 200 20411 "-" "Mozilla/5.0 (compatible; DotBot/1.2; +https://opensiteexplorer.org/dotbot; help@moz.com)"
216.244.66.239 - - [07/Dec/2025:21:05:38 +0100] "GET /platby/article.php?5d4c26=20-th-april-2020 HTTP/1.1" 200 20462 "-" "Mozilla/5.0 (compatible; DotBot/1.2; +https://opensiteexplorer.org/dotbot; help@moz.com)"
216.244.66.239 - - [07/Dec/2025:21:05:39 +0100] "GET /platby/article.php?5d4c26=Augmented-reality-apartment HTTP/1.1" 200 17810 "-" "Mozilla/5.0 (compatible; DotBot/1.2; +https://opensiteexplorer.org/dotbot; help@moz.com)"
216.244.66.239 - - [07/Dec/2025:21:05:40 +0100] "GET /platby/article.php?5d4c26=Breens-Intermediate-Uniform HTTP/1.1" 200 21676 "-" "Mozilla/5.0 (compatible; DotBot/1.2; +https://opensiteexplorer.org/dotbot; help@moz.com)"
216.244.66.239 - - [07/Dec/2025:21:05:41 +0100] "GET /platby/article.php?5d4c26=Neele-Ambar-Ke-Tale HTTP/1.1" 200 20808 "-" "Mozilla/5.0 (compatible; DotBot/1.2; +https://opensiteexplorer.org/dotbot; help@moz.com)"
216.244.66.239 - - [07/Dec/2025:21:05:42 +0100] "GET /platby/article.php?5d4c26=Thomas-stafford-residence HTTP/1.1" 200 20386 "-" "Mozilla/5.0 (compatible; DotBot/1.2; +https://opensiteexplorer.org/dotbot; help@moz.com)"
216.244.66.239 - - [07/Dec/2025:21:05:43 +0100] "GET /platby/article.php?5d4c26=antalya-weather-march HTTP/1.1" 200 17159 "-" "Mozilla/5.0 (compatible; DotBot/1.2; +https://opensiteexplorer.org/dotbot; help@moz.com)"
216.244.66.239 - - [07/Dec/2025:21:05:44 +0100] "GET /platby/article.php?5d4c26=apt-meaning-in-punjabi HTTP/1.1" 200 20893 "-" "Mozilla/5.0 (compatible; DotBot/1.2; +https://opensiteexplorer.org/dotbot; help@moz.com)"
216.244.66.239 - - [07/Dec/2025:21:05:45 +0100] "GET /platby/article.php?5d4c26=artifact-of-the-devourer-valguero HTTP/1.1" 200 20447 "-" "Mozilla/5.0 (compatible; DotBot/1.2; +https://opensiteexplorer.org/dotbot; help@moz.com)"
216.244.66.239 - - [07/Dec/2025:21:05:46 +0100] "GET /platby/article.php?5d4c26=asteroid-compared-to-earth HTTP/1.1" 200 16004 "-" "Mozilla/5.0 (compatible; DotBot/1.2; +https://opensiteexplorer.org/dotbot; help@moz.com)"
216.244.66.239 - - [07/Dec/2025:21:05:47 +0100] "GET /platby/article.php?5d4c26=captcha-test-game HTTP/1.1" 200 23016 "-" "Mozilla/5.0 (compatible; DotBot/1.2; +https://opensiteexplorer.org/dotbot; help@moz.com)"
216.244.66.239 - - [07/Dec/2025:21:05:48 +0100] "GET /platby/article.php?5d4c26=central-and-south-america-capitals HTTP/1.1" 200 21580 "-" "Mozilla/5.0 (compatible; DotBot/1.2; +https://opensiteexplorer.org/dotbot; help@moz.com)"
216.244.66.239 - - [07/Dec/2025:21:05:49 +0100] "GET /platby/article.php?5d4c26=cervical-cancer-image-dataset HTTP/1.1" 200 17410 "-" "Mozilla/5.0 (compatible; DotBot/1.2; +https://opensiteexplorer.org/dotbot; help@moz.com)"
216.244.66.239 - - [07/Dec/2025:21:05:50 +0100] "GET /platby/article.php?5d4c26=comfy-ankle-boots HTTP/1.1" 200 17237 "-" "Mozilla/5.0 (compatible; DotBot/1.2; +https://opensiteexplorer.org/dotbot; help@moz.com)"
216.244.66.239 - - [07/Dec/2025:21:05:52 +0100] "GET /platby/article.php?5d4c26=decision-matrix-pros-and-cons HTTP/1.1" 200 24624 "-" "Mozilla/5.0 (compatible; DotBot/1.2; +https://opensiteexplorer.org/dotbot; help@moz.com)"
216.244.66.239 - - [07/Dec/2025:21:05:53 +0100] "GET /platby/article.php?5d4c26=dinosaur-park-pa HTTP/1.1" 200 23043 "-" "Mozilla/5.0 (compatible; DotBot/1.2; +https://opensiteexplorer.org/dotbot; help@moz.com)"
216.244.66.239 - - [07/Dec/2025:21:05:54 +0100] "GET /platby/article.php?5d4c26=evan-williams-red%2C-white-and-blue HTTP/1.1" 200 16854 "-" "Mozilla/5.0 (compatible; DotBot/1.2; +https://opensiteexplorer.org/dotbot; help@moz.com)"
216.244.66.239 - - [07/Dec/2025:21:05:55 +0100] "GET /platby/article.php?5d4c26=fox-student-news-daily HTTP/1.1" 200 20664 "-" "Mozilla/5.0 (compatible; DotBot/1.2; +https://opensiteexplorer.org/dotbot; help@moz.com)"
216.244.66.239 - - [07/Dec/2025:21:05:56 +0100] "GET /platby/article.php?5d4c26=holmes%3A-next-generation-season-1-episode-1 HTTP/1.1" 200 15345 "-" "Mozilla/5.0 (compatible; DotBot/1.2; +https://opensiteexplorer.org/dotbot; help@moz.com)"
