114.119.152.142 - - [07/Dec/2025:00:00:05 +0100] "GET /platby/aohwuyx/wide-belt-sander-definition HTTP/1.1" 200 8693 "http://ispc.klape.eu/platby/aohwuyx/wide-belt-sander-definition" "Mozilla/5.0 (Linux; Android 7.0;) AppleWebKit/537.36 (KHTML, like Gecko) Mobile Safari/537.36 (compatible; PetalBot;+https://webmaster.petalsearch.com/site/petalbot)"
114.119.139.66 - - [07/Dec/2025:00:01:28 +0100] "GET /platby/hca/before-you-can-say-jack-robinson-sentence HTTP/1.1" 200 10893 "http://ispc.klape.eu/platby/hca/before-you-can-say-jack-robinson-sentence" "Mozilla/5.0 (Linux; Android 7.0;) AppleWebKit/537.36 (KHTML, like Gecko) Mobile Safari/537.36 (compatible; PetalBot;+https://webmaster.petalsearch.com/site/petalbot)"
114.119.149.2 - - [07/Dec/2025:00:02:52 +0100] "GET /platby/article.php?5d4c26=billy-slater-book HTTP/1.1" 200 7418 "http://ispc.klape.eu/platby/article.php?5d4c26=The-brain-Point-Lookout" "Mozilla/5.0 (Linux; Android 7.0;) AppleWebKit/537.36 (KHTML, like Gecko) Mobile Safari/537.36 (compatible; PetalBot;+https://webmaster.petalsearch.com/site/petalbot)"
114.119.128.6 - - [07/Dec/2025:00:04:16 +0100] "GET /platby/article.php?5d4c26=coding-for-creatives HTTP/1.1" 200 7996 "http://ispc.klape.eu/platby/article.php?5d4c26=2009-four-nations" "Mozilla/5.0 (Linux; Android 7.0;) AppleWebKit/537.36 (KHTML, like Gecko) Mobile Safari/537.36 (compatible; PetalBot;+https://webmaster.petalsearch.com/site/petalbot)"
204.76.203.206 - - [07/Dec/2025:00:04:58 +0100] "GET /" 400 468 "-" "-"
114.119.152.142 - - [07/Dec/2025:00:05:40 +0100] "GET /platby/article.php?5d4c26=chinese-super-league-rules-on-foreign-players HTTP/1.1" 200 6996 "http://ispc.klape.eu/platby/article.php?5d4c26=mt-olympus-bottom-hut" "Mozilla/5.0 (Linux; Android 7.0;) AppleWebKit/537.36 (KHTML, like Gecko) Mobile Safari/537.36 (compatible; PetalBot;+https://webmaster.petalsearch.com/site/petalbot)"
204.76.203.206 - - [07/Dec/2025:00:06:15 +0100] "GET / HTTP/1.1" 200 316 "-" "Mozilla/5.0 (Windows NT 10.0; Win64; x64) AppleWebKit/537.36 (KHTML, like Gecko) Chrome/90.0.4430.85 Safari/537.36 Edg/90.0.818.46"
114.119.139.66 - - [07/Dec/2025:00:07:02 +0100] "GET /platby/article.php?5d4c26=calories-in-2-scoops-of-strawberry-ice-cream HTTP/1.1" 200 5311 "http://ispc.klape.eu/platby/article.php?5d4c26=jagged-edge-i-really-wanna-know-you-lyrics" "Mozilla/5.0 (Linux; Android 7.0;) AppleWebKit/537.36 (KHTML, like Gecko) Mobile Safari/537.36 (compatible; PetalBot;+https://webmaster.petalsearch.com/site/petalbot)"
114.119.139.66 - - [07/Dec/2025:00:08:26 +0100] "GET /platby/article.php?5d4c26=boeing-737-800-united HTTP/1.1" 200 6468 "http://ispc.klape.eu/platby/article.php?5d4c26=how-to-pronounce-bedazzle" "Mozilla/5.0 (Linux; Android 7.0;) AppleWebKit/537.36 (KHTML, like Gecko) Mobile Safari/537.36 (compatible; PetalBot;+https://webmaster.petalsearch.com/site/petalbot)"
204.76.203.212 - - [07/Dec/2025:00:09:41 +0100] "GET /" 400 468 "-" "-"
114.119.128.6 - - [07/Dec/2025:00:09:50 +0100] "GET /platby/aohwuyx/rhinoceros-pronunciation HTTP/1.1" 200 8277 "http://ispc.klape.eu/platby/aohwuyx/new-dorp-high-school-student-dies-2020" "Mozilla/5.0 (Linux; Android 7.0;) AppleWebKit/537.36 (KHTML, like Gecko) Mobile Safari/537.36 (compatible; PetalBot;+https://webmaster.petalsearch.com/site/petalbot)"
114.119.128.6 - - [07/Dec/2025:00:11:13 +0100] "GET /platby/aohwuyx/how-to-say-sorry-to-teacher-for-mistake HTTP/1.1" 200 10699 "http://ispc.klape.eu/platby/aohwuyx/how-hard-is-michigan-state-police-academy" "Mozilla/5.0 (Linux; Android 7.0;) AppleWebKit/537.36 (KHTML, like Gecko) Mobile Safari/537.36 (compatible; PetalBot;+https://webmaster.petalsearch.com/site/petalbot)"
114.119.149.2 - - [07/Dec/2025:00:12:41 +0100] "GET /platby/article.php?5d4c26=st-george-planning-and-zoning HTTP/1.1" 200 7281 "http://ispc.klape.eu/platby/article.php?5d4c26=oppressive-meaning-in-tamil" "Mozilla/5.0 (Linux; Android 7.0;) AppleWebKit/537.36 (KHTML, like Gecko) Mobile Safari/537.36 (compatible; PetalBot;+https://webmaster.petalsearch.com/site/petalbot)"
114.119.130.237 - - [07/Dec/2025:00:14:01 +0100] "GET /platby/aohwuyx/what-does-the-bible-say-about-loners HTTP/1.1" 200 8125 "http://ispc.klape.eu/platby/aohwuyx/charters-towers-school,-bexhill-on-sea" "Mozilla/5.0 (Linux; Android 7.0;) AppleWebKit/537.36 (KHTML, like Gecko) Mobile Safari/537.36 (compatible; PetalBot;+https://webmaster.petalsearch.com/site/petalbot)"
114.119.140.102 - - [07/Dec/2025:00:15:24 +0100] "GET /platby/article.php?5d4c26=google-maps-change-temperature-unit-iphone HTTP/1.1" 200 6641 "http://ispc.klape.eu/platby/article.php?5d4c26=hip-hop-dance-warm-up-exercises" "Mozilla/5.0 (Linux; Android 7.0;) AppleWebKit/537.36 (KHTML, like Gecko) Mobile Safari/537.36 (compatible; PetalBot;+https://webmaster.petalsearch.com/site/petalbot)"
114.119.139.66 - - [07/Dec/2025:00:16:48 +0100] "GET /platby/article.php?5d4c26=cara-screenshot-macbook-windows HTTP/1.1" 200 7175 "http://ispc.klape.eu/platby/article.php?5d4c26=gmo-statistics-2018" "Mozilla/5.0 (Linux; Android 7.0;) AppleWebKit/537.36 (KHTML, like Gecko) Mobile Safari/537.36 (compatible; PetalBot;+https://webmaster.petalsearch.com/site/petalbot)"
114.119.130.237 - - [07/Dec/2025:00:18:13 +0100] "GET /platby/article.php?5d4c26=The-start-of-new-beginnings HTTP/1.1" 200 6654 "http://ispc.klape.eu/platby/article.php?5d4c26=how-to-write-a-compareto()-method-in-java" "Mozilla/5.0 (Linux; Android 7.0;) AppleWebKit/537.36 (KHTML, like Gecko) Mobile Safari/537.36 (compatible; PetalBot;+https://webmaster.petalsearch.com/site/petalbot)"
34.147.16.58 - - [07/Dec/2025:00:18:44 +0100] "\x16\x03\x01\x06\x06\x01" 403 265 "-" "-"
114.119.139.112 - - [07/Dec/2025:00:19:35 +0100] "GET /platby/article.php?5d4c26=Australian-department-stores HTTP/1.1" 200 6216 "http://ispc.klape.eu/platby/article.php?5d4c26=insight-uk-jobs" "Mozilla/5.0 (Linux; Android 7.0;) AppleWebKit/537.36 (KHTML, like Gecko) Mobile Safari/537.36 (compatible; PetalBot;+https://webmaster.petalsearch.com/site/petalbot)"
114.119.139.112 - - [07/Dec/2025:00:20:59 +0100] "GET /platby/qqap/how-to-make-a-european-wasp-trap HTTP/1.1" 200 8181 "http://ispc.klape.eu/platby/qqap/how-to-make-a-european-wasp-trap" "Mozilla/5.0 (Linux; Android 7.0;) AppleWebKit/537.36 (KHTML, like Gecko) Mobile Safari/537.36 (compatible; PetalBot;+https://webmaster.petalsearch.com/site/petalbot)"
204.76.203.206 - - [07/Dec/2025:00:22:03 +0100] "GET /" 400 468 "-" "-"
195.177.94.189 - - [07/Dec/2025:00:22:06 +0100] "GET /phpmyadmin/scripts/setup.php HTTP/1.1" 200 11106 "-" "Mozilla/4.0 (compatible; MSIE 6.0; MSIE 5.5; Windows NT 5.1) Opera 7.01 [en]"
195.177.94.189 - - [07/Dec/2025:00:22:07 +0100] "POST /phpmyadmin/scripts/setup.php HTTP/1.1" 200 18608 "http://109.105.49.240:8081/phpmyadmin/scripts/setup.php" "Mozilla/4.0 (compatible; MSIE 6.0; MSIE 5.5; Windows NT 5.1) Opera 7.01 [en]"
114.119.129.163 - - [07/Dec/2025:00:22:23 +0100] "GET /platby/article.php?5d4c26=tibalt,-the-fiend-blooded-deck HTTP/1.1" 200 4896 "http://ispc.klape.eu/platby/article.php?5d4c26=lord-of-magna%3A-maiden-heaven-walkthrough" "Mozilla/5.0 (Linux; Android 7.0;) AppleWebKit/537.36 (KHTML, like Gecko) Mobile Safari/537.36 (compatible; PetalBot;+https://webmaster.petalsearch.com/site/petalbot)"
52.204.37.237 - - [07/Dec/2025:00:23:09 +0100] "GET /robots.txt HTTP/1.1" 200 54 "-" "Mozilla/5.0 AppleWebKit/537.36 (KHTML, like Gecko; compatible; Amazonbot/0.1; +https://developer.amazon.com/support/amazonbot) Chrome/119.0.6045.214 Safari/537.36"
204.76.203.206 - - [07/Dec/2025:00:23:12 +0100] "GET / HTTP/1.1" 200 316 "-" "Mozilla/5.0 (Windows NT 10.0; Win64; x64) AppleWebKit/537.36 (KHTML, like Gecko) Chrome/90.0.4430.85 Safari/537.36 Edg/90.0.818.46"
195.177.94.189 - - [07/Dec/2025:00:23:12 +0100] "GET /phpmyadmin/scripts/setup.php HTTP/1.1" 200 11105 "-" "Mozilla/4.0 (compatible; MSIE 6.0; MSIE 5.5; Windows NT 5.1) Opera 7.01 [en]"
195.177.94.189 - - [07/Dec/2025:00:23:12 +0100] "POST /phpmyadmin/scripts/setup.php HTTP/1.1" 200 18608 "http://109.105.49.240:443/phpmyadmin/scripts/setup.php" "Mozilla/4.0 (compatible; MSIE 6.0; MSIE 5.5; Windows NT 5.1) Opera 7.01 [en]"
52.0.105.244 - - [07/Dec/2025:00:23:14 +0100] "GET /platby/uwoy9/45-minute-upper-body-workout-with-weights HTTP/1.1" 200 8382 "-" "Mozilla/5.0 AppleWebKit/537.36 (KHTML, like Gecko; compatible; Amazonbot/0.1; +https://developer.amazon.com/support/amazonbot) Chrome/119.0.6045.214 Safari/537.36"
114.119.140.102 - - [07/Dec/2025:00:23:46 +0100] "GET /platby/uwoy9/how-php-session-work-without-browser-cookies HTTP/1.1" 200 13733 "http://ispc.klape.eu/platby/uwoy9/how-php-session-work-without-browser-cookies" "Mozilla/5.0 (Linux; Android 7.0;) AppleWebKit/537.36 (KHTML, like Gecko) Mobile Safari/537.36 (compatible; PetalBot;+https://webmaster.petalsearch.com/site/petalbot)"
114.119.128.6 - - [07/Dec/2025:00:25:10 +0100] "GET /platby/article.php?5d4c26=newton's-laws-in-basketball HTTP/1.1" 200 7413 "http://ispc.klape.eu/platby/article.php?5d4c26=radeon-vii-vs-5700-xt" "Mozilla/5.0 (Linux; Android 7.0;) AppleWebKit/537.36 (KHTML, like Gecko) Mobile Safari/537.36 (compatible; PetalBot;+https://webmaster.petalsearch.com/site/petalbot)"
114.119.139.112 - - [07/Dec/2025:00:26:33 +0100] "GET /platby/article.php?5d4c26=netsync-email-settings HTTP/1.1" 200 6823 "http://ispc.klape.eu/platby/article.php?5d4c26=sleeping-at-last-youtube-saturn" "Mozilla/5.0 (Linux; Android 7.0;) AppleWebKit/537.36 (KHTML, like Gecko) Mobile Safari/537.36 (compatible; PetalBot;+https://webmaster.petalsearch.com/site/petalbot)"
141.98.11.120 - - [07/Dec/2025:00:26:52 +0100] "\x16\x03\x01\x02" 403 265 "-" "-"
141.98.11.120 - - [07/Dec/2025:00:26:52 +0100] "\x16\x03\x01\x02" 403 265 "-" "-"
20.163.6.253 - - [07/Dec/2025:00:27:19 +0100] "GET /manager/text/list HTTP/1.1" 403 236 "-" "Mozilla/5.0 zgrab/0.x"
34.147.16.58 - - [07/Dec/2025:00:27:28 +0100] "\x16\x03\x01\x06\x06\x01" 403 265 "-" "-"
62.60.135.183 - - [07/Dec/2025:00:27:46 +0100] "\x16\x03\x01\x05\xe7\x01" 403 265 "-" "-"
114.119.130.237 - - [07/Dec/2025:00:27:59 +0100] "GET /platby/qqap/u-16-national-soccer-team-roster-2021 HTTP/1.1" 200 11670 "http://ispc.klape.eu/platby/qqap/best-walk-in-tattoo-shops-los-angeles" "Mozilla/5.0 (Linux; Android 7.0;) AppleWebKit/537.36 (KHTML, like Gecko) Mobile Safari/537.36 (compatible; PetalBot;+https://webmaster.petalsearch.com/site/petalbot)"
114.119.149.2 - - [07/Dec/2025:00:29:22 +0100] "GET /platby/qqap/how-to-effect-change-in-an-organization HTTP/1.1" 200 7017 "http://ispc.klape.eu/platby/qqap/how-to-effect-change-in-an-organization" "Mozilla/5.0 (Linux; Android 7.0;) AppleWebKit/537.36 (KHTML, like Gecko) Mobile Safari/537.36 (compatible; PetalBot;+https://webmaster.petalsearch.com/site/petalbot)"
114.119.139.66 - - [07/Dec/2025:00:30:46 +0100] "GET /platby/qqap/react-jwt-authentication-github HTTP/1.1" 200 12663 "http://ispc.klape.eu/platby/qqap/how-to-make-a-spaceship-in-minecraft" "Mozilla/5.0 (Linux; Android 7.0;) AppleWebKit/537.36 (KHTML, like Gecko) Mobile Safari/537.36 (compatible; PetalBot;+https://webmaster.petalsearch.com/site/petalbot)"
114.119.130.237 - - [07/Dec/2025:00:32:08 +0100] "GET /platby/hca/why-don't-you-have-a-seat-shirt HTTP/1.1" 200 8914 "http://ispc.klape.eu/platby/hca/why-don%27t-you-have-a-seat-shirt" "Mozilla/5.0 (Linux; Android 7.0;) AppleWebKit/537.36 (KHTML, like Gecko) Mobile Safari/537.36 (compatible; PetalBot;+https://webmaster.petalsearch.com/site/petalbot)"
114.119.140.102 - - [07/Dec/2025:00:33:33 +0100] "GET /platby/article.php?5d4c26=cooking-by-the-book-remix-spotify HTTP/1.1" 200 5684 "http://ispc.klape.eu/platby/article.php?5d4c26=organizational-management-examples" "Mozilla/5.0 (Linux; Android 7.0;) AppleWebKit/537.36 (KHTML, like Gecko) Mobile Safari/537.36 (compatible; PetalBot;+https://webmaster.petalsearch.com/site/petalbot)"
114.119.139.66 - - [07/Dec/2025:00:34:56 +0100] "GET /platby/aohwuyx/pixel-4-turn-off-always-on-display HTTP/1.1" 200 7652 "http://ispc.klape.eu/platby/aohwuyx/pixel-4-turn-off-always-on-display" "Mozilla/5.0 (Linux; Android 7.0;) AppleWebKit/537.36 (KHTML, like Gecko) Mobile Safari/537.36 (compatible; PetalBot;+https://webmaster.petalsearch.com/site/petalbot)"
114.119.128.6 - - [07/Dec/2025:00:36:22 +0100] "GET /platby/aohwuyx/how-far-is-reading-pa-from-pittsburgh HTTP/1.1" 200 9591 "http://ispc.klape.eu/platby/aohwuyx/how-far-is-reading-pa-from-pittsburgh" "Mozilla/5.0 (Linux; Android 7.0;) AppleWebKit/537.36 (KHTML, like Gecko) Mobile Safari/537.36 (compatible; PetalBot;+https://webmaster.petalsearch.com/site/petalbot)"
141.98.11.170 - - [07/Dec/2025:00:37:34 +0100] "GET /" 400 468 "-" "-"
114.119.140.102 - - [07/Dec/2025:00:37:43 +0100] "GET /platby/aohwuyx/coming-to-our-senses-neil-degrasse-tyson HTTP/1.1" 200 13749 "http://ispc.klape.eu/platby/aohwuyx/coming-to-our-senses-neil-degrasse-tyson" "Mozilla/5.0 (Linux; Android 7.0;) AppleWebKit/537.36 (KHTML, like Gecko) Mobile Safari/537.36 (compatible; PetalBot;+https://webmaster.petalsearch.com/site/petalbot)"
204.76.203.206 - - [07/Dec/2025:00:38:30 +0100] "GET /" 400 468 "-" "-"
114.119.139.112 - - [07/Dec/2025:00:39:07 +0100] "GET /platby/qqap/how-to-turn-on-sleep-tracking-garmin-fenix-6 HTTP/1.1" 200 7512 "http://ispc.klape.eu/platby/qqap/how-to-turn-on-sleep-tracking-garmin-fenix-6" "Mozilla/5.0 (Linux; Android 7.0;) AppleWebKit/537.36 (KHTML, like Gecko) Mobile Safari/537.36 (compatible; PetalBot;+https://webmaster.petalsearch.com/site/petalbot)"
38.242.253.130 - - [07/Dec/2025:00:39:09 +0100] "\x16\x03\x01\x02" 403 265 "-" "-"
38.242.253.130 - - [07/Dec/2025:00:39:11 +0100] "\x16\x03\x01\x02" 403 265 "-" "-"
204.76.203.206 - - [07/Dec/2025:00:39:44 +0100] "GET / HTTP/1.1" 200 316 "-" "Mozilla/5.0 (Windows NT 10.0; Win64; x64) AppleWebKit/537.36 (KHTML, like Gecko) Chrome/90.0.4430.85 Safari/537.36 Edg/90.0.818.46"
114.119.149.2 - - [07/Dec/2025:00:40:31 +0100] "GET /platby/article.php?5d4c26=snap-on-tools-in-bulk HTTP/1.1" 200 6799 "http://ispc.klape.eu/platby/article.php?5d4c26=xl-airways-germany-flight-888" "Mozilla/5.0 (Linux; Android 7.0;) AppleWebKit/537.36 (KHTML, like Gecko) Mobile Safari/537.36 (compatible; PetalBot;+https://webmaster.petalsearch.com/site/petalbot)"
114.119.149.2 - - [07/Dec/2025:00:41:53 +0100] "GET /platby/hca/what-time-does-willard-elementary-school-start HTTP/1.1" 200 6778 "http://ispc.klape.eu/platby/hca/withings-sleep---sleep-tracking-mat" "Mozilla/5.0 (Linux; Android 7.0;) AppleWebKit/537.36 (KHTML, like Gecko) Mobile Safari/537.36 (compatible; PetalBot;+https://webmaster.petalsearch.com/site/petalbot)"
57.141.4.1 - - [07/Dec/2025:00:42:32 +0100] "GET /platby/hca/adkar-model-case-study HTTP/1.1" 200 34724 "-" "meta-externalagent/1.1 (+https://developers.facebook.com/docs/sharing/webmasters/crawler)"
114.119.129.163 - - [07/Dec/2025:00:43:17 +0100] "GET /platby/article.php?5d4c26=trisection-formula-in-coordinate-geometry HTTP/1.1" 200 6032 "http://ispc.klape.eu/platby/article.php?5d4c26=start-your-engines-sam-briggs" "Mozilla/5.0 (Linux; Android 7.0;) AppleWebKit/537.36 (KHTML, like Gecko) Mobile Safari/537.36 (compatible; PetalBot;+https://webmaster.petalsearch.com/site/petalbot)"
43.152.188.114 - - [07/Dec/2025:00:43:58 +0100] "\x16\x03\x01\x07\x1d\x01" 403 265 "-" "-"
43.152.188.114 - - [07/Dec/2025:00:43:58 +0100] "\x16\x03\x01\x06\xdd\x01" 403 265 "-" "-"
114.119.139.112 - - [07/Dec/2025:00:44:41 +0100] "GET /platby/uwoy9/denver-broncos-defense-roster HTTP/1.1" 200 7258 "http://ispc.klape.eu/platby/uwoy9/how-long-can-a-gopro-9-record-continuously" "Mozilla/5.0 (Linux; Android 7.0;) AppleWebKit/537.36 (KHTML, like Gecko) Mobile Safari/537.36 (compatible; PetalBot;+https://webmaster.petalsearch.com/site/petalbot)"
114.119.128.6 - - [07/Dec/2025:00:46:05 +0100] "GET /platby/qqap/uw-madison-college-library HTTP/1.1" 200 14511 "http://ispc.klape.eu/platby/qqap/mi-6-pro-fingerprint-sensor-not-working" "Mozilla/5.0 (Linux; Android 7.0;) AppleWebKit/537.36 (KHTML, like Gecko) Mobile Safari/537.36 (compatible; PetalBot;+https://webmaster.petalsearch.com/site/petalbot)"
114.119.152.142 - - [07/Dec/2025:00:47:28 +0100] "GET /platby/article.php?5d4c26=yeti-tundra-45-review HTTP/1.1" 200 4440 "http://ispc.klape.eu/platby/article.php?5d4c26=fast-typer-unblocked" "Mozilla/5.0 (Linux; Android 7.0;) AppleWebKit/537.36 (KHTML, like Gecko) Mobile Safari/537.36 (compatible; PetalBot;+https://webmaster.petalsearch.com/site/petalbot)"
43.175.147.17 - - [07/Dec/2025:00:48:09 +0100] "\x16\x03\x01\x07\x1d\x01" 403 265 "-" "-"
43.175.147.17 - - [07/Dec/2025:00:48:09 +0100] "\x16\x03\x01\x06\xdd\x01" 403 265 "-" "-"
43.175.147.17 - - [07/Dec/2025:00:48:09 +0100] "\x16\x03\x01\x07\x1d\x01" 403 265 "-" "-"
43.175.147.17 - - [07/Dec/2025:00:48:10 +0100] "\x16\x03\x01\x07\x1d\x01" 403 265 "-" "-"
43.174.135.27 - - [07/Dec/2025:00:48:44 +0100] "\x16\x03\x01\x06\xbd\x01" 403 265 "-" "-"
43.174.135.27 - - [07/Dec/2025:00:48:44 +0100] "\x16\x03\x01\x06\xfd\x01" 403 265 "-" "-"
43.174.135.27 - - [07/Dec/2025:00:48:44 +0100] "\x16\x03\x01\x06\xdd\x01" 403 265 "-" "-"
43.174.135.27 - - [07/Dec/2025:00:48:45 +0100] "\x16\x03\x01\x06\xbd\x01" 403 265 "-" "-"
114.119.152.142 - - [07/Dec/2025:00:48:52 +0100] "GET /platby/qqap/friday-the-13th-game-lawsuit-update-2020 HTTP/1.1" 200 5608 "http://ispc.klape.eu/platby/qqap/bird-pronunciation-dictionary" "Mozilla/5.0 (Linux; Android 7.0;) AppleWebKit/537.36 (KHTML, like Gecko) Mobile Safari/537.36 (compatible; PetalBot;+https://webmaster.petalsearch.com/site/petalbot)"
192.175.111.246 - - [07/Dec/2025:00:49:07 +0100] "\x16\x03\x01\x02" 403 265 "-" "-"
192.175.111.235 - - [07/Dec/2025:00:49:07 +0100] "\x16\x03\x01\x02" 403 265 "-" "-"
84.21.171.28 - - [07/Dec/2025:00:49:20 +0100] "\x16\x03\x01\x02" 403 265 "-" "-"
84.21.171.28 - - [07/Dec/2025:00:49:23 +0100] "\x16\x03\x01\x02" 403 265 "-" "-"
146.103.107.252 - - [07/Dec/2025:00:50:13 +0100] "\x16\x03\x01\x01I\x01" 403 265 "-" "-"
146.103.107.252 - - [07/Dec/2025:00:50:13 +0100] "\x16\x03\x01\x01I\x01" 403 265 "-" "-"
146.103.107.252 - - [07/Dec/2025:00:50:13 +0100] "\x16\x03\x01\x01I\x01" 403 265 "-" "-"
114.119.140.102 - - [07/Dec/2025:00:50:16 +0100] "GET /platby/article.php?5d4c26=atletico-pr---gremio-fbpa-rs HTTP/1.1" 200 6982 "http://ispc.klape.eu/platby/article.php?5d4c26=Hi-Rez-new-game" "Mozilla/5.0 (Linux; Android 7.0;) AppleWebKit/537.36 (KHTML, like Gecko) Mobile Safari/537.36 (compatible; PetalBot;+https://webmaster.petalsearch.com/site/petalbot)"
195.177.94.189 - - [07/Dec/2025:00:51:15 +0100] "GET /phpmyadmin/scripts/setup.php HTTP/1.1" 200 11106 "-" "Mozilla/4.0 (compatible; MSIE 6.0; MSIE 5.5; Windows NT 5.1) Opera 7.01 [en]"
195.177.94.189 - - [07/Dec/2025:00:51:15 +0100] "POST /phpmyadmin/scripts/setup.php HTTP/1.1" 200 18608 "http://109.105.49.240:8081/phpmyadmin/scripts/setup.php" "Mozilla/4.0 (compatible; MSIE 6.0; MSIE 5.5; Windows NT 5.1) Opera 7.01 [en]"
114.119.139.66 - - [07/Dec/2025:00:51:39 +0100] "GET /platby/article.php?5d4c26=Don't-Talk-To-Strangers HTTP/1.1" 200 6333 "http://ispc.klape.eu/platby/article.php?5d4c26=Company-names-in-USA" "Mozilla/5.0 (Linux; Android 7.0;) AppleWebKit/537.36 (KHTML, like Gecko) Mobile Safari/537.36 (compatible; PetalBot;+https://webmaster.petalsearch.com/site/petalbot)"
195.177.94.189 - - [07/Dec/2025:00:52:21 +0100] "GET /phpmyadmin/scripts/setup.php HTTP/1.1" 200 11105 "-" "Mozilla/4.0 (compatible; MSIE 6.0; MSIE 5.5; Windows NT 5.1) Opera 7.01 [en]"
195.177.94.189 - - [07/Dec/2025:00:52:21 +0100] "POST /phpmyadmin/scripts/setup.php HTTP/1.1" 200 18608 "http://109.105.49.240:443/phpmyadmin/scripts/setup.php" "Mozilla/4.0 (compatible; MSIE 6.0; MSIE 5.5; Windows NT 5.1) Opera 7.01 [en]"
114.119.149.2 - - [07/Dec/2025:00:53:02 +0100] "GET /platby/aohwuyx/what-happened-to-the-chicago-7-judge HTTP/1.1" 200 12093 "http://ispc.klape.eu/platby/aohwuyx/what-happened-to-the-chicago-7-judge" "Mozilla/5.0 (Linux; Android 7.0;) AppleWebKit/537.36 (KHTML, like Gecko) Mobile Safari/537.36 (compatible; PetalBot;+https://webmaster.petalsearch.com/site/petalbot)"
114.119.139.112 - - [07/Dec/2025:00:54:26 +0100] "GET /platby/qqap/chicago-bulls-most-3-pointers-in-a-game HTTP/1.1" 200 7324 "http://ispc.klape.eu/platby/qqap/chicago-bulls-most-3-pointers-in-a-game" "Mozilla/5.0 (Linux; Android 7.0;) AppleWebKit/537.36 (KHTML, like Gecko) Mobile Safari/537.36 (compatible; PetalBot;+https://webmaster.petalsearch.com/site/petalbot)"
54.156.55.147 - - [07/Dec/2025:00:55:18 +0100] "GET /platby/uwoy9/most-beautiful-poems-about-love HTTP/1.1" 200 8904 "-" "Mozilla/5.0 AppleWebKit/537.36 (KHTML, like Gecko; compatible; Amazonbot/0.1; +https://developer.amazon.com/support/amazonbot) Chrome/119.0.6045.214 Safari/537.36"
204.76.203.206 - - [07/Dec/2025:00:55:26 +0100] "GET /" 400 468 "-" "-"
114.119.128.6 - - [07/Dec/2025:00:55:51 +0100] "GET /platby/hca/star-wars-a-new-hope-release-date HTTP/1.1" 200 11711 "http://ispc.klape.eu/platby/hca/react-check-if-user-is-logged-in" "Mozilla/5.0 (Linux; Android 7.0;) AppleWebKit/537.36 (KHTML, like Gecko) Mobile Safari/537.36 (compatible; PetalBot;+https://webmaster.petalsearch.com/site/petalbot)"
204.76.203.206 - - [07/Dec/2025:00:56:12 +0100] "GET / HTTP/1.1" 200 316 "-" "Mozilla/5.0 (Windows NT 10.0; Win64; x64) AppleWebKit/537.36 (KHTML, like Gecko) Chrome/90.0.4430.85 Safari/537.36 Edg/90.0.818.46"
114.119.128.6 - - [07/Dec/2025:00:57:13 +0100] "GET /platby/hca/material-dispossession HTTP/1.1" 200 12528 "http://ispc.klape.eu/platby/hca/black-bellied-whistling-duck-eggs" "Mozilla/5.0 (Linux; Android 7.0;) AppleWebKit/537.36 (KHTML, like Gecko) Mobile Safari/537.36 (compatible; PetalBot;+https://webmaster.petalsearch.com/site/petalbot)"
79.124.40.174 - - [07/Dec/2025:00:57:33 +0100] "GET /" 400 468 "-" "-"
77.238.232.133 - - [07/Dec/2025:00:58:06 +0100] "\x16\x03\x01\x01I\x01" 403 265 "-" "-"
77.238.232.133 - - [07/Dec/2025:00:58:07 +0100] "\x16\x03\x01\x01I\x01" 403 265 "-" "-"
77.238.232.133 - - [07/Dec/2025:00:58:07 +0100] "\x16\x03\x01\x01I\x01" 403 265 "-" "-"
114.119.149.2 - - [07/Dec/2025:00:58:37 +0100] "GET /platby/hca/bred-11-carbon-fiber-fake-vs-real HTTP/1.1" 200 11696 "http://ispc.klape.eu/platby/hca/bred-11-carbon-fiber-fake-vs-real" "Mozilla/5.0 (Linux; Android 7.0;) AppleWebKit/537.36 (KHTML, like Gecko) Mobile Safari/537.36 (compatible; PetalBot;+https://webmaster.petalsearch.com/site/petalbot)"
204.76.203.212 - - [07/Dec/2025:00:58:44 +0100] "GET /" 400 468 "-" "-"
114.119.139.66 - - [07/Dec/2025:01:00:01 +0100] "GET /platby/qqap/grover-cleveland-quote HTTP/1.1" 200 5276 "http://ispc.klape.eu/platby/qqap/grover-cleveland-quote" "Mozilla/5.0 (Linux; Android 7.0;) AppleWebKit/537.36 (KHTML, like Gecko) Mobile Safari/537.36 (compatible; PetalBot;+https://webmaster.petalsearch.com/site/petalbot)"
114.119.139.112 - - [07/Dec/2025:01:01:23 +0100] "GET /platby/article.php?5d4c26=most-habitable-exoplanet HTTP/1.1" 200 7424 "http://ispc.klape.eu/platby/article.php?5d4c26=questions-to-ask-when-buying-an-existing-franchise" "Mozilla/5.0 (Linux; Android 7.0;) AppleWebKit/537.36 (KHTML, like Gecko) Mobile Safari/537.36 (compatible; PetalBot;+https://webmaster.petalsearch.com/site/petalbot)"
114.119.128.6 - - [07/Dec/2025:01:02:47 +0100] "GET /platby/uwoy9/cerave-moisturizer-for-oily-skin-and-acne HTTP/1.1" 200 13199 "http://ispc.klape.eu/platby/uwoy9/can%27t-take-my-eyes-off-you-modern-version" "Mozilla/5.0 (Linux; Android 7.0;) AppleWebKit/537.36 (KHTML, like Gecko) Mobile Safari/537.36 (compatible; PetalBot;+https://webmaster.petalsearch.com/site/petalbot)"
79.124.40.174 - - [07/Dec/2025:01:03:07 +0100] "GET /" 400 468 "-" "-"
114.119.139.112 - - [07/Dec/2025:01:04:11 +0100] "GET /platby/qqap/one-direction:-this-is-us-google-drive HTTP/1.1" 200 11303 "http://ispc.klape.eu/platby/qqap/jeff-smith%3A-bone-and-beyond" "Mozilla/5.0 (Linux; Android 7.0;) AppleWebKit/537.36 (KHTML, like Gecko) Mobile Safari/537.36 (compatible; PetalBot;+https://webmaster.petalsearch.com/site/petalbot)"
114.119.139.112 - - [07/Dec/2025:01:05:35 +0100] "GET /platby/article.php?5d4c26=google-maps-subway-restaurant HTTP/1.1" 200 5674 "http://ispc.klape.eu/platby/article.php?5d4c26=baruch-hashem%27%27-en-espa%C3%B1ol" "Mozilla/5.0 (Linux; Android 7.0;) AppleWebKit/537.36 (KHTML, like Gecko) Mobile Safari/537.36 (compatible; PetalBot;+https://webmaster.petalsearch.com/site/petalbot)"
114.119.139.66 - - [07/Dec/2025:01:07:00 +0100] "GET /platby/aohwuyx/how-to-write-test-cases-in-xray HTTP/1.1" 200 10258 "http://ispc.klape.eu/platby/aohwuyx/how-to-write-test-cases-in-xray" "Mozilla/5.0 (Linux; Android 7.0;) AppleWebKit/537.36 (KHTML, like Gecko) Mobile Safari/537.36 (compatible; PetalBot;+https://webmaster.petalsearch.com/site/petalbot)"
114.119.130.237 - - [07/Dec/2025:01:08:22 +0100] "GET /platby/aohwuyx/doraemon:-nobita's-new-dinosaur-sub-indo HTTP/1.1" 200 8536 "http://ispc.klape.eu/platby/aohwuyx/doraemon%3A-nobita%27s-new-dinosaur-sub-indo" "Mozilla/5.0 (Linux; Android 7.0;) AppleWebKit/537.36 (KHTML, like Gecko) Mobile Safari/537.36 (compatible; PetalBot;+https://webmaster.petalsearch.com/site/petalbot)"
79.124.40.174 - - [07/Dec/2025:01:08:28 +0100] "GET /" 400 468 "-" "-"
114.119.139.66 - - [07/Dec/2025:01:09:45 +0100] "GET /platby/72zbxoz/windows-file-explorer-not-refreshing-windows-10 HTTP/1.1" 200 10726 "http://ispc.klape.eu/platby/72zbxoz/windows-file-explorer-not-refreshing-windows-10" "Mozilla/5.0 (Linux; Android 7.0;) AppleWebKit/537.36 (KHTML, like Gecko) Mobile Safari/537.36 (compatible; PetalBot;+https://webmaster.petalsearch.com/site/petalbot)"
104.210.140.132 - - [07/Dec/2025:01:10:50 +0100] "\x16\x03\x01\x02" 403 265 "-" "-"
104.210.140.131 - - [07/Dec/2025:01:10:52 +0100] "\x16\x03\x01\x02" 403 265 "-" "-"
104.210.140.129 - - [07/Dec/2025:01:10:52 +0100] "\x16\x03\x01\x02" 403 265 "-" "-"
114.119.139.66 - - [07/Dec/2025:01:11:09 +0100] "GET /platby/72zbxoz/trend-based-fib-extension-levels HTTP/1.1" 200 14167 "http://ispc.klape.eu/platby/72zbxoz/trend-based-fib-extension-levels" "Mozilla/5.0 (Linux; Android 7.0;) AppleWebKit/537.36 (KHTML, like Gecko) Mobile Safari/537.36 (compatible; PetalBot;+https://webmaster.petalsearch.com/site/petalbot)"
204.76.203.206 - - [07/Dec/2025:01:11:52 +0100] "GET /" 400 468 "-" "-"
114.119.139.66 - - [07/Dec/2025:01:12:32 +0100] "GET /platby/72zbxoz/institutional-investor-all-america-research-team-2020 HTTP/1.1" 200 7965 "http://ispc.klape.eu/platby/72zbxoz/marcy-sm-4008-assembly" "Mozilla/5.0 (Linux; Android 7.0;) AppleWebKit/537.36 (KHTML, like Gecko) Mobile Safari/537.36 (compatible; PetalBot;+https://webmaster.petalsearch.com/site/petalbot)"
204.76.203.206 - - [07/Dec/2025:01:13:01 +0100] "GET / HTTP/1.1" 200 316 "-" "Mozilla/5.0 (Windows NT 10.0; Win64; x64) AppleWebKit/537.36 (KHTML, like Gecko) Chrome/90.0.4430.85 Safari/537.36 Edg/90.0.818.46"
79.124.40.174 - - [07/Dec/2025:01:13:36 +0100] "GET /" 400 468 "-" "-"
114.119.128.6 - - [07/Dec/2025:01:13:56 +0100] "GET /platby/72zbxoz/how-to-get-enchanted-books-from-villagers HTTP/1.1" 200 13139 "http://ispc.klape.eu/platby/72zbxoz/how-to-get-enchanted-books-from-villagers" "Mozilla/5.0 (Linux; Android 7.0;) AppleWebKit/537.36 (KHTML, like Gecko) Mobile Safari/537.36 (compatible; PetalBot;+https://webmaster.petalsearch.com/site/petalbot)"
114.119.139.112 - - [07/Dec/2025:01:15:19 +0100] "GET /platby/72zbxoz/how-fast-do-rockets-travel-in-space-mph HTTP/1.1" 200 8048 "http://ispc.klape.eu/platby/72zbxoz/how-much-did-adidas-pay-trevor-lawrence" "Mozilla/5.0 (Linux; Android 7.0;) AppleWebKit/537.36 (KHTML, like Gecko) Mobile Safari/537.36 (compatible; PetalBot;+https://webmaster.petalsearch.com/site/petalbot)"
114.119.140.102 - - [07/Dec/2025:01:16:43 +0100] "GET /platby/72zbxoz/hello-my-fellow-colleagues HTTP/1.1" 200 9740 "http://ispc.klape.eu/platby/72zbxoz/neubrow-before-and-after-photos" "Mozilla/5.0 (Linux; Android 7.0;) AppleWebKit/537.36 (KHTML, like Gecko) Mobile Safari/537.36 (compatible; PetalBot;+https://webmaster.petalsearch.com/site/petalbot)"
114.119.139.112 - - [07/Dec/2025:01:18:07 +0100] "GET /platby/article.php?5d4c26=why-does-the-temperature-increase-as-you-go-deeper-into-the-earth HTTP/1.1" 200 6505 "http://ispc.klape.eu/platby/article.php?5d4c26=how-much-did-notch-sell-minecraft-for" "Mozilla/5.0 (Linux; Android 7.0;) AppleWebKit/537.36 (KHTML, like Gecko) Mobile Safari/537.36 (compatible; PetalBot;+https://webmaster.petalsearch.com/site/petalbot)"
47.84.82.2 - - [07/Dec/2025:01:19:10 +0100] "\x16\x03\x01\x02" 403 265 "-" "-"
47.84.82.2 - - [07/Dec/2025:01:19:11 +0100] "\x16\x03\x01\x02" 403 265 "-" "-"
47.84.82.2 - - [07/Dec/2025:01:19:29 +0100] "\x16\x03\x01\x02" 403 265 "-" "-"
114.119.149.2 - - [07/Dec/2025:01:19:31 +0100] "GET /platby/article.php?5d4c26=northern-advocate-archives HTTP/1.1" 200 6924 "http://ispc.klape.eu/platby/article.php?5d4c26=jagged-edge-i-really-wanna-know-you-lyrics" "Mozilla/5.0 (Linux; Android 7.0;) AppleWebKit/537.36 (KHTML, like Gecko) Mobile Safari/537.36 (compatible; PetalBot;+https://webmaster.petalsearch.com/site/petalbot)"
114.119.139.112 - - [07/Dec/2025:01:20:53 +0100] "GET /platby/72zbxoz/basis-oro-valley-primary-phone-number HTTP/1.1" 200 8667 "http://ispc.klape.eu/platby/72zbxoz/commonwealth-countries" "Mozilla/5.0 (Linux; Android 7.0;) AppleWebKit/537.36 (KHTML, like Gecko) Mobile Safari/537.36 (compatible; PetalBot;+https://webmaster.petalsearch.com/site/petalbot)"
79.124.40.174 - - [07/Dec/2025:01:21:56 +0100] "GET /" 400 468 "-" "-"
79.124.40.174 - - [07/Dec/2025:01:27:16 +0100] "GET /" 400 468 "-" "-"
114.119.149.2 - - [07/Dec/2025:01:28:26 +0100] "GET /platby/uwoy9/best-basketball-card-packs-to-buy-2021 HTTP/1.1" 200 9947 "http://ispc.klape.eu/platby/uwoy9/best-basketball-card-packs-to-buy-2021" "Mozilla/5.0 (Linux; Android 7.0;) AppleWebKit/537.36 (KHTML, like Gecko) Mobile Safari/537.36 (compatible; PetalBot;+https://webmaster.petalsearch.com/site/petalbot)"
204.76.203.206 - - [07/Dec/2025:01:28:41 +0100] "GET /" 400 468 "-" "-"
204.76.203.206 - - [07/Dec/2025:01:29:33 +0100] "GET / HTTP/1.1" 200 316 "-" "Mozilla/5.0 (Windows NT 10.0; Win64; x64) AppleWebKit/537.36 (KHTML, like Gecko) Chrome/90.0.4430.85 Safari/537.36 Edg/90.0.818.46"
114.119.152.142 - - [07/Dec/2025:01:29:51 +0100] "GET /platby/article.php?5d4c26=360-assessment-questions HTTP/1.1" 200 7754 "http://ispc.klape.eu/platby/article.php?5d4c26=the-witcher-3-complete-edition-content" "Mozilla/5.0 (Linux; Android 7.0;) AppleWebKit/537.36 (KHTML, like Gecko) Mobile Safari/537.36 (compatible; PetalBot;+https://webmaster.petalsearch.com/site/petalbot)"
114.119.139.66 - - [07/Dec/2025:01:31:15 +0100] "GET /platby/uwoy9/federation-of-chamber-of-commerce-and-industry HTTP/1.1" 200 13169 "http://ispc.klape.eu/platby/uwoy9/federation-of-chamber-of-commerce-and-industry" "Mozilla/5.0 (Linux; Android 7.0;) AppleWebKit/537.36 (KHTML, like Gecko) Mobile Safari/537.36 (compatible; PetalBot;+https://webmaster.petalsearch.com/site/petalbot)"
101.249.60.182 - - [07/Dec/2025:01:32:26 +0100] "GET /" 400 468 "-" "-"
59.53.166.70 - - [07/Dec/2025:01:32:28 +0100] "GET / HTTP/1.1" 200 9163 "-" "-"
114.119.139.112 - - [07/Dec/2025:01:32:37 +0100] "GET /platby/72zbxoz/the-shadow-friend-alex-north HTTP/1.1" 200 7890 "http://ispc.klape.eu/platby/72zbxoz/4gb-ram-mobile-under-10000-with-fingerprint" "Mozilla/5.0 (Linux; Android 7.0;) AppleWebKit/537.36 (KHTML, like Gecko) Mobile Safari/537.36 (compatible; PetalBot;+https://webmaster.petalsearch.com/site/petalbot)"
114.119.149.2 - - [07/Dec/2025:01:34:01 +0100] "GET /platby/72zbxoz/horry-county-school-calendar-2021-2022 HTTP/1.1" 200 10662 "http://ispc.klape.eu/platby/72zbxoz/horry-county-school-calendar-2021-2022" "Mozilla/5.0 (Linux; Android 7.0;) AppleWebKit/537.36 (KHTML, like Gecko) Mobile Safari/537.36 (compatible; PetalBot;+https://webmaster.petalsearch.com/site/petalbot)"
65.49.20.68 - - [07/Dec/2025:01:35:50 +0100] "GET / HTTP/1.1" 200 2492 "-" "Mozilla/5.0 (X11; Linux x86_64) AppleWebKit/537.36 (KHTML, like Gecko) HeadlessChrome/101.0.4951.41 Safari/537.36"
65.49.20.68 - - [07/Dec/2025:01:36:04 +0100] "GET / HTTP/1.1" 200 9163 "-" "-"
65.49.20.76 - - [07/Dec/2025:01:36:27 +0100] "GET /favicon.ico HTTP/1.1" 200 18478 "-" "Mozilla/5.0 (X11; Linux x86_64; rv:102.0) Gecko/20100101 Firefox/102.0"
176.65.148.2 - - [07/Dec/2025:01:37:50 +0100] "CONNECT 193.149.189.126:7227 HTTP/1.1" 405 292 "-" "Python/3.9 python-socks/2.0.3"
205.210.31.84 - - [07/Dec/2025:01:39:11 +0100] "GET /.well-known/security.txt HTTP/1.1" 404 309 "-" "Hello from Palo Alto Networks, find out more about our scans in https://docs-cortex.paloaltonetworks.com/r/1/Cortex-Xpanse/Scanning-activity"
62.60.131.161 - - [07/Dec/2025:01:40:09 +0100] "\x16\x03\x01\x02" 403 265 "-" "-"
79.124.40.174 - - [07/Dec/2025:01:40:38 +0100] "GET /" 400 468 "-" "-"
79.124.40.174 - - [07/Dec/2025:01:43:19 +0100] "GET /" 400 468 "-" "-"
204.76.203.206 - - [07/Dec/2025:01:46:03 +0100] "GET /" 400 468 "-" "-"
114.119.139.112 - - [07/Dec/2025:01:46:58 +0100] "GET /platby/qqap/corporate-philanthropy HTTP/1.1" 200 12166 "http://ispc.klape.eu/platby/qqap/corporate-philanthropy" "Mozilla/5.0 (Linux; Android 7.0;) AppleWebKit/537.36 (KHTML, like Gecko) Mobile Safari/537.36 (compatible; PetalBot;+https://webmaster.petalsearch.com/site/petalbot)"
204.76.203.206 - - [07/Dec/2025:01:47:09 +0100] "GET / HTTP/1.1" 200 316 "-" "Mozilla/5.0 (Windows NT 10.0; Win64; x64) AppleWebKit/537.36 (KHTML, like Gecko) Chrome/90.0.4430.85 Safari/537.36 Edg/90.0.818.46"
114.119.140.102 - - [07/Dec/2025:01:48:23 +0100] "GET /platby/article.php?5d4c26=utusan-kosmo-online HTTP/1.1" 200 6131 "http://ispc.klape.eu/platby/article.php?5d4c26=Company-names-in-USA" "Mozilla/5.0 (Linux; Android 7.0;) AppleWebKit/537.36 (KHTML, like Gecko) Mobile Safari/537.36 (compatible; PetalBot;+https://webmaster.petalsearch.com/site/petalbot)"
193.34.213.150 - - [07/Dec/2025:01:49:08 +0100] "GET /" 400 468 "-" "-"
114.119.149.2 - - [07/Dec/2025:01:49:45 +0100] "GET /platby/article.php?5d4c26=marvel-strike-force-black-order-1-5 HTTP/1.1" 200 5399 "http://ispc.klape.eu/platby/article.php?5d4c26=galilean-telescope---wikipedia" "Mozilla/5.0 (Linux; Android 7.0;) AppleWebKit/537.36 (KHTML, like Gecko) Mobile Safari/537.36 (compatible; PetalBot;+https://webmaster.petalsearch.com/site/petalbot)"
204.76.203.212 - - [07/Dec/2025:01:49:59 +0100] "GET /" 400 468 "-" "-"
79.124.40.174 - - [07/Dec/2025:01:50:03 +0100] "GET /" 400 468 "-" "-"
114.119.129.163 - - [07/Dec/2025:01:51:09 +0100] "GET /platby/article.php?5d4c26=delicious-emily-holiday-season-queue-10-actions HTTP/1.1" 200 4971 "http://ispc.klape.eu/platby/article.php?5d4c26=jacinda-ardern-globalist" "Mozilla/5.0 (Linux; Android 7.0;) AppleWebKit/537.36 (KHTML, like Gecko) Mobile Safari/537.36 (compatible; PetalBot;+https://webmaster.petalsearch.com/site/petalbot)"
114.119.139.112 - - [07/Dec/2025:01:52:33 +0100] "GET /platby/aohwuyx/thank-you-message-to-god-for-answered-prayer HTTP/1.1" 200 10059 "http://ispc.klape.eu/platby/aohwuyx/thank-you-message-to-god-for-answered-prayer" "Mozilla/5.0 (Linux; Android 7.0;) AppleWebKit/537.36 (KHTML, like Gecko) Mobile Safari/537.36 (compatible; PetalBot;+https://webmaster.petalsearch.com/site/petalbot)"
141.98.11.170 - - [07/Dec/2025:01:52:38 +0100] "GET /" 400 468 "-" "-"
114.119.130.237 - - [07/Dec/2025:01:53:57 +0100] "GET /platby/article.php?5d4c26=skywalker---trampoline-and-enclosure-set HTTP/1.1" 200 5511 "http://ispc.klape.eu/platby/article.php?5d4c26=deus-ex%3A-mankind-divided-the-heist-or-confronting-the-bomb-maker" "Mozilla/5.0 (Linux; Android 7.0;) AppleWebKit/537.36 (KHTML, like Gecko) Mobile Safari/537.36 (compatible; PetalBot;+https://webmaster.petalsearch.com/site/petalbot)"
103.8.27.27 - - [07/Dec/2025:01:54:16 +0100] "\x16\x03\x01\x01\x04\x01" 403 265 "-" "-"
103.8.27.27 - - [07/Dec/2025:01:54:16 +0100] "\x16\x03\x01\x01\x04\x01" 403 265 "-" "-"
103.8.27.27 - - [07/Dec/2025:01:54:16 +0100] "\x16\x03\x01\x01\x04\x01" 403 265 "-" "-"
103.8.27.27 - - [07/Dec/2025:01:54:16 +0100] "\x16\x03\x01\x01\x04\x01" 403 265 "-" "-"
103.8.27.27 - - [07/Dec/2025:01:54:16 +0100] "\x16\x03\x01\x01\x04\x01" 403 265 "-" "-"
103.8.27.27 - - [07/Dec/2025:01:54:16 +0100] "\x16\x03\x01\x01\x04\x01" 403 265 "-" "-"
103.8.27.27 - - [07/Dec/2025:01:54:16 +0100] "\x16\x03\x01\x01\x04\x01" 403 265 "-" "-"
103.8.27.27 - - [07/Dec/2025:01:54:16 +0100] "\x16\x03\x01\x01\x04\x01" 403 265 "-" "-"
3.237.173.220 - - [07/Dec/2025:01:54:29 +0100] "\x16\x03\x01" 403 265 "-" "-"
31.56.36.189 - - [07/Dec/2025:01:54:51 +0100] "\x16\x03\x01\x02" 403 265 "-" "-"
114.119.149.2 - - [07/Dec/2025:01:55:20 +0100] "GET /platby/article.php?5d4c26=what-size-do-i-wear-in-louis-vuitton HTTP/1.1" 200 5702 "http://ispc.klape.eu/platby/article.php?5d4c26=2015-16-south-pacific-cyclone-season" "Mozilla/5.0 (Linux; Android 7.0;) AppleWebKit/537.36 (KHTML, like Gecko) Mobile Safari/537.36 (compatible; PetalBot;+https://webmaster.petalsearch.com/site/petalbot)"
114.119.139.112 - - [07/Dec/2025:01:56:43 +0100] "GET /platby/aohwuyx/how-long-do-duck-eggs-take-to-hatch HTTP/1.1" 200 9594 "http://ispc.klape.eu/platby/aohwuyx/how-long-do-duck-eggs-take-to-hatch" "Mozilla/5.0 (Linux; Android 7.0;) AppleWebKit/537.36 (KHTML, like Gecko) Mobile Safari/537.36 (compatible; PetalBot;+https://webmaster.petalsearch.com/site/petalbot)"
79.124.40.174 - - [07/Dec/2025:01:57:28 +0100] "GET /" 400 468 "-" "-"
205.210.31.94 - - [07/Dec/2025:01:57:48 +0100] "GET /.well-known/security.txt HTTP/1.1" 404 293 "-" "Hello from Palo Alto Networks, find out more about our scans in https://docs-cortex.paloaltonetworks.com/r/1/Cortex-Xpanse/Scanning-activity"
114.119.139.112 - - [07/Dec/2025:01:58:06 +0100] "GET /platby/72zbxoz/best-cheap-high-potential-cb-fifa-17 HTTP/1.1" 200 11959 "http://ispc.klape.eu/platby/72zbxoz/does-magnesium-help-with-restless-leg-syndrome" "Mozilla/5.0 (Linux; Android 7.0;) AppleWebKit/537.36 (KHTML, like Gecko) Mobile Safari/537.36 (compatible; PetalBot;+https://webmaster.petalsearch.com/site/petalbot)"
114.119.139.112 - - [07/Dec/2025:01:59:30 +0100] "GET /platby/72zbxoz/familiarize-or-familiarise HTTP/1.1" 200 8344 "http://ispc.klape.eu/platby/72zbxoz/substantial-pronunciation" "Mozilla/5.0 (Linux; Android 7.0;) AppleWebKit/537.36 (KHTML, like Gecko) Mobile Safari/537.36 (compatible; PetalBot;+https://webmaster.petalsearch.com/site/petalbot)"
114.119.139.66 - - [07/Dec/2025:02:00:54 +0100] "GET /platby/article.php?5d4c26=george-kruis-rowing HTTP/1.1" 200 7825 "http://ispc.klape.eu/platby/article.php?5d4c26=nz-government-announcements" "Mozilla/5.0 (Linux; Android 7.0;) AppleWebKit/537.36 (KHTML, like Gecko) Mobile Safari/537.36 (compatible; PetalBot;+https://webmaster.petalsearch.com/site/petalbot)"
204.76.203.206 - - [07/Dec/2025:02:01:53 +0100] "GET /" 400 468 "-" "-"
204.76.203.206 - - [07/Dec/2025:02:03:29 +0100] "GET / HTTP/1.1" 200 316 "-" "Mozilla/5.0 (Windows NT 10.0; Win64; x64) AppleWebKit/537.36 (KHTML, like Gecko) Chrome/90.0.4430.85 Safari/537.36 Edg/90.0.818.46"
79.124.40.174 - - [07/Dec/2025:02:04:11 +0100] "GET /" 400 468 "-" "-"
193.34.213.150 - - [07/Dec/2025:02:08:07 +0100] "GET /" 400 468 "-" "-"
195.177.94.189 - - [07/Dec/2025:02:09:21 +0100] "GET /phpmyadmin/scripts/setup.php HTTP/1.1" 200 11106 "-" "Mozilla/4.0 (compatible; MSIE 6.0; MSIE 5.5; Windows NT 5.1) Opera 7.01 [en]"
195.177.94.189 - - [07/Dec/2025:02:09:21 +0100] "POST /phpmyadmin/scripts/setup.php HTTP/1.1" 200 18608 "http://109.105.49.240:8081/phpmyadmin/scripts/setup.php" "Mozilla/4.0 (compatible; MSIE 6.0; MSIE 5.5; Windows NT 5.1) Opera 7.01 [en]"
195.177.94.189 - - [07/Dec/2025:02:10:30 +0100] "GET /phpmyadmin/scripts/setup.php HTTP/1.1" 200 11105 "-" "Mozilla/4.0 (compatible; MSIE 6.0; MSIE 5.5; Windows NT 5.1) Opera 7.01 [en]"
195.177.94.189 - - [07/Dec/2025:02:10:30 +0100] "POST /phpmyadmin/scripts/setup.php HTTP/1.1" 200 18608 "http://109.105.49.240:443/phpmyadmin/scripts/setup.php" "Mozilla/4.0 (compatible; MSIE 6.0; MSIE 5.5; Windows NT 5.1) Opera 7.01 [en]"
205.210.31.98 - - [07/Dec/2025:02:11:45 +0100] "GET /.well-known/security.txt HTTP/1.1" 404 290 "-" "Hello from Palo Alto Networks, find out more about our scans in https://docs-cortex.paloaltonetworks.com/r/1/Cortex-Xpanse/Scanning-activity"
101.251.238.162 - - [07/Dec/2025:02:15:43 +0100] "POST /wsman HTTP/1.1" 403 272 "-" "Microsoft WinRM Client"
101.251.238.162 - - [07/Dec/2025:02:15:45 +0100] "POST /wsman HTTP/1.1" 403 272 "-" "Microsoft WinRM Client"
101.251.238.162 - - [07/Dec/2025:02:16:00 +0100] "\x16\x03\x01\x02" 403 265 "-" "-"
101.251.238.162 - - [07/Dec/2025:02:16:01 +0100] "GET / HTTP/1.1" 403 265 "-" "Mozilla/5.0 (Windows NT 10.0; Win64; x64) AppleWebKit/537.36 (KHTML, like Gecko) Chrome/114.0.0.0 Safari/537.36"
163.172.162.184 - - [07/Dec/2025:02:16:11 +0100] "\x16\x03\x01\x01h\x01" 403 265 "-" "-"
79.124.40.174 - - [07/Dec/2025:02:16:36 +0100] "GET /" 400 468 "-" "-"
114.119.149.2 - - [07/Dec/2025:02:18:53 +0100] "GET /platby/article.php?5d4c26=schmidt-cassegrain-8-inch HTTP/1.1" 200 7641 "http://ispc.klape.eu/platby/article.php?5d4c26=all-4-one---i-can-love-you-like-that" "Mozilla/5.0 (Linux; Android 7.0;) AppleWebKit/537.36 (KHTML, like Gecko) Mobile Safari/537.36 (compatible; PetalBot;+https://webmaster.petalsearch.com/site/petalbot)"
204.76.203.206 - - [07/Dec/2025:02:19:00 +0100] "GET /" 400 468 "-" "-"
204.76.203.206 - - [07/Dec/2025:02:19:43 +0100] "GET / HTTP/1.1" 200 316 "-" "Mozilla/5.0 (Windows NT 10.0; Win64; x64) AppleWebKit/537.36 (KHTML, like Gecko) Chrome/90.0.4430.85 Safari/537.36 Edg/90.0.818.46"
114.119.129.163 - - [07/Dec/2025:02:20:17 +0100] "GET /platby/aohwuyx/benefits-of-diversity-and-inclusion-in-society HTTP/1.1" 200 12637 "http://ispc.klape.eu/platby/aohwuyx/little-girl,-little-girl-where-have-you-been-poem" "Mozilla/5.0 (Linux; Android 7.0;) AppleWebKit/537.36 (KHTML, like Gecko) Mobile Safari/537.36 (compatible; PetalBot;+https://webmaster.petalsearch.com/site/petalbot)"
146.103.111.52 - - [07/Dec/2025:02:22:00 +0100] "\x16\x03\x01\x01I\x01" 403 265 "-" "-"
146.103.111.52 - - [07/Dec/2025:02:22:00 +0100] "\x16\x03\x01\x01I\x01" 403 265 "-" "-"
146.103.111.52 - - [07/Dec/2025:02:22:00 +0100] "\x16\x03\x01\x01I\x01" 403 265 "-" "-"
205.210.31.79 - - [07/Dec/2025:02:25:18 +0100] "GET /.well-known/security.txt HTTP/1.1" 404 288 "-" "Hello from Palo Alto Networks, find out more about our scans in https://docs-cortex.paloaltonetworks.com/r/1/Cortex-Xpanse/Scanning-activity"
45.38.44.221 - - [07/Dec/2025:02:30:12 +0100] "GET /" 400 468 "-" "-"
148.113.214.204 - - [07/Dec/2025:02:31:41 +0100] "GET / HTTP/1.1" 200 316 "-" "Mozilla/5.0 (compatible; ModatScanner/1.2; +https://modat.io/)"
86.54.31.38 - - [07/Dec/2025:02:32:12 +0100] "GET /" 400 468 "-" "-"
86.54.31.38 - - [07/Dec/2025:02:32:12 +0100] "GET /" 400 468 "-" "-"
204.76.203.206 - - [07/Dec/2025:02:35:30 +0100] "GET /" 400 468 "-" "-"
204.76.203.212 - - [07/Dec/2025:02:36:12 +0100] "GET /" 400 468 "-" "-"
204.76.203.206 - - [07/Dec/2025:02:36:30 +0100] "GET / HTTP/1.1" 200 316 "-" "Mozilla/5.0 (Windows NT 10.0; Win64; x64) AppleWebKit/537.36 (KHTML, like Gecko) Chrome/90.0.4430.85 Safari/537.36 Edg/90.0.818.46"
198.235.24.212 - - [07/Dec/2025:02:37:32 +0100] "GET /.well-known/security.txt HTTP/1.1" 404 295 "-" "Hello from Palo Alto Networks, find out more about our scans in https://docs-cortex.paloaltonetworks.com/r/1/Cortex-Xpanse/Scanning-activity"
147.185.132.31 - - [07/Dec/2025:02:39:17 +0100] "GET /.well-known/security.txt HTTP/1.1" 404 290 "-" "Hello from Palo Alto Networks, find out more about our scans in https://docs-cortex.paloaltonetworks.com/r/1/Cortex-Xpanse/Scanning-activity"
3.137.73.221 - - [07/Dec/2025:02:41:43 +0100] "GET /" 400 468 "-" "-"
3.137.73.221 - - [07/Dec/2025:02:43:11 +0100] "GET /" 400 468 "-" "-"
3.137.73.221 - - [07/Dec/2025:02:43:47 +0100] "GET / HTTP/1.1" 200 2492 "-" "cypex.ai/scanning Mozilla/5.0 (Macintosh; Intel Mac OS X 10_15_7) Chrome/126.0.0.0 Safari/537.36"
166.1.173.197 - - [07/Dec/2025:02:45:38 +0100] "\x16\x03\x01\x01:\x01" 403 265 "-" "-"
198.235.24.59 - - [07/Dec/2025:02:48:48 +0100] "GET /" 400 468 "-" "-"
222.252.158.29 - - [07/Dec/2025:02:49:29 +0100] "\x16\x03\x03\x01\x87\x01" 403 265 "-" "-"
148.178.78.104 - - [07/Dec/2025:02:49:34 +0100] "\x16\x03\x03\x01\x87\x01" 403 265 "-" "-"
204.76.203.206 - - [07/Dec/2025:02:52:22 +0100] "GET /" 400 468 "-" "-"
204.76.203.206 - - [07/Dec/2025:02:53:23 +0100] "GET / HTTP/1.1" 200 316 "-" "Mozilla/5.0 (Windows NT 10.0; Win64; x64) AppleWebKit/537.36 (KHTML, like Gecko) Chrome/90.0.4430.85 Safari/537.36 Edg/90.0.818.46"
157.245.56.3 - - [07/Dec/2025:02:53:36 +0100] "\x16\x03\x01" 403 265 "-" "-"
124.198.132.195 - - [07/Dec/2025:02:54:34 +0100] "\x16\x03\x03\x01\x9d\x01" 403 265 "-" "-"
66.132.153.120 - - [07/Dec/2025:03:00:48 +0100] "GET / HTTP/1.1" 200 2492 "-" "Mozilla/5.0 (compatible; CensysInspect/1.1; +https://about.censys.io/)"
66.132.153.120 - - [07/Dec/2025:03:00:48 +0100] "PRI * HTTP/2.0" 400 226 "-" "-"
66.132.153.120 - - [07/Dec/2025:03:00:58 +0100] "GET /security.txt HTTP/1.1" 404 183 "-" "Mozilla/5.0 (compatible; CensysInspect/1.1; +https://about.censys.io/)"
167.94.138.180 - - [07/Dec/2025:03:01:04 +0100] "GET / HTTP/1.1" 200 2492 "-" "Mozilla/5.0 (compatible; CensysInspect/1.1; +https://about.censys.io/)"
167.94.138.180 - - [07/Dec/2025:03:01:06 +0100] "PRI * HTTP/2.0" 400 226 "-" "-"
167.94.138.180 - - [07/Dec/2025:03:01:16 +0100] "GET /login HTTP/1.1" 301 202 "-" "Mozilla/5.0 (compatible; CensysInspect/1.1; +https://about.censys.io/)"
45.38.44.221 - - [07/Dec/2025:03:06:53 +0100] "GET /" 400 468 "-" "-"
204.76.203.206 - - [07/Dec/2025:03:08:47 +0100] "GET /" 400 468 "-" "-"
204.76.203.206 - - [07/Dec/2025:03:09:50 +0100] "GET / HTTP/1.1" 200 316 "-" "Mozilla/5.0 (Windows NT 10.0; Win64; x64) AppleWebKit/537.36 (KHTML, like Gecko) Chrome/90.0.4430.85 Safari/537.36 Edg/90.0.818.46"
64.225.60.187 - - [07/Dec/2025:03:13:59 +0100] "\x16\x03\x01" 403 265 "-" "-"
34.32.247.234 - - [07/Dec/2025:03:15:04 +0100] "\x16\x03\x01\x06\x05\x01" 403 265 "-" "-"
34.141.215.197 - - [07/Dec/2025:03:16:51 +0100] "\x16\x03\x01\x06\x05\x01" 403 265 "-" "-"
3.144.14.0 - - [07/Dec/2025:03:21:44 +0100] "GET /" 400 468 "-" "-"
5.189.187.80 - - [07/Dec/2025:03:23:37 +0100] "\x16\x03\x01\x02" 403 265 "-" "-"
204.76.203.206 - - [07/Dec/2025:03:25:56 +0100] "GET /" 400 468 "-" "-"
54.162.69.192 - - [07/Dec/2025:03:26:18 +0100] "GET /platby/72zbxoz/aims-community-college-tuition HTTP/1.1" 200 7431 "-" "Mozilla/5.0 AppleWebKit/537.36 (KHTML, like Gecko; compatible; Amazonbot/0.1; +https://developer.amazon.com/support/amazonbot) Chrome/119.0.6045.214 Safari/537.36"
198.235.24.161 - - [07/Dec/2025:03:26:22 +0100] "\x16\x03\x01\x01\t\x01" 400 289 "-" "-"
198.235.24.161 - - [07/Dec/2025:03:26:22 +0100] "\x16\x03\x01" 403 265 "-" "-"
204.76.203.212 - - [07/Dec/2025:03:26:37 +0100] "GET /" 400 468 "-" "-"
78.153.140.179 - - [07/Dec/2025:03:26:40 +0100] "\x16\x03\x01" 403 265 "-" "-"
204.76.203.206 - - [07/Dec/2025:03:27:08 +0100] "GET / HTTP/1.1" 200 316 "-" "Mozilla/5.0 (Windows NT 10.0; Win64; x64) AppleWebKit/537.36 (KHTML, like Gecko) Chrome/90.0.4430.85 Safari/537.36 Edg/90.0.818.46"
147.185.132.123 - - [07/Dec/2025:03:27:22 +0100] "GET /.well-known/security.txt HTTP/1.1" 404 283 "-" "Hello from Palo Alto Networks, find out more about our scans in https://docs-cortex.paloaltonetworks.com/r/1/Cortex-Xpanse/Scanning-activity"
195.177.94.189 - - [07/Dec/2025:03:27:26 +0100] "GET /phpmyadmin/scripts/setup.php HTTP/1.1" 200 11106 "-" "Mozilla/4.0 (compatible; MSIE 6.0; MSIE 5.5; Windows NT 5.1) Opera 7.01 [en]"
195.177.94.189 - - [07/Dec/2025:03:27:26 +0100] "POST /phpmyadmin/scripts/setup.php HTTP/1.1" 200 18608 "http://109.105.49.240:8081/phpmyadmin/scripts/setup.php" "Mozilla/4.0 (compatible; MSIE 6.0; MSIE 5.5; Windows NT 5.1) Opera 7.01 [en]"
195.177.94.189 - - [07/Dec/2025:03:28:34 +0100] "GET /phpmyadmin/scripts/setup.php HTTP/1.1" 200 11105 "-" "Mozilla/4.0 (compatible; MSIE 6.0; MSIE 5.5; Windows NT 5.1) Opera 7.01 [en]"
195.177.94.189 - - [07/Dec/2025:03:28:35 +0100] "POST /phpmyadmin/scripts/setup.php HTTP/1.1" 200 18608 "http://109.105.49.240:443/phpmyadmin/scripts/setup.php" "Mozilla/4.0 (compatible; MSIE 6.0; MSIE 5.5; Windows NT 5.1) Opera 7.01 [en]"
162.216.150.254 - - [07/Dec/2025:03:29:10 +0100] "\x16\x03\x01" 403 265 "-" "-"
202.76.164.252 - - [07/Dec/2025:03:30:48 +0100] "\x16\x03\x03\x01\xe4\x01" 403 265 "-" "-"
162.216.150.254 - - [07/Dec/2025:03:30:55 +0100] "\x16\x03\x01" 403 265 "-" "-"
205.210.31.99 - - [07/Dec/2025:03:33:19 +0100] "GET /.well-known/security.txt HTTP/1.1" 404 299 "-" "Hello from Palo Alto Networks, find out more about our scans in https://docs-cortex.paloaltonetworks.com/r/1/Cortex-Xpanse/Scanning-activity"
198.235.24.168 - - [07/Dec/2025:03:36:02 +0100] "\x16\x03\x01\x01\x05\x01" 403 265 "-" "-"
198.235.24.168 - - [07/Dec/2025:03:36:02 +0100] "\x16\x03\x01" 403 265 "-" "-"
192.159.99.95 - - [07/Dec/2025:03:36:13 +0100] "GET /" 400 468 "-" "-"
204.76.203.206 - - [07/Dec/2025:03:42:19 +0100] "GET /" 400 468 "-" "-"
74.7.230.37 - - [07/Dec/2025:03:43:16 +0100] "\x16\x03\x01" 403 265 "-" "-"
74.7.230.37 - - [07/Dec/2025:03:43:16 +0100] "\x16\x03\x01\x02" 403 265 "-" "-"
74.7.230.37 - - [07/Dec/2025:03:43:16 +0100] "\x16\x03\x01\x02" 403 265 "-" "-"
204.76.203.206 - - [07/Dec/2025:03:44:08 +0100] "GET / HTTP/1.1" 200 316 "-" "Mozilla/5.0 (Windows NT 10.0; Win64; x64) AppleWebKit/537.36 (KHTML, like Gecko) Chrome/90.0.4430.85 Safari/537.36 Edg/90.0.818.46"
74.7.230.62 - - [07/Dec/2025:03:46:12 +0100] "\x16\x03\x01" 403 265 "-" "-"
74.7.230.62 - - [07/Dec/2025:03:46:12 +0100] "\x16\x03\x01\x02" 403 265 "-" "-"
74.7.230.62 - - [07/Dec/2025:03:46:12 +0100] "\x16\x03\x01\x02" 403 265 "-" "-"
24.144.107.144 - - [07/Dec/2025:03:48:18 +0100] "\x16\x03\x01\x02" 403 265 "-" "-"
