216.244.66.239 - - [08/Dec/2025:02:34:51 +0100] "GET /platby/article.php?5d4c26=abs-cbn-news-today HTTP/1.1" 200 20687 "-" "Mozilla/5.0 (compatible; DotBot/1.2; +https://opensiteexplorer.org/dotbot; help@moz.com)"
216.244.66.239 - - [08/Dec/2025:02:34:52 +0100] "GET /platby/article.php?5d4c26=all-time-low-dirty-work-vinyl HTTP/1.1" 200 20049 "-" "Mozilla/5.0 (compatible; DotBot/1.2; +https://opensiteexplorer.org/dotbot; help@moz.com)"
216.244.66.239 - - [08/Dec/2025:02:34:53 +0100] "GET /platby/article.php?5d4c26=best-whiskey-for-shots-reddit HTTP/1.1" 200 18255 "-" "Mozilla/5.0 (compatible; DotBot/1.2; +https://opensiteexplorer.org/dotbot; help@moz.com)"
216.244.66.239 - - [08/Dec/2025:02:34:54 +0100] "GET /platby/article.php?5d4c26=biosynthesis-of-parathyroid-hormone HTTP/1.1" 200 17121 "-" "Mozilla/5.0 (compatible; DotBot/1.2; +https://opensiteexplorer.org/dotbot; help@moz.com)"
216.244.66.239 - - [08/Dec/2025:02:34:55 +0100] "GET /platby/article.php?5d4c26=cartesian-plane-quadrants HTTP/1.1" 200 20729 "-" "Mozilla/5.0 (compatible; DotBot/1.2; +https://opensiteexplorer.org/dotbot; help@moz.com)"
216.244.66.239 - - [08/Dec/2025:02:34:56 +0100] "GET /platby/article.php?5d4c26=cheap-travel-insurance-canada HTTP/1.1" 200 18141 "-" "Mozilla/5.0 (compatible; DotBot/1.2; +https://opensiteexplorer.org/dotbot; help@moz.com)"
216.244.66.239 - - [08/Dec/2025:02:34:57 +0100] "GET /platby/article.php?5d4c26=chugged-meaning-in-telugu HTTP/1.1" 200 21066 "-" "Mozilla/5.0 (compatible; DotBot/1.2; +https://opensiteexplorer.org/dotbot; help@moz.com)"
216.244.66.239 - - [08/Dec/2025:02:34:58 +0100] "GET /platby/article.php?5d4c26=codycross-amusement-park-219 HTTP/1.1" 200 25620 "-" "Mozilla/5.0 (compatible; DotBot/1.2; +https://opensiteexplorer.org/dotbot; help@moz.com)"
216.244.66.239 - - [08/Dec/2025:02:34:59 +0100] "GET /platby/article.php?5d4c26=el-shaddai-meaning-in-bible HTTP/1.1" 200 24046 "-" "Mozilla/5.0 (compatible; DotBot/1.2; +https://opensiteexplorer.org/dotbot; help@moz.com)"
216.244.66.239 - - [08/Dec/2025:02:35:00 +0100] "GET /platby/article.php?5d4c26=gaza-city-in-which-country HTTP/1.1" 200 16790 "-" "Mozilla/5.0 (compatible; DotBot/1.2; +https://opensiteexplorer.org/dotbot; help@moz.com)"
216.244.66.239 - - [08/Dec/2025:02:35:01 +0100] "GET /platby/article.php?5d4c26=gnome-extensions-firefox HTTP/1.1" 200 24666 "-" "Mozilla/5.0 (compatible; DotBot/1.2; +https://opensiteexplorer.org/dotbot; help@moz.com)"
216.244.66.239 - - [08/Dec/2025:02:35:03 +0100] "GET /platby/article.php?5d4c26=google-maps-nz-auckland HTTP/1.1" 200 22149 "-" "Mozilla/5.0 (compatible; DotBot/1.2; +https://opensiteexplorer.org/dotbot; help@moz.com)"
216.244.66.239 - - [08/Dec/2025:02:35:04 +0100] "GET /platby/article.php?5d4c26=graveyard-keeper-steam HTTP/1.1" 200 25619 "-" "Mozilla/5.0 (compatible; DotBot/1.2; +https://opensiteexplorer.org/dotbot; help@moz.com)"
216.244.66.239 - - [08/Dec/2025:02:35:06 +0100] "GET /platby/article.php?5d4c26=green-witch-names HTTP/1.1" 200 17872 "-" "Mozilla/5.0 (compatible; DotBot/1.2; +https://opensiteexplorer.org/dotbot; help@moz.com)"
216.244.66.239 - - [08/Dec/2025:02:35:07 +0100] "GET /platby/article.php?5d4c26=how-to-add-contact-to-home-screen-s10 HTTP/1.1" 200 21983 "-" "Mozilla/5.0 (compatible; DotBot/1.2; +https://opensiteexplorer.org/dotbot; help@moz.com)"
216.244.66.239 - - [08/Dec/2025:02:35:08 +0100] "GET /platby/article.php?5d4c26=how-to-watch-abs-cbn-live-streaming-on-android HTTP/1.1" 200 25430 "-" "Mozilla/5.0 (compatible; DotBot/1.2; +https://opensiteexplorer.org/dotbot; help@moz.com)"
216.244.66.239 - - [08/Dec/2025:02:35:09 +0100] "GET /platby/article.php?5d4c26=jehovah-rohi-meaning-bible HTTP/1.1" 200 14632 "-" "Mozilla/5.0 (compatible; DotBot/1.2; +https://opensiteexplorer.org/dotbot; help@moz.com)"
216.244.66.239 - - [08/Dec/2025:02:35:10 +0100] "GET /platby/article.php?5d4c26=juno-in-7th-house-synastry HTTP/1.1" 200 17559 "-" "Mozilla/5.0 (compatible; DotBot/1.2; +https://opensiteexplorer.org/dotbot; help@moz.com)"
216.244.66.239 - - [08/Dec/2025:02:35:12 +0100] "GET /platby/article.php?5d4c26=kerry-ingredients-careers HTTP/1.1" 200 23161 "-" "Mozilla/5.0 (compatible; DotBot/1.2; +https://opensiteexplorer.org/dotbot; help@moz.com)"
216.244.66.239 - - [08/Dec/2025:02:35:13 +0100] "GET /platby/article.php?5d4c26=kpi-complaints-management HTTP/1.1" 200 22361 "-" "Mozilla/5.0 (compatible; DotBot/1.2; +https://opensiteexplorer.org/dotbot; help@moz.com)"
216.244.66.239 - - [08/Dec/2025:02:35:14 +0100] "GET /platby/article.php?5d4c26=leeds-united-retro-clothing HTTP/1.1" 200 21337 "-" "Mozilla/5.0 (compatible; DotBot/1.2; +https://opensiteexplorer.org/dotbot; help@moz.com)"
216.244.66.239 - - [08/Dec/2025:02:35:15 +0100] "GET /platby/article.php?5d4c26=mother-daughter-cuff-bracelets HTTP/1.1" 200 23122 "-" "Mozilla/5.0 (compatible; DotBot/1.2; +https://opensiteexplorer.org/dotbot; help@moz.com)"
216.244.66.239 - - [08/Dec/2025:02:35:17 +0100] "GET /platby/article.php?5d4c26=online-english-teaching-jobs-for-korean-students HTTP/1.1" 200 21509 "-" "Mozilla/5.0 (compatible; DotBot/1.2; +https://opensiteexplorer.org/dotbot; help@moz.com)"
216.244.66.239 - - [08/Dec/2025:02:35:18 +0100] "GET /platby/article.php?5d4c26=paz-lenchantin-gigantic HTTP/1.1" 200 22766 "-" "Mozilla/5.0 (compatible; DotBot/1.2; +https://opensiteexplorer.org/dotbot; help@moz.com)"
216.244.66.239 - - [08/Dec/2025:02:35:18 +0100] "GET /platby/article.php?5d4c26=pixeljunk-monsters-guide HTTP/1.1" 200 17980 "-" "Mozilla/5.0 (compatible; DotBot/1.2; +https://opensiteexplorer.org/dotbot; help@moz.com)"
216.244.66.239 - - [08/Dec/2025:02:35:20 +0100] "GET /platby/article.php?5d4c26=said-bin-taimur-place-of-burial HTTP/1.1" 200 23306 "-" "Mozilla/5.0 (compatible; DotBot/1.2; +https://opensiteexplorer.org/dotbot; help@moz.com)"
216.244.66.239 - - [08/Dec/2025:02:35:21 +0100] "GET /platby/article.php?5d4c26=soft-cell-video HTTP/1.1" 200 21808 "-" "Mozilla/5.0 (compatible; DotBot/1.2; +https://opensiteexplorer.org/dotbot; help@moz.com)"
216.244.66.239 - - [08/Dec/2025:02:35:22 +0100] "GET /platby/article.php?5d4c26=stress-busting-meaning HTTP/1.1" 200 15722 "-" "Mozilla/5.0 (compatible; DotBot/1.2; +https://opensiteexplorer.org/dotbot; help@moz.com)"
216.244.66.239 - - [08/Dec/2025:02:35:23 +0100] "GET /platby/article.php?5d4c26=sydney-olympic-park-events HTTP/1.1" 200 16551 "-" "Mozilla/5.0 (compatible; DotBot/1.2; +https://opensiteexplorer.org/dotbot; help@moz.com)"
216.244.66.239 - - [08/Dec/2025:02:35:25 +0100] "GET /platby/article.php?5d4c26=the-littlest-things-chords HTTP/1.1" 200 19955 "-" "Mozilla/5.0 (compatible; DotBot/1.2; +https://opensiteexplorer.org/dotbot; help@moz.com)"
216.244.66.239 - - [08/Dec/2025:02:35:26 +0100] "GET /platby/article.php?5d4c26=valkyria-chronicles-aces-in-skirmish HTTP/1.1" 200 14487 "-" "Mozilla/5.0 (compatible; DotBot/1.2; +https://opensiteexplorer.org/dotbot; help@moz.com)"
216.244.66.239 - - [08/Dec/2025:02:35:27 +0100] "GET /platby/article.php?5d4c26=verified-by-visa-hsbc HTTP/1.1" 200 19062 "-" "Mozilla/5.0 (compatible; DotBot/1.2; +https://opensiteexplorer.org/dotbot; help@moz.com)"
216.244.66.239 - - [08/Dec/2025:02:35:28 +0100] "GET /platby/article.php?5d4c26=western-train-movies HTTP/1.1" 200 22642 "-" "Mozilla/5.0 (compatible; DotBot/1.2; +https://opensiteexplorer.org/dotbot; help@moz.com)"
216.244.66.239 - - [08/Dec/2025:02:35:29 +0100] "GET /platby/article.php?5d4c26=what-is-a-one-eyed-angry-pirate HTTP/1.1" 200 21546 "-" "Mozilla/5.0 (compatible; DotBot/1.2; +https://opensiteexplorer.org/dotbot; help@moz.com)"
216.244.66.239 - - [08/Dec/2025:02:35:30 +0100] "GET /platby/article.php?5d4c26=allstate-business-insurance HTTP/1.1" 200 24954 "-" "Mozilla/5.0 (compatible; DotBot/1.2; +https://opensiteexplorer.org/dotbot; help@moz.com)"
114.119.152.142 - - [08/Dec/2025:02:35:31 +0100] "GET /platby/article.php?5d4c26=super-prefix-words HTTP/1.1" 200 8143 "http://ispc.klape.eu/platby/article.php?5d4c26=x-23-talon" "Mozilla/5.0 (Linux; Android 7.0;) AppleWebKit/537.36 (KHTML, like Gecko) Mobile Safari/537.36 (compatible; PetalBot;+https://webmaster.petalsearch.com/site/petalbot)"
216.244.66.239 - - [08/Dec/2025:02:35:31 +0100] "GET /platby/article.php?5d4c26=basic-management-tools HTTP/1.1" 200 22919 "-" "Mozilla/5.0 (compatible; DotBot/1.2; +https://opensiteexplorer.org/dotbot; help@moz.com)"
216.244.66.239 - - [08/Dec/2025:02:35:32 +0100] "GET /platby/article.php?5d4c26=cephalopelvic-disproportion-slideshare HTTP/1.1" 200 19694 "-" "Mozilla/5.0 (compatible; DotBot/1.2; +https://opensiteexplorer.org/dotbot; help@moz.com)"
216.244.66.239 - - [08/Dec/2025:02:35:33 +0100] "GET /platby/article.php?5d4c26=disney-world-questions-phone-number HTTP/1.1" 200 17078 "-" "Mozilla/5.0 (compatible; DotBot/1.2; +https://opensiteexplorer.org/dotbot; help@moz.com)"
216.244.66.239 - - [08/Dec/2025:02:35:35 +0100] "GET /platby/article.php?5d4c26=eastern-bay-of-plenty-district-council HTTP/1.1" 200 17722 "-" "Mozilla/5.0 (compatible; DotBot/1.2; +https://opensiteexplorer.org/dotbot; help@moz.com)"
216.244.66.239 - - [08/Dec/2025:02:35:36 +0100] "GET /platby/article.php?5d4c26=effects-of-earthquake-in-school HTTP/1.1" 200 15822 "-" "Mozilla/5.0 (compatible; DotBot/1.2; +https://opensiteexplorer.org/dotbot; help@moz.com)"
216.244.66.239 - - [08/Dec/2025:02:35:37 +0100] "GET /platby/article.php?5d4c26=evidence-faith-no-more-lyrics HTTP/1.1" 200 19292 "-" "Mozilla/5.0 (compatible; DotBot/1.2; +https://opensiteexplorer.org/dotbot; help@moz.com)"
216.244.66.239 - - [08/Dec/2025:02:35:37 +0100] "GET /platby/article.php?5d4c26=furrow-crossword-clue HTTP/1.1" 200 17649 "-" "Mozilla/5.0 (compatible; DotBot/1.2; +https://opensiteexplorer.org/dotbot; help@moz.com)"
216.244.66.239 - - [08/Dec/2025:02:35:38 +0100] "GET /platby/article.php?5d4c26=international-chamber-of-commerce-arbitration HTTP/1.1" 200 21096 "-" "Mozilla/5.0 (compatible; DotBot/1.2; +https://opensiteexplorer.org/dotbot; help@moz.com)"
79.124.40.174 - - [08/Dec/2025:02:35:39 +0100] "GET /" 400 468 "-" "-"
216.244.66.239 - - [08/Dec/2025:02:35:40 +0100] "GET /platby/article.php?5d4c26=maui-property-management-fees HTTP/1.1" 200 18218 "-" "Mozilla/5.0 (compatible; DotBot/1.2; +https://opensiteexplorer.org/dotbot; help@moz.com)"
216.244.66.239 - - [08/Dec/2025:02:35:41 +0100] "GET /platby/article.php?5d4c26=private-equity-as-an-asset-class-pdf HTTP/1.1" 200 15331 "-" "Mozilla/5.0 (compatible; DotBot/1.2; +https://opensiteexplorer.org/dotbot; help@moz.com)"
216.244.66.239 - - [08/Dec/2025:02:35:42 +0100] "GET /platby/article.php?5d4c26=sacrifice-for-success-quotes HTTP/1.1" 200 17243 "-" "Mozilla/5.0 (compatible; DotBot/1.2; +https://opensiteexplorer.org/dotbot; help@moz.com)"
216.244.66.239 - - [08/Dec/2025:02:35:43 +0100] "GET /platby/article.php?5d4c26=the-thing-vs-hulk-reddit HTTP/1.1" 200 15059 "-" "Mozilla/5.0 (compatible; DotBot/1.2; +https://opensiteexplorer.org/dotbot; help@moz.com)"
216.244.66.239 - - [08/Dec/2025:02:35:44 +0100] "GET /platby/article.php?5d4c26=unity-technologies-ipo-price HTTP/1.1" 200 22027 "-" "Mozilla/5.0 (compatible; DotBot/1.2; +https://opensiteexplorer.org/dotbot; help@moz.com)"
216.244.66.239 - - [08/Dec/2025:02:35:45 +0100] "GET /platby/article.php?5d4c26=variations-of-matthew HTTP/1.1" 200 18686 "-" "Mozilla/5.0 (compatible; DotBot/1.2; +https://opensiteexplorer.org/dotbot; help@moz.com)"
216.244.66.239 - - [08/Dec/2025:02:35:46 +0100] "GET /platby/article.php?5d4c26=how-can-i-find-out-an-inmate%27s-release-date%3F HTTP/1.1" 200 15977 "-" "Mozilla/5.0 (compatible; DotBot/1.2; +https://opensiteexplorer.org/dotbot; help@moz.com)"
216.244.66.239 - - [08/Dec/2025:02:35:47 +0100] "GET /platby/article.php?5d4c26=joel-creasey---melbourne-comedy-festival HTTP/1.1" 200 21626 "-" "Mozilla/5.0 (compatible; DotBot/1.2; +https://opensiteexplorer.org/dotbot; help@moz.com)"
216.244.66.239 - - [08/Dec/2025:02:35:48 +0100] "GET /platby/uwoy9/university-of-maryland-majors-alphabetically HTTP/1.1" 200 37631 "-" "Mozilla/5.0 (compatible; DotBot/1.2; +https://opensiteexplorer.org/dotbot; help@moz.com)"
216.244.66.239 - - [08/Dec/2025:02:35:49 +0100] "GET /platby/uwoy9/minnesota-football-schedule HTTP/1.1" 200 35794 "-" "Mozilla/5.0 (compatible; DotBot/1.2; +https://opensiteexplorer.org/dotbot; help@moz.com)"
216.244.66.239 - - [08/Dec/2025:02:35:50 +0100] "GET /platby/uwoy9/nightbirde-type-of-cancer HTTP/1.1" 200 33074 "-" "Mozilla/5.0 (compatible; DotBot/1.2; +https://opensiteexplorer.org/dotbot; help@moz.com)"
216.244.66.239 - - [08/Dec/2025:02:35:51 +0100] "GET /platby/uwoy9/jordan-siebatcheu-injury HTTP/1.1" 200 37898 "-" "Mozilla/5.0 (compatible; DotBot/1.2; +https://opensiteexplorer.org/dotbot; help@moz.com)"
216.244.66.239 - - [08/Dec/2025:02:36:17 +0100] "GET /platby/aohwuyx/npci-mapper-canara-bank HTTP/1.1" 200 33365 "-" "Mozilla/5.0 (compatible; DotBot/1.2; +https://opensiteexplorer.org/dotbot; help@moz.com)"
114.119.139.112 - - [08/Dec/2025:02:36:55 +0100] "GET /platby/article.php?5d4c26=mib-international-cast HTTP/1.1" 200 7628 "http://ispc.klape.eu/platby/article.php?5d4c26=kesha-sunday-service" "Mozilla/5.0 (Linux; Android 7.0;) AppleWebKit/537.36 (KHTML, like Gecko) Mobile Safari/537.36 (compatible; PetalBot;+https://webmaster.petalsearch.com/site/petalbot)"
52.33.251.114 - - [08/Dec/2025:02:37:08 +0100] "\x16\x03\x01\x01\b\x01" 403 265 "-" "-"
216.244.66.239 - - [08/Dec/2025:02:37:22 +0100] "GET /platby/uwoy9/gionee-bootloader-unlock HTTP/1.1" 200 36579 "-" "Mozilla/5.0 (compatible; DotBot/1.2; +https://opensiteexplorer.org/dotbot; help@moz.com)"
216.244.66.239 - - [08/Dec/2025:02:37:53 +0100] "GET /platby/aohwuyx/hirokazu-tanaka-net-worth HTTP/1.1" 200 36113 "-" "Mozilla/5.0 (compatible; DotBot/1.2; +https://opensiteexplorer.org/dotbot; help@moz.com)"
114.119.139.66 - - [08/Dec/2025:02:38:19 +0100] "GET /platby/article.php?5d4c26=example-of-extinct-volcano-in-the-philippines HTTP/1.1" 200 5350 "http://ispc.klape.eu/platby/article.php?5d4c26=baruch-hashem%27%27-en-espa%C3%B1ol" "Mozilla/5.0 (Linux; Android 7.0;) AppleWebKit/537.36 (KHTML, like Gecko) Mobile Safari/537.36 (compatible; PetalBot;+https://webmaster.petalsearch.com/site/petalbot)"
144.76.32.188 - - [08/Dec/2025:02:38:39 +0100] "\x16\x03\x03\x01\xe0\x01" 403 265 "-" "-"
144.76.32.188 - - [08/Dec/2025:02:38:39 +0100] "\x16\x03\x03\x01\xe0\x01" 403 265 "-" "-"
216.244.66.239 - - [08/Dec/2025:02:38:40 +0100] "GET /platby/uwoy9/ghost-touch-after-screen-replacement-android HTTP/1.1" 200 45195 "-" "Mozilla/5.0 (compatible; DotBot/1.2; +https://opensiteexplorer.org/dotbot; help@moz.com)"
114.119.149.2 - - [08/Dec/2025:02:39:42 +0100] "GET /platby/aohwuyx/new-dorp-high-school-student-dies-2020 HTTP/1.1" 200 11610 "http://ispc.klape.eu/platby/aohwuyx/new-dorp-high-school-student-dies-2020" "Mozilla/5.0 (Linux; Android 7.0;) AppleWebKit/537.36 (KHTML, like Gecko) Mobile Safari/537.36 (compatible; PetalBot;+https://webmaster.petalsearch.com/site/petalbot)"
141.98.11.170 - - [08/Dec/2025:02:40:42 +0100] "GET /" 400 468 "-" "-"
114.119.149.2 - - [08/Dec/2025:02:41:05 +0100] "GET /platby/hca/moto-g-power-screen-replacement-near-me HTTP/1.1" 200 10907 "http://ispc.klape.eu/platby/hca/sound-blaster-live-ct4780-drivers-windows-7" "Mozilla/5.0 (Linux; Android 7.0;) AppleWebKit/537.36 (KHTML, like Gecko) Mobile Safari/537.36 (compatible; PetalBot;+https://webmaster.petalsearch.com/site/petalbot)"
194.164.107.6 - - [08/Dec/2025:02:41:08 +0100] "GET /" 400 468 "-" "-"
79.124.40.174 - - [08/Dec/2025:02:41:58 +0100] "GET /" 400 468 "-" "-"
114.119.139.66 - - [08/Dec/2025:02:42:31 +0100] "GET /platby/aohwuyx/get-paid-to-write-about-your-life HTTP/1.1" 200 16135 "http://ispc.klape.eu/platby/aohwuyx/how-to-edit-photos-to-look-like-film" "Mozilla/5.0 (Linux; Android 7.0;) AppleWebKit/537.36 (KHTML, like Gecko) Mobile Safari/537.36 (compatible; PetalBot;+https://webmaster.petalsearch.com/site/petalbot)"
114.119.139.112 - - [08/Dec/2025:02:43:53 +0100] "GET /platby/72zbxoz/things-to-do-in-knoxville-with-kids HTTP/1.1" 200 13421 "http://ispc.klape.eu/platby/72zbxoz/things-to-do-in-knoxville-with-kids" "Mozilla/5.0 (Linux; Android 7.0;) AppleWebKit/537.36 (KHTML, like Gecko) Mobile Safari/537.36 (compatible; PetalBot;+https://webmaster.petalsearch.com/site/petalbot)"
195.177.94.189 - - [08/Dec/2025:02:44:18 +0100] "GET /phpmyadmin/scripts/setup.php HTTP/1.1" 200 11106 "-" "Mozilla/4.0 (compatible; MSIE 6.0; MSIE 5.5; Windows NT 5.1) Opera 7.01 [en]"
195.177.94.189 - - [08/Dec/2025:02:44:18 +0100] "POST /phpmyadmin/scripts/setup.php HTTP/1.1" 200 18608 "http://109.105.49.240:8081/phpmyadmin/scripts/setup.php" "Mozilla/4.0 (compatible; MSIE 6.0; MSIE 5.5; Windows NT 5.1) Opera 7.01 [en]"
20.65.193.233 - - [08/Dec/2025:02:45:15 +0100] "\x16\x03\x01" 403 265 "-" "-"
20.65.193.233 - - [08/Dec/2025:02:45:16 +0100] "MGLNDD_109.105.49.240_443" 403 265 "-" "-"
114.119.140.102 - - [08/Dec/2025:02:45:16 +0100] "GET /platby/72zbxoz/introduction-to-matlab-for-engineers-solutions-manual-pdf HTTP/1.1" 200 9501 "http://ispc.klape.eu/platby/72zbxoz/where-is-the-colossus-of-rhodes-located-today" "Mozilla/5.0 (Linux; Android 7.0;) AppleWebKit/537.36 (KHTML, like Gecko) Mobile Safari/537.36 (compatible; PetalBot;+https://webmaster.petalsearch.com/site/petalbot)"
195.177.94.189 - - [08/Dec/2025:02:45:24 +0100] "GET /phpmyadmin/scripts/setup.php HTTP/1.1" 200 11105 "-" "Mozilla/4.0 (compatible; MSIE 6.0; MSIE 5.5; Windows NT 5.1) Opera 7.01 [en]"
195.177.94.189 - - [08/Dec/2025:02:45:24 +0100] "POST /phpmyadmin/scripts/setup.php HTTP/1.1" 200 18608 "http://109.105.49.240:443/phpmyadmin/scripts/setup.php" "Mozilla/4.0 (compatible; MSIE 6.0; MSIE 5.5; Windows NT 5.1) Opera 7.01 [en]"
144.76.32.120 - - [08/Dec/2025:02:45:38 +0100] "\x16\x03\x03\x01\xe0\x01" 403 265 "-" "-"
144.76.32.120 - - [08/Dec/2025:02:45:38 +0100] "\x16\x03\x03\x01\xe0\x01" 403 265 "-" "-"
79.124.40.174 - - [08/Dec/2025:02:45:39 +0100] "GET /" 400 468 "-" "-"
114.119.129.163 - - [08/Dec/2025:02:46:40 +0100] "GET /platby/hca/best-international-team-in-fifa-21-career-mode HTTP/1.1" 200 10995 "http://ispc.klape.eu/platby/hca/best-international-team-in-fifa-21-career-mode" "Mozilla/5.0 (Linux; Android 7.0;) AppleWebKit/537.36 (KHTML, like Gecko) Mobile Safari/537.36 (compatible; PetalBot;+https://webmaster.petalsearch.com/site/petalbot)"
114.119.139.66 - - [08/Dec/2025:02:48:04 +0100] "GET /platby/72zbxoz/2018-topps-series-1-most-valuable-cards HTTP/1.1" 200 15147 "http://ispc.klape.eu/platby/72zbxoz/2018-topps-series-1-most-valuable-cards" "Mozilla/5.0 (Linux; Android 7.0;) AppleWebKit/537.36 (KHTML, like Gecko) Mobile Safari/537.36 (compatible; PetalBot;+https://webmaster.petalsearch.com/site/petalbot)"
185.247.137.163 - - [08/Dec/2025:02:48:25 +0100] "GET /" 400 468 "-" "-"
87.236.176.151 - - [08/Dec/2025:02:48:42 +0100] "GET / HTTP/1.1" 200 2492 "-" "Mozilla/5.0 (compatible; InternetMeasurement/1.0; +https://internet-measurement.com/)"
204.76.203.206 - - [08/Dec/2025:02:49:01 +0100] "GET /" 400 468 "-" "-"
204.76.203.206 - - [08/Dec/2025:02:51:15 +0100] "GET / HTTP/1.1" 200 316 "-" "Mozilla/5.0 (Windows NT 10.0; Win64; x64) AppleWebKit/537.36 (KHTML, like Gecko) Chrome/90.0.4430.85 Safari/537.36 Edg/90.0.818.46"
204.76.203.212 - - [08/Dec/2025:02:52:29 +0100] "GET /" 400 468 "-" "-"
79.124.40.174 - - [08/Dec/2025:02:55:08 +0100] "GET /" 400 468 "-" "-"
178.22.24.60 - - [08/Dec/2025:02:55:46 +0100] "GET /" 400 468 "-" "-"
52.45.194.165 - - [08/Dec/2025:02:55:46 +0100] "GET /platby/72zbxoz/2021-mlb-mock-draft-yankees HTTP/1.1" 200 13121 "-" "Mozilla/5.0 AppleWebKit/537.36 (KHTML, like Gecko; compatible; Amazonbot/0.1; +https://developer.amazon.com/support/amazonbot) Chrome/119.0.6045.214 Safari/537.36"
172.203.190.139 - - [08/Dec/2025:02:55:56 +0100] "\x16\x03\x01\x02Q\x01" 403 265 "-" "-"
172.203.190.138 - - [08/Dec/2025:02:55:57 +0100] "\x16\x03\x01\x02" 403 265 "-" "-"
172.203.190.128 - - [08/Dec/2025:02:55:57 +0100] "\x16\x03\x01\x02" 403 265 "-" "-"
172.203.190.138 - - [08/Dec/2025:02:55:58 +0100] "\x16\x03\x01\x02" 403 265 "-" "-"
172.203.190.137 - - [08/Dec/2025:02:55:58 +0100] "\x16\x03\x01\x02" 403 265 "-" "-"
172.203.190.129 - - [08/Dec/2025:02:55:58 +0100] "\x16\x03\x01\x02" 403 265 "-" "-"
172.203.190.138 - - [08/Dec/2025:02:55:58 +0100] "\x16\x03\x01\x02" 403 265 "-" "-"
172.203.190.136 - - [08/Dec/2025:02:55:59 +0100] "\x16\x03\x01\x02" 403 265 "-" "-"
172.203.190.137 - - [08/Dec/2025:02:55:59 +0100] "\x16\x03\x01\x02" 403 265 "-" "-"
172.203.190.133 - - [08/Dec/2025:02:55:59 +0100] "\x16\x03\x01\x02" 403 265 "-" "-"
172.203.190.131 - - [08/Dec/2025:02:56:00 +0100] "\x16\x03\x01\x02A\x01" 403 265 "-" "-"
172.203.190.139 - - [08/Dec/2025:02:56:00 +0100] "\x16\x03\x01\x02Q\x01" 403 265 "-" "-"
172.203.190.138 - - [08/Dec/2025:02:56:01 +0100] "\x16\x03\x01\x02" 403 265 "-" "-"
172.203.190.131 - - [08/Dec/2025:02:56:01 +0100] "\x16\x03\x01\x02" 403 265 "-" "-"
172.203.190.136 - - [08/Dec/2025:02:56:01 +0100] "\x16\x03\x01\x02" 403 265 "-" "-"
172.203.190.142 - - [08/Dec/2025:02:56:02 +0100] "\x16\x03\x01\x02" 403 265 "-" "-"
5.255.231.109 - - [08/Dec/2025:03:03:50 +0100] "\x16\x03\x01\x02" 403 265 "-" "-"
114.119.128.6 - - [08/Dec/2025:03:05:08 +0100] "GET /platby/uwoy9/covid-19-pictures-for-school-project HTTP/1.1" 200 13530 "http://ispc.klape.eu/platby/uwoy9/covid-19-pictures-for-school-project" "Mozilla/5.0 (Linux; Android 7.0;) AppleWebKit/537.36 (KHTML, like Gecko) Mobile Safari/537.36 (compatible; PetalBot;+https://webmaster.petalsearch.com/site/petalbot)"
173.252.82.12 - - [08/Dec/2025:03:05:13 +0100] "\x16\x03\x01\x01G\x01" 403 265 "-" "-"
79.124.40.174 - - [08/Dec/2025:03:05:31 +0100] "GET /" 400 468 "-" "-"
114.119.128.6 - - [08/Dec/2025:03:06:31 +0100] "GET /platby/qqap/when-was-the-department-of-interior-created HTTP/1.1" 200 8997 "http://ispc.klape.eu/platby/qqap/what-is-a-group-of-deer-called" "Mozilla/5.0 (Linux; Android 7.0;) AppleWebKit/537.36 (KHTML, like Gecko) Mobile Safari/537.36 (compatible; PetalBot;+https://webmaster.petalsearch.com/site/petalbot)"
204.76.203.206 - - [08/Dec/2025:03:07:19 +0100] "GET /" 400 468 "-" "-"
114.119.128.6 - - [08/Dec/2025:03:07:59 +0100] "GET /platby/hca/run-cried-the-crawling-instrumental HTTP/1.1" 200 8658 "http://ispc.klape.eu/platby/hca/how-do-you-make-your-paragraph-flow" "Mozilla/5.0 (Linux; Android 7.0;) AppleWebKit/537.36 (KHTML, like Gecko) Mobile Safari/537.36 (compatible; PetalBot;+https://webmaster.petalsearch.com/site/petalbot)"
204.76.203.206 - - [08/Dec/2025:03:08:29 +0100] "GET / HTTP/1.1" 200 316 "-" "Mozilla/5.0 (Windows NT 10.0; Win64; x64) AppleWebKit/537.36 (KHTML, like Gecko) Chrome/90.0.4430.85 Safari/537.36 Edg/90.0.818.46"
144.76.32.117 - - [08/Dec/2025:03:09:10 +0100] "\x16\x03\x03\x01\xe2\x01" 403 265 "-" "-"
144.76.32.117 - - [08/Dec/2025:03:09:10 +0100] "\x16\x03\x03\x01\xe2\x01" 403 265 "-" "-"
114.119.140.102 - - [08/Dec/2025:03:09:18 +0100] "GET /platby/hca/best-cheap-cb-fifa-21-ultimate-team-premier-league HTTP/1.1" 200 5997 "http://ispc.klape.eu/platby/hca/thalictrum-occidentale" "Mozilla/5.0 (Linux; Android 7.0;) AppleWebKit/537.36 (KHTML, like Gecko) Mobile Safari/537.36 (compatible; PetalBot;+https://webmaster.petalsearch.com/site/petalbot)"
79.124.40.174 - - [08/Dec/2025:03:13:27 +0100] "GET /" 400 468 "-" "-"
144.76.19.27 - - [08/Dec/2025:03:13:38 +0100] "\x16\x03\x03\x01\xdf\x01" 403 265 "-" "-"
144.76.19.27 - - [08/Dec/2025:03:13:38 +0100] "\x16\x03\x03\x01\xdf\x01" 403 265 "-" "-"
34.205.26.129 - - [08/Dec/2025:03:16:28 +0100] "\x16\x03\x01\x01\x05\x01" 403 265 "-" "-"
79.124.40.174 - - [08/Dec/2025:03:17:57 +0100] "GET /" 400 468 "-" "-"
174.138.2.203 - - [08/Dec/2025:03:18:07 +0100] "\x16\x03\x01\x05\xc2\x01" 403 265 "-" "-"
216.244.66.239 - - [08/Dec/2025:03:19:09 +0100] "GET /robots.txt HTTP/1.1" 200 34 "-" "Mozilla/5.0 (compatible; DotBot/1.2; +https://opensiteexplorer.org/dotbot; help@moz.com)"
135.181.166.38 - - [08/Dec/2025:03:19:39 +0100] "\x16\x03\x03\x01\xdf\x01" 403 265 "-" "-"
135.181.166.38 - - [08/Dec/2025:03:19:39 +0100] "\x16\x03\x03\x01\xdf\x01" 403 265 "-" "-"
44.244.220.33 - - [08/Dec/2025:03:19:43 +0100] "\x16\x03\x01\x01\x04\x01" 403 265 "-" "-"
79.124.40.174 - - [08/Dec/2025:03:22:52 +0100] "GET /" 400 468 "-" "-"
114.119.140.102 - - [08/Dec/2025:03:22:59 +0100] "GET /platby/article.php?5d4c26=oblige-meaning-in-bengali HTTP/1.1" 200 4453 "http://ispc.klape.eu/platby/article.php?5d4c26=is-liv-and-maddie-on-disney-plus" "Mozilla/5.0 (Linux; Android 7.0;) AppleWebKit/537.36 (KHTML, like Gecko) Mobile Safari/537.36 (compatible; PetalBot;+https://webmaster.petalsearch.com/site/petalbot)"
204.76.203.206 - - [08/Dec/2025:03:23:52 +0100] "GET /" 400 468 "-" "-"
114.119.130.237 - - [08/Dec/2025:03:24:21 +0100] "GET /platby/article.php?5d4c26=hip-hop-dance-workout HTTP/1.1" 200 6987 "http://ispc.klape.eu/platby/article.php?5d4c26=why-is-mgti-dropping" "Mozilla/5.0 (Linux; Android 7.0;) AppleWebKit/537.36 (KHTML, like Gecko) Mobile Safari/537.36 (compatible; PetalBot;+https://webmaster.petalsearch.com/site/petalbot)"
216.244.66.239 - - [08/Dec/2025:03:24:34 +0100] "GET /platby/article.php?5d4c26=nba-2k6-ps2-iso HTTP/1.1" 200 20570 "-" "Mozilla/5.0 (compatible; DotBot/1.2; +https://opensiteexplorer.org/dotbot; help@moz.com)"
216.244.66.239 - - [08/Dec/2025:03:24:51 +0100] "GET /platby/article.php?5d4c26=1982-weather-history HTTP/1.1" 200 19376 "-" "Mozilla/5.0 (compatible; DotBot/1.2; +https://opensiteexplorer.org/dotbot; help@moz.com)"
216.244.66.239 - - [08/Dec/2025:03:24:56 +0100] "GET /platby/article.php?5d4c26=dinosaur-in-florida HTTP/1.1" 200 22875 "-" "Mozilla/5.0 (compatible; DotBot/1.2; +https://opensiteexplorer.org/dotbot; help@moz.com)"
216.244.66.239 - - [08/Dec/2025:03:25:00 +0100] "GET /platby/article.php?5d4c26=eric-b-wife HTTP/1.1" 200 21627 "-" "Mozilla/5.0 (compatible; DotBot/1.2; +https://opensiteexplorer.org/dotbot; help@moz.com)"
216.244.66.239 - - [08/Dec/2025:03:25:03 +0100] "GET /platby/article.php?5d4c26=neymar-mom-age HTTP/1.1" 200 22053 "-" "Mozilla/5.0 (compatible; DotBot/1.2; +https://opensiteexplorer.org/dotbot; help@moz.com)"
216.244.66.239 - - [08/Dec/2025:03:25:05 +0100] "GET /platby/article.php?5d4c26=rice-price-list HTTP/1.1" 200 17618 "-" "Mozilla/5.0 (compatible; DotBot/1.2; +https://opensiteexplorer.org/dotbot; help@moz.com)"
216.244.66.239 - - [08/Dec/2025:03:25:08 +0100] "GET /platby/article.php?5d4c26=swd-bits-pilani HTTP/1.1" 200 18123 "-" "Mozilla/5.0 (compatible; DotBot/1.2; +https://opensiteexplorer.org/dotbot; help@moz.com)"
216.244.66.239 - - [08/Dec/2025:03:25:10 +0100] "GET /platby/article.php?5d4c26=virtual-barn-builder HTTP/1.1" 200 22306 "-" "Mozilla/5.0 (compatible; DotBot/1.2; +https://opensiteexplorer.org/dotbot; help@moz.com)"
216.244.66.239 - - [08/Dec/2025:03:25:12 +0100] "GET /platby/article.php?5d4c26=vivox-vs-discord HTTP/1.1" 200 18106 "-" "Mozilla/5.0 (compatible; DotBot/1.2; +https://opensiteexplorer.org/dotbot; help@moz.com)"
216.244.66.239 - - [08/Dec/2025:03:25:14 +0100] "GET /platby/article.php?5d4c26=wausaukee-river-fishing HTTP/1.1" 200 24459 "-" "Mozilla/5.0 (compatible; DotBot/1.2; +https://opensiteexplorer.org/dotbot; help@moz.com)"
216.244.66.239 - - [08/Dec/2025:03:25:15 +0100] "GET /platby/article.php?5d4c26=1999-rugby-world-cup-final HTTP/1.1" 200 21179 "-" "Mozilla/5.0 (compatible; DotBot/1.2; +https://opensiteexplorer.org/dotbot; help@moz.com)"
216.244.66.239 - - [08/Dec/2025:03:25:17 +0100] "GET /platby/article.php?5d4c26=I-Forgive-Me HTTP/1.1" 200 14912 "-" "Mozilla/5.0 (compatible; DotBot/1.2; +https://opensiteexplorer.org/dotbot; help@moz.com)"
216.244.66.239 - - [08/Dec/2025:03:25:18 +0100] "GET /platby/article.php?5d4c26=My-Three-Suns HTTP/1.1" 200 23169 "-" "Mozilla/5.0 (compatible; DotBot/1.2; +https://opensiteexplorer.org/dotbot; help@moz.com)"
54.85.126.86 - - [08/Dec/2025:03:25:19 +0100] "GET /platby/72zbxoz/divinity:-original-sin-2-definitive-edition HTTP/1.1" 200 8659 "-" "Mozilla/5.0 AppleWebKit/537.36 (KHTML, like Gecko; compatible; Amazonbot/0.1; +https://developer.amazon.com/support/amazonbot) Chrome/119.0.6045.214 Safari/537.36"
216.244.66.239 - - [08/Dec/2025:03:25:19 +0100] "GET /platby/article.php?5d4c26=The-Blood-Legion HTTP/1.1" 200 23463 "-" "Mozilla/5.0 (compatible; DotBot/1.2; +https://opensiteexplorer.org/dotbot; help@moz.com)"
216.244.66.239 - - [08/Dec/2025:03:25:21 +0100] "GET /platby/article.php?5d4c26=actors-who-are-criminals HTTP/1.1" 200 16222 "-" "Mozilla/5.0 (compatible; DotBot/1.2; +https://opensiteexplorer.org/dotbot; help@moz.com)"
3.94.40.182 - - [08/Dec/2025:03:25:22 +0100] "GET /platby/72zbxoz/yamamoto-nutrition-owner HTTP/1.1" 200 14696 "-" "Mozilla/5.0 AppleWebKit/537.36 (KHTML, like Gecko; compatible; Amazonbot/0.1; +https://developer.amazon.com/support/amazonbot) Chrome/119.0.6045.214 Safari/537.36"
216.244.66.239 - - [08/Dec/2025:03:25:24 +0100] "GET /platby/article.php?5d4c26=akaash-vani-review HTTP/1.1" 200 16633 "-" "Mozilla/5.0 (compatible; DotBot/1.2; +https://opensiteexplorer.org/dotbot; help@moz.com)"
216.244.66.239 - - [08/Dec/2025:03:25:26 +0100] "GET /platby/article.php?5d4c26=apple-airpods-best-price-uk HTTP/1.1" 200 21999 "-" "Mozilla/5.0 (compatible; DotBot/1.2; +https://opensiteexplorer.org/dotbot; help@moz.com)"
216.244.66.239 - - [08/Dec/2025:03:25:27 +0100] "GET /platby/article.php?5d4c26=bsnl-landline-plan-49 HTTP/1.1" 200 17159 "-" "Mozilla/5.0 (compatible; DotBot/1.2; +https://opensiteexplorer.org/dotbot; help@moz.com)"
204.76.203.206 - - [08/Dec/2025:03:25:28 +0100] "GET / HTTP/1.1" 200 316 "-" "Mozilla/5.0 (Windows NT 10.0; Win64; x64) AppleWebKit/537.36 (KHTML, like Gecko) Chrome/90.0.4430.85 Safari/537.36 Edg/90.0.818.46"
216.244.66.239 - - [08/Dec/2025:03:25:29 +0100] "GET /platby/article.php?5d4c26=easy-blue-pen-drawings HTTP/1.1" 200 16986 "-" "Mozilla/5.0 (compatible; DotBot/1.2; +https://opensiteexplorer.org/dotbot; help@moz.com)"
216.244.66.239 - - [08/Dec/2025:03:25:30 +0100] "GET /platby/article.php?5d4c26=ex-dividend-date-uk HTTP/1.1" 200 15792 "-" "Mozilla/5.0 (compatible; DotBot/1.2; +https://opensiteexplorer.org/dotbot; help@moz.com)"
216.244.66.239 - - [08/Dec/2025:03:25:32 +0100] "GET /platby/article.php?5d4c26=fall-location-crossword HTTP/1.1" 200 19570 "-" "Mozilla/5.0 (compatible; DotBot/1.2; +https://opensiteexplorer.org/dotbot; help@moz.com)"
216.244.66.239 - - [08/Dec/2025:03:25:33 +0100] "GET /platby/article.php?5d4c26=feral-love-lyrics HTTP/1.1" 200 22163 "-" "Mozilla/5.0 (compatible; DotBot/1.2; +https://opensiteexplorer.org/dotbot; help@moz.com)"
216.244.66.239 - - [08/Dec/2025:03:25:35 +0100] "GET /platby/article.php?5d4c26=g2-esports-lol HTTP/1.1" 200 19655 "-" "Mozilla/5.0 (compatible; DotBot/1.2; +https://opensiteexplorer.org/dotbot; help@moz.com)"
216.244.66.239 - - [08/Dec/2025:03:25:37 +0100] "GET /platby/article.php?5d4c26=geox-jaysen-trainers HTTP/1.1" 200 24114 "-" "Mozilla/5.0 (compatible; DotBot/1.2; +https://opensiteexplorer.org/dotbot; help@moz.com)"
216.244.66.239 - - [08/Dec/2025:03:25:41 +0100] "GET /platby/article.php?5d4c26=hand-mittens-for-babies HTTP/1.1" 200 20267 "-" "Mozilla/5.0 (compatible; DotBot/1.2; +https://opensiteexplorer.org/dotbot; help@moz.com)"
216.244.66.239 - - [08/Dec/2025:03:25:45 +0100] "GET /platby/article.php?5d4c26=how-long-is-skyrim-vr HTTP/1.1" 200 21359 "-" "Mozilla/5.0 (compatible; DotBot/1.2; +https://opensiteexplorer.org/dotbot; help@moz.com)"
114.119.139.66 - - [08/Dec/2025:03:25:46 +0100] "GET /platby/qqap/where-can-i-buy-lemon-verbena-seeds HTTP/1.1" 200 10088 "http://ispc.klape.eu/platby/qqap/sony-xperia-z5-compact-screen-sizegod%27s-love-never-fails-bible-verse" "Mozilla/5.0 (Linux; Android 7.0;) AppleWebKit/537.36 (KHTML, like Gecko) Mobile Safari/537.36 (compatible; PetalBot;+https://webmaster.petalsearch.com/site/petalbot)"
216.244.66.239 - - [08/Dec/2025:03:25:47 +0100] "GET /platby/article.php?5d4c26=ipad-cannot-search HTTP/1.1" 200 18750 "-" "Mozilla/5.0 (compatible; DotBot/1.2; +https://opensiteexplorer.org/dotbot; help@moz.com)"
216.244.66.239 - - [08/Dec/2025:03:25:50 +0100] "GET /platby/article.php?5d4c26=joni-mitchell-miles-of-aisles-review HTTP/1.1" 200 16176 "-" "Mozilla/5.0 (compatible; DotBot/1.2; +https://opensiteexplorer.org/dotbot; help@moz.com)"
216.244.66.239 - - [08/Dec/2025:03:25:52 +0100] "GET /platby/article.php?5d4c26=june-brown-dj HTTP/1.1" 200 17233 "-" "Mozilla/5.0 (compatible; DotBot/1.2; +https://opensiteexplorer.org/dotbot; help@moz.com)"
216.244.66.239 - - [08/Dec/2025:03:25:54 +0100] "GET /platby/article.php?5d4c26=m50-traffic-twitter HTTP/1.1" 200 16198 "-" "Mozilla/5.0 (compatible; DotBot/1.2; +https://opensiteexplorer.org/dotbot; help@moz.com)"
216.244.66.239 - - [08/Dec/2025:03:25:55 +0100] "GET /platby/article.php?5d4c26=rakitu-island-owner HTTP/1.1" 200 20878 "-" "Mozilla/5.0 (compatible; DotBot/1.2; +https://opensiteexplorer.org/dotbot; help@moz.com)"
216.244.66.239 - - [08/Dec/2025:03:25:57 +0100] "GET /platby/article.php?5d4c26=saturn-god-eating-son HTTP/1.1" 200 20595 "-" "Mozilla/5.0 (compatible; DotBot/1.2; +https://opensiteexplorer.org/dotbot; help@moz.com)"
216.244.66.239 - - [08/Dec/2025:03:25:59 +0100] "GET /platby/article.php?5d4c26=self-learning-agile HTTP/1.1" 200 18023 "-" "Mozilla/5.0 (compatible; DotBot/1.2; +https://opensiteexplorer.org/dotbot; help@moz.com)"
216.244.66.239 - - [08/Dec/2025:03:26:03 +0100] "GET /platby/article.php?5d4c26=tvr-sagaris-kit-car HTTP/1.1" 200 21310 "-" "Mozilla/5.0 (compatible; DotBot/1.2; +https://opensiteexplorer.org/dotbot; help@moz.com)"
216.244.66.239 - - [08/Dec/2025:03:26:08 +0100] "GET /platby/article.php?5d4c26=what-type-of-volcano-is-white-island HTTP/1.1" 200 23602 "-" "Mozilla/5.0 (compatible; DotBot/1.2; +https://opensiteexplorer.org/dotbot; help@moz.com)"
216.244.66.239 - - [08/Dec/2025:03:26:14 +0100] "GET /platby/article.php?5d4c26=Ballet-%E2%80%91-pli%C3%A9 HTTP/1.1" 200 21040 "-" "Mozilla/5.0 (compatible; DotBot/1.2; +https://opensiteexplorer.org/dotbot; help@moz.com)"
216.244.66.239 - - [08/Dec/2025:03:26:20 +0100] "GET /platby/article.php?5d4c26=abc-news-radio-station HTTP/1.1" 200 18879 "-" "Mozilla/5.0 (compatible; DotBot/1.2; +https://opensiteexplorer.org/dotbot; help@moz.com)"
216.244.66.239 - - [08/Dec/2025:03:26:26 +0100] "GET /platby/article.php?5d4c26=acrylic-painting-spaceman HTTP/1.1" 200 15335 "-" "Mozilla/5.0 (compatible; DotBot/1.2; +https://opensiteexplorer.org/dotbot; help@moz.com)"
216.244.66.239 - - [08/Dec/2025:03:26:30 +0100] "GET /platby/article.php?5d4c26=behind-rebel-lines-novel-study HTTP/1.1" 200 19143 "-" "Mozilla/5.0 (compatible; DotBot/1.2; +https://opensiteexplorer.org/dotbot; help@moz.com)"
216.244.66.239 - - [08/Dec/2025:03:26:34 +0100] "GET /platby/article.php?5d4c26=black-kitten-heels-with-rhinestones HTTP/1.1" 200 21865 "-" "Mozilla/5.0 (compatible; DotBot/1.2; +https://opensiteexplorer.org/dotbot; help@moz.com)"
216.244.66.239 - - [08/Dec/2025:03:26:38 +0100] "GET /platby/article.php?5d4c26=blue-origin-vs-spacex%3F---quora HTTP/1.1" 200 21839 "-" "Mozilla/5.0 (compatible; DotBot/1.2; +https://opensiteexplorer.org/dotbot; help@moz.com)"
216.244.66.239 - - [08/Dec/2025:03:26:42 +0100] "GET /platby/article.php?5d4c26=can-you-dig-it-meaning HTTP/1.1" 200 16460 "-" "Mozilla/5.0 (compatible; DotBot/1.2; +https://opensiteexplorer.org/dotbot; help@moz.com)"
216.244.66.239 - - [08/Dec/2025:03:26:44 +0100] "GET /platby/article.php?5d4c26=cbs-new-york-live HTTP/1.1" 200 19529 "-" "Mozilla/5.0 (compatible; DotBot/1.2; +https://opensiteexplorer.org/dotbot; help@moz.com)"
216.244.66.239 - - [08/Dec/2025:03:26:48 +0100] "GET /platby/article.php?5d4c26=cumulonimbus-clouds-facts HTTP/1.1" 200 18373 "-" "Mozilla/5.0 (compatible; DotBot/1.2; +https://opensiteexplorer.org/dotbot; help@moz.com)"
216.244.66.239 - - [08/Dec/2025:03:26:50 +0100] "GET /platby/article.php?5d4c26=custom-baby-headbands HTTP/1.1" 200 18890 "-" "Mozilla/5.0 (compatible; DotBot/1.2; +https://opensiteexplorer.org/dotbot; help@moz.com)"
216.244.66.239 - - [08/Dec/2025:03:26:54 +0100] "GET /platby/article.php?5d4c26=die-young-black-sabbath-meaning HTTP/1.1" 200 22113 "-" "Mozilla/5.0 (compatible; DotBot/1.2; +https://opensiteexplorer.org/dotbot; help@moz.com)"
216.244.66.239 - - [08/Dec/2025:03:26:56 +0100] "GET /platby/article.php?5d4c26=double-decker-bus HTTP/1.1" 200 21257 "-" "Mozilla/5.0 (compatible; DotBot/1.2; +https://opensiteexplorer.org/dotbot; help@moz.com)"
216.244.66.239 - - [08/Dec/2025:03:26:58 +0100] "GET /platby/article.php?5d4c26=england-next-match-cricket HTTP/1.1" 200 14986 "-" "Mozilla/5.0 (compatible; DotBot/1.2; +https://opensiteexplorer.org/dotbot; help@moz.com)"
216.244.66.239 - - [08/Dec/2025:03:27:00 +0100] "GET /platby/article.php?5d4c26=etrian-odyssey-nexus-gunner-subclass HTTP/1.1" 200 16458 "-" "Mozilla/5.0 (compatible; DotBot/1.2; +https://opensiteexplorer.org/dotbot; help@moz.com)"
216.244.66.239 - - [08/Dec/2025:03:27:02 +0100] "GET /platby/article.php?5d4c26=fox-26-news-anchors-fresno HTTP/1.1" 200 20042 "-" "Mozilla/5.0 (compatible; DotBot/1.2; +https://opensiteexplorer.org/dotbot; help@moz.com)"
216.244.66.239 - - [08/Dec/2025:03:27:03 +0100] "GET /platby/article.php?5d4c26=futurama-season-2-episode-3 HTTP/1.1" 200 22281 "-" "Mozilla/5.0 (compatible; DotBot/1.2; +https://opensiteexplorer.org/dotbot; help@moz.com)"
216.244.66.239 - - [08/Dec/2025:03:27:07 +0100] "GET /platby/article.php?5d4c26=gisborne-to-rotorua HTTP/1.1" 200 17679 "-" "Mozilla/5.0 (compatible; DotBot/1.2; +https://opensiteexplorer.org/dotbot; help@moz.com)"
114.119.129.163 - - [08/Dec/2025:03:27:10 +0100] "GET /platby/qqap/lewis-jewelers-houston HTTP/1.1" 200 6198 "http://ispc.klape.eu/platby/qqap/drunk-elephant-australia" "Mozilla/5.0 (Linux; Android 7.0;) AppleWebKit/537.36 (KHTML, like Gecko) Mobile Safari/537.36 (compatible; PetalBot;+https://webmaster.petalsearch.com/site/petalbot)"
216.244.66.239 - - [08/Dec/2025:03:27:09 +0100] "GET /platby/article.php?5d4c26=go-rotten-decay-crossword-clue HTTP/1.1" 200 23868 "-" "Mozilla/5.0 (compatible; DotBot/1.2; +https://opensiteexplorer.org/dotbot; help@moz.com)"
216.244.66.239 - - [08/Dec/2025:03:27:12 +0100] "GET /platby/article.php?5d4c26=holly-branson-instagram HTTP/1.1" 200 15329 "-" "Mozilla/5.0 (compatible; DotBot/1.2; +https://opensiteexplorer.org/dotbot; help@moz.com)"
216.244.66.239 - - [08/Dec/2025:03:27:14 +0100] "GET /platby/article.php?5d4c26=jackson-wang---100-ways-lyrics HTTP/1.1" 200 21920 "-" "Mozilla/5.0 (compatible; DotBot/1.2; +https://opensiteexplorer.org/dotbot; help@moz.com)"
216.244.66.239 - - [08/Dec/2025:03:27:16 +0100] "GET /platby/article.php?5d4c26=love-me-like-you-do-meaning HTTP/1.1" 200 20181 "-" "Mozilla/5.0 (compatible; DotBot/1.2; +https://opensiteexplorer.org/dotbot; help@moz.com)"
216.244.66.239 - - [08/Dec/2025:03:27:17 +0100] "GET /platby/article.php?5d4c26=mtm-transportation-iowa HTTP/1.1" 200 17090 "-" "Mozilla/5.0 (compatible; DotBot/1.2; +https://opensiteexplorer.org/dotbot; help@moz.com)"
216.244.66.239 - - [08/Dec/2025:03:27:21 +0100] "GET /platby/article.php?5d4c26=naples-zoo-reciprocity HTTP/1.1" 200 19355 "-" "Mozilla/5.0 (compatible; DotBot/1.2; +https://opensiteexplorer.org/dotbot; help@moz.com)"
216.244.66.239 - - [08/Dec/2025:03:27:24 +0100] "GET /platby/article.php?5d4c26=nz-gig-guide-2020 HTTP/1.1" 200 25178 "-" "Mozilla/5.0 (compatible; DotBot/1.2; +https://opensiteexplorer.org/dotbot; help@moz.com)"
216.244.66.239 - - [08/Dec/2025:03:27:26 +0100] "GET /platby/article.php?5d4c26=passport-in-spanish HTTP/1.1" 200 21296 "-" "Mozilla/5.0 (compatible; DotBot/1.2; +https://opensiteexplorer.org/dotbot; help@moz.com)"
216.244.66.239 - - [08/Dec/2025:03:27:28 +0100] "GET /platby/article.php?5d4c26=patron-silver-price-1-liter HTTP/1.1" 200 23265 "-" "Mozilla/5.0 (compatible; DotBot/1.2; +https://opensiteexplorer.org/dotbot; help@moz.com)"
216.244.66.239 - - [08/Dec/2025:03:27:29 +0100] "GET /platby/article.php?5d4c26=pillsbury-strawberry-cake-mix-recipes HTTP/1.1" 200 21663 "-" "Mozilla/5.0 (compatible; DotBot/1.2; +https://opensiteexplorer.org/dotbot; help@moz.com)"
216.244.66.239 - - [08/Dec/2025:03:27:33 +0100] "GET /platby/article.php?5d4c26=pok%C3%A9mon-galactic-battles-episode-23 HTTP/1.1" 200 23937 "-" "Mozilla/5.0 (compatible; DotBot/1.2; +https://opensiteexplorer.org/dotbot; help@moz.com)"
216.244.66.239 - - [08/Dec/2025:03:27:36 +0100] "GET /platby/article.php?5d4c26=pygame-zero-flappy-bird HTTP/1.1" 200 17334 "-" "Mozilla/5.0 (compatible; DotBot/1.2; +https://opensiteexplorer.org/dotbot; help@moz.com)"
216.244.66.239 - - [08/Dec/2025:03:27:38 +0100] "GET /platby/article.php?5d4c26=raaz-e-ulfat-episode-6-promo HTTP/1.1" 200 19482 "-" "Mozilla/5.0 (compatible; DotBot/1.2; +https://opensiteexplorer.org/dotbot; help@moz.com)"
216.244.66.239 - - [08/Dec/2025:03:27:40 +0100] "GET /platby/article.php?5d4c26=russian-space-weapons HTTP/1.1" 200 18795 "-" "Mozilla/5.0 (compatible; DotBot/1.2; +https://opensiteexplorer.org/dotbot; help@moz.com)"
216.244.66.239 - - [08/Dec/2025:03:27:42 +0100] "GET /platby/article.php?5d4c26=starbound-how-to-get-better-armor HTTP/1.1" 200 25238 "-" "Mozilla/5.0 (compatible; DotBot/1.2; +https://opensiteexplorer.org/dotbot; help@moz.com)"
216.244.66.239 - - [08/Dec/2025:03:27:44 +0100] "GET /platby/article.php?5d4c26=subwoofer-sound-effect HTTP/1.1" 200 18910 "-" "Mozilla/5.0 (compatible; DotBot/1.2; +https://opensiteexplorer.org/dotbot; help@moz.com)"
216.244.66.239 - - [08/Dec/2025:03:27:45 +0100] "GET /platby/article.php?5d4c26=temperature-in-switzerland-in-january HTTP/1.1" 200 16590 "-" "Mozilla/5.0 (compatible; DotBot/1.2; +https://opensiteexplorer.org/dotbot; help@moz.com)"
216.244.66.239 - - [08/Dec/2025:03:27:47 +0100] "GET /platby/article.php?5d4c26=universe-sandbox-solar-system HTTP/1.1" 200 18050 "-" "Mozilla/5.0 (compatible; DotBot/1.2; +https://opensiteexplorer.org/dotbot; help@moz.com)"
216.244.66.239 - - [08/Dec/2025:03:27:48 +0100] "GET /platby/article.php?5d4c26=vasily-zaytsev-kills HTTP/1.1" 200 23428 "-" "Mozilla/5.0 (compatible; DotBot/1.2; +https://opensiteexplorer.org/dotbot; help@moz.com)"
216.244.66.239 - - [08/Dec/2025:03:27:49 +0100] "GET /platby/article.php?5d4c26=white-military-vehicles HTTP/1.1" 200 16529 "-" "Mozilla/5.0 (compatible; DotBot/1.2; +https://opensiteexplorer.org/dotbot; help@moz.com)"
216.244.66.239 - - [08/Dec/2025:03:27:51 +0100] "GET /platby/article.php?5d4c26=air-jordan-1-high-og-wmns-satin-snake HTTP/1.1" 200 21471 "-" "Mozilla/5.0 (compatible; DotBot/1.2; +https://opensiteexplorer.org/dotbot; help@moz.com)"
216.244.66.239 - - [08/Dec/2025:03:27:52 +0100] "GET /platby/article.php?5d4c26=average-yearly-snowfall-in-florida HTTP/1.1" 200 19109 "-" "Mozilla/5.0 (compatible; DotBot/1.2; +https://opensiteexplorer.org/dotbot; help@moz.com)"
216.244.66.239 - - [08/Dec/2025:03:27:53 +0100] "GET /platby/article.php?5d4c26=best-gacha-games-november-2019 HTTP/1.1" 200 22389 "-" "Mozilla/5.0 (compatible; DotBot/1.2; +https://opensiteexplorer.org/dotbot; help@moz.com)"
216.244.66.239 - - [08/Dec/2025:03:27:55 +0100] "GET /platby/article.php?5d4c26=dragon%27s-dogma---cursed-dragon HTTP/1.1" 200 19499 "-" "Mozilla/5.0 (compatible; DotBot/1.2; +https://opensiteexplorer.org/dotbot; help@moz.com)"
216.244.66.239 - - [08/Dec/2025:03:27:57 +0100] "GET /platby/article.php?5d4c26=faraday%27s-law-slideshare HTTP/1.1" 200 24927 "-" "Mozilla/5.0 (compatible; DotBot/1.2; +https://opensiteexplorer.org/dotbot; help@moz.com)"
216.244.66.239 - - [08/Dec/2025:03:27:59 +0100] "GET /platby/article.php?5d4c26=hip-hop-nation-netflix HTTP/1.1" 200 18497 "-" "Mozilla/5.0 (compatible; DotBot/1.2; +https://opensiteexplorer.org/dotbot; help@moz.com)"
216.244.66.239 - - [08/Dec/2025:03:28:00 +0100] "GET /platby/article.php?5d4c26=is-daylight-savings-happening-in-california HTTP/1.1" 200 16447 "-" "Mozilla/5.0 (compatible; DotBot/1.2; +https://opensiteexplorer.org/dotbot; help@moz.com)"
216.244.66.239 - - [08/Dec/2025:03:28:01 +0100] "GET /platby/article.php?5d4c26=jay-park---all-i-wanna-do-lyrics-english HTTP/1.1" 200 18576 "-" "Mozilla/5.0 (compatible; DotBot/1.2; +https://opensiteexplorer.org/dotbot; help@moz.com)"
216.244.66.239 - - [08/Dec/2025:03:28:03 +0100] "GET /platby/article.php?5d4c26=russian-last-names HTTP/1.1" 200 17359 "-" "Mozilla/5.0 (compatible; DotBot/1.2; +https://opensiteexplorer.org/dotbot; help@moz.com)"
216.244.66.239 - - [08/Dec/2025:03:28:04 +0100] "GET /platby/article.php?5d4c26=struggle-street-season-2-episode-5 HTTP/1.1" 200 22541 "-" "Mozilla/5.0 (compatible; DotBot/1.2; +https://opensiteexplorer.org/dotbot; help@moz.com)"
144.76.32.188 - - [08/Dec/2025:03:28:04 +0100] "\x16\x03\x03\x01\xe0\x01" 403 265 "-" "-"
144.76.32.188 - - [08/Dec/2025:03:28:04 +0100] "\x16\x03\x03\x01\xe0\x01" 403 265 "-" "-"
216.244.66.239 - - [08/Dec/2025:03:28:07 +0100] "GET /platby/article.php?5d4c26=swollen-knee-after-running HTTP/1.1" 200 16998 "-" "Mozilla/5.0 (compatible; DotBot/1.2; +https://opensiteexplorer.org/dotbot; help@moz.com)"
216.244.66.239 - - [08/Dec/2025:03:28:09 +0100] "GET /platby/article.php?5d4c26=weather-in-inverness-scotland-in-october HTTP/1.1" 200 16001 "-" "Mozilla/5.0 (compatible; DotBot/1.2; +https://opensiteexplorer.org/dotbot; help@moz.com)"
216.244.66.239 - - [08/Dec/2025:03:28:11 +0100] "GET /platby/article.php?5d4c26=general-dynamics-perks HTTP/1.1" 200 22079 "-" "Mozilla/5.0 (compatible; DotBot/1.2; +https://opensiteexplorer.org/dotbot; help@moz.com)"
216.244.66.239 - - [08/Dec/2025:03:28:12 +0100] "GET /platby/article.php?5d4c26=how-to-update-netflix-on-lg-smart-tv HTTP/1.1" 200 19524 "-" "Mozilla/5.0 (compatible; DotBot/1.2; +https://opensiteexplorer.org/dotbot; help@moz.com)"
216.244.66.239 - - [08/Dec/2025:03:28:14 +0100] "GET /platby/article.php?5d4c26=list-of-animals-that-can-predict-earthquakes HTTP/1.1" 200 21232 "-" "Mozilla/5.0 (compatible; DotBot/1.2; +https://opensiteexplorer.org/dotbot; help@moz.com)"
216.244.66.239 - - [08/Dec/2025:03:28:17 +0100] "GET /platby/article.php?5d4c26=turn-milk-into-plastic---science-fair-project-conclusion HTTP/1.1" 200 18967 "-" "Mozilla/5.0 (compatible; DotBot/1.2; +https://opensiteexplorer.org/dotbot; help@moz.com)"
216.244.66.239 - - [08/Dec/2025:03:28:20 +0100] "GET /platby/article.php?5d4c26=waimakariri-district-council-building-consent-search HTTP/1.1" 200 14721 "-" "Mozilla/5.0 (compatible; DotBot/1.2; +https://opensiteexplorer.org/dotbot; help@moz.com)"
216.244.66.239 - - [08/Dec/2025:03:28:23 +0100] "GET /platby/aohwuyx/hero-motosports-press HTTP/1.1" 200 36476 "-" "Mozilla/5.0 (compatible; DotBot/1.2; +https://opensiteexplorer.org/dotbot; help@moz.com)"
216.244.66.239 - - [08/Dec/2025:03:28:26 +0100] "GET /platby/article.php?5d4c26=%2B-18moreTakeoutStreet-Box%2C-Bluerapa%2C-and-more HTTP/1.1" 200 21862 "-" "Mozilla/5.0 (compatible; DotBot/1.2; +https://opensiteexplorer.org/dotbot; help@moz.com)"
216.244.66.239 - - [08/Dec/2025:03:28:28 +0100] "GET /platby/uwoy9/okta-authorization-server HTTP/1.1" 200 37291 "-" "Mozilla/5.0 (compatible; DotBot/1.2; +https://opensiteexplorer.org/dotbot; help@moz.com)"
216.244.66.239 - - [08/Dec/2025:03:28:30 +0100] "GET /platby/uwoy9/bella-bliss-spring-2020 HTTP/1.1" 200 38902 "-" "Mozilla/5.0 (compatible; DotBot/1.2; +https://opensiteexplorer.org/dotbot; help@moz.com)"
216.244.66.239 - - [08/Dec/2025:03:28:31 +0100] "GET /platby/uwoy9/acciona-energy-canada-hiring-manager HTTP/1.1" 200 41206 "-" "Mozilla/5.0 (compatible; DotBot/1.2; +https://opensiteexplorer.org/dotbot; help@moz.com)"
216.244.66.239 - - [08/Dec/2025:03:28:33 +0100] "GET /platby/uwoy9/elementary-school-teacher-charged HTTP/1.1" 200 44305 "-" "Mozilla/5.0 (compatible; DotBot/1.2; +https://opensiteexplorer.org/dotbot; help@moz.com)"
114.119.128.6 - - [08/Dec/2025:03:28:33 +0100] "GET /platby/article.php?5d4c26=idfc-blackbear-acoustic-chords HTTP/1.1" 200 4335 "http://ispc.klape.eu/platby/article.php?5d4c26=drake---one-dance-%28original%29" "Mozilla/5.0 (Linux; Android 7.0;) AppleWebKit/537.36 (KHTML, like Gecko) Mobile Safari/537.36 (compatible; PetalBot;+https://webmaster.petalsearch.com/site/petalbot)"
216.244.66.239 - - [08/Dec/2025:03:28:35 +0100] "GET /platby/uwoy9/random-sentence-generator-input-words HTTP/1.1" 200 34546 "-" "Mozilla/5.0 (compatible; DotBot/1.2; +https://opensiteexplorer.org/dotbot; help@moz.com)"
216.244.66.239 - - [08/Dec/2025:03:28:36 +0100] "GET /platby/uwoy9/ingrown-buttock-hair-name HTTP/1.1" 200 36454 "-" "Mozilla/5.0 (compatible; DotBot/1.2; +https://opensiteexplorer.org/dotbot; help@moz.com)"
216.244.66.239 - - [08/Dec/2025:03:28:38 +0100] "GET /platby/uwoy9/north-korea-olympics-2016 HTTP/1.1" 200 44088 "-" "Mozilla/5.0 (compatible; DotBot/1.2; +https://opensiteexplorer.org/dotbot; help@moz.com)"
216.244.66.239 - - [08/Dec/2025:03:28:41 +0100] "GET /platby/aohwuyx/massage-therapist-school HTTP/1.1" 200 37466 "-" "Mozilla/5.0 (compatible; DotBot/1.2; +https://opensiteexplorer.org/dotbot; help@moz.com)"
216.244.66.239 - - [08/Dec/2025:03:28:43 +0100] "GET /platby/aohwuyx/nba-2k20-1996-draft-class HTTP/1.1" 200 33974 "-" "Mozilla/5.0 (compatible; DotBot/1.2; +https://opensiteexplorer.org/dotbot; help@moz.com)"
216.244.66.239 - - [08/Dec/2025:03:28:45 +0100] "GET /platby/uwoy9/bengals-draft-picks-2019 HTTP/1.1" 200 31959 "-" "Mozilla/5.0 (compatible; DotBot/1.2; +https://opensiteexplorer.org/dotbot; help@moz.com)"
216.244.66.239 - - [08/Dec/2025:03:28:46 +0100] "GET /platby/uwoy9/hugh-myddelton-primary-school-ofsted-report HTTP/1.1" 200 48173 "-" "Mozilla/5.0 (compatible; DotBot/1.2; +https://opensiteexplorer.org/dotbot; help@moz.com)"
47.128.122.106 - - [08/Dec/2025:03:28:47 +0100] "\x16\x03\x01\x06\xf5\x01" 403 265 "-" "-"
47.128.122.106 - - [08/Dec/2025:03:28:48 +0100] "\x16\x03\x01\x06\xd5\x01" 403 265 "-" "-"
