85.208.96.196 - - [09/Dec/2025:19:06:21 +0100] "GET /platby/aohwuyx/lego-pirates-of-the-caribbean-pc HTTP/1.1" 200 11228 "-" "Mozilla/5.0 (compatible; SemrushBot/7~bl; +http://www.semrush.com/bot.html)"
52.4.229.9 - - [09/Dec/2025:19:06:24 +0100] "GET /platby/72zbxoz/summer-basketball-clinics-near-me HTTP/1.1" 200 9922 "-" "Mozilla/5.0 AppleWebKit/537.36 (KHTML, like Gecko; compatible; Amazonbot/0.1; +https://developer.amazon.com/support/amazonbot) Chrome/119.0.6045.214 Safari/537.36"
85.208.96.210 - - [09/Dec/2025:19:06:24 +0100] "GET /platby/qqap/vector-magnitude-calculator-physics HTTP/1.1" 200 6213 "-" "Mozilla/5.0 (compatible; SemrushBot/7~bl; +http://www.semrush.com/bot.html)"
85.208.96.198 - - [09/Dec/2025:19:06:26 +0100] "GET /platby/aohwuyx/baby-swan-regulating-body-temperature HTTP/1.1" 200 17104 "-" "Mozilla/5.0 (compatible; SemrushBot/7~bl; +http://www.semrush.com/bot.html)"
54.84.161.62 - - [09/Dec/2025:19:06:30 +0100] "GET /platby/72zbxoz/black-locust-lumber-maine HTTP/1.1" 200 15277 "-" "Mozilla/5.0 AppleWebKit/537.36 (KHTML, like Gecko; compatible; Amazonbot/0.1; +https://developer.amazon.com/support/amazonbot) Chrome/119.0.6045.214 Safari/537.36"
98.84.60.17 - - [09/Dec/2025:19:06:32 +0100] "GET /platby/72zbxoz/sacred-heart-children's-hospital-jobs HTTP/1.1" 200 7874 "-" "Mozilla/5.0 AppleWebKit/537.36 (KHTML, like Gecko; compatible; Amazonbot/0.1; +https://developer.amazon.com/support/amazonbot) Chrome/119.0.6045.214 Safari/537.36"
185.191.171.10 - - [09/Dec/2025:19:06:35 +0100] "GET /platby/aohwuyx/chidinma-and-flavour-wedding HTTP/1.1" 200 12819 "-" "Mozilla/5.0 (compatible; SemrushBot/7~bl; +http://www.semrush.com/bot.html)"
52.200.58.199 - - [09/Dec/2025:19:06:35 +0100] "GET /platby/72zbxoz/united-natural-foods-sustainability HTTP/1.1" 200 8435 "-" "Mozilla/5.0 AppleWebKit/537.36 (KHTML, like Gecko; compatible; Amazonbot/0.1; +https://developer.amazon.com/support/amazonbot) Chrome/119.0.6045.214 Safari/537.36"
54.85.109.140 - - [09/Dec/2025:19:06:44 +0100] "GET /platby/72zbxoz/reading-eagle-reporters HTTP/1.1" 200 9400 "-" "Mozilla/5.0 AppleWebKit/537.36 (KHTML, like Gecko; compatible; Amazonbot/0.1; +https://developer.amazon.com/support/amazonbot) Chrome/119.0.6045.214 Safari/537.36"
54.147.238.89 - - [09/Dec/2025:19:06:46 +0100] "GET /platby/72zbxoz/village-school-marblehead-staff HTTP/1.1" 200 11448 "-" "Mozilla/5.0 AppleWebKit/537.36 (KHTML, like Gecko; compatible; Amazonbot/0.1; +https://developer.amazon.com/support/amazonbot) Chrome/119.0.6045.214 Safari/537.36"
100.29.155.89 - - [09/Dec/2025:19:06:48 +0100] "GET /platby/72zbxoz/zoey-and-sassafras-unicorns-and-germs-read-aloud HTTP/1.1" 200 9547 "-" "Mozilla/5.0 AppleWebKit/537.36 (KHTML, like Gecko; compatible; Amazonbot/0.1; +https://developer.amazon.com/support/amazonbot) Chrome/119.0.6045.214 Safari/537.36"
52.200.93.170 - - [09/Dec/2025:19:06:52 +0100] "GET /platby/72zbxoz/business-acumen-synonym HTTP/1.1" 200 12457 "-" "Mozilla/5.0 AppleWebKit/537.36 (KHTML, like Gecko; compatible; Amazonbot/0.1; +https://developer.amazon.com/support/amazonbot) Chrome/119.0.6045.214 Safari/537.36"
85.208.96.196 - - [09/Dec/2025:19:06:57 +0100] "GET /platby/hca/madison-bailey-partner HTTP/1.1" 200 9857 "-" "Mozilla/5.0 (compatible; SemrushBot/7~bl; +http://www.semrush.com/bot.html)"
85.208.96.194 - - [09/Dec/2025:19:07:10 +0100] "GET /platby/72zbxoz/gionee-max-5000mah-battery HTTP/1.1" 200 12805 "-" "Mozilla/5.0 (compatible; SemrushBot/7~bl; +http://www.semrush.com/bot.html)"
185.191.171.2 - - [09/Dec/2025:19:07:59 +0100] "GET /platby/72zbxoz/ghana-vs-germany-head-to-head HTTP/1.1" 200 13085 "-" "Mozilla/5.0 (compatible; SemrushBot/7~bl; +http://www.semrush.com/bot.html)"
185.191.171.6 - - [09/Dec/2025:19:08:38 +0100] "GET /platby/uwoy9/secret-of-mana-2-walkthrough HTTP/1.1" 200 15708 "-" "Mozilla/5.0 (compatible; SemrushBot/7~bl; +http://www.semrush.com/bot.html)"
85.208.96.199 - - [09/Dec/2025:19:09:03 +0100] "GET /platby/hca/pricked-by-thorn-swelling-treatment HTTP/1.1" 200 14254 "-" "Mozilla/5.0 (compatible; SemrushBot/7~bl; +http://www.semrush.com/bot.html)"
185.191.171.13 - - [09/Dec/2025:19:10:12 +0100] "GET /platby/qqap/lamborghini-background HTTP/1.1" 200 6553 "-" "Mozilla/5.0 (compatible; SemrushBot/7~bl; +http://www.semrush.com/bot.html)"
185.191.171.13 - - [09/Dec/2025:19:10:42 +0100] "GET /platby/qqap/lamborghini-background HTTP/1.1" 200 6553 "-" "Mozilla/5.0 (compatible; SemrushBot/7~bl; +http://www.semrush.com/bot.html)"
158.51.121.183 - - [09/Dec/2025:19:10:47 +0100] "\x16\x03\x01\x05\xf2\x01" 403 265 "-" "-"
158.51.121.183 - - [09/Dec/2025:19:10:49 +0100] "\x16\x03\x01\x05\xf2\x01" 403 265 "-" "-"
158.51.121.183 - - [09/Dec/2025:19:10:51 +0100] "\x16\x03\x01\x05\xf2\x01" 403 265 "-" "-"
158.51.121.183 - - [09/Dec/2025:19:10:53 +0100] "\x16\x03\x01\x05\xf2\x01" 403 265 "-" "-"
158.51.121.183 - - [09/Dec/2025:19:10:54 +0100] "\x16\x03\x01\x05\xf2\x01" 403 265 "-" "-"
158.51.121.183 - - [09/Dec/2025:19:10:55 +0100] "\x16\x03\x01\x05\xf2\x01" 403 265 "-" "-"
158.51.121.183 - - [09/Dec/2025:19:10:58 +0100] "\x16\x03\x01\x05\xf2\x01" 403 265 "-" "-"
158.51.121.183 - - [09/Dec/2025:19:11:00 +0100] "\x16\x03\x01\x05\xf2\x01" 403 265 "-" "-"
158.51.121.183 - - [09/Dec/2025:19:11:01 +0100] "\x16\x03\x01\x05\xf2\x01" 403 265 "-" "-"
158.51.121.183 - - [09/Dec/2025:19:11:02 +0100] "\x16\x03\x01\x05\xf2\x01" 403 265 "-" "-"
158.51.121.183 - - [09/Dec/2025:19:11:03 +0100] "\x16\x03\x01\x05\xf2\x01" 403 265 "-" "-"
158.51.121.183 - - [09/Dec/2025:19:11:05 +0100] "\x16\x03\x01\x05\xf2\x01" 403 265 "-" "-"
199.30.231.5 - - [09/Dec/2025:19:11:06 +0100] "\x16\x03\x01" 403 265 "-" "-"
158.51.121.183 - - [09/Dec/2025:19:11:07 +0100] "\x16\x03\x01\x05\xf2\x01" 403 265 "-" "-"
158.51.121.183 - - [09/Dec/2025:19:11:07 +0100] "\x16\x03\x01\x05\xf2\x01" 403 265 "-" "-"
158.51.121.183 - - [09/Dec/2025:19:11:08 +0100] "\x16\x03\x01\x05\xf2\x01" 403 265 "-" "-"
158.51.121.183 - - [09/Dec/2025:19:11:09 +0100] "\x16\x03\x01\x05\xf2\x01" 403 265 "-" "-"
158.51.121.183 - - [09/Dec/2025:19:11:10 +0100] "\x16\x03\x01\x05\xf2\x01" 403 265 "-" "-"
185.191.171.19 - - [09/Dec/2025:19:11:14 +0100] "GET /platby/72zbxoz/south-dakota-football-roster-2021 HTTP/1.1" 200 11372 "-" "Mozilla/5.0 (compatible; SemrushBot/7~bl; +http://www.semrush.com/bot.html)"
185.191.171.3 - - [09/Dec/2025:19:11:33 +0100] "GET /platby/qqap/quatre-vingts-ou-quatre-vingt HTTP/1.1" 200 11115 "-" "Mozilla/5.0 (compatible; SemrushBot/7~bl; +http://www.semrush.com/bot.html)"
85.208.96.193 - - [09/Dec/2025:19:11:37 +0100] "GET /platby/uwoy9/jrue-holiday-trade-grade HTTP/1.1" 200 10588 "-" "Mozilla/5.0 (compatible; SemrushBot/7~bl; +http://www.semrush.com/bot.html)"
185.191.171.6 - - [09/Dec/2025:19:11:39 +0100] "GET /platby/aohwuyx/what-is-general-relativity HTTP/1.1" 200 11948 "-" "Mozilla/5.0 (compatible; SemrushBot/7~bl; +http://www.semrush.com/bot.html)"
185.191.171.3 - - [09/Dec/2025:19:11:40 +0100] "GET /platby/hca/scarborough-fair-original HTTP/1.1" 200 11064 "-" "Mozilla/5.0 (compatible; SemrushBot/7~bl; +http://www.semrush.com/bot.html)"
85.208.96.204 - - [09/Dec/2025:19:11:42 +0100] "GET /platby/qqap/michael-jordan:-come-fly-with-me HTTP/1.1" 200 5291 "-" "Mozilla/5.0 (compatible; SemrushBot/7~bl; +http://www.semrush.com/bot.html)"
185.191.171.3 - - [09/Dec/2025:19:11:43 +0100] "GET /platby/qqap/qatar-sports-club-basketball HTTP/1.1" 200 12377 "-" "Mozilla/5.0 (compatible; SemrushBot/7~bl; +http://www.semrush.com/bot.html)"
85.208.96.201 - - [09/Dec/2025:19:11:45 +0100] "GET /platby/qqap/arena-football-league-salary HTTP/1.1" 200 11803 "-" "Mozilla/5.0 (compatible; SemrushBot/7~bl; +http://www.semrush.com/bot.html)"
85.208.96.198 - - [09/Dec/2025:19:11:46 +0100] "GET /platby/uwoy9/best-ifit-trainers-bike HTTP/1.1" 200 14517 "-" "Mozilla/5.0 (compatible; SemrushBot/7~bl; +http://www.semrush.com/bot.html)"
85.208.96.204 - - [09/Dec/2025:19:11:48 +0100] "GET /platby/hca/what-is-radio-broadcasting HTTP/1.1" 200 7324 "-" "Mozilla/5.0 (compatible; SemrushBot/7~bl; +http://www.semrush.com/bot.html)"
185.191.171.8 - - [09/Dec/2025:19:11:50 +0100] "GET /platby/qqap/magnitude-of-force-formula HTTP/1.1" 200 6932 "-" "Mozilla/5.0 (compatible; SemrushBot/7~bl; +http://www.semrush.com/bot.html)"
85.208.96.202 - - [09/Dec/2025:19:11:51 +0100] "GET /platby/uwoy9/body-solid-exm2500s-home-gym HTTP/1.1" 200 10180 "-" "Mozilla/5.0 (compatible; SemrushBot/7~bl; +http://www.semrush.com/bot.html)"
185.191.171.16 - - [09/Dec/2025:19:11:53 +0100] "GET /platby/qqap/emmanuel-sanders-height HTTP/1.1" 200 9388 "-" "Mozilla/5.0 (compatible; SemrushBot/7~bl; +http://www.semrush.com/bot.html)"
85.208.96.193 - - [09/Dec/2025:19:11:54 +0100] "GET /platby/qqap/titans-defensive-coordinator-2021 HTTP/1.1" 200 6338 "-" "Mozilla/5.0 (compatible; SemrushBot/7~bl; +http://www.semrush.com/bot.html)"
185.191.171.11 - - [09/Dec/2025:19:11:56 +0100] "GET /platby/qqap/importance-of-listening-in-business-communication HTTP/1.1" 200 7547 "-" "Mozilla/5.0 (compatible; SemrushBot/7~bl; +http://www.semrush.com/bot.html)"
85.208.96.208 - - [09/Dec/2025:19:11:58 +0100] "GET /platby/qqap/define-consciousness-in-psychology HTTP/1.1" 200 7000 "-" "Mozilla/5.0 (compatible; SemrushBot/7~bl; +http://www.semrush.com/bot.html)"
185.191.171.12 - - [09/Dec/2025:19:12:00 +0100] "GET /platby/hca/buddha-quotes-on-mindfulness HTTP/1.1" 200 11605 "-" "Mozilla/5.0 (compatible; SemrushBot/7~bl; +http://www.semrush.com/bot.html)"
85.208.96.193 - - [09/Dec/2025:19:12:02 +0100] "GET /platby/uwoy9/wimbledon-high-school-uniform HTTP/1.1" 200 12481 "-" "Mozilla/5.0 (compatible; SemrushBot/7~bl; +http://www.semrush.com/bot.html)"
85.208.96.201 - - [09/Dec/2025:19:12:05 +0100] "GET /platby/72zbxoz/scissor-kicks-benefits HTTP/1.1" 200 12645 "-" "Mozilla/5.0 (compatible; SemrushBot/7~bl; +http://www.semrush.com/bot.html)"
78.153.140.222 - - [09/Dec/2025:19:12:16 +0100] "\x16\x03\x01" 403 265 "-" "-"
78.153.140.222 - - [09/Dec/2025:19:12:16 +0100] "\x16\x03\x01" 403 265 "-" "-"
85.208.96.197 - - [09/Dec/2025:19:12:38 +0100] "GET /platby/72zbxoz/education-court-cases-involving-teachers HTTP/1.1" 200 8620 "-" "Mozilla/5.0 (compatible; SemrushBot/7~bl; +http://www.semrush.com/bot.html)"
85.208.96.201 - - [09/Dec/2025:19:12:41 +0100] "GET /platby/uwoy9/gliac-volleyball-tournament-2021-bracket HTTP/1.1" 200 10154 "-" "Mozilla/5.0 (compatible; SemrushBot/7~bl; +http://www.semrush.com/bot.html)"
185.191.171.2 - - [09/Dec/2025:19:12:51 +0100] "GET /platby/aohwuyx/rephrase-thesis-statement-generator HTTP/1.1" 200 12590 "-" "Mozilla/5.0 (compatible; SemrushBot/7~bl; +http://www.semrush.com/bot.html)"
85.208.96.201 - - [09/Dec/2025:19:13:02 +0100] "GET /platby/uwoy9/meditation-minis-podcast HTTP/1.1" 200 7788 "-" "Mozilla/5.0 (compatible; SemrushBot/7~bl; +http://www.semrush.com/bot.html)"
85.208.96.212 - - [09/Dec/2025:19:13:33 +0100] "GET /platby/qqap/role-of-teacher-in-science-education HTTP/1.1" 200 9427 "-" "Mozilla/5.0 (compatible; SemrushBot/7~bl; +http://www.semrush.com/bot.html)"
185.191.171.2 - - [09/Dec/2025:19:13:37 +0100] "GET /platby/hca/boyertown-high-school HTTP/1.1" 200 7238 "-" "Mozilla/5.0 (compatible; SemrushBot/7~bl; +http://www.semrush.com/bot.html)"
85.208.96.204 - - [09/Dec/2025:19:13:41 +0100] "GET /platby/uwoy9/gradient-of-position-vector HTTP/1.1" 200 12374 "-" "Mozilla/5.0 (compatible; SemrushBot/7~bl; +http://www.semrush.com/bot.html)"
185.191.171.1 - - [09/Dec/2025:19:13:51 +0100] "GET /platby/uwoy9/richard-webb-architect HTTP/1.1" 200 12501 "-" "Mozilla/5.0 (compatible; SemrushBot/7~bl; +http://www.semrush.com/bot.html)"
85.208.96.202 - - [09/Dec/2025:19:13:58 +0100] "GET /platby/72zbxoz/sourcetree-alternative HTTP/1.1" 200 12671 "-" "Mozilla/5.0 (compatible; SemrushBot/7~bl; +http://www.semrush.com/bot.html)"
85.208.96.208 - - [09/Dec/2025:19:14:09 +0100] "GET /platby/aohwuyx/what-is-included-in-hoyts-lux-ticket HTTP/1.1" 200 10868 "-" "Mozilla/5.0 (compatible; SemrushBot/7~bl; +http://www.semrush.com/bot.html)"
147.185.132.117 - - [09/Dec/2025:19:14:10 +0100] "GET / HTTP/1.1" 200 520 "-" "Hello from Palo Alto Networks, find out more about our scans in https://docs-cortex.paloaltonetworks.com/r/1/Cortex-Xpanse/Scanning-activity"
85.208.96.204 - - [09/Dec/2025:19:14:11 +0100] "GET /platby/qqap/extended-family-in-a-sentence HTTP/1.1" 200 6802 "-" "Mozilla/5.0 (compatible; SemrushBot/7~bl; +http://www.semrush.com/bot.html)"
185.191.171.10 - - [09/Dec/2025:19:14:25 +0100] "GET /platby/uwoy9/comparative-form-of-intelligent HTTP/1.1" 200 9376 "-" "Mozilla/5.0 (compatible; SemrushBot/7~bl; +http://www.semrush.com/bot.html)"
185.191.171.3 - - [09/Dec/2025:19:14:50 +0100] "GET /platby/72zbxoz/atlanta-falcons-defensive-stats HTTP/1.1" 200 12403 "-" "Mozilla/5.0 (compatible; SemrushBot/7~bl; +http://www.semrush.com/bot.html)"
185.191.171.6 - - [09/Dec/2025:19:14:54 +0100] "GET /platby/aohwuyx/fib-extensions-vs-retracements HTTP/1.1" 200 11566 "-" "Mozilla/5.0 (compatible; SemrushBot/7~bl; +http://www.semrush.com/bot.html)"
185.191.171.2 - - [09/Dec/2025:19:14:56 +0100] "GET /platby/72zbxoz/scale-venture-partners-aum HTTP/1.1" 200 9419 "-" "Mozilla/5.0 (compatible; SemrushBot/7~bl; +http://www.semrush.com/bot.html)"
185.191.171.3 - - [09/Dec/2025:19:15:16 +0100] "GET /platby/qqap/medgar-evers-children HTTP/1.1" 200 6337 "-" "Mozilla/5.0 (compatible; SemrushBot/7~bl; +http://www.semrush.com/bot.html)"
85.208.96.203 - - [09/Dec/2025:19:16:09 +0100] "GET /platby/72zbxoz/james-cook-university HTTP/1.1" 200 7786 "-" "Mozilla/5.0 (compatible; SemrushBot/7~bl; +http://www.semrush.com/bot.html)"
185.191.171.7 - - [09/Dec/2025:19:17:03 +0100] "GET /platby/uwoy9/medical-dispensary-near-me HTTP/1.1" 200 9316 "-" "Mozilla/5.0 (compatible; SemrushBot/7~bl; +http://www.semrush.com/bot.html)"
18.97.19.232 - - [09/Dec/2025:19:17:32 +0100] "GET /" 400 468 "-" "-"
18.97.19.232 - - [09/Dec/2025:19:17:33 +0100] "GET /" 400 468 "-" "-"
18.97.19.232 - - [09/Dec/2025:19:17:40 +0100] "GET /" 400 468 "-" "-"
199.30.231.5 - - [09/Dec/2025:19:18:21 +0100] "\x16\x03\x01" 403 265 "-" "-"
185.191.171.7 - - [09/Dec/2025:19:18:28 +0100] "GET /platby/uwoy9/medical-dispensary-near-me HTTP/1.1" 200 9316 "-" "Mozilla/5.0 (compatible; SemrushBot/7~bl; +http://www.semrush.com/bot.html)"
204.76.203.212 - - [09/Dec/2025:19:19:43 +0100] "GET /" 400 468 "-" "-"
51.68.186.52 - - [09/Dec/2025:19:19:45 +0100] "\x16\x03\x01\x02" 403 265 "-" "-"
85.208.96.209 - - [09/Dec/2025:19:19:49 +0100] "GET /platby/aohwuyx/chocolate-quotes-for-boyfriend HTTP/1.1" 200 11036 "-" "Mozilla/5.0 (compatible; SemrushBot/7~bl; +http://www.semrush.com/bot.html)"
85.208.96.209 - - [09/Dec/2025:19:20:46 +0100] "GET /platby/aohwuyx/chocolate-quotes-for-boyfriend HTTP/1.1" 200 11036 "-" "Mozilla/5.0 (compatible; SemrushBot/7~bl; +http://www.semrush.com/bot.html)"
199.30.231.5 - - [09/Dec/2025:19:20:48 +0100] "\x16\x03\x01" 403 265 "-" "-"
185.191.171.15 - - [09/Dec/2025:19:20:56 +0100] "GET /platby/uwoy9/ome753-systems-engineering-mcq-pdf HTTP/1.1" 200 13904 "-" "Mozilla/5.0 (compatible; SemrushBot/7~bl; +http://www.semrush.com/bot.html)"
114.119.152.142 - - [09/Dec/2025:19:21:04 +0100] "GET /platby/uwoy9/how-much-does-a-violin-bow-cost HTTP/1.1" 200 13887 "http://ispc.klape.eu/platby/uwoy9/how-much-does-a-violin-bow-cost" "Mozilla/5.0 (Linux; Android 7.0;) AppleWebKit/537.36 (KHTML, like Gecko) Mobile Safari/537.36 (compatible; PetalBot;+https://webmaster.petalsearch.com/site/petalbot)"
185.191.171.15 - - [09/Dec/2025:19:21:13 +0100] "GET /platby/uwoy9/ome753-systems-engineering-mcq-pdf HTTP/1.1" 200 13904 "-" "Mozilla/5.0 (compatible; SemrushBot/7~bl; +http://www.semrush.com/bot.html)"
114.119.139.112 - - [09/Dec/2025:19:21:51 +0100] "GET /platby/hca/illinois-basketball-roster-2021-22 HTTP/1.1" 200 9843 "http://ispc.klape.eu/platby/hca/illinois-basketball-roster-2021-22" "Mozilla/5.0 (Linux; Android 7.0;) AppleWebKit/537.36 (KHTML, like Gecko) Mobile Safari/537.36 (compatible; PetalBot;+https://webmaster.petalsearch.com/site/petalbot)"
185.191.171.17 - - [09/Dec/2025:19:21:52 +0100] "GET /platby/72zbxoz/andrew-wiggins-kobe-bryant HTTP/1.1" 200 11400 "-" "Mozilla/5.0 (compatible; SemrushBot/7~bl; +http://www.semrush.com/bot.html)"
85.208.96.198 - - [09/Dec/2025:19:22:06 +0100] "GET /platby/hca/sounders-payroll-2021 HTTP/1.1" 200 11856 "-" "Mozilla/5.0 (compatible; SemrushBot/7~bl; +http://www.semrush.com/bot.html)"
185.191.171.13 - - [09/Dec/2025:19:22:10 +0100] "GET /platby/uwoy9/snellville-shooting-today HTTP/1.1" 200 12908 "-" "Mozilla/5.0 (compatible; SemrushBot/7~bl; +http://www.semrush.com/bot.html)"
185.191.171.7 - - [09/Dec/2025:19:22:12 +0100] "GET /platby/72zbxoz/training-plan-change-management HTTP/1.1" 200 15848 "-" "Mozilla/5.0 (compatible; SemrushBot/7~bl; +http://www.semrush.com/bot.html)"
85.208.96.207 - - [09/Dec/2025:19:22:14 +0100] "GET /platby/qqap/bird-pronunciation-dictionary HTTP/1.1" 200 12416 "-" "Mozilla/5.0 (compatible; SemrushBot/7~bl; +http://www.semrush.com/bot.html)"
185.191.171.15 - - [09/Dec/2025:19:22:15 +0100] "GET /platby/hca/signs-he-thinks-you're-beautiful HTTP/1.1" 200 6826 "-" "Mozilla/5.0 (compatible; SemrushBot/7~bl; +http://www.semrush.com/bot.html)"
185.191.171.17 - - [09/Dec/2025:19:22:17 +0100] "GET /platby/hca/oneplus-always-on-display-apk HTTP/1.1" 200 8252 "-" "Mozilla/5.0 (compatible; SemrushBot/7~bl; +http://www.semrush.com/bot.html)"
185.191.171.17 - - [09/Dec/2025:19:22:18 +0100] "GET /platby/hca/jingle-jangle-budget-cost HTTP/1.1" 200 14239 "-" "Mozilla/5.0 (compatible; SemrushBot/7~bl; +http://www.semrush.com/bot.html)"
185.191.171.8 - - [09/Dec/2025:19:22:20 +0100] "GET /platby/uwoy9/perth-glory-vs-western-united-previous-results HTTP/1.1" 200 13560 "-" "Mozilla/5.0 (compatible; SemrushBot/7~bl; +http://www.semrush.com/bot.html)"
85.208.96.205 - - [09/Dec/2025:19:22:21 +0100] "GET /platby/uwoy9/train-the-trainer-diversity-and-inclusion HTTP/1.1" 200 10512 "-" "Mozilla/5.0 (compatible; SemrushBot/7~bl; +http://www.semrush.com/bot.html)"
204.76.203.206 - - [09/Dec/2025:19:22:23 +0100] "GET /" 400 468 "-" "-"
85.208.96.201 - - [09/Dec/2025:19:22:24 +0100] "GET /platby/72zbxoz/jasper-cillessen-euro-2021 HTTP/1.1" 200 12070 "-" "Mozilla/5.0 (compatible; SemrushBot/7~bl; +http://www.semrush.com/bot.html)"
85.208.96.209 - - [09/Dec/2025:19:22:25 +0100] "GET /platby/72zbxoz/key-figure-in-the-stonewall-uprising HTTP/1.1" 200 7474 "-" "Mozilla/5.0 (compatible; SemrushBot/7~bl; +http://www.semrush.com/bot.html)"
185.191.171.15 - - [09/Dec/2025:19:22:28 +0100] "GET /platby/hca/huawei-volume-button-settings HTTP/1.1" 200 9155 "-" "Mozilla/5.0 (compatible; SemrushBot/7~bl; +http://www.semrush.com/bot.html)"
185.191.171.12 - - [09/Dec/2025:19:22:30 +0100] "GET /platby/qqap/termination-with-cause-vs-without-cause HTTP/1.1" 200 10457 "-" "Mozilla/5.0 (compatible; SemrushBot/7~bl; +http://www.semrush.com/bot.html)"
85.208.96.199 - - [09/Dec/2025:19:22:32 +0100] "GET /platby/72zbxoz/benban-solar-park-2020 HTTP/1.1" 200 9437 "-" "Mozilla/5.0 (compatible; SemrushBot/7~bl; +http://www.semrush.com/bot.html)"
85.208.96.208 - - [09/Dec/2025:19:22:35 +0100] "GET /platby/uwoy9/zion-williamson-photos HTTP/1.1" 200 11018 "-" "Mozilla/5.0 (compatible; SemrushBot/7~bl; +http://www.semrush.com/bot.html)"
185.191.171.16 - - [09/Dec/2025:19:22:36 +0100] "GET /platby/hca/what-is-electricity-for-grade-6 HTTP/1.1" 200 7976 "-" "Mozilla/5.0 (compatible; SemrushBot/7~bl; +http://www.semrush.com/bot.html)"
85.208.96.196 - - [09/Dec/2025:19:22:37 +0100] "GET /platby/uwoy9/venetian-closing-again HTTP/1.1" 200 11164 "-" "Mozilla/5.0 (compatible; SemrushBot/7~bl; +http://www.semrush.com/bot.html)"
185.191.171.5 - - [09/Dec/2025:19:22:39 +0100] "GET /platby/hca/umass-lowell-softball-division HTTP/1.1" 200 8441 "-" "Mozilla/5.0 (compatible; SemrushBot/7~bl; +http://www.semrush.com/bot.html)"
185.191.171.17 - - [09/Dec/2025:19:22:41 +0100] "GET /platby/qqap/documentaries-about-siberia HTTP/1.1" 200 7510 "-" "Mozilla/5.0 (compatible; SemrushBot/7~bl; +http://www.semrush.com/bot.html)"
185.191.171.11 - - [09/Dec/2025:19:22:42 +0100] "GET /platby/hca/how-to-use-alight-motion-presets HTTP/1.1" 200 8022 "-" "Mozilla/5.0 (compatible; SemrushBot/7~bl; +http://www.semrush.com/bot.html)"
114.119.130.237 - - [09/Dec/2025:19:22:46 +0100] "GET /platby/article.php?5d4c26=treasure-planet-book HTTP/1.1" 200 5734 "http://ispc.klape.eu/platby/article.php?5d4c26=patagonia-chile-weather-november" "Mozilla/5.0 (Linux; Android 7.0;) AppleWebKit/537.36 (KHTML, like Gecko) Mobile Safari/537.36 (compatible; PetalBot;+https://webmaster.petalsearch.com/site/petalbot)"
85.208.96.197 - - [09/Dec/2025:19:22:46 +0100] "GET /platby/uwoy9/umd-office-of-registrar-contact HTTP/1.1" 200 7696 "-" "Mozilla/5.0 (compatible; SemrushBot/7~bl; +http://www.semrush.com/bot.html)"
85.208.96.196 - - [09/Dec/2025:19:22:49 +0100] "GET /platby/hca/castro-theater-sing-along HTTP/1.1" 200 10600 "-" "Mozilla/5.0 (compatible; SemrushBot/7~bl; +http://www.semrush.com/bot.html)"
185.191.171.15 - - [09/Dec/2025:19:22:51 +0100] "GET /platby/aohwuyx/necklace-with-picture-locket HTTP/1.1" 200 10193 "-" "Mozilla/5.0 (compatible; SemrushBot/7~bl; +http://www.semrush.com/bot.html)"
85.208.96.212 - - [09/Dec/2025:19:23:04 +0100] "GET /platby/uwoy9/yellow-chick-with-black-spot-on-head HTTP/1.1" 200 8982 "-" "Mozilla/5.0 (compatible; SemrushBot/7~bl; +http://www.semrush.com/bot.html)"
185.191.171.12 - - [09/Dec/2025:19:23:06 +0100] "GET /platby/aohwuyx/yumichika-bankai-theory HTTP/1.1" 200 14823 "-" "Mozilla/5.0 (compatible; SemrushBot/7~bl; +http://www.semrush.com/bot.html)"
185.191.171.11 - - [09/Dec/2025:19:23:09 +0100] "GET /platby/hca/style-savvy:-trendsetters HTTP/1.1" 200 11470 "-" "Mozilla/5.0 (compatible; SemrushBot/7~bl; +http://www.semrush.com/bot.html)"
85.208.96.197 - - [09/Dec/2025:19:23:11 +0100] "GET /platby/72zbxoz/bettinardi-putters-south-africa HTTP/1.1" 200 12209 "-" "Mozilla/5.0 (compatible; SemrushBot/7~bl; +http://www.semrush.com/bot.html)"
185.191.171.14 - - [09/Dec/2025:19:23:13 +0100] "GET /platby/72zbxoz/cineplex-store-promo-code HTTP/1.1" 200 9446 "-" "Mozilla/5.0 (compatible; SemrushBot/7~bl; +http://www.semrush.com/bot.html)"
85.208.96.209 - - [09/Dec/2025:19:23:14 +0100] "GET /platby/qqap/gold-crown-basketball-camp-2021 HTTP/1.1" 200 7684 "-" "Mozilla/5.0 (compatible; SemrushBot/7~bl; +http://www.semrush.com/bot.html)"
185.191.171.9 - - [09/Dec/2025:19:23:16 +0100] "GET /platby/aohwuyx/agriculture-activities HTTP/1.1" 200 12089 "-" "Mozilla/5.0 (compatible; SemrushBot/7~bl; +http://www.semrush.com/bot.html)"
85.208.96.206 - - [09/Dec/2025:19:23:18 +0100] "GET /platby/hca/idaho-state-university-football-roster-2021 HTTP/1.1" 200 10830 "-" "Mozilla/5.0 (compatible; SemrushBot/7~bl; +http://www.semrush.com/bot.html)"
85.208.96.206 - - [09/Dec/2025:19:23:20 +0100] "GET /platby/uwoy9/billy-cobham-allmusic HTTP/1.1" 200 8811 "-" "Mozilla/5.0 (compatible; SemrushBot/7~bl; +http://www.semrush.com/bot.html)"
85.208.96.209 - - [09/Dec/2025:19:23:22 +0100] "GET /platby/qqap/authorization:-bearer-token-example HTTP/1.1" 200 7044 "-" "Mozilla/5.0 (compatible; SemrushBot/7~bl; +http://www.semrush.com/bot.html)"
85.208.96.212 - - [09/Dec/2025:19:23:28 +0100] "GET /platby/uwoy9/depeche-violator-vinyl HTTP/1.1" 200 12847 "-" "Mozilla/5.0 (compatible; SemrushBot/7~bl; +http://www.semrush.com/bot.html)"
85.208.96.194 - - [09/Dec/2025:19:23:30 +0100] "GET /robots.txt HTTP/1.1" 200 54 "-" "Mozilla/5.0 (compatible; SemrushBot/7~bl; +http://www.semrush.com/bot.html)"
185.191.171.12 - - [09/Dec/2025:19:23:30 +0100] "GET /platby/hca/unc-charlotte-baseball-camp-2021 HTTP/1.1" 200 10970 "-" "Mozilla/5.0 (compatible; SemrushBot/7~bl; +http://www.semrush.com/bot.html)"
185.191.171.11 - - [09/Dec/2025:19:23:33 +0100] "GET /platby/72zbxoz/terrell-owens-hall-of-fame HTTP/1.1" 200 8187 "-" "Mozilla/5.0 (compatible; SemrushBot/7~bl; +http://www.semrush.com/bot.html)"
185.191.171.7 - - [09/Dec/2025:19:23:50 +0100] "GET /platby/uwoy9/smithsonian-logo-vector HTTP/1.1" 200 11628 "-" "Mozilla/5.0 (compatible; SemrushBot/7~bl; +http://www.semrush.com/bot.html)"
85.208.96.203 - - [09/Dec/2025:19:23:57 +0100] "GET /platby/hca/huawei-histen-equalizer-best-settings HTTP/1.1" 200 11003 "-" "Mozilla/5.0 (compatible; SemrushBot/7~bl; +http://www.semrush.com/bot.html)"
204.76.203.206 - - [09/Dec/2025:19:24:07 +0100] "GET / HTTP/1.1" 200 316 "-" "Mozilla/5.0 (Windows NT 10.0; Win64; x64) AppleWebKit/537.36 (KHTML, like Gecko) Chrome/90.0.4430.85 Safari/537.36 Edg/90.0.818.46"
85.208.96.197 - - [09/Dec/2025:19:24:23 +0100] "GET /platby/hca/greatest-actors-of-all-time-list HTTP/1.1" 200 7765 "-" "Mozilla/5.0 (compatible; SemrushBot/7~bl; +http://www.semrush.com/bot.html)"
185.191.171.16 - - [09/Dec/2025:19:24:30 +0100] "GET /platby/72zbxoz/creating-a-website-for-your-business HTTP/1.1" 200 13769 "-" "Mozilla/5.0 (compatible; SemrushBot/7~bl; +http://www.semrush.com/bot.html)"
185.191.171.15 - - [09/Dec/2025:19:24:58 +0100] "GET /platby/hca/what-is-indigenous-people HTTP/1.1" 200 6565 "-" "Mozilla/5.0 (compatible; SemrushBot/7~bl; +http://www.semrush.com/bot.html)"
185.191.171.17 - - [09/Dec/2025:19:25:23 +0100] "GET /platby/uwoy9/personalized-happy-birthday-yard-signs HTTP/1.1" 200 9305 "-" "Mozilla/5.0 (compatible; SemrushBot/7~bl; +http://www.semrush.com/bot.html)"
185.191.171.14 - - [09/Dec/2025:19:26:24 +0100] "GET /platby/uwoy9/can't-take-my-eyes-off-you-modern-version HTTP/1.1" 200 14300 "-" "Mozilla/5.0 (compatible; SemrushBot/7~bl; +http://www.semrush.com/bot.html)"
85.208.96.194 - - [09/Dec/2025:19:26:48 +0100] "GET /platby/hca/guardians-of-ga'hoole-summary HTTP/1.1" 200 8577 "-" "Mozilla/5.0 (compatible; SemrushBot/7~bl; +http://www.semrush.com/bot.html)"
185.191.171.14 - - [09/Dec/2025:19:27:00 +0100] "GET /platby/aohwuyx/benediction-discography HTTP/1.1" 200 10529 "-" "Mozilla/5.0 (compatible; SemrushBot/7~bl; +http://www.semrush.com/bot.html)"
185.191.171.8 - - [09/Dec/2025:19:27:06 +0100] "GET /platby/uwoy9/david-holthouse-birthday HTTP/1.1" 200 10261 "-" "Mozilla/5.0 (compatible; SemrushBot/7~bl; +http://www.semrush.com/bot.html)"
185.191.171.18 - - [09/Dec/2025:19:27:12 +0100] "GET /platby/uwoy9/stay-with-me----miki-matsubara-guitar-tabs HTTP/1.1" 200 11165 "-" "Mozilla/5.0 (compatible; SemrushBot/7~bl; +http://www.semrush.com/bot.html)"
205.210.31.223 - - [09/Dec/2025:19:27:17 +0100] "\x16\x03\x02\x01o\x01" 403 265 "-" "-"
185.191.171.10 - - [09/Dec/2025:19:27:17 +0100] "GET /platby/hca/pixel-3-proximity-sensor-replacement HTTP/1.1" 200 12369 "-" "Mozilla/5.0 (compatible; SemrushBot/7~bl; +http://www.semrush.com/bot.html)"
185.191.171.6 - - [09/Dec/2025:19:27:19 +0100] "GET /platby/hca/ohio-state-basketball-schedule HTTP/1.1" 200 10589 "-" "Mozilla/5.0 (compatible; SemrushBot/7~bl; +http://www.semrush.com/bot.html)"
85.208.96.195 - - [09/Dec/2025:19:27:20 +0100] "GET /platby/hca/willard-elementary-school-evanston HTTP/1.1" 200 9038 "-" "Mozilla/5.0 (compatible; SemrushBot/7~bl; +http://www.semrush.com/bot.html)"
185.191.171.12 - - [09/Dec/2025:19:27:22 +0100] "GET /platby/aohwuyx/venetian-luxury-suite-vs-bella-suite HTTP/1.1" 200 14644 "-" "Mozilla/5.0 (compatible; SemrushBot/7~bl; +http://www.semrush.com/bot.html)"
185.191.171.12 - - [09/Dec/2025:19:27:24 +0100] "GET /platby/72zbxoz/icon-motorcycle-jacket HTTP/1.1" 200 12743 "-" "Mozilla/5.0 (compatible; SemrushBot/7~bl; +http://www.semrush.com/bot.html)"
85.208.96.193 - - [09/Dec/2025:19:27:25 +0100] "GET /platby/72zbxoz/wyndham-grand-desert-presidential-suite HTTP/1.1" 200 10902 "-" "Mozilla/5.0 (compatible; SemrushBot/7~bl; +http://www.semrush.com/bot.html)"
85.208.96.193 - - [09/Dec/2025:19:27:31 +0100] "GET /platby/hca/stowe-mountain-resort HTTP/1.1" 200 11266 "-" "Mozilla/5.0 (compatible; SemrushBot/7~bl; +http://www.semrush.com/bot.html)"
85.208.96.204 - - [09/Dec/2025:19:27:47 +0100] "GET /platby/uwoy9/alcatel-linkzone-2-troubleshooting HTTP/1.1" 200 14225 "-" "Mozilla/5.0 (compatible; SemrushBot/7~bl; +http://www.semrush.com/bot.html)"
185.191.171.17 - - [09/Dec/2025:19:28:21 +0100] "GET /platby/hca/penstemon-digitalis-mystica HTTP/1.1" 200 12856 "-" "Mozilla/5.0 (compatible; SemrushBot/7~bl; +http://www.semrush.com/bot.html)"
185.191.171.17 - - [09/Dec/2025:19:28:39 +0100] "GET /platby/uwoy9/vegan-restaurants-downtown-austin HTTP/1.1" 200 10036 "-" "Mozilla/5.0 (compatible; SemrushBot/7~bl; +http://www.semrush.com/bot.html)"
141.98.11.170 - - [09/Dec/2025:19:28:45 +0100] "GET /" 400 468 "-" "-"
85.208.96.196 - - [09/Dec/2025:19:28:51 +0100] "GET /platby/uwoy9/performative-vs-authentic-allyship HTTP/1.1" 200 12601 "-" "Mozilla/5.0 (compatible; SemrushBot/7~bl; +http://www.semrush.com/bot.html)"
85.208.96.201 - - [09/Dec/2025:19:28:55 +0100] "GET /platby/uwoy9/love-marriage-divorce-kdrama-cast HTTP/1.1" 200 13051 "-" "Mozilla/5.0 (compatible; SemrushBot/7~bl; +http://www.semrush.com/bot.html)"
85.208.96.212 - - [09/Dec/2025:19:28:59 +0100] "GET /platby/72zbxoz/villanova-college-swimming HTTP/1.1" 200 7297 "-" "Mozilla/5.0 (compatible; SemrushBot/7~bl; +http://www.semrush.com/bot.html)"
85.208.96.206 - - [09/Dec/2025:19:29:14 +0100] "GET /platby/aohwuyx/fifa-21-north-american-players-career-mode HTTP/1.1" 200 11862 "-" "Mozilla/5.0 (compatible; SemrushBot/7~bl; +http://www.semrush.com/bot.html)"
85.208.96.196 - - [09/Dec/2025:19:29:49 +0100] "GET /platby/uwoy9/importance-of-rest-and-sleep-ppt HTTP/1.1" 200 8960 "-" "Mozilla/5.0 (compatible; SemrushBot/7~bl; +http://www.semrush.com/bot.html)"
185.191.171.13 - - [09/Dec/2025:19:29:51 +0100] "GET /platby/72zbxoz/feral-humans-national-parks-documentary HTTP/1.1" 200 13518 "-" "Mozilla/5.0 (compatible; SemrushBot/7~bl; +http://www.semrush.com/bot.html)"
85.208.96.196 - - [09/Dec/2025:19:29:54 +0100] "GET /platby/hca/teachers'-rights-and-responsibilities-pdf HTTP/1.1" 200 7383 "-" "Mozilla/5.0 (compatible; SemrushBot/7~bl; +http://www.semrush.com/bot.html)"
85.208.96.207 - - [09/Dec/2025:19:30:05 +0100] "GET /platby/aohwuyx/hottest-temperature-in-alaska-2020 HTTP/1.1" 200 8040 "-" "Mozilla/5.0 (compatible; SemrushBot/7~bl; +http://www.semrush.com/bot.html)"
185.191.171.15 - - [09/Dec/2025:19:30:24 +0100] "GET /platby/72zbxoz/ncaa-track-and-field-championships-2021-tv-schedule HTTP/1.1" 200 9390 "-" "Mozilla/5.0 (compatible; SemrushBot/7~bl; +http://www.semrush.com/bot.html)"
45.9.168.192 - - [09/Dec/2025:19:31:15 +0100] "POST /FD873AC4-CF86-4FED-84EC-4BD59C6F17A7 HTTP/1.1" 404 300 "-" "Mozilla/4.0 (compatible; MSIE 6.0; Windows NT 5.1)"
185.191.171.11 - - [09/Dec/2025:19:31:18 +0100] "GET /platby/qqap/scalp-micropigmentation-houston-cost HTTP/1.1" 200 8827 "-" "Mozilla/5.0 (compatible; SemrushBot/7~bl; +http://www.semrush.com/bot.html)"
45.148.10.160 - - [09/Dec/2025:19:31:26 +0100] "\x16\x03\x01\x05\xbb\x01" 403 265 "-" "-"
45.148.10.160 - - [09/Dec/2025:19:31:37 +0100] "\x16\x03\x01\x05\xbb\x01" 403 265 "-" "-"
45.148.10.160 - - [09/Dec/2025:19:31:38 +0100] "\x16\x03\x01\x05\xbb\x01" 403 265 "-" "-"
185.191.171.11 - - [09/Dec/2025:19:32:05 +0100] "GET /platby/qqap/scalp-micropigmentation-houston-cost HTTP/1.1" 200 8827 "-" "Mozilla/5.0 (compatible; SemrushBot/7~bl; +http://www.semrush.com/bot.html)"
85.208.96.196 - - [09/Dec/2025:19:32:15 +0100] "GET /platby/qqap/city-classification-by-population HTTP/1.1" 200 13478 "-" "Mozilla/5.0 (compatible; SemrushBot/7~bl; +http://www.semrush.com/bot.html)"
185.191.171.13 - - [09/Dec/2025:19:32:23 +0100] "GET /platby/qqap/sharepoint-permissions-by-metadata HTTP/1.1" 200 8277 "-" "Mozilla/5.0 (compatible; SemrushBot/7~bl; +http://www.semrush.com/bot.html)"
185.191.171.14 - - [09/Dec/2025:19:32:26 +0100] "GET /platby/aohwuyx/how-long-do-geese-sleep-at-night HTTP/1.1" 200 9706 "-" "Mozilla/5.0 (compatible; SemrushBot/7~bl; +http://www.semrush.com/bot.html)"
85.208.96.206 - - [09/Dec/2025:19:32:28 +0100] "GET /platby/qqap/renewable-energy-jobs-for-freshers HTTP/1.1" 200 7605 "-" "Mozilla/5.0 (compatible; SemrushBot/7~bl; +http://www.semrush.com/bot.html)"
185.191.171.4 - - [09/Dec/2025:19:32:33 +0100] "GET /platby/72zbxoz/made-easy-aptitude-book-2022 HTTP/1.1" 200 14150 "-" "Mozilla/5.0 (compatible; SemrushBot/7~bl; +http://www.semrush.com/bot.html)"
185.191.171.12 - - [09/Dec/2025:19:32:35 +0100] "GET /platby/72zbxoz/how-to-check-if-refresh-token-expired HTTP/1.1" 200 9132 "-" "Mozilla/5.0 (compatible; SemrushBot/7~bl; +http://www.semrush.com/bot.html)"
185.191.171.14 - - [09/Dec/2025:19:32:37 +0100] "GET /platby/qqap/quality-engineering-in-production-design HTTP/1.1" 200 7134 "-" "Mozilla/5.0 (compatible; SemrushBot/7~bl; +http://www.semrush.com/bot.html)"
85.208.96.206 - - [09/Dec/2025:19:32:39 +0100] "GET /platby/hca/disclosure-in-research-example HTTP/1.1" 200 12556 "-" "Mozilla/5.0 (compatible; SemrushBot/7~bl; +http://www.semrush.com/bot.html)"
85.208.96.208 - - [09/Dec/2025:19:32:41 +0100] "GET /platby/hca/rollins-college-graduation HTTP/1.1" 200 9602 "-" "Mozilla/5.0 (compatible; SemrushBot/7~bl; +http://www.semrush.com/bot.html)"
85.208.96.210 - - [09/Dec/2025:19:32:43 +0100] "GET /platby/qqap/what-group-was-tried-at-the-nuremberg-trials%3F HTTP/1.1" 200 5155 "-" "Mozilla/5.0 (compatible; SemrushBot/7~bl; +http://www.semrush.com/bot.html)"
185.191.171.12 - - [09/Dec/2025:19:32:45 +0100] "GET /platby/qqap/what-happened-to-mark-trumbo-2021 HTTP/1.1" 200 9458 "-" "Mozilla/5.0 (compatible; SemrushBot/7~bl; +http://www.semrush.com/bot.html)"
185.191.171.5 - - [09/Dec/2025:19:32:47 +0100] "GET /platby/qqap/chicago-nightlife-2021 HTTP/1.1" 200 12651 "-" "Mozilla/5.0 (compatible; SemrushBot/7~bl; +http://www.semrush.com/bot.html)"
185.191.171.7 - - [09/Dec/2025:19:33:07 +0100] "GET /platby/uwoy9/document-management-system-examples HTTP/1.1" 200 11991 "-" "Mozilla/5.0 (compatible; SemrushBot/7~bl; +http://www.semrush.com/bot.html)"
85.208.96.201 - - [09/Dec/2025:19:33:48 +0100] "GET /platby/72zbxoz/the-notebook-parents-guide HTTP/1.1" 200 13247 "-" "Mozilla/5.0 (compatible; SemrushBot/7~bl; +http://www.semrush.com/bot.html)"
185.191.171.7 - - [09/Dec/2025:19:34:45 +0100] "GET /platby/qqap/quenton-nelson-high-school HTTP/1.1" 200 9899 "-" "Mozilla/5.0 (compatible; SemrushBot/7~bl; +http://www.semrush.com/bot.html)"
185.191.171.7 - - [09/Dec/2025:19:35:09 +0100] "GET /platby/qqap/quenton-nelson-high-school HTTP/1.1" 200 9899 "-" "Mozilla/5.0 (compatible; SemrushBot/7~bl; +http://www.semrush.com/bot.html)"
185.191.171.5 - - [09/Dec/2025:19:35:25 +0100] "GET /platby/qqap/fox-17-nashville-meteorologists HTTP/1.1" 200 9104 "-" "Mozilla/5.0 (compatible; SemrushBot/7~bl; +http://www.semrush.com/bot.html)"
185.191.171.11 - - [09/Dec/2025:19:35:30 +0100] "GET /platby/72zbxoz/aerospace-designer-salary HTTP/1.1" 200 12361 "-" "Mozilla/5.0 (compatible; SemrushBot/7~bl; +http://www.semrush.com/bot.html)"
85.208.96.209 - - [09/Dec/2025:19:35:32 +0100] "GET /platby/qqap/mica-application-requirements HTTP/1.1" 200 10977 "-" "Mozilla/5.0 (compatible; SemrushBot/7~bl; +http://www.semrush.com/bot.html)"
185.191.171.8 - - [09/Dec/2025:19:35:33 +0100] "GET /platby/uwoy9/valley-girl-voice-urban-dictionary HTTP/1.1" 200 15132 "-" "Mozilla/5.0 (compatible; SemrushBot/7~bl; +http://www.semrush.com/bot.html)"
106.219.156.49 - - [09/Dec/2025:19:36:10 +0100] "\x16\x03\x03" 403 265 "-" "-"
85.208.96.204 - - [09/Dec/2025:19:36:10 +0100] "GET /platby/qqap/ucla-football-recruiting-boom HTTP/1.1" 200 6669 "-" "Mozilla/5.0 (compatible; SemrushBot/7~bl; +http://www.semrush.com/bot.html)"
45.38.44.221 - - [09/Dec/2025:19:36:10 +0100] "GET /" 400 468 "-" "-"
185.191.171.1 - - [09/Dec/2025:19:37:06 +0100] "GET /platby/aohwuyx/saiga-antelope-population HTTP/1.1" 200 12321 "-" "Mozilla/5.0 (compatible; SemrushBot/7~bl; +http://www.semrush.com/bot.html)"
185.191.171.1 - - [09/Dec/2025:19:37:35 +0100] "GET /platby/aohwuyx/saiga-antelope-population HTTP/1.1" 200 12321 "-" "Mozilla/5.0 (compatible; SemrushBot/7~bl; +http://www.semrush.com/bot.html)"
34.195.248.30 - - [09/Dec/2025:19:37:45 +0100] "GET /platby/72zbxoz/first-aid-beauty-ultra-repair-cream-dupe HTTP/1.1" 200 14008 "-" "Mozilla/5.0 AppleWebKit/537.36 (KHTML, like Gecko; compatible; Amazonbot/0.1; +https://developer.amazon.com/support/amazonbot) Chrome/119.0.6045.214 Safari/537.36"
44.206.65.8 - - [09/Dec/2025:19:37:45 +0100] "GET /platby/72zbxoz/side-sea-temperature-june HTTP/1.1" 200 14543 "-" "Mozilla/5.0 AppleWebKit/537.36 (KHTML, like Gecko; compatible; Amazonbot/0.1; +https://developer.amazon.com/support/amazonbot) Chrome/119.0.6045.214 Safari/537.36"
85.208.96.194 - - [09/Dec/2025:19:37:47 +0100] "GET /platby/hca/lamar-odom-basketball HTTP/1.1" 200 6677 "-" "Mozilla/5.0 (compatible; SemrushBot/7~bl; +http://www.semrush.com/bot.html)"
54.235.172.108 - - [09/Dec/2025:19:37:47 +0100] "GET /platby/72zbxoz/are-tractor-supply-ducks-sexed HTTP/1.1" 200 12060 "-" "Mozilla/5.0 AppleWebKit/537.36 (KHTML, like Gecko; compatible; Amazonbot/0.1; +https://developer.amazon.com/support/amazonbot) Chrome/119.0.6045.214 Safari/537.36"
52.3.26.180 - - [09/Dec/2025:19:37:48 +0100] "GET /platby/72zbxoz/kansas-roadside-attractions-map HTTP/1.1" 200 20 "-" "Mozilla/5.0 AppleWebKit/537.36 (KHTML, like Gecko; compatible; Amazonbot/0.1; +https://developer.amazon.com/support/amazonbot) Chrome/119.0.6045.214 Safari/537.36"
18.213.240.226 - - [09/Dec/2025:19:37:49 +0100] "GET /platby/72zbxoz/oxygen-trampoline-park HTTP/1.1" 200 12174 "-" "Mozilla/5.0 AppleWebKit/537.36 (KHTML, like Gecko; compatible; Amazonbot/0.1; +https://developer.amazon.com/support/amazonbot) Chrome/119.0.6045.214 Safari/537.36"
185.191.171.13 - - [09/Dec/2025:19:37:49 +0100] "GET /platby/uwoy9/sans-certification-path HTTP/1.1" 200 11841 "-" "Mozilla/5.0 (compatible; SemrushBot/7~bl; +http://www.semrush.com/bot.html)"
85.208.96.204 - - [09/Dec/2025:19:37:51 +0100] "GET /platby/uwoy9/black-forest-academy-admissions HTTP/1.1" 200 10533 "-" "Mozilla/5.0 (compatible; SemrushBot/7~bl; +http://www.semrush.com/bot.html)"
185.191.171.16 - - [09/Dec/2025:19:37:52 +0100] "GET /platby/72zbxoz/best-under-21-players-in-the-world-2019 HTTP/1.1" 200 13517 "-" "Mozilla/5.0 (compatible; SemrushBot/7~bl; +http://www.semrush.com/bot.html)"
52.4.238.8 - - [09/Dec/2025:19:37:53 +0100] "GET /platby/qqap/drillbit-taylor-sequel HTTP/1.1" 200 11480 "-" "Mozilla/5.0 AppleWebKit/537.36 (KHTML, like Gecko; compatible; Amazonbot/0.1; +https://developer.amazon.com/support/amazonbot) Chrome/119.0.6045.214 Safari/537.36"
185.191.171.1 - - [09/Dec/2025:19:37:54 +0100] "GET /platby/uwoy9/missed-apex-motorsport HTTP/1.1" 200 13570 "-" "Mozilla/5.0 (compatible; SemrushBot/7~bl; +http://www.semrush.com/bot.html)"
185.191.171.1 - - [09/Dec/2025:19:37:55 +0100] "GET /platby/qqap/small-cardboard-rocket-ship HTTP/1.1" 200 11923 "-" "Mozilla/5.0 (compatible; SemrushBot/7~bl; +http://www.semrush.com/bot.html)"
185.191.171.13 - - [09/Dec/2025:19:37:57 +0100] "GET /platby/qqap/odp-regional-camp-2021-denver HTTP/1.1" 200 10489 "-" "Mozilla/5.0 (compatible; SemrushBot/7~bl; +http://www.semrush.com/bot.html)"
185.191.171.14 - - [09/Dec/2025:19:37:58 +0100] "GET /platby/aohwuyx/houston-astros-players HTTP/1.1" 200 11910 "-" "Mozilla/5.0 (compatible; SemrushBot/7~bl; +http://www.semrush.com/bot.html)"
34.193.2.57 - - [09/Dec/2025:19:37:59 +0100] "GET /platby/72zbxoz/fifa-19-youth-academy-guide HTTP/1.1" 200 13654 "-" "Mozilla/5.0 AppleWebKit/537.36 (KHTML, like Gecko; compatible; Amazonbot/0.1; +https://developer.amazon.com/support/amazonbot) Chrome/119.0.6045.214 Safari/537.36"
185.191.171.13 - - [09/Dec/2025:19:38:00 +0100] "GET /platby/72zbxoz/jira-dashboards-examples HTTP/1.1" 200 13647 "-" "Mozilla/5.0 (compatible; SemrushBot/7~bl; +http://www.semrush.com/bot.html)"
3.89.176.255 - - [09/Dec/2025:19:38:00 +0100] "GET /platby/72zbxoz/michigan-child-support-card HTTP/1.1" 200 14804 "-" "Mozilla/5.0 AppleWebKit/537.36 (KHTML, like Gecko; compatible; Amazonbot/0.1; +https://developer.amazon.com/support/amazonbot) Chrome/119.0.6045.214 Safari/537.36"
185.191.171.13 - - [09/Dec/2025:19:38:01 +0100] "GET /platby/uwoy9/yellow-triangle-with-exclamation-point-in-excel-2016 HTTP/1.1" 200 8778 "-" "Mozilla/5.0 (compatible; SemrushBot/7~bl; +http://www.semrush.com/bot.html)"
85.208.96.197 - - [09/Dec/2025:19:38:03 +0100] "GET /platby/aohwuyx/cross-cultural-training-program-outline HTTP/1.1" 200 14654 "-" "Mozilla/5.0 (compatible; SemrushBot/7~bl; +http://www.semrush.com/bot.html)"
23.20.178.124 - - [09/Dec/2025:19:38:03 +0100] "GET /platby/72zbxoz/norfolk-state-basketball-camp HTTP/1.1" 200 8187 "-" "Mozilla/5.0 AppleWebKit/537.36 (KHTML, like Gecko; compatible; Amazonbot/0.1; +https://developer.amazon.com/support/amazonbot) Chrome/119.0.6045.214 Safari/537.36"
185.191.171.2 - - [09/Dec/2025:19:38:05 +0100] "GET /platby/aohwuyx/what-happened-to-the-chicago-7-judge HTTP/1.1" 200 12093 "-" "Mozilla/5.0 (compatible; SemrushBot/7~bl; +http://www.semrush.com/bot.html)"
185.191.171.15 - - [09/Dec/2025:19:38:07 +0100] "GET /platby/qqap/sweden-women's-soccer-team-roster-2019 HTTP/1.1" 200 7929 "-" "Mozilla/5.0 (compatible; SemrushBot/7~bl; +http://www.semrush.com/bot.html)"
54.83.23.103 - - [09/Dec/2025:19:38:07 +0100] "GET /platby/72zbxoz/3-doors-down-new-album-2021 HTTP/1.1" 200 8047 "-" "Mozilla/5.0 AppleWebKit/537.36 (KHTML, like Gecko; compatible; Amazonbot/0.1; +https://developer.amazon.com/support/amazonbot) Chrome/119.0.6045.214 Safari/537.36"
185.191.171.14 - - [09/Dec/2025:19:38:08 +0100] "GET /platby/hca/kingdom-hoops-tryouts HTTP/1.1" 200 4952 "-" "Mozilla/5.0 (compatible; SemrushBot/7~bl; +http://www.semrush.com/bot.html)"
54.85.109.140 - - [09/Dec/2025:19:38:11 +0100] "GET /platby/72zbxoz/sars-associated-coronavirus-icd-10 HTTP/1.1" 200 11299 "-" "Mozilla/5.0 AppleWebKit/537.36 (KHTML, like Gecko; compatible; Amazonbot/0.1; +https://developer.amazon.com/support/amazonbot) Chrome/119.0.6045.214 Safari/537.36"
185.191.171.14 - - [09/Dec/2025:19:38:11 +0100] "GET /platby/72zbxoz/how-to-make-a-bottle-rocket-easy HTTP/1.1" 200 9223 "-" "Mozilla/5.0 (compatible; SemrushBot/7~bl; +http://www.semrush.com/bot.html)"
185.191.171.19 - - [09/Dec/2025:19:38:12 +0100] "GET /platby/uwoy9/al-wehda-saudi-arabia-basketball HTTP/1.1" 200 12482 "-" "Mozilla/5.0 (compatible; SemrushBot/7~bl; +http://www.semrush.com/bot.html)"
34.206.212.24 - - [09/Dec/2025:19:38:15 +0100] "GET /platby/72zbxoz/places-for-rent-under-$700-near-me HTTP/1.1" 200 11388 "-" "Mozilla/5.0 AppleWebKit/537.36 (KHTML, like Gecko; compatible; Amazonbot/0.1; +https://developer.amazon.com/support/amazonbot) Chrome/119.0.6045.214 Safari/537.36"
85.208.96.211 - - [09/Dec/2025:19:38:16 +0100] "GET /platby/hca/how-to-install-kde-partition-manager HTTP/1.1" 200 7008 "-" "Mozilla/5.0 (compatible; SemrushBot/7~bl; +http://www.semrush.com/bot.html)"
185.191.171.15 - - [09/Dec/2025:19:38:17 +0100] "GET /platby/72zbxoz/primitive-methodist-church HTTP/1.1" 200 14908 "-" "Mozilla/5.0 (compatible; SemrushBot/7~bl; +http://www.semrush.com/bot.html)"
52.3.104.214 - - [09/Dec/2025:19:38:19 +0100] "GET /platby/72zbxoz/happy-happiness-grammar HTTP/1.1" 200 9574 "-" "Mozilla/5.0 AppleWebKit/537.36 (KHTML, like Gecko; compatible; Amazonbot/0.1; +https://developer.amazon.com/support/amazonbot) Chrome/119.0.6045.214 Safari/537.36"
185.191.171.14 - - [09/Dec/2025:19:38:19 +0100] "GET /platby/uwoy9/canada-goose-men's-hybridge-lite-jacket HTTP/1.1" 200 8638 "-" "Mozilla/5.0 (compatible; SemrushBot/7~bl; +http://www.semrush.com/bot.html)"
85.208.96.196 - - [09/Dec/2025:19:38:21 +0100] "GET /platby/aohwuyx/list-of-active-ingredients HTTP/1.1" 200 14513 "-" "Mozilla/5.0 (compatible; SemrushBot/7~bl; +http://www.semrush.com/bot.html)"
54.225.148.123 - - [09/Dec/2025:19:38:23 +0100] "GET /platby/72zbxoz/warner-university-graduation-2021 HTTP/1.1" 200 9102 "-" "Mozilla/5.0 AppleWebKit/537.36 (KHTML, like Gecko; compatible; Amazonbot/0.1; +https://developer.amazon.com/support/amazonbot) Chrome/119.0.6045.214 Safari/537.36"
54.83.240.58 - - [09/Dec/2025:19:38:33 +0100] "GET /platby/72zbxoz/diversity-and-inclusion-training-topics HTTP/1.1" 200 10242 "-" "Mozilla/5.0 AppleWebKit/537.36 (KHTML, like Gecko; compatible; Amazonbot/0.1; +https://developer.amazon.com/support/amazonbot) Chrome/119.0.6045.214 Safari/537.36"
185.191.171.10 - - [09/Dec/2025:19:38:47 +0100] "GET /platby/qqap/martin-van-buren-high-school-yearbook-pictures HTTP/1.1" 200 9343 "-" "Mozilla/5.0 (compatible; SemrushBot/7~bl; +http://www.semrush.com/bot.html)"
52.167.144.19 - - [09/Dec/2025:19:39:05 +0100] "GET /platby/hca/terrence-clarke-funeral HTTP/1.1" 200 10857 "-" "Mozilla/5.0 AppleWebKit/537.36 (KHTML, like Gecko; compatible; bingbot/2.0; +http://www.bing.com/bingbot.htm) Chrome/116.0.1938.76 Safari/537.36"
198.235.24.177 - - [09/Dec/2025:19:39:16 +0100] "GET /" 400 468 "-" "-"
85.208.96.198 - - [09/Dec/2025:19:39:22 +0100] "GET /platby/qqap/miguel-hidalgo-y-costilla HTTP/1.1" 200 9619 "-" "Mozilla/5.0 (compatible; SemrushBot/7~bl; +http://www.semrush.com/bot.html)"
85.208.96.194 - - [09/Dec/2025:19:39:26 +0100] "GET /platby/hca/list-of-aesthetics-fashion HTTP/1.1" 200 13097 "-" "Mozilla/5.0 (compatible; SemrushBot/7~bl; +http://www.semrush.com/bot.html)"
85.208.96.204 - - [09/Dec/2025:19:39:44 +0100] "GET /platby/72zbxoz/montpelier-primary-school-logo HTTP/1.1" 200 11307 "-" "Mozilla/5.0 (compatible; SemrushBot/7~bl; +http://www.semrush.com/bot.html)"
85.208.96.207 - - [09/Dec/2025:19:39:52 +0100] "GET /platby/aohwuyx/pennsylvania-state-fossil HTTP/1.1" 200 8509 "-" "Mozilla/5.0 (compatible; SemrushBot/7~bl; +http://www.semrush.com/bot.html)"
114.119.149.2 - - [09/Dec/2025:19:40:02 +0100] "GET /platby/qqap/essex-overseas-players HTTP/1.1" 200 5893 "http://ispc.klape.eu/platby/qqap/parrots-fighting-each-other" "Mozilla/5.0 (Linux; Android 7.0;) AppleWebKit/537.36 (KHTML, like Gecko) Mobile Safari/537.36 (compatible; PetalBot;+https://webmaster.petalsearch.com/site/petalbot)"
204.76.203.206 - - [09/Dec/2025:19:40:10 +0100] "GET /" 400 468 "-" "-"
85.208.96.200 - - [09/Dec/2025:19:40:10 +0100] "GET /platby/uwoy9/milwaukee-apartments-craigslist HTTP/1.1" 200 12022 "-" "Mozilla/5.0 (compatible; SemrushBot/7~bl; +http://www.semrush.com/bot.html)"
185.191.171.17 - - [09/Dec/2025:19:40:28 +0100] "GET /platby/72zbxoz/is-soap2day-illegal-in-america HTTP/1.1" 200 10219 "-" "Mozilla/5.0 (compatible; SemrushBot/7~bl; +http://www.semrush.com/bot.html)"
185.191.171.18 - - [09/Dec/2025:19:40:31 +0100] "GET /platby/aohwuyx/forest-hills-high-school-mascot HTTP/1.1" 200 12539 "-" "Mozilla/5.0 (compatible; SemrushBot/7~bl; +http://www.semrush.com/bot.html)"
185.191.171.16 - - [09/Dec/2025:19:40:40 +0100] "GET /platby/hca/eleanor-roosevelt-high-school-phone-number HTTP/1.1" 200 11021 "-" "Mozilla/5.0 (compatible; SemrushBot/7~bl; +http://www.semrush.com/bot.html)"
20.65.193.78 - - [09/Dec/2025:19:40:42 +0100] "GET /" 400 468 "-" "-"
85.208.96.207 - - [09/Dec/2025:19:40:43 +0100] "GET /platby/aohwuyx/teeter-rowing-machine HTTP/1.1" 200 12217 "-" "Mozilla/5.0 (compatible; SemrushBot/7~bl; +http://www.semrush.com/bot.html)"
85.208.96.195 - - [09/Dec/2025:19:41:22 +0100] "GET /platby/hca/huwag-matakot-chords-this-band HTTP/1.1" 200 8405 "-" "Mozilla/5.0 (compatible; SemrushBot/7~bl; +http://www.semrush.com/bot.html)"
198.235.24.208 - - [09/Dec/2025:19:42:27 +0100] "GET /" 400 468 "-" "-"
204.76.203.206 - - [09/Dec/2025:19:42:27 +0100] "GET / HTTP/1.1" 200 316 "-" "Mozilla/5.0 (Windows NT 10.0; Win64; x64) AppleWebKit/537.36 (KHTML, like Gecko) Chrome/90.0.4430.85 Safari/537.36 Edg/90.0.818.46"
85.208.96.207 - - [09/Dec/2025:19:42:32 +0100] "GET /platby/aohwuyx/unreproved''-in-a-sentence HTTP/1.1" 200 14386 "-" "Mozilla/5.0 (compatible; SemrushBot/7~bl; +http://www.semrush.com/bot.html)"
114.119.139.112 - - [09/Dec/2025:19:42:33 +0100] "GET /platby/article.php?5d4c26=terraria-spider-man HTTP/1.1" 200 7125 "http://ispc.klape.eu/platby/article.php?5d4c26=asteroid-has-a-moon" "Mozilla/5.0 (Linux; Android 7.0;) AppleWebKit/537.36 (KHTML, like Gecko) Mobile Safari/537.36 (compatible; PetalBot;+https://webmaster.petalsearch.com/site/petalbot)"
85.208.96.207 - - [09/Dec/2025:19:42:52 +0100] "GET /platby/aohwuyx/unreproved''-in-a-sentence HTTP/1.1" 200 14386 "-" "Mozilla/5.0 (compatible; SemrushBot/7~bl; +http://www.semrush.com/bot.html)"
43.175.29.50 - - [09/Dec/2025:19:43:07 +0100] "\x16\x03\x01\x06\xdd\x01" 403 265 "-" "-"
43.175.29.50 - - [09/Dec/2025:19:43:08 +0100] "\x16\x03\x01\x06\xfd\x01" 403 265 "-" "-"
114.119.149.2 - - [09/Dec/2025:19:43:09 +0100] "GET /platby/article.php?5d4c26=sinar-harian-politik HTTP/1.1" 200 4917 "http://ispc.klape.eu/platby/article.php?5d4c26=rubbish-collection-christmas-2019" "Mozilla/5.0 (Linux; Android 7.0;) AppleWebKit/537.36 (KHTML, like Gecko) Mobile Safari/537.36 (compatible; PetalBot;+https://webmaster.petalsearch.com/site/petalbot)"
185.191.171.16 - - [09/Dec/2025:19:43:12 +0100] "GET /platby/uwoy9/california-bullet-train-route HTTP/1.1" 200 10417 "-" "Mozilla/5.0 (compatible; SemrushBot/7~bl; +http://www.semrush.com/bot.html)"
85.208.96.195 - - [09/Dec/2025:19:43:15 +0100] "GET /platby/uwoy9/babe-ruth-baseball-signed HTTP/1.1" 200 11732 "-" "Mozilla/5.0 (compatible; SemrushBot/7~bl; +http://www.semrush.com/bot.html)"
85.208.96.207 - - [09/Dec/2025:19:43:17 +0100] "GET /platby/aohwuyx/chicago-bears-depth-chart HTTP/1.1" 200 13070 "-" "Mozilla/5.0 (compatible; SemrushBot/7~bl; +http://www.semrush.com/bot.html)"
185.191.171.15 - - [09/Dec/2025:19:43:19 +0100] "GET /platby/qqap/cardiff-elementary-construction HTTP/1.1" 200 10021 "-" "Mozilla/5.0 (compatible; SemrushBot/7~bl; +http://www.semrush.com/bot.html)"
85.208.96.200 - - [09/Dec/2025:19:43:21 +0100] "GET /platby/aohwuyx/buckley-school-ranking HTTP/1.1" 200 7721 "-" "Mozilla/5.0 (compatible; SemrushBot/7~bl; +http://www.semrush.com/bot.html)"
