85.208.96.194 - - [09/Dec/2025:19:43:22 +0100] "GET /platby/uwoy9/rear-strut-replacement-cost HTTP/1.1" 200 8250 "-" "Mozilla/5.0 (compatible; SemrushBot/7~bl; +http://www.semrush.com/bot.html)"
85.208.96.195 - - [09/Dec/2025:19:43:36 +0100] "GET /platby/72zbxoz/frontier-league-transactions HTTP/1.1" 200 13621 "-" "Mozilla/5.0 (compatible; SemrushBot/7~bl; +http://www.semrush.com/bot.html)"
185.191.171.7 - - [09/Dec/2025:19:44:57 +0100] "GET /platby/hca/space-time-definition-chemical-engineering HTTP/1.1" 200 9513 "-" "Mozilla/5.0 (compatible; SemrushBot/7~bl; +http://www.semrush.com/bot.html)"
114.119.129.163 - - [09/Dec/2025:19:45:15 +0100] "GET /platby/article.php?5d4c26=pictures-of-cumulonimbus-clouds HTTP/1.1" 200 6876 "http://ispc.klape.eu/platby/article.php?5d4c26=okinawan-facial-features" "Mozilla/5.0 (Linux; Android 7.0;) AppleWebKit/537.36 (KHTML, like Gecko) Mobile Safari/537.36 (compatible; PetalBot;+https://webmaster.petalsearch.com/site/petalbot)"
185.191.171.7 - - [09/Dec/2025:19:45:16 +0100] "GET /platby/hca/space-time-definition-chemical-engineering HTTP/1.1" 200 9513 "-" "Mozilla/5.0 (compatible; SemrushBot/7~bl; +http://www.semrush.com/bot.html)"
185.191.171.11 - - [09/Dec/2025:19:45:36 +0100] "GET /robots.txt HTTP/1.1" 200 54 "-" "Mozilla/5.0 (compatible; SemrushBot/7~bl; +http://www.semrush.com/bot.html)"
185.191.171.11 - - [09/Dec/2025:19:45:42 +0100] "GET /robots.txt HTTP/1.1" 200 54 "-" "Mozilla/5.0 (compatible; SemrushBot/7~bl; +http://www.semrush.com/bot.html)"
85.208.96.207 - - [09/Dec/2025:19:45:42 +0100] "GET /platby/qqap/the-space-between-us-book-summary HTTP/1.1" 200 10513 "-" "Mozilla/5.0 (compatible; SemrushBot/7~bl; +http://www.semrush.com/bot.html)"
114.119.139.66 - - [09/Dec/2025:19:45:46 +0100] "GET /platby/aohwuyx/what-county-is-lehigh-valley,-pa-in HTTP/1.1" 200 10537 "http://ispc.klape.eu/platby/aohwuyx/difference-between-male-and-female-mute-swans" "Mozilla/5.0 (Linux; Android 7.0;) AppleWebKit/537.36 (KHTML, like Gecko) Mobile Safari/537.36 (compatible; PetalBot;+https://webmaster.petalsearch.com/site/petalbot)"
185.191.171.16 - - [09/Dec/2025:19:45:49 +0100] "GET /platby/qqap/best-ds-emulator-android HTTP/1.1" 200 6546 "-" "Mozilla/5.0 (compatible; SemrushBot/7~bl; +http://www.semrush.com/bot.html)"
185.191.171.14 - - [09/Dec/2025:19:45:52 +0100] "GET /platby/uwoy9/canada-goose-hybridge-blue HTTP/1.1" 200 10368 "-" "Mozilla/5.0 (compatible; SemrushBot/7~bl; +http://www.semrush.com/bot.html)"
185.191.171.4 - - [09/Dec/2025:19:45:53 +0100] "GET /platby/uwoy9/classification-of-insecticides HTTP/1.1" 200 8089 "-" "Mozilla/5.0 (compatible; SemrushBot/7~bl; +http://www.semrush.com/bot.html)"
185.191.171.9 - - [09/Dec/2025:19:45:55 +0100] "GET /platby/qqap/jewellery-remodelling-adelaide HTTP/1.1" 200 7098 "-" "Mozilla/5.0 (compatible; SemrushBot/7~bl; +http://www.semrush.com/bot.html)"
185.191.171.3 - - [09/Dec/2025:19:45:57 +0100] "GET /platby/qqap/blade-runner-alien-easter-egg HTTP/1.1" 200 5822 "-" "Mozilla/5.0 (compatible; SemrushBot/7~bl; +http://www.semrush.com/bot.html)"
185.191.171.12 - - [09/Dec/2025:19:45:59 +0100] "GET /platby/hca/palazzo-grand-one-bedroom-suite HTTP/1.1" 200 6515 "-" "Mozilla/5.0 (compatible; SemrushBot/7~bl; +http://www.semrush.com/bot.html)"
185.191.171.6 - - [09/Dec/2025:19:46:01 +0100] "GET /platby/hca/appliance-direct-i-love-refrigerators HTTP/1.1" 200 12082 "-" "Mozilla/5.0 (compatible; SemrushBot/7~bl; +http://www.semrush.com/bot.html)"
185.191.171.11 - - [09/Dec/2025:19:46:02 +0100] "GET /platby/qqap/are-hawthorn-thorns-poisonous HTTP/1.1" 200 11329 "-" "Mozilla/5.0 (compatible; SemrushBot/7~bl; +http://www.semrush.com/bot.html)"
185.191.171.1 - - [09/Dec/2025:19:46:04 +0100] "GET /platby/qqap/newcastle-jets-vs-perth-glory-prediction HTTP/1.1" 200 6856 "-" "Mozilla/5.0 (compatible; SemrushBot/7~bl; +http://www.semrush.com/bot.html)"
185.191.171.7 - - [09/Dec/2025:19:46:06 +0100] "GET /platby/72zbxoz/yellow-jacket-sting-won't-stop-hurting HTTP/1.1" 200 10783 "-" "Mozilla/5.0 (compatible; SemrushBot/7~bl; +http://www.semrush.com/bot.html)"
185.191.171.11 - - [09/Dec/2025:19:46:08 +0100] "GET /platby/aohwuyx/longy-conservatory-orchestra HTTP/1.1" 200 9885 "-" "Mozilla/5.0 (compatible; SemrushBot/7~bl; +http://www.semrush.com/bot.html)"
185.191.171.19 - - [09/Dec/2025:19:46:10 +0100] "GET /platby/qqap/liquid-hydrogen-vs-liquid-nitrogen HTTP/1.1" 200 8450 "-" "Mozilla/5.0 (compatible; SemrushBot/7~bl; +http://www.semrush.com/bot.html)"
85.208.96.200 - - [09/Dec/2025:19:46:12 +0100] "GET /platby/qqap/medical-school-requirements-uk HTTP/1.1" 200 12843 "-" "Mozilla/5.0 (compatible; SemrushBot/7~bl; +http://www.semrush.com/bot.html)"
85.208.96.207 - - [09/Dec/2025:19:46:13 +0100] "GET /platby/qqap/american-paint-horse-association-horse-lookup HTTP/1.1" 200 12605 "-" "Mozilla/5.0 (compatible; SemrushBot/7~bl; +http://www.semrush.com/bot.html)"
185.191.171.15 - - [09/Dec/2025:19:46:14 +0100] "GET /platby/72zbxoz/postal-match-shooting HTTP/1.1" 200 14214 "-" "Mozilla/5.0 (compatible; SemrushBot/7~bl; +http://www.semrush.com/bot.html)"
185.191.171.15 - - [09/Dec/2025:19:46:16 +0100] "GET /platby/aohwuyx/rita-wilson-mamma-mia-cameo HTTP/1.1" 200 13098 "-" "Mozilla/5.0 (compatible; SemrushBot/7~bl; +http://www.semrush.com/bot.html)"
85.208.96.206 - - [09/Dec/2025:19:46:44 +0100] "GET /platby/72zbxoz/difference-between-factual-and-legal-causation-in-tort HTTP/1.1" 200 9983 "-" "Mozilla/5.0 (compatible; SemrushBot/7~bl; +http://www.semrush.com/bot.html)"
85.208.96.211 - - [09/Dec/2025:19:46:52 +0100] "GET /platby/qqap/samsung-side-mounted-phone HTTP/1.1" 200 6411 "-" "Mozilla/5.0 (compatible; SemrushBot/7~bl; +http://www.semrush.com/bot.html)"
185.191.171.4 - - [09/Dec/2025:19:46:54 +0100] "GET /platby/uwoy9/when-was-charlotte-hawkins-brown-born HTTP/1.1" 200 8482 "-" "Mozilla/5.0 (compatible; SemrushBot/7~bl; +http://www.semrush.com/bot.html)"
85.208.96.211 - - [09/Dec/2025:19:47:07 +0100] "GET /platby/uwoy9/how-to-become-an-architect-in-australia HTTP/1.1" 200 7764 "-" "Mozilla/5.0 (compatible; SemrushBot/7~bl; +http://www.semrush.com/bot.html)"
85.208.96.211 - - [09/Dec/2025:19:47:25 +0100] "GET /platby/72zbxoz/knicks-draft-picks-2022 HTTP/1.1" 200 8737 "-" "Mozilla/5.0 (compatible; SemrushBot/7~bl; +http://www.semrush.com/bot.html)"
185.191.171.7 - - [09/Dec/2025:19:47:36 +0100] "GET /platby/hca/bobby-jenks-height-weight HTTP/1.1" 200 5544 "-" "Mozilla/5.0 (compatible; SemrushBot/7~bl; +http://www.semrush.com/bot.html)"
185.191.171.13 - - [09/Dec/2025:19:47:47 +0100] "GET /platby/qqap/feelings-lauv-ukulele-chords HTTP/1.1" 200 10232 "-" "Mozilla/5.0 (compatible; SemrushBot/7~bl; +http://www.semrush.com/bot.html)"
85.208.96.211 - - [09/Dec/2025:19:48:19 +0100] "GET /platby/uwoy9/apache-rapper-native-american HTTP/1.1" 200 14899 "-" "Mozilla/5.0 (compatible; SemrushBot/7~bl; +http://www.semrush.com/bot.html)"
176.65.148.66 - - [09/Dec/2025:19:48:25 +0100] "GET /" 400 468 "-" "-"
185.191.171.10 - - [09/Dec/2025:19:48:29 +0100] "GET /platby/aohwuyx/richmond-county,-nc-jobs HTTP/1.1" 200 10201 "-" "Mozilla/5.0 (compatible; SemrushBot/7~bl; +http://www.semrush.com/bot.html)"
85.208.96.199 - - [09/Dec/2025:19:48:34 +0100] "GET /platby/uwoy9/kane-williamson-ipl-salary-2021 HTTP/1.1" 200 12735 "-" "Mozilla/5.0 (compatible; SemrushBot/7~bl; +http://www.semrush.com/bot.html)"
185.191.171.12 - - [09/Dec/2025:19:48:38 +0100] "GET /platby/uwoy9/richard-o'sullivan-2021 HTTP/1.1" 200 13270 "-" "Mozilla/5.0 (compatible; SemrushBot/7~bl; +http://www.semrush.com/bot.html)"
85.208.96.198 - - [09/Dec/2025:19:48:47 +0100] "GET /platby/uwoy9/hawthorn-roots-near-house HTTP/1.1" 200 8781 "-" "Mozilla/5.0 (compatible; SemrushBot/7~bl; +http://www.semrush.com/bot.html)"
85.208.96.198 - - [09/Dec/2025:19:48:49 +0100] "GET /platby/uwoy9/why-is-the-marbled-murrelet-endangered HTTP/1.1" 200 10162 "-" "Mozilla/5.0 (compatible; SemrushBot/7~bl; +http://www.semrush.com/bot.html)"
79.124.40.174 - - [09/Dec/2025:19:49:04 +0100] "\x16\x03\x01\x05\xa8\x01" 403 265 "-" "-"
147.185.132.70 - - [09/Dec/2025:19:49:21 +0100] "GET / HTTP/1.1" 200 316 "-" "Hello from Palo Alto Networks, find out more about our scans in https://docs-cortex.paloaltonetworks.com/r/1/Cortex-Xpanse/Scanning-activity"
185.191.171.12 - - [09/Dec/2025:19:49:29 +0100] "GET /platby/uwoy9/diversity-training-topics HTTP/1.1" 200 9004 "-" "Mozilla/5.0 (compatible; SemrushBot/7~bl; +http://www.semrush.com/bot.html)"
85.208.96.201 - - [09/Dec/2025:19:49:36 +0100] "GET /platby/hca/what-does-d-day-stand-for-in-korea HTTP/1.1" 200 5659 "-" "Mozilla/5.0 (compatible; SemrushBot/7~bl; +http://www.semrush.com/bot.html)"
85.208.96.209 - - [09/Dec/2025:19:49:46 +0100] "GET /platby/uwoy9/lynn-bowden-draft-scout HTTP/1.1" 200 13363 "-" "Mozilla/5.0 (compatible; SemrushBot/7~bl; +http://www.semrush.com/bot.html)"
85.208.96.211 - - [09/Dec/2025:19:49:58 +0100] "GET /platby/uwoy9/why-is-diversity,-equity,-and-inclusion-important HTTP/1.1" 200 12862 "-" "Mozilla/5.0 (compatible; SemrushBot/7~bl; +http://www.semrush.com/bot.html)"
85.208.96.208 - - [09/Dec/2025:19:50:08 +0100] "GET /platby/hca/how-to-change-current-mode-on-likee HTTP/1.1" 200 9119 "-" "Mozilla/5.0 (compatible; SemrushBot/7~bl; +http://www.semrush.com/bot.html)"
85.208.96.207 - - [09/Dec/2025:19:50:16 +0100] "GET /platby/aohwuyx/mondesi-royals-injury-update HTTP/1.1" 200 11491 "-" "Mozilla/5.0 (compatible; SemrushBot/7~bl; +http://www.semrush.com/bot.html)"
185.191.171.3 - - [09/Dec/2025:19:50:20 +0100] "GET /platby/72zbxoz/mark-wood-cricketer-wife HTTP/1.1" 200 12633 "-" "Mozilla/5.0 (compatible; SemrushBot/7~bl; +http://www.semrush.com/bot.html)"
185.191.171.11 - - [09/Dec/2025:19:50:37 +0100] "GET /platby/aohwuyx/valve-steam-controller HTTP/1.1" 200 12926 "-" "Mozilla/5.0 (compatible; SemrushBot/7~bl; +http://www.semrush.com/bot.html)"
85.208.96.209 - - [09/Dec/2025:19:50:41 +0100] "GET /platby/hca/early-stage-of-development-6-letters HTTP/1.1" 200 13766 "-" "Mozilla/5.0 (compatible; SemrushBot/7~bl; +http://www.semrush.com/bot.html)"
185.191.171.15 - - [09/Dec/2025:19:50:46 +0100] "GET /platby/uwoy9/rocket-names-preschool HTTP/1.1" 200 13076 "-" "Mozilla/5.0 (compatible; SemrushBot/7~bl; +http://www.semrush.com/bot.html)"
185.191.171.4 - - [09/Dec/2025:19:51:07 +0100] "GET /platby/qqap/2022-volkswagen-taos-interior HTTP/1.1" 200 9845 "-" "Mozilla/5.0 (compatible; SemrushBot/7~bl; +http://www.semrush.com/bot.html)"
221.204.217.165 - - [09/Dec/2025:19:51:11 +0100] "\x16\x03\x01\x06\xf3\x01" 403 265 "-" "-"
221.204.217.165 - - [09/Dec/2025:19:51:12 +0100] "\x16\x03\x01\x06\xf3\x01" 403 265 "-" "-"
185.191.171.4 - - [09/Dec/2025:19:51:41 +0100] "GET /platby/hca/3840x2160-monitor-240hz HTTP/1.1" 200 13258 "-" "Mozilla/5.0 (compatible; SemrushBot/7~bl; +http://www.semrush.com/bot.html)"
85.208.96.209 - - [09/Dec/2025:19:51:44 +0100] "GET /platby/uwoy9/uv-screen-protector-fingerprint-not-working HTTP/1.1" 200 10825 "-" "Mozilla/5.0 (compatible; SemrushBot/7~bl; +http://www.semrush.com/bot.html)"
193.142.146.230 - - [09/Dec/2025:19:51:44 +0100] "GET /" 400 468 "-" "-"
64.23.183.61 - - [09/Dec/2025:19:52:02 +0100] "\x16\x03\x01\x05\xd2\x01" 403 265 "-" "-"
185.191.171.18 - - [09/Dec/2025:19:52:10 +0100] "GET /platby/hca/what-are-good-comebacks-for-make-me HTTP/1.1" 200 7170 "-" "Mozilla/5.0 (compatible; SemrushBot/7~bl; +http://www.semrush.com/bot.html)"
85.208.96.198 - - [09/Dec/2025:19:52:30 +0100] "GET /platby/hca/microintervention-strategies HTTP/1.1" 200 10470 "-" "Mozilla/5.0 (compatible; SemrushBot/7~bl; +http://www.semrush.com/bot.html)"
185.191.171.15 - - [09/Dec/2025:19:52:34 +0100] "GET /platby/aohwuyx/african-geese-temperament HTTP/1.1" 200 14066 "-" "Mozilla/5.0 (compatible; SemrushBot/7~bl; +http://www.semrush.com/bot.html)"
185.191.171.11 - - [09/Dec/2025:19:52:44 +0100] "GET /platby/qqap/bardstown-restaurants HTTP/1.1" 200 7986 "-" "Mozilla/5.0 (compatible; SemrushBot/7~bl; +http://www.semrush.com/bot.html)"
85.208.96.207 - - [09/Dec/2025:19:52:51 +0100] "GET /platby/uwoy9/god's-gift-indica-or-sativa HTTP/1.1" 200 8199 "-" "Mozilla/5.0 (compatible; SemrushBot/7~bl; +http://www.semrush.com/bot.html)"
185.191.171.2 - - [09/Dec/2025:19:52:55 +0100] "GET /platby/72zbxoz/queens-head-hotel-hobart-closed HTTP/1.1" 200 13766 "-" "Mozilla/5.0 (compatible; SemrushBot/7~bl; +http://www.semrush.com/bot.html)"
37.188.180.146 - - [09/Dec/2025:19:52:58 +0100] "\x16\x03\x01\x06\xdc\x01" 403 265 "-" "-"
37.188.180.146 - - [09/Dec/2025:19:52:58 +0100] "\x16\x03\x01\x07\x1c\x01" 403 265 "-" "-"
77.111.246.46 - - [09/Dec/2025:19:53:03 +0100] "\x16\x03\x01\x06\xfc\x01" 403 265 "-" "-"
77.111.246.46 - - [09/Dec/2025:19:53:04 +0100] "\x16\x03\x01\x06\xbc\x01" 403 265 "-" "-"
185.191.171.2 - - [09/Dec/2025:19:53:24 +0100] "GET /platby/uwoy9/adding-vectors-calculator HTTP/1.1" 200 11056 "-" "Mozilla/5.0 (compatible; SemrushBot/7~bl; +http://www.semrush.com/bot.html)"
185.191.171.15 - - [09/Dec/2025:19:53:26 +0100] "GET /platby/hca/board-source-keyboard HTTP/1.1" 200 5838 "-" "Mozilla/5.0 (compatible; SemrushBot/7~bl; +http://www.semrush.com/bot.html)"
159.65.251.209 - - [09/Dec/2025:19:53:32 +0100] "\x16\x03\x01\x02" 403 265 "-" "-"
185.191.171.5 - - [09/Dec/2025:19:53:34 +0100] "GET /platby/72zbxoz/what-is-the-difference-between-json-and-xml HTTP/1.1" 200 9179 "-" "Mozilla/5.0 (compatible; SemrushBot/7~bl; +http://www.semrush.com/bot.html)"
185.191.171.18 - - [09/Dec/2025:19:53:37 +0100] "GET /platby/72zbxoz/logan-morrison-cincinnati-reds HTTP/1.1" 200 8611 "-" "Mozilla/5.0 (compatible; SemrushBot/7~bl; +http://www.semrush.com/bot.html)"
185.191.171.5 - - [09/Dec/2025:19:53:41 +0100] "GET /platby/aohwuyx/darryl-williams-bullyjuice HTTP/1.1" 200 10202 "-" "Mozilla/5.0 (compatible; SemrushBot/7~bl; +http://www.semrush.com/bot.html)"
185.191.171.12 - - [09/Dec/2025:19:53:43 +0100] "GET /platby/hca/where-is-jordan-fabrics-located HTTP/1.1" 200 7420 "-" "Mozilla/5.0 (compatible; SemrushBot/7~bl; +http://www.semrush.com/bot.html)"
185.191.171.4 - - [09/Dec/2025:19:55:18 +0100] "GET /platby/uwoy9/falcons-draft-picks-2018 HTTP/1.1" 200 8746 "-" "Mozilla/5.0 (compatible; SemrushBot/7~bl; +http://www.semrush.com/bot.html)"
185.191.171.4 - - [09/Dec/2025:19:56:02 +0100] "GET /platby/uwoy9/falcons-draft-picks-2018 HTTP/1.1" 200 8746 "-" "Mozilla/5.0 (compatible; SemrushBot/7~bl; +http://www.semrush.com/bot.html)"
185.191.171.13 - - [09/Dec/2025:19:56:33 +0100] "GET /platby/qqap/they-say-follow-your-heart-quotes HTTP/1.1" 200 12617 "-" "Mozilla/5.0 (compatible; SemrushBot/7~bl; +http://www.semrush.com/bot.html)"
114.119.139.112 - - [09/Dec/2025:19:56:41 +0100] "GET /platby/uwoy9/balang-araw-ukulele-chords HTTP/1.1" 200 9906 "http://ispc.klape.eu/platby/uwoy9/when-did-cars-that-go-boom-come-out" "Mozilla/5.0 (Linux; Android 7.0;) AppleWebKit/537.36 (KHTML, like Gecko) Mobile Safari/537.36 (compatible; PetalBot;+https://webmaster.petalsearch.com/site/petalbot)"
85.208.96.199 - - [09/Dec/2025:19:56:42 +0100] "GET /platby/72zbxoz/ghana-vs-south-africa-today-time HTTP/1.1" 200 13057 "-" "Mozilla/5.0 (compatible; SemrushBot/7~bl; +http://www.semrush.com/bot.html)"
185.191.171.10 - - [09/Dec/2025:19:56:43 +0100] "GET /platby/72zbxoz/2019-topps-rookie-cards HTTP/1.1" 200 10721 "-" "Mozilla/5.0 (compatible; SemrushBot/7~bl; +http://www.semrush.com/bot.html)"
185.191.171.10 - - [09/Dec/2025:19:56:45 +0100] "GET /platby/qqap/basis-peoria-2021-2022-calendar HTTP/1.1" 200 12911 "-" "Mozilla/5.0 (compatible; SemrushBot/7~bl; +http://www.semrush.com/bot.html)"
85.208.96.204 - - [09/Dec/2025:19:56:47 +0100] "GET /platby/hca/alex-kirilloff-fantasy-outlook HTTP/1.1" 200 9502 "-" "Mozilla/5.0 (compatible; SemrushBot/7~bl; +http://www.semrush.com/bot.html)"
185.191.171.16 - - [09/Dec/2025:19:56:48 +0100] "GET /platby/uwoy9/how-to-remove-tattoos-without-laser HTTP/1.1" 200 9920 "-" "Mozilla/5.0 (compatible; SemrushBot/7~bl; +http://www.semrush.com/bot.html)"
85.208.96.209 - - [09/Dec/2025:19:56:51 +0100] "GET /platby/72zbxoz/windows-10-diagnostics-and-repair HTTP/1.1" 200 12825 "-" "Mozilla/5.0 (compatible; SemrushBot/7~bl; +http://www.semrush.com/bot.html)"
85.208.96.198 - - [09/Dec/2025:19:56:53 +0100] "GET /platby/aohwuyx/specific-diversity-policy-for-an-organization HTTP/1.1" 200 10008 "-" "Mozilla/5.0 (compatible; SemrushBot/7~bl; +http://www.semrush.com/bot.html)"
204.76.203.206 - - [09/Dec/2025:19:56:57 +0100] "GET /" 400 468 "-" "-"
185.191.171.10 - - [09/Dec/2025:19:56:57 +0100] "GET /platby/qqap/who-originally-sang-pledging-my-love HTTP/1.1" 200 7841 "-" "Mozilla/5.0 (compatible; SemrushBot/7~bl; +http://www.semrush.com/bot.html)"
85.208.96.206 - - [09/Dec/2025:19:56:59 +0100] "GET /platby/aohwuyx/reading-pronunciation-symbols HTTP/1.1" 200 12558 "-" "Mozilla/5.0 (compatible; SemrushBot/7~bl; +http://www.semrush.com/bot.html)"
85.208.96.206 - - [09/Dec/2025:19:57:00 +0100] "GET /platby/uwoy9/black-locust-lumber-new-york HTTP/1.1" 200 12422 "-" "Mozilla/5.0 (compatible; SemrushBot/7~bl; +http://www.semrush.com/bot.html)"
85.208.96.199 - - [09/Dec/2025:19:57:03 +0100] "GET /platby/uwoy9/diy-eyelash-growth-serum-no-castor-oil HTTP/1.1" 200 9027 "-" "Mozilla/5.0 (compatible; SemrushBot/7~bl; +http://www.semrush.com/bot.html)"
185.191.171.7 - - [09/Dec/2025:19:57:15 +0100] "GET /platby/uwoy9/jonathan-isaac-wingspan HTTP/1.1" 200 11466 "-" "Mozilla/5.0 (compatible; SemrushBot/7~bl; +http://www.semrush.com/bot.html)"
85.208.96.207 - - [09/Dec/2025:19:57:18 +0100] "GET /platby/uwoy9/oracle-iplanet-web-server HTTP/1.1" 200 13202 "-" "Mozilla/5.0 (compatible; SemrushBot/7~bl; +http://www.semrush.com/bot.html)"
85.208.96.198 - - [09/Dec/2025:19:57:30 +0100] "GET /platby/uwoy9/what-is-the-second-strongest-shape HTTP/1.1" 200 9653 "-" "Mozilla/5.0 (compatible; SemrushBot/7~bl; +http://www.semrush.com/bot.html)"
85.208.96.198 - - [09/Dec/2025:19:57:39 +0100] "GET /platby/qqap/last-day-events-little-time-of-trouble HTTP/1.1" 200 13547 "-" "Mozilla/5.0 (compatible; SemrushBot/7~bl; +http://www.semrush.com/bot.html)"
185.191.171.10 - - [09/Dec/2025:19:57:55 +0100] "GET /platby/hca/breda-university-master's HTTP/1.1" 200 8257 "-" "Mozilla/5.0 (compatible; SemrushBot/7~bl; +http://www.semrush.com/bot.html)"
185.191.171.15 - - [09/Dec/2025:19:58:04 +0100] "GET /platby/uwoy9/frostburg-state-university-football HTTP/1.1" 200 6909 "-" "Mozilla/5.0 (compatible; SemrushBot/7~bl; +http://www.semrush.com/bot.html)"
198.235.24.43 - - [09/Dec/2025:19:58:11 +0100] "GET / HTTP/1.1" 200 516 "-" "Hello from Palo Alto Networks, find out more about our scans in https://docs-cortex.paloaltonetworks.com/r/1/Cortex-Xpanse/Scanning-activity"
204.76.203.206 - - [09/Dec/2025:19:58:24 +0100] "GET / HTTP/1.1" 200 316 "-" "Mozilla/5.0 (Windows NT 10.0; Win64; x64) AppleWebKit/537.36 (KHTML, like Gecko) Chrome/90.0.4430.85 Safari/537.36 Edg/90.0.818.46"
185.191.171.19 - - [09/Dec/2025:19:58:24 +0100] "GET /platby/uwoy9/addressing-implicit-bias-in-the-classroom HTTP/1.1" 200 14768 "-" "Mozilla/5.0 (compatible; SemrushBot/7~bl; +http://www.semrush.com/bot.html)"
85.208.96.201 - - [09/Dec/2025:19:58:30 +0100] "GET /platby/72zbxoz/morningstar-fund-managers HTTP/1.1" 200 12747 "-" "Mozilla/5.0 (compatible; SemrushBot/7~bl; +http://www.semrush.com/bot.html)"
185.191.171.17 - - [09/Dec/2025:19:58:42 +0100] "GET /platby/72zbxoz/domenico-berardi-style-of-play HTTP/1.1" 200 7401 "-" "Mozilla/5.0 (compatible; SemrushBot/7~bl; +http://www.semrush.com/bot.html)"
85.208.96.204 - - [09/Dec/2025:19:58:48 +0100] "GET /platby/hca/usa-vs-australia-basketball-olympics-2021webtoon-april-fools-day-2021 HTTP/1.1" 200 9030 "-" "Mozilla/5.0 (compatible; SemrushBot/7~bl; +http://www.semrush.com/bot.html)"
202.155.148.3 - - [09/Dec/2025:19:59:36 +0100] "GET /" 400 468 "-" "-"
185.191.171.9 - - [09/Dec/2025:19:59:47 +0100] "GET /platby/72zbxoz/parkland-college-volleyball HTTP/1.1" 200 8403 "-" "Mozilla/5.0 (compatible; SemrushBot/7~bl; +http://www.semrush.com/bot.html)"
185.191.171.11 - - [09/Dec/2025:20:01:14 +0100] "GET /platby/hca/raid-yellow-jacket,-wasp-and-hornet-trap HTTP/1.1" 200 10417 "-" "Mozilla/5.0 (compatible; SemrushBot/7~bl; +http://www.semrush.com/bot.html)"
185.191.171.11 - - [09/Dec/2025:20:02:55 +0100] "GET /platby/hca/raid-yellow-jacket,-wasp-and-hornet-trap HTTP/1.1" 200 10417 "-" "Mozilla/5.0 (compatible; SemrushBot/7~bl; +http://www.semrush.com/bot.html)"
85.208.96.202 - - [09/Dec/2025:20:03:20 +0100] "GET /platby/qqap/creative-synonym-generator HTTP/1.1" 200 5364 "-" "Mozilla/5.0 (compatible; SemrushBot/7~bl; +http://www.semrush.com/bot.html)"
85.208.96.202 - - [09/Dec/2025:20:04:24 +0100] "GET /platby/qqap/creative-synonym-generator HTTP/1.1" 200 5364 "-" "Mozilla/5.0 (compatible; SemrushBot/7~bl; +http://www.semrush.com/bot.html)"
185.191.171.12 - - [09/Dec/2025:20:05:41 +0100] "GET /platby/72zbxoz/avenues:-the-world-school-uniform HTTP/1.1" 200 9363 "-" "Mozilla/5.0 (compatible; SemrushBot/7~bl; +http://www.semrush.com/bot.html)"
185.191.171.12 - - [09/Dec/2025:20:05:55 +0100] "GET /platby/72zbxoz/avenues:-the-world-school-uniform HTTP/1.1" 200 9363 "-" "Mozilla/5.0 (compatible; SemrushBot/7~bl; +http://www.semrush.com/bot.html)"
43.202.18.108 - - [09/Dec/2025:20:05:58 +0100] "\x16\x03\x01\x01(\x01" 403 265 "-" "-"
47.84.70.29 - - [09/Dec/2025:20:06:02 +0100] "\x16\x03\x01\x01(\x01" 403 265 "-" "-"
179.108.60.82 - - [09/Dec/2025:20:06:13 +0100] "\x16\x03\x01\x01,\x01" 403 265 "-" "-"
85.208.96.195 - - [09/Dec/2025:20:06:14 +0100] "GET /platby/uwoy9/feeling-thankful-quotes HTTP/1.1" 200 9347 "-" "Mozilla/5.0 (compatible; SemrushBot/7~bl; +http://www.semrush.com/bot.html)"
85.208.96.195 - - [09/Dec/2025:20:06:45 +0100] "GET /platby/uwoy9/feeling-thankful-quotes HTTP/1.1" 200 9347 "-" "Mozilla/5.0 (compatible; SemrushBot/7~bl; +http://www.semrush.com/bot.html)"
185.191.171.15 - - [09/Dec/2025:20:06:49 +0100] "GET /robots.txt HTTP/1.1" 200 54 "-" "Mozilla/5.0 (compatible; SemrushBot/7~bl; +http://www.semrush.com/bot.html)"
185.191.171.15 - - [09/Dec/2025:20:06:51 +0100] "GET /robots.txt HTTP/1.1" 200 54 "-" "Mozilla/5.0 (compatible; SemrushBot/7~bl; +http://www.semrush.com/bot.html)"
85.208.96.209 - - [09/Dec/2025:20:07:01 +0100] "GET /platby/qqap/lagoon-chicken-vs-broiler-chicken HTTP/1.1" 200 11506 "-" "Mozilla/5.0 (compatible; SemrushBot/7~bl; +http://www.semrush.com/bot.html)"
85.208.96.197 - - [09/Dec/2025:20:07:09 +0100] "GET /platby/qqap/dumbbell-arm-workout-for-mass HTTP/1.1" 200 12665 "-" "Mozilla/5.0 (compatible; SemrushBot/7~bl; +http://www.semrush.com/bot.html)"
185.191.171.8 - - [09/Dec/2025:20:07:14 +0100] "GET /platby/hca/when-to-plant-chamomile-seeds-uk HTTP/1.1" 200 8003 "-" "Mozilla/5.0 (compatible; SemrushBot/7~bl; +http://www.semrush.com/bot.html)"
85.208.96.209 - - [09/Dec/2025:20:07:17 +0100] "GET /platby/aohwuyx/measure-pronunciation HTTP/1.1" 200 8851 "-" "Mozilla/5.0 (compatible; SemrushBot/7~bl; +http://www.semrush.com/bot.html)"
85.208.96.204 - - [09/Dec/2025:20:07:18 +0100] "GET /platby/qqap/willard-school-directory HTTP/1.1" 200 11819 "-" "Mozilla/5.0 (compatible; SemrushBot/7~bl; +http://www.semrush.com/bot.html)"
185.191.171.14 - - [09/Dec/2025:20:07:20 +0100] "GET /platby/uwoy9/calliandra-californica-calflora HTTP/1.1" 200 10388 "-" "Mozilla/5.0 (compatible; SemrushBot/7~bl; +http://www.semrush.com/bot.html)"
64.23.183.61 - - [09/Dec/2025:20:07:22 +0100] "\x16\x03\x01\x05\xd7\x01" 403 265 "-" "-"
85.208.96.196 - - [09/Dec/2025:20:07:22 +0100] "GET /platby/aohwuyx/playstation-state-of-play-july-2021 HTTP/1.1" 200 10948 "-" "Mozilla/5.0 (compatible; SemrushBot/7~bl; +http://www.semrush.com/bot.html)"
85.208.96.205 - - [09/Dec/2025:20:07:24 +0100] "GET /platby/72zbxoz/surgical-specialists-of-greater-new-york HTTP/1.1" 200 8796 "-" "Mozilla/5.0 (compatible; SemrushBot/7~bl; +http://www.semrush.com/bot.html)"
85.208.96.197 - - [09/Dec/2025:20:07:25 +0100] "GET /platby/qqap/the-problem-with-inclusion HTTP/1.1" 200 11272 "-" "Mozilla/5.0 (compatible; SemrushBot/7~bl; +http://www.semrush.com/bot.html)"
185.191.171.7 - - [09/Dec/2025:20:07:27 +0100] "GET /platby/qqap/texas-teachers-of-tomorrow-projects HTTP/1.1" 200 10556 "-" "Mozilla/5.0 (compatible; SemrushBot/7~bl; +http://www.semrush.com/bot.html)"
185.191.171.11 - - [09/Dec/2025:20:07:28 +0100] "GET /platby/uwoy9/kodak-gold-200-how-many-shots HTTP/1.1" 200 11405 "-" "Mozilla/5.0 (compatible; SemrushBot/7~bl; +http://www.semrush.com/bot.html)"
204.76.203.212 - - [09/Dec/2025:20:07:30 +0100] "GET /" 400 468 "-" "-"
185.191.171.16 - - [09/Dec/2025:20:07:30 +0100] "GET /platby/aohwuyx/chocolate-whipped-cream-cheese-frosting HTTP/1.1" 200 9616 "-" "Mozilla/5.0 (compatible; SemrushBot/7~bl; +http://www.semrush.com/bot.html)"
185.191.171.14 - - [09/Dec/2025:20:07:32 +0100] "GET /platby/qqap/oak-park-preparatory-academy HTTP/1.1" 200 9935 "-" "Mozilla/5.0 (compatible; SemrushBot/7~bl; +http://www.semrush.com/bot.html)"
185.191.171.14 - - [09/Dec/2025:20:07:33 +0100] "GET /platby/72zbxoz/aerodynamics-homework HTTP/1.1" 200 11997 "-" "Mozilla/5.0 (compatible; SemrushBot/7~bl; +http://www.semrush.com/bot.html)"
85.208.96.205 - - [09/Dec/2025:20:07:35 +0100] "GET /platby/hca/antique-furniture-shops-in-singapore HTTP/1.1" 200 13389 "-" "Mozilla/5.0 (compatible; SemrushBot/7~bl; +http://www.semrush.com/bot.html)"
85.208.96.202 - - [09/Dec/2025:20:07:36 +0100] "GET /platby/72zbxoz/basis-independent-silicon-valley-summer-program HTTP/1.1" 200 7696 "-" "Mozilla/5.0 (compatible; SemrushBot/7~bl; +http://www.semrush.com/bot.html)"
185.191.171.14 - - [09/Dec/2025:20:07:38 +0100] "GET /platby/aohwuyx/charlotte-hornets-jersey-2021 HTTP/1.1" 200 8796 "-" "Mozilla/5.0 (compatible; SemrushBot/7~bl; +http://www.semrush.com/bot.html)"
185.191.171.10 - - [09/Dec/2025:20:07:40 +0100] "GET /platby/aohwuyx/django-admin-permissions HTTP/1.1" 200 13187 "-" "Mozilla/5.0 (compatible; SemrushBot/7~bl; +http://www.semrush.com/bot.html)"
85.208.96.199 - - [09/Dec/2025:20:07:43 +0100] "GET /platby/uwoy9/huawei-screen-repair-christchurch HTTP/1.1" 200 15357 "-" "Mozilla/5.0 (compatible; SemrushBot/7~bl; +http://www.semrush.com/bot.html)"
185.191.171.11 - - [09/Dec/2025:20:07:44 +0100] "GET /platby/aohwuyx/martin-brothers-basketball HTTP/1.1" 200 13484 "-" "Mozilla/5.0 (compatible; SemrushBot/7~bl; +http://www.semrush.com/bot.html)"
85.208.96.203 - - [09/Dec/2025:20:07:46 +0100] "GET /platby/uwoy9/marcus-garvey-children HTTP/1.1" 200 8767 "-" "Mozilla/5.0 (compatible; SemrushBot/7~bl; +http://www.semrush.com/bot.html)"
185.191.171.11 - - [09/Dec/2025:20:07:48 +0100] "GET /platby/aohwuyx/white-chocolate-chips HTTP/1.1" 200 8680 "-" "Mozilla/5.0 (compatible; SemrushBot/7~bl; +http://www.semrush.com/bot.html)"
85.208.96.202 - - [09/Dec/2025:20:07:50 +0100] "GET /platby/72zbxoz/most-expensive-brands HTTP/1.1" 200 9907 "-" "Mozilla/5.0 (compatible; SemrushBot/7~bl; +http://www.semrush.com/bot.html)"
185.191.171.5 - - [09/Dec/2025:20:07:51 +0100] "GET /platby/aohwuyx/bed-and-breakfast-galena,-il-pet-friendly HTTP/1.1" 200 12317 "-" "Mozilla/5.0 (compatible; SemrushBot/7~bl; +http://www.semrush.com/bot.html)"
185.191.171.18 - - [09/Dec/2025:20:07:53 +0100] "GET /platby/72zbxoz/hawthorns-surgery-email-address HTTP/1.1" 200 15004 "-" "Mozilla/5.0 (compatible; SemrushBot/7~bl; +http://www.semrush.com/bot.html)"
185.191.171.1 - - [09/Dec/2025:20:07:55 +0100] "GET /platby/72zbxoz/apartment-rental-agencies HTTP/1.1" 200 11933 "-" "Mozilla/5.0 (compatible; SemrushBot/7~bl; +http://www.semrush.com/bot.html)"
185.191.171.18 - - [09/Dec/2025:20:07:57 +0100] "GET /platby/aohwuyx/violet-color-combination HTTP/1.1" 200 16091 "-" "Mozilla/5.0 (compatible; SemrushBot/7~bl; +http://www.semrush.com/bot.html)"
185.191.171.18 - - [09/Dec/2025:20:07:58 +0100] "GET /platby/qqap/augusta,-georgia-time HTTP/1.1" 200 11212 "-" "Mozilla/5.0 (compatible; SemrushBot/7~bl; +http://www.semrush.com/bot.html)"
185.191.171.11 - - [09/Dec/2025:20:08:00 +0100] "GET /platby/aohwuyx/dillon-casey-designated-survivor HTTP/1.1" 200 11554 "-" "Mozilla/5.0 (compatible; SemrushBot/7~bl; +http://www.semrush.com/bot.html)"
85.208.96.211 - - [09/Dec/2025:20:08:02 +0100] "GET /platby/qqap/where-can-i-buy-lemon-verbena-seeds HTTP/1.1" 200 10088 "-" "Mozilla/5.0 (compatible; SemrushBot/7~bl; +http://www.semrush.com/bot.html)"
85.208.96.193 - - [09/Dec/2025:20:08:03 +0100] "GET /platby/aohwuyx/rocket-larkspur-flower HTTP/1.1" 200 13569 "-" "Mozilla/5.0 (compatible; SemrushBot/7~bl; +http://www.semrush.com/bot.html)"
185.191.171.10 - - [09/Dec/2025:20:08:05 +0100] "GET /platby/hca/most-points-in-a-playoff-series HTTP/1.1" 200 6607 "-" "Mozilla/5.0 (compatible; SemrushBot/7~bl; +http://www.semrush.com/bot.html)"
85.208.96.207 - - [09/Dec/2025:20:08:06 +0100] "GET /platby/aohwuyx/dining-in-the-dark-philadelphia-2021 HTTP/1.1" 200 14816 "-" "Mozilla/5.0 (compatible; SemrushBot/7~bl; +http://www.semrush.com/bot.html)"
185.191.171.18 - - [09/Dec/2025:20:08:07 +0100] "GET /platby/aohwuyx/award-winning-books-2020 HTTP/1.1" 200 12077 "-" "Mozilla/5.0 (compatible; SemrushBot/7~bl; +http://www.semrush.com/bot.html)"
85.208.96.196 - - [09/Dec/2025:20:08:09 +0100] "GET /platby/aohwuyx/real-madrid-vs-real-betis-correct-score-prediction HTTP/1.1" 200 11251 "-" "Mozilla/5.0 (compatible; SemrushBot/7~bl; +http://www.semrush.com/bot.html)"
185.191.171.11 - - [09/Dec/2025:20:08:11 +0100] "GET /platby/qqap/prayer-of-protection-psalm-91 HTTP/1.1" 200 11371 "-" "Mozilla/5.0 (compatible; SemrushBot/7~bl; +http://www.semrush.com/bot.html)"
85.208.96.196 - - [09/Dec/2025:20:08:12 +0100] "GET /platby/hca/maryland-softball-coach HTTP/1.1" 200 6342 "-" "Mozilla/5.0 (compatible; SemrushBot/7~bl; +http://www.semrush.com/bot.html)"
185.191.171.14 - - [09/Dec/2025:20:08:14 +0100] "GET /platby/uwoy9/how-to-pronounce-nougat-in-south-africa HTTP/1.1" 200 16280 "-" "Mozilla/5.0 (compatible; SemrushBot/7~bl; +http://www.semrush.com/bot.html)"
185.191.171.11 - - [09/Dec/2025:20:08:16 +0100] "GET /platby/qqap/car-crash-simulator-royale-webgl HTTP/1.1" 200 10763 "-" "Mozilla/5.0 (compatible; SemrushBot/7~bl; +http://www.semrush.com/bot.html)"
85.208.96.211 - - [09/Dec/2025:20:08:18 +0100] "GET /platby/72zbxoz/chicago-fire-soccer-tv-schedule HTTP/1.1" 200 13649 "-" "Mozilla/5.0 (compatible; SemrushBot/7~bl; +http://www.semrush.com/bot.html)"
193.34.213.150 - - [09/Dec/2025:20:08:36 +0100] "GET /" 400 468 "-" "-"
85.208.96.197 - - [09/Dec/2025:20:08:40 +0100] "GET /platby/qqap/can-you-claim-solar-tax-credit-twice HTTP/1.1" 200 8902 "-" "Mozilla/5.0 (compatible; SemrushBot/7~bl; +http://www.semrush.com/bot.html)"
85.208.96.193 - - [09/Dec/2025:20:08:42 +0100] "GET /platby/aohwuyx/%22model-order-reduction:-techniques-and-tools HTTP/1.1" 200 9175 "-" "Mozilla/5.0 (compatible; SemrushBot/7~bl; +http://www.semrush.com/bot.html)"
85.208.96.202 - - [09/Dec/2025:20:08:54 +0100] "GET /platby/aohwuyx/in-the-heights-broadway-recording HTTP/1.1" 200 8054 "-" "Mozilla/5.0 (compatible; SemrushBot/7~bl; +http://www.semrush.com/bot.html)"
185.191.171.15 - - [09/Dec/2025:20:09:22 +0100] "GET /platby/uwoy9/american-college-of-education-ranking HTTP/1.1" 200 14438 "-" "Mozilla/5.0 (compatible; SemrushBot/7~bl; +http://www.semrush.com/bot.html)"
185.191.171.12 - - [09/Dec/2025:20:09:45 +0100] "GET /platby/aohwuyx/best-anti-heroes-marvel HTTP/1.1" 200 12212 "-" "Mozilla/5.0 (compatible; SemrushBot/7~bl; +http://www.semrush.com/bot.html)"
85.208.96.199 - - [09/Dec/2025:20:10:10 +0100] "GET /platby/uwoy9/is-ghost-touch-permanent HTTP/1.1" 200 15188 "-" "Mozilla/5.0 (compatible; SemrushBot/7~bl; +http://www.semrush.com/bot.html)"
185.191.171.18 - - [09/Dec/2025:20:10:11 +0100] "GET /platby/hca/texas-flag-vs-chile-flag HTTP/1.1" 200 10788 "-" "Mozilla/5.0 (compatible; SemrushBot/7~bl; +http://www.semrush.com/bot.html)"
185.191.171.1 - - [09/Dec/2025:20:10:15 +0100] "GET /platby/72zbxoz/tag-heuer-brand-ambassador HTTP/1.1" 200 8463 "-" "Mozilla/5.0 (compatible; SemrushBot/7~bl; +http://www.semrush.com/bot.html)"
85.208.96.208 - - [09/Dec/2025:20:10:17 +0100] "GET /platby/hca/1988-topps-mark-mcgwire-error-card HTTP/1.1" 200 11039 "-" "Mozilla/5.0 (compatible; SemrushBot/7~bl; +http://www.semrush.com/bot.html)"
85.208.96.205 - - [09/Dec/2025:20:10:19 +0100] "GET /platby/aohwuyx/best-trees-to-plant-in-mississippi HTTP/1.1" 200 10081 "-" "Mozilla/5.0 (compatible; SemrushBot/7~bl; +http://www.semrush.com/bot.html)"
85.208.96.212 - - [09/Dec/2025:20:10:20 +0100] "GET /platby/uwoy9/lucas-oil-seating-capacity HTTP/1.1" 200 12843 "-" "Mozilla/5.0 (compatible; SemrushBot/7~bl; +http://www.semrush.com/bot.html)"
185.191.171.9 - - [09/Dec/2025:20:10:24 +0100] "GET /platby/aohwuyx/identity,-power-examples HTTP/1.1" 200 8901 "-" "Mozilla/5.0 (compatible; SemrushBot/7~bl; +http://www.semrush.com/bot.html)"
185.191.171.17 - - [09/Dec/2025:20:10:28 +0100] "GET /platby/qqap/valley-girl-accent-origin HTTP/1.1" 200 6441 "-" "Mozilla/5.0 (compatible; SemrushBot/7~bl; +http://www.semrush.com/bot.html)"
195.177.94.189 - - [09/Dec/2025:20:10:53 +0100] "GET /phpmyadmin/scripts/setup.php HTTP/1.1" 200 11106 "-" "Mozilla/4.0 (compatible; MSIE 6.0; MSIE 5.5; Windows NT 5.1) Opera 7.01 [en]"
195.177.94.189 - - [09/Dec/2025:20:10:54 +0100] "POST /phpmyadmin/scripts/setup.php HTTP/1.1" 200 18608 "http://109.105.49.240:8081/phpmyadmin/scripts/setup.php" "Mozilla/4.0 (compatible; MSIE 6.0; MSIE 5.5; Windows NT 5.1) Opera 7.01 [en]"
85.208.96.208 - - [09/Dec/2025:20:10:59 +0100] "GET /platby/72zbxoz/uttermost-nesting-table HTTP/1.1" 200 7848 "-" "Mozilla/5.0 (compatible; SemrushBot/7~bl; +http://www.semrush.com/bot.html)"
185.191.171.16 - - [09/Dec/2025:20:11:05 +0100] "GET /platby/aohwuyx/chandler-lindsey-vertical HTTP/1.1" 200 12697 "-" "Mozilla/5.0 (compatible; SemrushBot/7~bl; +http://www.semrush.com/bot.html)"
185.191.171.16 - - [09/Dec/2025:20:11:28 +0100] "GET /platby/uwoy9/what-does-yolo-mean-on-snapchat HTTP/1.1" 200 13072 "-" "Mozilla/5.0 (compatible; SemrushBot/7~bl; +http://www.semrush.com/bot.html)"
79.124.40.174 - - [09/Dec/2025:20:11:30 +0100] "\x16\x03\x01\x05\xa8\x01" 403 265 "-" "-"
85.208.96.212 - - [09/Dec/2025:20:11:46 +0100] "GET /platby/hca/selective-hearing-test HTTP/1.1" 200 10967 "-" "Mozilla/5.0 (compatible; SemrushBot/7~bl; +http://www.semrush.com/bot.html)"
185.191.171.11 - - [09/Dec/2025:20:11:48 +0100] "GET /platby/aohwuyx/amphitheater-school-district-calendar-2021-2022 HTTP/1.1" 200 11322 "-" "Mozilla/5.0 (compatible; SemrushBot/7~bl; +http://www.semrush.com/bot.html)"
185.191.171.13 - - [09/Dec/2025:20:11:49 +0100] "GET /platby/qqap/honor-9-lite-power-button-replacement HTTP/1.1" 200 10530 "-" "Mozilla/5.0 (compatible; SemrushBot/7~bl; +http://www.semrush.com/bot.html)"
195.177.94.189 - - [09/Dec/2025:20:12:00 +0100] "GET /phpmyadmin/scripts/setup.php HTTP/1.1" 200 11105 "-" "Mozilla/4.0 (compatible; MSIE 6.0; MSIE 5.5; Windows NT 5.1) Opera 7.01 [en]"
195.177.94.189 - - [09/Dec/2025:20:12:00 +0100] "POST /phpmyadmin/scripts/setup.php HTTP/1.1" 200 18608 "http://109.105.49.240:443/phpmyadmin/scripts/setup.php" "Mozilla/4.0 (compatible; MSIE 6.0; MSIE 5.5; Windows NT 5.1) Opera 7.01 [en]"
85.208.96.200 - - [09/Dec/2025:20:12:01 +0100] "GET /platby/aohwuyx/apartments-near-university-of-sydney HTTP/1.1" 200 14425 "-" "Mozilla/5.0 (compatible; SemrushBot/7~bl; +http://www.semrush.com/bot.html)"
47.128.124.142 - - [09/Dec/2025:20:12:37 +0100] "\x16\x03\x01\x06\xde\x01" 403 265 "-" "-"
47.128.124.142 - - [09/Dec/2025:20:12:39 +0100] "\x16\x03\x01\x06\xbe\x01" 403 265 "-" "-"
85.208.96.197 - - [09/Dec/2025:20:12:56 +0100] "GET /platby/qqap/types-of-cause-and-effect-relationships HTTP/1.1" 200 7989 "-" "Mozilla/5.0 (compatible; SemrushBot/7~bl; +http://www.semrush.com/bot.html)"
185.191.171.7 - - [09/Dec/2025:20:12:59 +0100] "GET /platby/qqap/beerschot-vs-kortrijk-prediction HTTP/1.1" 200 10902 "-" "Mozilla/5.0 (compatible; SemrushBot/7~bl; +http://www.semrush.com/bot.html)"
185.191.171.1 - - [09/Dec/2025:20:13:06 +0100] "GET /platby/uwoy9/drake-hotline-bling-album HTTP/1.1" 200 9963 "-" "Mozilla/5.0 (compatible; SemrushBot/7~bl; +http://www.semrush.com/bot.html)"
85.208.96.197 - - [09/Dec/2025:20:13:44 +0100] "GET /platby/hca/cause-and-effect-essay-structure-example HTTP/1.1" 200 10796 "-" "Mozilla/5.0 (compatible; SemrushBot/7~bl; +http://www.semrush.com/bot.html)"
85.208.96.202 - - [09/Dec/2025:20:14:14 +0100] "GET /platby/aohwuyx/what-county-is-lehigh-valley,-pa-in HTTP/1.1" 200 10537 "-" "Mozilla/5.0 (compatible; SemrushBot/7~bl; +http://www.semrush.com/bot.html)"
85.208.96.210 - - [09/Dec/2025:20:14:16 +0100] "GET /platby/72zbxoz/great-blue-heron-wingspan HTTP/1.1" 200 8157 "-" "Mozilla/5.0 (compatible; SemrushBot/7~bl; +http://www.semrush.com/bot.html)"
185.191.171.5 - - [09/Dec/2025:20:14:24 +0100] "GET /platby/uwoy9/mixing-audio-for-live-broadcast HTTP/1.1" 200 12290 "-" "Mozilla/5.0 (compatible; SemrushBot/7~bl; +http://www.semrush.com/bot.html)"
79.124.40.174 - - [09/Dec/2025:20:14:25 +0100] "\x16\x03\x01\x05\xa8\x01" 403 265 "-" "-"
85.208.96.211 - - [09/Dec/2025:20:14:29 +0100] "GET /platby/72zbxoz/university-strategic-planning-process HTTP/1.1" 200 9796 "-" "Mozilla/5.0 (compatible; SemrushBot/7~bl; +http://www.semrush.com/bot.html)"
85.208.96.199 - - [09/Dec/2025:20:14:31 +0100] "GET /platby/72zbxoz/marcy-bench-preacher-curl-attachment HTTP/1.1" 200 11616 "-" "Mozilla/5.0 (compatible; SemrushBot/7~bl; +http://www.semrush.com/bot.html)"
185.191.171.11 - - [09/Dec/2025:20:14:32 +0100] "GET /platby/hca/spain-vs-sweden-euro-2021-result HTTP/1.1" 200 9453 "-" "Mozilla/5.0 (compatible; SemrushBot/7~bl; +http://www.semrush.com/bot.html)"
185.191.171.7 - - [09/Dec/2025:20:14:48 +0100] "GET /platby/qqap/catawba-college-jv-basketball HTTP/1.1" 200 9577 "-" "Mozilla/5.0 (compatible; SemrushBot/7~bl; +http://www.semrush.com/bot.html)"
85.208.96.199 - - [09/Dec/2025:20:14:56 +0100] "GET /platby/uwoy9/school-of-education-american-university HTTP/1.1" 200 8513 "-" "Mozilla/5.0 (compatible; SemrushBot/7~bl; +http://www.semrush.com/bot.html)"
185.191.171.14 - - [09/Dec/2025:20:14:58 +0100] "GET /platby/hca/channel-8-drama-list-2020 HTTP/1.1" 200 20 "-" "Mozilla/5.0 (compatible; SemrushBot/7~bl; +http://www.semrush.com/bot.html)"
185.191.171.18 - - [09/Dec/2025:20:15:00 +0100] "GET /platby/72zbxoz/equality-and-diversity-policies-in-the-workplace HTTP/1.1" 200 9051 "-" "Mozilla/5.0 (compatible; SemrushBot/7~bl; +http://www.semrush.com/bot.html)"
185.191.171.16 - - [09/Dec/2025:20:15:07 +0100] "GET /platby/uwoy9/how-to-turn-on-samsung-a20-without-power-button HTTP/1.1" 200 9329 "-" "Mozilla/5.0 (compatible; SemrushBot/7~bl; +http://www.semrush.com/bot.html)"
66.249.79.226 - - [09/Dec/2025:20:15:07 +0100] "\x16\x03\x01\x02" 403 265 "-" "-"
204.76.203.206 - - [09/Dec/2025:20:15:13 +0100] "GET /" 400 468 "-" "-"
85.208.96.202 - - [09/Dec/2025:20:15:22 +0100] "GET /platby/72zbxoz/fractions-for-kids-worksheets HTTP/1.1" 200 14679 "-" "Mozilla/5.0 (compatible; SemrushBot/7~bl; +http://www.semrush.com/bot.html)"
185.191.171.5 - - [09/Dec/2025:20:15:26 +0100] "GET /platby/aohwuyx/health-plan-provider-directory HTTP/1.1" 200 9242 "-" "Mozilla/5.0 (compatible; SemrushBot/7~bl; +http://www.semrush.com/bot.html)"
85.208.96.202 - - [09/Dec/2025:20:15:31 +0100] "GET /platby/qqap/organic-chemistry-for-babies HTTP/1.1" 200 8099 "-" "Mozilla/5.0 (compatible; SemrushBot/7~bl; +http://www.semrush.com/bot.html)"
199.217.98.100 - - [09/Dec/2025:20:15:41 +0100] "\x16\x03\x01\x01,\x01" 403 265 "-" "-"
43.248.13.30 - - [09/Dec/2025:20:15:42 +0100] "\x16\x03\x01\x01,\x01" 403 265 "-" "-"
185.191.171.10 - - [09/Dec/2025:20:15:47 +0100] "GET /platby/uwoy9/best-moisturizer-for-dry,-sensitive-skin HTTP/1.1" 200 13482 "-" "Mozilla/5.0 (compatible; SemrushBot/7~bl; +http://www.semrush.com/bot.html)"
204.76.203.206 - - [09/Dec/2025:20:15:57 +0100] "GET / HTTP/1.1" 200 316 "-" "Mozilla/5.0 (Windows NT 10.0; Win64; x64) AppleWebKit/537.36 (KHTML, like Gecko) Chrome/90.0.4430.85 Safari/537.36 Edg/90.0.818.46"
85.208.96.197 - - [09/Dec/2025:20:16:08 +0100] "GET /platby/aohwuyx/in-the-heights-kennedy-center-bootleg HTTP/1.1" 200 12026 "-" "Mozilla/5.0 (compatible; SemrushBot/7~bl; +http://www.semrush.com/bot.html)"
85.208.96.202 - - [09/Dec/2025:20:17:07 +0100] "GET /platby/hca/six-steps-to-identifying-oppression HTTP/1.1" 200 6810 "-" "Mozilla/5.0 (compatible; SemrushBot/7~bl; +http://www.semrush.com/bot.html)"
185.191.171.17 - - [09/Dec/2025:20:17:15 +0100] "GET /platby/aohwuyx/categorical-grants-example HTTP/1.1" 200 10328 "-" "Mozilla/5.0 (compatible; SemrushBot/7~bl; +http://www.semrush.com/bot.html)"
85.208.96.203 - - [09/Dec/2025:20:17:24 +0100] "GET /platby/hca/la-confidential-autoflower HTTP/1.1" 200 10862 "-" "Mozilla/5.0 (compatible; SemrushBot/7~bl; +http://www.semrush.com/bot.html)"
185.191.171.14 - - [09/Dec/2025:20:18:02 +0100] "GET /platby/aohwuyx/yohji-yamamoto-iconic-designs HTTP/1.1" 200 11950 "-" "Mozilla/5.0 (compatible; SemrushBot/7~bl; +http://www.semrush.com/bot.html)"
185.191.171.18 - - [09/Dec/2025:20:18:09 +0100] "GET /platby/hca/chicago-bears-2019-record HTTP/1.1" 200 10544 "-" "Mozilla/5.0 (compatible; SemrushBot/7~bl; +http://www.semrush.com/bot.html)"
85.208.96.207 - - [09/Dec/2025:20:18:50 +0100] "GET /platby/qqap/+-18morediamond-dealerswindsor-jewelers,-fink's-jewelers,-and-more HTTP/1.1" 200 12679 "-" "Mozilla/5.0 (compatible; SemrushBot/7~bl; +http://www.semrush.com/bot.html)"
114.119.128.6 - - [09/Dec/2025:20:18:57 +0100] "GET /platby/uwoy9/missouri-fox-trotter-rdr2-silver-dapple-pinto HTTP/1.1" 200 9691 "http://ispc.klape.eu/platby/uwoy9/when-is-the-next-state-of-play-2021" "Mozilla/5.0 (Linux; Android 7.0;) AppleWebKit/537.36 (KHTML, like Gecko) Mobile Safari/537.36 (compatible; PetalBot;+https://webmaster.petalsearch.com/site/petalbot)"
185.191.171.9 - - [09/Dec/2025:20:19:01 +0100] "GET /platby/qqap/original-diesel-strain HTTP/1.1" 200 7506 "-" "Mozilla/5.0 (compatible; SemrushBot/7~bl; +http://www.semrush.com/bot.html)"
185.191.171.19 - - [09/Dec/2025:20:19:13 +0100] "GET /platby/72zbxoz/marion-county-jail-inmate-release-date HTTP/1.1" 200 8399 "-" "Mozilla/5.0 (compatible; SemrushBot/7~bl; +http://www.semrush.com/bot.html)"
85.208.96.207 - - [09/Dec/2025:20:19:16 +0100] "GET /platby/hca/former-wbal-meteorologists HTTP/1.1" 200 12186 "-" "Mozilla/5.0 (compatible; SemrushBot/7~bl; +http://www.semrush.com/bot.html)"
85.208.96.201 - - [09/Dec/2025:20:19:19 +0100] "GET /platby/72zbxoz/kaleidoscope-partners HTTP/1.1" 200 12743 "-" "Mozilla/5.0 (compatible; SemrushBot/7~bl; +http://www.semrush.com/bot.html)"
185.191.171.7 - - [09/Dec/2025:20:19:24 +0100] "GET /platby/aohwuyx/sans-language-translator HTTP/1.1" 200 9449 "-" "Mozilla/5.0 (compatible; SemrushBot/7~bl; +http://www.semrush.com/bot.html)"
185.191.171.3 - - [09/Dec/2025:20:19:26 +0100] "GET /platby/uwoy9/theodore-roosevelt-legacy HTTP/1.1" 200 7683 "-" "Mozilla/5.0 (compatible; SemrushBot/7~bl; +http://www.semrush.com/bot.html)"
85.208.96.202 - - [09/Dec/2025:20:19:27 +0100] "GET /platby/uwoy9/jaylen-clark-high-school HTTP/1.1" 200 12343 "-" "Mozilla/5.0 (compatible; SemrushBot/7~bl; +http://www.semrush.com/bot.html)"
85.208.96.209 - - [09/Dec/2025:20:19:29 +0100] "GET /platby/72zbxoz/intercultural-development-continuum HTTP/1.1" 200 9066 "-" "Mozilla/5.0 (compatible; SemrushBot/7~bl; +http://www.semrush.com/bot.html)"
85.208.96.202 - - [09/Dec/2025:20:19:31 +0100] "GET /platby/hca/space-wallpaper-iphone HTTP/1.1" 200 10652 "-" "Mozilla/5.0 (compatible; SemrushBot/7~bl; +http://www.semrush.com/bot.html)"
185.191.171.4 - - [09/Dec/2025:20:19:33 +0100] "GET /platby/uwoy9/influential-asian-american-writers HTTP/1.1" 200 10173 "-" "Mozilla/5.0 (compatible; SemrushBot/7~bl; +http://www.semrush.com/bot.html)"
85.208.96.211 - - [09/Dec/2025:20:19:34 +0100] "GET /platby/hca/gold-set-design-latest-2021 HTTP/1.1" 200 9938 "-" "Mozilla/5.0 (compatible; SemrushBot/7~bl; +http://www.semrush.com/bot.html)"
85.208.96.197 - - [09/Dec/2025:20:19:36 +0100] "GET /platby/qqap/thank-you-god-for-everything-prayer HTTP/1.1" 200 11811 "-" "Mozilla/5.0 (compatible; SemrushBot/7~bl; +http://www.semrush.com/bot.html)"
185.191.171.10 - - [09/Dec/2025:20:19:49 +0100] "GET /platby/uwoy9/dear-john-cast-nicholas-sparks HTTP/1.1" 200 12545 "-" "Mozilla/5.0 (compatible; SemrushBot/7~bl; +http://www.semrush.com/bot.html)"
114.119.139.112 - - [09/Dec/2025:20:20:16 +0100] "GET /platby/qqap/treatment-of-indigenous-peoples-in-canada-essay HTTP/1.1" 200 9099 "http://ispc.klape.eu/platby/qqap/shops-that-sell-jordan-1-near-me" "Mozilla/5.0 (Linux; Android 7.0;) AppleWebKit/537.36 (KHTML, like Gecko) Mobile Safari/537.36 (compatible; PetalBot;+https://webmaster.petalsearch.com/site/petalbot)"
185.191.171.5 - - [09/Dec/2025:20:20:24 +0100] "GET /platby/uwoy9/john-reaves-cause-of-death HTTP/1.1" 200 9168 "-" "Mozilla/5.0 (compatible; SemrushBot/7~bl; +http://www.semrush.com/bot.html)"
185.191.171.4 - - [09/Dec/2025:20:20:56 +0100] "GET /platby/uwoy9/our-young-folk's-plutarch HTTP/1.1" 200 12813 "-" "Mozilla/5.0 (compatible; SemrushBot/7~bl; +http://www.semrush.com/bot.html)"
185.191.171.10 - - [09/Dec/2025:20:21:17 +0100] "GET /platby/hca/government-school-registration-for-2022-northern-cape HTTP/1.1" 200 5586 "-" "Mozilla/5.0 (compatible; SemrushBot/7~bl; +http://www.semrush.com/bot.html)"
114.119.130.237 - - [09/Dec/2025:20:21:20 +0100] "GET /platby/qqap/sony-vaio-boot-menu-key-windows-7 HTTP/1.1" 200 10964 "http://ispc.klape.eu/platby/qqap/how-to-tell-if-a-series-converges-or-diverges" "Mozilla/5.0 (Linux; Android 7.0;) AppleWebKit/537.36 (KHTML, like Gecko) Mobile Safari/537.36 (compatible; PetalBot;+https://webmaster.petalsearch.com/site/petalbot)"
185.191.171.14 - - [09/Dec/2025:20:21:26 +0100] "GET /platby/aohwuyx/cheap-video-cameras-walmart HTTP/1.1" 200 12406 "-" "Mozilla/5.0 (compatible; SemrushBot/7~bl; +http://www.semrush.com/bot.html)"
85.208.96.200 - - [09/Dec/2025:20:21:42 +0100] "GET /platby/uwoy9/graham-arnold-attorney HTTP/1.1" 200 14742 "-" "Mozilla/5.0 (compatible; SemrushBot/7~bl; +http://www.semrush.com/bot.html)"
85.208.96.210 - - [09/Dec/2025:20:21:45 +0100] "GET /platby/qqap/columbian-brahma-chicken HTTP/1.1" 200 6983 "-" "Mozilla/5.0 (compatible; SemrushBot/7~bl; +http://www.semrush.com/bot.html)"
85.208.96.201 - - [09/Dec/2025:20:21:56 +0100] "GET /platby/72zbxoz/damascus-steel-kitchen-knives HTTP/1.1" 200 8871 "-" "Mozilla/5.0 (compatible; SemrushBot/7~bl; +http://www.semrush.com/bot.html)"
85.208.96.200 - - [09/Dec/2025:20:22:28 +0100] "GET /platby/qqap/bangles-something-to-believe-in HTTP/1.1" 200 8719 "-" "Mozilla/5.0 (compatible; SemrushBot/7~bl; +http://www.semrush.com/bot.html)"
185.191.171.17 - - [09/Dec/2025:20:22:31 +0100] "GET /platby/qqap/grammy-album-of-the-year-2008 HTTP/1.1" 200 10386 "-" "Mozilla/5.0 (compatible; SemrushBot/7~bl; +http://www.semrush.com/bot.html)"
85.208.96.204 - - [09/Dec/2025:20:22:33 +0100] "GET /platby/72zbxoz/student-hostel-singapore HTTP/1.1" 200 14742 "-" "Mozilla/5.0 (compatible; SemrushBot/7~bl; +http://www.semrush.com/bot.html)"
85.208.96.194 - - [09/Dec/2025:20:22:34 +0100] "GET /platby/aohwuyx/funny-video-interviews HTTP/1.1" 200 9526 "-" "Mozilla/5.0 (compatible; SemrushBot/7~bl; +http://www.semrush.com/bot.html)"
114.119.130.237 - - [09/Dec/2025:20:22:45 +0100] "GET /platby/article.php?5d4c26=batman-enemy-within-episode-5-reddit HTTP/1.1" 200 4496 "http://ispc.klape.eu/platby/article.php?5d4c26=how-to-get-all-the-pok%C3%A9mon-in-let%27s-go%2C-eevee" "Mozilla/5.0 (Linux; Android 7.0;) AppleWebKit/537.36 (KHTML, like Gecko) Mobile Safari/537.36 (compatible; PetalBot;+https://webmaster.petalsearch.com/site/petalbot)"
185.191.171.9 - - [09/Dec/2025:20:22:53 +0100] "GET /platby/72zbxoz/phoenix-union-high-school-district-news HTTP/1.1" 200 9685 "-" "Mozilla/5.0 (compatible; SemrushBot/7~bl; +http://www.semrush.com/bot.html)"
185.191.171.12 - - [09/Dec/2025:20:22:58 +0100] "GET /platby/hca/lollapalooza-2017-schedule HTTP/1.1" 200 11220 "-" "Mozilla/5.0 (compatible; SemrushBot/7~bl; +http://www.semrush.com/bot.html)"
185.191.171.12 - - [09/Dec/2025:20:23:09 +0100] "GET /platby/aohwuyx/mike-vernon-royal-household HTTP/1.1" 200 9412 "-" "Mozilla/5.0 (compatible; SemrushBot/7~bl; +http://www.semrush.com/bot.html)"
85.208.96.194 - - [09/Dec/2025:20:23:11 +0100] "GET /platby/uwoy9/pablo-sandoval-2012-world-series HTTP/1.1" 200 7343 "-" "Mozilla/5.0 (compatible; SemrushBot/7~bl; +http://www.semrush.com/bot.html)"
85.208.96.195 - - [09/Dec/2025:20:23:18 +0100] "GET /platby/hca/art-institute-of-chicago-membership HTTP/1.1" 200 12816 "-" "Mozilla/5.0 (compatible; SemrushBot/7~bl; +http://www.semrush.com/bot.html)"
91.98.42.74 - - [09/Dec/2025:20:23:29 +0100] "\x16\x03\x01\x01(\x01" 403 265 "-" "-"
91.98.42.74 - - [09/Dec/2025:20:23:29 +0100] "\x16\x03\x01\x01,\x01" 403 265 "-" "-"
85.208.96.208 - - [09/Dec/2025:20:23:32 +0100] "GET /platby/hca/american-university-acceptance-rate-class-of-2025 HTTP/1.1" 200 6809 "-" "Mozilla/5.0 (compatible; SemrushBot/7~bl; +http://www.semrush.com/bot.html)"
85.208.96.206 - - [09/Dec/2025:20:23:44 +0100] "GET /platby/hca/scarsdale-middle-school-fountain-house HTTP/1.1" 200 5792 "-" "Mozilla/5.0 (compatible; SemrushBot/7~bl; +http://www.semrush.com/bot.html)"
85.208.96.195 - - [09/Dec/2025:20:23:48 +0100] "GET /platby/uwoy9/mathematical-models-in-physiology HTTP/1.1" 200 11929 "-" "Mozilla/5.0 (compatible; SemrushBot/7~bl; +http://www.semrush.com/bot.html)"
85.208.96.202 - - [09/Dec/2025:20:23:59 +0100] "GET /platby/uwoy9/food-scientist-salary-by-state HTTP/1.1" 200 8477 "-" "Mozilla/5.0 (compatible; SemrushBot/7~bl; +http://www.semrush.com/bot.html)"
3.208.146.193 - - [09/Dec/2025:20:24:02 +0100] "GET /platby/72zbxoz/john-peel-track-listings HTTP/1.1" 200 14469 "-" "Mozilla/5.0 AppleWebKit/537.36 (KHTML, like Gecko; compatible; Amazonbot/0.1; +https://developer.amazon.com/support/amazonbot) Chrome/119.0.6045.214 Safari/537.36"
