114.119.139.112 - - [09/Dec/2025:17:51:07 +0100] "GET /platby/qqap/anushka-sharma-and-virat-kohli-net-worth HTTP/1.1" 200 8318 "http://ispc.klape.eu/platby/qqap/anushka-sharma-and-virat-kohli-net-worth" "Mozilla/5.0 (Linux; Android 7.0;) AppleWebKit/537.36 (KHTML, like Gecko) Mobile Safari/537.36 (compatible; PetalBot;+https://webmaster.petalsearch.com/site/petalbot)"
185.191.171.16 - - [09/Dec/2025:17:51:21 +0100] "GET /platby/hca/rhododendron-wood-carving HTTP/1.1" 200 12560 "-" "Mozilla/5.0 (compatible; SemrushBot/7~bl; +http://www.semrush.com/bot.html)"
85.208.96.212 - - [09/Dec/2025:17:51:31 +0100] "GET /platby/uwoy9/side-to-side-push-ups-alternative HTTP/1.1" 200 9341 "-" "Mozilla/5.0 (compatible; SemrushBot/7~bl; +http://www.semrush.com/bot.html)"
185.191.171.9 - - [09/Dec/2025:17:51:46 +0100] "GET /platby/72zbxoz/mika-happy-ending-the-voice HTTP/1.1" 200 8967 "-" "Mozilla/5.0 (compatible; SemrushBot/7~bl; +http://www.semrush.com/bot.html)"
85.208.96.201 - - [09/Dec/2025:17:52:53 +0100] "GET /platby/qqap/remove-owner-from-onedrive HTTP/1.1" 200 7005 "-" "Mozilla/5.0 (compatible; SemrushBot/7~bl; +http://www.semrush.com/bot.html)"
94.230.146.245 - - [09/Dec/2025:17:53:54 +0100] "\x16\x03\x01\x05\xf8\x01" 403 265 "-" "-"
204.76.203.206 - - [09/Dec/2025:17:53:56 +0100] "GET /" 400 468 "-" "-"
114.119.149.2 - - [09/Dec/2025:17:54:09 +0100] "GET /platby/article.php?5d4c26=you're-a-shooting-star-that-is-what-you-are-coming-from-above HTTP/1.1" 200 7379 "http://ispc.klape.eu/platby/article.php?5d4c26=juno-and-co-brushes" "Mozilla/5.0 (Linux; Android 7.0;) AppleWebKit/537.36 (KHTML, like Gecko) Mobile Safari/537.36 (compatible; PetalBot;+https://webmaster.petalsearch.com/site/petalbot)"
185.191.171.11 - - [09/Dec/2025:17:54:15 +0100] "GET /platby/hca/sad-summer-fest-worcester HTTP/1.1" 200 10167 "-" "Mozilla/5.0 (compatible; SemrushBot/7~bl; +http://www.semrush.com/bot.html)"
205.210.31.56 - - [09/Dec/2025:17:54:19 +0100] "GET / HTTP/1.1" 200 518 "-" "Hello from Palo Alto Networks, find out more about our scans in https://docs-cortex.paloaltonetworks.com/r/1/Cortex-Xpanse/Scanning-activity"
204.76.203.206 - - [09/Dec/2025:17:55:12 +0100] "GET / HTTP/1.1" 200 316 "-" "Mozilla/5.0 (Windows NT 10.0; Win64; x64) AppleWebKit/537.36 (KHTML, like Gecko) Chrome/90.0.4430.85 Safari/537.36 Edg/90.0.818.46"
185.191.171.11 - - [09/Dec/2025:17:55:13 +0100] "GET /platby/hca/sad-summer-fest-worcester HTTP/1.1" 200 10167 "-" "Mozilla/5.0 (compatible; SemrushBot/7~bl; +http://www.semrush.com/bot.html)"
114.119.140.102 - - [09/Dec/2025:17:55:20 +0100] "GET /platby/article.php?5d4c26=steven-weinberg-awards HTTP/1.1" 200 5996 "http://ispc.klape.eu/platby/article.php?5d4c26=hoy-puede-ser-un-gran-d%C3%ADa-english-translation" "Mozilla/5.0 (Linux; Android 7.0;) AppleWebKit/537.36 (KHTML, like Gecko) Mobile Safari/537.36 (compatible; PetalBot;+https://webmaster.petalsearch.com/site/petalbot)"
85.208.96.193 - - [09/Dec/2025:17:56:22 +0100] "GET /platby/uwoy9/allegiant-stadium-seating-capacity HTTP/1.1" 200 11935 "-" "Mozilla/5.0 (compatible; SemrushBot/7~bl; +http://www.semrush.com/bot.html)"
114.119.130.237 - - [09/Dec/2025:17:56:34 +0100] "GET /platby/72zbxoz/paul-gambaccini-net-worth HTTP/1.1" 200 20 "http://ispc.klape.eu/platby/72zbxoz/how-to-upload-pdf-in-microsoft-teams-in-mobile" "Mozilla/5.0 (Linux; Android 7.0;) AppleWebKit/537.36 (KHTML, like Gecko) Mobile Safari/537.36 (compatible; PetalBot;+https://webmaster.petalsearch.com/site/petalbot)"
85.208.96.193 - - [09/Dec/2025:17:56:35 +0100] "GET /platby/uwoy9/allegiant-stadium-seating-capacity HTTP/1.1" 200 11935 "-" "Mozilla/5.0 (compatible; SemrushBot/7~bl; +http://www.semrush.com/bot.html)"
85.208.96.212 - - [09/Dec/2025:17:56:59 +0100] "GET /platby/72zbxoz/hellbender-game-windows-10 HTTP/1.1" 200 12097 "-" "Mozilla/5.0 (compatible; SemrushBot/7~bl; +http://www.semrush.com/bot.html)"
85.208.96.198 - - [09/Dec/2025:17:57:15 +0100] "GET /platby/hca/alice-lloyd-college-basketball HTTP/1.1" 200 9412 "-" "Mozilla/5.0 (compatible; SemrushBot/7~bl; +http://www.semrush.com/bot.html)"
185.191.171.3 - - [09/Dec/2025:17:57:21 +0100] "GET /platby/aohwuyx/sault-ste-marie-customs-broker HTTP/1.1" 200 14590 "-" "Mozilla/5.0 (compatible; SemrushBot/7~bl; +http://www.semrush.com/bot.html)"
185.191.171.12 - - [09/Dec/2025:17:57:41 +0100] "GET /platby/72zbxoz/virtual-theater-tickets HTTP/1.1" 200 9927 "-" "Mozilla/5.0 (compatible; SemrushBot/7~bl; +http://www.semrush.com/bot.html)"
94.230.146.245 - - [09/Dec/2025:17:58:38 +0100] "\x16\x03\x01\x05\xf8\x01" 403 265 "-" "-"
85.208.96.212 - - [09/Dec/2025:17:58:41 +0100] "GET /platby/uwoy9/michael-jordan-flight-school-cost HTTP/1.1" 200 14633 "-" "Mozilla/5.0 (compatible; SemrushBot/7~bl; +http://www.semrush.com/bot.html)"
85.208.96.212 - - [09/Dec/2025:17:58:49 +0100] "GET /platby/uwoy9/michael-jordan-flight-school-cost HTTP/1.1" 200 14633 "-" "Mozilla/5.0 (compatible; SemrushBot/7~bl; +http://www.semrush.com/bot.html)"
85.208.96.196 - - [09/Dec/2025:17:58:51 +0100] "GET /platby/aohwuyx/child-genius-uk-2019-winner HTTP/1.1" 200 14051 "-" "Mozilla/5.0 (compatible; SemrushBot/7~bl; +http://www.semrush.com/bot.html)"
185.191.171.8 - - [09/Dec/2025:17:58:52 +0100] "GET /platby/hca/browns-vs-jets-highlights HTTP/1.1" 200 10690 "-" "Mozilla/5.0 (compatible; SemrushBot/7~bl; +http://www.semrush.com/bot.html)"
185.191.171.10 - - [09/Dec/2025:17:58:54 +0100] "GET /platby/qqap/what-did-money-look-like-in-the-1700s HTTP/1.1" 200 7475 "-" "Mozilla/5.0 (compatible; SemrushBot/7~bl; +http://www.semrush.com/bot.html)"
85.208.96.210 - - [09/Dec/2025:17:58:56 +0100] "GET /platby/72zbxoz/southeastern-university-athletics HTTP/1.1" 200 7529 "-" "Mozilla/5.0 (compatible; SemrushBot/7~bl; +http://www.semrush.com/bot.html)"
85.208.96.205 - - [09/Dec/2025:17:58:58 +0100] "GET /platby/qqap/rusty-kuntz-rookie-card HTTP/1.1" 200 8987 "-" "Mozilla/5.0 (compatible; SemrushBot/7~bl; +http://www.semrush.com/bot.html)"
85.208.96.203 - - [09/Dec/2025:17:58:59 +0100] "GET /platby/hca/federal-government-rebate-program HTTP/1.1" 200 7954 "-" "Mozilla/5.0 (compatible; SemrushBot/7~bl; +http://www.semrush.com/bot.html)"
85.208.96.205 - - [09/Dec/2025:17:59:01 +0100] "GET /platby/uwoy9/fake-jordan-1-low-pine-green HTTP/1.1" 200 8158 "-" "Mozilla/5.0 (compatible; SemrushBot/7~bl; +http://www.semrush.com/bot.html)"
185.191.171.15 - - [09/Dec/2025:17:59:02 +0100] "GET /platby/72zbxoz/samsung-a20-fingerprint-sensor-not-working HTTP/1.1" 200 8745 "-" "Mozilla/5.0 (compatible; SemrushBot/7~bl; +http://www.semrush.com/bot.html)"
185.191.171.8 - - [09/Dec/2025:17:59:04 +0100] "GET /platby/uwoy9/american-public-opinion-and-the-war-in-vietnam HTTP/1.1" 200 10678 "-" "Mozilla/5.0 (compatible; SemrushBot/7~bl; +http://www.semrush.com/bot.html)"
85.208.96.210 - - [09/Dec/2025:17:59:05 +0100] "GET /platby/aohwuyx/computational-fluid-dynamics-and-heat-transfer-pdf HTTP/1.1" 200 10627 "-" "Mozilla/5.0 (compatible; SemrushBot/7~bl; +http://www.semrush.com/bot.html)"
185.191.171.15 - - [09/Dec/2025:17:59:07 +0100] "GET /platby/aohwuyx/sleeping-after-lunch-ayurveda HTTP/1.1" 200 8966 "-" "Mozilla/5.0 (compatible; SemrushBot/7~bl; +http://www.semrush.com/bot.html)"
185.191.171.18 - - [09/Dec/2025:17:59:08 +0100] "GET /platby/uwoy9/orlando-jones-pictures HTTP/1.1" 200 9872 "-" "Mozilla/5.0 (compatible; SemrushBot/7~bl; +http://www.semrush.com/bot.html)"
185.191.171.9 - - [09/Dec/2025:17:59:10 +0100] "GET /platby/uwoy9/handle-with-care-book-lore HTTP/1.1" 200 11926 "-" "Mozilla/5.0 (compatible; SemrushBot/7~bl; +http://www.semrush.com/bot.html)"
185.191.171.12 - - [09/Dec/2025:17:59:12 +0100] "GET /platby/hca/getafe-vs-huesca-results HTTP/1.1" 200 8599 "-" "Mozilla/5.0 (compatible; SemrushBot/7~bl; +http://www.semrush.com/bot.html)"
85.208.96.205 - - [09/Dec/2025:17:59:13 +0100] "GET /platby/uwoy9/can't-fight-this-feeling HTTP/1.1" 200 9192 "-" "Mozilla/5.0 (compatible; SemrushBot/7~bl; +http://www.semrush.com/bot.html)"
185.191.171.12 - - [09/Dec/2025:17:59:15 +0100] "GET /platby/uwoy9/recent-deaths-in-tampa,-florida-2021 HTTP/1.1" 200 8068 "-" "Mozilla/5.0 (compatible; SemrushBot/7~bl; +http://www.semrush.com/bot.html)"
85.208.96.199 - - [09/Dec/2025:17:59:17 +0100] "GET /platby/hca/patrik-schick-fifa-21-career-mode HTTP/1.1" 200 10799 "-" "Mozilla/5.0 (compatible; SemrushBot/7~bl; +http://www.semrush.com/bot.html)"
185.191.171.5 - - [09/Dec/2025:17:59:18 +0100] "GET /platby/aohwuyx/esther-dingley-mystery HTTP/1.1" 200 9993 "-" "Mozilla/5.0 (compatible; SemrushBot/7~bl; +http://www.semrush.com/bot.html)"
85.208.96.199 - - [09/Dec/2025:17:59:20 +0100] "GET /platby/qqap/vertical-wind-turbine-for-home-use HTTP/1.1" 200 10675 "-" "Mozilla/5.0 (compatible; SemrushBot/7~bl; +http://www.semrush.com/bot.html)"
185.191.171.11 - - [09/Dec/2025:17:59:21 +0100] "GET /platby/hca/how-many-syllables-in-pronunciation HTTP/1.1" 200 9727 "-" "Mozilla/5.0 (compatible; SemrushBot/7~bl; +http://www.semrush.com/bot.html)"
185.191.171.16 - - [09/Dec/2025:17:59:23 +0100] "GET /platby/uwoy9/singapore-shopping-centre HTTP/1.1" 200 9279 "-" "Mozilla/5.0 (compatible; SemrushBot/7~bl; +http://www.semrush.com/bot.html)"
185.191.171.9 - - [09/Dec/2025:17:59:26 +0100] "GET /platby/uwoy9/grove-primary-academy HTTP/1.1" 200 12516 "-" "Mozilla/5.0 (compatible; SemrushBot/7~bl; +http://www.semrush.com/bot.html)"
185.191.171.16 - - [09/Dec/2025:17:59:27 +0100] "GET /robots.txt HTTP/1.1" 200 54 "-" "Mozilla/5.0 (compatible; SemrushBot/7~bl; +http://www.semrush.com/bot.html)"
185.191.171.13 - - [09/Dec/2025:17:59:27 +0100] "GET /platby/uwoy9/fading-colors-painting HTTP/1.1" 200 9159 "-" "Mozilla/5.0 (compatible; SemrushBot/7~bl; +http://www.semrush.com/bot.html)"
45.144.53.78 - - [09/Dec/2025:17:59:28 +0100] "\x16\x03\x01\x05\xe0\x01" 403 265 "-" "-"
85.208.96.210 - - [09/Dec/2025:17:59:29 +0100] "GET /platby/uwoy9/asp-net-core-mvc-login-and-registration-using-identity HTTP/1.1" 200 11698 "-" "Mozilla/5.0 (compatible; SemrushBot/7~bl; +http://www.semrush.com/bot.html)"
85.208.96.200 - - [09/Dec/2025:17:59:31 +0100] "GET /platby/uwoy9/geethanjali-college-of-engineering-and-technology-result-2020 HTTP/1.1" 200 13715 "-" "Mozilla/5.0 (compatible; SemrushBot/7~bl; +http://www.semrush.com/bot.html)"
185.191.171.11 - - [09/Dec/2025:17:59:33 +0100] "GET /platby/qqap/sleeping-music-experience-relaxing-music HTTP/1.1" 200 6948 "-" "Mozilla/5.0 (compatible; SemrushBot/7~bl; +http://www.semrush.com/bot.html)"
185.191.171.14 - - [09/Dec/2025:17:59:35 +0100] "GET /platby/uwoy9/psychological-barriers-to-communication-pdf HTTP/1.1" 200 9174 "-" "Mozilla/5.0 (compatible; SemrushBot/7~bl; +http://www.semrush.com/bot.html)"
85.208.96.209 - - [09/Dec/2025:17:59:37 +0100] "GET /platby/uwoy9/elizabeth-daily-net-worth HTTP/1.1" 200 13218 "-" "Mozilla/5.0 (compatible; SemrushBot/7~bl; +http://www.semrush.com/bot.html)"
85.208.96.207 - - [09/Dec/2025:17:59:38 +0100] "GET /platby/hca/sierra-nevada-foothills-wildflowers HTTP/1.1" 200 8324 "-" "Mozilla/5.0 (compatible; SemrushBot/7~bl; +http://www.semrush.com/bot.html)"
85.208.96.209 - - [09/Dec/2025:17:59:40 +0100] "GET /platby/uwoy9/huawei-p40-lite-vs-samsung-a51-camera-test HTTP/1.1" 200 12051 "-" "Mozilla/5.0 (compatible; SemrushBot/7~bl; +http://www.semrush.com/bot.html)"
185.191.171.15 - - [09/Dec/2025:18:00:03 +0100] "GET /platby/72zbxoz/xenia-adonts-plastic-surgery HTTP/1.1" 200 12455 "-" "Mozilla/5.0 (compatible; SemrushBot/7~bl; +http://www.semrush.com/bot.html)"
185.191.171.13 - - [09/Dec/2025:18:00:05 +0100] "GET /platby/qqap/xenoblade-chronicles-2-pc-port HTTP/1.1" 200 6119 "-" "Mozilla/5.0 (compatible; SemrushBot/7~bl; +http://www.semrush.com/bot.html)"
85.208.96.199 - - [09/Dec/2025:18:00:10 +0100] "GET /platby/uwoy9/love-to-dream-swaddle-newborn HTTP/1.1" 200 9740 "-" "Mozilla/5.0 (compatible; SemrushBot/7~bl; +http://www.semrush.com/bot.html)"
185.191.171.19 - - [09/Dec/2025:18:00:13 +0100] "GET /platby/72zbxoz/jaylen-clark-arkansas HTTP/1.1" 200 7218 "-" "Mozilla/5.0 (compatible; SemrushBot/7~bl; +http://www.semrush.com/bot.html)"
85.208.96.209 - - [09/Dec/2025:18:00:25 +0100] "GET /platby/hca/where-do-emotions-come-from-in-the-brain HTTP/1.1" 200 8066 "-" "Mozilla/5.0 (compatible; SemrushBot/7~bl; +http://www.semrush.com/bot.html)"
185.191.171.17 - - [09/Dec/2025:18:00:31 +0100] "GET /platby/uwoy9/the-voice-feeling-good-come HTTP/1.1" 200 14518 "-" "Mozilla/5.0 (compatible; SemrushBot/7~bl; +http://www.semrush.com/bot.html)"
185.191.171.4 - - [09/Dec/2025:18:01:01 +0100] "GET /platby/72zbxoz/lego-star-wars:-the-complete-saga-wiki HTTP/1.1" 200 11839 "-" "Mozilla/5.0 (compatible; SemrushBot/7~bl; +http://www.semrush.com/bot.html)"
85.208.96.201 - - [09/Dec/2025:18:01:03 +0100] "GET /platby/aohwuyx/setauthcookie-example HTTP/1.1" 200 12848 "-" "Mozilla/5.0 (compatible; SemrushBot/7~bl; +http://www.semrush.com/bot.html)"
85.208.96.204 - - [09/Dec/2025:18:01:29 +0100] "GET /platby/aohwuyx/bahia-vs-corinthians-forebet HTTP/1.1" 200 10381 "-" "Mozilla/5.0 (compatible; SemrushBot/7~bl; +http://www.semrush.com/bot.html)"
185.191.171.17 - - [09/Dec/2025:18:01:30 +0100] "GET /platby/72zbxoz/coventry-university-ranking HTTP/1.1" 200 13531 "-" "Mozilla/5.0 (compatible; SemrushBot/7~bl; +http://www.semrush.com/bot.html)"
85.208.96.209 - - [09/Dec/2025:18:01:38 +0100] "GET /platby/72zbxoz/best-nokia-phone-under-15000 HTTP/1.1" 200 11036 "-" "Mozilla/5.0 (compatible; SemrushBot/7~bl; +http://www.semrush.com/bot.html)"
85.208.96.204 - - [09/Dec/2025:18:01:51 +0100] "GET /platby/aohwuyx/alcatel-hotspot-password-reset HTTP/1.1" 200 10274 "-" "Mozilla/5.0 (compatible; SemrushBot/7~bl; +http://www.semrush.com/bot.html)"
85.208.96.201 - - [09/Dec/2025:18:02:35 +0100] "GET /platby/aohwuyx/qualities-of-a-world-class-player HTTP/1.1" 200 14824 "-" "Mozilla/5.0 (compatible; SemrushBot/7~bl; +http://www.semrush.com/bot.html)"
85.208.96.196 - - [09/Dec/2025:18:02:44 +0100] "GET /platby/72zbxoz/west-memphis-3-documentary-full HTTP/1.1" 200 8714 "-" "Mozilla/5.0 (compatible; SemrushBot/7~bl; +http://www.semrush.com/bot.html)"
185.191.171.17 - - [09/Dec/2025:18:03:03 +0100] "GET /platby/uwoy9/mike-ditka-power-football HTTP/1.1" 200 12374 "-" "Mozilla/5.0 (compatible; SemrushBot/7~bl; +http://www.semrush.com/bot.html)"
185.191.171.8 - - [09/Dec/2025:18:03:04 +0100] "GET /platby/hca/richie-guerin-hall-of-fame HTTP/1.1" 200 9611 "-" "Mozilla/5.0 (compatible; SemrushBot/7~bl; +http://www.semrush.com/bot.html)"
185.191.171.17 - - [09/Dec/2025:18:03:08 +0100] "GET /platby/aohwuyx/rachel-rice-polsinelli HTTP/1.1" 200 14372 "-" "Mozilla/5.0 (compatible; SemrushBot/7~bl; +http://www.semrush.com/bot.html)"
85.208.96.198 - - [09/Dec/2025:18:03:19 +0100] "GET /platby/uwoy9/yeezy-slide-pure-vs-bone HTTP/1.1" 200 12659 "-" "Mozilla/5.0 (compatible; SemrushBot/7~bl; +http://www.semrush.com/bot.html)"
85.208.96.202 - - [09/Dec/2025:18:03:29 +0100] "GET /platby/qqap/shaquill-griffin-one-hand HTTP/1.1" 200 5781 "-" "Mozilla/5.0 (compatible; SemrushBot/7~bl; +http://www.semrush.com/bot.html)"
185.191.171.8 - - [09/Dec/2025:18:03:41 +0100] "GET /platby/uwoy9/moses-moody-standing-reach HTTP/1.1" 200 9537 "-" "Mozilla/5.0 (compatible; SemrushBot/7~bl; +http://www.semrush.com/bot.html)"
85.208.96.212 - - [09/Dec/2025:18:03:47 +0100] "GET /platby/qqap/xperia-update-changelog HTTP/1.1" 200 6383 "-" "Mozilla/5.0 (compatible; SemrushBot/7~bl; +http://www.semrush.com/bot.html)"
85.208.96.212 - - [09/Dec/2025:18:03:56 +0100] "GET /platby/72zbxoz/retropie-dosbox-sound HTTP/1.1" 200 11960 "-" "Mozilla/5.0 (compatible; SemrushBot/7~bl; +http://www.semrush.com/bot.html)"
185.191.171.2 - - [09/Dec/2025:18:04:03 +0100] "GET /platby/aohwuyx/fred-meyer-jewelers-memphis-tn HTTP/1.1" 200 10309 "-" "Mozilla/5.0 (compatible; SemrushBot/7~bl; +http://www.semrush.com/bot.html)"
85.208.96.200 - - [09/Dec/2025:18:04:25 +0100] "GET /platby/uwoy9/1997-topps-baseball-cards-complete-set HTTP/1.1" 200 12036 "-" "Mozilla/5.0 (compatible; SemrushBot/7~bl; +http://www.semrush.com/bot.html)"
85.208.96.201 - - [09/Dec/2025:18:04:44 +0100] "GET /platby/72zbxoz/what-rhymes-with-daily-basis HTTP/1.1" 200 10236 "-" "Mozilla/5.0 (compatible; SemrushBot/7~bl; +http://www.semrush.com/bot.html)"
85.208.96.211 - - [09/Dec/2025:18:04:47 +0100] "GET /platby/hca/torrance-summer-school-2021 HTTP/1.1" 200 12016 "-" "Mozilla/5.0 (compatible; SemrushBot/7~bl; +http://www.semrush.com/bot.html)"
85.208.96.211 - - [09/Dec/2025:18:05:35 +0100] "GET /platby/aohwuyx/poetic-justice-shirt-tupac HTTP/1.1" 200 12038 "-" "Mozilla/5.0 (compatible; SemrushBot/7~bl; +http://www.semrush.com/bot.html)"
114.119.140.102 - - [09/Dec/2025:18:05:38 +0100] "GET /platby/article.php?5d4c26=medicine-lake-idaho HTTP/1.1" 200 6918 "http://ispc.klape.eu/platby/article.php?5d4c26=The-start-of-new-beginnings" "Mozilla/5.0 (Linux; Android 7.0;) AppleWebKit/537.36 (KHTML, like Gecko) Mobile Safari/537.36 (compatible; PetalBot;+https://webmaster.petalsearch.com/site/petalbot)"
185.191.171.4 - - [09/Dec/2025:18:06:15 +0100] "GET /platby/hca/arkansas-special-education-process-guide HTTP/1.1" 200 7032 "-" "Mozilla/5.0 (compatible; SemrushBot/7~bl; +http://www.semrush.com/bot.html)"
85.208.96.204 - - [09/Dec/2025:18:06:21 +0100] "GET /platby/72zbxoz/reading-community-center HTTP/1.1" 200 10199 "-" "Mozilla/5.0 (compatible; SemrushBot/7~bl; +http://www.semrush.com/bot.html)"
185.191.171.14 - - [09/Dec/2025:18:06:22 +0100] "GET /platby/uwoy9/nba-g-league-player-rankings-2020 HTTP/1.1" 200 9869 "-" "Mozilla/5.0 (compatible; SemrushBot/7~bl; +http://www.semrush.com/bot.html)"
185.191.171.2 - - [09/Dec/2025:18:06:24 +0100] "GET /platby/72zbxoz/cara-mengatasi-reverse-charging HTTP/1.1" 200 9135 "-" "Mozilla/5.0 (compatible; SemrushBot/7~bl; +http://www.semrush.com/bot.html)"
85.208.96.198 - - [09/Dec/2025:18:06:25 +0100] "GET /platby/72zbxoz/museum-of-fine-arts,-houston-hours HTTP/1.1" 200 13292 "-" "Mozilla/5.0 (compatible; SemrushBot/7~bl; +http://www.semrush.com/bot.html)"
114.119.139.66 - - [09/Dec/2025:18:06:27 +0100] "GET /platby/article.php?5d4c26=Wheelers-Hill-VIC HTTP/1.1" 200 5771 "http://ispc.klape.eu/platby/article.php?5d4c26=delta-customer-service-24/7" "Mozilla/5.0 (Linux; Android 7.0;) AppleWebKit/537.36 (KHTML, like Gecko) Mobile Safari/537.36 (compatible; PetalBot;+https://webmaster.petalsearch.com/site/petalbot)"
185.191.171.8 - - [09/Dec/2025:18:06:39 +0100] "GET /platby/hca/laravel-session-cookie-name HTTP/1.1" 200 10132 "-" "Mozilla/5.0 (compatible; SemrushBot/7~bl; +http://www.semrush.com/bot.html)"
185.191.171.19 - - [09/Dec/2025:18:06:46 +0100] "GET /platby/uwoy9/college-park-restaurants-main-street HTTP/1.1" 200 13850 "-" "Mozilla/5.0 (compatible; SemrushBot/7~bl; +http://www.semrush.com/bot.html)"
185.191.171.8 - - [09/Dec/2025:18:06:57 +0100] "GET /platby/hca/life-in-a-small-northern-town HTTP/1.1" 200 9877 "-" "Mozilla/5.0 (compatible; SemrushBot/7~bl; +http://www.semrush.com/bot.html)"
185.191.171.19 - - [09/Dec/2025:18:07:03 +0100] "GET /platby/qqap/nike-vaporfly-next-percent-2-release-date HTTP/1.1" 200 10252 "-" "Mozilla/5.0 (compatible; SemrushBot/7~bl; +http://www.semrush.com/bot.html)"
85.208.96.212 - - [09/Dec/2025:18:07:25 +0100] "GET /platby/hca/why-don't-you-have-a-seat-shirt HTTP/1.1" 200 8914 "-" "Mozilla/5.0 (compatible; SemrushBot/7~bl; +http://www.semrush.com/bot.html)"
185.191.171.14 - - [09/Dec/2025:18:07:34 +0100] "GET /platby/hca/another-word-for-subsidiary-interest HTTP/1.1" 200 5788 "-" "Mozilla/5.0 (compatible; SemrushBot/7~bl; +http://www.semrush.com/bot.html)"
85.208.96.205 - - [09/Dec/2025:18:07:38 +0100] "GET /platby/aohwuyx/native-flowering-trees-massachusetts HTTP/1.1" 200 15058 "-" "Mozilla/5.0 (compatible; SemrushBot/7~bl; +http://www.semrush.com/bot.html)"
114.119.149.2 - - [09/Dec/2025:18:07:47 +0100] "GET /platby/72zbxoz/harry-potter-time-travel-fanfiction-marauders-era HTTP/1.1" 200 10114 "http://ispc.klape.eu/platby/72zbxoz/jarred-vanderbilt-net-worth" "Mozilla/5.0 (Linux; Android 7.0;) AppleWebKit/537.36 (KHTML, like Gecko) Mobile Safari/537.36 (compatible; PetalBot;+https://webmaster.petalsearch.com/site/petalbot)"
85.208.96.211 - - [09/Dec/2025:18:08:02 +0100] "GET /platby/qqap/visual-boy-advance-windows-10 HTTP/1.1" 200 8796 "-" "Mozilla/5.0 (compatible; SemrushBot/7~bl; +http://www.semrush.com/bot.html)"
85.208.96.196 - - [09/Dec/2025:18:08:12 +0100] "GET /platby/72zbxoz/qemu-system-x86_64-example HTTP/1.1" 200 12139 "-" "Mozilla/5.0 (compatible; SemrushBot/7~bl; +http://www.semrush.com/bot.html)"
185.191.171.7 - - [09/Dec/2025:18:08:20 +0100] "GET /platby/aohwuyx/huawei-problems-today HTTP/1.1" 200 8461 "-" "Mozilla/5.0 (compatible; SemrushBot/7~bl; +http://www.semrush.com/bot.html)"
85.208.96.205 - - [09/Dec/2025:18:08:27 +0100] "GET /platby/aohwuyx/daniel-brown-meditation HTTP/1.1" 200 11374 "-" "Mozilla/5.0 (compatible; SemrushBot/7~bl; +http://www.semrush.com/bot.html)"
74.7.244.44 - - [09/Dec/2025:18:09:25 +0100] "\x16\x03\x01" 403 265 "-" "-"
74.7.244.44 - - [09/Dec/2025:18:09:25 +0100] "\x16\x03\x01\x02" 403 265 "-" "-"
74.7.244.44 - - [09/Dec/2025:18:09:25 +0100] "\x16\x03\x01\x02" 403 265 "-" "-"
85.208.96.198 - - [09/Dec/2025:18:09:29 +0100] "GET /platby/uwoy9/food-scientist-salary-phd HTTP/1.1" 200 11729 "-" "Mozilla/5.0 (compatible; SemrushBot/7~bl; +http://www.semrush.com/bot.html)"
51.159.71.186 - - [09/Dec/2025:18:09:36 +0100] "\x16\x03\x01\x05\xe7\x01" 403 265 "-" "-"
114.119.152.142 - - [09/Dec/2025:18:09:40 +0100] "GET /platby/72zbxoz/another-word-for-being-used-by-someone HTTP/1.1" 200 15641 "http://ispc.klape.eu/platby/72zbxoz/are-michael-learned-and-amanda-blake-related" "Mozilla/5.0 (Linux; Android 7.0;) AppleWebKit/537.36 (KHTML, like Gecko) Mobile Safari/537.36 (compatible; PetalBot;+https://webmaster.petalsearch.com/site/petalbot)"
185.191.171.10 - - [09/Dec/2025:18:09:47 +0100] "GET /platby/72zbxoz/when-will-nfl-tickets-go-on-sale-2021 HTTP/1.1" 200 12414 "-" "Mozilla/5.0 (compatible; SemrushBot/7~bl; +http://www.semrush.com/bot.html)"
85.208.96.205 - - [09/Dec/2025:18:09:56 +0100] "GET /platby/qqap/bellagio-vip-lounge-platinum HTTP/1.1" 200 12760 "-" "Mozilla/5.0 (compatible; SemrushBot/7~bl; +http://www.semrush.com/bot.html)"
185.191.171.12 - - [09/Dec/2025:18:09:59 +0100] "GET /platby/hca/duck-with-brown-ring-around-eye HTTP/1.1" 200 9755 "-" "Mozilla/5.0 (compatible; SemrushBot/7~bl; +http://www.semrush.com/bot.html)"
185.191.171.16 - - [09/Dec/2025:18:10:02 +0100] "GET /platby/72zbxoz/federal-government-survival-fund-grant-south-africa HTTP/1.1" 200 9105 "-" "Mozilla/5.0 (compatible; SemrushBot/7~bl; +http://www.semrush.com/bot.html)"
185.191.171.4 - - [09/Dec/2025:18:10:04 +0100] "GET /platby/hca/jimmy-ibbotson-interview HTTP/1.1" 200 10757 "-" "Mozilla/5.0 (compatible; SemrushBot/7~bl; +http://www.semrush.com/bot.html)"
185.191.171.1 - - [09/Dec/2025:18:10:05 +0100] "GET /platby/qqap/renogy-175-watt-12-volt-flexible-monocrystalline-solar-panel HTTP/1.1" 200 9394 "-" "Mozilla/5.0 (compatible; SemrushBot/7~bl; +http://www.semrush.com/bot.html)"
185.191.171.15 - - [09/Dec/2025:18:10:06 +0100] "GET /platby/qqap/2019-tampa-bay-buccaneers-quarterback HTTP/1.1" 200 9376 "-" "Mozilla/5.0 (compatible; SemrushBot/7~bl; +http://www.semrush.com/bot.html)"
85.208.96.209 - - [09/Dec/2025:18:10:23 +0100] "GET /platby/hca/what-does-$-mean-in-unix-shell-script HTTP/1.1" 200 11563 "-" "Mozilla/5.0 (compatible; SemrushBot/7~bl; +http://www.semrush.com/bot.html)"
85.208.96.194 - - [09/Dec/2025:18:10:50 +0100] "GET /platby/aohwuyx/brookfield-asset-management-subsidiaries-list HTTP/1.1" 200 11113 "-" "Mozilla/5.0 (compatible; SemrushBot/7~bl; +http://www.semrush.com/bot.html)"
185.191.171.16 - - [09/Dec/2025:18:10:54 +0100] "GET /platby/qqap/fielding-primary-school-ethos HTTP/1.1" 200 11719 "-" "Mozilla/5.0 (compatible; SemrushBot/7~bl; +http://www.semrush.com/bot.html)"
85.208.96.200 - - [09/Dec/2025:18:10:58 +0100] "GET /platby/hca/randomness-definition HTTP/1.1" 200 10286 "-" "Mozilla/5.0 (compatible; SemrushBot/7~bl; +http://www.semrush.com/bot.html)"
85.208.96.211 - - [09/Dec/2025:18:11:10 +0100] "GET /platby/hca/footballer-short-hairstyle HTTP/1.1" 200 13510 "-" "Mozilla/5.0 (compatible; SemrushBot/7~bl; +http://www.semrush.com/bot.html)"
185.191.171.15 - - [09/Dec/2025:18:11:12 +0100] "GET /platby/aohwuyx/the-assumption-of-the-virgin-francesco-botticini HTTP/1.1" 200 13396 "-" "Mozilla/5.0 (compatible; SemrushBot/7~bl; +http://www.semrush.com/bot.html)"
204.76.203.206 - - [09/Dec/2025:18:11:31 +0100] "GET /" 400 468 "-" "-"
85.208.96.199 - - [09/Dec/2025:18:11:50 +0100] "GET /platby/uwoy9/modern-engineering-company HTTP/1.1" 200 13438 "-" "Mozilla/5.0 (compatible; SemrushBot/7~bl; +http://www.semrush.com/bot.html)"
185.191.171.4 - - [09/Dec/2025:18:11:56 +0100] "GET /platby/qqap/brown-hair-with-blonde-highlights-in-front HTTP/1.1" 200 7667 "-" "Mozilla/5.0 (compatible; SemrushBot/7~bl; +http://www.semrush.com/bot.html)"
185.191.171.4 - - [09/Dec/2025:18:12:08 +0100] "GET /platby/uwoy9/sukhpal-khaira-daughter-wedding HTTP/1.1" 200 9180 "-" "Mozilla/5.0 (compatible; SemrushBot/7~bl; +http://www.semrush.com/bot.html)"
185.191.171.4 - - [09/Dec/2025:18:12:13 +0100] "GET /platby/uwoy9/coast-to-coast-walk-duration HTTP/1.1" 200 12608 "-" "Mozilla/5.0 (compatible; SemrushBot/7~bl; +http://www.semrush.com/bot.html)"
47.128.34.148 - - [09/Dec/2025:18:12:22 +0100] "\x16\x03\x01\x07!\x01" 403 265 "-" "-"
47.128.34.148 - - [09/Dec/2025:18:12:23 +0100] "\x16\x03\x01\x06\xe1\x01" 403 265 "-" "-"
85.208.96.212 - - [09/Dec/2025:18:12:24 +0100] "GET /platby/qqap/how-to-run-diagnostics-on-windows-10-startup HTTP/1.1" 200 8239 "-" "Mozilla/5.0 (compatible; SemrushBot/7~bl; +http://www.semrush.com/bot.html)"
185.191.171.8 - - [09/Dec/2025:18:12:27 +0100] "GET /platby/72zbxoz/artemisia-princeps-seeds HTTP/1.1" 200 8641 "-" "Mozilla/5.0 (compatible; SemrushBot/7~bl; +http://www.semrush.com/bot.html)"
85.208.96.204 - - [09/Dec/2025:18:12:44 +0100] "GET /platby/aohwuyx/caerphilly-gym-membership HTTP/1.1" 200 12843 "-" "Mozilla/5.0 (compatible; SemrushBot/7~bl; +http://www.semrush.com/bot.html)"
66.249.79.233 - - [09/Dec/2025:18:12:57 +0100] "\x16\x03\x01\x02" 403 265 "-" "-"
204.76.203.206 - - [09/Dec/2025:18:13:15 +0100] "GET / HTTP/1.1" 200 316 "-" "Mozilla/5.0 (Windows NT 10.0; Win64; x64) AppleWebKit/537.36 (KHTML, like Gecko) Chrome/90.0.4430.85 Safari/537.36 Edg/90.0.818.46"
85.208.96.211 - - [09/Dec/2025:18:13:23 +0100] "GET /platby/qqap/what-does-the-save-icon-look-like HTTP/1.1" 200 12734 "-" "Mozilla/5.0 (compatible; SemrushBot/7~bl; +http://www.semrush.com/bot.html)"
85.208.96.200 - - [09/Dec/2025:18:13:25 +0100] "GET /platby/72zbxoz/groupon-jewelry-rings HTTP/1.1" 200 10749 "-" "Mozilla/5.0 (compatible; SemrushBot/7~bl; +http://www.semrush.com/bot.html)"
185.191.171.1 - - [09/Dec/2025:18:13:29 +0100] "GET /platby/uwoy9/irish-cottage-inn-and-suites-galena HTTP/1.1" 200 10355 "-" "Mozilla/5.0 (compatible; SemrushBot/7~bl; +http://www.semrush.com/bot.html)"
85.208.96.199 - - [09/Dec/2025:18:13:46 +0100] "GET /platby/qqap/yankees-top-30-prospects-2021 HTTP/1.1" 200 9891 "-" "Mozilla/5.0 (compatible; SemrushBot/7~bl; +http://www.semrush.com/bot.html)"
85.208.96.200 - - [09/Dec/2025:18:13:48 +0100] "GET /platby/uwoy9/penn-state-football-2021-schedule HTTP/1.1" 200 10552 "-" "Mozilla/5.0 (compatible; SemrushBot/7~bl; +http://www.semrush.com/bot.html)"
185.191.171.2 - - [09/Dec/2025:18:13:56 +0100] "GET /platby/uwoy9/lewandowski-fifa-card HTTP/1.1" 200 6937 "-" "Mozilla/5.0 (compatible; SemrushBot/7~bl; +http://www.semrush.com/bot.html)"
185.191.171.19 - - [09/Dec/2025:18:14:08 +0100] "GET /platby/qqap/chicagoland-soccer-league HTTP/1.1" 200 12082 "-" "Mozilla/5.0 (compatible; SemrushBot/7~bl; +http://www.semrush.com/bot.html)"
85.208.96.205 - - [09/Dec/2025:18:14:43 +0100] "GET /platby/uwoy9/theraband-exercises-for-shoulder-strengthening-pdf HTTP/1.1" 200 11161 "-" "Mozilla/5.0 (compatible; SemrushBot/7~bl; +http://www.semrush.com/bot.html)"
198.235.24.186 - - [09/Dec/2025:18:14:45 +0100] "GET / HTTP/1.1" 200 518 "-" "Hello from Palo Alto Networks, find out more about our scans in https://docs-cortex.paloaltonetworks.com/r/1/Cortex-Xpanse/Scanning-activity"
185.191.171.17 - - [09/Dec/2025:18:14:52 +0100] "GET /platby/hca/museum-of-fine-arts-st-petersburg-wedding HTTP/1.1" 200 8199 "-" "Mozilla/5.0 (compatible; SemrushBot/7~bl; +http://www.semrush.com/bot.html)"
85.208.96.195 - - [09/Dec/2025:18:15:08 +0100] "GET /platby/qqap/aria-food-and-beverage-credit HTTP/1.1" 200 8248 "-" "Mozilla/5.0 (compatible; SemrushBot/7~bl; +http://www.semrush.com/bot.html)"
185.191.171.14 - - [09/Dec/2025:18:15:12 +0100] "GET /platby/qqap/the-cloverleaf-apartments-reading,-pa HTTP/1.1" 200 11129 "-" "Mozilla/5.0 (compatible; SemrushBot/7~bl; +http://www.semrush.com/bot.html)"
185.191.171.4 - - [09/Dec/2025:18:15:16 +0100] "GET /platby/72zbxoz/kiss-me-over-the-garden-gate-name-origin HTTP/1.1" 200 12209 "-" "Mozilla/5.0 (compatible; SemrushBot/7~bl; +http://www.semrush.com/bot.html)"
141.98.11.170 - - [09/Dec/2025:18:15:18 +0100] "GET /" 400 468 "-" "-"
18.207.79.144 - - [09/Dec/2025:18:15:19 +0100] "GET /platby/72zbxoz/mapa-de-minneapolis-minnesota HTTP/1.1" 200 7946 "-" "Mozilla/5.0 AppleWebKit/537.36 (KHTML, like Gecko; compatible; Amazonbot/0.1; +https://developer.amazon.com/support/amazonbot) Chrome/119.0.6045.214 Safari/537.36"
44.206.65.8 - - [09/Dec/2025:18:15:23 +0100] "GET /platby/72zbxoz/basis-independent-fremont-teachers HTTP/1.1" 200 8355 "-" "Mozilla/5.0 AppleWebKit/537.36 (KHTML, like Gecko; compatible; Amazonbot/0.1; +https://developer.amazon.com/support/amazonbot) Chrome/119.0.6045.214 Safari/537.36"
85.208.96.201 - - [09/Dec/2025:18:15:27 +0100] "GET /platby/hca/washington-hawthorn-tree-for-sale-near-me HTTP/1.1" 200 5912 "-" "Mozilla/5.0 (compatible; SemrushBot/7~bl; +http://www.semrush.com/bot.html)"
52.3.104.214 - - [09/Dec/2025:18:15:29 +0100] "GET /platby/72zbxoz/i-feel-confused-sentences HTTP/1.1" 200 12983 "-" "Mozilla/5.0 AppleWebKit/537.36 (KHTML, like Gecko; compatible; Amazonbot/0.1; +https://developer.amazon.com/support/amazonbot) Chrome/119.0.6045.214 Safari/537.36"
85.208.96.200 - - [09/Dec/2025:18:15:29 +0100] "GET /platby/qqap/fingerprint-sensor-not-working-lg-stylo-6 HTTP/1.1" 200 13039 "-" "Mozilla/5.0 (compatible; SemrushBot/7~bl; +http://www.semrush.com/bot.html)"
3.209.174.110 - - [09/Dec/2025:18:15:32 +0100] "GET /platby/72zbxoz/is-shaquem-griffin-still-playing-for-the-seahawks HTTP/1.1" 200 9800 "-" "Mozilla/5.0 AppleWebKit/537.36 (KHTML, like Gecko; compatible; Amazonbot/0.1; +https://developer.amazon.com/support/amazonbot) Chrome/119.0.6045.214 Safari/537.36"
85.208.96.201 - - [09/Dec/2025:18:15:35 +0100] "GET /platby/uwoy9/hardest-oxford-college-to-get-into HTTP/1.1" 200 8848 "-" "Mozilla/5.0 (compatible; SemrushBot/7~bl; +http://www.semrush.com/bot.html)"
98.84.70.201 - - [09/Dec/2025:18:15:36 +0100] "GET /platby/72zbxoz/racial-literacy-development-pyramid HTTP/1.1" 200 15700 "-" "Mozilla/5.0 AppleWebKit/537.36 (KHTML, like Gecko; compatible; Amazonbot/0.1; +https://developer.amazon.com/support/amazonbot) Chrome/119.0.6045.214 Safari/537.36"
52.71.203.206 - - [09/Dec/2025:18:15:39 +0100] "GET /platby/72zbxoz/mortal-example-sentence HTTP/1.1" 200 13472 "-" "Mozilla/5.0 AppleWebKit/537.36 (KHTML, like Gecko; compatible; Amazonbot/0.1; +https://developer.amazon.com/support/amazonbot) Chrome/119.0.6045.214 Safari/537.36"
3.93.98.99 - - [09/Dec/2025:18:15:44 +0100] "GET /platby/72zbxoz/city-of-chicago-employee-overtime-2020 HTTP/1.1" 200 8588 "-" "Mozilla/5.0 AppleWebKit/537.36 (KHTML, like Gecko; compatible; Amazonbot/0.1; +https://developer.amazon.com/support/amazonbot) Chrome/119.0.6045.214 Safari/537.36"
3.208.146.193 - - [09/Dec/2025:18:15:47 +0100] "GET /platby/72zbxoz/peter-kellogg-daughter HTTP/1.1" 200 13630 "-" "Mozilla/5.0 AppleWebKit/537.36 (KHTML, like Gecko; compatible; Amazonbot/0.1; +https://developer.amazon.com/support/amazonbot) Chrome/119.0.6045.214 Safari/537.36"
54.152.163.42 - - [09/Dec/2025:18:15:53 +0100] "GET /platby/72zbxoz/eddie-hazel-rolling-stone HTTP/1.1" 200 13418 "-" "Mozilla/5.0 AppleWebKit/537.36 (KHTML, like Gecko; compatible; Amazonbot/0.1; +https://developer.amazon.com/support/amazonbot) Chrome/119.0.6045.214 Safari/537.36"
3.231.193.38 - - [09/Dec/2025:18:15:55 +0100] "GET /platby/72zbxoz/chicago-bears-owner-racist HTTP/1.1" 200 12943 "-" "Mozilla/5.0 AppleWebKit/537.36 (KHTML, like Gecko; compatible; Amazonbot/0.1; +https://developer.amazon.com/support/amazonbot) Chrome/119.0.6045.214 Safari/537.36"
34.231.118.144 - - [09/Dec/2025:18:16:00 +0100] "GET /platby/72zbxoz/michael-jordan-dunking-gif HTTP/1.1" 200 13209 "-" "Mozilla/5.0 AppleWebKit/537.36 (KHTML, like Gecko; compatible; Amazonbot/0.1; +https://developer.amazon.com/support/amazonbot) Chrome/119.0.6045.214 Safari/537.36"
184.73.195.18 - - [09/Dec/2025:18:16:02 +0100] "GET /platby/72zbxoz/donovan-smith-daughter HTTP/1.1" 200 12454 "-" "Mozilla/5.0 AppleWebKit/537.36 (KHTML, like Gecko; compatible; Amazonbot/0.1; +https://developer.amazon.com/support/amazonbot) Chrome/119.0.6045.214 Safari/537.36"
185.191.171.19 - - [09/Dec/2025:18:16:06 +0100] "GET /platby/hca/fifa-20-player-career-mode-transfer-request-turned-down HTTP/1.1" 200 7652 "-" "Mozilla/5.0 (compatible; SemrushBot/7~bl; +http://www.semrush.com/bot.html)"
18.209.201.119 - - [09/Dec/2025:18:16:07 +0100] "GET /platby/72zbxoz/redskins-vs-vikings-2019 HTTP/1.1" 200 11806 "-" "Mozilla/5.0 AppleWebKit/537.36 (KHTML, like Gecko; compatible; Amazonbot/0.1; +https://developer.amazon.com/support/amazonbot) Chrome/119.0.6045.214 Safari/537.36"
185.191.171.13 - - [09/Dec/2025:18:16:09 +0100] "GET /platby/hca/frank-mitchell-moesha HTTP/1.1" 200 9744 "-" "Mozilla/5.0 (compatible; SemrushBot/7~bl; +http://www.semrush.com/bot.html)"
3.212.219.113 - - [09/Dec/2025:18:16:11 +0100] "GET /platby/72zbxoz/heart-similar-sounding-words HTTP/1.1" 200 9877 "-" "Mozilla/5.0 AppleWebKit/537.36 (KHTML, like Gecko; compatible; Amazonbot/0.1; +https://developer.amazon.com/support/amazonbot) Chrome/119.0.6045.214 Safari/537.36"
85.208.96.210 - - [09/Dec/2025:18:16:19 +0100] "GET /platby/72zbxoz/how-to-check-hardware-configuration-in-linux HTTP/1.1" 200 8614 "-" "Mozilla/5.0 (compatible; SemrushBot/7~bl; +http://www.semrush.com/bot.html)"
199.30.231.5 - - [09/Dec/2025:18:16:27 +0100] "\x16\x03\x01" 403 265 "-" "-"
185.191.171.18 - - [09/Dec/2025:18:16:46 +0100] "GET /platby/qqap/unique-topics-for-presentation-in-collegecolumbia-university-film-studies HTTP/1.1" 200 9903 "-" "Mozilla/5.0 (compatible; SemrushBot/7~bl; +http://www.semrush.com/bot.html)"
185.191.171.17 - - [09/Dec/2025:18:16:50 +0100] "GET /platby/qqap/petition-for-resentencing-california HTTP/1.1" 200 5955 "-" "Mozilla/5.0 (compatible; SemrushBot/7~bl; +http://www.semrush.com/bot.html)"
93.158.91.11 - - [09/Dec/2025:18:17:26 +0100] "\x16\x03\x01\x01#\x01" 403 265 "-" "-"
85.208.96.200 - - [09/Dec/2025:18:17:33 +0100] "GET /platby/72zbxoz/img-academy-soccer-roster-2020 HTTP/1.1" 200 13220 "-" "Mozilla/5.0 (compatible; SemrushBot/7~bl; +http://www.semrush.com/bot.html)"
85.208.96.194 - - [09/Dec/2025:18:17:49 +0100] "GET /platby/qqap/orange-blossom-water-whole-foods HTTP/1.1" 200 11830 "-" "Mozilla/5.0 (compatible; SemrushBot/7~bl; +http://www.semrush.com/bot.html)"
85.208.96.193 - - [09/Dec/2025:18:17:53 +0100] "GET /platby/qqap/432-park-avenue-restaurant HTTP/1.1" 200 10644 "-" "Mozilla/5.0 (compatible; SemrushBot/7~bl; +http://www.semrush.com/bot.html)"
85.208.96.210 - - [09/Dec/2025:18:17:58 +0100] "GET /platby/uwoy9/orlando-virginia-woolf-feminism HTTP/1.1" 200 10671 "-" "Mozilla/5.0 (compatible; SemrushBot/7~bl; +http://www.semrush.com/bot.html)"
185.191.171.13 - - [09/Dec/2025:18:18:09 +0100] "GET /platby/uwoy9/canadian-premier-league-players HTTP/1.1" 200 12448 "-" "Mozilla/5.0 (compatible; SemrushBot/7~bl; +http://www.semrush.com/bot.html)"
85.208.96.206 - - [09/Dec/2025:18:18:10 +0100] "GET /platby/72zbxoz/phrase-for-doing-something-for-the-first-time HTTP/1.1" 200 15998 "-" "Mozilla/5.0 (compatible; SemrushBot/7~bl; +http://www.semrush.com/bot.html)"
51.68.186.52 - - [09/Dec/2025:18:18:17 +0100] "\x16\x03\x01\x02" 403 265 "-" "-"
85.208.96.206 - - [09/Dec/2025:18:18:23 +0100] "GET /platby/hca/thermador-service-manuals HTTP/1.1" 200 11025 "-" "Mozilla/5.0 (compatible; SemrushBot/7~bl; +http://www.semrush.com/bot.html)"
85.208.96.206 - - [09/Dec/2025:18:18:29 +0100] "GET /platby/uwoy9/patrick-o'shannessy-podcast HTTP/1.1" 200 13432 "-" "Mozilla/5.0 (compatible; SemrushBot/7~bl; +http://www.semrush.com/bot.html)"
185.191.171.8 - - [09/Dec/2025:18:18:38 +0100] "GET /platby/uwoy9/ticketmaster-view-from-my-seat HTTP/1.1" 200 12743 "-" "Mozilla/5.0 (compatible; SemrushBot/7~bl; +http://www.semrush.com/bot.html)"
85.208.96.211 - - [09/Dec/2025:18:18:53 +0100] "GET /platby/aohwuyx/federal-judicial-center-jobs HTTP/1.1" 200 14561 "-" "Mozilla/5.0 (compatible; SemrushBot/7~bl; +http://www.semrush.com/bot.html)"
85.208.96.208 - - [09/Dec/2025:18:19:02 +0100] "GET /platby/aohwuyx/marlborough-primary-school-architecture HTTP/1.1" 200 10114 "-" "Mozilla/5.0 (compatible; SemrushBot/7~bl; +http://www.semrush.com/bot.html)"
85.208.96.206 - - [09/Dec/2025:18:19:14 +0100] "GET /platby/hca/best-serif-fonts-for-logos HTTP/1.1" 200 11706 "-" "Mozilla/5.0 (compatible; SemrushBot/7~bl; +http://www.semrush.com/bot.html)"
138.246.253.24 - - [09/Dec/2025:18:19:19 +0100] "\x16\x03\x01" 403 265 "-" "-"
185.191.171.18 - - [09/Dec/2025:18:19:26 +0100] "GET /platby/aohwuyx/10-most-valuable-1996-baseball-cards HTTP/1.1" 200 14154 "-" "Mozilla/5.0 (compatible; SemrushBot/7~bl; +http://www.semrush.com/bot.html)"
85.208.96.211 - - [09/Dec/2025:18:19:35 +0100] "GET /platby/uwoy9/microsoft-teams-email-login HTTP/1.1" 200 13249 "-" "Mozilla/5.0 (compatible; SemrushBot/7~bl; +http://www.semrush.com/bot.html)"
85.208.96.209 - - [09/Dec/2025:18:19:49 +0100] "GET /platby/aohwuyx/wheeling-nailers-2021 HTTP/1.1" 200 10486 "-" "Mozilla/5.0 (compatible; SemrushBot/7~bl; +http://www.semrush.com/bot.html)"
36.37.164.141 - - [09/Dec/2025:18:20:06 +0100] "\x16\x03\x01\x06\xdd\x01" 403 265 "-" "-"
36.37.164.141 - - [09/Dec/2025:18:20:06 +0100] "\x16\x03\x01\x06\xdd\x01" 403 265 "-" "-"
85.208.96.212 - - [09/Dec/2025:18:20:13 +0100] "GET /platby/aohwuyx/executive-diversity-and-inclusion-training HTTP/1.1" 200 12640 "-" "Mozilla/5.0 (compatible; SemrushBot/7~bl; +http://www.semrush.com/bot.html)"
114.119.129.163 - - [09/Dec/2025:18:20:15 +0100] "GET /platby/uwoy9/how-long-can-a-gopro-9-record-continuously HTTP/1.1" 200 9392 "http://ispc.klape.eu/platby/uwoy9/how-long-can-a-gopro-9-record-continuously" "Mozilla/5.0 (Linux; Android 7.0;) AppleWebKit/537.36 (KHTML, like Gecko) Mobile Safari/537.36 (compatible; PetalBot;+https://webmaster.petalsearch.com/site/petalbot)"
185.191.171.1 - - [09/Dec/2025:18:20:28 +0100] "GET /robots.txt HTTP/1.1" 200 54 "-" "Mozilla/5.0 (compatible; SemrushBot/7~bl; +http://www.semrush.com/bot.html)"
85.208.96.208 - - [09/Dec/2025:18:20:29 +0100] "GET /platby/aohwuyx/football-speed-training-pdf HTTP/1.1" 200 11675 "-" "Mozilla/5.0 (compatible; SemrushBot/7~bl; +http://www.semrush.com/bot.html)"
185.191.171.1 - - [09/Dec/2025:18:20:33 +0100] "GET /platby/qqap/wireless-nintendo-switch-controller-with-headphone-jack-uk HTTP/1.1" 200 11654 "-" "Mozilla/5.0 (compatible; SemrushBot/7~bl; +http://www.semrush.com/bot.html)"
43.174.26.29 - - [09/Dec/2025:18:20:39 +0100] "\x16\x03\x01\x06\xdd\x01" 403 265 "-" "-"
43.174.26.29 - - [09/Dec/2025:18:20:40 +0100] "\x16\x03\x01\x06\xdd\x01" 403 265 "-" "-"
85.208.96.204 - - [09/Dec/2025:18:20:53 +0100] "GET /platby/uwoy9/william-makepeace-thackeray HTTP/1.1" 200 9350 "-" "Mozilla/5.0 (compatible; SemrushBot/7~bl; +http://www.semrush.com/bot.html)"
85.208.96.206 - - [09/Dec/2025:18:21:51 +0100] "GET /platby/72zbxoz/the-new-jim-crow-10th-anniversary-edition-preface HTTP/1.1" 200 9498 "-" "Mozilla/5.0 (compatible; SemrushBot/7~bl; +http://www.semrush.com/bot.html)"
114.119.139.112 - - [09/Dec/2025:18:23:11 +0100] "GET /platby/hca/hp-safe-mode-f8-not-working-windows-10 HTTP/1.1" 200 6546 "http://ispc.klape.eu/platby/hca/what-is-melody-of-no-te-vayas-de-zamboanga" "Mozilla/5.0 (Linux; Android 7.0;) AppleWebKit/537.36 (KHTML, like Gecko) Mobile Safari/537.36 (compatible; PetalBot;+https://webmaster.petalsearch.com/site/petalbot)"
185.191.171.8 - - [09/Dec/2025:18:23:12 +0100] "GET /platby/uwoy9/what-position-does-isaiah-simmons-play HTTP/1.1" 200 11891 "-" "Mozilla/5.0 (compatible; SemrushBot/7~bl; +http://www.semrush.com/bot.html)"
79.124.40.174 - - [09/Dec/2025:18:24:41 +0100] "GET /jars HTTP/1.1" 404 225 "-" "Mozilla/5.0 (Windows NT 10.0; Win64; x64) AppleWebKit/537.36 (KHTML, like Gecko) Chrome/78.0.3904.108 Safari/537.36"
185.191.171.8 - - [09/Dec/2025:18:24:45 +0100] "GET /platby/uwoy9/what-position-does-isaiah-simmons-play HTTP/1.1" 200 11891 "-" "Mozilla/5.0 (compatible; SemrushBot/7~bl; +http://www.semrush.com/bot.html)"
114.119.149.2 - - [09/Dec/2025:18:25:21 +0100] "GET /platby/aohwuyx/essay-on-importance-of-educational-psychology-pdf HTTP/1.1" 200 10470 "http://ispc.klape.eu/platby/aohwuyx/giant-brahma-chickens-for-sale-near-me" "Mozilla/5.0 (Linux; Android 7.0;) AppleWebKit/537.36 (KHTML, like Gecko) Mobile Safari/537.36 (compatible; PetalBot;+https://webmaster.petalsearch.com/site/petalbot)"
85.208.96.193 - - [09/Dec/2025:18:25:37 +0100] "GET /platby/uwoy9/negative-feelings-synonym HTTP/1.1" 200 8297 "-" "Mozilla/5.0 (compatible; SemrushBot/7~bl; +http://www.semrush.com/bot.html)"
85.208.96.193 - - [09/Dec/2025:18:25:46 +0100] "GET /platby/uwoy9/negative-feelings-synonym HTTP/1.1" 200 8297 "-" "Mozilla/5.0 (compatible; SemrushBot/7~bl; +http://www.semrush.com/bot.html)"
185.191.171.1 - - [09/Dec/2025:18:26:19 +0100] "GET /platby/uwoy9/make-sentence-with-avoid-for-class-4 HTTP/1.1" 200 16856 "-" "Mozilla/5.0 (compatible; SemrushBot/7~bl; +http://www.semrush.com/bot.html)"
185.191.171.1 - - [09/Dec/2025:18:27:05 +0100] "GET /platby/uwoy9/make-sentence-with-avoid-for-class-4 HTTP/1.1" 200 16856 "-" "Mozilla/5.0 (compatible; SemrushBot/7~bl; +http://www.semrush.com/bot.html)"
185.191.171.13 - - [09/Dec/2025:18:27:58 +0100] "GET /platby/qqap/illinois-basketball-roster-2001 HTTP/1.1" 200 7738 "-" "Mozilla/5.0 (compatible; SemrushBot/7~bl; +http://www.semrush.com/bot.html)"
85.208.96.203 - - [09/Dec/2025:18:28:09 +0100] "GET /platby/uwoy9/45-minute-upper-body-workout-with-weights HTTP/1.1" 200 8382 "-" "Mozilla/5.0 (compatible; SemrushBot/7~bl; +http://www.semrush.com/bot.html)"
185.191.171.16 - - [09/Dec/2025:18:28:12 +0100] "GET /platby/qqap/sasol-women's-league-2021 HTTP/1.1" 200 5502 "-" "Mozilla/5.0 (compatible; SemrushBot/7~bl; +http://www.semrush.com/bot.html)"
85.208.96.199 - - [09/Dec/2025:18:28:14 +0100] "GET /platby/qqap/java-has-not-been-found-on-your-computer-multidoge HTTP/1.1" 200 11232 "-" "Mozilla/5.0 (compatible; SemrushBot/7~bl; +http://www.semrush.com/bot.html)"
85.208.96.210 - - [09/Dec/2025:18:28:16 +0100] "GET /platby/hca/xbox-360-wireless-receiver-driver-windows-10 HTTP/1.1" 200 9024 "-" "Mozilla/5.0 (compatible; SemrushBot/7~bl; +http://www.semrush.com/bot.html)"
185.191.171.16 - - [09/Dec/2025:18:28:18 +0100] "GET /platby/qqap/phd-scholarship-for-women's-of-developing-countries-2020 HTTP/1.1" 200 11206 "-" "Mozilla/5.0 (compatible; SemrushBot/7~bl; +http://www.semrush.com/bot.html)"
185.191.171.6 - - [09/Dec/2025:18:28:20 +0100] "GET /platby/hca/2016-carolina-panthers-roster HTTP/1.1" 200 10579 "-" "Mozilla/5.0 (compatible; SemrushBot/7~bl; +http://www.semrush.com/bot.html)"
85.208.96.206 - - [09/Dec/2025:18:28:21 +0100] "GET /platby/uwoy9/bill-buckner-hank-aaron HTTP/1.1" 200 12555 "-" "Mozilla/5.0 (compatible; SemrushBot/7~bl; +http://www.semrush.com/bot.html)"
85.208.96.209 - - [09/Dec/2025:18:28:22 +0100] "GET /platby/aohwuyx/herschel-walker-wife-julie HTTP/1.1" 200 9343 "-" "Mozilla/5.0 (compatible; SemrushBot/7~bl; +http://www.semrush.com/bot.html)"
85.208.96.209 - - [09/Dec/2025:18:28:24 +0100] "GET /platby/aohwuyx/tatcha-the-dewy-serum-dupe HTTP/1.1" 200 14885 "-" "Mozilla/5.0 (compatible; SemrushBot/7~bl; +http://www.semrush.com/bot.html)"
85.208.96.209 - - [09/Dec/2025:18:28:26 +0100] "GET /platby/aohwuyx/genetic-differences-between-populations-tend-to-be-reduced-by HTTP/1.1" 200 9555 "-" "Mozilla/5.0 (compatible; SemrushBot/7~bl; +http://www.semrush.com/bot.html)"
85.208.96.211 - - [09/Dec/2025:18:28:27 +0100] "GET /platby/72zbxoz/grady-sizemore-married HTTP/1.1" 200 12824 "-" "Mozilla/5.0 (compatible; SemrushBot/7~bl; +http://www.semrush.com/bot.html)"
185.191.171.2 - - [09/Dec/2025:18:28:29 +0100] "GET /platby/aohwuyx/carmel-catholic-hockey HTTP/1.1" 200 11294 "-" "Mozilla/5.0 (compatible; SemrushBot/7~bl; +http://www.semrush.com/bot.html)"
85.208.96.211 - - [09/Dec/2025:18:28:30 +0100] "GET /platby/uwoy9/brandt-bronico-salary HTTP/1.1" 200 11298 "-" "Mozilla/5.0 (compatible; SemrushBot/7~bl; +http://www.semrush.com/bot.html)"
85.208.96.203 - - [09/Dec/2025:18:28:32 +0100] "GET /platby/hca/what-does-fin-stand-for-medical HTTP/1.1" 200 14749 "-" "Mozilla/5.0 (compatible; SemrushBot/7~bl; +http://www.semrush.com/bot.html)"
185.191.171.16 - - [09/Dec/2025:18:28:34 +0100] "GET /platby/hca/aircraft-stability-and-control-problems HTTP/1.1" 200 10724 "-" "Mozilla/5.0 (compatible; SemrushBot/7~bl; +http://www.semrush.com/bot.html)"
85.208.96.212 - - [09/Dec/2025:18:28:36 +0100] "GET /platby/aohwuyx/i-love-chocolate-quotes-tumblr HTTP/1.1" 200 11016 "-" "Mozilla/5.0 (compatible; SemrushBot/7~bl; +http://www.semrush.com/bot.html)"
85.208.96.195 - - [09/Dec/2025:18:28:37 +0100] "GET /platby/aohwuyx/inelastic-in-economics-in-a-sentence HTTP/1.1" 200 10984 "-" "Mozilla/5.0 (compatible; SemrushBot/7~bl; +http://www.semrush.com/bot.html)"
85.208.96.195 - - [09/Dec/2025:18:28:38 +0100] "GET /platby/72zbxoz/richard-webb-producer HTTP/1.1" 200 12683 "-" "Mozilla/5.0 (compatible; SemrushBot/7~bl; +http://www.semrush.com/bot.html)"
185.191.171.15 - - [09/Dec/2025:18:28:40 +0100] "GET /platby/qqap/water-country-usa-rain-policy HTTP/1.1" 200 11670 "-" "Mozilla/5.0 (compatible; SemrushBot/7~bl; +http://www.semrush.com/bot.html)"
85.208.96.194 - - [09/Dec/2025:18:28:42 +0100] "GET /platby/hca/where-are-bluebonnet-vitamins-made HTTP/1.1" 200 10474 "-" "Mozilla/5.0 (compatible; SemrushBot/7~bl; +http://www.semrush.com/bot.html)"
85.208.96.210 - - [09/Dec/2025:18:28:44 +0100] "GET /platby/aohwuyx/maspeth-high-school-handbook HTTP/1.1" 200 14848 "-" "Mozilla/5.0 (compatible; SemrushBot/7~bl; +http://www.semrush.com/bot.html)"
185.191.171.13 - - [09/Dec/2025:18:28:46 +0100] "GET /platby/hca/how-capitalism-underdeveloped-black-america-audiobook HTTP/1.1" 200 8183 "-" "Mozilla/5.0 (compatible; SemrushBot/7~bl; +http://www.semrush.com/bot.html)"
185.191.171.8 - - [09/Dec/2025:18:28:48 +0100] "GET /platby/hca/samsung-s8-screen-replacement-palmerston-north HTTP/1.1" 200 8219 "-" "Mozilla/5.0 (compatible; SemrushBot/7~bl; +http://www.semrush.com/bot.html)"
85.208.96.195 - - [09/Dec/2025:18:28:49 +0100] "GET /platby/hca/telecommunications-interconnection-definition HTTP/1.1" 200 7221 "-" "Mozilla/5.0 (compatible; SemrushBot/7~bl; +http://www.semrush.com/bot.html)"
85.208.96.195 - - [09/Dec/2025:18:28:51 +0100] "GET /platby/aohwuyx/brisbane-state-high-school-cost HTTP/1.1" 200 8780 "-" "Mozilla/5.0 (compatible; SemrushBot/7~bl; +http://www.semrush.com/bot.html)"
85.208.96.194 - - [09/Dec/2025:18:28:52 +0100] "GET /platby/hca/panorama-music-festival HTTP/1.1" 200 10535 "-" "Mozilla/5.0 (compatible; SemrushBot/7~bl; +http://www.semrush.com/bot.html)"
85.208.96.199 - - [09/Dec/2025:18:28:53 +0100] "GET /platby/uwoy9/exploring-lifespan-development-4th-edition-citation HTTP/1.1" 200 7865 "-" "Mozilla/5.0 (compatible; SemrushBot/7~bl; +http://www.semrush.com/bot.html)"
185.191.171.6 - - [09/Dec/2025:18:28:55 +0100] "GET /platby/hca/d1-women's-soccer-rankings-2019 HTTP/1.1" 200 8562 "-" "Mozilla/5.0 (compatible; SemrushBot/7~bl; +http://www.semrush.com/bot.html)"
185.191.171.12 - - [09/Dec/2025:18:28:57 +0100] "GET /platby/hca/michael-mcintyre-wife-and-kids HTTP/1.1" 200 13040 "-" "Mozilla/5.0 (compatible; SemrushBot/7~bl; +http://www.semrush.com/bot.html)"
185.191.171.15 - - [09/Dec/2025:18:28:58 +0100] "GET /platby/qqap/true-crime-documentaries HTTP/1.1" 200 9195 "-" "Mozilla/5.0 (compatible; SemrushBot/7~bl; +http://www.semrush.com/bot.html)"
185.191.171.6 - - [09/Dec/2025:18:29:00 +0100] "GET /platby/hca/basis-scottsdale-calendar-2021 HTTP/1.1" 200 11909 "-" "Mozilla/5.0 (compatible; SemrushBot/7~bl; +http://www.semrush.com/bot.html)"
85.208.96.203 - - [09/Dec/2025:18:29:01 +0100] "GET /platby/hca/teaching-strategies-in-science-ppt HTTP/1.1" 200 8147 "-" "Mozilla/5.0 (compatible; SemrushBot/7~bl; +http://www.semrush.com/bot.html)"
185.191.171.14 - - [09/Dec/2025:18:29:03 +0100] "GET /platby/qqap/sherwood-high-school-staff-directory HTTP/1.1" 200 12770 "-" "Mozilla/5.0 (compatible; SemrushBot/7~bl; +http://www.semrush.com/bot.html)"
51.159.71.186 - - [09/Dec/2025:18:29:04 +0100] "\x16\x03\x01\x05\xd8\x01" 403 265 "-" "-"
85.208.96.207 - - [09/Dec/2025:18:29:05 +0100] "GET /platby/aohwuyx/sales-text-message-examples HTTP/1.1" 200 9517 "-" "Mozilla/5.0 (compatible; SemrushBot/7~bl; +http://www.semrush.com/bot.html)"
185.191.171.13 - - [09/Dec/2025:18:29:07 +0100] "GET /platby/72zbxoz/compound-fracture-treatment HTTP/1.1" 200 13528 "-" "Mozilla/5.0 (compatible; SemrushBot/7~bl; +http://www.semrush.com/bot.html)"
85.208.96.194 - - [09/Dec/2025:18:29:08 +0100] "GET /platby/72zbxoz/oklahoma-flower-bed-ideas HTTP/1.1" 200 9092 "-" "Mozilla/5.0 (compatible; SemrushBot/7~bl; +http://www.semrush.com/bot.html)"
204.76.203.206 - - [09/Dec/2025:18:29:21 +0100] "GET /" 400 468 "-" "-"
