85.208.96.202 - - [09/Dec/2025:23:01:39 +0100] "GET /platby/qqap/the-birthday-cake-plot-summary HTTP/1.1" 200 14708 "-" "Mozilla/5.0 (compatible; SemrushBot/7~bl; +http://www.semrush.com/bot.html)"
85.208.96.194 - - [09/Dec/2025:23:01:56 +0100] "GET /platby/qqap/world-urban-population-2021 HTTP/1.1" 200 10846 "-" "Mozilla/5.0 (compatible; SemrushBot/7~bl; +http://www.semrush.com/bot.html)"
185.191.171.15 - - [09/Dec/2025:23:02:02 +0100] "GET /platby/qqap/hall-of-fame-never-back-down-cast HTTP/1.1" 200 9992 "-" "Mozilla/5.0 (compatible; SemrushBot/7~bl; +http://www.semrush.com/bot.html)"
85.208.96.206 - - [09/Dec/2025:23:02:12 +0100] "GET /platby/72zbxoz/andrelton-simmons-highlights HTTP/1.1" 200 11577 "-" "Mozilla/5.0 (compatible; SemrushBot/7~bl; +http://www.semrush.com/bot.html)"
185.191.171.18 - - [09/Dec/2025:23:02:19 +0100] "GET /platby/qqap/bernie-chair-meme-generator HTTP/1.1" 200 9885 "-" "Mozilla/5.0 (compatible; SemrushBot/7~bl; +http://www.semrush.com/bot.html)"
185.191.171.11 - - [09/Dec/2025:23:02:24 +0100] "GET /platby/uwoy9/galleria-mall-directory HTTP/1.1" 200 8865 "-" "Mozilla/5.0 (compatible; SemrushBot/7~bl; +http://www.semrush.com/bot.html)"
185.191.171.12 - - [09/Dec/2025:23:02:29 +0100] "GET /platby/72zbxoz/the-joy-of-creation:-reborn-characters HTTP/1.1" 200 13241 "-" "Mozilla/5.0 (compatible; SemrushBot/7~bl; +http://www.semrush.com/bot.html)"
185.191.171.13 - - [09/Dec/2025:23:02:32 +0100] "GET /platby/hca/heavy-basswood-guitar HTTP/1.1" 200 11832 "-" "Mozilla/5.0 (compatible; SemrushBot/7~bl; +http://www.semrush.com/bot.html)"
85.208.96.205 - - [09/Dec/2025:23:02:35 +0100] "GET /platby/72zbxoz/where-is-psyonix-located HTTP/1.1" 200 10390 "-" "Mozilla/5.0 (compatible; SemrushBot/7~bl; +http://www.semrush.com/bot.html)"
114.119.139.112 - - [09/Dec/2025:23:02:39 +0100] "GET /platby/article.php?5d4c26=berita-indonesia-hari-ini HTTP/1.1" 200 5520 "http://ispc.klape.eu/platby/article.php?5d4c26=rubber-or-metal-ring-used-in-a-car-engine" "Mozilla/5.0 (Linux; Android 7.0;) AppleWebKit/537.36 (KHTML, like Gecko) Mobile Safari/537.36 (compatible; PetalBot;+https://webmaster.petalsearch.com/site/petalbot)"
85.208.96.199 - - [09/Dec/2025:23:02:46 +0100] "GET /platby/72zbxoz/performative-allyship-synonym HTTP/1.1" 200 14676 "-" "Mozilla/5.0 (compatible; SemrushBot/7~bl; +http://www.semrush.com/bot.html)"
85.208.96.193 - - [09/Dec/2025:23:03:22 +0100] "GET /platby/qqap/flear-farm-cottages-the-dairy HTTP/1.1" 200 7186 "-" "Mozilla/5.0 (compatible; SemrushBot/7~bl; +http://www.semrush.com/bot.html)"
85.208.96.206 - - [09/Dec/2025:23:03:24 +0100] "GET /platby/uwoy9/carlton-football-club HTTP/1.1" 200 11629 "-" "Mozilla/5.0 (compatible; SemrushBot/7~bl; +http://www.semrush.com/bot.html)"
185.191.171.12 - - [09/Dec/2025:23:03:29 +0100] "GET /platby/hca/umuc-address-to-send-transcripts HTTP/1.1" 200 7525 "-" "Mozilla/5.0 (compatible; SemrushBot/7~bl; +http://www.semrush.com/bot.html)"
85.208.96.200 - - [09/Dec/2025:23:03:33 +0100] "GET /platby/72zbxoz/the-cross-has-the-final-word-verse HTTP/1.1" 200 9403 "-" "Mozilla/5.0 (compatible; SemrushBot/7~bl; +http://www.semrush.com/bot.html)"
185.191.171.5 - - [09/Dec/2025:23:03:52 +0100] "GET /platby/uwoy9/mahjong-solitaire:-classic HTTP/1.1" 200 10912 "-" "Mozilla/5.0 (compatible; SemrushBot/7~bl; +http://www.semrush.com/bot.html)"
114.119.139.66 - - [09/Dec/2025:23:03:59 +0100] "GET /platby/article.php?5d4c26=For-Honor!-for-Toussaint! HTTP/1.1" 200 5071 "http://ispc.klape.eu/platby/article.php?5d4c26=newton%27s-laws-in-basketball" "Mozilla/5.0 (Linux; Android 7.0;) AppleWebKit/537.36 (KHTML, like Gecko) Mobile Safari/537.36 (compatible; PetalBot;+https://webmaster.petalsearch.com/site/petalbot)"
85.208.96.200 - - [09/Dec/2025:23:04:04 +0100] "GET /platby/72zbxoz/unholy-confessions-drum-tab HTTP/1.1" 200 7554 "-" "Mozilla/5.0 (compatible; SemrushBot/7~bl; +http://www.semrush.com/bot.html)"
198.235.24.209 - - [09/Dec/2025:23:04:31 +0100] "GET / HTTP/1.1" 200 521 "-" "Hello from Palo Alto Networks, find out more about our scans in https://docs-cortex.paloaltonetworks.com/r/1/Cortex-Xpanse/Scanning-activity"
185.191.171.18 - - [09/Dec/2025:23:04:47 +0100] "GET /platby/aohwuyx/shooting-in-santa-cruz-today HTTP/1.1" 200 10719 "-" "Mozilla/5.0 (compatible; SemrushBot/7~bl; +http://www.semrush.com/bot.html)"
185.191.171.10 - - [09/Dec/2025:23:04:50 +0100] "GET /platby/qqap/merchant's-house-museum HTTP/1.1" 200 6710 "-" "Mozilla/5.0 (compatible; SemrushBot/7~bl; +http://www.semrush.com/bot.html)"
185.191.171.16 - - [09/Dec/2025:23:05:17 +0100] "GET /platby/72zbxoz/how-many-aboriginal-tribes-in-australia HTTP/1.1" 200 9403 "-" "Mozilla/5.0 (compatible; SemrushBot/7~bl; +http://www.semrush.com/bot.html)"
114.119.139.66 - - [09/Dec/2025:23:05:23 +0100] "GET /platby/72zbxoz/the-new-jim-crow-10th-anniversary-edition-preface HTTP/1.1" 200 9498 "http://ispc.klape.eu/platby/72zbxoz/huawei-nova-3i-back-cover-in-pakistan" "Mozilla/5.0 (Linux; Android 7.0;) AppleWebKit/537.36 (KHTML, like Gecko) Mobile Safari/537.36 (compatible; PetalBot;+https://webmaster.petalsearch.com/site/petalbot)"
198.235.24.59 - - [09/Dec/2025:23:06:17 +0100] "GET /" 400 468 "-" "-"
85.208.96.198 - - [09/Dec/2025:23:06:17 +0100] "GET /platby/qqap/architectural-visualization-certificate HTTP/1.1" 200 8604 "-" "Mozilla/5.0 (compatible; SemrushBot/7~bl; +http://www.semrush.com/bot.html)"
185.191.171.5 - - [09/Dec/2025:23:06:27 +0100] "GET /platby/uwoy9/denver-broncos-ownership-dispute HTTP/1.1" 200 10098 "-" "Mozilla/5.0 (compatible; SemrushBot/7~bl; +http://www.semrush.com/bot.html)"
185.191.171.5 - - [09/Dec/2025:23:06:31 +0100] "GET /platby/uwoy9/feral-humans-national-park HTTP/1.1" 200 14027 "-" "Mozilla/5.0 (compatible; SemrushBot/7~bl; +http://www.semrush.com/bot.html)"
185.191.171.15 - - [09/Dec/2025:23:06:33 +0100] "GET /platby/aohwuyx/dallol,-ethiopia-highest-temperature-ever-recorded HTTP/1.1" 200 8590 "-" "Mozilla/5.0 (compatible; SemrushBot/7~bl; +http://www.semrush.com/bot.html)"
85.208.96.209 - - [09/Dec/2025:23:06:37 +0100] "GET /platby/qqap/github-vs-github-actions HTTP/1.1" 200 13104 "-" "Mozilla/5.0 (compatible; SemrushBot/7~bl; +http://www.semrush.com/bot.html)"
85.208.96.200 - - [09/Dec/2025:23:06:39 +0100] "GET /platby/qqap/android-11-auto-rotate-not-working HTTP/1.1" 200 9782 "-" "Mozilla/5.0 (compatible; SemrushBot/7~bl; +http://www.semrush.com/bot.html)"
85.208.96.199 - - [09/Dec/2025:23:06:40 +0100] "GET /platby/uwoy9/are-student-loans-exploitative-debate HTTP/1.1" 200 12005 "-" "Mozilla/5.0 (compatible; SemrushBot/7~bl; +http://www.semrush.com/bot.html)"
185.191.171.4 - - [09/Dec/2025:23:07:06 +0100] "GET /platby/72zbxoz/marcy-sm-4033-assembly HTTP/1.1" 200 13743 "-" "Mozilla/5.0 (compatible; SemrushBot/7~bl; +http://www.semrush.com/bot.html)"
114.119.152.142 - - [09/Dec/2025:23:07:08 +0100] "GET /platby/72zbxoz/ffsa-state-league-1---2020 HTTP/1.1" 200 15326 "http://ispc.klape.eu/platby/72zbxoz/new-york-knicks-vintage-t-shirt" "Mozilla/5.0 (Linux; Android 7.0;) AppleWebKit/537.36 (KHTML, like Gecko) Mobile Safari/537.36 (compatible; PetalBot;+https://webmaster.petalsearch.com/site/petalbot)"
85.208.96.205 - - [09/Dec/2025:23:07:14 +0100] "GET /platby/hca/seeds-from-china-identified HTTP/1.1" 200 8053 "-" "Mozilla/5.0 (compatible; SemrushBot/7~bl; +http://www.semrush.com/bot.html)"
185.191.171.11 - - [09/Dec/2025:23:07:18 +0100] "GET /platby/uwoy9/arizona-education-ranking HTTP/1.1" 200 8644 "-" "Mozilla/5.0 (compatible; SemrushBot/7~bl; +http://www.semrush.com/bot.html)"
85.208.96.209 - - [09/Dec/2025:23:07:20 +0100] "GET /platby/aohwuyx/bootstrap-portfolio-gallery-with-filtering-category-codepen HTTP/1.1" 200 13198 "-" "Mozilla/5.0 (compatible; SemrushBot/7~bl; +http://www.semrush.com/bot.html)"
199.30.231.5 - - [09/Dec/2025:23:07:23 +0100] "\x16\x03\x01" 403 265 "-" "-"
185.191.171.12 - - [09/Dec/2025:23:07:27 +0100] "GET /platby/uwoy9/1-thessalonians-4-13-18-explained HTTP/1.1" 200 10246 "-" "Mozilla/5.0 (compatible; SemrushBot/7~bl; +http://www.semrush.com/bot.html)"
185.191.171.12 - - [09/Dec/2025:23:07:48 +0100] "GET /platby/uwoy9/jewelry-design-salary HTTP/1.1" 200 9548 "-" "Mozilla/5.0 (compatible; SemrushBot/7~bl; +http://www.semrush.com/bot.html)"
185.191.171.12 - - [09/Dec/2025:23:07:50 +0100] "GET /platby/aohwuyx/cleveland-fireworks-2021 HTTP/1.1" 200 11159 "-" "Mozilla/5.0 (compatible; SemrushBot/7~bl; +http://www.semrush.com/bot.html)"
51.159.15.84 - - [09/Dec/2025:23:07:51 +0100] "\x16\x03\x01\x01\xa8\x01" 403 265 "-" "-"
185.191.171.9 - - [09/Dec/2025:23:07:52 +0100] "GET /platby/72zbxoz/comin'-home-cheeseburger HTTP/1.1" 200 13525 "-" "Mozilla/5.0 (compatible; SemrushBot/7~bl; +http://www.semrush.com/bot.html)"
85.208.96.206 - - [09/Dec/2025:23:07:55 +0100] "GET /platby/uwoy9/michael-bivins-net-worth-2021 HTTP/1.1" 200 9894 "-" "Mozilla/5.0 (compatible; SemrushBot/7~bl; +http://www.semrush.com/bot.html)"
85.208.96.210 - - [09/Dec/2025:23:07:57 +0100] "GET /platby/hca/strawberry-indica-strain HTTP/1.1" 200 6108 "-" "Mozilla/5.0 (compatible; SemrushBot/7~bl; +http://www.semrush.com/bot.html)"
185.191.171.4 - - [09/Dec/2025:23:08:47 +0100] "GET /platby/uwoy9/snow-geese-migration-map-2021 HTTP/1.1" 200 8412 "-" "Mozilla/5.0 (compatible; SemrushBot/7~bl; +http://www.semrush.com/bot.html)"
85.208.96.210 - - [09/Dec/2025:23:08:52 +0100] "GET /platby/72zbxoz/appliance-direct-clearance HTTP/1.1" 200 9603 "-" "Mozilla/5.0 (compatible; SemrushBot/7~bl; +http://www.semrush.com/bot.html)"
85.208.96.210 - - [09/Dec/2025:23:08:57 +0100] "GET /platby/72zbxoz/conor-jackson-valley-fever HTTP/1.1" 200 10958 "-" "Mozilla/5.0 (compatible; SemrushBot/7~bl; +http://www.semrush.com/bot.html)"
185.191.171.5 - - [09/Dec/2025:23:09:22 +0100] "GET /platby/hca/norway-maple-root-system HTTP/1.1" 200 7469 "-" "Mozilla/5.0 (compatible; SemrushBot/7~bl; +http://www.semrush.com/bot.html)"
79.124.40.174 - - [09/Dec/2025:23:09:48 +0100] "\x16\x03\x01\x05\xa8\x01" 403 265 "-" "-"
185.191.171.18 - - [09/Dec/2025:23:10:24 +0100] "GET /platby/72zbxoz/wembley-primary-school-vacancies HTTP/1.1" 200 9163 "-" "Mozilla/5.0 (compatible; SemrushBot/7~bl; +http://www.semrush.com/bot.html)"
185.191.171.5 - - [09/Dec/2025:23:10:45 +0100] "GET /platby/uwoy9/samsung-galaxy-a31-camera-settings HTTP/1.1" 200 10881 "-" "Mozilla/5.0 (compatible; SemrushBot/7~bl; +http://www.semrush.com/bot.html)"
204.76.203.206 - - [09/Dec/2025:23:10:50 +0100] "GET /" 400 468 "-" "-"
85.208.96.211 - - [09/Dec/2025:23:11:15 +0100] "GET /platby/uwoy9/jordan-1-obsidian-box-label HTTP/1.1" 200 7765 "-" "Mozilla/5.0 (compatible; SemrushBot/7~bl; +http://www.semrush.com/bot.html)"
185.191.171.2 - - [09/Dec/2025:23:11:24 +0100] "GET /platby/aohwuyx/quotes-on-listening-skills HTTP/1.1" 200 9138 "-" "Mozilla/5.0 (compatible; SemrushBot/7~bl; +http://www.semrush.com/bot.html)"
85.208.96.206 - - [09/Dec/2025:23:11:27 +0100] "GET /platby/uwoy9/second-degree-manslaughter HTTP/1.1" 200 8589 "-" "Mozilla/5.0 (compatible; SemrushBot/7~bl; +http://www.semrush.com/bot.html)"
185.191.171.10 - - [09/Dec/2025:23:11:35 +0100] "GET /platby/72zbxoz/stone-the-crow-guitar-lesson HTTP/1.1" 200 10422 "-" "Mozilla/5.0 (compatible; SemrushBot/7~bl; +http://www.semrush.com/bot.html)"
185.191.171.9 - - [09/Dec/2025:23:11:38 +0100] "GET /platby/72zbxoz/developmental-psychology HTTP/1.1" 200 13644 "-" "Mozilla/5.0 (compatible; SemrushBot/7~bl; +http://www.semrush.com/bot.html)"
85.208.96.194 - - [09/Dec/2025:23:11:41 +0100] "GET /platby/aohwuyx/%22exploring-identity%22-activities HTTP/1.1" 200 8643 "-" "Mozilla/5.0 (compatible; SemrushBot/7~bl; +http://www.semrush.com/bot.html)"
185.191.171.12 - - [09/Dec/2025:23:11:43 +0100] "GET /platby/72zbxoz/columbus-lions-tickets HTTP/1.1" 200 13270 "-" "Mozilla/5.0 (compatible; SemrushBot/7~bl; +http://www.semrush.com/bot.html)"
85.208.96.210 - - [09/Dec/2025:23:11:47 +0100] "GET /platby/hca/all-good-things-must-come-to-an-end-chaucer HTTP/1.1" 200 9554 "-" "Mozilla/5.0 (compatible; SemrushBot/7~bl; +http://www.semrush.com/bot.html)"
185.191.171.11 - - [09/Dec/2025:23:11:50 +0100] "GET /platby/72zbxoz/korean-demilitarized-zone HTTP/1.1" 200 10927 "-" "Mozilla/5.0 (compatible; SemrushBot/7~bl; +http://www.semrush.com/bot.html)"
185.191.171.11 - - [09/Dec/2025:23:11:53 +0100] "GET /platby/aohwuyx/enid-lyons-early-life HTTP/1.1" 200 13700 "-" "Mozilla/5.0 (compatible; SemrushBot/7~bl; +http://www.semrush.com/bot.html)"
204.76.203.206 - - [09/Dec/2025:23:11:53 +0100] "GET / HTTP/1.1" 200 316 "-" "Mozilla/5.0 (Windows NT 10.0; Win64; x64) AppleWebKit/537.36 (KHTML, like Gecko) Chrome/90.0.4430.85 Safari/537.36 Edg/90.0.818.46"
185.191.171.2 - - [09/Dec/2025:23:11:55 +0100] "GET /platby/qqap/allentown-homicides-2021 HTTP/1.1" 200 10799 "-" "Mozilla/5.0 (compatible; SemrushBot/7~bl; +http://www.semrush.com/bot.html)"
185.191.171.14 - - [09/Dec/2025:23:12:01 +0100] "GET /platby/72zbxoz/does-ikkaku-marry-mizuho HTTP/1.1" 200 14688 "-" "Mozilla/5.0 (compatible; SemrushBot/7~bl; +http://www.semrush.com/bot.html)"
85.208.96.202 - - [09/Dec/2025:23:12:09 +0100] "GET /platby/uwoy9/san-francisco-49ers-depth-chart HTTP/1.1" 200 6073 "-" "Mozilla/5.0 (compatible; SemrushBot/7~bl; +http://www.semrush.com/bot.html)"
185.191.171.5 - - [09/Dec/2025:23:12:16 +0100] "GET /platby/hca/funeral-flowers-delivery-same-day HTTP/1.1" 200 7648 "-" "Mozilla/5.0 (compatible; SemrushBot/7~bl; +http://www.semrush.com/bot.html)"
185.191.171.8 - - [09/Dec/2025:23:12:49 +0100] "GET /platby/aohwuyx/equity-learning-institute HTTP/1.1" 200 9679 "-" "Mozilla/5.0 (compatible; SemrushBot/7~bl; +http://www.semrush.com/bot.html)"
185.191.171.3 - - [09/Dec/2025:23:12:56 +0100] "GET /platby/hca/blade-runner-2049-budget HTTP/1.1" 200 6479 "-" "Mozilla/5.0 (compatible; SemrushBot/7~bl; +http://www.semrush.com/bot.html)"
185.191.171.16 - - [09/Dec/2025:23:13:07 +0100] "GET /platby/uwoy9/samsung-s10e-fingerprint-issue HTTP/1.1" 200 10175 "-" "Mozilla/5.0 (compatible; SemrushBot/7~bl; +http://www.semrush.com/bot.html)"
85.208.96.202 - - [09/Dec/2025:23:13:41 +0100] "GET /platby/qqap/when-was-don't-worry-be-happy-released HTTP/1.1" 200 12567 "-" "Mozilla/5.0 (compatible; SemrushBot/7~bl; +http://www.semrush.com/bot.html)"
57.141.6.10 - - [09/Dec/2025:23:14:08 +0100] "GET /platby/hca/best-cheap-premier-league-strikers-fifa-21-ultimate-team HTTP/1.1" 200 29461 "-" "meta-externalagent/1.1 (+https://developers.facebook.com/docs/sharing/webmasters/crawler)"
85.208.96.196 - - [09/Dec/2025:23:14:33 +0100] "GET /platby/uwoy9/medium-vs-self-hosted-blog HTTP/1.1" 200 11819 "-" "Mozilla/5.0 (compatible; SemrushBot/7~bl; +http://www.semrush.com/bot.html)"
85.208.96.200 - - [09/Dec/2025:23:15:13 +0100] "GET /platby/qqap/nature-identity-examples HTTP/1.1" 200 10416 "-" "Mozilla/5.0 (compatible; SemrushBot/7~bl; +http://www.semrush.com/bot.html)"
85.208.96.193 - - [09/Dec/2025:23:15:40 +0100] "GET /platby/hca/how-old-is-dan-kelly-fortunate-youth HTTP/1.1" 200 8303 "-" "Mozilla/5.0 (compatible; SemrushBot/7~bl; +http://www.semrush.com/bot.html)"
185.191.171.16 - - [09/Dec/2025:23:15:49 +0100] "GET /platby/qqap/keshia-gerrits-guy-berryman-wife HTTP/1.1" 200 7787 "-" "Mozilla/5.0 (compatible; SemrushBot/7~bl; +http://www.semrush.com/bot.html)"
185.191.171.5 - - [09/Dec/2025:23:16:02 +0100] "GET /platby/qqap/barbershop-las-vegas-strip HTTP/1.1" 200 10635 "-" "Mozilla/5.0 (compatible; SemrushBot/7~bl; +http://www.semrush.com/bot.html)"
185.191.171.14 - - [09/Dec/2025:23:16:04 +0100] "GET /platby/aohwuyx/average-salary-of-premier-league-player HTTP/1.1" 200 9294 "-" "Mozilla/5.0 (compatible; SemrushBot/7~bl; +http://www.semrush.com/bot.html)"
185.191.171.13 - - [09/Dec/2025:23:16:06 +0100] "GET /platby/uwoy9/peace-in-the-valley-acapella HTTP/1.1" 200 10230 "-" "Mozilla/5.0 (compatible; SemrushBot/7~bl; +http://www.semrush.com/bot.html)"
185.191.171.8 - - [09/Dec/2025:23:16:07 +0100] "GET /platby/aohwuyx/springfield-school-district-jobs HTTP/1.1" 200 9219 "-" "Mozilla/5.0 (compatible; SemrushBot/7~bl; +http://www.semrush.com/bot.html)"
85.208.96.208 - - [09/Dec/2025:23:16:10 +0100] "GET /platby/uwoy9/commercial-solar-tax-credit-2021 HTTP/1.1" 200 13376 "-" "Mozilla/5.0 (compatible; SemrushBot/7~bl; +http://www.semrush.com/bot.html)"
185.191.171.18 - - [09/Dec/2025:23:16:11 +0100] "GET /platby/hca/philosophy-of-natural-science-hempel-summary HTTP/1.1" 200 9877 "-" "Mozilla/5.0 (compatible; SemrushBot/7~bl; +http://www.semrush.com/bot.html)"
185.191.171.18 - - [09/Dec/2025:23:16:13 +0100] "GET /platby/72zbxoz/michigan-spring-wildflowers-purple HTTP/1.1" 200 9767 "-" "Mozilla/5.0 (compatible; SemrushBot/7~bl; +http://www.semrush.com/bot.html)"
185.191.171.3 - - [09/Dec/2025:23:16:14 +0100] "GET /platby/72zbxoz/amused-sentence-for-class-5 HTTP/1.1" 200 9126 "-" "Mozilla/5.0 (compatible; SemrushBot/7~bl; +http://www.semrush.com/bot.html)"
185.191.171.13 - - [09/Dec/2025:23:16:16 +0100] "GET /platby/qqap/ascension-academy-discord HTTP/1.1" 200 13493 "-" "Mozilla/5.0 (compatible; SemrushBot/7~bl; +http://www.semrush.com/bot.html)"
185.191.171.16 - - [09/Dec/2025:23:16:18 +0100] "GET /platby/72zbxoz/nike-strawberry-cough-cancelled HTTP/1.1" 200 13971 "-" "Mozilla/5.0 (compatible; SemrushBot/7~bl; +http://www.semrush.com/bot.html)"
185.191.171.14 - - [09/Dec/2025:23:16:21 +0100] "GET /platby/aohwuyx/umass-lowell-lacrosse-division HTTP/1.1" 200 14209 "-" "Mozilla/5.0 (compatible; SemrushBot/7~bl; +http://www.semrush.com/bot.html)"
85.208.96.212 - - [09/Dec/2025:23:16:23 +0100] "GET /platby/uwoy9/justin-fields-rookie-card HTTP/1.1" 200 10009 "-" "Mozilla/5.0 (compatible; SemrushBot/7~bl; +http://www.semrush.com/bot.html)"
85.208.96.201 - - [09/Dec/2025:23:16:49 +0100] "GET /platby/72zbxoz/aerospace-engineering-distance-learning HTTP/1.1" 200 14197 "-" "Mozilla/5.0 (compatible; SemrushBot/7~bl; +http://www.semrush.com/bot.html)"
185.191.171.3 - - [09/Dec/2025:23:17:04 +0100] "GET /platby/72zbxoz/launchpad-infosys-login HTTP/1.1" 200 9267 "-" "Mozilla/5.0 (compatible; SemrushBot/7~bl; +http://www.semrush.com/bot.html)"
85.208.96.205 - - [09/Dec/2025:23:17:06 +0100] "GET /platby/aohwuyx/henry-ruggs-endorsements HTTP/1.1" 200 12192 "-" "Mozilla/5.0 (compatible; SemrushBot/7~bl; +http://www.semrush.com/bot.html)"
85.208.96.193 - - [09/Dec/2025:23:17:13 +0100] "GET /platby/hca/nba-players-from-barcelona HTTP/1.1" 200 5671 "-" "Mozilla/5.0 (compatible; SemrushBot/7~bl; +http://www.semrush.com/bot.html)"
185.191.171.11 - - [09/Dec/2025:23:18:17 +0100] "GET /platby/72zbxoz/brazil-2000-olympic-football-squad HTTP/1.1" 200 12288 "-" "Mozilla/5.0 (compatible; SemrushBot/7~bl; +http://www.semrush.com/bot.html)"
79.124.40.174 - - [09/Dec/2025:23:18:18 +0100] "\x16\x03\x01\x05\xa8\x01" 403 265 "-" "-"
185.191.171.8 - - [09/Dec/2025:23:18:22 +0100] "GET /robots.txt HTTP/1.1" 200 54 "-" "Mozilla/5.0 (compatible; SemrushBot/7~bl; +http://www.semrush.com/bot.html)"
185.191.171.16 - - [09/Dec/2025:23:18:23 +0100] "GET /platby/72zbxoz/center-for-advanced-media-studies HTTP/1.1" 200 10157 "-" "Mozilla/5.0 (compatible; SemrushBot/7~bl; +http://www.semrush.com/bot.html)"
85.208.96.193 - - [09/Dec/2025:23:18:31 +0100] "GET /platby/uwoy9/marlon-tuipulotu-usc-highlights HTTP/1.1" 200 6930 "-" "Mozilla/5.0 (compatible; SemrushBot/7~bl; +http://www.semrush.com/bot.html)"
185.191.171.7 - - [09/Dec/2025:23:18:55 +0100] "GET /platby/aohwuyx/graham-taylor-voice-actor HTTP/1.1" 200 13038 "-" "Mozilla/5.0 (compatible; SemrushBot/7~bl; +http://www.semrush.com/bot.html)"
185.191.171.12 - - [09/Dec/2025:23:18:57 +0100] "GET /platby/aohwuyx/fifa-21-career-mode-league-2-players-to-buy HTTP/1.1" 200 8025 "-" "Mozilla/5.0 (compatible; SemrushBot/7~bl; +http://www.semrush.com/bot.html)"
185.191.171.14 - - [09/Dec/2025:23:19:28 +0100] "GET /platby/uwoy9/raytheon-missiles-and-defense-careers HTTP/1.1" 200 9993 "-" "Mozilla/5.0 (compatible; SemrushBot/7~bl; +http://www.semrush.com/bot.html)"
43.175.206.27 - - [09/Dec/2025:23:19:30 +0100] "\x16\x03\x01\x07\x1d\x01" 403 265 "-" "-"
43.175.206.27 - - [09/Dec/2025:23:19:32 +0100] "\x16\x03\x01\x07\x1d\x01" 403 265 "-" "-"
185.191.171.18 - - [09/Dec/2025:23:21:06 +0100] "GET /platby/72zbxoz/highest-paid-cowboys-player-2020 HTTP/1.1" 200 8792 "-" "Mozilla/5.0 (compatible; SemrushBot/7~bl; +http://www.semrush.com/bot.html)"
185.191.171.18 - - [09/Dec/2025:23:21:26 +0100] "GET /platby/72zbxoz/highest-paid-cowboys-player-2020 HTTP/1.1" 200 8792 "-" "Mozilla/5.0 (compatible; SemrushBot/7~bl; +http://www.semrush.com/bot.html)"
85.208.96.195 - - [09/Dec/2025:23:21:50 +0100] "GET /platby/hca/examples-of-religious-diversity-in-the-workplace HTTP/1.1" 200 12677 "-" "Mozilla/5.0 (compatible; SemrushBot/7~bl; +http://www.semrush.com/bot.html)"
114.119.152.142 - - [09/Dec/2025:23:21:54 +0100] "GET /platby/article.php?5d4c26=gulf-islands-national-seashore-cabins HTTP/1.1" 200 7162 "http://ispc.klape.eu/platby/article.php?5d4c26=brands-rappers-wear-2019" "Mozilla/5.0 (Linux; Android 7.0;) AppleWebKit/537.36 (KHTML, like Gecko) Mobile Safari/537.36 (compatible; PetalBot;+https://webmaster.petalsearch.com/site/petalbot)"
185.191.171.10 - - [09/Dec/2025:23:21:58 +0100] "GET /platby/uwoy9/mark-ramprakash-mother HTTP/1.1" 200 10991 "-" "Mozilla/5.0 (compatible; SemrushBot/7~bl; +http://www.semrush.com/bot.html)"
85.208.96.210 - - [09/Dec/2025:23:22:00 +0100] "GET /platby/72zbxoz/salpiglossis-superbissima HTTP/1.1" 200 9666 "-" "Mozilla/5.0 (compatible; SemrushBot/7~bl; +http://www.semrush.com/bot.html)"
85.208.96.211 - - [09/Dec/2025:23:22:02 +0100] "GET /platby/hca/cannabliss-carts-for-sale HTTP/1.1" 200 12485 "-" "Mozilla/5.0 (compatible; SemrushBot/7~bl; +http://www.semrush.com/bot.html)"
85.208.96.203 - - [09/Dec/2025:23:22:03 +0100] "GET /platby/72zbxoz/executive-office-of-the-president-definition HTTP/1.1" 200 8209 "-" "Mozilla/5.0 (compatible; SemrushBot/7~bl; +http://www.semrush.com/bot.html)"
85.208.96.199 - - [09/Dec/2025:23:22:05 +0100] "GET /platby/hca/scientific-psychology-definition HTTP/1.1" 200 6429 "-" "Mozilla/5.0 (compatible; SemrushBot/7~bl; +http://www.semrush.com/bot.html)"
85.208.96.194 - - [09/Dec/2025:23:22:06 +0100] "GET /platby/aohwuyx/mark-vandermeulen-dazed-and-confused HTTP/1.1" 200 10846 "-" "Mozilla/5.0 (compatible; SemrushBot/7~bl; +http://www.semrush.com/bot.html)"
85.208.96.212 - - [09/Dec/2025:23:22:08 +0100] "GET /platby/72zbxoz/phosphor-powder-toxicity HTTP/1.1" 200 11996 "-" "Mozilla/5.0 (compatible; SemrushBot/7~bl; +http://www.semrush.com/bot.html)"
85.208.96.212 - - [09/Dec/2025:23:22:09 +0100] "GET /platby/qqap/what-rhymes-with-winter HTTP/1.1" 200 7758 "-" "Mozilla/5.0 (compatible; SemrushBot/7~bl; +http://www.semrush.com/bot.html)"
85.208.96.194 - - [09/Dec/2025:23:22:11 +0100] "GET /platby/qqap/what-does-the-diskpart-command-clean-do HTTP/1.1" 200 7408 "-" "Mozilla/5.0 (compatible; SemrushBot/7~bl; +http://www.semrush.com/bot.html)"
85.208.96.210 - - [09/Dec/2025:23:22:12 +0100] "GET /platby/qqap/houston-astros-sign-stealing HTTP/1.1" 200 8055 "-" "Mozilla/5.0 (compatible; SemrushBot/7~bl; +http://www.semrush.com/bot.html)"
185.191.171.8 - - [09/Dec/2025:23:22:14 +0100] "GET /platby/qqap/oneplus-7-pro-always-on-display-android-11 HTTP/1.1" 200 6229 "-" "Mozilla/5.0 (compatible; SemrushBot/7~bl; +http://www.semrush.com/bot.html)"
185.191.171.12 - - [09/Dec/2025:23:22:16 +0100] "GET /platby/72zbxoz/dominant-7th-chord-formula HTTP/1.1" 200 12914 "-" "Mozilla/5.0 (compatible; SemrushBot/7~bl; +http://www.semrush.com/bot.html)"
204.76.203.212 - - [09/Dec/2025:23:23:13 +0100] "GET /" 400 468 "-" "-"
185.191.171.19 - - [09/Dec/2025:23:23:18 +0100] "GET /platby/qqap/memphis-bridge-lights HTTP/1.1" 200 7697 "-" "Mozilla/5.0 (compatible; SemrushBot/7~bl; +http://www.semrush.com/bot.html)"
185.191.171.19 - - [09/Dec/2025:23:23:29 +0100] "GET /platby/qqap/memphis-bridge-lights HTTP/1.1" 200 7697 "-" "Mozilla/5.0 (compatible; SemrushBot/7~bl; +http://www.semrush.com/bot.html)"
85.208.96.207 - - [09/Dec/2025:23:23:34 +0100] "GET /platby/uwoy9/nassau-football-scores HTTP/1.1" 200 13650 "-" "Mozilla/5.0 (compatible; SemrushBot/7~bl; +http://www.semrush.com/bot.html)"
185.191.171.4 - - [09/Dec/2025:23:23:37 +0100] "GET /platby/uwoy9/npm-documentation-generator HTTP/1.1" 200 9537 "-" "Mozilla/5.0 (compatible; SemrushBot/7~bl; +http://www.semrush.com/bot.html)"
85.208.96.207 - - [09/Dec/2025:23:23:38 +0100] "GET /platby/hca/famous-baseball-players-2020 HTTP/1.1" 200 7755 "-" "Mozilla/5.0 (compatible; SemrushBot/7~bl; +http://www.semrush.com/bot.html)"
185.191.171.14 - - [09/Dec/2025:23:23:40 +0100] "GET /platby/qqap/is-central-intelligence-funny HTTP/1.1" 200 8535 "-" "Mozilla/5.0 (compatible; SemrushBot/7~bl; +http://www.semrush.com/bot.html)"
85.208.96.205 - - [09/Dec/2025:23:23:42 +0100] "GET /platby/hca/amusement-parks-in-new-york-state HTTP/1.1" 200 7563 "-" "Mozilla/5.0 (compatible; SemrushBot/7~bl; +http://www.semrush.com/bot.html)"
185.191.171.10 - - [09/Dec/2025:23:23:43 +0100] "GET /platby/72zbxoz/short-poems-about-life-struggles HTTP/1.1" 200 11187 "-" "Mozilla/5.0 (compatible; SemrushBot/7~bl; +http://www.semrush.com/bot.html)"
185.191.171.16 - - [09/Dec/2025:23:23:45 +0100] "GET /platby/aohwuyx/virgil-van-dijk-fifa-21-rating HTTP/1.1" 200 7381 "-" "Mozilla/5.0 (compatible; SemrushBot/7~bl; +http://www.semrush.com/bot.html)"
185.191.171.2 - - [09/Dec/2025:23:23:47 +0100] "GET /platby/qqap/appliance-repair-parts-near-me HTTP/1.1" 200 7842 "-" "Mozilla/5.0 (compatible; SemrushBot/7~bl; +http://www.semrush.com/bot.html)"
85.208.96.203 - - [09/Dec/2025:23:23:48 +0100] "GET /platby/hca/umd-duluth-football-stadium HTTP/1.1" 200 10278 "-" "Mozilla/5.0 (compatible; SemrushBot/7~bl; +http://www.semrush.com/bot.html)"
185.191.171.2 - - [09/Dec/2025:23:23:58 +0100] "GET /platby/uwoy9/cactus-flower-florists-chandler,-az HTTP/1.1" 200 10805 "-" "Mozilla/5.0 (compatible; SemrushBot/7~bl; +http://www.semrush.com/bot.html)"
185.191.171.10 - - [09/Dec/2025:23:24:00 +0100] "GET /platby/72zbxoz/actio-iniuriarum-south-africa HTTP/1.1" 200 9031 "-" "Mozilla/5.0 (compatible; SemrushBot/7~bl; +http://www.semrush.com/bot.html)"
85.208.96.209 - - [09/Dec/2025:23:24:02 +0100] "GET /platby/qqap/bible-verses-about-being-quiet-and-listening HTTP/1.1" 200 8421 "-" "Mozilla/5.0 (compatible; SemrushBot/7~bl; +http://www.semrush.com/bot.html)"
185.191.171.5 - - [09/Dec/2025:23:24:15 +0100] "GET /platby/72zbxoz/jaguars-parking-pass-ticketmaster HTTP/1.1" 200 14170 "-" "Mozilla/5.0 (compatible; SemrushBot/7~bl; +http://www.semrush.com/bot.html)"
85.208.96.212 - - [09/Dec/2025:23:24:37 +0100] "GET /platby/uwoy9/dr-jacob-wilson-workout-program HTTP/1.1" 200 12901 "-" "Mozilla/5.0 (compatible; SemrushBot/7~bl; +http://www.semrush.com/bot.html)"
5.133.192.171 - - [09/Dec/2025:23:25:45 +0100] "\x16\x03\x01\x01\x1a\x01" 403 265 "-" "-"
185.191.171.10 - - [09/Dec/2025:23:25:45 +0100] "GET /platby/qqap/examples-of-floor-gymnastics HTTP/1.1" 200 8106 "-" "Mozilla/5.0 (compatible; SemrushBot/7~bl; +http://www.semrush.com/bot.html)"
85.208.96.207 - - [09/Dec/2025:23:25:58 +0100] "GET /platby/hca/is-vigilantism-good-for-society%3F HTTP/1.1" 200 13463 "-" "Mozilla/5.0 (compatible; SemrushBot/7~bl; +http://www.semrush.com/bot.html)"
185.191.171.14 - - [09/Dec/2025:23:26:03 +0100] "GET /platby/hca/grammy-album-of-the-year-2010 HTTP/1.1" 200 9270 "-" "Mozilla/5.0 (compatible; SemrushBot/7~bl; +http://www.semrush.com/bot.html)"
185.191.171.9 - - [09/Dec/2025:23:26:07 +0100] "GET /platby/72zbxoz/mn-charitable-organizations HTTP/1.1" 200 6612 "-" "Mozilla/5.0 (compatible; SemrushBot/7~bl; +http://www.semrush.com/bot.html)"
85.208.96.195 - - [09/Dec/2025:23:26:10 +0100] "GET /platby/72zbxoz/osgood-schlatter-symptoms HTTP/1.1" 200 11577 "-" "Mozilla/5.0 (compatible; SemrushBot/7~bl; +http://www.semrush.com/bot.html)"
185.191.171.1 - - [09/Dec/2025:23:26:33 +0100] "GET /platby/uwoy9/common-blue-violet-ontario HTTP/1.1" 200 7869 "-" "Mozilla/5.0 (compatible; SemrushBot/7~bl; +http://www.semrush.com/bot.html)"
85.208.96.200 - - [09/Dec/2025:23:26:35 +0100] "GET /platby/72zbxoz/taking-session-synonym HTTP/1.1" 200 13046 "-" "Mozilla/5.0 (compatible; SemrushBot/7~bl; +http://www.semrush.com/bot.html)"
185.191.171.14 - - [09/Dec/2025:23:26:45 +0100] "GET /platby/aohwuyx/pedestrian-parking-lot-safety HTTP/1.1" 200 9066 "-" "Mozilla/5.0 (compatible; SemrushBot/7~bl; +http://www.semrush.com/bot.html)"
85.208.96.209 - - [09/Dec/2025:23:26:58 +0100] "GET /platby/aohwuyx/examples-of-diversity-and-inclusion-in-the-workplace HTTP/1.1" 200 14538 "-" "Mozilla/5.0 (compatible; SemrushBot/7~bl; +http://www.semrush.com/bot.html)"
185.191.171.7 - - [09/Dec/2025:23:27:12 +0100] "GET /platby/hca/indigenous-culture-and-traditions HTTP/1.1" 200 11779 "-" "Mozilla/5.0 (compatible; SemrushBot/7~bl; +http://www.semrush.com/bot.html)"
185.191.171.5 - - [09/Dec/2025:23:27:14 +0100] "GET /platby/uwoy9/competition-in-aerospace-industry HTTP/1.1" 200 9534 "-" "Mozilla/5.0 (compatible; SemrushBot/7~bl; +http://www.semrush.com/bot.html)"
185.191.171.2 - - [09/Dec/2025:23:27:29 +0100] "GET /platby/hca/poland-crime-rate-2021 HTTP/1.1" 200 14102 "-" "Mozilla/5.0 (compatible; SemrushBot/7~bl; +http://www.semrush.com/bot.html)"
85.208.96.204 - - [09/Dec/2025:23:28:08 +0100] "GET /platby/qqap/musical-chairs-metaphor HTTP/1.1" 200 10659 "-" "Mozilla/5.0 (compatible; SemrushBot/7~bl; +http://www.semrush.com/bot.html)"
204.76.203.206 - - [09/Dec/2025:23:28:15 +0100] "GET /" 400 468 "-" "-"
185.191.171.5 - - [09/Dec/2025:23:28:25 +0100] "GET /platby/hca/aerodynamics-curriculum HTTP/1.1" 200 8875 "-" "Mozilla/5.0 (compatible; SemrushBot/7~bl; +http://www.semrush.com/bot.html)"
85.208.96.202 - - [09/Dec/2025:23:28:30 +0100] "GET /platby/hca/sapienza-university-of-rome HTTP/1.1" 200 9491 "-" "Mozilla/5.0 (compatible; SemrushBot/7~bl; +http://www.semrush.com/bot.html)"
185.191.171.7 - - [09/Dec/2025:23:28:35 +0100] "GET /platby/hca/mr-irrelevant-2021-prizes HTTP/1.1" 200 11180 "-" "Mozilla/5.0 (compatible; SemrushBot/7~bl; +http://www.semrush.com/bot.html)"
85.208.96.195 - - [09/Dec/2025:23:28:37 +0100] "GET /platby/qqap/darussafaka-basketball-roster HTTP/1.1" 200 7533 "-" "Mozilla/5.0 (compatible; SemrushBot/7~bl; +http://www.semrush.com/bot.html)"
85.208.96.195 - - [09/Dec/2025:23:28:39 +0100] "GET /platby/qqap/equity,-diversity-and-inclusion-training-canada HTTP/1.1" 200 7681 "-" "Mozilla/5.0 (compatible; SemrushBot/7~bl; +http://www.semrush.com/bot.html)"
185.191.171.7 - - [09/Dec/2025:23:28:40 +0100] "GET /platby/uwoy9/new-callaway-putters-2021 HTTP/1.1" 200 15063 "-" "Mozilla/5.0 (compatible; SemrushBot/7~bl; +http://www.semrush.com/bot.html)"
204.76.203.206 - - [09/Dec/2025:23:28:48 +0100] "GET / HTTP/1.1" 200 316 "-" "Mozilla/5.0 (Windows NT 10.0; Win64; x64) AppleWebKit/537.36 (KHTML, like Gecko) Chrome/90.0.4430.85 Safari/537.36 Edg/90.0.818.46"
185.191.171.16 - - [09/Dec/2025:23:28:49 +0100] "GET /platby/72zbxoz/hunter-high-school-transcript-request HTTP/1.1" 200 14334 "-" "Mozilla/5.0 (compatible; SemrushBot/7~bl; +http://www.semrush.com/bot.html)"
185.191.171.5 - - [09/Dec/2025:23:29:03 +0100] "GET /platby/hca/springfield-manitoba-to-winnipeg HTTP/1.1" 200 6369 "-" "Mozilla/5.0 (compatible; SemrushBot/7~bl; +http://www.semrush.com/bot.html)"
185.191.171.17 - - [09/Dec/2025:23:29:06 +0100] "GET /platby/qqap/panthers-tailgate-parking HTTP/1.1" 200 9433 "-" "Mozilla/5.0 (compatible; SemrushBot/7~bl; +http://www.semrush.com/bot.html)"
185.191.171.7 - - [09/Dec/2025:23:29:39 +0100] "GET /platby/aohwuyx/stafford-motor-speedway-seating-chart HTTP/1.1" 200 10680 "-" "Mozilla/5.0 (compatible; SemrushBot/7~bl; +http://www.semrush.com/bot.html)"
85.208.96.206 - - [09/Dec/2025:23:29:48 +0100] "GET /platby/72zbxoz/backward-euler-method HTTP/1.1" 200 7194 "-" "Mozilla/5.0 (compatible; SemrushBot/7~bl; +http://www.semrush.com/bot.html)"
85.208.96.207 - - [09/Dec/2025:23:29:50 +0100] "GET /platby/uwoy9/yohji-yamamoto-canada HTTP/1.1" 200 8129 "-" "Mozilla/5.0 (compatible; SemrushBot/7~bl; +http://www.semrush.com/bot.html)"
172.245.21.30 - - [09/Dec/2025:23:29:52 +0100] "GET /" 400 468 "-" "-"
51.159.15.84 - - [09/Dec/2025:23:30:18 +0100] "\x16\x03\x01" 403 265 "-" "-"
185.191.171.16 - - [09/Dec/2025:23:30:32 +0100] "GET /platby/hca/oxford-university-staff-accommodation HTTP/1.1" 200 6262 "-" "Mozilla/5.0 (compatible; SemrushBot/7~bl; +http://www.semrush.com/bot.html)"
85.208.96.210 - - [09/Dec/2025:23:30:35 +0100] "GET /platby/uwoy9/basic-physics-concepts-ppt HTTP/1.1" 200 10933 "-" "Mozilla/5.0 (compatible; SemrushBot/7~bl; +http://www.semrush.com/bot.html)"
185.191.171.18 - - [09/Dec/2025:23:30:39 +0100] "GET /platby/uwoy9/ultimate-hangover-cure HTTP/1.1" 200 9255 "-" "Mozilla/5.0 (compatible; SemrushBot/7~bl; +http://www.semrush.com/bot.html)"
185.191.171.6 - - [09/Dec/2025:23:30:43 +0100] "GET /platby/hca/aerospace-engineer-salary-in-europe HTTP/1.1" 200 11072 "-" "Mozilla/5.0 (compatible; SemrushBot/7~bl; +http://www.semrush.com/bot.html)"
185.191.171.14 - - [09/Dec/2025:23:31:04 +0100] "GET /platby/hca/2020-select-football-blaster-box HTTP/1.1" 200 10650 "-" "Mozilla/5.0 (compatible; SemrushBot/7~bl; +http://www.semrush.com/bot.html)"
85.208.96.208 - - [09/Dec/2025:23:31:17 +0100] "GET /platby/72zbxoz/who-is-known-as-the-wolf-of-wall-street HTTP/1.1" 200 12024 "-" "Mozilla/5.0 (compatible; SemrushBot/7~bl; +http://www.semrush.com/bot.html)"
185.191.171.14 - - [09/Dec/2025:23:31:30 +0100] "GET /platby/uwoy9/huwag-kang-matakot-chords HTTP/1.1" 200 11503 "-" "Mozilla/5.0 (compatible; SemrushBot/7~bl; +http://www.semrush.com/bot.html)"
85.208.96.201 - - [09/Dec/2025:23:31:48 +0100] "GET /platby/aohwuyx/cosmopolitan-resort-fee-waived HTTP/1.1" 200 9478 "-" "Mozilla/5.0 (compatible; SemrushBot/7~bl; +http://www.semrush.com/bot.html)"
185.191.171.14 - - [09/Dec/2025:23:31:53 +0100] "GET /platby/aohwuyx/david-silva-designer-merida HTTP/1.1" 200 11077 "-" "Mozilla/5.0 (compatible; SemrushBot/7~bl; +http://www.semrush.com/bot.html)"
114.119.130.237 - - [09/Dec/2025:23:31:56 +0100] "GET /platby/article.php?5d4c26=job-application-education-still-in-high-school HTTP/1.1" 200 6129 "http://ispc.klape.eu/platby/article.php?5d4c26=all-4-one---i-can-love-you-like-that" "Mozilla/5.0 (Linux; Android 7.0;) AppleWebKit/537.36 (KHTML, like Gecko) Mobile Safari/537.36 (compatible; PetalBot;+https://webmaster.petalsearch.com/site/petalbot)"
185.191.171.16 - - [09/Dec/2025:23:31:59 +0100] "GET /platby/hca/mindfulness-based-stress-reduction-teacher-training HTTP/1.1" 200 9825 "-" "Mozilla/5.0 (compatible; SemrushBot/7~bl; +http://www.semrush.com/bot.html)"
85.208.96.198 - - [09/Dec/2025:23:32:13 +0100] "GET /platby/uwoy9/informal-sanctions-definition-sociology HTTP/1.1" 200 10930 "-" "Mozilla/5.0 (compatible; SemrushBot/7~bl; +http://www.semrush.com/bot.html)"
185.191.171.16 - - [09/Dec/2025:23:32:14 +0100] "GET /platby/uwoy9/copper-mountain-solar-5-project HTTP/1.1" 200 12022 "-" "Mozilla/5.0 (compatible; SemrushBot/7~bl; +http://www.semrush.com/bot.html)"
185.191.171.16 - - [09/Dec/2025:23:32:19 +0100] "GET /platby/qqap/engineering-marvels-in-the-world HTTP/1.1" 200 7193 "-" "Mozilla/5.0 (compatible; SemrushBot/7~bl; +http://www.semrush.com/bot.html)"
54.235.172.96 - - [09/Dec/2025:23:32:28 +0100] "GET /platby/72zbxoz/gardening-seat-for-disabled HTTP/1.1" 200 9211 "-" "Mozilla/5.0 AppleWebKit/537.36 (KHTML, like Gecko; compatible; Amazonbot/0.1; +https://developer.amazon.com/support/amazonbot) Chrome/119.0.6045.214 Safari/537.36"
34.231.156.59 - - [09/Dec/2025:23:32:31 +0100] "GET /platby/72zbxoz/breathing-space-in-relationship HTTP/1.1" 200 9609 "-" "Mozilla/5.0 AppleWebKit/537.36 (KHTML, like Gecko; compatible; Amazonbot/0.1; +https://developer.amazon.com/support/amazonbot) Chrome/119.0.6045.214 Safari/537.36"
34.202.88.37 - - [09/Dec/2025:23:32:36 +0100] "GET /platby/72zbxoz/the-blind-side:-evolution-of-a-game HTTP/1.1" 200 8440 "-" "Mozilla/5.0 AppleWebKit/537.36 (KHTML, like Gecko; compatible; Amazonbot/0.1; +https://developer.amazon.com/support/amazonbot) Chrome/119.0.6045.214 Safari/537.36"
3.213.85.234 - - [09/Dec/2025:23:32:39 +0100] "GET /platby/72zbxoz/horry-county-school-calendar-2021-2022 HTTP/1.1" 200 10662 "-" "Mozilla/5.0 AppleWebKit/537.36 (KHTML, like Gecko; compatible; Amazonbot/0.1; +https://developer.amazon.com/support/amazonbot) Chrome/119.0.6045.214 Safari/537.36"
185.191.171.3 - - [09/Dec/2025:23:32:40 +0100] "GET /platby/72zbxoz/ultimate-aesthetic-quiz-for-guys HTTP/1.1" 200 16484 "-" "Mozilla/5.0 (compatible; SemrushBot/7~bl; +http://www.semrush.com/bot.html)"
54.147.182.90 - - [09/Dec/2025:23:32:43 +0100] "GET /platby/qqap/ballon-d'or-winner-2009 HTTP/1.1" 200 11131 "-" "Mozilla/5.0 AppleWebKit/537.36 (KHTML, like Gecko; compatible; Amazonbot/0.1; +https://developer.amazon.com/support/amazonbot) Chrome/119.0.6045.214 Safari/537.36"
23.21.227.240 - - [09/Dec/2025:23:32:47 +0100] "GET /platby/72zbxoz/starting-salary-for-aerospace-engineer-with-phd HTTP/1.1" 200 14474 "-" "Mozilla/5.0 AppleWebKit/537.36 (KHTML, like Gecko; compatible; Amazonbot/0.1; +https://developer.amazon.com/support/amazonbot) Chrome/119.0.6045.214 Safari/537.36"
54.157.99.244 - - [09/Dec/2025:23:32:51 +0100] "GET /platby/72zbxoz/let's-talk-about-love-is-it-everything HTTP/1.1" 200 15887 "-" "Mozilla/5.0 AppleWebKit/537.36 (KHTML, like Gecko; compatible; Amazonbot/0.1; +https://developer.amazon.com/support/amazonbot) Chrome/119.0.6045.214 Safari/537.36"
52.71.216.196 - - [09/Dec/2025:23:32:55 +0100] "GET /platby/72zbxoz/don't-follow-your-heart-quotes HTTP/1.1" 200 15631 "-" "Mozilla/5.0 AppleWebKit/537.36 (KHTML, like Gecko; compatible; Amazonbot/0.1; +https://developer.amazon.com/support/amazonbot) Chrome/119.0.6045.214 Safari/537.36"
185.191.171.8 - - [09/Dec/2025:23:32:56 +0100] "GET /platby/aohwuyx/wdr-full-hd-1080p-dash-cam-manual HTTP/1.1" 200 12512 "-" "Mozilla/5.0 (compatible; SemrushBot/7~bl; +http://www.semrush.com/bot.html)"
52.4.229.9 - - [09/Dec/2025:23:32:59 +0100] "GET /platby/72zbxoz/baby-african-clawed-frog-for-sale HTTP/1.1" 200 15178 "-" "Mozilla/5.0 AppleWebKit/537.36 (KHTML, like Gecko; compatible; Amazonbot/0.1; +https://developer.amazon.com/support/amazonbot) Chrome/119.0.6045.214 Safari/537.36"
185.191.171.16 - - [09/Dec/2025:23:33:03 +0100] "GET /platby/qqap/scientific-theory-examples HTTP/1.1" 200 10373 "-" "Mozilla/5.0 (compatible; SemrushBot/7~bl; +http://www.semrush.com/bot.html)"
52.44.174.136 - - [09/Dec/2025:23:33:04 +0100] "GET /platby/qqap/jordan-jumpman-2020-'red-orbit HTTP/1.1" 200 6830 "-" "Mozilla/5.0 AppleWebKit/537.36 (KHTML, like Gecko; compatible; Amazonbot/0.1; +https://developer.amazon.com/support/amazonbot) Chrome/119.0.6045.214 Safari/537.36"
44.221.180.179 - - [09/Dec/2025:23:33:07 +0100] "GET /platby/72zbxoz/sydney-fc-w-vs-newcastle-jets-w-prediction HTTP/1.1" 200 12163 "-" "Mozilla/5.0 AppleWebKit/537.36 (KHTML, like Gecko; compatible; Amazonbot/0.1; +https://developer.amazon.com/support/amazonbot) Chrome/119.0.6045.214 Safari/537.36"
3.212.205.90 - - [09/Dec/2025:23:33:12 +0100] "GET /platby/72zbxoz/jordan-4-raptors-outfit HTTP/1.1" 200 10003 "-" "Mozilla/5.0 AppleWebKit/537.36 (KHTML, like Gecko; compatible; Amazonbot/0.1; +https://developer.amazon.com/support/amazonbot) Chrome/119.0.6045.214 Safari/537.36"
52.4.229.9 - - [09/Dec/2025:23:33:15 +0100] "GET /platby/72zbxoz/north-macedonia-squad-2021 HTTP/1.1" 200 20 "-" "Mozilla/5.0 AppleWebKit/537.36 (KHTML, like Gecko; compatible; Amazonbot/0.1; +https://developer.amazon.com/support/amazonbot) Chrome/119.0.6045.214 Safari/537.36"
44.221.227.90 - - [09/Dec/2025:23:33:18 +0100] "GET /platby/72zbxoz/odisha-fc-jersey-2020-21 HTTP/1.1" 200 13169 "-" "Mozilla/5.0 AppleWebKit/537.36 (KHTML, like Gecko; compatible; Amazonbot/0.1; +https://developer.amazon.com/support/amazonbot) Chrome/119.0.6045.214 Safari/537.36"
114.119.139.66 - - [09/Dec/2025:23:33:22 +0100] "GET /platby/article.php?5d4c26=White-Knight-2-crash HTTP/1.1" 200 7576 "http://ispc.klape.eu/platby/article.php?5d4c26=types-of-sorcerers" "Mozilla/5.0 (Linux; Android 7.0;) AppleWebKit/537.36 (KHTML, like Gecko) Mobile Safari/537.36 (compatible; PetalBot;+https://webmaster.petalsearch.com/site/petalbot)"
185.191.171.16 - - [09/Dec/2025:23:33:24 +0100] "GET /platby/qqap/how-to-downscale-4k-to-1080p-davinci-resolve HTTP/1.1" 200 11830 "-" "Mozilla/5.0 (compatible; SemrushBot/7~bl; +http://www.semrush.com/bot.html)"
85.208.96.207 - - [09/Dec/2025:23:33:26 +0100] "GET /platby/uwoy9/bard-college-faculty-directory HTTP/1.1" 200 11421 "-" "Mozilla/5.0 (compatible; SemrushBot/7~bl; +http://www.semrush.com/bot.html)"
185.191.171.15 - - [09/Dec/2025:23:33:30 +0100] "GET /platby/uwoy9/guardians-of-ga'hoole-exile-audiobook HTTP/1.1" 200 11903 "-" "Mozilla/5.0 (compatible; SemrushBot/7~bl; +http://www.semrush.com/bot.html)"
85.208.96.208 - - [09/Dec/2025:23:33:36 +0100] "GET /platby/72zbxoz/always-on-display-oneplus HTTP/1.1" 200 7869 "-" "Mozilla/5.0 (compatible; SemrushBot/7~bl; +http://www.semrush.com/bot.html)"
85.208.96.195 - - [09/Dec/2025:23:34:34 +0100] "GET /platby/uwoy9/wireless-power-transfer-ic HTTP/1.1" 200 12942 "-" "Mozilla/5.0 (compatible; SemrushBot/7~bl; +http://www.semrush.com/bot.html)"
85.208.96.212 - - [09/Dec/2025:23:34:37 +0100] "GET /platby/aohwuyx/short-famous-poems-by-famous-poets HTTP/1.1" 200 16504 "-" "Mozilla/5.0 (compatible; SemrushBot/7~bl; +http://www.semrush.com/bot.html)"
114.119.130.237 - - [09/Dec/2025:23:34:42 +0100] "GET /platby/article.php?5d4c26=-bash:-node:-command-not-found HTTP/1.1" 200 5935 "http://ispc.klape.eu/platby/article.php?5d4c26=chipotle-death-toll" "Mozilla/5.0 (Linux; Android 7.0;) AppleWebKit/537.36 (KHTML, like Gecko) Mobile Safari/537.36 (compatible; PetalBot;+https://webmaster.petalsearch.com/site/petalbot)"
185.191.171.19 - - [09/Dec/2025:23:34:47 +0100] "GET /platby/uwoy9/carousel-in-swift-github HTTP/1.1" 200 10547 "-" "Mozilla/5.0 (compatible; SemrushBot/7~bl; +http://www.semrush.com/bot.html)"
185.191.171.2 - - [09/Dec/2025:23:34:59 +0100] "GET /platby/qqap/header-edit-set-cookie-jsessionid HTTP/1.1" 200 11610 "-" "Mozilla/5.0 (compatible; SemrushBot/7~bl; +http://www.semrush.com/bot.html)"
185.191.171.7 - - [09/Dec/2025:23:35:15 +0100] "GET /platby/uwoy9/mansfield-state-high-school-catchment HTTP/1.1" 200 13202 "-" "Mozilla/5.0 (compatible; SemrushBot/7~bl; +http://www.semrush.com/bot.html)"
85.208.96.209 - - [09/Dec/2025:23:35:34 +0100] "GET /platby/qqap/eduards-tralmaks-providence HTTP/1.1" 200 7550 "-" "Mozilla/5.0 (compatible; SemrushBot/7~bl; +http://www.semrush.com/bot.html)"
185.39.19.97 - - [09/Dec/2025:23:35:45 +0100] "\x16\x03\x01\x01V\x01" 403 265 "-" "-"
185.191.171.3 - - [09/Dec/2025:23:35:52 +0100] "GET /platby/qqap/how-to-set-cookie-in-response-header-c%23 HTTP/1.1" 200 7324 "-" "Mozilla/5.0 (compatible; SemrushBot/7~bl; +http://www.semrush.com/bot.html)"
114.119.139.66 - - [09/Dec/2025:23:36:05 +0100] "GET /platby/72zbxoz/highest-paid-nba-player-contract HTTP/1.1" 200 13393 "http://ispc.klape.eu/platby/72zbxoz/what-was-the-next-style-of-jazz-after-dixieland" "Mozilla/5.0 (Linux; Android 7.0;) AppleWebKit/537.36 (KHTML, like Gecko) Mobile Safari/537.36 (compatible; PetalBot;+https://webmaster.petalsearch.com/site/petalbot)"
85.208.96.208 - - [09/Dec/2025:23:36:11 +0100] "GET /platby/72zbxoz/croyde-luxury-holiday-cottages HTTP/1.1" 200 8403 "-" "Mozilla/5.0 (compatible; SemrushBot/7~bl; +http://www.semrush.com/bot.html)"
85.208.96.197 - - [09/Dec/2025:23:36:13 +0100] "GET /platby/aohwuyx/bill-russell-kobe-bryant HTTP/1.1" 200 7666 "-" "Mozilla/5.0 (compatible; SemrushBot/7~bl; +http://www.semrush.com/bot.html)"
185.191.171.10 - - [09/Dec/2025:23:36:15 +0100] "GET /platby/aohwuyx/ja-morant-zion-williamson-aau-team-roster HTTP/1.1" 200 11430 "-" "Mozilla/5.0 (compatible; SemrushBot/7~bl; +http://www.semrush.com/bot.html)"
85.208.96.198 - - [09/Dec/2025:23:36:17 +0100] "GET /platby/72zbxoz/fingerprint-authentication-error-in-vivo HTTP/1.1" 200 11024 "-" "Mozilla/5.0 (compatible; SemrushBot/7~bl; +http://www.semrush.com/bot.html)"
185.191.171.3 - - [09/Dec/2025:23:36:22 +0100] "GET /platby/aohwuyx/top-5-rookie-running-backs-2021 HTTP/1.1" 200 8488 "-" "Mozilla/5.0 (compatible; SemrushBot/7~bl; +http://www.semrush.com/bot.html)"
85.208.96.208 - - [09/Dec/2025:23:36:34 +0100] "GET /platby/uwoy9/julie-foudy-jersey-number HTTP/1.1" 200 14769 "-" "Mozilla/5.0 (compatible; SemrushBot/7~bl; +http://www.semrush.com/bot.html)"
85.208.96.208 - - [09/Dec/2025:23:36:42 +0100] "GET /platby/hca/why-is-crime-so-high-in-little-rock HTTP/1.1" 200 11782 "-" "Mozilla/5.0 (compatible; SemrushBot/7~bl; +http://www.semrush.com/bot.html)"
85.208.96.197 - - [09/Dec/2025:23:36:50 +0100] "GET /platby/qqap/animals-name-in-punjabi-chart HTTP/1.1" 200 11762 "-" "Mozilla/5.0 (compatible; SemrushBot/7~bl; +http://www.semrush.com/bot.html)"
85.208.96.195 - - [09/Dec/2025:23:37:04 +0100] "GET /platby/hca/2017-defensive-player-of-the-year-nba HTTP/1.1" 200 4077 "-" "Mozilla/5.0 (compatible; SemrushBot/7~bl; +http://www.semrush.com/bot.html)"
185.191.171.8 - - [09/Dec/2025:23:37:35 +0100] "GET /platby/72zbxoz/what-is-a-scholarship-australia HTTP/1.1" 200 11878 "-" "Mozilla/5.0 (compatible; SemrushBot/7~bl; +http://www.semrush.com/bot.html)"
185.191.171.17 - - [09/Dec/2025:23:37:39 +0100] "GET /platby/uwoy9/nigeria-women's-national-under-17-football-team HTTP/1.1" 200 10295 "-" "Mozilla/5.0 (compatible; SemrushBot/7~bl; +http://www.semrush.com/bot.html)"
85.208.96.198 - - [09/Dec/2025:23:38:17 +0100] "GET /platby/72zbxoz/northern-state-university-basketball HTTP/1.1" 200 9964 "-" "Mozilla/5.0 (compatible; SemrushBot/7~bl; +http://www.semrush.com/bot.html)"
85.208.96.207 - - [09/Dec/2025:23:39:13 +0100] "GET /platby/qqap/indian-peaks-wilderness HTTP/1.1" 200 7647 "-" "Mozilla/5.0 (compatible; SemrushBot/7~bl; +http://www.semrush.com/bot.html)"
85.208.96.207 - - [09/Dec/2025:23:39:46 +0100] "GET /platby/qqap/indian-peaks-wilderness HTTP/1.1" 200 7647 "-" "Mozilla/5.0 (compatible; SemrushBot/7~bl; +http://www.semrush.com/bot.html)"
185.191.171.6 - - [09/Dec/2025:23:39:49 +0100] "GET /robots.txt HTTP/1.1" 200 54 "-" "Mozilla/5.0 (compatible; SemrushBot/7~bl; +http://www.semrush.com/bot.html)"
185.191.171.6 - - [09/Dec/2025:23:39:51 +0100] "GET /robots.txt HTTP/1.1" 200 54 "-" "Mozilla/5.0 (compatible; SemrushBot/7~bl; +http://www.semrush.com/bot.html)"
114.119.130.237 - - [09/Dec/2025:23:39:59 +0100] "GET /platby/article.php?5d4c26=used-to-do HTTP/1.1" 200 6816 "http://ispc.klape.eu/platby/article.php?5d4c26=how-old-do-you-have-to-be-to-work-at-king-soopers" "Mozilla/5.0 (Linux; Android 7.0;) AppleWebKit/537.36 (KHTML, like Gecko) Mobile Safari/537.36 (compatible; PetalBot;+https://webmaster.petalsearch.com/site/petalbot)"
185.191.171.7 - - [09/Dec/2025:23:40:00 +0100] "GET /platby/hca/paterson-public-school-calendar-2021 HTTP/1.1" 200 13079 "-" "Mozilla/5.0 (compatible; SemrushBot/7~bl; +http://www.semrush.com/bot.html)"
85.208.96.194 - - [09/Dec/2025:23:40:34 +0100] "GET /platby/72zbxoz/east-central-university-school-of-medicine HTTP/1.1" 200 9562 "-" "Mozilla/5.0 (compatible; SemrushBot/7~bl; +http://www.semrush.com/bot.html)"
185.191.171.14 - - [09/Dec/2025:23:40:47 +0100] "GET /platby/72zbxoz/tualatin,-oregon-population HTTP/1.1" 200 9915 "-" "Mozilla/5.0 (compatible; SemrushBot/7~bl; +http://www.semrush.com/bot.html)"
185.191.171.11 - - [09/Dec/2025:23:41:27 +0100] "GET /platby/hca/alpha-woman-in-relationship HTTP/1.1" 200 10415 "-" "Mozilla/5.0 (compatible; SemrushBot/7~bl; +http://www.semrush.com/bot.html)"
185.191.171.17 - - [09/Dec/2025:23:41:48 +0100] "GET /platby/qqap/mackenzie-mauzy-tumblr HTTP/1.1" 200 10781 "-" "Mozilla/5.0 (compatible; SemrushBot/7~bl; +http://www.semrush.com/bot.html)"
185.191.171.13 - - [09/Dec/2025:23:41:57 +0100] "GET /platby/uwoy9/to-live-character-analysis HTTP/1.1" 200 14513 "-" "Mozilla/5.0 (compatible; SemrushBot/7~bl; +http://www.semrush.com/bot.html)"
185.191.171.1 - - [09/Dec/2025:23:42:00 +0100] "GET /platby/uwoy9/+-18morecheap-eatspizza-masson,-double-pizza,-and-more HTTP/1.1" 200 14875 "-" "Mozilla/5.0 (compatible; SemrushBot/7~bl; +http://www.semrush.com/bot.html)"
185.191.171.14 - - [09/Dec/2025:23:42:05 +0100] "GET /platby/72zbxoz/how-to-stop-reverse-peristalsis HTTP/1.1" 200 8351 "-" "Mozilla/5.0 (compatible; SemrushBot/7~bl; +http://www.semrush.com/bot.html)"
185.191.171.17 - - [09/Dec/2025:23:42:06 +0100] "GET /platby/72zbxoz/samsung-m51-specification HTTP/1.1" 200 13334 "-" "Mozilla/5.0 (compatible; SemrushBot/7~bl; +http://www.semrush.com/bot.html)"
85.208.96.195 - - [09/Dec/2025:23:42:08 +0100] "GET /platby/aohwuyx/ellisdon-project-and-construction-management HTTP/1.1" 200 13851 "-" "Mozilla/5.0 (compatible; SemrushBot/7~bl; +http://www.semrush.com/bot.html)"
185.191.171.7 - - [09/Dec/2025:23:42:09 +0100] "GET /platby/hca/allyship-training-canada HTTP/1.1" 200 14249 "-" "Mozilla/5.0 (compatible; SemrushBot/7~bl; +http://www.semrush.com/bot.html)"
185.191.171.12 - - [09/Dec/2025:23:42:11 +0100] "GET /platby/uwoy9/shanhaiguan-great-wall HTTP/1.1" 200 14959 "-" "Mozilla/5.0 (compatible; SemrushBot/7~bl; +http://www.semrush.com/bot.html)"
85.208.96.209 - - [09/Dec/2025:23:42:13 +0100] "GET /platby/qqap/retals-rocket-league-tracker HTTP/1.1" 200 13368 "-" "Mozilla/5.0 (compatible; SemrushBot/7~bl; +http://www.semrush.com/bot.html)"
185.191.171.12 - - [09/Dec/2025:23:42:14 +0100] "GET /platby/hca/sink-in-spanish-colombia HTTP/1.1" 200 6241 "-" "Mozilla/5.0 (compatible; SemrushBot/7~bl; +http://www.semrush.com/bot.html)"
85.208.96.194 - - [09/Dec/2025:23:42:16 +0100] "GET /platby/qqap/anushka-sharma-and-virat-kohli-net-worth HTTP/1.1" 200 8318 "-" "Mozilla/5.0 (compatible; SemrushBot/7~bl; +http://www.semrush.com/bot.html)"
85.208.96.198 - - [09/Dec/2025:23:42:17 +0100] "GET /platby/hca/jalen-green-nba-comparison HTTP/1.1" 200 9671 "-" "Mozilla/5.0 (compatible; SemrushBot/7~bl; +http://www.semrush.com/bot.html)"
