85.208.96.199 - - [09/Dec/2025:18:29:44 +0100] "GET /platby/uwoy9/summerhill-apartments-ithaca HTTP/1.1" 200 11957 "-" "Mozilla/5.0 (compatible; SemrushBot/7~bl; +http://www.semrush.com/bot.html)"
85.208.96.199 - - [09/Dec/2025:18:29:56 +0100] "GET /platby/72zbxoz/boris-brejcha-electric-brixton HTTP/1.1" 200 14163 "-" "Mozilla/5.0 (compatible; SemrushBot/7~bl; +http://www.semrush.com/bot.html)"
85.208.96.206 - - [09/Dec/2025:18:30:07 +0100] "GET /platby/aohwuyx/fifa-18-player-career-mode-transfer-request HTTP/1.1" 200 11792 "-" "Mozilla/5.0 (compatible; SemrushBot/7~bl; +http://www.semrush.com/bot.html)"
85.208.96.200 - - [09/Dec/2025:18:30:12 +0100] "GET /platby/aohwuyx/jobs-that-pay-$40k-a-year-without-a-degree HTTP/1.1" 200 16050 "-" "Mozilla/5.0 (compatible; SemrushBot/7~bl; +http://www.semrush.com/bot.html)"
85.208.96.198 - - [09/Dec/2025:18:30:25 +0100] "GET /platby/72zbxoz/fort-mchenry-star-spangled-banner HTTP/1.1" 200 11131 "-" "Mozilla/5.0 (compatible; SemrushBot/7~bl; +http://www.semrush.com/bot.html)"
204.76.203.206 - - [09/Dec/2025:18:30:26 +0100] "GET / HTTP/1.1" 200 316 "-" "Mozilla/5.0 (Windows NT 10.0; Win64; x64) AppleWebKit/537.36 (KHTML, like Gecko) Chrome/90.0.4430.85 Safari/537.36 Edg/90.0.818.46"
66.249.68.4 - - [09/Dec/2025:18:30:47 +0100] "\x16\x03\x01\x02" 403 265 "-" "-"
85.208.96.194 - - [09/Dec/2025:18:30:54 +0100] "GET /platby/qqap/is-madden-21-franchise-good HTTP/1.1" 200 11823 "-" "Mozilla/5.0 (compatible; SemrushBot/7~bl; +http://www.semrush.com/bot.html)"
185.191.171.4 - - [09/Dec/2025:18:31:09 +0100] "GET /platby/uwoy9/brandeis-fall-2021-classes HTTP/1.1" 200 8335 "-" "Mozilla/5.0 (compatible; SemrushBot/7~bl; +http://www.semrush.com/bot.html)"
204.76.203.212 - - [09/Dec/2025:18:31:11 +0100] "GET /" 400 468 "-" "-"
85.208.96.200 - - [09/Dec/2025:18:31:17 +0100] "GET /platby/72zbxoz/24-hour-places-to-study-near-me HTTP/1.1" 200 16887 "-" "Mozilla/5.0 (compatible; SemrushBot/7~bl; +http://www.semrush.com/bot.html)"
85.208.96.204 - - [09/Dec/2025:18:31:20 +0100] "GET /platby/hca/city-of-sherwood-water-bill HTTP/1.1" 200 12221 "-" "Mozilla/5.0 (compatible; SemrushBot/7~bl; +http://www.semrush.com/bot.html)"
85.208.96.206 - - [09/Dec/2025:18:31:28 +0100] "GET /platby/uwoy9/usa-basketball-training-camp-2021 HTTP/1.1" 200 11161 "-" "Mozilla/5.0 (compatible; SemrushBot/7~bl; +http://www.semrush.com/bot.html)"
85.208.96.201 - - [09/Dec/2025:18:31:30 +0100] "GET /platby/hca/fender-thinline-telecaster-humbuckers HTTP/1.1" 200 6740 "-" "Mozilla/5.0 (compatible; SemrushBot/7~bl; +http://www.semrush.com/bot.html)"
95.214.52.169 - - [09/Dec/2025:18:31:58 +0100] "\x16\x03\x01" 403 265 "-" "-"
85.208.96.204 - - [09/Dec/2025:18:32:01 +0100] "GET /platby/qqap/ministry-of-housing,-communities-and-local-government-jobs-wolverhampton HTTP/1.1" 200 7297 "-" "Mozilla/5.0 (compatible; SemrushBot/7~bl; +http://www.semrush.com/bot.html)"
185.191.171.16 - - [09/Dec/2025:18:32:06 +0100] "GET /platby/hca/el-cambio-grupo-firme-letra HTTP/1.1" 200 11865 "-" "Mozilla/5.0 (compatible; SemrushBot/7~bl; +http://www.semrush.com/bot.html)"
185.191.171.14 - - [09/Dec/2025:18:32:16 +0100] "GET /platby/uwoy9/how-to-play-jenga-with-4-dice-48-pieces HTTP/1.1" 200 11594 "-" "Mozilla/5.0 (compatible; SemrushBot/7~bl; +http://www.semrush.com/bot.html)"
205.210.31.176 - - [09/Dec/2025:18:32:22 +0100] "GET / HTTP/1.1" 200 514 "-" "Hello from Palo Alto Networks, find out more about our scans in https://docs-cortex.paloaltonetworks.com/r/1/Cortex-Xpanse/Scanning-activity"
185.191.171.9 - - [09/Dec/2025:18:32:23 +0100] "GET /platby/uwoy9/xbox-360-wireless-controller-for-windows-10 HTTP/1.1" 200 7428 "-" "Mozilla/5.0 (compatible; SemrushBot/7~bl; +http://www.semrush.com/bot.html)"
85.208.96.207 - - [09/Dec/2025:18:32:30 +0100] "GET /platby/uwoy9/words-that-rhyme-with-true-self HTTP/1.1" 200 9502 "-" "Mozilla/5.0 (compatible; SemrushBot/7~bl; +http://www.semrush.com/bot.html)"
193.34.213.150 - - [09/Dec/2025:18:32:33 +0100] "GET /" 400 468 "-" "-"
66.249.79.1 - - [09/Dec/2025:18:32:40 +0100] "\x16\x03\x01\x02" 403 265 "-" "-"
185.191.171.6 - - [09/Dec/2025:18:32:47 +0100] "GET /platby/aohwuyx/a-book-apart-black-friday HTTP/1.1" 200 10950 "-" "Mozilla/5.0 (compatible; SemrushBot/7~bl; +http://www.semrush.com/bot.html)"
185.191.171.16 - - [09/Dec/2025:18:32:58 +0100] "GET /platby/hca/sound-blaster-pro-drivers HTTP/1.1" 200 6520 "-" "Mozilla/5.0 (compatible; SemrushBot/7~bl; +http://www.semrush.com/bot.html)"
85.208.96.211 - - [09/Dec/2025:18:33:04 +0100] "GET /platby/uwoy9/portfolio-about-me-examples HTTP/1.1" 200 13170 "-" "Mozilla/5.0 (compatible; SemrushBot/7~bl; +http://www.semrush.com/bot.html)"
185.191.171.12 - - [09/Dec/2025:18:33:33 +0100] "GET /platby/aohwuyx/since-this-is-the-case-synonym HTTP/1.1" 200 14398 "-" "Mozilla/5.0 (compatible; SemrushBot/7~bl; +http://www.semrush.com/bot.html)"
185.191.171.5 - - [09/Dec/2025:18:33:43 +0100] "GET /platby/uwoy9/bengals-draft-picks-2019 HTTP/1.1" 200 9547 "-" "Mozilla/5.0 (compatible; SemrushBot/7~bl; +http://www.semrush.com/bot.html)"
185.191.171.15 - - [09/Dec/2025:18:33:59 +0100] "GET /platby/qqap/how-to-edit-photos-to-look-like-film-iphone HTTP/1.1" 200 13378 "-" "Mozilla/5.0 (compatible; SemrushBot/7~bl; +http://www.semrush.com/bot.html)"
185.191.171.12 - - [09/Dec/2025:18:34:16 +0100] "GET /platby/hca/new-mexico-state-football-roster-2021 HTTP/1.1" 200 8251 "-" "Mozilla/5.0 (compatible; SemrushBot/7~bl; +http://www.semrush.com/bot.html)"
185.191.171.5 - - [09/Dec/2025:18:34:26 +0100] "GET /platby/uwoy9/junior-business-development-job-description HTTP/1.1" 200 13585 "-" "Mozilla/5.0 (compatible; SemrushBot/7~bl; +http://www.semrush.com/bot.html)"
185.191.171.9 - - [09/Dec/2025:18:34:29 +0100] "GET /platby/aohwuyx/surrey-grammar-schools HTTP/1.1" 200 12884 "-" "Mozilla/5.0 (compatible; SemrushBot/7~bl; +http://www.semrush.com/bot.html)"
62.60.135.37 - - [09/Dec/2025:18:34:38 +0100] "\x16\x03\x01\x05\xd6\x01" 403 265 "-" "-"
62.60.135.37 - - [09/Dec/2025:18:34:38 +0100] "\x16\x03\x01\x05\xd6\x01" 403 265 "-" "-"
62.60.135.37 - - [09/Dec/2025:18:34:39 +0100] "\x16\x03\x01\x05\xd6\x01" 403 265 "-" "-"
185.191.171.12 - - [09/Dec/2025:18:34:43 +0100] "GET /platby/hca/starling-marte-injury HTTP/1.1" 200 10613 "-" "Mozilla/5.0 (compatible; SemrushBot/7~bl; +http://www.semrush.com/bot.html)"
85.208.96.206 - - [09/Dec/2025:18:34:46 +0100] "GET /platby/qqap/foolish-heart-alicia-keys HTTP/1.1" 200 6202 "-" "Mozilla/5.0 (compatible; SemrushBot/7~bl; +http://www.semrush.com/bot.html)"
85.208.96.206 - - [09/Dec/2025:18:35:06 +0100] "GET /platby/uwoy9/elite-basketball-camps-2021 HTTP/1.1" 200 9004 "-" "Mozilla/5.0 (compatible; SemrushBot/7~bl; +http://www.semrush.com/bot.html)"
185.191.171.17 - - [09/Dec/2025:18:35:21 +0100] "GET /platby/hca/traditional-evil-eye-tattoo HTTP/1.1" 200 13441 "-" "Mozilla/5.0 (compatible; SemrushBot/7~bl; +http://www.semrush.com/bot.html)"
49.37.177.48 - - [09/Dec/2025:18:35:34 +0100] "\x16\x03\x01\x01\xb7\x01" 403 265 "-" "-"
49.37.177.48 - - [09/Dec/2025:18:35:35 +0100] "\x16\x03\x03" 403 265 "-" "-"
185.191.171.9 - - [09/Dec/2025:18:35:37 +0100] "GET /platby/uwoy9/how-many-high-knees-in-30-seconds HTTP/1.1" 200 9586 "-" "Mozilla/5.0 (compatible; SemrushBot/7~bl; +http://www.semrush.com/bot.html)"
85.208.96.198 - - [09/Dec/2025:18:35:53 +0100] "GET /platby/aohwuyx/who-wrote-crosstown-traffic HTTP/1.1" 200 13296 "-" "Mozilla/5.0 (compatible; SemrushBot/7~bl; +http://www.semrush.com/bot.html)"
85.208.96.199 - - [09/Dec/2025:18:36:07 +0100] "GET /platby/aohwuyx/patriots-schedule-2016 HTTP/1.1" 200 11189 "-" "Mozilla/5.0 (compatible; SemrushBot/7~bl; +http://www.semrush.com/bot.html)"
185.191.171.2 - - [09/Dec/2025:18:36:28 +0100] "GET /platby/72zbxoz/antalya-water-temperature-july HTTP/1.1" 200 9275 "-" "Mozilla/5.0 (compatible; SemrushBot/7~bl; +http://www.semrush.com/bot.html)"
85.208.96.200 - - [09/Dec/2025:18:36:37 +0100] "GET /platby/72zbxoz/dirty-bred-jordan-13-on-feet HTTP/1.1" 200 7887 "-" "Mozilla/5.0 (compatible; SemrushBot/7~bl; +http://www.semrush.com/bot.html)"
185.191.171.5 - - [09/Dec/2025:18:36:39 +0100] "GET /platby/hca/how-to-raise-a-child-with-2-languages HTTP/1.1" 200 12341 "-" "Mozilla/5.0 (compatible; SemrushBot/7~bl; +http://www.semrush.com/bot.html)"
85.208.96.198 - - [09/Dec/2025:18:36:45 +0100] "GET /platby/hca/tui-sensatori-barut-sorgun-tripadvisor HTTP/1.1" 200 9238 "-" "Mozilla/5.0 (compatible; SemrushBot/7~bl; +http://www.semrush.com/bot.html)"
85.208.96.199 - - [09/Dec/2025:18:36:48 +0100] "GET /platby/uwoy9/marquette-county-waterfront-land-for-sale HTTP/1.1" 200 7700 "-" "Mozilla/5.0 (compatible; SemrushBot/7~bl; +http://www.semrush.com/bot.html)"
198.235.24.147 - - [09/Dec/2025:18:37:05 +0100] "\x16\x03\x01\x01\b\x01" 403 265 "-" "-"
198.235.24.147 - - [09/Dec/2025:18:37:05 +0100] "\x16\x03\x01" 403 265 "-" "-"
85.208.96.202 - - [09/Dec/2025:18:37:07 +0100] "GET /platby/hca/eagles-touchdown-club HTTP/1.1" 200 5864 "-" "Mozilla/5.0 (compatible; SemrushBot/7~bl; +http://www.semrush.com/bot.html)"
85.208.96.200 - - [09/Dec/2025:18:37:11 +0100] "GET /platby/qqap/portugal-segunda-liga-table HTTP/1.1" 200 8797 "-" "Mozilla/5.0 (compatible; SemrushBot/7~bl; +http://www.semrush.com/bot.html)"
185.191.171.14 - - [09/Dec/2025:18:37:16 +0100] "GET /platby/72zbxoz/elodie-rakoto-pronunciation HTTP/1.1" 200 12369 "-" "Mozilla/5.0 (compatible; SemrushBot/7~bl; +http://www.semrush.com/bot.html)"
3.221.50.71 - - [09/Dec/2025:18:37:49 +0100] "GET /platby/72zbxoz/can-you-be-a-substitute-teacher-with-a-dui HTTP/1.1" 200 8072 "-" "Mozilla/5.0 AppleWebKit/537.36 (KHTML, like Gecko; compatible; Amazonbot/0.1; +https://developer.amazon.com/support/amazonbot) Chrome/119.0.6045.214 Safari/537.36"
18.213.70.100 - - [09/Dec/2025:18:37:53 +0100] "GET /platby/72zbxoz/god-created-you-for-a-purpose-bible-verse HTTP/1.1" 200 7952 "-" "Mozilla/5.0 AppleWebKit/537.36 (KHTML, like Gecko; compatible; Amazonbot/0.1; +https://developer.amazon.com/support/amazonbot) Chrome/119.0.6045.214 Safari/537.36"
52.4.238.8 - - [09/Dec/2025:18:37:56 +0100] "GET /platby/72zbxoz/wac-conference-teams-basketball HTTP/1.1" 200 12514 "-" "Mozilla/5.0 AppleWebKit/537.36 (KHTML, like Gecko; compatible; Amazonbot/0.1; +https://developer.amazon.com/support/amazonbot) Chrome/119.0.6045.214 Safari/537.36"
52.202.233.37 - - [09/Dec/2025:18:38:01 +0100] "GET /platby/72zbxoz/southland-conference-football-2021 HTTP/1.1" 200 11972 "-" "Mozilla/5.0 AppleWebKit/537.36 (KHTML, like Gecko; compatible; Amazonbot/0.1; +https://developer.amazon.com/support/amazonbot) Chrome/119.0.6045.214 Safari/537.36"
37.188.206.191 - - [09/Dec/2025:18:38:41 +0100] "\x16\x03\x01\x01\xd4\x01" 403 265 "-" "-"
198.235.24.32 - - [09/Dec/2025:18:39:30 +0100] "GET / HTTP/1.1" 200 526 "-" "Hello from Palo Alto Networks, find out more about our scans in https://docs-cortex.paloaltonetworks.com/r/1/Cortex-Xpanse/Scanning-activity"
34.194.226.74 - - [09/Dec/2025:18:39:32 +0100] "GET /platby/72zbxoz/apple-design-thinking HTTP/1.1" 200 8284 "-" "Mozilla/5.0 AppleWebKit/537.36 (KHTML, like Gecko; compatible; Amazonbot/0.1; +https://developer.amazon.com/support/amazonbot) Chrome/119.0.6045.214 Safari/537.36"
52.45.15.233 - - [09/Dec/2025:18:39:32 +0100] "GET /platby/72zbxoz/australia-ffa-cup-2021-results HTTP/1.1" 200 10042 "-" "Mozilla/5.0 AppleWebKit/537.36 (KHTML, like Gecko; compatible; Amazonbot/0.1; +https://developer.amazon.com/support/amazonbot) Chrome/119.0.6045.214 Safari/537.36"
85.208.96.199 - - [09/Dec/2025:18:39:32 +0100] "GET /platby/72zbxoz/morgan-stanley-international-holdings-inc HTTP/1.1" 200 7952 "-" "Mozilla/5.0 (compatible; SemrushBot/7~bl; +http://www.semrush.com/bot.html)"
3.215.59.93 - - [09/Dec/2025:18:39:34 +0100] "GET /platby/72zbxoz/airbnb-knoxville-with-pool HTTP/1.1" 200 10511 "-" "Mozilla/5.0 AppleWebKit/537.36 (KHTML, like Gecko; compatible; Amazonbot/0.1; +https://developer.amazon.com/support/amazonbot) Chrome/119.0.6045.214 Safari/537.36"
52.45.92.83 - - [09/Dec/2025:18:39:35 +0100] "GET /platby/72zbxoz/the-joy-of-creation:-reborn-characters HTTP/1.1" 200 13241 "-" "Mozilla/5.0 AppleWebKit/537.36 (KHTML, like Gecko; compatible; Amazonbot/0.1; +https://developer.amazon.com/support/amazonbot) Chrome/119.0.6045.214 Safari/537.36"
34.227.234.246 - - [09/Dec/2025:18:39:36 +0100] "GET /platby/72zbxoz/xavier-high-school---graduation-2021 HTTP/1.1" 200 9963 "-" "Mozilla/5.0 AppleWebKit/537.36 (KHTML, like Gecko; compatible; Amazonbot/0.1; +https://developer.amazon.com/support/amazonbot) Chrome/119.0.6045.214 Safari/537.36"
3.219.80.71 - - [09/Dec/2025:18:39:37 +0100] "GET /platby/72zbxoz/esther-dingley-mystery HTTP/1.1" 200 9971 "-" "Mozilla/5.0 AppleWebKit/537.36 (KHTML, like Gecko; compatible; Amazonbot/0.1; +https://developer.amazon.com/support/amazonbot) Chrome/119.0.6045.214 Safari/537.36"
18.213.102.186 - - [09/Dec/2025:18:39:39 +0100] "GET /platby/72zbxoz/outdoor-dining-in-essex-county-nj HTTP/1.1" 200 14684 "-" "Mozilla/5.0 AppleWebKit/537.36 (KHTML, like Gecko; compatible; Amazonbot/0.1; +https://developer.amazon.com/support/amazonbot) Chrome/119.0.6045.214 Safari/537.36"
3.94.156.104 - - [09/Dec/2025:18:39:39 +0100] "GET /platby/72zbxoz/jed's-hard-mule-kicker HTTP/1.1" 200 11812 "-" "Mozilla/5.0 AppleWebKit/537.36 (KHTML, like Gecko; compatible; Amazonbot/0.1; +https://developer.amazon.com/support/amazonbot) Chrome/119.0.6045.214 Safari/537.36"
100.29.63.24 - - [09/Dec/2025:18:39:40 +0100] "GET /platby/72zbxoz/kathy-buckley-personal-life HTTP/1.1" 200 12704 "-" "Mozilla/5.0 AppleWebKit/537.36 (KHTML, like Gecko; compatible; Amazonbot/0.1; +https://developer.amazon.com/support/amazonbot) Chrome/119.0.6045.214 Safari/537.36"
85.208.96.199 - - [09/Dec/2025:18:39:44 +0100] "GET /platby/72zbxoz/morgan-stanley-international-holdings-inc HTTP/1.1" 200 7952 "-" "Mozilla/5.0 (compatible; SemrushBot/7~bl; +http://www.semrush.com/bot.html)"
85.208.96.211 - - [09/Dec/2025:18:39:56 +0100] "GET /platby/uwoy9/gladiator-colosseum-game HTTP/1.1" 200 11798 "-" "Mozilla/5.0 (compatible; SemrushBot/7~bl; +http://www.semrush.com/bot.html)"
185.191.171.2 - - [09/Dec/2025:18:40:08 +0100] "GET /platby/hca/jack-ryan:-shadow-recruit HTTP/1.1" 200 10749 "-" "Mozilla/5.0 (compatible; SemrushBot/7~bl; +http://www.semrush.com/bot.html)"
85.208.96.198 - - [09/Dec/2025:18:40:19 +0100] "GET /platby/qqap/holy-cross-football-roster HTTP/1.1" 200 9693 "-" "Mozilla/5.0 (compatible; SemrushBot/7~bl; +http://www.semrush.com/bot.html)"
185.191.171.16 - - [09/Dec/2025:18:40:22 +0100] "GET /platby/qqap/uw-madison-college-library HTTP/1.1" 200 14511 "-" "Mozilla/5.0 (compatible; SemrushBot/7~bl; +http://www.semrush.com/bot.html)"
85.208.96.210 - - [09/Dec/2025:18:40:27 +0100] "GET /platby/uwoy9/how-to-store-fingerprint-in-database-in-android HTTP/1.1" 200 15451 "-" "Mozilla/5.0 (compatible; SemrushBot/7~bl; +http://www.semrush.com/bot.html)"
85.208.96.210 - - [09/Dec/2025:18:40:29 +0100] "GET /platby/uwoy9/private-pilot-license-cost-canada HTTP/1.1" 200 11924 "-" "Mozilla/5.0 (compatible; SemrushBot/7~bl; +http://www.semrush.com/bot.html)"
185.191.171.17 - - [09/Dec/2025:18:40:31 +0100] "GET /platby/uwoy9/sound-blaster-ct1350b HTTP/1.1" 200 12848 "-" "Mozilla/5.0 (compatible; SemrushBot/7~bl; +http://www.semrush.com/bot.html)"
185.191.171.16 - - [09/Dec/2025:18:40:33 +0100] "GET /platby/72zbxoz/eric-friedman-venture HTTP/1.1" 200 11186 "-" "Mozilla/5.0 (compatible; SemrushBot/7~bl; +http://www.semrush.com/bot.html)"
85.208.96.197 - - [09/Dec/2025:18:40:34 +0100] "GET /platby/72zbxoz/native-iowa-wildflowers HTTP/1.1" 200 15034 "-" "Mozilla/5.0 (compatible; SemrushBot/7~bl; +http://www.semrush.com/bot.html)"
85.208.96.209 - - [09/Dec/2025:18:40:36 +0100] "GET /platby/aohwuyx/unicaf-university-cyprus HTTP/1.1" 200 9738 "-" "Mozilla/5.0 (compatible; SemrushBot/7~bl; +http://www.semrush.com/bot.html)"
185.191.171.10 - - [09/Dec/2025:18:40:40 +0100] "GET /platby/hca/always-rhyming-words-for-poems HTTP/1.1" 200 11486 "-" "Mozilla/5.0 (compatible; SemrushBot/7~bl; +http://www.semrush.com/bot.html)"
185.191.171.6 - - [09/Dec/2025:18:42:00 +0100] "GET /platby/aohwuyx/kanban-david-j-anderson HTTP/1.1" 200 8026 "-" "Mozilla/5.0 (compatible; SemrushBot/7~bl; +http://www.semrush.com/bot.html)"
85.208.96.200 - - [09/Dec/2025:18:42:22 +0100] "GET /robots.txt HTTP/1.1" 200 54 "-" "Mozilla/5.0 (compatible; SemrushBot/7~bl; +http://www.semrush.com/bot.html)"
185.191.171.6 - - [09/Dec/2025:18:42:22 +0100] "GET /platby/aohwuyx/kanban-david-j-anderson HTTP/1.1" 200 8026 "-" "Mozilla/5.0 (compatible; SemrushBot/7~bl; +http://www.semrush.com/bot.html)"
114.119.128.6 - - [09/Dec/2025:18:42:24 +0100] "GET /platby/uwoy9/why-do-root-hair-cells-not-have-chloroplasts HTTP/1.1" 200 10197 "http://ispc.klape.eu/platby/uwoy9/how-to-demonstrate-equity-with-co-workers" "Mozilla/5.0 (Linux; Android 7.0;) AppleWebKit/537.36 (KHTML, like Gecko) Mobile Safari/537.36 (compatible; PetalBot;+https://webmaster.petalsearch.com/site/petalbot)"
85.208.96.200 - - [09/Dec/2025:18:42:27 +0100] "GET /robots.txt HTTP/1.1" 200 54 "-" "Mozilla/5.0 (compatible; SemrushBot/7~bl; +http://www.semrush.com/bot.html)"
85.208.96.206 - - [09/Dec/2025:18:42:37 +0100] "GET /platby/hca/activities-to-develop-listening-skills HTTP/1.1" 200 9553 "-" "Mozilla/5.0 (compatible; SemrushBot/7~bl; +http://www.semrush.com/bot.html)"
185.191.171.13 - - [09/Dec/2025:18:42:42 +0100] "GET /platby/uwoy9/compassion-facial-expression HTTP/1.1" 200 8210 "-" "Mozilla/5.0 (compatible; SemrushBot/7~bl; +http://www.semrush.com/bot.html)"
185.191.171.16 - - [09/Dec/2025:18:42:45 +0100] "GET /platby/qqap/confessions-of-a-shopaholic-analysis HTTP/1.1" 200 13806 "-" "Mozilla/5.0 (compatible; SemrushBot/7~bl; +http://www.semrush.com/bot.html)"
185.191.171.11 - - [09/Dec/2025:18:42:46 +0100] "GET /platby/qqap/sony-xperia-z5-compact-screen-sizegod's-love-never-fails-bible-verse HTTP/1.1" 200 8760 "-" "Mozilla/5.0 (compatible; SemrushBot/7~bl; +http://www.semrush.com/bot.html)"
85.208.96.207 - - [09/Dec/2025:18:42:48 +0100] "GET /platby/hca/synonym-generator-for-essay HTTP/1.1" 200 7122 "-" "Mozilla/5.0 (compatible; SemrushBot/7~bl; +http://www.semrush.com/bot.html)"
85.208.96.204 - - [09/Dec/2025:18:42:49 +0100] "GET /platby/hca/migratory-birds-in-kentucky HTTP/1.1" 200 13918 "-" "Mozilla/5.0 (compatible; SemrushBot/7~bl; +http://www.semrush.com/bot.html)"
85.208.96.206 - - [09/Dec/2025:18:42:53 +0100] "GET /platby/qqap/bitlife-100-baby-challenge-rules HTTP/1.1" 200 10397 "-" "Mozilla/5.0 (compatible; SemrushBot/7~bl; +http://www.semrush.com/bot.html)"
85.208.96.204 - - [09/Dec/2025:18:42:55 +0100] "GET /platby/uwoy9/cold-little-heart-long-version HTTP/1.1" 200 14569 "-" "Mozilla/5.0 (compatible; SemrushBot/7~bl; +http://www.semrush.com/bot.html)"
85.208.96.193 - - [09/Dec/2025:18:42:56 +0100] "GET /platby/hca/mood-4-eva-extended-version-mp3 HTTP/1.1" 200 10355 "-" "Mozilla/5.0 (compatible; SemrushBot/7~bl; +http://www.semrush.com/bot.html)"
185.191.171.3 - - [09/Dec/2025:18:42:57 +0100] "GET /platby/qqap/jingle-jangle:-a-christmas-journey-toys HTTP/1.1" 200 11184 "-" "Mozilla/5.0 (compatible; SemrushBot/7~bl; +http://www.semrush.com/bot.html)"
185.191.171.16 - - [09/Dec/2025:18:42:59 +0100] "GET /platby/uwoy9/university-of-maryland-parking-map HTTP/1.1" 200 9606 "-" "Mozilla/5.0 (compatible; SemrushBot/7~bl; +http://www.semrush.com/bot.html)"
185.191.171.5 - - [09/Dec/2025:18:43:00 +0100] "GET /platby/72zbxoz/enable-fingerprint-windows-10-domain HTTP/1.1" 200 8175 "-" "Mozilla/5.0 (compatible; SemrushBot/7~bl; +http://www.semrush.com/bot.html)"
114.119.152.142 - - [09/Dec/2025:18:43:02 +0100] "GET /platby/uwoy9/what-bird-sounds-like-a-whistle-or-a-flute HTTP/1.1" 200 15587 "http://ispc.klape.eu/platby/uwoy9/what-bird-sounds-like-a-whistle-or-a-flute" "Mozilla/5.0 (Linux; Android 7.0;) AppleWebKit/537.36 (KHTML, like Gecko) Mobile Safari/537.36 (compatible; PetalBot;+https://webmaster.petalsearch.com/site/petalbot)"
85.208.96.194 - - [09/Dec/2025:18:43:09 +0100] "GET /platby/72zbxoz/fifa-world-cup-2022-qualifiers-oceania-table HTTP/1.1" 200 11104 "-" "Mozilla/5.0 (compatible; SemrushBot/7~bl; +http://www.semrush.com/bot.html)"
85.208.96.203 - - [09/Dec/2025:18:43:29 +0100] "GET /platby/72zbxoz/lamar-odom-highlights-clippers HTTP/1.1" 200 13322 "-" "Mozilla/5.0 (compatible; SemrushBot/7~bl; +http://www.semrush.com/bot.html)"
185.191.171.2 - - [09/Dec/2025:18:43:41 +0100] "GET /platby/qqap/what-is-agro-processing-industry HTTP/1.1" 200 12421 "-" "Mozilla/5.0 (compatible; SemrushBot/7~bl; +http://www.semrush.com/bot.html)"
85.208.96.209 - - [09/Dec/2025:18:43:43 +0100] "GET /platby/72zbxoz/gwu-class-registration-fall-2021 HTTP/1.1" 200 11080 "-" "Mozilla/5.0 (compatible; SemrushBot/7~bl; +http://www.semrush.com/bot.html)"
185.191.171.7 - - [09/Dec/2025:18:43:48 +0100] "GET /platby/qqap/virtual-seating-chart-wells-fargo-center HTTP/1.1" 200 6056 "-" "Mozilla/5.0 (compatible; SemrushBot/7~bl; +http://www.semrush.com/bot.html)"
85.208.96.198 - - [09/Dec/2025:18:44:01 +0100] "GET /platby/qqap/uk-lotto-results-evening HTTP/1.1" 200 10352 "-" "Mozilla/5.0 (compatible; SemrushBot/7~bl; +http://www.semrush.com/bot.html)"
85.208.96.197 - - [09/Dec/2025:18:44:15 +0100] "GET /platby/qqap/glossier-cloud-paint-samples HTTP/1.1" 200 8470 "-" "Mozilla/5.0 (compatible; SemrushBot/7~bl; +http://www.semrush.com/bot.html)"
85.208.96.198 - - [09/Dec/2025:18:44:26 +0100] "GET /platby/aohwuyx/how-many-volcanoes-are-on-the-galapagos-islands HTTP/1.1" 200 14260 "-" "Mozilla/5.0 (compatible; SemrushBot/7~bl; +http://www.semrush.com/bot.html)"
114.119.140.102 - - [09/Dec/2025:18:44:30 +0100] "GET /platby/hca/how-to-start-qemu-from-command-line HTTP/1.1" 200 7798 "http://ispc.klape.eu/platby/hca/eazy-e-cartoon-wallpaper" "Mozilla/5.0 (Linux; Android 7.0;) AppleWebKit/537.36 (KHTML, like Gecko) Mobile Safari/537.36 (compatible; PetalBot;+https://webmaster.petalsearch.com/site/petalbot)"
185.191.171.16 - - [09/Dec/2025:18:44:32 +0100] "GET /platby/uwoy9/what-to-plant-under-a-hawthorn-hedge HTTP/1.1" 200 8302 "-" "Mozilla/5.0 (compatible; SemrushBot/7~bl; +http://www.semrush.com/bot.html)"
185.191.171.16 - - [09/Dec/2025:18:44:40 +0100] "GET /platby/72zbxoz/peroxide-pronunciation HTTP/1.1" 200 12452 "-" "Mozilla/5.0 (compatible; SemrushBot/7~bl; +http://www.semrush.com/bot.html)"
85.208.96.196 - - [09/Dec/2025:18:44:48 +0100] "GET /platby/aohwuyx/acciona-energy-company-canada-salary HTTP/1.1" 200 10471 "-" "Mozilla/5.0 (compatible; SemrushBot/7~bl; +http://www.semrush.com/bot.html)"
185.191.171.13 - - [09/Dec/2025:18:45:07 +0100] "GET /platby/hca/government-hardship-grants-application HTTP/1.1" 200 6969 "-" "Mozilla/5.0 (compatible; SemrushBot/7~bl; +http://www.semrush.com/bot.html)"
185.191.171.9 - - [09/Dec/2025:18:45:14 +0100] "GET /platby/hca/let-someone-sentence-examples HTTP/1.1" 200 7739 "-" "Mozilla/5.0 (compatible; SemrushBot/7~bl; +http://www.semrush.com/bot.html)"
85.208.96.205 - - [09/Dec/2025:18:45:27 +0100] "GET /platby/qqap/chuichi-nagumo-pronunciation HTTP/1.1" 200 9463 "-" "Mozilla/5.0 (compatible; SemrushBot/7~bl; +http://www.semrush.com/bot.html)"
85.208.96.207 - - [09/Dec/2025:18:45:29 +0100] "GET /platby/72zbxoz/union-boss-definition HTTP/1.1" 200 7707 "-" "Mozilla/5.0 (compatible; SemrushBot/7~bl; +http://www.semrush.com/bot.html)"
114.119.128.6 - - [09/Dec/2025:18:45:47 +0100] "GET /platby/article.php?5d4c26=monsters,-inc-123movies HTTP/1.1" 200 5896 "http://ispc.klape.eu/platby/article.php?5d4c26=plugged-meaning-in-marathi" "Mozilla/5.0 (Linux; Android 7.0;) AppleWebKit/537.36 (KHTML, like Gecko) Mobile Safari/537.36 (compatible; PetalBot;+https://webmaster.petalsearch.com/site/petalbot)"
185.191.171.10 - - [09/Dec/2025:18:45:47 +0100] "GET /platby/hca/anti-oppression-training-nyc HTTP/1.1" 200 6096 "-" "Mozilla/5.0 (compatible; SemrushBot/7~bl; +http://www.semrush.com/bot.html)"
185.191.171.17 - - [09/Dec/2025:18:46:19 +0100] "GET /platby/qqap/reading-pennsylvania-currency HTTP/1.1" 200 11816 "-" "Mozilla/5.0 (compatible; SemrushBot/7~bl; +http://www.semrush.com/bot.html)"
185.191.171.16 - - [09/Dec/2025:18:46:21 +0100] "GET /platby/uwoy9/prime-steakhouse-bethlehem,-pa-menu HTTP/1.1" 200 8055 "-" "Mozilla/5.0 (compatible; SemrushBot/7~bl; +http://www.semrush.com/bot.html)"
66.249.79.129 - - [09/Dec/2025:18:46:52 +0100] "\x16\x03\x01\x02" 403 265 "-" "-"
204.76.203.206 - - [09/Dec/2025:18:46:54 +0100] "GET /" 400 468 "-" "-"
185.191.171.9 - - [09/Dec/2025:18:46:57 +0100] "GET /platby/uwoy9/glad-monster,-sad-monster-pdf HTTP/1.1" 200 8675 "-" "Mozilla/5.0 (compatible; SemrushBot/7~bl; +http://www.semrush.com/bot.html)"
185.191.171.13 - - [09/Dec/2025:18:47:02 +0100] "GET /platby/qqap/2026-basketball-rankings-2021 HTTP/1.1" 200 5487 "-" "Mozilla/5.0 (compatible; SemrushBot/7~bl; +http://www.semrush.com/bot.html)"
85.208.96.201 - - [09/Dec/2025:18:47:05 +0100] "GET /platby/hca/javascript:-best-practice HTTP/1.1" 200 8022 "-" "Mozilla/5.0 (compatible; SemrushBot/7~bl; +http://www.semrush.com/bot.html)"
114.119.140.102 - - [09/Dec/2025:18:47:28 +0100] "GET /platby/article.php?5d4c26=destiny-2-forsaken-barons HTTP/1.1" 200 5513 "http://ispc.klape.eu/platby/article.php?5d4c26=abs-cbn-holdings-corporation" "Mozilla/5.0 (Linux; Android 7.0;) AppleWebKit/537.36 (KHTML, like Gecko) Mobile Safari/537.36 (compatible; PetalBot;+https://webmaster.petalsearch.com/site/petalbot)"
85.208.96.209 - - [09/Dec/2025:18:47:53 +0100] "GET /platby/uwoy9/bard-college-financial-aid-appeal HTTP/1.1" 200 7991 "-" "Mozilla/5.0 (compatible; SemrushBot/7~bl; +http://www.semrush.com/bot.html)"
185.191.171.13 - - [09/Dec/2025:18:47:55 +0100] "GET /platby/uwoy9/pete-bondurant-ellroy HTTP/1.1" 200 13369 "-" "Mozilla/5.0 (compatible; SemrushBot/7~bl; +http://www.semrush.com/bot.html)"
185.191.171.8 - - [09/Dec/2025:18:47:56 +0100] "GET /platby/aohwuyx/heaven-is-a-place-on-earth-live-2019 HTTP/1.1" 200 13163 "-" "Mozilla/5.0 (compatible; SemrushBot/7~bl; +http://www.semrush.com/bot.html)"
85.208.96.200 - - [09/Dec/2025:18:48:01 +0100] "GET /platby/uwoy9/monument-mountain-reservation HTTP/1.1" 200 7803 "-" "Mozilla/5.0 (compatible; SemrushBot/7~bl; +http://www.semrush.com/bot.html)"
185.191.171.14 - - [09/Dec/2025:18:48:44 +0100] "GET /platby/uwoy9/how-to-make-powdered-sugar-icing HTTP/1.1" 200 10082 "-" "Mozilla/5.0 (compatible; SemrushBot/7~bl; +http://www.semrush.com/bot.html)"
204.76.203.206 - - [09/Dec/2025:18:49:16 +0100] "GET / HTTP/1.1" 200 316 "-" "Mozilla/5.0 (Windows NT 10.0; Win64; x64) AppleWebKit/537.36 (KHTML, like Gecko) Chrome/90.0.4430.85 Safari/537.36 Edg/90.0.818.46"
85.70.45.159 - - [09/Dec/2025:18:49:16 +0100] "\x16\x03\x01\x01\x89\x01" 403 265 "-" "-"
114.119.139.112 - - [09/Dec/2025:18:49:20 +0100] "GET /platby/uwoy9/just-for-kicks---sneaker-documentary HTTP/1.1" 200 7629 "http://ispc.klape.eu/platby/uwoy9/orangutan-pronunciation" "Mozilla/5.0 (Linux; Android 7.0;) AppleWebKit/537.36 (KHTML, like Gecko) Mobile Safari/537.36 (compatible; PetalBot;+https://webmaster.petalsearch.com/site/petalbot)"
185.191.171.10 - - [09/Dec/2025:18:49:21 +0100] "GET /platby/72zbxoz/what-does-sans-stand-for-in-text HTTP/1.1" 200 16889 "-" "Mozilla/5.0 (compatible; SemrushBot/7~bl; +http://www.semrush.com/bot.html)"
66.249.79.35 - - [09/Dec/2025:18:49:44 +0100] "\x16\x03\x01\x02" 403 265 "-" "-"
66.249.79.67 - - [09/Dec/2025:18:49:46 +0100] "\x16\x03\x01\x02" 403 265 "-" "-"
85.208.96.203 - - [09/Dec/2025:18:50:09 +0100] "GET /platby/uwoy9/oregano-seedlings-not-growing HTTP/1.1" 200 11818 "-" "Mozilla/5.0 (compatible; SemrushBot/7~bl; +http://www.semrush.com/bot.html)"
176.65.149.45 - - [09/Dec/2025:18:50:13 +0100] "GET / HTTP/1.1" 200 316 "-" "Go-http-client/1.1"
114.119.149.2 - - [09/Dec/2025:18:50:19 +0100] "GET /platby/article.php?5d4c26=reki-haibane-renmei HTTP/1.1" 200 6332 "http://ispc.klape.eu/platby/article.php?5d4c26=coca-cola-cultural-intelligence" "Mozilla/5.0 (Linux; Android 7.0;) AppleWebKit/537.36 (KHTML, like Gecko) Mobile Safari/537.36 (compatible; PetalBot;+https://webmaster.petalsearch.com/site/petalbot)"
85.208.96.193 - - [09/Dec/2025:18:50:25 +0100] "GET /platby/qqap/japanese-andromeda-growth-rate HTTP/1.1" 200 11761 "-" "Mozilla/5.0 (compatible; SemrushBot/7~bl; +http://www.semrush.com/bot.html)"
185.191.171.15 - - [09/Dec/2025:18:50:36 +0100] "GET /platby/aohwuyx/western-meadowlark-physical-characteristics HTTP/1.1" 200 12619 "-" "Mozilla/5.0 (compatible; SemrushBot/7~bl; +http://www.semrush.com/bot.html)"
185.191.171.11 - - [09/Dec/2025:18:51:03 +0100] "GET /platby/hca/novel-adjective-in-a-sentence HTTP/1.1" 200 6822 "-" "Mozilla/5.0 (compatible; SemrushBot/7~bl; +http://www.semrush.com/bot.html)"
185.191.171.17 - - [09/Dec/2025:18:51:12 +0100] "GET /platby/hca/how-many-lifeboats-did-the-titanic-have HTTP/1.1" 200 12134 "-" "Mozilla/5.0 (compatible; SemrushBot/7~bl; +http://www.semrush.com/bot.html)"
185.191.171.12 - - [09/Dec/2025:18:51:18 +0100] "GET /platby/aohwuyx/greek's-pizza-westfield-specials HTTP/1.1" 200 9517 "-" "Mozilla/5.0 (compatible; SemrushBot/7~bl; +http://www.semrush.com/bot.html)"
195.177.94.189 - - [09/Dec/2025:18:51:39 +0100] "GET /phpmyadmin/scripts/setup.php HTTP/1.1" 200 11106 "-" "Mozilla/4.0 (compatible; MSIE 6.0; MSIE 5.5; Windows NT 5.1) Opera 7.01 [en]"
195.177.94.189 - - [09/Dec/2025:18:51:41 +0100] "POST /phpmyadmin/scripts/setup.php HTTP/1.1" 200 18608 "http://109.105.49.240:8081/phpmyadmin/scripts/setup.php" "Mozilla/4.0 (compatible; MSIE 6.0; MSIE 5.5; Windows NT 5.1) Opera 7.01 [en]"
85.208.96.205 - - [09/Dec/2025:18:51:41 +0100] "GET /platby/hca/minneapolis-semi-pro-football HTTP/1.1" 200 12362 "-" "Mozilla/5.0 (compatible; SemrushBot/7~bl; +http://www.semrush.com/bot.html)"
114.119.140.102 - - [09/Dec/2025:18:51:41 +0100] "GET /platby/aohwuyx/shajar-e-mamnu-turkish-drama-cast-name HTTP/1.1" 200 9001 "http://ispc.klape.eu/platby/aohwuyx/shajar-e-mamnu-turkish-drama-cast-name" "Mozilla/5.0 (Linux; Android 7.0;) AppleWebKit/537.36 (KHTML, like Gecko) Mobile Safari/537.36 (compatible; PetalBot;+https://webmaster.petalsearch.com/site/petalbot)"
85.208.96.200 - - [09/Dec/2025:18:51:46 +0100] "GET /platby/hca/butterfly-magnolia-tree-for-sale-near-me HTTP/1.1" 200 14855 "-" "Mozilla/5.0 (compatible; SemrushBot/7~bl; +http://www.semrush.com/bot.html)"
185.191.171.15 - - [09/Dec/2025:18:51:48 +0100] "GET /platby/hca/write-for-us-home-improvement HTTP/1.1" 200 9613 "-" "Mozilla/5.0 (compatible; SemrushBot/7~bl; +http://www.semrush.com/bot.html)"
85.208.96.199 - - [09/Dec/2025:18:51:50 +0100] "GET /platby/aohwuyx/mitchell-johnson-wife HTTP/1.1" 200 10917 "-" "Mozilla/5.0 (compatible; SemrushBot/7~bl; +http://www.semrush.com/bot.html)"
85.208.96.197 - - [09/Dec/2025:18:51:51 +0100] "GET /platby/aohwuyx/estonia-esiliiga-table HTTP/1.1" 200 10871 "-" "Mozilla/5.0 (compatible; SemrushBot/7~bl; +http://www.semrush.com/bot.html)"
185.191.171.15 - - [09/Dec/2025:18:51:53 +0100] "GET /platby/72zbxoz/720p-hd-camera-picture-quality HTTP/1.1" 200 14397 "-" "Mozilla/5.0 (compatible; SemrushBot/7~bl; +http://www.semrush.com/bot.html)"
85.208.96.206 - - [09/Dec/2025:18:51:55 +0100] "GET /platby/aohwuyx/best-selling-children's-books-of-all-time HTTP/1.1" 200 13925 "-" "Mozilla/5.0 (compatible; SemrushBot/7~bl; +http://www.semrush.com/bot.html)"
185.191.171.15 - - [09/Dec/2025:18:51:57 +0100] "GET /platby/aohwuyx/catholic-charities-in-canada HTTP/1.1" 200 7909 "-" "Mozilla/5.0 (compatible; SemrushBot/7~bl; +http://www.semrush.com/bot.html)"
185.191.171.10 - - [09/Dec/2025:18:51:59 +0100] "GET /platby/qqap/nba-draft-rumors-timberwolves HTTP/1.1" 200 11135 "-" "Mozilla/5.0 (compatible; SemrushBot/7~bl; +http://www.semrush.com/bot.html)"
185.191.171.11 - - [09/Dec/2025:18:52:10 +0100] "GET /platby/qqap/cheapest-professional-video-camera HTTP/1.1" 200 7112 "-" "Mozilla/5.0 (compatible; SemrushBot/7~bl; +http://www.semrush.com/bot.html)"
85.208.96.204 - - [09/Dec/2025:18:52:12 +0100] "GET /platby/uwoy9/who-was-involved-in-the-bay-of-pigs-invasion HTTP/1.1" 200 7223 "-" "Mozilla/5.0 (compatible; SemrushBot/7~bl; +http://www.semrush.com/bot.html)"
185.191.171.10 - - [09/Dec/2025:18:52:18 +0100] "GET /platby/qqap/is-cacao-powder-safe-for-toddlers HTTP/1.1" 200 10171 "-" "Mozilla/5.0 (compatible; SemrushBot/7~bl; +http://www.semrush.com/bot.html)"
85.208.96.196 - - [09/Dec/2025:18:52:20 +0100] "GET /platby/qqap/bruvac-the-grandiloquent-scryfall HTTP/1.1" 200 9669 "-" "Mozilla/5.0 (compatible; SemrushBot/7~bl; +http://www.semrush.com/bot.html)"
85.208.96.204 - - [09/Dec/2025:18:52:21 +0100] "GET /platby/72zbxoz/art-renewal-center-scholarship HTTP/1.1" 200 11140 "-" "Mozilla/5.0 (compatible; SemrushBot/7~bl; +http://www.semrush.com/bot.html)"
195.177.94.189 - - [09/Dec/2025:18:52:45 +0100] "GET /phpmyadmin/scripts/setup.php HTTP/1.1" 200 11105 "-" "Mozilla/4.0 (compatible; MSIE 6.0; MSIE 5.5; Windows NT 5.1) Opera 7.01 [en]"
195.177.94.189 - - [09/Dec/2025:18:52:45 +0100] "POST /phpmyadmin/scripts/setup.php HTTP/1.1" 200 18608 "http://109.105.49.240:443/phpmyadmin/scripts/setup.php" "Mozilla/4.0 (compatible; MSIE 6.0; MSIE 5.5; Windows NT 5.1) Opera 7.01 [en]"
114.119.149.2 - - [09/Dec/2025:18:52:47 +0100] "GET /platby/72zbxoz/ulta-mastercard-login HTTP/1.1" 200 20 "http://ispc.klape.eu/platby/72zbxoz/morbius-the-living-vampire-villains-wiki" "Mozilla/5.0 (Linux; Android 7.0;) AppleWebKit/537.36 (KHTML, like Gecko) Mobile Safari/537.36 (compatible; PetalBot;+https://webmaster.petalsearch.com/site/petalbot)"
185.191.171.7 - - [09/Dec/2025:18:52:53 +0100] "GET /platby/hca/florida-panther-population-2021 HTTP/1.1" 200 12060 "-" "Mozilla/5.0 (compatible; SemrushBot/7~bl; +http://www.semrush.com/bot.html)"
185.191.171.18 - - [09/Dec/2025:18:53:02 +0100] "GET /platby/uwoy9/munich-business-school-acceptance-rate HTTP/1.1" 200 8120 "-" "Mozilla/5.0 (compatible; SemrushBot/7~bl; +http://www.semrush.com/bot.html)"
85.208.96.212 - - [09/Dec/2025:18:53:12 +0100] "GET /platby/hca/state-of-alaska-personnel HTTP/1.1" 200 6261 "-" "Mozilla/5.0 (compatible; SemrushBot/7~bl; +http://www.semrush.com/bot.html)"
85.208.96.203 - - [09/Dec/2025:18:53:13 +0100] "GET /platby/uwoy9/real-fingerprint-lock-screen-apk HTTP/1.1" 200 11374 "-" "Mozilla/5.0 (compatible; SemrushBot/7~bl; +http://www.semrush.com/bot.html)"
85.208.96.193 - - [09/Dec/2025:18:53:22 +0100] "GET /platby/72zbxoz/pre-book-legoland-with-merlin-pass HTTP/1.1" 200 9897 "-" "Mozilla/5.0 (compatible; SemrushBot/7~bl; +http://www.semrush.com/bot.html)"
185.191.171.5 - - [09/Dec/2025:18:53:24 +0100] "GET /platby/uwoy9/amusement-parks-in-michigan HTTP/1.1" 200 7596 "-" "Mozilla/5.0 (compatible; SemrushBot/7~bl; +http://www.semrush.com/bot.html)"
85.208.96.212 - - [09/Dec/2025:18:53:31 +0100] "GET /platby/72zbxoz/oral-reading-fluency-example HTTP/1.1" 200 8375 "-" "Mozilla/5.0 (compatible; SemrushBot/7~bl; +http://www.semrush.com/bot.html)"
185.191.171.18 - - [09/Dec/2025:18:54:06 +0100] "GET /platby/uwoy9/salisbury-university-library HTTP/1.1" 200 8303 "-" "Mozilla/5.0 (compatible; SemrushBot/7~bl; +http://www.semrush.com/bot.html)"
85.208.96.193 - - [09/Dec/2025:18:54:19 +0100] "GET /platby/qqap/seattle-storm-on-tv-tonight HTTP/1.1" 200 11548 "-" "Mozilla/5.0 (compatible; SemrushBot/7~bl; +http://www.semrush.com/bot.html)"
185.191.171.5 - - [09/Dec/2025:18:54:23 +0100] "GET /platby/uwoy9/plants-that-grow-in-minnesota HTTP/1.1" 200 14965 "-" "Mozilla/5.0 (compatible; SemrushBot/7~bl; +http://www.semrush.com/bot.html)"
85.208.96.199 - - [09/Dec/2025:18:54:25 +0100] "GET /platby/qqap/mlb-rookie-of-the-year-candidates-2021 HTTP/1.1" 200 10861 "-" "Mozilla/5.0 (compatible; SemrushBot/7~bl; +http://www.semrush.com/bot.html)"
185.191.171.10 - - [09/Dec/2025:18:54:36 +0100] "GET /platby/aohwuyx/mobile-homes-for-rent-jacksonville,-ar HTTP/1.1" 200 13372 "-" "Mozilla/5.0 (compatible; SemrushBot/7~bl; +http://www.semrush.com/bot.html)"
20.65.195.113 - - [09/Dec/2025:18:54:38 +0100] "\x16\x03\x01" 403 265 "-" "-"
20.65.195.113 - - [09/Dec/2025:18:54:39 +0100] "MGLNDD_109.105.49.240_443" 403 265 "-" "-"
185.191.171.14 - - [09/Dec/2025:18:54:50 +0100] "GET /platby/72zbxoz/southern-nevada-plant-guide HTTP/1.1" 200 13624 "-" "Mozilla/5.0 (compatible; SemrushBot/7~bl; +http://www.semrush.com/bot.html)"
185.191.171.12 - - [09/Dec/2025:18:55:13 +0100] "GET /platby/aohwuyx/hemlock-teacher-allegations HTTP/1.1" 200 14844 "-" "Mozilla/5.0 (compatible; SemrushBot/7~bl; +http://www.semrush.com/bot.html)"
185.191.171.19 - - [09/Dec/2025:18:55:36 +0100] "GET /platby/qqap/how-are-pride-and-shame-connected HTTP/1.1" 200 6693 "-" "Mozilla/5.0 (compatible; SemrushBot/7~bl; +http://www.semrush.com/bot.html)"
185.191.171.18 - - [09/Dec/2025:18:55:55 +0100] "GET /platby/qqap/baylor-doctoral-programs HTTP/1.1" 200 12358 "-" "Mozilla/5.0 (compatible; SemrushBot/7~bl; +http://www.semrush.com/bot.html)"
85.208.96.202 - - [09/Dec/2025:18:56:10 +0100] "GET /platby/hca/importance-of-radio-in-our-society HTTP/1.1" 200 7100 "-" "Mozilla/5.0 (compatible; SemrushBot/7~bl; +http://www.semrush.com/bot.html)"
85.208.96.193 - - [09/Dec/2025:18:56:25 +0100] "GET /platby/aohwuyx/raspberry-pi-arcade-cabinet-kit-uk HTTP/1.1" 200 9858 "-" "Mozilla/5.0 (compatible; SemrushBot/7~bl; +http://www.semrush.com/bot.html)"
85.208.96.194 - - [09/Dec/2025:18:56:32 +0100] "GET /platby/qqap/atlanta-united-schedule-for-2021 HTTP/1.1" 200 5313 "-" "Mozilla/5.0 (compatible; SemrushBot/7~bl; +http://www.semrush.com/bot.html)"
185.191.171.7 - - [09/Dec/2025:18:56:35 +0100] "GET /platby/aohwuyx/sight-word-matching-game-starfall HTTP/1.1" 200 13586 "-" "Mozilla/5.0 (compatible; SemrushBot/7~bl; +http://www.semrush.com/bot.html)"
185.191.171.8 - - [09/Dec/2025:18:56:40 +0100] "GET /platby/72zbxoz/university-of-maryland-cost-out-of-state HTTP/1.1" 200 11581 "-" "Mozilla/5.0 (compatible; SemrushBot/7~bl; +http://www.semrush.com/bot.html)"
185.191.171.11 - - [09/Dec/2025:18:57:12 +0100] "GET /platby/72zbxoz/lambda-variant-pfizer HTTP/1.1" 200 8791 "-" "Mozilla/5.0 (compatible; SemrushBot/7~bl; +http://www.semrush.com/bot.html)"
85.208.96.193 - - [09/Dec/2025:18:57:16 +0100] "GET /platby/uwoy9/brazil-vs-argentina-head-to-head-copa-america HTTP/1.1" 200 9377 "-" "Mozilla/5.0 (compatible; SemrushBot/7~bl; +http://www.semrush.com/bot.html)"
85.208.96.206 - - [09/Dec/2025:18:58:10 +0100] "GET /platby/72zbxoz/dear-god,-thank-you-for-another-day-of-life HTTP/1.1" 200 9478 "-" "Mozilla/5.0 (compatible; SemrushBot/7~bl; +http://www.semrush.com/bot.html)"
159.223.203.97 - - [09/Dec/2025:18:58:21 +0100] "\x16\x03\x03\x01\xa7\x01" 403 265 "-" "-"
159.223.203.97 - - [09/Dec/2025:18:58:23 +0100] "\x16\x03\x03\x01\xa7\x01" 403 265 "-" "-"
144.31.4.124 - - [09/Dec/2025:18:58:27 +0100] "\x16\x03\x01\x05\xde\x01" 403 265 "-" "-"
144.31.4.124 - - [09/Dec/2025:18:58:28 +0100] "\x16\x03\x01\x05\xde\x01" 403 265 "-" "-"
85.208.96.206 - - [09/Dec/2025:18:58:33 +0100] "GET /platby/72zbxoz/hard-rock-stadium-200-level HTTP/1.1" 200 12604 "-" "Mozilla/5.0 (compatible; SemrushBot/7~bl; +http://www.semrush.com/bot.html)"
185.191.171.10 - - [09/Dec/2025:18:58:44 +0100] "GET /platby/uwoy9/warren-buffett-stock-suggestions HTTP/1.1" 200 11179 "-" "Mozilla/5.0 (compatible; SemrushBot/7~bl; +http://www.semrush.com/bot.html)"
85.208.96.196 - - [09/Dec/2025:18:58:56 +0100] "GET /platby/uwoy9/issue-example-sentence HTTP/1.1" 200 10444 "-" "Mozilla/5.0 (compatible; SemrushBot/7~bl; +http://www.semrush.com/bot.html)"
185.191.171.9 - - [09/Dec/2025:18:59:01 +0100] "GET /platby/qqap/employee-resource-group-budget HTTP/1.1" 200 9842 "-" "Mozilla/5.0 (compatible; SemrushBot/7~bl; +http://www.semrush.com/bot.html)"
185.191.171.19 - - [09/Dec/2025:18:59:24 +0100] "GET /platby/qqap/7-mechanical-wonders-of-the-world HTTP/1.1" 200 7683 "-" "Mozilla/5.0 (compatible; SemrushBot/7~bl; +http://www.semrush.com/bot.html)"
85.208.96.203 - - [09/Dec/2025:18:59:31 +0100] "GET /platby/hca/be-grateful-for-everything-bible-verse HTTP/1.1" 200 13258 "-" "Mozilla/5.0 (compatible; SemrushBot/7~bl; +http://www.semrush.com/bot.html)"
185.191.171.14 - - [09/Dec/2025:18:59:39 +0100] "GET /platby/uwoy9/emerald-hollow-mine-promo-code HTTP/1.1" 200 14376 "-" "Mozilla/5.0 (compatible; SemrushBot/7~bl; +http://www.semrush.com/bot.html)"
185.191.171.19 - - [09/Dec/2025:18:59:43 +0100] "GET /platby/aohwuyx/mariah-carey-album-sales HTTP/1.1" 200 12930 "-" "Mozilla/5.0 (compatible; SemrushBot/7~bl; +http://www.semrush.com/bot.html)"
185.191.171.14 - - [09/Dec/2025:18:59:45 +0100] "GET /platby/72zbxoz/flushing-high-school-ranking HTTP/1.1" 200 10889 "-" "Mozilla/5.0 (compatible; SemrushBot/7~bl; +http://www.semrush.com/bot.html)"
85.208.96.201 - - [09/Dec/2025:18:59:47 +0100] "GET /platby/72zbxoz/how-much-salicylic-acid-in-dermalogica-daily-microfoliant HTTP/1.1" 200 8733 "-" "Mozilla/5.0 (compatible; SemrushBot/7~bl; +http://www.semrush.com/bot.html)"
85.208.96.193 - - [09/Dec/2025:18:59:50 +0100] "GET /platby/72zbxoz/grant-holmes-fangraphs HTTP/1.1" 200 13692 "-" "Mozilla/5.0 (compatible; SemrushBot/7~bl; +http://www.semrush.com/bot.html)"
185.191.171.10 - - [09/Dec/2025:19:00:03 +0100] "GET /platby/uwoy9/woodward-avenue-presbyterian-church-defects HTTP/1.1" 200 14911 "-" "Mozilla/5.0 (compatible; SemrushBot/7~bl; +http://www.semrush.com/bot.html)"
85.208.96.198 - - [09/Dec/2025:19:00:34 +0100] "GET /platby/aohwuyx/foolish-heart-nyanners HTTP/1.1" 200 12161 "-" "Mozilla/5.0 (compatible; SemrushBot/7~bl; +http://www.semrush.com/bot.html)"
198.235.24.55 - - [09/Dec/2025:19:01:04 +0100] "GET / HTTP/1.1" 200 520 "-" "Hello from Palo Alto Networks, find out more about our scans in https://docs-cortex.paloaltonetworks.com/r/1/Cortex-Xpanse/Scanning-activity"
85.208.96.209 - - [09/Dec/2025:19:01:05 +0100] "GET /platby/72zbxoz/south-carolina-state-football-recruiting HTTP/1.1" 200 11123 "-" "Mozilla/5.0 (compatible; SemrushBot/7~bl; +http://www.semrush.com/bot.html)"
85.208.96.201 - - [09/Dec/2025:19:01:16 +0100] "GET /platby/aohwuyx/how-much-is-kristen-hampton-worth HTTP/1.1" 200 8451 "-" "Mozilla/5.0 (compatible; SemrushBot/7~bl; +http://www.semrush.com/bot.html)"
185.191.171.9 - - [09/Dec/2025:19:01:20 +0100] "GET /platby/uwoy9/malcolm-smith-ministries HTTP/1.1" 200 12484 "-" "Mozilla/5.0 (compatible; SemrushBot/7~bl; +http://www.semrush.com/bot.html)"
114.119.149.2 - - [09/Dec/2025:19:01:22 +0100] "GET /platby/article.php?5d4c26=perplexed-meaning-in-bengali HTTP/1.1" 200 5569 "http://ispc.klape.eu/platby/article.php?5d4c26=brands-rappers-wear-2019" "Mozilla/5.0 (Linux; Android 7.0;) AppleWebKit/537.36 (KHTML, like Gecko) Mobile Safari/537.36 (compatible; PetalBot;+https://webmaster.petalsearch.com/site/petalbot)"
185.191.171.14 - - [09/Dec/2025:19:01:24 +0100] "GET /platby/hca/psal-basketball-cancelled HTTP/1.1" 200 12048 "-" "Mozilla/5.0 (compatible; SemrushBot/7~bl; +http://www.semrush.com/bot.html)"
85.208.96.196 - - [09/Dec/2025:19:01:42 +0100] "GET /platby/hca/laptops-with-1080p-webcam HTTP/1.1" 200 11966 "-" "Mozilla/5.0 (compatible; SemrushBot/7~bl; +http://www.semrush.com/bot.html)"
85.208.96.212 - - [09/Dec/2025:19:01:49 +0100] "GET /platby/hca/university-of-alberta-rejection HTTP/1.1" 200 6704 "-" "Mozilla/5.0 (compatible; SemrushBot/7~bl; +http://www.semrush.com/bot.html)"
85.208.96.197 - - [09/Dec/2025:19:01:52 +0100] "GET /platby/aohwuyx/motorola-engineering-mode-code HTTP/1.1" 200 8851 "-" "Mozilla/5.0 (compatible; SemrushBot/7~bl; +http://www.semrush.com/bot.html)"
185.191.171.10 - - [09/Dec/2025:19:01:54 +0100] "GET /platby/uwoy9/hooded-merganser-mating HTTP/1.1" 200 14169 "-" "Mozilla/5.0 (compatible; SemrushBot/7~bl; +http://www.semrush.com/bot.html)"
85.208.96.199 - - [09/Dec/2025:19:01:56 +0100] "GET /platby/uwoy9/tata-power-customer-care HTTP/1.1" 200 8214 "-" "Mozilla/5.0 (compatible; SemrushBot/7~bl; +http://www.semrush.com/bot.html)"
85.208.96.210 - - [09/Dec/2025:19:02:09 +0100] "GET /platby/qqap/snowdrift-mountain-laurel HTTP/1.1" 200 11834 "-" "Mozilla/5.0 (compatible; SemrushBot/7~bl; +http://www.semrush.com/bot.html)"
85.208.96.196 - - [09/Dec/2025:19:02:21 +0100] "GET /platby/72zbxoz/south-africa-vs-sudan-live-score HTTP/1.1" 200 7892 "-" "Mozilla/5.0 (compatible; SemrushBot/7~bl; +http://www.semrush.com/bot.html)"
85.208.96.202 - - [09/Dec/2025:19:02:22 +0100] "GET /platby/uwoy9/valley,-ne-farmers-market HTTP/1.1" 200 10239 "-" "Mozilla/5.0 (compatible; SemrushBot/7~bl; +http://www.semrush.com/bot.html)"
85.208.96.195 - - [09/Dec/2025:19:02:31 +0100] "GET /robots.txt HTTP/1.1" 200 54 "-" "Mozilla/5.0 (compatible; SemrushBot/7~bl; +http://www.semrush.com/bot.html)"
85.208.96.201 - - [09/Dec/2025:19:02:31 +0100] "GET /platby/hca/stoke-city-transfer-rumours-oatcake HTTP/1.1" 200 7161 "-" "Mozilla/5.0 (compatible; SemrushBot/7~bl; +http://www.semrush.com/bot.html)"
85.208.96.204 - - [09/Dec/2025:19:02:43 +0100] "GET /platby/hca/orbital-period-formula HTTP/1.1" 200 12010 "-" "Mozilla/5.0 (compatible; SemrushBot/7~bl; +http://www.semrush.com/bot.html)"
149.50.103.48 - - [09/Dec/2025:19:02:45 +0100] "GET /" 400 468 "-" "-"
85.208.96.201 - - [09/Dec/2025:19:02:54 +0100] "GET /platby/uwoy9/example-of-property-rights HTTP/1.1" 200 9344 "-" "Mozilla/5.0 (compatible; SemrushBot/7~bl; +http://www.semrush.com/bot.html)"
185.191.171.12 - - [09/Dec/2025:19:02:56 +0100] "GET /platby/aohwuyx/j-balvin-spotify-stats-2020 HTTP/1.1" 200 8209 "-" "Mozilla/5.0 (compatible; SemrushBot/7~bl; +http://www.semrush.com/bot.html)"
85.208.96.199 - - [09/Dec/2025:19:03:10 +0100] "GET /platby/hca/copper-cellar-nashville HTTP/1.1" 200 6958 "-" "Mozilla/5.0 (compatible; SemrushBot/7~bl; +http://www.semrush.com/bot.html)"
185.191.171.14 - - [09/Dec/2025:19:04:11 +0100] "GET /platby/uwoy9/what-station-is-the-heat-on-fm-radio HTTP/1.1" 200 10243 "-" "Mozilla/5.0 (compatible; SemrushBot/7~bl; +http://www.semrush.com/bot.html)"
85.208.96.202 - - [09/Dec/2025:19:04:12 +0100] "GET /platby/qqap/love-comes-softly-trailer HTTP/1.1" 200 11239 "-" "Mozilla/5.0 (compatible; SemrushBot/7~bl; +http://www.semrush.com/bot.html)"
185.191.171.4 - - [09/Dec/2025:19:04:16 +0100] "GET /platby/uwoy9/johnny-ball-play-school HTTP/1.1" 200 9852 "-" "Mozilla/5.0 (compatible; SemrushBot/7~bl; +http://www.semrush.com/bot.html)"
204.76.203.206 - - [09/Dec/2025:19:04:53 +0100] "GET /" 400 468 "-" "-"
85.208.96.198 - - [09/Dec/2025:19:05:01 +0100] "GET /platby/aohwuyx/kolkata-knight-riders HTTP/1.1" 200 7511 "-" "Mozilla/5.0 (compatible; SemrushBot/7~bl; +http://www.semrush.com/bot.html)"
85.208.96.202 - - [09/Dec/2025:19:05:08 +0100] "GET /platby/hca/living-in-isleworth-2020 HTTP/1.1" 200 8790 "-" "Mozilla/5.0 (compatible; SemrushBot/7~bl; +http://www.semrush.com/bot.html)"
85.208.96.195 - - [09/Dec/2025:19:05:11 +0100] "GET /platby/72zbxoz/oppo-a57-message-settings HTTP/1.1" 200 14880 "-" "Mozilla/5.0 (compatible; SemrushBot/7~bl; +http://www.semrush.com/bot.html)"
85.208.96.193 - - [09/Dec/2025:19:05:18 +0100] "GET /platby/aohwuyx/moto-g7-play-fingerprint-sensor-replacement HTTP/1.1" 200 11562 "-" "Mozilla/5.0 (compatible; SemrushBot/7~bl; +http://www.semrush.com/bot.html)"
185.191.171.4 - - [09/Dec/2025:19:05:37 +0100] "GET /platby/qqap/cute-names-for-a-duck-house HTTP/1.1" 200 6652 "-" "Mozilla/5.0 (compatible; SemrushBot/7~bl; +http://www.semrush.com/bot.html)"
204.76.203.206 - - [09/Dec/2025:19:05:39 +0100] "GET / HTTP/1.1" 200 316 "-" "Mozilla/5.0 (Windows NT 10.0; Win64; x64) AppleWebKit/537.36 (KHTML, like Gecko) Chrome/90.0.4430.85 Safari/537.36 Edg/90.0.818.46"
85.208.96.197 - - [09/Dec/2025:19:05:41 +0100] "GET /platby/72zbxoz/jewelry-district-charlotte,-nc HTTP/1.1" 200 13605 "-" "Mozilla/5.0 (compatible; SemrushBot/7~bl; +http://www.semrush.com/bot.html)"
85.208.96.210 - - [09/Dec/2025:19:05:44 +0100] "GET /platby/qqap/pearl-washington-jersey HTTP/1.1" 200 6697 "-" "Mozilla/5.0 (compatible; SemrushBot/7~bl; +http://www.semrush.com/bot.html)"
85.208.96.209 - - [09/Dec/2025:19:05:47 +0100] "GET /platby/uwoy9/hallstatt-architecture HTTP/1.1" 200 8549 "-" "Mozilla/5.0 (compatible; SemrushBot/7~bl; +http://www.semrush.com/bot.html)"
185.191.171.11 - - [09/Dec/2025:19:05:55 +0100] "GET /platby/qqap/diversity-and-inclusion-consultant-job-description HTTP/1.1" 200 6308 "-" "Mozilla/5.0 (compatible; SemrushBot/7~bl; +http://www.semrush.com/bot.html)"
44.212.131.50 - - [09/Dec/2025:19:06:04 +0100] "GET /platby/qqap/utqiagvik-high-school HTTP/1.1" 200 6149 "-" "Mozilla/5.0 AppleWebKit/537.36 (KHTML, like Gecko; compatible; Amazonbot/0.1; +https://developer.amazon.com/support/amazonbot) Chrome/119.0.6045.214 Safari/537.36"
35.172.125.172 - - [09/Dec/2025:19:06:07 +0100] "GET /platby/72zbxoz/how-to-say-sorry-to-teacher-for-mistake HTTP/1.1" 200 10856 "-" "Mozilla/5.0 AppleWebKit/537.36 (KHTML, like Gecko; compatible; Amazonbot/0.1; +https://developer.amazon.com/support/amazonbot) Chrome/119.0.6045.214 Safari/537.36"
185.191.171.11 - - [09/Dec/2025:19:06:10 +0100] "GET /platby/72zbxoz/ireland-women's-t20-squad HTTP/1.1" 200 12126 "-" "Mozilla/5.0 (compatible; SemrushBot/7~bl; +http://www.semrush.com/bot.html)"
3.229.164.203 - - [09/Dec/2025:19:06:11 +0100] "GET /platby/72zbxoz/haldimand-tract-waterloo HTTP/1.1" 200 9904 "-" "Mozilla/5.0 AppleWebKit/537.36 (KHTML, like Gecko; compatible; Amazonbot/0.1; +https://developer.amazon.com/support/amazonbot) Chrome/119.0.6045.214 Safari/537.36"
52.70.123.241 - - [09/Dec/2025:19:06:15 +0100] "GET /platby/qqap/70s-footballers-hairstyles HTTP/1.1" 200 12554 "-" "Mozilla/5.0 AppleWebKit/537.36 (KHTML, like Gecko; compatible; Amazonbot/0.1; +https://developer.amazon.com/support/amazonbot) Chrome/119.0.6045.214 Safari/537.36"
52.203.152.231 - - [09/Dec/2025:19:06:19 +0100] "GET /platby/72zbxoz/st-francis-summer-camp-2021 HTTP/1.1" 200 10594 "-" "Mozilla/5.0 AppleWebKit/537.36 (KHTML, like Gecko; compatible; Amazonbot/0.1; +https://developer.amazon.com/support/amazonbot) Chrome/119.0.6045.214 Safari/537.36"
