185.191.171.17 - - [09/Dec/2025:14:36:52 +0100] "GET /platby/uwoy9/einstein's-theory-of-general-relativity HTTP/1.1" 200 7822 "-" "Mozilla/5.0 (compatible; SemrushBot/7~bl; +http://www.semrush.com/bot.html)"
85.208.96.199 - - [09/Dec/2025:14:37:24 +0100] "GET /platby/qqap/implicit-bias-training-for-teachers HTTP/1.1" 200 10113 "-" "Mozilla/5.0 (compatible; SemrushBot/7~bl; +http://www.semrush.com/bot.html)"
85.208.96.203 - - [09/Dec/2025:14:37:28 +0100] "GET /platby/72zbxoz/southern-magnolia-tree-identification HTTP/1.1" 200 10636 "-" "Mozilla/5.0 (compatible; SemrushBot/7~bl; +http://www.semrush.com/bot.html)"
85.208.96.207 - - [09/Dec/2025:14:37:51 +0100] "GET /platby/uwoy9/redlands-unified-school-district-toolkit HTTP/1.1" 200 11498 "-" "Mozilla/5.0 (compatible; SemrushBot/7~bl; +http://www.semrush.com/bot.html)"
204.76.203.206 - - [09/Dec/2025:14:37:55 +0100] "GET / HTTP/1.1" 200 316 "-" "Mozilla/5.0 (Windows NT 10.0; Win64; x64) AppleWebKit/537.36 (KHTML, like Gecko) Chrome/90.0.4430.85 Safari/537.36 Edg/90.0.818.46"
104.210.140.134 - - [09/Dec/2025:14:38:39 +0100] "\x16\x03\x01\x02" 403 265 "-" "-"
198.235.24.212 - - [09/Dec/2025:14:38:39 +0100] "GET /" 400 468 "-" "-"
194.187.176.243 - - [09/Dec/2025:14:38:39 +0100] "GET / HTTP/1.1" 403 224 "-" "Mozilla/5.0 (Windows NT 10.0; Win64; x64; rv:65.0) Gecko/20100101 Firefox/65.0"
5.187.35.158 - - [09/Dec/2025:14:38:39 +0100] "\x16\x03\x01\x01\x10\x01" 403 265 "-" "-"
194.187.176.11 - - [09/Dec/2025:14:38:40 +0100] "GET /favicon.ico HTTP/1.1" 403 231 "-" "Mozilla/5.0 (Windows NT 10.0; Win64; x64; rv:65.0) Gecko/20100101 Firefox/65.0"
185.191.171.7 - - [09/Dec/2025:14:38:40 +0100] "GET /platby/qqap/lost-river-idaho-fishing-access HTTP/1.1" 200 12828 "-" "Mozilla/5.0 (compatible; SemrushBot/7~bl; +http://www.semrush.com/bot.html)"
85.208.96.205 - - [09/Dec/2025:14:38:50 +0100] "GET /platby/uwoy9/god-created-you-for-a-purpose-bible-verse HTTP/1.1" 200 7719 "-" "Mozilla/5.0 (compatible; SemrushBot/7~bl; +http://www.semrush.com/bot.html)"
185.191.171.4 - - [09/Dec/2025:14:38:52 +0100] "GET /platby/uwoy9/2010-winter-olympics-hockey-canada-roster HTTP/1.1" 200 11137 "-" "Mozilla/5.0 (compatible; SemrushBot/7~bl; +http://www.semrush.com/bot.html)"
185.191.171.13 - - [09/Dec/2025:14:39:17 +0100] "GET /platby/aohwuyx/scott-brown-celtic-net-worth-2020 HTTP/1.1" 200 7620 "-" "Mozilla/5.0 (compatible; SemrushBot/7~bl; +http://www.semrush.com/bot.html)"
185.191.171.8 - - [09/Dec/2025:14:39:54 +0100] "GET /platby/qqap/invulnerable-antonyms HTTP/1.1" 200 10464 "-" "Mozilla/5.0 (compatible; SemrushBot/7~bl; +http://www.semrush.com/bot.html)"
85.208.96.194 - - [09/Dec/2025:14:40:04 +0100] "GET /platby/72zbxoz/kansas-city-chiefs-corporate-office-phone-number HTTP/1.1" 200 8560 "-" "Mozilla/5.0 (compatible; SemrushBot/7~bl; +http://www.semrush.com/bot.html)"
185.191.171.10 - - [09/Dec/2025:14:40:07 +0100] "GET /platby/qqap/beaches-near-beaufort,-nc HTTP/1.1" 200 10777 "-" "Mozilla/5.0 (compatible; SemrushBot/7~bl; +http://www.semrush.com/bot.html)"
66.249.79.203 - - [09/Dec/2025:14:40:11 +0100] "\x16\x03\x01\x02" 403 265 "-" "-"
85.208.96.206 - - [09/Dec/2025:14:40:14 +0100] "GET /platby/hca/asia-champions-league-2021 HTTP/1.1" 200 10257 "-" "Mozilla/5.0 (compatible; SemrushBot/7~bl; +http://www.semrush.com/bot.html)"
85.208.96.199 - - [09/Dec/2025:14:41:16 +0100] "GET /platby/aohwuyx/easy-listening-albums-2020 HTTP/1.1" 200 13191 "-" "Mozilla/5.0 (compatible; SemrushBot/7~bl; +http://www.semrush.com/bot.html)"
185.191.171.1 - - [09/Dec/2025:14:41:21 +0100] "GET /platby/uwoy9/what-is-work-breakdown-structure HTTP/1.1" 200 12998 "-" "Mozilla/5.0 (compatible; SemrushBot/7~bl; +http://www.semrush.com/bot.html)"
185.191.171.11 - - [09/Dec/2025:14:41:29 +0100] "GET /platby/hca/leslie-grace-ethnicity HTTP/1.1" 200 7130 "-" "Mozilla/5.0 (compatible; SemrushBot/7~bl; +http://www.semrush.com/bot.html)"
85.208.96.206 - - [09/Dec/2025:14:41:49 +0100] "GET /platby/72zbxoz/bottle-rocket-firework-launcher HTTP/1.1" 200 14000 "-" "Mozilla/5.0 (compatible; SemrushBot/7~bl; +http://www.semrush.com/bot.html)"
185.191.171.1 - - [09/Dec/2025:14:42:09 +0100] "GET /platby/aohwuyx/large-holiday-homes-devon HTTP/1.1" 200 9745 "-" "Mozilla/5.0 (compatible; SemrushBot/7~bl; +http://www.semrush.com/bot.html)"
185.191.171.19 - - [09/Dec/2025:14:43:17 +0100] "GET /platby/qqap/italian-jewelry-stores-near-me HTTP/1.1" 200 13317 "-" "Mozilla/5.0 (compatible; SemrushBot/7~bl; +http://www.semrush.com/bot.html)"
85.208.96.201 - - [09/Dec/2025:14:43:28 +0100] "GET /platby/72zbxoz/who-is-gwyneth-paltrow's-mother HTTP/1.1" 200 9397 "-" "Mozilla/5.0 (compatible; SemrushBot/7~bl; +http://www.semrush.com/bot.html)"
85.208.96.210 - - [09/Dec/2025:14:43:35 +0100] "GET /platby/aohwuyx/john-rocker-survivor-wife HTTP/1.1" 200 12393 "-" "Mozilla/5.0 (compatible; SemrushBot/7~bl; +http://www.semrush.com/bot.html)"
85.208.96.194 - - [09/Dec/2025:14:43:36 +0100] "GET /platby/qqap/sylvia-barrett-up-the-down-staircase HTTP/1.1" 200 7650 "-" "Mozilla/5.0 (compatible; SemrushBot/7~bl; +http://www.semrush.com/bot.html)"
85.208.96.197 - - [09/Dec/2025:14:43:41 +0100] "GET /platby/aohwuyx/bookbrowse-best-books-2019 HTTP/1.1" 200 15298 "-" "Mozilla/5.0 (compatible; SemrushBot/7~bl; +http://www.semrush.com/bot.html)"
18.236.81.162 - - [09/Dec/2025:14:44:14 +0100] "\x16\x03\x01\x01z\x01" 403 265 "-" "-"
185.191.171.14 - - [09/Dec/2025:14:44:14 +0100] "GET /platby/uwoy9/an-american-dream-chords HTTP/1.1" 200 7871 "-" "Mozilla/5.0 (compatible; SemrushBot/7~bl; +http://www.semrush.com/bot.html)"
18.236.81.162 - - [09/Dec/2025:14:44:15 +0100] "\x16\x03\x01\x01~\x01" 403 265 "-" "-"
185.191.171.5 - - [09/Dec/2025:14:45:24 +0100] "GET /platby/72zbxoz/social-justice-websites HTTP/1.1" 200 9296 "-" "Mozilla/5.0 (compatible; SemrushBot/7~bl; +http://www.semrush.com/bot.html)"
85.208.96.206 - - [09/Dec/2025:14:45:41 +0100] "GET /platby/hca/meharry-post-bacc-program HTTP/1.1" 200 11641 "-" "Mozilla/5.0 (compatible; SemrushBot/7~bl; +http://www.semrush.com/bot.html)"
185.191.171.7 - - [09/Dec/2025:14:45:44 +0100] "GET /platby/hca/crowdstrike-stock-analysis HTTP/1.1" 200 9857 "-" "Mozilla/5.0 (compatible; SemrushBot/7~bl; +http://www.semrush.com/bot.html)"
85.208.96.206 - - [09/Dec/2025:14:45:53 +0100] "GET /platby/aohwuyx/grand-hotel-excelsior-jamaica HTTP/1.1" 200 8146 "-" "Mozilla/5.0 (compatible; SemrushBot/7~bl; +http://www.semrush.com/bot.html)"
85.208.96.209 - - [09/Dec/2025:14:45:59 +0100] "GET /platby/uwoy9/what-happened-to-microsoft-hearts HTTP/1.1" 200 7983 "-" "Mozilla/5.0 (compatible; SemrushBot/7~bl; +http://www.semrush.com/bot.html)"
185.191.171.7 - - [09/Dec/2025:14:46:04 +0100] "GET /platby/hca/brad-davison-returning HTTP/1.1" 200 8572 "-" "Mozilla/5.0 (compatible; SemrushBot/7~bl; +http://www.semrush.com/bot.html)"
85.208.96.200 - - [09/Dec/2025:14:47:11 +0100] "GET /platby/72zbxoz/baby-don't-forget-me-sheldon HTTP/1.1" 200 12186 "-" "Mozilla/5.0 (compatible; SemrushBot/7~bl; +http://www.semrush.com/bot.html)"
185.191.171.14 - - [09/Dec/2025:14:47:15 +0100] "GET /platby/72zbxoz/jira-next-gen-multiple-boards HTTP/1.1" 200 9231 "-" "Mozilla/5.0 (compatible; SemrushBot/7~bl; +http://www.semrush.com/bot.html)"
85.208.96.207 - - [09/Dec/2025:14:47:34 +0100] "GET /platby/qqap/mckinley-technology-high-school HTTP/1.1" 200 9964 "-" "Mozilla/5.0 (compatible; SemrushBot/7~bl; +http://www.semrush.com/bot.html)"
185.191.171.14 - - [09/Dec/2025:14:47:47 +0100] "GET /platby/uwoy9/harris-county-wetlands-map HTTP/1.1" 200 9020 "-" "Mozilla/5.0 (compatible; SemrushBot/7~bl; +http://www.semrush.com/bot.html)"
185.191.171.2 - - [09/Dec/2025:14:48:25 +0100] "GET /platby/aohwuyx/joseph-d'onofrio-bronx-tale HTTP/1.1" 200 12550 "-" "Mozilla/5.0 (compatible; SemrushBot/7~bl; +http://www.semrush.com/bot.html)"
51.159.71.186 - - [09/Dec/2025:14:48:30 +0100] "\x16\x03\x01\x05\xdc\x01" 403 265 "-" "-"
178.128.32.10 - - [09/Dec/2025:14:49:04 +0100] "\x16\x03\x01\x02" 403 265 "-" "-"
85.208.96.208 - - [09/Dec/2025:14:49:08 +0100] "GET /platby/hca/yeezy-700-wave-runner-release-date HTTP/1.1" 200 11099 "-" "Mozilla/5.0 (compatible; SemrushBot/7~bl; +http://www.semrush.com/bot.html)"
85.208.96.202 - - [09/Dec/2025:14:49:21 +0100] "GET /platby/uwoy9/septic-distribution-box-concrete HTTP/1.1" 200 9961 "-" "Mozilla/5.0 (compatible; SemrushBot/7~bl; +http://www.semrush.com/bot.html)"
185.191.171.10 - - [09/Dec/2025:14:49:24 +0100] "GET /platby/72zbxoz/promise-mkhuma-salary HTTP/1.1" 200 13773 "-" "Mozilla/5.0 (compatible; SemrushBot/7~bl; +http://www.semrush.com/bot.html)"
85.208.96.205 - - [09/Dec/2025:14:49:28 +0100] "GET /platby/uwoy9/poco-f1-kevlar-back-panel HTTP/1.1" 200 8232 "-" "Mozilla/5.0 (compatible; SemrushBot/7~bl; +http://www.semrush.com/bot.html)"
114.119.152.142 - - [09/Dec/2025:14:49:50 +0100] "GET /platby/qqap/bard-college-phone-number HTTP/1.1" 200 8660 "http://ispc.klape.eu/platby/qqap/android-11-auto-rotate-not-working" "Mozilla/5.0 (Linux; Android 7.0;) AppleWebKit/537.36 (KHTML, like Gecko) Mobile Safari/537.36 (compatible; PetalBot;+https://webmaster.petalsearch.com/site/petalbot)"
85.208.96.210 - - [09/Dec/2025:14:50:23 +0100] "GET /platby/hca/directions-to-stafford-motor-speedway HTTP/1.1" 200 10412 "-" "Mozilla/5.0 (compatible; SemrushBot/7~bl; +http://www.semrush.com/bot.html)"
185.191.171.3 - - [09/Dec/2025:14:50:25 +0100] "GET /platby/uwoy9/adriana-brazil-soccer HTTP/1.1" 200 7599 "-" "Mozilla/5.0 (compatible; SemrushBot/7~bl; +http://www.semrush.com/bot.html)"
185.191.171.5 - - [09/Dec/2025:14:50:28 +0100] "GET /platby/hca/yale-university-colors HTTP/1.1" 200 6435 "-" "Mozilla/5.0 (compatible; SemrushBot/7~bl; +http://www.semrush.com/bot.html)"
185.191.171.4 - - [09/Dec/2025:14:50:54 +0100] "GET /platby/aohwuyx/real-estate-news-in-turkey HTTP/1.1" 200 9916 "-" "Mozilla/5.0 (compatible; SemrushBot/7~bl; +http://www.semrush.com/bot.html)"
85.208.96.199 - - [09/Dec/2025:14:50:55 +0100] "GET /platby/uwoy9/shade-container-plants-texas HTTP/1.1" 200 17141 "-" "Mozilla/5.0 (compatible; SemrushBot/7~bl; +http://www.semrush.com/bot.html)"
85.208.96.211 - - [09/Dec/2025:14:50:57 +0100] "GET /platby/aohwuyx/royal-purple-color-palette HTTP/1.1" 200 11075 "-" "Mozilla/5.0 (compatible; SemrushBot/7~bl; +http://www.semrush.com/bot.html)"
198.235.24.38 - - [09/Dec/2025:14:51:01 +0100] "GET / HTTP/1.1" 200 523 "-" "Hello from Palo Alto Networks, find out more about our scans in https://docs-cortex.paloaltonetworks.com/r/1/Cortex-Xpanse/Scanning-activity"
114.119.139.66 - - [09/Dec/2025:14:51:16 +0100] "GET /platby/article.php?5d4c26=romantic-break-up-letter HTTP/1.1" 200 6493 "http://ispc.klape.eu/platby/article.php?5d4c26=walt-disney-television-animation-buena-vista-international-television-effects" "Mozilla/5.0 (Linux; Android 7.0;) AppleWebKit/537.36 (KHTML, like Gecko) Mobile Safari/537.36 (compatible; PetalBot;+https://webmaster.petalsearch.com/site/petalbot)"
185.191.171.19 - - [09/Dec/2025:14:51:23 +0100] "GET /platby/hca/what-shops-are-open-in-reading-town-centre HTTP/1.1" 200 13179 "-" "Mozilla/5.0 (compatible; SemrushBot/7~bl; +http://www.semrush.com/bot.html)"
85.208.96.199 - - [09/Dec/2025:14:51:27 +0100] "GET /platby/uwoy9/ralph-lauren-corporation-wiki HTTP/1.1" 200 12625 "-" "Mozilla/5.0 (compatible; SemrushBot/7~bl; +http://www.semrush.com/bot.html)"
85.208.96.209 - - [09/Dec/2025:14:51:53 +0100] "GET /platby/uwoy9/nike-basketball-coaches-clinic-2021 HTTP/1.1" 200 13753 "-" "Mozilla/5.0 (compatible; SemrushBot/7~bl; +http://www.semrush.com/bot.html)"
114.119.129.163 - - [09/Dec/2025:14:52:42 +0100] "GET /platby/article.php?5d4c26=Queen-of-spade-card HTTP/1.1" 200 6342 "http://ispc.klape.eu/platby/article.php?5d4c26=st-george-planning-and-zoning" "Mozilla/5.0 (Linux; Android 7.0;) AppleWebKit/537.36 (KHTML, like Gecko) Mobile Safari/537.36 (compatible; PetalBot;+https://webmaster.petalsearch.com/site/petalbot)"
85.208.96.211 - - [09/Dec/2025:14:52:49 +0100] "GET /platby/qqap/lolo's-chicken-and-waffles-original-location HTTP/1.1" 200 10095 "-" "Mozilla/5.0 (compatible; SemrushBot/7~bl; +http://www.semrush.com/bot.html)"
85.208.96.197 - - [09/Dec/2025:14:52:51 +0100] "GET /platby/72zbxoz/how-to-grow-wormwood-from-cuttings HTTP/1.1" 200 9345 "-" "Mozilla/5.0 (compatible; SemrushBot/7~bl; +http://www.semrush.com/bot.html)"
85.208.96.195 - - [09/Dec/2025:14:53:23 +0100] "GET /platby/qqap/avalon-high-school-catalina-football HTTP/1.1" 200 13401 "-" "Mozilla/5.0 (compatible; SemrushBot/7~bl; +http://www.semrush.com/bot.html)"
85.208.96.200 - - [09/Dec/2025:14:53:25 +0100] "GET /platby/hca/black-lives-matter-essay HTTP/1.1" 200 6458 "-" "Mozilla/5.0 (compatible; SemrushBot/7~bl; +http://www.semrush.com/bot.html)"
185.191.171.18 - - [09/Dec/2025:14:53:59 +0100] "GET /platby/72zbxoz/what-are-the-key-values-of-inclusive-culture HTTP/1.1" 200 9079 "-" "Mozilla/5.0 (compatible; SemrushBot/7~bl; +http://www.semrush.com/bot.html)"
85.208.96.211 - - [09/Dec/2025:14:54:07 +0100] "GET /platby/uwoy9/keith-kirkwood-contract HTTP/1.1" 200 11316 "-" "Mozilla/5.0 (compatible; SemrushBot/7~bl; +http://www.semrush.com/bot.html)"
114.119.149.2 - - [09/Dec/2025:14:54:10 +0100] "GET /platby/article.php?5d4c26=lovers-in-japan-(acoustic) HTTP/1.1" 200 7925 "http://ispc.klape.eu/platby/article.php?5d4c26=yeti-tundra-45-review" "Mozilla/5.0 (Linux; Android 7.0;) AppleWebKit/537.36 (KHTML, like Gecko) Mobile Safari/537.36 (compatible; PetalBot;+https://webmaster.petalsearch.com/site/petalbot)"
85.208.96.197 - - [09/Dec/2025:14:54:19 +0100] "GET /platby/qqap/diversity-consultant-rfp-2021 HTTP/1.1" 200 7999 "-" "Mozilla/5.0 (compatible; SemrushBot/7~bl; +http://www.semrush.com/bot.html)"
3.130.96.91 - - [09/Dec/2025:14:54:20 +0100] "GET / HTTP/1.1" 403 224 "-" "cypex.ai/scanning Mozilla/5.0 (Macintosh; Intel Mac OS X 10_15_7) Chrome/126.0.0.0 Safari/537.36"
51.159.71.186 - - [09/Dec/2025:14:54:34 +0100] "\x16\x03\x01\x05\xdf\x01" 403 265 "-" "-"
195.177.94.189 - - [09/Dec/2025:14:54:33 +0100] "GET /phpmyadmin/scripts/setup.php HTTP/1.1" 200 11106 "-" "Mozilla/4.0 (compatible; MSIE 6.0; MSIE 5.5; Windows NT 5.1) Opera 7.01 [en]"
195.177.94.189 - - [09/Dec/2025:14:54:34 +0100] "POST /phpmyadmin/scripts/setup.php HTTP/1.1" 200 18608 "http://109.105.49.240:8081/phpmyadmin/scripts/setup.php" "Mozilla/4.0 (compatible; MSIE 6.0; MSIE 5.5; Windows NT 5.1) Opera 7.01 [en]"
85.208.96.208 - - [09/Dec/2025:14:54:39 +0100] "GET /platby/72zbxoz/michigan-p-ebt-phone-number HTTP/1.1" 200 11575 "-" "Mozilla/5.0 (compatible; SemrushBot/7~bl; +http://www.semrush.com/bot.html)"
3.130.96.91 - - [09/Dec/2025:14:54:39 +0100] "GET / HTTP/1.1" 403 224 "-" "cypex.ai/scanning Mozilla/5.0 (Macintosh; Intel Mac OS X 10_15_7) Chrome/126.0.0.0 Safari/537.36"
85.208.96.196 - - [09/Dec/2025:14:54:47 +0100] "GET /platby/qqap/five-functions-of-a-village HTTP/1.1" 200 7325 "-" "Mozilla/5.0 (compatible; SemrushBot/7~bl; +http://www.semrush.com/bot.html)"
204.76.203.206 - - [09/Dec/2025:14:54:52 +0100] "GET /" 400 468 "-" "-"
185.191.171.17 - - [09/Dec/2025:14:54:58 +0100] "GET /platby/uwoy9/extreme-football-league-2020-schedule HTTP/1.1" 200 13354 "-" "Mozilla/5.0 (compatible; SemrushBot/7~bl; +http://www.semrush.com/bot.html)"
85.208.96.197 - - [09/Dec/2025:14:55:22 +0100] "GET /platby/qqap/licorice-pronunciation HTTP/1.1" 200 9784 "-" "Mozilla/5.0 (compatible; SemrushBot/7~bl; +http://www.semrush.com/bot.html)"
114.119.139.112 - - [09/Dec/2025:14:55:33 +0100] "GET /platby/aohwuyx/anne-with-an-e-who-does-jerry-marry HTTP/1.1" 200 11964 "http://ispc.klape.eu/platby/aohwuyx/coming-to-our-senses-neil-degrasse-tyson" "Mozilla/5.0 (Linux; Android 7.0;) AppleWebKit/537.36 (KHTML, like Gecko) Mobile Safari/537.36 (compatible; PetalBot;+https://webmaster.petalsearch.com/site/petalbot)"
195.177.94.189 - - [09/Dec/2025:14:55:40 +0100] "GET /phpmyadmin/scripts/setup.php HTTP/1.1" 200 11105 "-" "Mozilla/4.0 (compatible; MSIE 6.0; MSIE 5.5; Windows NT 5.1) Opera 7.01 [en]"
195.177.94.189 - - [09/Dec/2025:14:55:40 +0100] "POST /phpmyadmin/scripts/setup.php HTTP/1.1" 200 18608 "http://109.105.49.240:443/phpmyadmin/scripts/setup.php" "Mozilla/4.0 (compatible; MSIE 6.0; MSIE 5.5; Windows NT 5.1) Opera 7.01 [en]"
185.191.171.18 - - [09/Dec/2025:14:56:18 +0100] "GET /platby/uwoy9/thomas-mann-dr-faustus-interpretation HTTP/1.1" 200 15104 "-" "Mozilla/5.0 (compatible; SemrushBot/7~bl; +http://www.semrush.com/bot.html)"
85.208.96.205 - - [09/Dec/2025:14:56:20 +0100] "GET /platby/hca/how-to-pronounce-discriminative HTTP/1.1" 200 9109 "-" "Mozilla/5.0 (compatible; SemrushBot/7~bl; +http://www.semrush.com/bot.html)"
3.130.96.91 - - [09/Dec/2025:14:56:20 +0100] "SSH-2.0-Go" 403 265 "-" "-"
204.76.203.206 - - [09/Dec/2025:14:56:22 +0100] "GET / HTTP/1.1" 200 316 "-" "Mozilla/5.0 (Windows NT 10.0; Win64; x64) AppleWebKit/537.36 (KHTML, like Gecko) Chrome/90.0.4430.85 Safari/537.36 Edg/90.0.818.46"
114.119.129.163 - - [09/Dec/2025:14:56:58 +0100] "GET /platby/72zbxoz/one-man-can-make-a-difference-knight-rider HTTP/1.1" 200 12336 "http://ispc.klape.eu/platby/72zbxoz/one-man-can-make-a-difference-knight-rider" "Mozilla/5.0 (Linux; Android 7.0;) AppleWebKit/537.36 (KHTML, like Gecko) Mobile Safari/537.36 (compatible; PetalBot;+https://webmaster.petalsearch.com/site/petalbot)"
185.191.171.2 - - [09/Dec/2025:14:57:13 +0100] "GET /platby/qqap/chicago-soccer-academy HTTP/1.1" 200 6738 "-" "Mozilla/5.0 (compatible; SemrushBot/7~bl; +http://www.semrush.com/bot.html)"
85.208.96.197 - - [09/Dec/2025:14:57:35 +0100] "GET /platby/aohwuyx/when-does-g-league-start-2021 HTTP/1.1" 200 14101 "-" "Mozilla/5.0 (compatible; SemrushBot/7~bl; +http://www.semrush.com/bot.html)"
85.208.96.197 - - [09/Dec/2025:14:57:43 +0100] "GET /platby/72zbxoz/responsive-portfolio-gallery-codepen HTTP/1.1" 200 13494 "-" "Mozilla/5.0 (compatible; SemrushBot/7~bl; +http://www.semrush.com/bot.html)"
85.208.96.193 - - [09/Dec/2025:14:57:45 +0100] "GET /platby/72zbxoz/judson-university-tuition HTTP/1.1" 200 8388 "-" "Mozilla/5.0 (compatible; SemrushBot/7~bl; +http://www.semrush.com/bot.html)"
47.128.43.199 - - [09/Dec/2025:14:57:55 +0100] "\x16\x03\x01\x06\xf6\x01" 403 265 "-" "-"
47.128.31.86 - - [09/Dec/2025:14:57:56 +0100] "\x16\x03\x01\x02" 403 265 "-" "-"
85.208.96.206 - - [09/Dec/2025:14:57:56 +0100] "GET /platby/72zbxoz/jessica-henwick-photos HTTP/1.1" 200 11152 "-" "Mozilla/5.0 (compatible; SemrushBot/7~bl; +http://www.semrush.com/bot.html)"
47.128.43.199 - - [09/Dec/2025:14:57:56 +0100] "\x16\x03\x01\x07\x16\x01" 403 265 "-" "-"
185.191.171.16 - - [09/Dec/2025:14:58:03 +0100] "GET /platby/qqap/types-of-employee-stock-option-plan HTTP/1.1" 200 6848 "-" "Mozilla/5.0 (compatible; SemrushBot/7~bl; +http://www.semrush.com/bot.html)"
85.208.96.197 - - [09/Dec/2025:14:58:07 +0100] "GET /platby/hca/michael-page-vs-derek-anderson HTTP/1.1" 200 9104 "-" "Mozilla/5.0 (compatible; SemrushBot/7~bl; +http://www.semrush.com/bot.html)"
85.208.96.200 - - [09/Dec/2025:14:58:11 +0100] "GET /platby/uwoy9/most-beautiful-poems-about-love HTTP/1.1" 200 8904 "-" "Mozilla/5.0 (compatible; SemrushBot/7~bl; +http://www.semrush.com/bot.html)"
74.7.230.10 - - [09/Dec/2025:14:58:49 +0100] "\x16\x03\x01\x01\x04\x01" 403 265 "-" "-"
74.7.230.10 - - [09/Dec/2025:14:58:50 +0100] "\x16\x03\x01\x02" 403 265 "-" "-"
74.7.230.10 - - [09/Dec/2025:14:58:50 +0100] "\x16\x03\x01\x02" 403 265 "-" "-"
185.191.171.16 - - [09/Dec/2025:14:59:01 +0100] "GET /platby/qqap/morningstar-managed-portfolios-phone-number HTTP/1.1" 200 10518 "-" "Mozilla/5.0 (compatible; SemrushBot/7~bl; +http://www.semrush.com/bot.html)"
54.166.126.132 - - [09/Dec/2025:14:59:01 +0100] "GET /platby/72zbxoz/tyson-chandler-height HTTP/1.1" 200 6996 "-" "Mozilla/5.0 AppleWebKit/537.36 (KHTML, like Gecko; compatible; Amazonbot/0.1; +https://developer.amazon.com/support/amazonbot) Chrome/119.0.6045.214 Safari/537.36"
185.191.171.5 - - [09/Dec/2025:14:59:04 +0100] "GET /platby/qqap/hannah-levinson-nyu-stern HTTP/1.1" 200 10170 "-" "Mozilla/5.0 (compatible; SemrushBot/7~bl; +http://www.semrush.com/bot.html)"
44.195.145.102 - - [09/Dec/2025:14:59:06 +0100] "GET /platby/72zbxoz/avatar:-the-last-airbender HTTP/1.1" 200 8359 "-" "Mozilla/5.0 AppleWebKit/537.36 (KHTML, like Gecko; compatible; Amazonbot/0.1; +https://developer.amazon.com/support/amazonbot) Chrome/119.0.6045.214 Safari/537.36"
3.229.2.217 - - [09/Dec/2025:14:59:09 +0100] "GET /platby/72zbxoz/disneyland-california-adventure-hours HTTP/1.1" 200 12433 "-" "Mozilla/5.0 AppleWebKit/537.36 (KHTML, like Gecko; compatible; Amazonbot/0.1; +https://developer.amazon.com/support/amazonbot) Chrome/119.0.6045.214 Safari/537.36"
85.208.96.211 - - [09/Dec/2025:14:59:13 +0100] "GET /robots.txt HTTP/1.1" 200 54 "-" "Mozilla/5.0 (compatible; SemrushBot/7~bl; +http://www.semrush.com/bot.html)"
185.191.171.5 - - [09/Dec/2025:14:59:13 +0100] "GET /platby/uwoy9/bones-brigade-animal-chin-hawaii HTTP/1.1" 200 12351 "-" "Mozilla/5.0 (compatible; SemrushBot/7~bl; +http://www.semrush.com/bot.html)"
18.204.89.56 - - [09/Dec/2025:14:59:14 +0100] "GET /platby/72zbxoz/words-that-rhyme-with-hear HTTP/1.1" 200 9535 "-" "Mozilla/5.0 AppleWebKit/537.36 (KHTML, like Gecko; compatible; Amazonbot/0.1; +https://developer.amazon.com/support/amazonbot) Chrome/119.0.6045.214 Safari/537.36"
52.44.229.124 - - [09/Dec/2025:14:59:17 +0100] "GET /platby/72zbxoz/designer-baby-girl-clothes HTTP/1.1" 200 9363 "-" "Mozilla/5.0 AppleWebKit/537.36 (KHTML, like Gecko; compatible; Amazonbot/0.1; +https://developer.amazon.com/support/amazonbot) Chrome/119.0.6045.214 Safari/537.36"
34.206.212.24 - - [09/Dec/2025:14:59:20 +0100] "GET /platby/72zbxoz/livingston-pars-email HTTP/1.1" 200 13777 "-" "Mozilla/5.0 AppleWebKit/537.36 (KHTML, like Gecko; compatible; Amazonbot/0.1; +https://developer.amazon.com/support/amazonbot) Chrome/119.0.6045.214 Safari/537.36"
85.208.96.210 - - [09/Dec/2025:14:59:39 +0100] "GET /platby/uwoy9/jordan-henderson-fifa-11 HTTP/1.1" 200 11643 "-" "Mozilla/5.0 (compatible; SemrushBot/7~bl; +http://www.semrush.com/bot.html)"
3.130.96.91 - - [09/Dec/2025:14:59:39 +0100] "\x16\x03\x01" 403 265 "-" "-"
85.208.96.204 - - [09/Dec/2025:15:00:26 +0100] "GET /platby/aohwuyx/embarcadero-san-diego-address HTTP/1.1" 200 8825 "-" "Mozilla/5.0 (compatible; SemrushBot/7~bl; +http://www.semrush.com/bot.html)"
185.191.171.9 - - [09/Dec/2025:15:00:38 +0100] "GET /platby/uwoy9/xavier-mcdaniel-career-earnings HTTP/1.1" 200 14065 "-" "Mozilla/5.0 (compatible; SemrushBot/7~bl; +http://www.semrush.com/bot.html)"
3.130.96.91 - - [09/Dec/2025:15:01:04 +0100] "\x16\x03\x01" 403 265 "-" "-"
141.98.11.170 - - [09/Dec/2025:15:01:13 +0100] "GET /" 400 468 "-" "-"
148.178.33.248 - - [09/Dec/2025:15:01:22 +0100] "\x16\x03\x03\x01\x82\x01" 403 265 "-" "-"
185.191.171.9 - - [09/Dec/2025:15:01:23 +0100] "GET /platby/qqap/fifa-club-world-cup-2019-final HTTP/1.1" 200 10771 "-" "Mozilla/5.0 (compatible; SemrushBot/7~bl; +http://www.semrush.com/bot.html)"
113.186.189.58 - - [09/Dec/2025:15:01:23 +0100] "\x16\x03\x03\x01\x82\x01" 403 265 "-" "-"
85.208.96.203 - - [09/Dec/2025:15:01:38 +0100] "GET /platby/72zbxoz/daniel-alexander-cricbuzz HTTP/1.1" 200 13604 "-" "Mozilla/5.0 (compatible; SemrushBot/7~bl; +http://www.semrush.com/bot.html)"
185.191.171.14 - - [09/Dec/2025:15:01:40 +0100] "GET /platby/aohwuyx/marshall-space-flight-center-location HTTP/1.1" 200 12525 "-" "Mozilla/5.0 (compatible; SemrushBot/7~bl; +http://www.semrush.com/bot.html)"
185.191.171.19 - - [09/Dec/2025:15:01:45 +0100] "GET /platby/qqap/warwick-business-school-mba HTTP/1.1" 200 13071 "-" "Mozilla/5.0 (compatible; SemrushBot/7~bl; +http://www.semrush.com/bot.html)"
185.191.171.8 - - [09/Dec/2025:15:01:48 +0100] "GET /platby/uwoy9/sacred-hearts-sun-prairie-school HTTP/1.1" 200 13368 "-" "Mozilla/5.0 (compatible; SemrushBot/7~bl; +http://www.semrush.com/bot.html)"
85.208.96.199 - - [09/Dec/2025:15:02:12 +0100] "GET /platby/uwoy9/airtel-payment-bank-current-account HTTP/1.1" 200 14564 "-" "Mozilla/5.0 (compatible; SemrushBot/7~bl; +http://www.semrush.com/bot.html)"
185.191.171.4 - - [09/Dec/2025:15:02:18 +0100] "GET /platby/72zbxoz/time-well-spent-logbook HTTP/1.1" 200 10194 "-" "Mozilla/5.0 (compatible; SemrushBot/7~bl; +http://www.semrush.com/bot.html)"
85.208.96.197 - - [09/Dec/2025:15:02:26 +0100] "GET /platby/hca/rocket-propulsion-is-based-on-which-principle HTTP/1.1" 200 11210 "-" "Mozilla/5.0 (compatible; SemrushBot/7~bl; +http://www.semrush.com/bot.html)"
85.208.96.211 - - [09/Dec/2025:15:02:38 +0100] "GET /platby/aohwuyx/when-do-magnolia-trees-bloom-in-north-carolina HTTP/1.1" 200 9614 "-" "Mozilla/5.0 (compatible; SemrushBot/7~bl; +http://www.semrush.com/bot.html)"
78.153.140.218 - - [09/Dec/2025:15:02:42 +0100] "\x16\x03\x01" 403 265 "-" "-"
78.153.140.218 - - [09/Dec/2025:15:02:42 +0100] "\x16\x03\x01" 403 265 "-" "-"
185.191.171.14 - - [09/Dec/2025:15:02:55 +0100] "GET /platby/uwoy9/mullein-extract-for-lungs HTTP/1.1" 200 13135 "-" "Mozilla/5.0 (compatible; SemrushBot/7~bl; +http://www.semrush.com/bot.html)"
185.191.171.10 - - [09/Dec/2025:15:02:57 +0100] "GET /platby/uwoy9/samsung-a31-fingerprint-not-working HTTP/1.1" 200 11505 "-" "Mozilla/5.0 (compatible; SemrushBot/7~bl; +http://www.semrush.com/bot.html)"
85.208.96.194 - - [09/Dec/2025:15:03:10 +0100] "GET /platby/aohwuyx/tyler-rogers'-twin-brother HTTP/1.1" 200 10241 "-" "Mozilla/5.0 (compatible; SemrushBot/7~bl; +http://www.semrush.com/bot.html)"
85.208.96.200 - - [09/Dec/2025:15:03:41 +0100] "GET /platby/uwoy9/faith-and-reason:-philosophers-explain HTTP/1.1" 200 12908 "-" "Mozilla/5.0 (compatible; SemrushBot/7~bl; +http://www.semrush.com/bot.html)"
185.191.171.18 - - [09/Dec/2025:15:04:12 +0100] "GET /platby/uwoy9/inadequate-permissions-to-connect-to-project-web-app HTTP/1.1" 200 12832 "-" "Mozilla/5.0 (compatible; SemrushBot/7~bl; +http://www.semrush.com/bot.html)"
185.191.171.2 - - [09/Dec/2025:15:04:36 +0100] "GET /platby/qqap/majek-fashek-music-videos HTTP/1.1" 200 10996 "-" "Mozilla/5.0 (compatible; SemrushBot/7~bl; +http://www.semrush.com/bot.html)"
185.191.171.11 - - [09/Dec/2025:15:05:26 +0100] "GET /platby/uwoy9/full-hd-1080p-webcam-driver-for-mac HTTP/1.1" 200 13092 "-" "Mozilla/5.0 (compatible; SemrushBot/7~bl; +http://www.semrush.com/bot.html)"
85.208.96.198 - - [09/Dec/2025:15:05:30 +0100] "GET /platby/hca/godly-smoothies-nutrition-facts HTTP/1.1" 200 10947 "-" "Mozilla/5.0 (compatible; SemrushBot/7~bl; +http://www.semrush.com/bot.html)"
185.191.171.1 - - [09/Dec/2025:15:05:44 +0100] "GET /platby/aohwuyx/detroit-lions-first-round-pick-2021 HTTP/1.1" 200 7650 "-" "Mozilla/5.0 (compatible; SemrushBot/7~bl; +http://www.semrush.com/bot.html)"
185.191.171.1 - - [09/Dec/2025:15:05:47 +0100] "GET /platby/hca/cheap-midfielders-fifa-21 HTTP/1.1" 200 6927 "-" "Mozilla/5.0 (compatible; SemrushBot/7~bl; +http://www.semrush.com/bot.html)"
47.128.116.233 - - [09/Dec/2025:15:06:15 +0100] "GET /robots.txt HTTP/1.1" 200 54 "-" "Mozilla/5.0 (Linux; Android 5.0) AppleWebKit/537.36 (KHTML, like Gecko) Mobile Safari/537.36 (compatible; Bytespider; spider-feedback@bytedance.com)"
185.191.171.9 - - [09/Dec/2025:15:06:19 +0100] "GET /platby/uwoy9/quotes-about-cactus-thorns HTTP/1.1" 200 15497 "-" "Mozilla/5.0 (compatible; SemrushBot/7~bl; +http://www.semrush.com/bot.html)"
185.191.171.12 - - [09/Dec/2025:15:06:28 +0100] "GET /platby/72zbxoz/alabama-forestry-association HTTP/1.1" 200 9044 "-" "Mozilla/5.0 (compatible; SemrushBot/7~bl; +http://www.semrush.com/bot.html)"
185.191.171.3 - - [09/Dec/2025:15:06:29 +0100] "GET /platby/qqap/multi-game-arcade-machine-walmart HTTP/1.1" 200 6687 "-" "Mozilla/5.0 (compatible; SemrushBot/7~bl; +http://www.semrush.com/bot.html)"
185.191.171.13 - - [09/Dec/2025:15:06:34 +0100] "GET /platby/aohwuyx/iowa-central-elite-basketball HTTP/1.1" 200 13436 "-" "Mozilla/5.0 (compatible; SemrushBot/7~bl; +http://www.semrush.com/bot.html)"
185.191.171.18 - - [09/Dec/2025:15:06:39 +0100] "GET /platby/aohwuyx/what-is-illegal-under-antitrust-laws HTTP/1.1" 200 8231 "-" "Mozilla/5.0 (compatible; SemrushBot/7~bl; +http://www.semrush.com/bot.html)"
85.208.96.201 - - [09/Dec/2025:15:06:45 +0100] "GET /platby/72zbxoz/playland-tickets-2021 HTTP/1.1" 200 12283 "-" "Mozilla/5.0 (compatible; SemrushBot/7~bl; +http://www.semrush.com/bot.html)"
85.208.96.212 - - [09/Dec/2025:15:06:49 +0100] "GET /platby/72zbxoz/ormat-technologies-stock HTTP/1.1" 200 7718 "-" "Mozilla/5.0 (compatible; SemrushBot/7~bl; +http://www.semrush.com/bot.html)"
185.191.171.16 - - [09/Dec/2025:15:07:27 +0100] "GET /platby/hca/john-williams-academy-awards HTTP/1.1" 200 9611 "-" "Mozilla/5.0 (compatible; SemrushBot/7~bl; +http://www.semrush.com/bot.html)"
205.210.31.210 - - [09/Dec/2025:15:07:31 +0100] "GET /" 400 468 "-" "-"
185.191.171.11 - - [09/Dec/2025:15:07:34 +0100] "GET /platby/72zbxoz/george-baker-selection---little-green-bag-album HTTP/1.1" 200 10788 "-" "Mozilla/5.0 (compatible; SemrushBot/7~bl; +http://www.semrush.com/bot.html)"
185.191.171.17 - - [09/Dec/2025:15:07:50 +0100] "GET /platby/aohwuyx/motor-current-signature-analysis-siemens HTTP/1.1" 200 8203 "-" "Mozilla/5.0 (compatible; SemrushBot/7~bl; +http://www.semrush.com/bot.html)"
185.191.171.13 - - [09/Dec/2025:15:08:00 +0100] "GET /platby/hca/antony-auclair-number HTTP/1.1" 200 9812 "-" "Mozilla/5.0 (compatible; SemrushBot/7~bl; +http://www.semrush.com/bot.html)"
85.208.96.211 - - [09/Dec/2025:15:08:54 +0100] "GET /platby/aohwuyx/dk-metcalf-bench-press-record HTTP/1.1" 200 12814 "-" "Mozilla/5.0 (compatible; SemrushBot/7~bl; +http://www.semrush.com/bot.html)"
185.191.171.14 - - [09/Dec/2025:15:09:23 +0100] "GET /platby/hca/django-delete-session-on-logout HTTP/1.1" 200 11632 "-" "Mozilla/5.0 (compatible; SemrushBot/7~bl; +http://www.semrush.com/bot.html)"
85.208.96.198 - - [09/Dec/2025:15:09:32 +0100] "GET /platby/aohwuyx/phone-repairs-new-plymouth HTTP/1.1" 200 9082 "-" "Mozilla/5.0 (compatible; SemrushBot/7~bl; +http://www.semrush.com/bot.html)"
185.191.171.13 - - [09/Dec/2025:15:09:41 +0100] "GET /platby/72zbxoz/august-martin-high-school-covid-vaccine HTTP/1.1" 200 11992 "-" "Mozilla/5.0 (compatible; SemrushBot/7~bl; +http://www.semrush.com/bot.html)"
185.191.171.14 - - [09/Dec/2025:15:09:49 +0100] "GET /platby/hca/frank-vincent-footballer HTTP/1.1" 200 11828 "-" "Mozilla/5.0 (compatible; SemrushBot/7~bl; +http://www.semrush.com/bot.html)"
85.208.96.209 - - [09/Dec/2025:15:10:09 +0100] "GET /platby/hca/organizational-change-management-plan-example HTTP/1.1" 200 12011 "-" "Mozilla/5.0 (compatible; SemrushBot/7~bl; +http://www.semrush.com/bot.html)"
85.208.96.199 - - [09/Dec/2025:15:10:25 +0100] "GET /platby/qqap/bronco-sport-drive-modes HTTP/1.1" 200 9038 "-" "Mozilla/5.0 (compatible; SemrushBot/7~bl; +http://www.semrush.com/bot.html)"
185.191.171.12 - - [09/Dec/2025:15:10:30 +0100] "GET /platby/uwoy9/fritos-honey-bbq-twists-canada HTTP/1.1" 200 13278 "-" "Mozilla/5.0 (compatible; SemrushBot/7~bl; +http://www.semrush.com/bot.html)"
185.191.171.18 - - [09/Dec/2025:15:10:50 +0100] "GET /platby/hca/comedian-actor-and-presenter-james HTTP/1.1" 200 10806 "-" "Mozilla/5.0 (compatible; SemrushBot/7~bl; +http://www.semrush.com/bot.html)"
85.208.96.201 - - [09/Dec/2025:15:10:52 +0100] "GET /platby/uwoy9/winter-challenge-program-in-python-swapna HTTP/1.1" 200 13388 "-" "Mozilla/5.0 (compatible; SemrushBot/7~bl; +http://www.semrush.com/bot.html)"
185.191.171.11 - - [09/Dec/2025:15:11:11 +0100] "GET /platby/aohwuyx/constancy-definition-psychology HTTP/1.1" 200 8705 "-" "Mozilla/5.0 (compatible; SemrushBot/7~bl; +http://www.semrush.com/bot.html)"
85.208.96.208 - - [09/Dec/2025:15:12:15 +0100] "GET /platby/hca/solarwinds-down-detector HTTP/1.1" 200 8095 "-" "Mozilla/5.0 (compatible; SemrushBot/7~bl; +http://www.semrush.com/bot.html)"
185.191.171.14 - - [09/Dec/2025:15:12:39 +0100] "GET /platby/qqap/strongest-summoning-in-boruto HTTP/1.1" 200 12993 "-" "Mozilla/5.0 (compatible; SemrushBot/7~bl; +http://www.semrush.com/bot.html)"
185.191.171.15 - - [09/Dec/2025:15:12:44 +0100] "GET /platby/hca/david-montgomery-washington-post HTTP/1.1" 200 12220 "-" "Mozilla/5.0 (compatible; SemrushBot/7~bl; +http://www.semrush.com/bot.html)"
185.191.171.11 - - [09/Dec/2025:15:12:47 +0100] "GET /platby/72zbxoz/darren-moore-obituary HTTP/1.1" 200 14023 "-" "Mozilla/5.0 (compatible; SemrushBot/7~bl; +http://www.semrush.com/bot.html)"
85.208.96.199 - - [09/Dec/2025:15:12:50 +0100] "GET /platby/aohwuyx/naseeruddin-shah-pakistan HTTP/1.1" 200 11758 "-" "Mozilla/5.0 (compatible; SemrushBot/7~bl; +http://www.semrush.com/bot.html)"
204.76.203.206 - - [09/Dec/2025:15:13:24 +0100] "GET /" 400 468 "-" "-"
176.65.149.34 - - [09/Dec/2025:15:13:26 +0100] "GET /index.htm HTTP/1.1" 404 273 "-" "Mozilla/5.0"
176.65.149.34 - - [09/Dec/2025:15:13:27 +0100] "GET / HTTP/1.1" 200 516 "-" "-"
176.65.149.34 - - [09/Dec/2025:15:13:29 +0100] "\x16\x03\x01\x05\xac\x01" 501 273 "-" "-"
176.65.149.34 - - [09/Dec/2025:15:13:29 +0100] "1111\x0c\x01" 400 291 "-" "-"
176.65.149.34 - - [09/Dec/2025:15:13:29 +0100] "1111\x88" 501 272 "-" "-"
185.191.171.4 - - [09/Dec/2025:15:13:29 +0100] "GET /platby/qqap/alcorn-state-university HTTP/1.1" 200 12272 "-" "Mozilla/5.0 (compatible; SemrushBot/7~bl; +http://www.semrush.com/bot.html)"
176.65.149.34 - - [09/Dec/2025:15:13:30 +0100] "1111\x88" 501 272 "-" "-"
176.65.149.34 - - [09/Dec/2025:15:13:31 +0100] "1111\x88" 501 272 "-" "-"
85.208.96.202 - - [09/Dec/2025:15:13:52 +0100] "GET /platby/uwoy9/private-schools-cheltenham HTTP/1.1" 200 8661 "-" "Mozilla/5.0 (compatible; SemrushBot/7~bl; +http://www.semrush.com/bot.html)"
85.208.96.204 - - [09/Dec/2025:15:13:59 +0100] "GET /platby/qqap/responsive-about-us-page-codepen HTTP/1.1" 200 10210 "-" "Mozilla/5.0 (compatible; SemrushBot/7~bl; +http://www.semrush.com/bot.html)"
185.191.171.5 - - [09/Dec/2025:15:14:09 +0100] "GET /platby/72zbxoz/houston-astros-starting-pitchers-2021 HTTP/1.1" 200 10239 "-" "Mozilla/5.0 (compatible; SemrushBot/7~bl; +http://www.semrush.com/bot.html)"
85.208.96.204 - - [09/Dec/2025:15:14:19 +0100] "GET /platby/qqap/equity-consultant-job-description HTTP/1.1" 200 11450 "-" "Mozilla/5.0 (compatible; SemrushBot/7~bl; +http://www.semrush.com/bot.html)"
85.208.96.200 - - [09/Dec/2025:15:14:21 +0100] "GET /platby/hca/florida-cracker-horse-association HTTP/1.1" 200 8293 "-" "Mozilla/5.0 (compatible; SemrushBot/7~bl; +http://www.semrush.com/bot.html)"
204.76.203.206 - - [09/Dec/2025:15:14:28 +0100] "GET / HTTP/1.1" 200 316 "-" "Mozilla/5.0 (Windows NT 10.0; Win64; x64) AppleWebKit/537.36 (KHTML, like Gecko) Chrome/90.0.4430.85 Safari/537.36 Edg/90.0.818.46"
85.208.96.197 - - [09/Dec/2025:15:14:33 +0100] "GET /platby/72zbxoz/charles-sonny''-pagano HTTP/1.1" 200 10069 "-" "Mozilla/5.0 (compatible; SemrushBot/7~bl; +http://www.semrush.com/bot.html)"
185.191.171.11 - - [09/Dec/2025:15:14:40 +0100] "GET /platby/hca/we-belong-together-cast-mariah-carey HTTP/1.1" 200 6197 "-" "Mozilla/5.0 (compatible; SemrushBot/7~bl; +http://www.semrush.com/bot.html)"
85.208.96.194 - - [09/Dec/2025:15:14:42 +0100] "GET /platby/uwoy9/why-do-mountain-laurel-leaves-turn-brown HTTP/1.1" 200 10400 "-" "Mozilla/5.0 (compatible; SemrushBot/7~bl; +http://www.semrush.com/bot.html)"
185.191.171.18 - - [09/Dec/2025:15:14:51 +0100] "GET /platby/aohwuyx/poisonous-plants-for-dogs-in-florida HTTP/1.1" 200 15757 "-" "Mozilla/5.0 (compatible; SemrushBot/7~bl; +http://www.semrush.com/bot.html)"
185.191.171.19 - - [09/Dec/2025:15:14:52 +0100] "GET /platby/qqap/ottawa-university-jobs HTTP/1.1" 200 11614 "-" "Mozilla/5.0 (compatible; SemrushBot/7~bl; +http://www.semrush.com/bot.html)"
185.191.171.4 - - [09/Dec/2025:15:15:25 +0100] "GET /platby/uwoy9/diversity-and-inclusion-education-programs HTTP/1.1" 200 14378 "-" "Mozilla/5.0 (compatible; SemrushBot/7~bl; +http://www.semrush.com/bot.html)"
185.191.171.12 - - [09/Dec/2025:15:15:48 +0100] "GET /platby/qqap/private-beach-house-rentals-uk HTTP/1.1" 200 13910 "-" "Mozilla/5.0 (compatible; SemrushBot/7~bl; +http://www.semrush.com/bot.html)"
204.76.203.212 - - [09/Dec/2025:15:16:57 +0100] "GET /" 400 468 "-" "-"
104.236.75.167 - - [09/Dec/2025:15:17:18 +0100] "\x16\x03\x01" 403 265 "-" "-"
185.191.171.12 - - [09/Dec/2025:15:17:47 +0100] "GET /platby/uwoy9/the-moody-blues-have-you-heard-part-two HTTP/1.1" 200 12124 "-" "Mozilla/5.0 (compatible; SemrushBot/7~bl; +http://www.semrush.com/bot.html)"
185.191.171.12 - - [09/Dec/2025:15:18:12 +0100] "GET /platby/uwoy9/the-moody-blues-have-you-heard-part-two HTTP/1.1" 200 12124 "-" "Mozilla/5.0 (compatible; SemrushBot/7~bl; +http://www.semrush.com/bot.html)"
185.191.171.6 - - [09/Dec/2025:15:18:22 +0100] "GET /platby/hca/property-management-merced,-ca HTTP/1.1" 200 7069 "-" "Mozilla/5.0 (compatible; SemrushBot/7~bl; +http://www.semrush.com/bot.html)"
185.191.171.14 - - [09/Dec/2025:15:18:29 +0100] "GET /platby/hca/god's-green-crack-strain HTTP/1.1" 200 7795 "-" "Mozilla/5.0 (compatible; SemrushBot/7~bl; +http://www.semrush.com/bot.html)"
185.191.171.14 - - [09/Dec/2025:15:18:34 +0100] "GET /platby/72zbxoz/dobbs-ferry-high-school-graduation HTTP/1.1" 200 10850 "-" "Mozilla/5.0 (compatible; SemrushBot/7~bl; +http://www.semrush.com/bot.html)"
185.191.171.1 - - [09/Dec/2025:15:18:36 +0100] "GET /platby/uwoy9/john-stones-fifa-20-potential HTTP/1.1" 200 11772 "-" "Mozilla/5.0 (compatible; SemrushBot/7~bl; +http://www.semrush.com/bot.html)"
185.191.171.8 - - [09/Dec/2025:15:18:37 +0100] "GET /platby/qqap/cloudy-thinking-synonym HTTP/1.1" 200 6294 "-" "Mozilla/5.0 (compatible; SemrushBot/7~bl; +http://www.semrush.com/bot.html)"
85.208.96.193 - - [09/Dec/2025:15:18:40 +0100] "GET /platby/uwoy9/california-school-rankings-by-city HTTP/1.1" 200 7309 "-" "Mozilla/5.0 (compatible; SemrushBot/7~bl; +http://www.semrush.com/bot.html)"
185.191.171.12 - - [09/Dec/2025:15:18:43 +0100] "GET /platby/aohwuyx/purple-lobelia-perennial HTTP/1.1" 200 8879 "-" "Mozilla/5.0 (compatible; SemrushBot/7~bl; +http://www.semrush.com/bot.html)"
85.208.96.198 - - [09/Dec/2025:15:18:51 +0100] "GET /platby/hca/workplace-culture-in-healthcare HTTP/1.1" 200 7040 "-" "Mozilla/5.0 (compatible; SemrushBot/7~bl; +http://www.semrush.com/bot.html)"
85.208.96.200 - - [09/Dec/2025:15:18:56 +0100] "GET /platby/aohwuyx/world-day-for-cultural-diversity-for-dialogue-and-development HTTP/1.1" 200 9838 "-" "Mozilla/5.0 (compatible; SemrushBot/7~bl; +http://www.semrush.com/bot.html)"
185.191.171.1 - - [09/Dec/2025:15:19:00 +0100] "GET /platby/72zbxoz/coastal-carolina-prospect-camp HTTP/1.1" 200 8192 "-" "Mozilla/5.0 (compatible; SemrushBot/7~bl; +http://www.semrush.com/bot.html)"
185.191.171.6 - - [09/Dec/2025:15:19:05 +0100] "GET /platby/qqap/latest-gold-jewellery-designs-2020 HTTP/1.1" 200 8657 "-" "Mozilla/5.0 (compatible; SemrushBot/7~bl; +http://www.semrush.com/bot.html)"
85.208.96.200 - - [09/Dec/2025:15:19:38 +0100] "GET /platby/72zbxoz/difference-between-marketing-executive-and-business-development-executive HTTP/1.1" 200 15118 "-" "Mozilla/5.0 (compatible; SemrushBot/7~bl; +http://www.semrush.com/bot.html)"
85.208.96.206 - - [09/Dec/2025:15:20:20 +0100] "GET /platby/aohwuyx/sushi-shop-promo-code HTTP/1.1" 200 9425 "-" "Mozilla/5.0 (compatible; SemrushBot/7~bl; +http://www.semrush.com/bot.html)"
85.208.96.210 - - [09/Dec/2025:15:20:31 +0100] "GET /platby/qqap/hashicorp-vault-tutorial HTTP/1.1" 200 10366 "-" "Mozilla/5.0 (compatible; SemrushBot/7~bl; +http://www.semrush.com/bot.html)"
198.235.24.12 - - [09/Dec/2025:15:20:52 +0100] "GET /" 400 468 "-" "-"
85.208.96.206 - - [09/Dec/2025:15:20:54 +0100] "GET /platby/72zbxoz/evil-eye-amulet-protection HTTP/1.1" 200 9154 "-" "Mozilla/5.0 (compatible; SemrushBot/7~bl; +http://www.semrush.com/bot.html)"
74.7.228.25 - - [09/Dec/2025:15:21:00 +0100] "\x16\x03\x01\x01" 403 265 "-" "-"
74.7.228.25 - - [09/Dec/2025:15:21:00 +0100] "\x16\x03\x01\x02" 403 265 "-" "-"
74.7.228.25 - - [09/Dec/2025:15:21:00 +0100] "\x16\x03\x01\x02" 403 265 "-" "-"
185.191.171.11 - - [09/Dec/2025:15:21:39 +0100] "GET /platby/aohwuyx/gwinnett-county-school-calendar-2021-2022 HTTP/1.1" 200 8955 "-" "Mozilla/5.0 (compatible; SemrushBot/7~bl; +http://www.semrush.com/bot.html)"
185.191.171.5 - - [09/Dec/2025:15:22:05 +0100] "GET /platby/hca/healthcare-construction-forecast-2021 HTTP/1.1" 200 9006 "-" "Mozilla/5.0 (compatible; SemrushBot/7~bl; +http://www.semrush.com/bot.html)"
185.191.171.6 - - [09/Dec/2025:15:22:10 +0100] "GET /platby/qqap/liquid-hydrogen-energy-density HTTP/1.1" 200 12974 "-" "Mozilla/5.0 (compatible; SemrushBot/7~bl; +http://www.semrush.com/bot.html)"
185.191.171.5 - - [09/Dec/2025:15:22:13 +0100] "GET /platby/72zbxoz/sebastian-lletget-fifa-rating HTTP/1.1" 200 10975 "-" "Mozilla/5.0 (compatible; SemrushBot/7~bl; +http://www.semrush.com/bot.html)"
85.208.96.201 - - [09/Dec/2025:15:22:21 +0100] "GET /platby/qqap/custom-flower-arrangements HTTP/1.1" 200 7443 "-" "Mozilla/5.0 (compatible; SemrushBot/7~bl; +http://www.semrush.com/bot.html)"
85.208.96.211 - - [09/Dec/2025:15:22:42 +0100] "GET /platby/qqap/latavius-murray-fantasy-outlook HTTP/1.1" 200 4668 "-" "Mozilla/5.0 (compatible; SemrushBot/7~bl; +http://www.semrush.com/bot.html)"
85.208.96.204 - - [09/Dec/2025:15:22:51 +0100] "GET /platby/72zbxoz/microsoft-contact-number HTTP/1.1" 200 9236 "-" "Mozilla/5.0 (compatible; SemrushBot/7~bl; +http://www.semrush.com/bot.html)"
85.208.96.197 - - [09/Dec/2025:15:22:57 +0100] "GET /platby/qqap/permanent-holiday-chords HTTP/1.1" 200 9413 "-" "Mozilla/5.0 (compatible; SemrushBot/7~bl; +http://www.semrush.com/bot.html)"
185.191.171.19 - - [09/Dec/2025:15:23:18 +0100] "GET /platby/qqap/southeastern-university HTTP/1.1" 200 7733 "-" "Mozilla/5.0 (compatible; SemrushBot/7~bl; +http://www.semrush.com/bot.html)"
185.191.171.1 - - [09/Dec/2025:15:23:26 +0100] "GET /platby/hca/logitech-webcam-with-microphone HTTP/1.1" 200 12159 "-" "Mozilla/5.0 (compatible; SemrushBot/7~bl; +http://www.semrush.com/bot.html)"
85.208.96.202 - - [09/Dec/2025:15:23:41 +0100] "GET /platby/72zbxoz/what-fish-live-in-the-mississippi-river HTTP/1.1" 200 9512 "-" "Mozilla/5.0 (compatible; SemrushBot/7~bl; +http://www.semrush.com/bot.html)"
223.185.133.8 - - [09/Dec/2025:15:24:21 +0100] "\x16\x03\x01\x01\xb7\x01" 403 265 "-" "-" scan.f6.security - - [09/Dec/2025:15:24:22 +0100] "GET /server-status HTTP/1.1" 403 228 "-" "Go-http-client/1.1"
223.185.133.8 - - [09/Dec/2025:15:24:26 +0100] "\x16\x03\x03" 403 265 "-" "-"
85.208.96.203 - - [09/Dec/2025:15:24:28 +0100] "GET /platby/hca/best-aesthetic-quizzes HTTP/1.1" 200 11505 "-" "Mozilla/5.0 (compatible; SemrushBot/7~bl; +http://www.semrush.com/bot.html)"
183.82.7.39 - - [09/Dec/2025:15:24:39 +0100] "\x16\x03\x01\x01\xba\x01" 403 265 "-" "-"
183.82.7.39 - - [09/Dec/2025:15:24:39 +0100] "\x16\x03\x03" 403 265 "-" "-"
85.208.96.195 - - [09/Dec/2025:15:24:41 +0100] "GET /platby/qqap/isoroku-yamamoto-statue HTTP/1.1" 200 7919 "-" "Mozilla/5.0 (compatible; SemrushBot/7~bl; +http://www.semrush.com/bot.html)"
85.208.96.210 - - [09/Dec/2025:15:25:09 +0100] "GET /platby/hca/severance-agreement-over-40 HTTP/1.1" 200 7759 "-" "Mozilla/5.0 (compatible; SemrushBot/7~bl; +http://www.semrush.com/bot.html)"
185.191.171.1 - - [09/Dec/2025:15:25:13 +0100] "GET /platby/aohwuyx/highest-paid-baseball-player-contract HTTP/1.1" 200 9988 "-" "Mozilla/5.0 (compatible; SemrushBot/7~bl; +http://www.semrush.com/bot.html)"
45.131.155.103 - - [09/Dec/2025:15:25:50 +0100] "\x16\x03\x01\x05\xd3\x01" 403 265 "-" "-"
45.131.155.103 - - [09/Dec/2025:15:25:51 +0100] "\x16\x03\x01\x05\xd0\x01" 403 265 "-" "-"
85.208.96.204 - - [09/Dec/2025:15:25:51 +0100] "GET /platby/hca/scottish-rite-dormitory HTTP/1.1" 200 10159 "-" "Mozilla/5.0 (compatible; SemrushBot/7~bl; +http://www.semrush.com/bot.html)"
45.131.155.103 - - [09/Dec/2025:15:25:51 +0100] "\x16\x03\x01\x05\xd4\x01" 403 265 "-" "-"
45.131.155.103 - - [09/Dec/2025:15:25:51 +0100] "\x16\x03\x01\x05\xd5\x01" 403 265 "-" "-"
45.131.155.103 - - [09/Dec/2025:15:25:51 +0100] "\x16\x03\x01\x05\xd7\x01" 403 265 "-" "-"
45.131.155.103 - - [09/Dec/2025:15:25:52 +0100] "\x16\x03\x01\x05\xd1\x01" 403 265 "-" "-"
45.131.155.103 - - [09/Dec/2025:15:25:52 +0100] "\x16\x03\x01\x05\xcf\x01" 403 265 "-" "-"
45.131.155.103 - - [09/Dec/2025:15:25:52 +0100] "\x16\x03\x01\x05\xd2\x01" 403 265 "-" "-"
45.131.155.103 - - [09/Dec/2025:15:25:52 +0100] "\x16\x03\x01\x05\xce\x01" 403 265 "-" "-"
45.131.155.103 - - [09/Dec/2025:15:25:52 +0100] "\x16\x03\x01\x05\xcf\x01" 403 265 "-" "-"
45.131.155.103 - - [09/Dec/2025:15:25:54 +0100] "\x16\x03\x01\x05\xd1\x01" 403 265 "-" "-"
45.131.155.103 - - [09/Dec/2025:15:25:55 +0100] "\x16\x03\x01\x05\xd2\x01" 403 265 "-" "-"
45.131.155.103 - - [09/Dec/2025:15:25:55 +0100] "\x16\x03\x01\x05\xcf\x01" 403 265 "-" "-"
45.131.155.103 - - [09/Dec/2025:15:25:56 +0100] "\x16\x03\x01\x05\xcc\x01" 403 265 "-" "-"
45.131.155.103 - - [09/Dec/2025:15:25:57 +0100] "\x16\x03\x01\x05\xe2\x01" 403 265 "-" "-"
45.131.155.103 - - [09/Dec/2025:15:25:58 +0100] "\x16\x03\x01\x05\xca\x01" 403 265 "-" "-"
45.131.155.103 - - [09/Dec/2025:15:25:58 +0100] "\x16\x03\x01\x05\xe2\x01" 403 265 "-" "-"
45.131.155.103 - - [09/Dec/2025:15:25:58 +0100] "\x16\x03\x01\x05\xd0\x01" 403 265 "-" "-"
45.131.155.103 - - [09/Dec/2025:15:25:58 +0100] "\x16\x03\x01\x05\xcc\x01" 403 265 "-" "-"
45.131.155.103 - - [09/Dec/2025:15:25:58 +0100] "\x16\x03\x01\x05\xd1\x01" 403 265 "-" "-"
45.131.155.103 - - [09/Dec/2025:15:26:00 +0100] "\x16\x03\x01\x05\xce\x01" 403 265 "-" "-"
45.131.155.103 - - [09/Dec/2025:15:26:01 +0100] "\x16\x03\x01\x05\xce\x01" 403 265 "-" "-"
45.131.155.103 - - [09/Dec/2025:15:26:01 +0100] "\x16\x03\x01\x05\xdf\x01" 403 265 "-" "-"
45.131.155.103 - - [09/Dec/2025:15:26:01 +0100] "\x16\x03\x01\x05\xcd\x01" 403 265 "-" "-"
85.208.96.204 - - [09/Dec/2025:15:26:01 +0100] "GET /platby/72zbxoz/shsat-handbook-2021-2022 HTTP/1.1" 200 8786 "-" "Mozilla/5.0 (compatible; SemrushBot/7~bl; +http://www.semrush.com/bot.html)"
45.131.155.103 - - [09/Dec/2025:15:26:01 +0100] "\x16\x03\x01\x05\xd4\x01" 403 265 "-" "-"
45.131.155.103 - - [09/Dec/2025:15:26:01 +0100] "\x16\x03\x01\x05\xcd\x01" 403 265 "-" "-"
45.131.155.103 - - [09/Dec/2025:15:26:03 +0100] "\x16\x03\x01\x05\xd0\x01" 403 265 "-" "-"
45.131.155.103 - - [09/Dec/2025:15:26:03 +0100] "\x16\x03\x01\x05\xd0\x01" 403 265 "-" "-"
45.131.155.103 - - [09/Dec/2025:15:26:03 +0100] "GET / HTTP/1.1" 403 223 "-" "Mozilla/5.0 (Macintosh; Intel Mac OS X 10_15_7) AppleWebKit/537.36 (KHTML, like Gecko) Chrome/130.0.0.0 Safari/537.36"
45.131.155.103 - - [09/Dec/2025:15:26:04 +0100] "GET / HTTP/1.1" 403 221 "-" "Mozilla/5.0 (X11; Ubuntu; Linux x86_64; rv:142.0) Gecko/20100101 Firefox/142.0"
45.131.155.103 - - [09/Dec/2025:15:26:05 +0100] "GET / HTTP/1.1" 403 224 "-" "Mozilla/5.0 (X11; Linux x86_64) AppleWebKit/537.36 (KHTML, like Gecko) Chrome/122.0.0.0 Safari/537.36"
45.131.155.103 - - [09/Dec/2025:15:26:06 +0100] "GET / HTTP/1.1" 403 224 "-" "Mozilla/5.0 (Windows NT 10.0; Win64; x64) AppleWebKit/537.36 (KHTML, like Gecko) Chrome/137.0.0.0 Safari/537.36"
45.131.155.103 - - [09/Dec/2025:15:26:06 +0100] "GET / HTTP/1.1" 403 226 "-" "Mozilla/5.0 (Macintosh; Intel Mac OS X 10_15_7) AppleWebKit/537.36 (KHTML, like Gecko) Chrome/122.0.0.0 Safari/537.36"
45.131.155.103 - - [09/Dec/2025:15:26:06 +0100] "GET / HTTP/1.1" 403 221 "-" "Mozilla/5.0 (Windows NT 10.0; Win64; x64; rv:128.0) Gecko/20100101 Firefox/128.0"
45.131.155.103 - - [09/Dec/2025:15:26:06 +0100] "GET / HTTP/1.1" 403 220 "-" "Mozilla/5.0 (Macintosh; Intel Mac OS X 10_15_7) AppleWebKit/537.36 (KHTML, like Gecko) Chrome/140.0.0.0 Safari/537.36 Edg/140.0.0.0"
45.131.155.103 - - [09/Dec/2025:15:26:06 +0100] "GET / HTTP/1.1" 403 221 "-" "Mozilla/5.0 (Windows NT 10.0; Win64; x64) AppleWebKit/537.36 (KHTML, like Gecko) Chrome/138.0.7204.97 Safari/537.36"
45.131.155.103 - - [09/Dec/2025:15:26:06 +0100] "GET / HTTP/1.1" 403 219 "-" "Mozilla/5.0 (Macintosh; Intel Mac OS X 10_15_7) AppleWebKit/537.36 (KHTML, like Gecko) Chrome/134.0.0.0 Safari/537.36"
45.131.155.103 - - [09/Dec/2025:15:26:07 +0100] "GET / HTTP/1.1" 403 220 "-" "Mozilla/5.0 (Windows NT 10.0; Win64; x64) AppleWebKit/537.36 (KHTML, like Gecko) Chrome/124.0.0.0 Safari/537.36"
85.208.96.194 - - [09/Dec/2025:15:26:07 +0100] "GET /platby/uwoy9/animation-course-description HTTP/1.1" 200 13133 "-" "Mozilla/5.0 (compatible; SemrushBot/7~bl; +http://www.semrush.com/bot.html)"
45.131.155.103 - - [09/Dec/2025:15:26:07 +0100] "GET / HTTP/1.1" 403 222 "-" "Mozilla/5.0 (X11; Linux x86_64) AppleWebKit/537.36 (KHTML, like Gecko) Chrome/134.0.0.0 Safari/537.36"
45.131.155.103 - - [09/Dec/2025:15:26:07 +0100] "GET / HTTP/1.1" 403 223 "-" "Mozilla/5.0 (Windows NT 10.0; Win64; x64) AppleWebKit/537.36 (KHTML, like Gecko) Chrome/138.0.7204.96 Safari/537.36"
45.131.155.103 - - [09/Dec/2025:15:26:07 +0100] "GET / HTTP/1.1" 403 220 "-" "Mozilla/5.0 (Windows NT 10.0; Win64; x64) AppleWebKit/537.36 (KHTML, like Gecko) Chrome/138.0.0.0 YaBrowser/25.8.0.0 Safari/537.36"
45.131.155.103 - - [09/Dec/2025:15:26:07 +0100] "GET / HTTP/1.1" 403 218 "-" "Mozilla/5.0 (Macintosh; Intel Mac OS X 10_15_7) AppleWebKit/605.1.15 (KHTML, like Gecko) Version/18.4 Safari/605.1.15"
45.131.155.103 - - [09/Dec/2025:15:26:07 +0100] "GET / HTTP/1.1" 403 233 "-" "Mozilla/5.0 (Windows NT 10.0; Win64; x64) AppleWebKit/537.36 (KHTML, like Gecko) Chrome/134.0.0.0 Safari/537.36"
45.131.155.103 - - [09/Dec/2025:15:26:08 +0100] "GET / HTTP/1.1" 403 217 "-" "Mozilla/5.0 (Windows NT 10.0; Win64; x64) AppleWebKit/537.36 (KHTML, like Gecko) Chrome/130.0.0.0 Safari/537.36"
45.131.155.103 - - [09/Dec/2025:15:26:08 +0100] "GET / HTTP/1.1" 403 235 "-" "Mozilla/5.0 (Macintosh; Intel Mac OS X 10_15_7) AppleWebKit/537.36 (KHTML, like Gecko) Chrome/138.0.0.0 Safari/537.36"
45.131.155.103 - - [09/Dec/2025:15:26:08 +0100] "GET / HTTP/1.1" 403 222 "-" "Mozilla/5.0 (Windows NT 10.0; Win64; x64) AppleWebKit/537.36 (KHTML, like Gecko) Chrome/139.0.0.0 Safari/537.36"
