85.208.96.195 - - [09/Dec/2025:17:15:25 +0100] "GET /platby/hca/best-premier-league-midfielders-fifa-21 HTTP/1.1" 200 6897 "-" "Mozilla/5.0 (compatible; SemrushBot/7~bl; +http://www.semrush.com/bot.html)"
185.191.171.19 - - [09/Dec/2025:17:15:38 +0100] "GET /platby/uwoy9/ingrown-buttock-hair-name HTTP/1.1" 200 8416 "-" "Mozilla/5.0 (compatible; SemrushBot/7~bl; +http://www.semrush.com/bot.html)"
185.191.171.19 - - [09/Dec/2025:17:15:41 +0100] "GET /platby/hca/biggest-village-in-gujarat HTTP/1.1" 200 9330 "-" "Mozilla/5.0 (compatible; SemrushBot/7~bl; +http://www.semrush.com/bot.html)"
185.191.171.15 - - [09/Dec/2025:17:15:50 +0100] "GET /platby/aohwuyx/aronia-melanocarpa-'viking HTTP/1.1" 200 8101 "-" "Mozilla/5.0 (compatible; SemrushBot/7~bl; +http://www.semrush.com/bot.html)"
185.191.171.10 - - [09/Dec/2025:17:16:01 +0100] "GET /platby/aohwuyx/heavenly-pair-chocolate-and-valentine's-day HTTP/1.1" 200 10086 "-" "Mozilla/5.0 (compatible; SemrushBot/7~bl; +http://www.semrush.com/bot.html)"
85.208.96.202 - - [09/Dec/2025:17:16:23 +0100] "GET /platby/aohwuyx/seahawks-vs-falcons-2020-full-game HTTP/1.1" 200 7118 "-" "Mozilla/5.0 (compatible; SemrushBot/7~bl; +http://www.semrush.com/bot.html)"
85.208.96.197 - - [09/Dec/2025:17:16:33 +0100] "GET /platby/aohwuyx/fifa-21-youth-academy-player-types HTTP/1.1" 200 12484 "-" "Mozilla/5.0 (compatible; SemrushBot/7~bl; +http://www.semrush.com/bot.html)"
85.208.96.194 - - [09/Dec/2025:17:17:02 +0100] "GET /platby/aohwuyx/giethoorn-weather-year-round HTTP/1.1" 200 9840 "-" "Mozilla/5.0 (compatible; SemrushBot/7~bl; +http://www.semrush.com/bot.html)"
185.191.171.9 - - [09/Dec/2025:17:17:12 +0100] "GET /robots.txt HTTP/1.1" 200 54 "-" "Mozilla/5.0 (compatible; SemrushBot/7~bl; +http://www.semrush.com/bot.html)"
85.208.96.194 - - [09/Dec/2025:17:17:13 +0100] "GET /platby/qqap/motherwort-seeds-canada HTTP/1.1" 200 15090 "-" "Mozilla/5.0 (compatible; SemrushBot/7~bl; +http://www.semrush.com/bot.html)"
185.191.171.7 - - [09/Dec/2025:17:17:34 +0100] "GET /platby/hca/mindfulness-based-cognitive-therapy-techniques HTTP/1.1" 200 10017 "-" "Mozilla/5.0 (compatible; SemrushBot/7~bl; +http://www.semrush.com/bot.html)"
85.208.96.202 - - [09/Dec/2025:17:17:41 +0100] "GET /platby/uwoy9/jermain-defoe-current-partner HTTP/1.1" 200 13509 "-" "Mozilla/5.0 (compatible; SemrushBot/7~bl; +http://www.semrush.com/bot.html)"
85.208.96.203 - - [09/Dec/2025:17:17:56 +0100] "GET /platby/qqap/best-in-class-vs-best-in-breed HTTP/1.1" 200 13808 "-" "Mozilla/5.0 (compatible; SemrushBot/7~bl; +http://www.semrush.com/bot.html)"
185.191.171.11 - - [09/Dec/2025:17:18:12 +0100] "GET /platby/uwoy9/anushka-sharma-net-worth-2020 HTTP/1.1" 200 8665 "-" "Mozilla/5.0 (compatible; SemrushBot/7~bl; +http://www.semrush.com/bot.html)"
114.119.129.163 - - [09/Dec/2025:17:18:13 +0100] "GET /platby/uwoy9/food-scientist-salary-nyc HTTP/1.1" 200 8789 "http://ispc.klape.eu/platby/uwoy9/master-and-commander-wiki" "Mozilla/5.0 (Linux; Android 7.0;) AppleWebKit/537.36 (KHTML, like Gecko) Mobile Safari/537.36 (compatible; PetalBot;+https://webmaster.petalsearch.com/site/petalbot)"
85.208.96.197 - - [09/Dec/2025:17:18:14 +0100] "GET /platby/hca/efren-ramirez-interview HTTP/1.1" 200 9647 "-" "Mozilla/5.0 (compatible; SemrushBot/7~bl; +http://www.semrush.com/bot.html)"
204.76.203.206 - - [09/Dec/2025:17:18:17 +0100] "GET /" 400 468 "-" "-"
85.208.96.195 - - [09/Dec/2025:17:18:18 +0100] "GET /platby/qqap/providence-health-insurance-phone-number HTTP/1.1" 200 7798 "-" "Mozilla/5.0 (compatible; SemrushBot/7~bl; +http://www.semrush.com/bot.html)"
85.208.96.204 - - [09/Dec/2025:17:18:24 +0100] "GET /platby/uwoy9/visual-studio-code-diff-side-by-side HTTP/1.1" 200 10383 "-" "Mozilla/5.0 (compatible; SemrushBot/7~bl; +http://www.semrush.com/bot.html)"
185.191.171.16 - - [09/Dec/2025:17:18:33 +0100] "GET /platby/uwoy9/university-of-maryland-parking-garage HTTP/1.1" 200 10288 "-" "Mozilla/5.0 (compatible; SemrushBot/7~bl; +http://www.semrush.com/bot.html)"
85.208.96.196 - - [09/Dec/2025:17:18:34 +0100] "GET /platby/72zbxoz/rose-gold-color-code-in-canva HTTP/1.1" 200 8821 "-" "Mozilla/5.0 (compatible; SemrushBot/7~bl; +http://www.semrush.com/bot.html)"
85.208.96.210 - - [09/Dec/2025:17:18:38 +0100] "GET /platby/hca/responsibility-assignment-matrix-template-word HTTP/1.1" 200 8758 "-" "Mozilla/5.0 (compatible; SemrushBot/7~bl; +http://www.semrush.com/bot.html)"
85.208.96.195 - - [09/Dec/2025:17:18:51 +0100] "GET /platby/hca/mississippi-forestry-commission HTTP/1.1" 200 5914 "-" "Mozilla/5.0 (compatible; SemrushBot/7~bl; +http://www.semrush.com/bot.html)"
185.191.171.6 - - [09/Dec/2025:17:19:06 +0100] "GET /platby/72zbxoz/regis-high-school-admissions HTTP/1.1" 200 9344 "-" "Mozilla/5.0 (compatible; SemrushBot/7~bl; +http://www.semrush.com/bot.html)"
204.76.203.206 - - [09/Dec/2025:17:19:57 +0100] "GET / HTTP/1.1" 200 316 "-" "Mozilla/5.0 (Windows NT 10.0; Win64; x64) AppleWebKit/537.36 (KHTML, like Gecko) Chrome/90.0.4430.85 Safari/537.36 Edg/90.0.818.46"
85.208.96.210 - - [09/Dec/2025:17:19:58 +0100] "GET /platby/uwoy9/same-day-flower-delivery-albuquerque,-nm HTTP/1.1" 200 12321 "-" "Mozilla/5.0 (compatible; SemrushBot/7~bl; +http://www.semrush.com/bot.html)"
114.119.149.2 - - [09/Dec/2025:17:20:11 +0100] "GET /platby/article.php?5d4c26=60%C2%B055%E2%80%B2-n-101%C2%B057%E2%80%B2-e HTTP/1.1" 200 5540 "http://ispc.klape.eu/platby/article.php?5d4c26=calories-in-2-scoops-of-strawberry-ice-cream" "Mozilla/5.0 (Linux; Android 7.0;) AppleWebKit/537.36 (KHTML, like Gecko) Mobile Safari/537.36 (compatible; PetalBot;+https://webmaster.petalsearch.com/site/petalbot)"
185.191.171.10 - - [09/Dec/2025:17:20:33 +0100] "GET /platby/uwoy9/main-title-and-first-victim HTTP/1.1" 200 7923 "-" "Mozilla/5.0 (compatible; SemrushBot/7~bl; +http://www.semrush.com/bot.html)"
85.208.96.206 - - [09/Dec/2025:17:20:43 +0100] "GET /platby/qqap/how-to-run-automated-test-cases-from-jira HTTP/1.1" 200 7149 "-" "Mozilla/5.0 (compatible; SemrushBot/7~bl; +http://www.semrush.com/bot.html)"
185.191.171.14 - - [09/Dec/2025:17:20:45 +0100] "GET /platby/72zbxoz/gamestop-arcade1up-star-wars HTTP/1.1" 200 9660 "-" "Mozilla/5.0 (compatible; SemrushBot/7~bl; +http://www.semrush.com/bot.html)"
185.191.171.9 - - [09/Dec/2025:17:20:50 +0100] "GET /platby/qqap/innovative-synonym-englisch HTTP/1.1" 200 5979 "-" "Mozilla/5.0 (compatible; SemrushBot/7~bl; +http://www.semrush.com/bot.html)"
85.208.96.202 - - [09/Dec/2025:17:20:52 +0100] "GET /platby/aohwuyx/lanier-high-school-teacher HTTP/1.1" 200 14009 "-" "Mozilla/5.0 (compatible; SemrushBot/7~bl; +http://www.semrush.com/bot.html)"
85.208.96.201 - - [09/Dec/2025:17:21:03 +0100] "GET /platby/qqap/all-i-need-lloyd-slowed-spotify HTTP/1.1" 200 9823 "-" "Mozilla/5.0 (compatible; SemrushBot/7~bl; +http://www.semrush.com/bot.html)"
85.208.96.207 - - [09/Dec/2025:17:21:08 +0100] "GET /platby/uwoy9/god-is-always-listening-quotes HTTP/1.1" 200 13276 "-" "Mozilla/5.0 (compatible; SemrushBot/7~bl; +http://www.semrush.com/bot.html)"
185.191.171.9 - - [09/Dec/2025:17:21:26 +0100] "GET /platby/uwoy9/vince-carter-unc-jersey-mens HTTP/1.1" 200 11043 "-" "Mozilla/5.0 (compatible; SemrushBot/7~bl; +http://www.semrush.com/bot.html)"
185.191.171.6 - - [09/Dec/2025:17:21:54 +0100] "GET /platby/uwoy9/malta-vs-montenegro-women's HTTP/1.1" 200 10863 "-" "Mozilla/5.0 (compatible; SemrushBot/7~bl; +http://www.semrush.com/bot.html)"
85.208.96.211 - - [09/Dec/2025:17:21:56 +0100] "GET /platby/72zbxoz/lincoln-university-college-address HTTP/1.1" 200 9570 "-" "Mozilla/5.0 (compatible; SemrushBot/7~bl; +http://www.semrush.com/bot.html)"
78.153.140.195 - - [09/Dec/2025:17:22:02 +0100] "\x16\x03\x01" 403 265 "-" "-"
78.153.140.195 - - [09/Dec/2025:17:22:02 +0100] "\x16\x03\x01" 403 265 "-" "-"
185.191.171.18 - - [09/Dec/2025:17:22:03 +0100] "GET /platby/uwoy9/lobelia-regatta-marine-blue HTTP/1.1" 200 12726 "-" "Mozilla/5.0 (compatible; SemrushBot/7~bl; +http://www.semrush.com/bot.html)"
85.208.96.200 - - [09/Dec/2025:17:22:32 +0100] "GET /platby/qqap/chica-restaurant-happy-hour HTTP/1.1" 200 5151 "-" "Mozilla/5.0 (compatible; SemrushBot/7~bl; +http://www.semrush.com/bot.html)"
85.208.96.200 - - [09/Dec/2025:17:22:38 +0100] "GET /platby/aohwuyx/vinnie-colaiuta-cymbals HTTP/1.1" 200 11272 "-" "Mozilla/5.0 (compatible; SemrushBot/7~bl; +http://www.semrush.com/bot.html)"
185.191.171.15 - - [09/Dec/2025:17:22:40 +0100] "GET /platby/uwoy9/black-briar-golf-course HTTP/1.1" 200 12750 "-" "Mozilla/5.0 (compatible; SemrushBot/7~bl; +http://www.semrush.com/bot.html)"
85.208.96.196 - - [09/Dec/2025:17:22:53 +0100] "GET /platby/hca/arizona-native-plant-society HTTP/1.1" 200 13781 "-" "Mozilla/5.0 (compatible; SemrushBot/7~bl; +http://www.semrush.com/bot.html)"
185.191.171.5 - - [09/Dec/2025:17:22:55 +0100] "GET /platby/uwoy9/soixante-quinze-euros HTTP/1.1" 200 13769 "-" "Mozilla/5.0 (compatible; SemrushBot/7~bl; +http://www.semrush.com/bot.html)"
85.208.96.202 - - [09/Dec/2025:17:22:56 +0100] "GET /platby/72zbxoz/moto-g-power-signal-strength HTTP/1.1" 200 8559 "-" "Mozilla/5.0 (compatible; SemrushBot/7~bl; +http://www.semrush.com/bot.html)"
185.191.171.9 - - [09/Dec/2025:17:23:07 +0100] "GET /platby/72zbxoz/fitbit-silent-alarms-disappeared HTTP/1.1" 200 13194 "-" "Mozilla/5.0 (compatible; SemrushBot/7~bl; +http://www.semrush.com/bot.html)"
85.208.96.197 - - [09/Dec/2025:17:23:09 +0100] "GET /platby/72zbxoz/morehead-state-mascot HTTP/1.1" 200 9627 "-" "Mozilla/5.0 (compatible; SemrushBot/7~bl; +http://www.semrush.com/bot.html)"
176.123.2.217 - - [09/Dec/2025:17:23:17 +0100] "\x16\x03\x01" 403 265 "-" "-"
176.123.2.217 - - [09/Dec/2025:17:23:18 +0100] "\x16\x03\x01" 403 265 "-" "-"
176.123.2.217 - - [09/Dec/2025:17:23:18 +0100] "\x16\x03\x01" 403 265 "-" "-"
176.123.2.217 - - [09/Dec/2025:17:23:19 +0100] "\x16\x03\x01" 403 265 "-" "-"
176.123.2.217 - - [09/Dec/2025:17:23:20 +0100] "\x16\x03\x01" 403 265 "-" "-"
176.123.2.217 - - [09/Dec/2025:17:23:20 +0100] "\x16\x03\x01" 403 265 "-" "-"
176.123.2.217 - - [09/Dec/2025:17:23:21 +0100] "\x16\x03\x01" 403 265 "-" "-"
176.123.2.217 - - [09/Dec/2025:17:23:21 +0100] "\x16\x03\x01" 403 265 "-" "-"
176.123.2.217 - - [09/Dec/2025:17:23:23 +0100] "\x16\x03\x01" 403 265 "-" "-"
176.123.2.217 - - [09/Dec/2025:17:23:23 +0100] "\x16\x03\x01" 403 265 "-" "-"
176.123.2.217 - - [09/Dec/2025:17:23:24 +0100] "\x16\x03\x01" 403 265 "-" "-"
176.123.2.217 - - [09/Dec/2025:17:23:24 +0100] "\x16\x03\x01" 403 265 "-" "-"
176.123.2.217 - - [09/Dec/2025:17:23:25 +0100] "\x16\x03\x01" 403 265 "-" "-"
176.123.2.217 - - [09/Dec/2025:17:23:26 +0100] "\x16\x03\x01" 403 265 "-" "-"
176.123.2.217 - - [09/Dec/2025:17:23:27 +0100] "\x16\x03\x01" 403 265 "-" "-"
176.123.2.217 - - [09/Dec/2025:17:23:27 +0100] "\x16\x03\x01" 403 265 "-" "-"
176.123.2.217 - - [09/Dec/2025:17:23:28 +0100] "\x16\x03\x01" 403 265 "-" "-"
176.123.2.217 - - [09/Dec/2025:17:23:28 +0100] "\x16\x03\x01" 403 265 "-" "-"
185.191.171.3 - - [09/Dec/2025:17:23:55 +0100] "GET /platby/hca/galaxy-painting-ideas HTTP/1.1" 200 10683 "-" "Mozilla/5.0 (compatible; SemrushBot/7~bl; +http://www.semrush.com/bot.html)"
185.191.171.3 - - [09/Dec/2025:17:24:00 +0100] "GET /platby/aohwuyx/progression-definition HTTP/1.1" 200 9170 "-" "Mozilla/5.0 (compatible; SemrushBot/7~bl; +http://www.semrush.com/bot.html)"
185.191.171.11 - - [09/Dec/2025:17:24:08 +0100] "GET /platby/aohwuyx/virtual-diversity-and-inclusion HTTP/1.1" 200 13333 "-" "Mozilla/5.0 (compatible; SemrushBot/7~bl; +http://www.semrush.com/bot.html)"
85.208.96.209 - - [09/Dec/2025:17:24:29 +0100] "GET /platby/aohwuyx/importance-of-listening-skills-pdf HTTP/1.1" 200 11712 "-" "Mozilla/5.0 (compatible; SemrushBot/7~bl; +http://www.semrush.com/bot.html)"
85.208.96.202 - - [09/Dec/2025:17:24:31 +0100] "GET /platby/aohwuyx/newton-county-sheriff-inmate-search HTTP/1.1" 200 9311 "-" "Mozilla/5.0 (compatible; SemrushBot/7~bl; +http://www.semrush.com/bot.html)"
85.208.96.204 - - [09/Dec/2025:17:25:02 +0100] "GET /platby/aohwuyx/2010-summer-youth-olympics-fencing HTTP/1.1" 200 13558 "-" "Mozilla/5.0 (compatible; SemrushBot/7~bl; +http://www.semrush.com/bot.html)"
185.191.171.9 - - [09/Dec/2025:17:25:05 +0100] "GET /platby/hca/princeton-public-schools-calendar-2022 HTTP/1.1" 200 6451 "-" "Mozilla/5.0 (compatible; SemrushBot/7~bl; +http://www.semrush.com/bot.html)"
216.180.246.124 - - [09/Dec/2025:17:25:12 +0100] "GET /" 400 468 "-" "-"
185.191.171.11 - - [09/Dec/2025:17:25:27 +0100] "GET /platby/hca/wish-mobile-phones-unlocked HTTP/1.1" 200 6419 "-" "Mozilla/5.0 (compatible; SemrushBot/7~bl; +http://www.semrush.com/bot.html)"
185.191.171.16 - - [09/Dec/2025:17:25:37 +0100] "GET /platby/aohwuyx/hochschule-darmstadt-ranking HTTP/1.1" 200 13473 "-" "Mozilla/5.0 (compatible; SemrushBot/7~bl; +http://www.semrush.com/bot.html)"
198.235.24.84 - - [09/Dec/2025:17:25:41 +0100] "GET /" 400 468 "-" "-"
104.210.140.136 - - [09/Dec/2025:17:25:42 +0100] "\x16\x03\x01\x02" 403 265 "-" "-"
216.180.246.124 - - [09/Dec/2025:17:25:42 +0100] "GET / HTTP/1.1" 200 2492 "-" "'Mozilla/5.0 (compatible; GenomeCrawlerd/1.0; +https://www.nokia.com/genomecrawler)'"
104.210.140.132 - - [09/Dec/2025:17:25:43 +0100] "\x16\x03\x01\x02" 403 265 "-" "-"
104.210.140.135 - - [09/Dec/2025:17:25:44 +0100] "\x16\x03\x01\x02]\x01" 403 265 "-" "-"
85.208.96.206 - - [09/Dec/2025:17:25:48 +0100] "GET /platby/aohwuyx/brennan-scarlett-40-time HTTP/1.1" 200 8074 "-" "Mozilla/5.0 (compatible; SemrushBot/7~bl; +http://www.semrush.com/bot.html)"
185.191.171.7 - - [09/Dec/2025:17:25:58 +0100] "GET /platby/aohwuyx/native-american-heritage-month-pdf HTTP/1.1" 200 8052 "-" "Mozilla/5.0 (compatible; SemrushBot/7~bl; +http://www.semrush.com/bot.html)"
85.208.96.200 - - [09/Dec/2025:17:26:06 +0100] "GET /platby/hca/state-the-drawback-of-geothermal-energy HTTP/1.1" 200 9163 "-" "Mozilla/5.0 (compatible; SemrushBot/7~bl; +http://www.semrush.com/bot.html)"
51.159.71.186 - - [09/Dec/2025:17:26:13 +0100] "\x16\x03\x01\x05\xdd\x01" 403 265 "-" "-"
185.191.171.18 - - [09/Dec/2025:17:26:22 +0100] "GET /platby/uwoy9/what-is-dr-travis-stork-doing-now HTTP/1.1" 200 11689 "-" "Mozilla/5.0 (compatible; SemrushBot/7~bl; +http://www.semrush.com/bot.html)"
85.208.96.194 - - [09/Dec/2025:17:26:58 +0100] "GET /platby/hca/matildas-olympics-live HTTP/1.1" 200 5062 "-" "Mozilla/5.0 (compatible; SemrushBot/7~bl; +http://www.semrush.com/bot.html)"
185.191.171.1 - - [09/Dec/2025:17:27:00 +0100] "GET /platby/aohwuyx/project-64-notification-code-2020 HTTP/1.1" 200 15980 "-" "Mozilla/5.0 (compatible; SemrushBot/7~bl; +http://www.semrush.com/bot.html)"
85.208.96.209 - - [09/Dec/2025:17:27:04 +0100] "GET /platby/qqap/shaquille-harrison-salary HTTP/1.1" 200 5718 "-" "Mozilla/5.0 (compatible; SemrushBot/7~bl; +http://www.semrush.com/bot.html)"
78.153.140.171 - - [09/Dec/2025:17:27:12 +0100] "\x16\x03\x01" 403 265 "-" "-"
78.153.140.171 - - [09/Dec/2025:17:27:12 +0100] "\x16\x03\x01" 403 265 "-" "-"
185.191.171.10 - - [09/Dec/2025:17:27:16 +0100] "GET /platby/hca/cause-and-effect-examples-for-high-school HTTP/1.1" 200 13139 "-" "Mozilla/5.0 (compatible; SemrushBot/7~bl; +http://www.semrush.com/bot.html)"
185.191.171.8 - - [09/Dec/2025:17:27:18 +0100] "GET /platby/aohwuyx/report-on-use-of-solar-energy-system HTTP/1.1" 200 9378 "-" "Mozilla/5.0 (compatible; SemrushBot/7~bl; +http://www.semrush.com/bot.html)"
185.191.171.14 - - [09/Dec/2025:17:27:21 +0100] "GET /platby/uwoy9/deep-tissue-massage-charlotte,-nc HTTP/1.1" 200 7751 "-" "Mozilla/5.0 (compatible; SemrushBot/7~bl; +http://www.semrush.com/bot.html)"
85.208.96.195 - - [09/Dec/2025:17:27:25 +0100] "GET /platby/uwoy9/australian-green-tree-frog HTTP/1.1" 200 13543 "-" "Mozilla/5.0 (compatible; SemrushBot/7~bl; +http://www.semrush.com/bot.html)"
185.191.171.1 - - [09/Dec/2025:17:27:33 +0100] "GET /platby/72zbxoz/biggest-village-in-gujarat HTTP/1.1" 200 11074 "-" "Mozilla/5.0 (compatible; SemrushBot/7~bl; +http://www.semrush.com/bot.html)"
185.191.171.15 - - [09/Dec/2025:17:27:57 +0100] "GET /platby/hca/examples-of-science-changing-over-time HTTP/1.1" 200 12845 "-" "Mozilla/5.0 (compatible; SemrushBot/7~bl; +http://www.semrush.com/bot.html)"
85.208.96.206 - - [09/Dec/2025:17:27:59 +0100] "GET /platby/72zbxoz/black-locust-lumber-california HTTP/1.1" 200 9270 "-" "Mozilla/5.0 (compatible; SemrushBot/7~bl; +http://www.semrush.com/bot.html)"
185.191.171.18 - - [09/Dec/2025:17:28:01 +0100] "GET /platby/hca/michael-pineda-contract HTTP/1.1" 200 6000 "-" "Mozilla/5.0 (compatible; SemrushBot/7~bl; +http://www.semrush.com/bot.html)"
44.210.204.255 - - [09/Dec/2025:17:28:19 +0100] "GET /platby/72zbxoz/best-shrubs-for-new-hampshire HTTP/1.1" 200 15252 "-" "Mozilla/5.0 AppleWebKit/537.36 (KHTML, like Gecko; compatible; Amazonbot/0.1; +https://developer.amazon.com/support/amazonbot) Chrome/119.0.6045.214 Safari/537.36"
44.209.35.147 - - [09/Dec/2025:17:28:24 +0100] "GET /platby/qqap/another-way-of-saying-let-me-tell-you-something HTTP/1.1" 200 11178 "-" "Mozilla/5.0 AppleWebKit/537.36 (KHTML, like Gecko; compatible; Amazonbot/0.1; +https://developer.amazon.com/support/amazonbot) Chrome/119.0.6045.214 Safari/537.36"
66.249.79.65 - - [09/Dec/2025:17:28:26 +0100] "\x16\x03\x01\x02" 403 265 "-" "-"
44.213.202.136 - - [09/Dec/2025:17:28:27 +0100] "GET /platby/72zbxoz/macron-sports-australia HTTP/1.1" 200 12500 "-" "Mozilla/5.0 AppleWebKit/537.36 (KHTML, like Gecko; compatible; Amazonbot/0.1; +https://developer.amazon.com/support/amazonbot) Chrome/119.0.6045.214 Safari/537.36"
98.83.226.125 - - [09/Dec/2025:17:28:30 +0100] "GET /platby/72zbxoz/2pac-wallpaper-aesthetic HTTP/1.1" 200 11835 "-" "Mozilla/5.0 AppleWebKit/537.36 (KHTML, like Gecko; compatible; Amazonbot/0.1; +https://developer.amazon.com/support/amazonbot) Chrome/119.0.6045.214 Safari/537.36"
98.82.39.241 - - [09/Dec/2025:17:28:35 +0100] "GET /platby/72zbxoz/battleborn-steam-charts HTTP/1.1" 200 9937 "-" "Mozilla/5.0 AppleWebKit/537.36 (KHTML, like Gecko; compatible; Amazonbot/0.1; +https://developer.amazon.com/support/amazonbot) Chrome/119.0.6045.214 Safari/537.36"
35.169.119.108 - - [09/Dec/2025:17:28:39 +0100] "GET /platby/72zbxoz/lamar-odom-reborn-release-date HTTP/1.1" 200 13812 "-" "Mozilla/5.0 AppleWebKit/537.36 (KHTML, like Gecko; compatible; Amazonbot/0.1; +https://developer.amazon.com/support/amazonbot) Chrome/119.0.6045.214 Safari/537.36"
85.208.96.199 - - [09/Dec/2025:17:28:40 +0100] "GET /platby/hca/strategies-to-promote-listening-and-speaking-skills HTTP/1.1" 200 11396 "-" "Mozilla/5.0 (compatible; SemrushBot/7~bl; +http://www.semrush.com/bot.html)"
34.192.125.239 - - [09/Dec/2025:17:28:43 +0100] "GET /platby/72zbxoz/argentina-2022-world-cup-jersey HTTP/1.1" 200 14376 "-" "Mozilla/5.0 AppleWebKit/537.36 (KHTML, like Gecko; compatible; Amazonbot/0.1; +https://developer.amazon.com/support/amazonbot) Chrome/119.0.6045.214 Safari/537.36"
3.93.253.174 - - [09/Dec/2025:17:28:48 +0100] "GET /platby/qqap/jonathan-zimmerman:-nepal HTTP/1.1" 200 10127 "-" "Mozilla/5.0 AppleWebKit/537.36 (KHTML, like Gecko; compatible; Amazonbot/0.1; +https://developer.amazon.com/support/amazonbot) Chrome/119.0.6045.214 Safari/537.36"
52.73.142.41 - - [09/Dec/2025:17:28:51 +0100] "GET /platby/72zbxoz/developmental-psychology HTTP/1.1" 200 13644 "-" "Mozilla/5.0 AppleWebKit/537.36 (KHTML, like Gecko; compatible; Amazonbot/0.1; +https://developer.amazon.com/support/amazonbot) Chrome/119.0.6045.214 Safari/537.36"
34.197.28.78 - - [09/Dec/2025:17:28:56 +0100] "GET /platby/72zbxoz/damian-lillard-contract HTTP/1.1" 200 11746 "-" "Mozilla/5.0 AppleWebKit/537.36 (KHTML, like Gecko; compatible; Amazonbot/0.1; +https://developer.amazon.com/support/amazonbot) Chrome/119.0.6045.214 Safari/537.36"
54.225.181.161 - - [09/Dec/2025:17:29:00 +0100] "GET /platby/72zbxoz/highest-paid-cowboys-player-2020 HTTP/1.1" 200 8792 "-" "Mozilla/5.0 AppleWebKit/537.36 (KHTML, like Gecko; compatible; Amazonbot/0.1; +https://developer.amazon.com/support/amazonbot) Chrome/119.0.6045.214 Safari/537.36"
23.22.59.87 - - [09/Dec/2025:17:29:03 +0100] "GET /platby/72zbxoz/here-and-there-pronunciation HTTP/1.1" 200 9965 "-" "Mozilla/5.0 AppleWebKit/537.36 (KHTML, like Gecko; compatible; Amazonbot/0.1; +https://developer.amazon.com/support/amazonbot) Chrome/119.0.6045.214 Safari/537.36"
185.191.171.12 - - [09/Dec/2025:17:29:03 +0100] "GET /platby/uwoy9/prince2-risk-register-template HTTP/1.1" 200 9676 "-" "Mozilla/5.0 (compatible; SemrushBot/7~bl; +http://www.semrush.com/bot.html)"
23.22.105.143 - - [09/Dec/2025:17:29:07 +0100] "GET /platby/72zbxoz/sony-dualshock-4-red-camouflage HTTP/1.1" 200 8474 "-" "Mozilla/5.0 AppleWebKit/537.36 (KHTML, like Gecko; compatible; Amazonbot/0.1; +https://developer.amazon.com/support/amazonbot) Chrome/119.0.6045.214 Safari/537.36"
185.191.171.1 - - [09/Dec/2025:17:29:07 +0100] "GET /platby/aohwuyx/side-royal-palace-antalya HTTP/1.1" 200 10480 "-" "Mozilla/5.0 (compatible; SemrushBot/7~bl; +http://www.semrush.com/bot.html)"
44.223.232.55 - - [09/Dec/2025:17:29:11 +0100] "GET /platby/72zbxoz/samsung-galaxy-s21-ultra-face-id HTTP/1.1" 200 12975 "-" "Mozilla/5.0 AppleWebKit/537.36 (KHTML, like Gecko; compatible; Amazonbot/0.1; +https://developer.amazon.com/support/amazonbot) Chrome/119.0.6045.214 Safari/537.36"
3.218.35.239 - - [09/Dec/2025:17:29:16 +0100] "GET /platby/72zbxoz/jaguars-quarterback-2017 HTTP/1.1" 200 11951 "-" "Mozilla/5.0 AppleWebKit/537.36 (KHTML, like Gecko; compatible; Amazonbot/0.1; +https://developer.amazon.com/support/amazonbot) Chrome/119.0.6045.214 Safari/537.36"
54.157.84.74 - - [09/Dec/2025:17:29:19 +0100] "GET /platby/72zbxoz/kps-capital-partners-taylormade-stock HTTP/1.1" 200 10360 "-" "Mozilla/5.0 AppleWebKit/537.36 (KHTML, like Gecko; compatible; Amazonbot/0.1; +https://developer.amazon.com/support/amazonbot) Chrome/119.0.6045.214 Safari/537.36"
85.208.96.200 - - [09/Dec/2025:17:29:37 +0100] "GET /platby/uwoy9/jira-dashboard-remaining-estimate HTTP/1.1" 200 8246 "-" "Mozilla/5.0 (compatible; SemrushBot/7~bl; +http://www.semrush.com/bot.html)"
85.208.96.201 - - [09/Dec/2025:17:29:45 +0100] "GET /platby/72zbxoz/point-pleasant-intermediate-school HTTP/1.1" 200 11996 "-" "Mozilla/5.0 (compatible; SemrushBot/7~bl; +http://www.semrush.com/bot.html)"
185.191.171.12 - - [09/Dec/2025:17:29:50 +0100] "GET /platby/hca/sheryl-swoopes-shoes-1995 HTTP/1.1" 200 8972 "-" "Mozilla/5.0 (compatible; SemrushBot/7~bl; +http://www.semrush.com/bot.html)"
185.191.171.12 - - [09/Dec/2025:17:30:08 +0100] "GET /platby/hca/hole-in-the-bottle-sounds-like HTTP/1.1" 200 11751 "-" "Mozilla/5.0 (compatible; SemrushBot/7~bl; +http://www.semrush.com/bot.html)"
195.177.94.189 - - [09/Dec/2025:17:30:11 +0100] "GET /phpmyadmin/scripts/setup.php HTTP/1.1" 200 11106 "-" "Mozilla/4.0 (compatible; MSIE 6.0; MSIE 5.5; Windows NT 5.1) Opera 7.01 [en]"
195.177.94.189 - - [09/Dec/2025:17:30:11 +0100] "POST /phpmyadmin/scripts/setup.php HTTP/1.1" 200 18608 "http://109.105.49.240:8081/phpmyadmin/scripts/setup.php" "Mozilla/4.0 (compatible; MSIE 6.0; MSIE 5.5; Windows NT 5.1) Opera 7.01 [en]"
216.180.246.124 - - [09/Dec/2025:17:30:14 +0100] "GET /favicon.ico HTTP/1.1" 200 18478 "-" "'Mozilla/5.0 (compatible; GenomeCrawlerd/1.0; +https://www.nokia.com/genomecrawler)'"
185.191.171.14 - - [09/Dec/2025:17:30:17 +0100] "GET /platby/aohwuyx/cinema-phonetic-transcription HTTP/1.1" 200 9500 "-" "Mozilla/5.0 (compatible; SemrushBot/7~bl; +http://www.semrush.com/bot.html)"
85.208.96.212 - - [09/Dec/2025:17:30:18 +0100] "GET /platby/hca/brooklyn-tech-summer-school HTTP/1.1" 200 7965 "-" "Mozilla/5.0 (compatible; SemrushBot/7~bl; +http://www.semrush.com/bot.html)"
216.180.246.124 - - [09/Dec/2025:17:30:24 +0100] "GET /" 400 468 "-" "-"
85.208.96.205 - - [09/Dec/2025:17:30:27 +0100] "GET /platby/qqap/pregnancy-safe-face-moisturizer HTTP/1.1" 200 8450 "-" "Mozilla/5.0 (compatible; SemrushBot/7~bl; +http://www.semrush.com/bot.html)"
185.191.171.11 - - [09/Dec/2025:17:31:05 +0100] "GET /platby/uwoy9/boost-mobile-unlimited-plans HTTP/1.1" 200 12455 "-" "Mozilla/5.0 (compatible; SemrushBot/7~bl; +http://www.semrush.com/bot.html)"
85.208.96.209 - - [09/Dec/2025:17:31:09 +0100] "GET /platby/qqap/sony-xperia-1-ii-case-otterbox HTTP/1.1" 200 7952 "-" "Mozilla/5.0 (compatible; SemrushBot/7~bl; +http://www.semrush.com/bot.html)"
195.177.94.189 - - [09/Dec/2025:17:31:17 +0100] "GET /phpmyadmin/scripts/setup.php HTTP/1.1" 200 11105 "-" "Mozilla/4.0 (compatible; MSIE 6.0; MSIE 5.5; Windows NT 5.1) Opera 7.01 [en]"
195.177.94.189 - - [09/Dec/2025:17:31:17 +0100] "POST /phpmyadmin/scripts/setup.php HTTP/1.1" 200 18608 "http://109.105.49.240:443/phpmyadmin/scripts/setup.php" "Mozilla/4.0 (compatible; MSIE 6.0; MSIE 5.5; Windows NT 5.1) Opera 7.01 [en]"
85.208.96.209 - - [09/Dec/2025:17:31:23 +0100] "GET /platby/72zbxoz/team-rubicon-roll-call-login HTTP/1.1" 200 9210 "-" "Mozilla/5.0 (compatible; SemrushBot/7~bl; +http://www.semrush.com/bot.html)"
85.208.96.195 - - [09/Dec/2025:17:31:24 +0100] "GET /platby/uwoy9/equanimeous-st-brown-full-name HTTP/1.1" 200 9182 "-" "Mozilla/5.0 (compatible; SemrushBot/7~bl; +http://www.semrush.com/bot.html)"
185.191.171.12 - - [09/Dec/2025:17:31:34 +0100] "GET /platby/hca/kalmbach-layer-crumbles HTTP/1.1" 200 7900 "-" "Mozilla/5.0 (compatible; SemrushBot/7~bl; +http://www.semrush.com/bot.html)"
185.191.171.12 - - [09/Dec/2025:17:31:36 +0100] "GET /platby/hca/real-life-examples-of-ethical-dilemmas HTTP/1.1" 200 7563 "-" "Mozilla/5.0 (compatible; SemrushBot/7~bl; +http://www.semrush.com/bot.html)"
185.191.171.4 - - [09/Dec/2025:17:31:37 +0100] "GET /platby/qqap/african-clawed-frog-tank HTTP/1.1" 200 8770 "-" "Mozilla/5.0 (compatible; SemrushBot/7~bl; +http://www.semrush.com/bot.html)"
114.119.149.2 - - [09/Dec/2025:17:31:54 +0100] "GET /platby/qqap/et-moi,-et-moi,-et-moi-translation HTTP/1.1" 200 11652 "-" "Mozilla/5.0 (Linux; Android 7.0;) AppleWebKit/537.36 (KHTML, like Gecko) Mobile Safari/537.36 (compatible; PetalBot;+https://webmaster.petalsearch.com/site/petalbot)"
85.208.96.195 - - [09/Dec/2025:17:32:04 +0100] "GET /platby/hca/hgtc-calendar-summer-2021 HTTP/1.1" 200 12563 "-" "Mozilla/5.0 (compatible; SemrushBot/7~bl; +http://www.semrush.com/bot.html)"
85.208.96.199 - - [09/Dec/2025:17:32:12 +0100] "GET /platby/72zbxoz/lanier-high-school-teacher HTTP/1.1" 200 13881 "-" "Mozilla/5.0 (compatible; SemrushBot/7~bl; +http://www.semrush.com/bot.html)"
85.208.96.209 - - [09/Dec/2025:17:32:20 +0100] "GET /platby/uwoy9/stinging-nettle-identification HTTP/1.1" 200 15133 "-" "Mozilla/5.0 (compatible; SemrushBot/7~bl; +http://www.semrush.com/bot.html)"
85.208.96.208 - - [09/Dec/2025:17:32:40 +0100] "GET /platby/hca/leadership-is-lonely-kobe HTTP/1.1" 200 11028 "-" "Mozilla/5.0 (compatible; SemrushBot/7~bl; +http://www.semrush.com/bot.html)"
85.208.96.194 - - [09/Dec/2025:17:33:06 +0100] "GET /platby/hca/words-that-describe-diversity-and-inclusion HTTP/1.1" 200 8729 "-" "Mozilla/5.0 (compatible; SemrushBot/7~bl; +http://www.semrush.com/bot.html)"
85.208.96.203 - - [09/Dec/2025:17:33:08 +0100] "GET /platby/72zbxoz/where-was-diana-krall-born HTTP/1.1" 200 11375 "-" "Mozilla/5.0 (compatible; SemrushBot/7~bl; +http://www.semrush.com/bot.html)"
114.119.149.2 - - [09/Dec/2025:17:33:19 +0100] "GET /platby/article.php?5d4c26=tonga---nrl-2019 HTTP/1.1" 200 4591 "-" "Mozilla/5.0 (Linux; Android 7.0;) AppleWebKit/537.36 (KHTML, like Gecko) Mobile Safari/537.36 (compatible; PetalBot;+https://webmaster.petalsearch.com/site/petalbot)"
85.208.96.209 - - [09/Dec/2025:17:33:44 +0100] "GET /platby/uwoy9/john-bowne-high-school-shooting HTTP/1.1" 200 12659 "-" "Mozilla/5.0 (compatible; SemrushBot/7~bl; +http://www.semrush.com/bot.html)"
85.208.96.212 - - [09/Dec/2025:17:34:02 +0100] "GET /platby/uwoy9/does-texas-export-electricity HTTP/1.1" 200 8163 "-" "Mozilla/5.0 (compatible; SemrushBot/7~bl; +http://www.semrush.com/bot.html)"
85.208.96.207 - - [09/Dec/2025:17:34:06 +0100] "GET /platby/aohwuyx/p-ebt-texas-summer-2021 HTTP/1.1" 200 10330 "-" "Mozilla/5.0 (compatible; SemrushBot/7~bl; +http://www.semrush.com/bot.html)"
185.191.171.13 - - [09/Dec/2025:17:34:08 +0100] "GET /platby/aohwuyx/american-bullfrog-class HTTP/1.1" 200 8809 "-" "Mozilla/5.0 (compatible; SemrushBot/7~bl; +http://www.semrush.com/bot.html)"
185.191.171.18 - - [09/Dec/2025:17:34:28 +0100] "GET /platby/uwoy9/diversity-and-inclusion-in-the-workplace-articles HTTP/1.1" 200 10000 "-" "Mozilla/5.0 (compatible; SemrushBot/7~bl; +http://www.semrush.com/bot.html)"
85.208.96.205 - - [09/Dec/2025:17:34:29 +0100] "GET /platby/72zbxoz/aristotle-and-dante-sequel HTTP/1.1" 200 8304 "-" "Mozilla/5.0 (compatible; SemrushBot/7~bl; +http://www.semrush.com/bot.html)"
185.191.171.14 - - [09/Dec/2025:17:34:48 +0100] "GET /platby/qqap/alan-walker-unity-remix HTTP/1.1" 200 5969 "-" "Mozilla/5.0 (compatible; SemrushBot/7~bl; +http://www.semrush.com/bot.html)"
114.119.128.6 - - [09/Dec/2025:17:34:48 +0100] "GET /platby/article.php?5d4c26=strong-enough-sheryl-crow-meaning HTTP/1.1" 200 4614 "-" "Mozilla/5.0 (Linux; Android 7.0;) AppleWebKit/537.36 (KHTML, like Gecko) Mobile Safari/537.36 (compatible; PetalBot;+https://webmaster.petalsearch.com/site/petalbot)"
185.191.171.11 - - [09/Dec/2025:17:34:53 +0100] "GET /platby/uwoy9/reading-eagle-reporters HTTP/1.1" 200 9366 "-" "Mozilla/5.0 (compatible; SemrushBot/7~bl; +http://www.semrush.com/bot.html)"
204.76.203.206 - - [09/Dec/2025:17:35:53 +0100] "GET /" 400 468 "-" "-"
66.249.79.135 - - [09/Dec/2025:17:36:46 +0100] "\x16\x03\x01\x02" 403 265 "-" "-"
85.208.96.206 - - [09/Dec/2025:17:36:47 +0100] "GET /platby/72zbxoz/best-private-pilot-ground-school HTTP/1.1" 200 10863 "-" "Mozilla/5.0 (compatible; SemrushBot/7~bl; +http://www.semrush.com/bot.html)"
114.119.140.102 - - [09/Dec/2025:17:36:59 +0100] "GET /platby/article.php?5d4c26=nhl-20-amazon HTTP/1.1" 200 7186 "-" "Mozilla/5.0 (Linux; Android 7.0;) AppleWebKit/537.36 (KHTML, like Gecko) Mobile Safari/537.36 (compatible; PetalBot;+https://webmaster.petalsearch.com/site/petalbot)"
85.208.96.206 - - [09/Dec/2025:17:37:00 +0100] "GET /platby/72zbxoz/best-private-pilot-ground-school HTTP/1.1" 200 10863 "-" "Mozilla/5.0 (compatible; SemrushBot/7~bl; +http://www.semrush.com/bot.html)"
185.191.171.11 - - [09/Dec/2025:17:37:10 +0100] "GET /platby/aohwuyx/orlando-magic-draft-pick-2021 HTTP/1.1" 200 10827 "-" "Mozilla/5.0 (compatible; SemrushBot/7~bl; +http://www.semrush.com/bot.html)"
185.191.171.10 - - [09/Dec/2025:17:37:13 +0100] "GET /platby/qqap/colorado-tattoo-ideas HTTP/1.1" 200 8273 "-" "Mozilla/5.0 (compatible; SemrushBot/7~bl; +http://www.semrush.com/bot.html)"
85.208.96.201 - - [09/Dec/2025:17:37:14 +0100] "GET /platby/hca/newcastle-jets-matches HTTP/1.1" 200 6085 "-" "Mozilla/5.0 (compatible; SemrushBot/7~bl; +http://www.semrush.com/bot.html)"
185.191.171.10 - - [09/Dec/2025:17:37:16 +0100] "GET /platby/uwoy9/arkansas-state-wildflower HTTP/1.1" 200 13747 "-" "Mozilla/5.0 (compatible; SemrushBot/7~bl; +http://www.semrush.com/bot.html)"
204.76.203.206 - - [09/Dec/2025:17:37:23 +0100] "GET / HTTP/1.1" 200 316 "-" "Mozilla/5.0 (Windows NT 10.0; Win64; x64) AppleWebKit/537.36 (KHTML, like Gecko) Chrome/90.0.4430.85 Safari/537.36 Edg/90.0.818.46"
185.191.171.16 - - [09/Dec/2025:17:37:23 +0100] "GET /platby/72zbxoz/delta-state-university-football HTTP/1.1" 200 12291 "-" "Mozilla/5.0 (compatible; SemrushBot/7~bl; +http://www.semrush.com/bot.html)"
85.208.96.206 - - [09/Dec/2025:17:37:25 +0100] "GET /platby/uwoy9/nebraska-football-starters-2020 HTTP/1.1" 200 8222 "-" "Mozilla/5.0 (compatible; SemrushBot/7~bl; +http://www.semrush.com/bot.html)"
185.191.171.5 - - [09/Dec/2025:17:38:12 +0100] "GET /platby/72zbxoz/brendan-o'brien-irish-examiner HTTP/1.1" 200 14519 "-" "Mozilla/5.0 (compatible; SemrushBot/7~bl; +http://www.semrush.com/bot.html)"
114.119.140.102 - - [09/Dec/2025:17:38:15 +0100] "GET /platby/article.php?5d4c26=incan-gold-vs-diamant HTTP/1.1" 200 6100 "-" "Mozilla/5.0 (Linux; Android 7.0;) AppleWebKit/537.36 (KHTML, like Gecko) Mobile Safari/537.36 (compatible; PetalBot;+https://webmaster.petalsearch.com/site/petalbot)"
177.11.138.47 - - [09/Dec/2025:17:39:05 +0100] "GET /" 400 468 "-" "-"
185.191.171.19 - - [09/Dec/2025:17:39:10 +0100] "GET /platby/uwoy9/african-american-nonprofit-network HTTP/1.1" 200 13955 "-" "Mozilla/5.0 (compatible; SemrushBot/7~bl; +http://www.semrush.com/bot.html)"
85.208.96.206 - - [09/Dec/2025:17:39:10 +0100] "GET /robots.txt HTTP/1.1" 200 54 "-" "Mozilla/5.0 (compatible; SemrushBot/7~bl; +http://www.semrush.com/bot.html)"
85.208.96.206 - - [09/Dec/2025:17:39:14 +0100] "GET /robots.txt HTTP/1.1" 200 54 "-" "Mozilla/5.0 (compatible; SemrushBot/7~bl; +http://www.semrush.com/bot.html)"
114.119.149.2 - - [09/Dec/2025:17:39:26 +0100] "GET /platby/qqap/emmanuel-college-transfer HTTP/1.1" 200 10780 "http://ispc.klape.eu/platby/qqap/emmanuel-college-transfer" "Mozilla/5.0 (Linux; Android 7.0;) AppleWebKit/537.36 (KHTML, like Gecko) Mobile Safari/537.36 (compatible; PetalBot;+https://webmaster.petalsearch.com/site/petalbot)"
185.191.171.19 - - [09/Dec/2025:17:39:26 +0100] "GET /platby/uwoy9/african-american-nonprofit-network HTTP/1.1" 200 13955 "-" "Mozilla/5.0 (compatible; SemrushBot/7~bl; +http://www.semrush.com/bot.html)"
185.191.171.16 - - [09/Dec/2025:17:39:30 +0100] "GET /platby/qqap/fat-bottomed-girl-bike-race HTTP/1.1" 200 9210 "-" "Mozilla/5.0 (compatible; SemrushBot/7~bl; +http://www.semrush.com/bot.html)"
185.191.171.6 - - [09/Dec/2025:17:39:32 +0100] "GET /platby/hca/kpmg-diversity-ranking HTTP/1.1" 200 13518 "-" "Mozilla/5.0 (compatible; SemrushBot/7~bl; +http://www.semrush.com/bot.html)"
85.208.96.197 - - [09/Dec/2025:17:39:34 +0100] "GET /platby/72zbxoz/astrophysics-bachelor-degree-europe HTTP/1.1" 200 9767 "-" "Mozilla/5.0 (compatible; SemrushBot/7~bl; +http://www.semrush.com/bot.html)"
185.191.171.6 - - [09/Dec/2025:17:39:36 +0100] "GET /platby/hca/enchantment-table-bookshelf-pattern HTTP/1.1" 200 9987 "-" "Mozilla/5.0 (compatible; SemrushBot/7~bl; +http://www.semrush.com/bot.html)"
85.208.96.193 - - [09/Dec/2025:17:39:37 +0100] "GET /platby/qqap/egypt-vs-argentina-live-match HTTP/1.1" 200 8760 "-" "Mozilla/5.0 (compatible; SemrushBot/7~bl; +http://www.semrush.com/bot.html)"
185.191.171.2 - - [09/Dec/2025:17:39:39 +0100] "GET /platby/hca/mourning-becomes-electra HTTP/1.1" 200 10093 "-" "Mozilla/5.0 (compatible; SemrushBot/7~bl; +http://www.semrush.com/bot.html)"
185.191.171.16 - - [09/Dec/2025:17:39:40 +0100] "GET /platby/72zbxoz/gardening-seat-for-disabled HTTP/1.1" 200 9211 "-" "Mozilla/5.0 (compatible; SemrushBot/7~bl; +http://www.semrush.com/bot.html)"
85.208.96.197 - - [09/Dec/2025:17:39:42 +0100] "GET /platby/72zbxoz/john-peel-protein-pudding-recipe HTTP/1.1" 200 8537 "-" "Mozilla/5.0 (compatible; SemrushBot/7~bl; +http://www.semrush.com/bot.html)"
185.191.171.2 - - [09/Dec/2025:17:39:43 +0100] "GET /platby/aohwuyx/aircraft-longitudinal-stability HTTP/1.1" 200 7755 "-" "Mozilla/5.0 (compatible; SemrushBot/7~bl; +http://www.semrush.com/bot.html)"
85.208.96.210 - - [09/Dec/2025:17:39:45 +0100] "GET /platby/hca/confluence-project-plan-timeline HTTP/1.1" 200 7227 "-" "Mozilla/5.0 (compatible; SemrushBot/7~bl; +http://www.semrush.com/bot.html)"
185.191.171.2 - - [09/Dec/2025:17:39:47 +0100] "GET /platby/72zbxoz/colin-cole-lakewood-ohio HTTP/1.1" 200 12567 "-" "Mozilla/5.0 (compatible; SemrushBot/7~bl; +http://www.semrush.com/bot.html)"
185.191.171.8 - - [09/Dec/2025:17:39:48 +0100] "GET /platby/72zbxoz/this-is-livin-soundtrack HTTP/1.1" 200 13688 "-" "Mozilla/5.0 (compatible; SemrushBot/7~bl; +http://www.semrush.com/bot.html)"
85.208.96.201 - - [09/Dec/2025:17:39:50 +0100] "GET /platby/aohwuyx/wadesboro-elementary-school HTTP/1.1" 200 12899 "-" "Mozilla/5.0 (compatible; SemrushBot/7~bl; +http://www.semrush.com/bot.html)"
185.191.171.4 - - [09/Dec/2025:17:39:52 +0100] "GET /platby/uwoy9/how-long-is-a-sleep-cycle-baby HTTP/1.1" 200 11167 "-" "Mozilla/5.0 (compatible; SemrushBot/7~bl; +http://www.semrush.com/bot.html)"
185.191.171.5 - - [09/Dec/2025:17:39:53 +0100] "GET /platby/hca/most-popular-pizza-in-america HTTP/1.1" 200 12856 "-" "Mozilla/5.0 (compatible; SemrushBot/7~bl; +http://www.semrush.com/bot.html)"
185.191.171.18 - - [09/Dec/2025:17:40:06 +0100] "GET /platby/aohwuyx/u-46-parent-portal-login HTTP/1.1" 200 10357 "-" "Mozilla/5.0 (compatible; SemrushBot/7~bl; +http://www.semrush.com/bot.html)"
185.191.171.7 - - [09/Dec/2025:17:40:16 +0100] "GET /platby/hca/types-of-waste-management HTTP/1.1" 200 7035 "-" "Mozilla/5.0 (compatible; SemrushBot/7~bl; +http://www.semrush.com/bot.html)"
185.191.171.5 - - [09/Dec/2025:17:40:18 +0100] "GET /platby/hca/college-football-alumni HTTP/1.1" 200 12561 "-" "Mozilla/5.0 (compatible; SemrushBot/7~bl; +http://www.semrush.com/bot.html)"
185.191.171.11 - - [09/Dec/2025:17:40:23 +0100] "GET /platby/aohwuyx/roskilde-festival-2019 HTTP/1.1" 200 8282 "-" "Mozilla/5.0 (compatible; SemrushBot/7~bl; +http://www.semrush.com/bot.html)"
85.208.96.207 - - [09/Dec/2025:17:40:24 +0100] "GET /platby/72zbxoz/ross-r-barnett-reservoir HTTP/1.1" 200 8204 "-" "Mozilla/5.0 (compatible; SemrushBot/7~bl; +http://www.semrush.com/bot.html)"
114.119.130.237 - - [09/Dec/2025:17:40:28 +0100] "GET /platby/article.php?5d4c26=nairobi-climate-today HTTP/1.1" 200 6764 "http://ispc.klape.eu/platby/article.php?5d4c26=leaders-in-the-world" "Mozilla/5.0 (Linux; Android 7.0;) AppleWebKit/537.36 (KHTML, like Gecko) Mobile Safari/537.36 (compatible; PetalBot;+https://webmaster.petalsearch.com/site/petalbot)"
185.191.171.14 - - [09/Dec/2025:17:40:52 +0100] "GET /platby/hca/national-healthcare-association-verification HTTP/1.1" 200 7208 "-" "Mozilla/5.0 (compatible; SemrushBot/7~bl; +http://www.semrush.com/bot.html)"
85.208.96.205 - - [09/Dec/2025:17:41:08 +0100] "GET /platby/uwoy9/cerave-moisturizer-for-oily-skin-and-acne HTTP/1.1" 200 13199 "-" "Mozilla/5.0 (compatible; SemrushBot/7~bl; +http://www.semrush.com/bot.html)"
85.208.96.206 - - [09/Dec/2025:17:41:20 +0100] "GET /platby/72zbxoz/principal-amount-calculator HTTP/1.1" 200 11193 "-" "Mozilla/5.0 (compatible; SemrushBot/7~bl; +http://www.semrush.com/bot.html)"
85.208.96.207 - - [09/Dec/2025:17:41:47 +0100] "GET /platby/hca/world-class-or-world-class HTTP/1.1" 200 11818 "-" "Mozilla/5.0 (compatible; SemrushBot/7~bl; +http://www.semrush.com/bot.html)"
114.119.139.66 - - [09/Dec/2025:17:41:55 +0100] "GET /platby/article.php?5d4c26=daulatpur-saturia-tornado-map HTTP/1.1" 200 6571 "http://ispc.klape.eu/platby/article.php?5d4c26=path-of-exile-passive-skill-point-quest-rewards" "Mozilla/5.0 (Linux; Android 7.0;) AppleWebKit/537.36 (KHTML, like Gecko) Mobile Safari/537.36 (compatible; PetalBot;+https://webmaster.petalsearch.com/site/petalbot)"
85.208.96.201 - - [09/Dec/2025:17:41:57 +0100] "GET /platby/hca/rock-landscaping-ideas HTTP/1.1" 200 7376 "-" "Mozilla/5.0 (compatible; SemrushBot/7~bl; +http://www.semrush.com/bot.html)"
185.191.171.4 - - [09/Dec/2025:17:42:09 +0100] "GET /platby/uwoy9/calypso-ocean-blue-lemonade-case HTTP/1.1" 200 10466 "-" "Mozilla/5.0 (compatible; SemrushBot/7~bl; +http://www.semrush.com/bot.html)"
85.208.96.207 - - [09/Dec/2025:17:42:38 +0100] "GET /platby/hca/erasmus-university-foundation-year HTTP/1.1" 200 6861 "-" "Mozilla/5.0 (compatible; SemrushBot/7~bl; +http://www.semrush.com/bot.html)"
85.208.96.209 - - [09/Dec/2025:17:42:44 +0100] "GET /platby/uwoy9/soldier-soldier-cast-then-and-now HTTP/1.1" 200 10358 "-" "Mozilla/5.0 (compatible; SemrushBot/7~bl; +http://www.semrush.com/bot.html)"
185.191.171.4 - - [09/Dec/2025:17:42:49 +0100] "GET /platby/uwoy9/director-of-hockey-operations-salary-nhl HTTP/1.1" 200 7532 "-" "Mozilla/5.0 (compatible; SemrushBot/7~bl; +http://www.semrush.com/bot.html)"
204.76.203.212 - - [09/Dec/2025:17:42:57 +0100] "GET /" 400 468 "-" "-"
85.208.96.196 - - [09/Dec/2025:17:43:00 +0100] "GET /platby/uwoy9/how-to-calibrate-fingerprint-sensor-samsung HTTP/1.1" 200 12268 "-" "Mozilla/5.0 (compatible; SemrushBot/7~bl; +http://www.semrush.com/bot.html)"
85.208.96.203 - - [09/Dec/2025:17:43:08 +0100] "GET /platby/aohwuyx/best-selling-products-in-uk-2021 HTTP/1.1" 200 9925 "-" "Mozilla/5.0 (compatible; SemrushBot/7~bl; +http://www.semrush.com/bot.html)"
114.119.129.163 - - [09/Dec/2025:17:43:19 +0100] "GET /platby/aohwuyx/pagtingin-piano-notes HTTP/1.1" 200 13711 "http://ispc.klape.eu/platby/aohwuyx/bed-and-breakfast-galena,-il-pet-friendly" "Mozilla/5.0 (Linux; Android 7.0;) AppleWebKit/537.36 (KHTML, like Gecko) Mobile Safari/537.36 (compatible; PetalBot;+https://webmaster.petalsearch.com/site/petalbot)"
185.191.171.9 - - [09/Dec/2025:17:43:23 +0100] "GET /platby/qqap/internet-best-friend-quotes-tumblr HTTP/1.1" 200 6639 "-" "Mozilla/5.0 (compatible; SemrushBot/7~bl; +http://www.semrush.com/bot.html)"
185.191.171.16 - - [09/Dec/2025:17:43:48 +0100] "GET /platby/72zbxoz/lemon-verbena-plants-for-sale HTTP/1.1" 200 15518 "-" "Mozilla/5.0 (compatible; SemrushBot/7~bl; +http://www.semrush.com/bot.html)"
85.208.96.199 - - [09/Dec/2025:17:43:54 +0100] "GET /platby/uwoy9/lambeau-field-capacity-covid HTTP/1.1" 200 7101 "-" "Mozilla/5.0 (compatible; SemrushBot/7~bl; +http://www.semrush.com/bot.html)"
185.191.171.18 - - [09/Dec/2025:17:44:04 +0100] "GET /platby/hca/francis-tuttle-phone-number HTTP/1.1" 200 8445 "-" "Mozilla/5.0 (compatible; SemrushBot/7~bl; +http://www.semrush.com/bot.html)"
85.208.96.196 - - [09/Dec/2025:17:44:13 +0100] "GET /platby/uwoy9/best-players-to-buy-in-league-2-fifa-20 HTTP/1.1" 200 8114 "-" "Mozilla/5.0 (compatible; SemrushBot/7~bl; +http://www.semrush.com/bot.html)"
185.191.171.6 - - [09/Dec/2025:17:44:22 +0100] "GET /platby/hca/liverpool-fifa-20-best-formation HTTP/1.1" 200 9854 "-" "Mozilla/5.0 (compatible; SemrushBot/7~bl; +http://www.semrush.com/bot.html)"
185.191.171.6 - - [09/Dec/2025:17:44:29 +0100] "GET /platby/hca/great-wall-restaurant-menu-dar-es-salaam HTTP/1.1" 200 8643 "-" "Mozilla/5.0 (compatible; SemrushBot/7~bl; +http://www.semrush.com/bot.html)"
185.191.171.1 - - [09/Dec/2025:17:44:35 +0100] "GET /platby/hca/pizza-express-menu-bath HTTP/1.1" 200 7075 "-" "Mozilla/5.0 (compatible; SemrushBot/7~bl; +http://www.semrush.com/bot.html)"
85.208.96.205 - - [09/Dec/2025:17:44:41 +0100] "GET /platby/uwoy9/sharepoint-resource-management-template HTTP/1.1" 200 8363 "-" "Mozilla/5.0 (compatible; SemrushBot/7~bl; +http://www.semrush.com/bot.html)"
114.119.129.163 - - [09/Dec/2025:17:44:43 +0100] "GET /platby/72zbxoz/basis-flagstaff-ranking HTTP/1.1" 200 7940 "http://ispc.klape.eu/platby/72zbxoz/oneplus-7t-always-on-display-not-working" "Mozilla/5.0 (Linux; Android 7.0;) AppleWebKit/537.36 (KHTML, like Gecko) Mobile Safari/537.36 (compatible; PetalBot;+https://webmaster.petalsearch.com/site/petalbot)"
85.208.96.199 - - [09/Dec/2025:17:45:01 +0100] "GET /platby/aohwuyx/test-ps4-controller-windows-10 HTTP/1.1" 200 8210 "-" "Mozilla/5.0 (compatible; SemrushBot/7~bl; +http://www.semrush.com/bot.html)"
185.191.171.9 - - [09/Dec/2025:17:45:08 +0100] "GET /platby/qqap/swann-v-charlotte-mecklenburg-decision HTTP/1.1" 200 9058 "-" "Mozilla/5.0 (compatible; SemrushBot/7~bl; +http://www.semrush.com/bot.html)"
74.7.228.43 - - [09/Dec/2025:17:45:09 +0100] "\x16\x03\x01" 403 265 "-" "-"
74.7.228.43 - - [09/Dec/2025:17:45:09 +0100] "\x16\x03\x01\x02" 403 265 "-" "-"
74.7.228.43 - - [09/Dec/2025:17:45:09 +0100] "\x16\x03\x01\x02" 403 265 "-" "-"
185.191.171.19 - - [09/Dec/2025:17:45:31 +0100] "GET /platby/aohwuyx/wake-forest-football-camp-2021 HTTP/1.1" 200 8941 "-" "Mozilla/5.0 (compatible; SemrushBot/7~bl; +http://www.semrush.com/bot.html)"
185.191.171.10 - - [09/Dec/2025:17:46:03 +0100] "GET /platby/qqap/mountain-laurel-bloom-time HTTP/1.1" 200 7139 "-" "Mozilla/5.0 (compatible; SemrushBot/7~bl; +http://www.semrush.com/bot.html)"
185.191.171.18 - - [09/Dec/2025:17:46:05 +0100] "GET /platby/72zbxoz/takeout-restaurants-in-stowe,-vt HTTP/1.1" 200 10666 "-" "Mozilla/5.0 (compatible; SemrushBot/7~bl; +http://www.semrush.com/bot.html)"
45.150.72.132 - - [09/Dec/2025:17:46:17 +0100] "\x16\x03\x01\x01" 403 265 "-" "-"
185.191.171.4 - - [09/Dec/2025:17:46:38 +0100] "GET /platby/aohwuyx/carolina-panthers-tailgating-2020 HTTP/1.1" 200 7795 "-" "Mozilla/5.0 (compatible; SemrushBot/7~bl; +http://www.semrush.com/bot.html)"
185.191.171.15 - - [09/Dec/2025:17:46:50 +0100] "GET /platby/aohwuyx/10-year-treasury-yield-chart HTTP/1.1" 200 9313 "-" "Mozilla/5.0 (compatible; SemrushBot/7~bl; +http://www.semrush.com/bot.html)"
185.191.171.4 - - [09/Dec/2025:17:46:54 +0100] "GET /platby/aohwuyx/university-of-maryland-graduation-2022 HTTP/1.1" 200 13472 "-" "Mozilla/5.0 (compatible; SemrushBot/7~bl; +http://www.semrush.com/bot.html)"
85.208.96.205 - - [09/Dec/2025:17:47:05 +0100] "GET /platby/aohwuyx/mariah-carey-piano-chords HTTP/1.1" 200 12896 "-" "Mozilla/5.0 (compatible; SemrushBot/7~bl; +http://www.semrush.com/bot.html)"
185.191.171.4 - - [09/Dec/2025:17:47:28 +0100] "GET /platby/aohwuyx/all-quiet-on-the-western-front-analysis HTTP/1.1" 200 10654 "-" "Mozilla/5.0 (compatible; SemrushBot/7~bl; +http://www.semrush.com/bot.html)"
185.191.171.16 - - [09/Dec/2025:17:47:30 +0100] "GET /platby/qqap/motorola-edge-plus-issues HTTP/1.1" 200 8786 "-" "Mozilla/5.0 (compatible; SemrushBot/7~bl; +http://www.semrush.com/bot.html)"
185.191.171.13 - - [09/Dec/2025:17:47:47 +0100] "GET /platby/uwoy9/salisbury-university-basketball-coach HTTP/1.1" 200 13157 "-" "Mozilla/5.0 (compatible; SemrushBot/7~bl; +http://www.semrush.com/bot.html)"
185.191.171.16 - - [09/Dec/2025:17:47:48 +0100] "GET /platby/uwoy9/assembly-of-first-nations-chiefs HTTP/1.1" 200 7987 "-" "Mozilla/5.0 (compatible; SemrushBot/7~bl; +http://www.semrush.com/bot.html)"
185.191.171.19 - - [09/Dec/2025:17:47:50 +0100] "GET /platby/qqap/huawei-nova-3i-screen-replacement HTTP/1.1" 200 8345 "-" "Mozilla/5.0 (compatible; SemrushBot/7~bl; +http://www.semrush.com/bot.html)"
185.191.171.13 - - [09/Dec/2025:17:48:06 +0100] "GET /platby/72zbxoz/is-lady-antebellum-still-together HTTP/1.1" 200 7596 "-" "Mozilla/5.0 (compatible; SemrushBot/7~bl; +http://www.semrush.com/bot.html)"
185.191.171.9 - - [09/Dec/2025:17:48:08 +0100] "GET /platby/aohwuyx/national-diversity-and-inclusion-organizations HTTP/1.1" 200 13423 "-" "Mozilla/5.0 (compatible; SemrushBot/7~bl; +http://www.semrush.com/bot.html)"
114.119.129.163 - - [09/Dec/2025:17:48:18 +0100] "GET /platby/qqap/best-time-to-visit-antelope-valley-california-poppy-reserve HTTP/1.1" 200 10289 "http://ispc.klape.eu/platby/qqap/air-jordan-1-mid-%27chicago-black-toe%27" "Mozilla/5.0 (Linux; Android 7.0;) AppleWebKit/537.36 (KHTML, like Gecko) Mobile Safari/537.36 (compatible; PetalBot;+https://webmaster.petalsearch.com/site/petalbot)"
185.191.171.15 - - [09/Dec/2025:17:48:30 +0100] "GET /platby/hca/population-of-new-jersey-2020 HTTP/1.1" 200 7531 "-" "Mozilla/5.0 (compatible; SemrushBot/7~bl; +http://www.semrush.com/bot.html)"
185.191.171.3 - - [09/Dec/2025:17:48:43 +0100] "GET /platby/aohwuyx/australia-vs-new-zealand-2021-squad HTTP/1.1" 200 9988 "-" "Mozilla/5.0 (compatible; SemrushBot/7~bl; +http://www.semrush.com/bot.html)"
85.208.96.205 - - [09/Dec/2025:17:48:57 +0100] "GET /platby/72zbxoz/small-mallet-putter-cover HTTP/1.1" 200 12501 "-" "Mozilla/5.0 (compatible; SemrushBot/7~bl; +http://www.semrush.com/bot.html)"
85.208.96.209 - - [09/Dec/2025:17:49:08 +0100] "GET /platby/uwoy9/fellow-ode-grinder-singapore HTTP/1.1" 200 12342 "-" "Mozilla/5.0 (compatible; SemrushBot/7~bl; +http://www.semrush.com/bot.html)"
185.191.171.6 - - [09/Dec/2025:17:49:14 +0100] "GET /platby/72zbxoz/cultural-competency-training-course HTTP/1.1" 200 7429 "-" "Mozilla/5.0 (compatible; SemrushBot/7~bl; +http://www.semrush.com/bot.html)"
85.208.96.207 - - [09/Dec/2025:17:49:17 +0100] "GET /platby/72zbxoz/zara-phythian-doctor-strange HTTP/1.1" 200 12448 "-" "Mozilla/5.0 (compatible; SemrushBot/7~bl; +http://www.semrush.com/bot.html)"
85.208.96.209 - - [09/Dec/2025:17:49:31 +0100] "GET /platby/uwoy9/cindy-blackman-singing HTTP/1.1" 200 9562 "-" "Mozilla/5.0 (compatible; SemrushBot/7~bl; +http://www.semrush.com/bot.html)"
114.119.140.102 - - [09/Dec/2025:17:49:42 +0100] "GET /platby/uwoy9/adolescence-pronunciation HTTP/1.1" 200 10507 "http://ispc.klape.eu/platby/uwoy9/where-was-dan-in-real-life-filmed" "Mozilla/5.0 (Linux; Android 7.0;) AppleWebKit/537.36 (KHTML, like Gecko) Mobile Safari/537.36 (compatible; PetalBot;+https://webmaster.petalsearch.com/site/petalbot)"
85.208.96.195 - - [09/Dec/2025:17:50:11 +0100] "GET /platby/qqap/where-is-halley's-comet-now-2021 HTTP/1.1" 200 10382 "-" "Mozilla/5.0 (compatible; SemrushBot/7~bl; +http://www.semrush.com/bot.html)"
51.68.186.52 - - [09/Dec/2025:17:50:22 +0100] "\x16\x03\x01\x02" 403 265 "-" "-"
185.191.171.1 - - [09/Dec/2025:17:50:22 +0100] "GET /platby/uwoy9/best-fingerprint-lock-screen-app HTTP/1.1" 200 9283 "-" "Mozilla/5.0 (compatible; SemrushBot/7~bl; +http://www.semrush.com/bot.html)"
185.191.171.3 - - [09/Dec/2025:17:50:24 +0100] "GET /platby/72zbxoz/lower-lab-school-admissions HTTP/1.1" 200 9253 "-" "Mozilla/5.0 (compatible; SemrushBot/7~bl; +http://www.semrush.com/bot.html)"
85.208.96.193 - - [09/Dec/2025:17:50:29 +0100] "GET /platby/72zbxoz/pictures-of-baby-wood-ducks HTTP/1.1" 200 9066 "-" "Mozilla/5.0 (compatible; SemrushBot/7~bl; +http://www.semrush.com/bot.html)"
185.191.171.8 - - [09/Dec/2025:17:50:37 +0100] "GET /platby/qqap/mini-tootsie-pops-without-sticks HTTP/1.1" 200 5023 "-" "Mozilla/5.0 (compatible; SemrushBot/7~bl; +http://www.semrush.com/bot.html)"
185.191.171.14 - - [09/Dec/2025:17:50:50 +0100] "GET /platby/uwoy9/genius-mathematics-class-6-solutions HTTP/1.1" 200 9146 "-" "Mozilla/5.0 (compatible; SemrushBot/7~bl; +http://www.semrush.com/bot.html)"
185.191.171.9 - - [09/Dec/2025:17:50:53 +0100] "GET /platby/uwoy9/wales-v-turkey-euro-2021 HTTP/1.1" 200 7840 "-" "Mozilla/5.0 (compatible; SemrushBot/7~bl; +http://www.semrush.com/bot.html)"
