185.191.171.15 - - [09/Dec/2025:22:21:18 +0100] "GET /platby/72zbxoz/orchard-park-high-school-basketball HTTP/1.1" 200 12799 "-" "Mozilla/5.0 (compatible; SemrushBot/7~bl; +http://www.semrush.com/bot.html)"
85.208.96.210 - - [09/Dec/2025:22:21:23 +0100] "GET /platby/aohwuyx/2020-nfl-draft-prospects-by-position HTTP/1.1" 200 12280 "-" "Mozilla/5.0 (compatible; SemrushBot/7~bl; +http://www.semrush.com/bot.html)"
185.191.171.15 - - [09/Dec/2025:22:21:38 +0100] "GET /platby/hca/temperature-in-london-yesterday HTTP/1.1" 200 9419 "-" "Mozilla/5.0 (compatible; SemrushBot/7~bl; +http://www.semrush.com/bot.html)"
85.208.96.198 - - [09/Dec/2025:22:21:40 +0100] "GET /platby/uwoy9/oppo-fingerprint-4-camera HTTP/1.1" 200 12391 "-" "Mozilla/5.0 (compatible; SemrushBot/7~bl; +http://www.semrush.com/bot.html)"
85.208.96.200 - - [09/Dec/2025:22:21:44 +0100] "GET /platby/uwoy9/lucky-days-by-date-of-birth-2021 HTTP/1.1" 200 10457 "-" "Mozilla/5.0 (compatible; SemrushBot/7~bl; +http://www.semrush.com/bot.html)"
85.208.96.198 - - [09/Dec/2025:22:21:51 +0100] "GET /platby/hca/best-pizza-santa-monica HTTP/1.1" 200 11235 "-" "Mozilla/5.0 (compatible; SemrushBot/7~bl; +http://www.semrush.com/bot.html)"
205.210.31.36 - - [09/Dec/2025:22:22:16 +0100] "GET /" 400 468 "-" "-"
85.208.96.200 - - [09/Dec/2025:22:22:39 +0100] "GET /platby/aohwuyx/mexican-restaurants-in-navasota-texas HTTP/1.1" 200 10755 "-" "Mozilla/5.0 (compatible; SemrushBot/7~bl; +http://www.semrush.com/bot.html)"
85.208.96.198 - - [09/Dec/2025:22:22:42 +0100] "GET /platby/72zbxoz/coronation-sussex-egg-production HTTP/1.1" 200 8071 "-" "Mozilla/5.0 (compatible; SemrushBot/7~bl; +http://www.semrush.com/bot.html)"
185.191.171.7 - - [09/Dec/2025:22:22:49 +0100] "GET /platby/aohwuyx/human-resource-machine HTTP/1.1" 200 9237 "-" "Mozilla/5.0 (compatible; SemrushBot/7~bl; +http://www.semrush.com/bot.html)"
85.208.96.195 - - [09/Dec/2025:22:23:08 +0100] "GET /platby/aohwuyx/samsung-s10-black-screen-of-death-fix HTTP/1.1" 200 13367 "-" "Mozilla/5.0 (compatible; SemrushBot/7~bl; +http://www.semrush.com/bot.html)"
185.191.171.8 - - [09/Dec/2025:22:23:09 +0100] "GET /platby/qqap/sony-xperia-1-case-spigen HTTP/1.1" 200 6451 "-" "Mozilla/5.0 (compatible; SemrushBot/7~bl; +http://www.semrush.com/bot.html)"
185.191.171.7 - - [09/Dec/2025:22:23:11 +0100] "GET /platby/hca/sapphire-ventures-stock HTTP/1.1" 200 4641 "-" "Mozilla/5.0 (compatible; SemrushBot/7~bl; +http://www.semrush.com/bot.html)"
114.119.140.102 - - [09/Dec/2025:22:23:22 +0100] "GET /platby/qqap/california-department-of-consumer-affairs-organizational-chart HTTP/1.1" 200 12352 "http://ispc.klape.eu/platby/qqap/california-department-of-consumer-affairs-organizational-chart" "Mozilla/5.0 (Linux; Android 7.0;) AppleWebKit/537.36 (KHTML, like Gecko) Mobile Safari/537.36 (compatible; PetalBot;+https://webmaster.petalsearch.com/site/petalbot)"
185.191.171.9 - - [09/Dec/2025:22:23:24 +0100] "GET /platby/72zbxoz/why-is-aboriginal-unemployment-so-high HTTP/1.1" 200 9446 "-" "Mozilla/5.0 (compatible; SemrushBot/7~bl; +http://www.semrush.com/bot.html)"
185.191.171.7 - - [09/Dec/2025:22:23:26 +0100] "GET /platby/aohwuyx/reese-mcguire-fangraphs HTTP/1.1" 200 12992 "-" "Mozilla/5.0 (compatible; SemrushBot/7~bl; +http://www.semrush.com/bot.html)"
85.208.96.211 - - [09/Dec/2025:22:24:05 +0100] "GET /platby/hca/basecamp-classic-vs-basecamp-2 HTTP/1.1" 200 8856 "-" "Mozilla/5.0 (compatible; SemrushBot/7~bl; +http://www.semrush.com/bot.html)"
185.191.171.12 - - [09/Dec/2025:22:24:09 +0100] "GET /platby/aohwuyx/sharks-2022-draft-picks HTTP/1.1" 200 10929 "-" "Mozilla/5.0 (compatible; SemrushBot/7~bl; +http://www.semrush.com/bot.html)"
46.101.9.154 - - [09/Dec/2025:22:24:17 +0100] "\x16\x03\x01\x02" 403 265 "-" "-"
85.208.96.195 - - [09/Dec/2025:22:24:20 +0100] "GET /platby/aohwuyx/forever-ben-harper-chords HTTP/1.1" 200 12029 "-" "Mozilla/5.0 (compatible; SemrushBot/7~bl; +http://www.semrush.com/bot.html)"
185.191.171.19 - - [09/Dec/2025:22:24:21 +0100] "GET /platby/uwoy9/2009-mlb-draft-baseball-almanac HTTP/1.1" 200 9555 "-" "Mozilla/5.0 (compatible; SemrushBot/7~bl; +http://www.semrush.com/bot.html)"
185.191.171.7 - - [09/Dec/2025:22:24:22 +0100] "GET /platby/uwoy9/kingsglaive:-final-fantasy-xv HTTP/1.1" 200 11833 "-" "Mozilla/5.0 (compatible; SemrushBot/7~bl; +http://www.semrush.com/bot.html)"
62.60.135.99 - - [09/Dec/2025:22:24:26 +0100] "\x16\x03\x01\x05\xd8\x01" 403 265 "-" "-"
62.60.135.99 - - [09/Dec/2025:22:24:26 +0100] "\x16\x03\x01\x05\xd8\x01" 403 265 "-" "-"
62.60.135.99 - - [09/Dec/2025:22:24:26 +0100] "\x16\x03\x01\x05\xd8\x01" 403 265 "-" "-"
85.208.96.202 - - [09/Dec/2025:22:25:07 +0100] "GET /platby/qqap/professional-sports-jobs HTTP/1.1" 200 9922 "-" "Mozilla/5.0 (compatible; SemrushBot/7~bl; +http://www.semrush.com/bot.html)"
85.208.96.193 - - [09/Dec/2025:22:25:12 +0100] "GET /platby/qqap/the-first-radio-advertisement-was-aired-in-1992-for HTTP/1.1" 200 10969 "-" "Mozilla/5.0 (compatible; SemrushBot/7~bl; +http://www.semrush.com/bot.html)"
185.191.171.9 - - [09/Dec/2025:22:25:17 +0100] "GET /platby/qqap/how-to-enter-dorm-address-for-shipping HTTP/1.1" 200 8828 "-" "Mozilla/5.0 (compatible; SemrushBot/7~bl; +http://www.semrush.com/bot.html)"
185.191.171.19 - - [09/Dec/2025:22:25:25 +0100] "GET /platby/qqap/what-states-does-the-mississippi-river-run-through HTTP/1.1" 200 9598 "-" "Mozilla/5.0 (compatible; SemrushBot/7~bl; +http://www.semrush.com/bot.html)"
85.208.96.200 - - [09/Dec/2025:22:25:34 +0100] "GET /platby/qqap/men's-wedding-shorts-suits HTTP/1.1" 200 14045 "-" "Mozilla/5.0 (compatible; SemrushBot/7~bl; +http://www.semrush.com/bot.html)"
85.208.96.211 - - [09/Dec/2025:22:25:45 +0100] "GET /platby/uwoy9/hellbender-game-windows-10 HTTP/1.1" 200 11911 "-" "Mozilla/5.0 (compatible; SemrushBot/7~bl; +http://www.semrush.com/bot.html)"
185.191.171.9 - - [09/Dec/2025:22:25:50 +0100] "GET /platby/hca/contemplative-university HTTP/1.1" 200 11944 "-" "Mozilla/5.0 (compatible; SemrushBot/7~bl; +http://www.semrush.com/bot.html)"
85.208.96.197 - - [09/Dec/2025:22:26:42 +0100] "GET /platby/72zbxoz/florida-panthers-team-store-hours HTTP/1.1" 200 13821 "-" "Mozilla/5.0 (compatible; SemrushBot/7~bl; +http://www.semrush.com/bot.html)"
185.191.171.12 - - [09/Dec/2025:22:27:04 +0100] "GET /platby/uwoy9/cleveland-nfl-draft-volunteer HTTP/1.1" 200 8540 "-" "Mozilla/5.0 (compatible; SemrushBot/7~bl; +http://www.semrush.com/bot.html)"
85.208.96.203 - - [09/Dec/2025:22:27:08 +0100] "GET /platby/qqap/massachusetts-college-of-art-and-design-jobs HTTP/1.1" 200 10427 "-" "Mozilla/5.0 (compatible; SemrushBot/7~bl; +http://www.semrush.com/bot.html)"
85.208.96.193 - - [09/Dec/2025:22:27:09 +0100] "GET /platby/aohwuyx/authorization-pronunciation HTTP/1.1" 200 10126 "-" "Mozilla/5.0 (compatible; SemrushBot/7~bl; +http://www.semrush.com/bot.html)"
85.208.96.207 - - [09/Dec/2025:22:27:11 +0100] "GET /platby/aohwuyx/buff-brahma-chicken-eggs HTTP/1.1" 200 11121 "-" "Mozilla/5.0 (compatible; SemrushBot/7~bl; +http://www.semrush.com/bot.html)"
185.191.171.13 - - [09/Dec/2025:22:27:17 +0100] "GET /platby/72zbxoz/jira-service-desk-automation-examples HTTP/1.1" 200 9150 "-" "Mozilla/5.0 (compatible; SemrushBot/7~bl; +http://www.semrush.com/bot.html)"
85.208.96.193 - - [09/Dec/2025:22:27:25 +0100] "GET /platby/72zbxoz/worst-high-schools-in-broward-county HTTP/1.1" 200 8012 "-" "Mozilla/5.0 (compatible; SemrushBot/7~bl; +http://www.semrush.com/bot.html)"
85.208.96.211 - - [09/Dec/2025:22:27:34 +0100] "GET /platby/aohwuyx/apple-iphone-11-silicone-case-pink-sand HTTP/1.1" 200 8859 "-" "Mozilla/5.0 (compatible; SemrushBot/7~bl; +http://www.semrush.com/bot.html)"
185.191.171.12 - - [09/Dec/2025:22:27:56 +0100] "GET /platby/72zbxoz/kobe-bryant-draft-profile HTTP/1.1" 200 10101 "-" "Mozilla/5.0 (compatible; SemrushBot/7~bl; +http://www.semrush.com/bot.html)"
185.191.171.12 - - [09/Dec/2025:22:28:19 +0100] "GET /platby/qqap/fenwick-high-school-baseball HTTP/1.1" 200 6544 "-" "Mozilla/5.0 (compatible; SemrushBot/7~bl; +http://www.semrush.com/bot.html)"
85.208.96.193 - - [09/Dec/2025:22:28:28 +0100] "GET /platby/aohwuyx/sydney-international-2021 HTTP/1.1" 200 10117 "-" "Mozilla/5.0 (compatible; SemrushBot/7~bl; +http://www.semrush.com/bot.html)"
85.208.96.193 - - [09/Dec/2025:22:28:40 +0100] "GET /platby/uwoy9/microsoft-teams-install-location-windows-10 HTTP/1.1" 200 9268 "-" "Mozilla/5.0 (compatible; SemrushBot/7~bl; +http://www.semrush.com/bot.html)"
85.208.96.197 - - [09/Dec/2025:22:28:42 +0100] "GET /platby/hca/sony-xperia-xz2-premium-for-sale HTTP/1.1" 200 6471 "-" "Mozilla/5.0 (compatible; SemrushBot/7~bl; +http://www.semrush.com/bot.html)"
185.191.171.12 - - [09/Dec/2025:22:29:50 +0100] "GET /platby/uwoy9/clemenza-caserta-2020 HTTP/1.1" 200 9498 "-" "Mozilla/5.0 (compatible; SemrushBot/7~bl; +http://www.semrush.com/bot.html)"
185.191.171.13 - - [09/Dec/2025:22:30:05 +0100] "GET /platby/uwoy9/best-books-for-toddlers-on-racial-diversity HTTP/1.1" 200 12745 "-" "Mozilla/5.0 (compatible; SemrushBot/7~bl; +http://www.semrush.com/bot.html)"
185.191.171.3 - - [09/Dec/2025:22:30:13 +0100] "GET /platby/qqap/love-will-keep-us-together-hat HTTP/1.1" 200 8516 "-" "Mozilla/5.0 (compatible; SemrushBot/7~bl; +http://www.semrush.com/bot.html)"
85.208.96.195 - - [09/Dec/2025:22:30:14 +0100] "GET /platby/72zbxoz/reggae-sumfest-2020-virtual HTTP/1.1" 200 10655 "-" "Mozilla/5.0 (compatible; SemrushBot/7~bl; +http://www.semrush.com/bot.html)"
85.208.96.212 - - [09/Dec/2025:22:30:16 +0100] "GET /platby/72zbxoz/drexel-neurology-residency HTTP/1.1" 200 8992 "-" "Mozilla/5.0 (compatible; SemrushBot/7~bl; +http://www.semrush.com/bot.html)"
185.191.171.12 - - [09/Dec/2025:22:30:17 +0100] "GET /platby/aohwuyx/disable-usb-charging-android-no-root HTTP/1.1" 200 12239 "-" "Mozilla/5.0 (compatible; SemrushBot/7~bl; +http://www.semrush.com/bot.html)"
85.208.96.201 - - [09/Dec/2025:22:30:19 +0100] "GET /platby/qqap/orthene-97-soluble-insecticide HTTP/1.1" 200 7338 "-" "Mozilla/5.0 (compatible; SemrushBot/7~bl; +http://www.semrush.com/bot.html)"
141.98.11.140 - - [09/Dec/2025:22:30:40 +0100] "GET /" 400 468 "-" "-"
85.208.96.211 - - [09/Dec/2025:22:30:46 +0100] "GET /platby/uwoy9/happy-birthday-in-phonetic-alphabet HTTP/1.1" 200 13131 "-" "Mozilla/5.0 (compatible; SemrushBot/7~bl; +http://www.semrush.com/bot.html)"
185.191.171.9 - - [09/Dec/2025:22:30:51 +0100] "GET /platby/uwoy9/chicago-bears-practice-squad-2021 HTTP/1.1" 200 9314 "-" "Mozilla/5.0 (compatible; SemrushBot/7~bl; +http://www.semrush.com/bot.html)"
185.191.171.1 - - [09/Dec/2025:22:31:00 +0100] "GET /platby/qqap/julia-kronecker-product HTTP/1.1" 200 10118 "-" "Mozilla/5.0 (compatible; SemrushBot/7~bl; +http://www.semrush.com/bot.html)"
85.208.96.201 - - [09/Dec/2025:22:31:10 +0100] "GET /platby/qqap/how-selective-is-harvard-summer-school HTTP/1.1" 200 10599 "-" "Mozilla/5.0 (compatible; SemrushBot/7~bl; +http://www.semrush.com/bot.html)"
185.191.171.16 - - [09/Dec/2025:22:31:17 +0100] "GET /platby/72zbxoz/omar-richards-contract HTTP/1.1" 200 9441 "-" "Mozilla/5.0 (compatible; SemrushBot/7~bl; +http://www.semrush.com/bot.html)"
185.191.171.14 - - [09/Dec/2025:22:31:30 +0100] "GET /platby/hca/feeling-alright-chords HTTP/1.1" 200 11584 "-" "Mozilla/5.0 (compatible; SemrushBot/7~bl; +http://www.semrush.com/bot.html)"
85.208.96.201 - - [09/Dec/2025:22:31:40 +0100] "GET /platby/aohwuyx/lift-high-the-banners-of-love HTTP/1.1" 200 9845 "-" "Mozilla/5.0 (compatible; SemrushBot/7~bl; +http://www.semrush.com/bot.html)"
85.208.96.210 - - [09/Dec/2025:22:31:59 +0100] "GET /platby/72zbxoz/emmanuel-college-soccer HTTP/1.1" 200 7987 "-" "Mozilla/5.0 (compatible; SemrushBot/7~bl; +http://www.semrush.com/bot.html)"
85.208.96.201 - - [09/Dec/2025:22:32:32 +0100] "GET /platby/72zbxoz/ricardo-pereira-euro-2021 HTTP/1.1" 200 7789 "-" "Mozilla/5.0 (compatible; SemrushBot/7~bl; +http://www.semrush.com/bot.html)"
185.191.171.2 - - [09/Dec/2025:22:32:36 +0100] "GET /platby/qqap/microsoft-teams-pros-and-cons HTTP/1.1" 200 9219 "-" "Mozilla/5.0 (compatible; SemrushBot/7~bl; +http://www.semrush.com/bot.html)"
85.208.96.199 - - [09/Dec/2025:22:32:46 +0100] "GET /platby/qqap/newton-county-jail-log,-july-2020 HTTP/1.1" 200 12704 "-" "Mozilla/5.0 (compatible; SemrushBot/7~bl; +http://www.semrush.com/bot.html)"
196.65.215.207 - - [09/Dec/2025:22:32:58 +0100] "\x16\x03\x03" 403 265 "-" "-"
217.154.113.51 - - [09/Dec/2025:22:32:59 +0100] "\x16\x03\x01\x02" 403 265 "-" "-"
185.191.171.3 - - [09/Dec/2025:22:33:48 +0100] "GET /platby/qqap/oklahoma-panhandle-state-university-gpa-requirements HTTP/1.1" 200 6621 "-" "Mozilla/5.0 (compatible; SemrushBot/7~bl; +http://www.semrush.com/bot.html)"
185.191.171.16 - - [09/Dec/2025:22:34:50 +0100] "GET /platby/qqap/sherwood-newcastle-amplifier HTTP/1.1" 200 11973 "-" "Mozilla/5.0 (compatible; SemrushBot/7~bl; +http://www.semrush.com/bot.html)"
185.191.171.16 - - [09/Dec/2025:22:35:04 +0100] "GET /platby/qqap/sherwood-newcastle-amplifier HTTP/1.1" 200 11973 "-" "Mozilla/5.0 (compatible; SemrushBot/7~bl; +http://www.semrush.com/bot.html)"
205.210.31.233 - - [09/Dec/2025:22:35:18 +0100] "GET /" 400 468 "-" "-"
141.98.11.170 - - [09/Dec/2025:22:36:03 +0100] "GET /" 400 468 "-" "-"
54.39.28.147 - - [09/Dec/2025:22:36:05 +0100] "GET /" 400 468 "-" "-"
54.39.28.147 - - [09/Dec/2025:22:36:05 +0100] "GET /" 400 468 "-" "-"
204.76.203.206 - - [09/Dec/2025:22:36:05 +0100] "GET /" 400 468 "-" "-"
204.76.203.212 - - [09/Dec/2025:22:36:05 +0100] "GET /" 400 468 "-" "-"
85.208.96.212 - - [09/Dec/2025:22:36:14 +0100] "GET /robots.txt HTTP/1.1" 200 54 "-" "Mozilla/5.0 (compatible; SemrushBot/7~bl; +http://www.semrush.com/bot.html)"
85.208.96.193 - - [09/Dec/2025:22:36:15 +0100] "GET /platby/aohwuyx/recipes-from-simply-julia HTTP/1.1" 200 8909 "-" "Mozilla/5.0 (compatible; SemrushBot/7~bl; +http://www.semrush.com/bot.html)"
85.208.96.212 - - [09/Dec/2025:22:36:16 +0100] "GET /robots.txt HTTP/1.1" 200 54 "-" "Mozilla/5.0 (compatible; SemrushBot/7~bl; +http://www.semrush.com/bot.html)"
85.208.96.193 - - [09/Dec/2025:22:36:29 +0100] "GET /platby/aohwuyx/recipes-from-simply-julia HTTP/1.1" 200 8909 "-" "Mozilla/5.0 (compatible; SemrushBot/7~bl; +http://www.semrush.com/bot.html)"
45.38.44.221 - - [09/Dec/2025:22:36:29 +0100] "GET /" 400 468 "-" "-"
185.191.171.16 - - [09/Dec/2025:22:36:36 +0100] "GET /platby/aohwuyx/kai-jones-scouting-report HTTP/1.1" 200 7663 "-" "Mozilla/5.0 (compatible; SemrushBot/7~bl; +http://www.semrush.com/bot.html)"
51.89.39.44 - - [09/Dec/2025:22:37:04 +0100] "\x16\x03\x01\x02" 403 265 "-" "-"
185.191.171.2 - - [09/Dec/2025:22:37:04 +0100] "GET /platby/uwoy9/how-to-grow-helichrysum-flower HTTP/1.1" 200 9793 "-" "Mozilla/5.0 (compatible; SemrushBot/7~bl; +http://www.semrush.com/bot.html)"
204.76.203.206 - - [09/Dec/2025:22:37:10 +0100] "GET / HTTP/1.1" 200 316 "-" "Mozilla/5.0 (Windows NT 10.0; Win64; x64) AppleWebKit/537.36 (KHTML, like Gecko) Chrome/90.0.4430.85 Safari/537.36 Edg/90.0.818.46"
185.191.171.19 - - [09/Dec/2025:22:37:10 +0100] "GET /platby/uwoy9/wear-your-crown-quotes HTTP/1.1" 200 8950 "-" "Mozilla/5.0 (compatible; SemrushBot/7~bl; +http://www.semrush.com/bot.html)"
185.191.171.17 - - [09/Dec/2025:22:37:12 +0100] "GET /platby/72zbxoz/didier-drogba-net-worth-2021 HTTP/1.1" 200 12308 "-" "Mozilla/5.0 (compatible; SemrushBot/7~bl; +http://www.semrush.com/bot.html)"
85.208.96.193 - - [09/Dec/2025:22:37:14 +0100] "GET /platby/aohwuyx/kansas-crop-planting-guide HTTP/1.1" 200 15485 "-" "Mozilla/5.0 (compatible; SemrushBot/7~bl; +http://www.semrush.com/bot.html)"
85.208.96.207 - - [09/Dec/2025:22:37:15 +0100] "GET /platby/aohwuyx/how-many-ducklings-do-ducks-have HTTP/1.1" 200 8926 "-" "Mozilla/5.0 (compatible; SemrushBot/7~bl; +http://www.semrush.com/bot.html)"
185.191.171.1 - - [09/Dec/2025:22:37:17 +0100] "GET /platby/aohwuyx/kpmg-diversity-program HTTP/1.1" 200 15003 "-" "Mozilla/5.0 (compatible; SemrushBot/7~bl; +http://www.semrush.com/bot.html)"
185.191.171.19 - - [09/Dec/2025:22:37:18 +0100] "GET /platby/hca/uncle-iroh-quotes-to-toph HTTP/1.1" 200 10604 "-" "Mozilla/5.0 (compatible; SemrushBot/7~bl; +http://www.semrush.com/bot.html)"
185.191.171.19 - - [09/Dec/2025:22:37:20 +0100] "GET /platby/72zbxoz/downtown-houghton-apartments HTTP/1.1" 200 8251 "-" "Mozilla/5.0 (compatible; SemrushBot/7~bl; +http://www.semrush.com/bot.html)"
185.191.171.19 - - [09/Dec/2025:22:37:21 +0100] "GET /platby/uwoy9/australia-vs-japan-hockey-olympics-results HTTP/1.1" 200 9629 "-" "Mozilla/5.0 (compatible; SemrushBot/7~bl; +http://www.semrush.com/bot.html)"
85.208.96.194 - - [09/Dec/2025:22:37:23 +0100] "GET /platby/qqap/sharper-image-lock-reset HTTP/1.1" 200 7478 "-" "Mozilla/5.0 (compatible; SemrushBot/7~bl; +http://www.semrush.com/bot.html)"
185.191.171.19 - - [09/Dec/2025:22:37:24 +0100] "GET /platby/aohwuyx/qemu-img-info-write-lock HTTP/1.1" 200 11340 "-" "Mozilla/5.0 (compatible; SemrushBot/7~bl; +http://www.semrush.com/bot.html)"
185.191.171.16 - - [09/Dec/2025:22:37:26 +0100] "GET /platby/qqap/zach-dean-newfoundland HTTP/1.1" 200 11461 "-" "Mozilla/5.0 (compatible; SemrushBot/7~bl; +http://www.semrush.com/bot.html)"
185.191.171.3 - - [09/Dec/2025:22:37:28 +0100] "GET /platby/hca/kevin-reynolds-united-bank HTTP/1.1" 200 10789 "-" "Mozilla/5.0 (compatible; SemrushBot/7~bl; +http://www.semrush.com/bot.html)"
185.191.171.4 - - [09/Dec/2025:22:37:29 +0100] "GET /platby/72zbxoz/how-to-check-apache-version-in-solaris HTTP/1.1" 200 15427 "-" "Mozilla/5.0 (compatible; SemrushBot/7~bl; +http://www.semrush.com/bot.html)"
85.208.96.207 - - [09/Dec/2025:22:37:31 +0100] "GET /platby/qqap/a-universe-from-nothing HTTP/1.1" 200 8243 "-" "Mozilla/5.0 (compatible; SemrushBot/7~bl; +http://www.semrush.com/bot.html)"
85.208.96.207 - - [09/Dec/2025:22:37:33 +0100] "GET /platby/hca/international-initiative-for-inclusive-education HTTP/1.1" 200 13195 "-" "Mozilla/5.0 (compatible; SemrushBot/7~bl; +http://www.semrush.com/bot.html)"
85.208.96.199 - - [09/Dec/2025:22:37:34 +0100] "GET /platby/uwoy9/world-championship-hockey-canada-roster HTTP/1.1" 200 11385 "-" "Mozilla/5.0 (compatible; SemrushBot/7~bl; +http://www.semrush.com/bot.html)"
185.191.171.3 - - [09/Dec/2025:22:37:36 +0100] "GET /platby/uwoy9/model-rocket-engine-size-chart HTTP/1.1" 200 14966 "-" "Mozilla/5.0 (compatible; SemrushBot/7~bl; +http://www.semrush.com/bot.html)"
85.208.96.201 - - [09/Dec/2025:22:37:37 +0100] "GET /platby/hca/covid-19-impact-on-development HTTP/1.1" 200 7719 "-" "Mozilla/5.0 (compatible; SemrushBot/7~bl; +http://www.semrush.com/bot.html)"
85.208.96.207 - - [09/Dec/2025:22:37:39 +0100] "GET /platby/qqap/amit-kishore-eastbound HTTP/1.1" 200 10888 "-" "Mozilla/5.0 (compatible; SemrushBot/7~bl; +http://www.semrush.com/bot.html)"
185.191.171.15 - - [09/Dec/2025:22:37:41 +0100] "GET /platby/uwoy9/carousel-slider-in-swift HTTP/1.1" 200 9107 "-" "Mozilla/5.0 (compatible; SemrushBot/7~bl; +http://www.semrush.com/bot.html)"
185.191.171.8 - - [09/Dec/2025:22:37:43 +0100] "GET /platby/72zbxoz/apollo-square-pipe-thickness-chart HTTP/1.1" 200 11930 "-" "Mozilla/5.0 (compatible; SemrushBot/7~bl; +http://www.semrush.com/bot.html)"
85.208.96.210 - - [09/Dec/2025:22:37:45 +0100] "GET /platby/aohwuyx/pittsburg,-kansas-weather HTTP/1.1" 200 10753 "-" "Mozilla/5.0 (compatible; SemrushBot/7~bl; +http://www.semrush.com/bot.html)"
87.121.84.154 - - [09/Dec/2025:22:38:02 +0100] "GET /dispatch.asp HTTP/1.1" 404 230 "-" "Mozilla/5.0 (Windows NT 10.0; Win64; x64) AppleWebKit/537.36 (KHTML, like Gecko) Chrome/90.0.4430.85 Safari/537.36 Edg/90.0.818.46"
185.191.171.5 - - [09/Dec/2025:22:38:07 +0100] "GET /platby/hca/moto-g-power-screen-replacement-near-me HTTP/1.1" 200 10907 "-" "Mozilla/5.0 (compatible; SemrushBot/7~bl; +http://www.semrush.com/bot.html)"
85.208.96.207 - - [09/Dec/2025:22:38:35 +0100] "GET /platby/72zbxoz/ricky-watters-hall-of-fame HTTP/1.1" 200 10782 "-" "Mozilla/5.0 (compatible; SemrushBot/7~bl; +http://www.semrush.com/bot.html)"
185.191.171.3 - - [09/Dec/2025:22:38:37 +0100] "GET /platby/qqap/grammar-practice-book-grade-4-pdf HTTP/1.1" 200 11246 "-" "Mozilla/5.0 (compatible; SemrushBot/7~bl; +http://www.semrush.com/bot.html)"
85.208.96.193 - - [09/Dec/2025:22:38:57 +0100] "GET /platby/qqap/new-england-patriots-players HTTP/1.1" 200 10185 "-" "Mozilla/5.0 (compatible; SemrushBot/7~bl; +http://www.semrush.com/bot.html)"
85.208.96.199 - - [09/Dec/2025:22:39:03 +0100] "GET /platby/72zbxoz/principal-graduation-speech-2021 HTTP/1.1" 200 11526 "-" "Mozilla/5.0 (compatible; SemrushBot/7~bl; +http://www.semrush.com/bot.html)"
85.208.96.210 - - [09/Dec/2025:22:39:07 +0100] "GET /platby/uwoy9/jordan-jumpman-2020-colorways HTTP/1.1" 200 13833 "-" "Mozilla/5.0 (compatible; SemrushBot/7~bl; +http://www.semrush.com/bot.html)"
85.208.96.193 - - [09/Dec/2025:22:39:19 +0100] "GET /platby/hca/faith-driven-entrepreneur-jobs HTTP/1.1" 200 10218 "-" "Mozilla/5.0 (compatible; SemrushBot/7~bl; +http://www.semrush.com/bot.html)"
185.191.171.10 - - [09/Dec/2025:22:39:32 +0100] "GET /platby/hca/is-yadier-molina-in-the-all-star-game HTTP/1.1" 200 11704 "-" "Mozilla/5.0 (compatible; SemrushBot/7~bl; +http://www.semrush.com/bot.html)"
114.119.152.142 - - [09/Dec/2025:22:39:44 +0100] "GET /platby/qqap/what-does-the-rum-tum-tugger-enjoy-the-most HTTP/1.1" 200 11384 "http://ispc.klape.eu/platby/qqap/what-does-the-rum-tum-tugger-enjoy-the-most" "Mozilla/5.0 (Linux; Android 7.0;) AppleWebKit/537.36 (KHTML, like Gecko) Mobile Safari/537.36 (compatible; PetalBot;+https://webmaster.petalsearch.com/site/petalbot)"
74.7.175.157 - - [09/Dec/2025:22:39:53 +0100] "\x16\x03\x01" 403 265 "-" "-"
74.7.175.157 - - [09/Dec/2025:22:39:53 +0100] "\x16\x03\x01\x02" 403 265 "-" "-"
74.7.175.157 - - [09/Dec/2025:22:39:53 +0100] "\x16\x03\x01\x02" 403 265 "-" "-"
185.191.171.2 - - [09/Dec/2025:22:39:58 +0100] "GET /platby/hca/restaurants-in-silver-spring HTTP/1.1" 200 7999 "-" "Mozilla/5.0 (compatible; SemrushBot/7~bl; +http://www.semrush.com/bot.html)"
185.191.171.3 - - [09/Dec/2025:22:40:23 +0100] "GET /platby/72zbxoz/stanford-cs140e-video HTTP/1.1" 200 10885 "-" "Mozilla/5.0 (compatible; SemrushBot/7~bl; +http://www.semrush.com/bot.html)"
185.191.171.7 - - [09/Dec/2025:22:40:41 +0100] "GET /platby/72zbxoz/easy-listening-music-list HTTP/1.1" 200 11572 "-" "Mozilla/5.0 (compatible; SemrushBot/7~bl; +http://www.semrush.com/bot.html)"
85.208.96.203 - - [09/Dec/2025:22:40:53 +0100] "GET /platby/72zbxoz/2022-nfl-draft-prospects-list HTTP/1.1" 200 7843 "-" "Mozilla/5.0 (compatible; SemrushBot/7~bl; +http://www.semrush.com/bot.html)"
114.119.129.163 - - [09/Dec/2025:22:41:08 +0100] "GET /platby/qqap/interesting-science-facts-about-the-human-body HTTP/1.1" 200 7812 "http://ispc.klape.eu/platby/qqap/interesting-science-facts-about-the-human-body" "Mozilla/5.0 (Linux; Android 7.0;) AppleWebKit/537.36 (KHTML, like Gecko) Mobile Safari/537.36 (compatible; PetalBot;+https://webmaster.petalsearch.com/site/petalbot)"
85.208.96.198 - - [09/Dec/2025:22:41:21 +0100] "GET /platby/uwoy9/role-of-forensic-psychologist-pdf HTTP/1.1" 200 8496 "-" "Mozilla/5.0 (compatible; SemrushBot/7~bl; +http://www.semrush.com/bot.html)"
85.208.96.202 - - [09/Dec/2025:22:41:27 +0100] "GET /platby/aohwuyx/beautiful-confluence-page-examples HTTP/1.1" 200 15401 "-" "Mozilla/5.0 (compatible; SemrushBot/7~bl; +http://www.semrush.com/bot.html)"
185.191.171.6 - - [09/Dec/2025:22:41:34 +0100] "GET /platby/hca/microsoft-teams-file-location-windows-7 HTTP/1.1" 200 7187 "-" "Mozilla/5.0 (compatible; SemrushBot/7~bl; +http://www.semrush.com/bot.html)"
185.191.171.9 - - [09/Dec/2025:22:41:38 +0100] "GET /platby/hca/what-lifts-are-open-at-sugarloaf HTTP/1.1" 200 8943 "-" "Mozilla/5.0 (compatible; SemrushBot/7~bl; +http://www.semrush.com/bot.html)"
85.208.96.197 - - [09/Dec/2025:22:41:41 +0100] "GET /platby/hca/garmin-venu-sleep-widget HTTP/1.1" 200 5974 "-" "Mozilla/5.0 (compatible; SemrushBot/7~bl; +http://www.semrush.com/bot.html)"
185.191.171.19 - - [09/Dec/2025:22:41:42 +0100] "GET /platby/72zbxoz/carolina-panthers-defense-2021 HTTP/1.1" 200 12448 "-" "Mozilla/5.0 (compatible; SemrushBot/7~bl; +http://www.semrush.com/bot.html)"
85.208.96.200 - - [09/Dec/2025:22:41:55 +0100] "GET /platby/qqap/human-capital-institute-singapore HTTP/1.1" 200 13509 "-" "Mozilla/5.0 (compatible; SemrushBot/7~bl; +http://www.semrush.com/bot.html)"
85.208.96.193 - - [09/Dec/2025:22:42:02 +0100] "GET /platby/aohwuyx/depeche-mode---behind-the-wheel HTTP/1.1" 200 11948 "-" "Mozilla/5.0 (compatible; SemrushBot/7~bl; +http://www.semrush.com/bot.html)"
85.208.96.207 - - [09/Dec/2025:22:42:08 +0100] "GET /platby/aohwuyx/reading-eggs-correlation-chart-australia HTTP/1.1" 200 13654 "-" "Mozilla/5.0 (compatible; SemrushBot/7~bl; +http://www.semrush.com/bot.html)"
185.191.171.6 - - [09/Dec/2025:22:42:21 +0100] "GET /platby/hca/falcons-draft-picks-2017 HTTP/1.1" 200 6009 "-" "Mozilla/5.0 (compatible; SemrushBot/7~bl; +http://www.semrush.com/bot.html)"
114.119.140.102 - - [09/Dec/2025:22:42:32 +0100] "GET /platby/article.php?5d4c26=iron-maiden-number-of-the-beast-tattoo HTTP/1.1" 200 5734 "http://ispc.klape.eu/platby/article.php?5d4c26=ticketmaster-refund-comedy-festival" "Mozilla/5.0 (Linux; Android 7.0;) AppleWebKit/537.36 (KHTML, like Gecko) Mobile Safari/537.36 (compatible; PetalBot;+https://webmaster.petalsearch.com/site/petalbot)"
216.73.216.222 - - [09/Dec/2025:22:42:41 +0100] "\x16\x03\x01" 403 265 "-" "-"
85.208.96.199 - - [09/Dec/2025:22:42:55 +0100] "GET /platby/72zbxoz/pride-documentary-2021 HTTP/1.1" 200 9925 "-" "Mozilla/5.0 (compatible; SemrushBot/7~bl; +http://www.semrush.com/bot.html)"
85.208.96.200 - - [09/Dec/2025:22:43:12 +0100] "GET /platby/hca/frank-peretti-books-in-order HTTP/1.1" 200 8437 "-" "Mozilla/5.0 (compatible; SemrushBot/7~bl; +http://www.semrush.com/bot.html)"
85.208.96.202 - - [09/Dec/2025:22:43:13 +0100] "GET /platby/uwoy9/why-can't-we-be-friends-simpsons HTTP/1.1" 200 11447 "-" "Mozilla/5.0 (compatible; SemrushBot/7~bl; +http://www.semrush.com/bot.html)"
185.191.171.2 - - [09/Dec/2025:22:43:15 +0100] "GET /platby/hca/northern-basketball-roster HTTP/1.1" 200 5064 "-" "Mozilla/5.0 (compatible; SemrushBot/7~bl; +http://www.semrush.com/bot.html)"
85.208.96.205 - - [09/Dec/2025:22:43:25 +0100] "GET /platby/hca/who-was-robert-goulet-married-to HTTP/1.1" 200 12490 "-" "Mozilla/5.0 (compatible; SemrushBot/7~bl; +http://www.semrush.com/bot.html)"
85.208.96.209 - - [09/Dec/2025:22:43:30 +0100] "GET /platby/aohwuyx/minnesota-wildflower-seeds HTTP/1.1" 200 15292 "-" "Mozilla/5.0 (compatible; SemrushBot/7~bl; +http://www.semrush.com/bot.html)"
185.191.171.1 - - [09/Dec/2025:22:44:07 +0100] "GET /platby/aohwuyx/grade-7-science-lessons-2nd-quarter HTTP/1.1" 200 8516 "-" "Mozilla/5.0 (compatible; SemrushBot/7~bl; +http://www.semrush.com/bot.html)"
213.21.239.49 - - [09/Dec/2025:22:44:10 +0100] "GET /" 400 468 "-" "-"
79.124.40.174 - - [09/Dec/2025:22:44:11 +0100] "\x16\x03\x01\x05\xa8\x01" 403 265 "-" "-"
85.208.96.199 - - [09/Dec/2025:22:44:29 +0100] "GET /platby/uwoy9/confluence-ta-associates HTTP/1.1" 200 8480 "-" "Mozilla/5.0 (compatible; SemrushBot/7~bl; +http://www.semrush.com/bot.html)"
185.191.171.11 - - [09/Dec/2025:22:44:39 +0100] "GET /platby/uwoy9/when-will-nightclubs-reopen-in-los-angeles HTTP/1.1" 200 12654 "-" "Mozilla/5.0 (compatible; SemrushBot/7~bl; +http://www.semrush.com/bot.html)"
185.191.171.7 - - [09/Dec/2025:22:45:04 +0100] "GET /platby/qqap/pronoun-gender-identity HTTP/1.1" 200 8221 "-" "Mozilla/5.0 (compatible; SemrushBot/7~bl; +http://www.semrush.com/bot.html)"
85.208.96.199 - - [09/Dec/2025:22:45:10 +0100] "GET /platby/hca/why-does-laporte-play-for-spain HTTP/1.1" 200 5489 "-" "Mozilla/5.0 (compatible; SemrushBot/7~bl; +http://www.semrush.com/bot.html)"
85.208.96.197 - - [09/Dec/2025:22:45:32 +0100] "GET /platby/qqap/importance-of-agriculture HTTP/1.1" 200 6774 "-" "Mozilla/5.0 (compatible; SemrushBot/7~bl; +http://www.semrush.com/bot.html)"
185.191.171.16 - - [09/Dec/2025:22:45:40 +0100] "GET /platby/72zbxoz/sourcetree-github-authentication-failed HTTP/1.1" 200 10550 "-" "Mozilla/5.0 (compatible; SemrushBot/7~bl; +http://www.semrush.com/bot.html)"
185.191.171.11 - - [09/Dec/2025:22:45:44 +0100] "GET /platby/uwoy9/rolling-stone-best-music-videos-2019 HTTP/1.1" 200 12467 "-" "Mozilla/5.0 (compatible; SemrushBot/7~bl; +http://www.semrush.com/bot.html)"
185.191.171.17 - - [09/Dec/2025:22:45:58 +0100] "GET /platby/aohwuyx/faded-definition-slang HTTP/1.1" 200 13411 "-" "Mozilla/5.0 (compatible; SemrushBot/7~bl; +http://www.semrush.com/bot.html)"
185.191.171.10 - - [09/Dec/2025:22:46:01 +0100] "GET /platby/uwoy9/helpful-educational-websites-for-high-school-students HTTP/1.1" 200 11450 "-" "Mozilla/5.0 (compatible; SemrushBot/7~bl; +http://www.semrush.com/bot.html)"
85.208.96.202 - - [09/Dec/2025:22:46:03 +0100] "GET /platby/72zbxoz/how-to-support-indigenous-peoples HTTP/1.1" 200 8739 "-" "Mozilla/5.0 (compatible; SemrushBot/7~bl; +http://www.semrush.com/bot.html)"
185.191.171.15 - - [09/Dec/2025:22:46:06 +0100] "GET /platby/hca/prom-dresses-logan,-utah HTTP/1.1" 200 9951 "-" "Mozilla/5.0 (compatible; SemrushBot/7~bl; +http://www.semrush.com/bot.html)"
85.208.96.198 - - [09/Dec/2025:22:46:13 +0100] "GET /platby/aohwuyx/tony-romo-restaurant-near-me HTTP/1.1" 200 14163 "-" "Mozilla/5.0 (compatible; SemrushBot/7~bl; +http://www.semrush.com/bot.html)"
85.208.96.193 - - [09/Dec/2025:22:46:14 +0100] "GET /platby/uwoy9/alcatel-phone-screen-replacement HTTP/1.1" 200 10202 "-" "Mozilla/5.0 (compatible; SemrushBot/7~bl; +http://www.semrush.com/bot.html)"
85.208.96.197 - - [09/Dec/2025:22:46:46 +0100] "GET /platby/aohwuyx/black-lives-matter-tactics HTTP/1.1" 200 8645 "-" "Mozilla/5.0 (compatible; SemrushBot/7~bl; +http://www.semrush.com/bot.html)"
144.31.4.112 - - [09/Dec/2025:22:46:49 +0100] "\x16\x03\x01\x05\xd4\x01" 403 265 "-" "-"
144.31.4.112 - - [09/Dec/2025:22:46:50 +0100] "\x16\x03\x01\x05\xd4\x01" 403 265 "-" "-"
85.208.96.205 - - [09/Dec/2025:22:47:15 +0100] "GET /platby/qqap/justin-fields-autographed-jersey HTTP/1.1" 200 9655 "-" "Mozilla/5.0 (compatible; SemrushBot/7~bl; +http://www.semrush.com/bot.html)"
85.208.96.202 - - [09/Dec/2025:22:47:18 +0100] "GET /platby/hca/abba-does-your-mother-know-hole-in-your-soul HTTP/1.1" 200 8766 "-" "Mozilla/5.0 (compatible; SemrushBot/7~bl; +http://www.semrush.com/bot.html)"
185.191.171.10 - - [09/Dec/2025:22:47:29 +0100] "GET /platby/uwoy9/overground-station-near-me HTTP/1.1" 200 13365 "-" "Mozilla/5.0 (compatible; SemrushBot/7~bl; +http://www.semrush.com/bot.html)"
85.208.96.209 - - [09/Dec/2025:22:47:46 +0100] "GET /platby/qqap/enthroned-madonna-and-child HTTP/1.1" 200 12439 "-" "Mozilla/5.0 (compatible; SemrushBot/7~bl; +http://www.semrush.com/bot.html)"
195.177.94.189 - - [09/Dec/2025:22:47:49 +0100] "GET /phpmyadmin/scripts/setup.php HTTP/1.1" 200 11106 "-" "Mozilla/4.0 (compatible; MSIE 6.0; MSIE 5.5; Windows NT 5.1) Opera 7.01 [en]"
195.177.94.189 - - [09/Dec/2025:22:47:50 +0100] "POST /phpmyadmin/scripts/setup.php HTTP/1.1" 200 18608 "http://109.105.49.240:8081/phpmyadmin/scripts/setup.php" "Mozilla/4.0 (compatible; MSIE 6.0; MSIE 5.5; Windows NT 5.1) Opera 7.01 [en]"
85.208.96.202 - - [09/Dec/2025:22:47:50 +0100] "GET /platby/qqap/introduction-to-art-course-description HTTP/1.1" 200 11457 "-" "Mozilla/5.0 (compatible; SemrushBot/7~bl; +http://www.semrush.com/bot.html)"
85.208.96.204 - - [09/Dec/2025:22:48:24 +0100] "GET /platby/qqap/dark-heart-nursery-phone-number HTTP/1.1" 200 9292 "-" "Mozilla/5.0 (compatible; SemrushBot/7~bl; +http://www.semrush.com/bot.html)"
204.76.203.20 - - [09/Dec/2025:22:48:28 +0100] "GET /" 400 468 "-" "-"
85.208.96.211 - - [09/Dec/2025:22:48:47 +0100] "GET /platby/uwoy9/ball-mayhaw-jelly-recipe HTTP/1.1" 200 14763 "-" "Mozilla/5.0 (compatible; SemrushBot/7~bl; +http://www.semrush.com/bot.html)"
85.208.96.197 - - [09/Dec/2025:22:48:50 +0100] "GET /platby/uwoy9/final-fight:-streetwise HTTP/1.1" 200 12049 "-" "Mozilla/5.0 (compatible; SemrushBot/7~bl; +http://www.semrush.com/bot.html)"
195.177.94.189 - - [09/Dec/2025:22:48:55 +0100] "GET /phpmyadmin/scripts/setup.php HTTP/1.1" 200 11105 "-" "Mozilla/4.0 (compatible; MSIE 6.0; MSIE 5.5; Windows NT 5.1) Opera 7.01 [en]"
195.177.94.189 - - [09/Dec/2025:22:48:56 +0100] "POST /phpmyadmin/scripts/setup.php HTTP/1.1" 200 18608 "http://109.105.49.240:443/phpmyadmin/scripts/setup.php" "Mozilla/4.0 (compatible; MSIE 6.0; MSIE 5.5; Windows NT 5.1) Opera 7.01 [en]"
85.208.96.198 - - [09/Dec/2025:22:49:03 +0100] "GET /platby/aohwuyx/march-of-dimes-accomplishments HTTP/1.1" 200 13020 "-" "Mozilla/5.0 (compatible; SemrushBot/7~bl; +http://www.semrush.com/bot.html)"
85.208.96.201 - - [09/Dec/2025:22:49:35 +0100] "GET /platby/72zbxoz/alaska-native-plant-society HTTP/1.1" 200 10135 "-" "Mozilla/5.0 (compatible; SemrushBot/7~bl; +http://www.semrush.com/bot.html)"
85.208.96.212 - - [09/Dec/2025:22:49:41 +0100] "GET /platby/uwoy9/cowboys-vs-redskins-2019 HTTP/1.1" 200 10824 "-" "Mozilla/5.0 (compatible; SemrushBot/7~bl; +http://www.semrush.com/bot.html)"
85.208.96.208 - - [09/Dec/2025:22:49:46 +0100] "GET /platby/uwoy9/best-coding-toys-2020 HTTP/1.1" 200 12164 "-" "Mozilla/5.0 (compatible; SemrushBot/7~bl; +http://www.semrush.com/bot.html)"
85.208.96.202 - - [09/Dec/2025:22:49:47 +0100] "GET /platby/hca/hunter-college-special-education HTTP/1.1" 200 9588 "-" "Mozilla/5.0 (compatible; SemrushBot/7~bl; +http://www.semrush.com/bot.html)"
185.191.171.16 - - [09/Dec/2025:22:50:02 +0100] "GET /platby/qqap/best-resources-for-diversity-and-inclusion HTTP/1.1" 200 12039 "-" "Mozilla/5.0 (compatible; SemrushBot/7~bl; +http://www.semrush.com/bot.html)"
185.191.171.10 - - [09/Dec/2025:22:51:00 +0100] "GET /platby/72zbxoz/water-temperature-sunny-beach,-bulgaria HTTP/1.1" 200 8506 "-" "Mozilla/5.0 (compatible; SemrushBot/7~bl; +http://www.semrush.com/bot.html)"
91.232.238.106 - - [09/Dec/2025:22:51:37 +0100] "\x16\x03\x01\x01\xaa\x01" 403 265 "-" "-"
85.208.96.201 - - [09/Dec/2025:22:52:29 +0100] "GET /platby/qqap/george-mason-university HTTP/1.1" 200 8120 "-" "Mozilla/5.0 (compatible; SemrushBot/7~bl; +http://www.semrush.com/bot.html)"
85.208.96.201 - - [09/Dec/2025:22:52:35 +0100] "GET /platby/qqap/george-mason-university HTTP/1.1" 200 8120 "-" "Mozilla/5.0 (compatible; SemrushBot/7~bl; +http://www.semrush.com/bot.html)"
204.76.203.206 - - [09/Dec/2025:22:52:44 +0100] "GET /" 400 468 "-" "-"
85.208.96.209 - - [09/Dec/2025:22:53:15 +0100] "GET /platby/aohwuyx/daulton-jefferies-roto HTTP/1.1" 200 13014 "-" "Mozilla/5.0 (compatible; SemrushBot/7~bl; +http://www.semrush.com/bot.html)"
185.191.171.11 - - [09/Dec/2025:22:53:28 +0100] "GET /platby/uwoy9/sean-kazmar-jr-salary-2021jealousy-causes-and-effects HTTP/1.1" 200 9293 "-" "Mozilla/5.0 (compatible; SemrushBot/7~bl; +http://www.semrush.com/bot.html)"
205.210.31.221 - - [09/Dec/2025:22:53:52 +0100] "GET / HTTP/1.0" 200 515 "-" "Hello from Palo Alto Networks, find out more about our scans in https://docs-cortex.paloaltonetworks.com/r/1/Cortex-Xpanse/Scanning-activity"
204.76.203.206 - - [09/Dec/2025:22:54:33 +0100] "GET / HTTP/1.1" 200 316 "-" "Mozilla/5.0 (Windows NT 10.0; Win64; x64) AppleWebKit/537.36 (KHTML, like Gecko) Chrome/90.0.4430.85 Safari/537.36 Edg/90.0.818.46"
185.191.171.1 - - [09/Dec/2025:22:54:33 +0100] "GET /platby/72zbxoz/pilgrim-geese-for-sale-canada HTTP/1.1" 200 14360 "-" "Mozilla/5.0 (compatible; SemrushBot/7~bl; +http://www.semrush.com/bot.html)"
185.191.171.1 - - [09/Dec/2025:22:55:33 +0100] "GET /platby/72zbxoz/pilgrim-geese-for-sale-canada HTTP/1.1" 200 14360 "-" "Mozilla/5.0 (compatible; SemrushBot/7~bl; +http://www.semrush.com/bot.html)"
185.191.171.15 - - [09/Dec/2025:22:57:00 +0100] "GET /platby/72zbxoz/cardinal-stadium-gate-map HTTP/1.1" 200 15075 "-" "Mozilla/5.0 (compatible; SemrushBot/7~bl; +http://www.semrush.com/bot.html)"
185.191.171.15 - - [09/Dec/2025:22:57:07 +0100] "GET /platby/72zbxoz/cardinal-stadium-gate-map HTTP/1.1" 200 15075 "-" "Mozilla/5.0 (compatible; SemrushBot/7~bl; +http://www.semrush.com/bot.html)"
85.208.96.197 - - [09/Dec/2025:22:57:12 +0100] "GET /robots.txt HTTP/1.1" 200 54 "-" "Mozilla/5.0 (compatible; SemrushBot/7~bl; +http://www.semrush.com/bot.html)"
85.208.96.197 - - [09/Dec/2025:22:57:20 +0100] "GET /robots.txt HTTP/1.1" 200 54 "-" "Mozilla/5.0 (compatible; SemrushBot/7~bl; +http://www.semrush.com/bot.html)"
185.191.171.3 - - [09/Dec/2025:22:57:23 +0100] "GET /platby/aohwuyx/book-report-cheat-website HTTP/1.1" 200 10568 "-" "Mozilla/5.0 (compatible; SemrushBot/7~bl; +http://www.semrush.com/bot.html)"
114.119.152.108 - - [09/Dec/2025:22:57:33 +0100] "GET /robots.txt HTTP/1.1" 200 54 "-" "Mozilla/5.0 (compatible;PetalBot;+https://webmaster.petalsearch.com/site/petalbot)"
85.208.96.206 - - [09/Dec/2025:22:57:36 +0100] "GET /platby/qqap/raised-bed-gardening-new-mexico HTTP/1.1" 200 9052 "-" "Mozilla/5.0 (compatible; SemrushBot/7~bl; +http://www.semrush.com/bot.html)"
114.119.155.13 - - [09/Dec/2025:22:57:38 +0100] "GET /robots.txt HTTP/1.1" 200 54 "-" "Mozilla/5.0 (compatible;PetalBot;+https://webmaster.petalsearch.com/site/petalbot)"
185.191.171.16 - - [09/Dec/2025:22:57:40 +0100] "GET /platby/uwoy9/2016-patriots-defense-rank HTTP/1.1" 200 12874 "-" "Mozilla/5.0 (compatible; SemrushBot/7~bl; +http://www.semrush.com/bot.html)"
85.208.96.211 - - [09/Dec/2025:22:57:42 +0100] "GET /platby/hca/black-bellied-whistling-duck-eggs HTTP/1.1" 200 13441 "-" "Mozilla/5.0 (compatible; SemrushBot/7~bl; +http://www.semrush.com/bot.html)"
185.191.171.15 - - [09/Dec/2025:22:57:49 +0100] "GET /platby/uwoy9/examples-of-cultural-sensitivity-in-the-workplace HTTP/1.1" 200 8996 "-" "Mozilla/5.0 (compatible; SemrushBot/7~bl; +http://www.semrush.com/bot.html)"
185.191.171.10 - - [09/Dec/2025:22:57:51 +0100] "GET /platby/72zbxoz/architectural-visualization-job-description HTTP/1.1" 200 11339 "-" "Mozilla/5.0 (compatible; SemrushBot/7~bl; +http://www.semrush.com/bot.html)"
185.191.171.16 - - [09/Dec/2025:22:57:53 +0100] "GET /platby/uwoy9/consumer-sentence-examples-science HTTP/1.1" 200 14197 "-" "Mozilla/5.0 (compatible; SemrushBot/7~bl; +http://www.semrush.com/bot.html)"
185.191.171.14 - - [09/Dec/2025:22:57:55 +0100] "GET /platby/uwoy9/how-much-is-mcdonald's-net-worth HTTP/1.1" 200 13341 "-" "Mozilla/5.0 (compatible; SemrushBot/7~bl; +http://www.semrush.com/bot.html)"
185.191.171.2 - - [09/Dec/2025:22:57:57 +0100] "GET /platby/uwoy9/days-of-our-lives-cast-dr-drake-ramoray HTTP/1.1" 200 12616 "-" "Mozilla/5.0 (compatible; SemrushBot/7~bl; +http://www.semrush.com/bot.html)"
85.208.96.211 - - [09/Dec/2025:22:57:58 +0100] "GET /platby/uwoy9/diversity-plan-template HTTP/1.1" 200 13184 "-" "Mozilla/5.0 (compatible; SemrushBot/7~bl; +http://www.semrush.com/bot.html)"
85.208.96.208 - - [09/Dec/2025:22:58:00 +0100] "GET /platby/hca/cats-and-ducks-living-together HTTP/1.1" 200 7287 "-" "Mozilla/5.0 (compatible; SemrushBot/7~bl; +http://www.semrush.com/bot.html)"
185.191.171.1 - - [09/Dec/2025:22:58:01 +0100] "GET /platby/qqap/meharry-medical-center HTTP/1.1" 200 7743 "-" "Mozilla/5.0 (compatible; SemrushBot/7~bl; +http://www.semrush.com/bot.html)"
85.208.96.208 - - [09/Dec/2025:22:58:03 +0100] "GET /platby/aohwuyx/kiva-blue-dream-gummies HTTP/1.1" 200 13701 "-" "Mozilla/5.0 (compatible; SemrushBot/7~bl; +http://www.semrush.com/bot.html)"
185.191.171.14 - - [09/Dec/2025:22:58:04 +0100] "GET /platby/72zbxoz/hookah-lounge-brooklyn-dine-in HTTP/1.1" 200 7389 "-" "Mozilla/5.0 (compatible; SemrushBot/7~bl; +http://www.semrush.com/bot.html)"
85.208.96.206 - - [09/Dec/2025:22:58:06 +0100] "GET /platby/uwoy9/tributary-in-a-sentence-example HTTP/1.1" 200 12978 "-" "Mozilla/5.0 (compatible; SemrushBot/7~bl; +http://www.semrush.com/bot.html)"
85.208.96.193 - - [09/Dec/2025:22:58:07 +0100] "GET /platby/hca/topps-football-cards-2021 HTTP/1.1" 200 8436 "-" "Mozilla/5.0 (compatible; SemrushBot/7~bl; +http://www.semrush.com/bot.html)"
185.191.171.16 - - [09/Dec/2025:22:58:09 +0100] "GET /platby/qqap/seton-hall-athletic-facilities HTTP/1.1" 200 12304 "-" "Mozilla/5.0 (compatible; SemrushBot/7~bl; +http://www.semrush.com/bot.html)"
85.208.96.200 - - [09/Dec/2025:22:58:11 +0100] "GET /platby/72zbxoz/chicago-fire-soccer-academy HTTP/1.1" 200 9669 "-" "Mozilla/5.0 (compatible; SemrushBot/7~bl; +http://www.semrush.com/bot.html)"
85.208.96.193 - - [09/Dec/2025:22:58:12 +0100] "GET /platby/qqap/fibonacci-calculator-spreadsheet HTTP/1.1" 200 13034 "-" "Mozilla/5.0 (compatible; SemrushBot/7~bl; +http://www.semrush.com/bot.html)"
185.191.171.16 - - [09/Dec/2025:22:58:14 +0100] "GET /platby/aohwuyx/tommyinnit-house-dream-smp HTTP/1.1" 200 9135 "-" "Mozilla/5.0 (compatible; SemrushBot/7~bl; +http://www.semrush.com/bot.html)"
185.191.171.2 - - [09/Dec/2025:22:58:16 +0100] "GET /platby/uwoy9/can-i-get-an-advance-on-my-unemployment-benefits HTTP/1.1" 200 8996 "-" "Mozilla/5.0 (compatible; SemrushBot/7~bl; +http://www.semrush.com/bot.html)"
85.208.96.196 - - [09/Dec/2025:22:58:18 +0100] "GET /platby/qqap/oakland-schools-math-curriculum HTTP/1.1" 200 4910 "-" "Mozilla/5.0 (compatible; SemrushBot/7~bl; +http://www.semrush.com/bot.html)"
185.191.171.16 - - [09/Dec/2025:22:58:20 +0100] "GET /platby/uwoy9/st-bernard's-school-fees-2020 HTTP/1.1" 200 11062 "-" "Mozilla/5.0 (compatible; SemrushBot/7~bl; +http://www.semrush.com/bot.html)"
185.191.171.11 - - [09/Dec/2025:22:58:21 +0100] "GET /platby/uwoy9/flexible-jobs-for-college-students HTTP/1.1" 200 15558 "-" "Mozilla/5.0 (compatible; SemrushBot/7~bl; +http://www.semrush.com/bot.html)"
185.191.171.11 - - [09/Dec/2025:22:58:23 +0100] "GET /platby/aohwuyx/roald-dahl's-esio-trot HTTP/1.1" 200 11943 "-" "Mozilla/5.0 (compatible; SemrushBot/7~bl; +http://www.semrush.com/bot.html)"
85.208.96.193 - - [09/Dec/2025:22:58:24 +0100] "GET /platby/hca/astros-cheating-explained HTTP/1.1" 200 10384 "-" "Mozilla/5.0 (compatible; SemrushBot/7~bl; +http://www.semrush.com/bot.html)"
185.191.171.17 - - [09/Dec/2025:22:58:26 +0100] "GET /platby/qqap/heroes-restaurant-and-brewery-menu HTTP/1.1" 200 11373 "-" "Mozilla/5.0 (compatible; SemrushBot/7~bl; +http://www.semrush.com/bot.html)"
185.191.171.15 - - [09/Dec/2025:22:58:28 +0100] "GET /platby/aohwuyx/fifa-17-scouting-player-types HTTP/1.1" 200 8105 "-" "Mozilla/5.0 (compatible; SemrushBot/7~bl; +http://www.semrush.com/bot.html)"
114.119.139.112 - - [09/Dec/2025:22:58:28 +0100] "GET /platby/hca/unique-places-to-stay-in-galena,-il HTTP/1.1" 200 10084 "http://ispc.klape.eu/platby/hca/unique-places-to-stay-in-galena,-il" "Mozilla/5.0 (Linux; Android 7.0;) AppleWebKit/537.36 (KHTML, like Gecko) Mobile Safari/537.36 (compatible; PetalBot;+https://webmaster.petalsearch.com/site/petalbot)"
185.191.171.19 - - [09/Dec/2025:22:58:30 +0100] "GET /platby/uwoy9/official-samsung-s21-screen-protector HTTP/1.1" 200 9243 "-" "Mozilla/5.0 (compatible; SemrushBot/7~bl; +http://www.semrush.com/bot.html)"
185.191.171.3 - - [09/Dec/2025:22:58:31 +0100] "GET /platby/qqap/brent-honeywell-draft HTTP/1.1" 200 9960 "-" "Mozilla/5.0 (compatible; SemrushBot/7~bl; +http://www.semrush.com/bot.html)"
185.191.171.15 - - [09/Dec/2025:22:58:33 +0100] "GET /platby/uwoy9/student-accommodation-cambridge HTTP/1.1" 200 9212 "-" "Mozilla/5.0 (compatible; SemrushBot/7~bl; +http://www.semrush.com/bot.html)"
185.191.171.10 - - [09/Dec/2025:22:58:35 +0100] "GET /platby/72zbxoz/kerala-blasters-kit-2020-21-dls HTTP/1.1" 200 6924 "-" "Mozilla/5.0 (compatible; SemrushBot/7~bl; +http://www.semrush.com/bot.html)"
185.191.171.2 - - [09/Dec/2025:22:58:37 +0100] "GET /platby/hca/react-simple-login-example HTTP/1.1" 200 7455 "-" "Mozilla/5.0 (compatible; SemrushBot/7~bl; +http://www.semrush.com/bot.html)"
85.208.96.206 - - [09/Dec/2025:22:58:39 +0100] "GET /platby/uwoy9/europe-high-speed-rail-map-2020 HTTP/1.1" 200 9948 "-" "Mozilla/5.0 (compatible; SemrushBot/7~bl; +http://www.semrush.com/bot.html)"
185.191.171.3 - - [09/Dec/2025:22:58:41 +0100] "GET /platby/uwoy9/the-bold-type-jacqueline-bracelet HTTP/1.1" 200 13636 "-" "Mozilla/5.0 (compatible; SemrushBot/7~bl; +http://www.semrush.com/bot.html)"
185.191.171.9 - - [09/Dec/2025:22:58:42 +0100] "GET /platby/hca/project-brief-template HTTP/1.1" 200 7979 "-" "Mozilla/5.0 (compatible; SemrushBot/7~bl; +http://www.semrush.com/bot.html)"
85.208.96.211 - - [09/Dec/2025:22:58:44 +0100] "GET /platby/aohwuyx/the-science-of-happiness-yale HTTP/1.1" 200 8523 "-" "Mozilla/5.0 (compatible; SemrushBot/7~bl; +http://www.semrush.com/bot.html)"
185.191.171.14 - - [09/Dec/2025:22:58:45 +0100] "GET /platby/hca/iberia-bank-interest-rates HTTP/1.1" 200 9788 "-" "Mozilla/5.0 (compatible; SemrushBot/7~bl; +http://www.semrush.com/bot.html)"
85.208.96.205 - - [09/Dec/2025:22:59:04 +0100] "GET /platby/aohwuyx/hirokazu-tanaka-net-worth HTTP/1.1" 200 11130 "-" "Mozilla/5.0 (compatible; SemrushBot/7~bl; +http://www.semrush.com/bot.html)"
85.208.96.206 - - [09/Dec/2025:22:59:24 +0100] "GET /platby/uwoy9/evergreen-ornamental-grasses-uk HTTP/1.1" 200 15198 "-" "Mozilla/5.0 (compatible; SemrushBot/7~bl; +http://www.semrush.com/bot.html)"
34.239.197.197 - - [09/Dec/2025:22:59:31 +0100] "GET /platby/72zbxoz/aurora-youth-soccer-club HTTP/1.1" 200 14484 "-" "Mozilla/5.0 AppleWebKit/537.36 (KHTML, like Gecko; compatible; Amazonbot/0.1; +https://developer.amazon.com/support/amazonbot) Chrome/119.0.6045.214 Safari/537.36"
18.232.36.1 - - [09/Dec/2025:22:59:35 +0100] "GET /platby/72zbxoz/nike-basketball-coaching-clinics-2020 HTTP/1.1" 200 7513 "-" "Mozilla/5.0 AppleWebKit/537.36 (KHTML, like Gecko; compatible; Amazonbot/0.1; +https://developer.amazon.com/support/amazonbot) Chrome/119.0.6045.214 Safari/537.36"
34.195.248.30 - - [09/Dec/2025:22:59:39 +0100] "GET /platby/72zbxoz/granada-hills-charter-high-school-address HTTP/1.1" 200 10439 "-" "Mozilla/5.0 AppleWebKit/537.36 (KHTML, like Gecko; compatible; Amazonbot/0.1; +https://developer.amazon.com/support/amazonbot) Chrome/119.0.6045.214 Safari/537.36"
85.208.96.206 - - [09/Dec/2025:22:59:42 +0100] "GET /platby/hca/reggae-sunsplash-2021-jamaica HTTP/1.1" 200 6065 "-" "Mozilla/5.0 (compatible; SemrushBot/7~bl; +http://www.semrush.com/bot.html)"
98.84.131.195 - - [09/Dec/2025:22:59:44 +0100] "GET /platby/72zbxoz/hotline-miami-synthwave HTTP/1.1" 200 13847 "-" "Mozilla/5.0 AppleWebKit/537.36 (KHTML, like Gecko; compatible; Amazonbot/0.1; +https://developer.amazon.com/support/amazonbot) Chrome/119.0.6045.214 Safari/537.36"
35.174.253.85 - - [09/Dec/2025:22:59:46 +0100] "GET /platby/72zbxoz/kobe-bryant-draft-profile HTTP/1.1" 200 10101 "-" "Mozilla/5.0 AppleWebKit/537.36 (KHTML, like Gecko; compatible; Amazonbot/0.1; +https://developer.amazon.com/support/amazonbot) Chrome/119.0.6045.214 Safari/537.36"
54.84.250.51 - - [09/Dec/2025:22:59:51 +0100] "GET /platby/72zbxoz/jessica-henwick-photos HTTP/1.1" 200 11152 "-" "Mozilla/5.0 AppleWebKit/537.36 (KHTML, like Gecko; compatible; Amazonbot/0.1; +https://developer.amazon.com/support/amazonbot) Chrome/119.0.6045.214 Safari/537.36"
85.208.96.199 - - [09/Dec/2025:22:59:52 +0100] "GET /platby/72zbxoz/fernbank-science-center HTTP/1.1" 200 10738 "-" "Mozilla/5.0 (compatible; SemrushBot/7~bl; +http://www.semrush.com/bot.html)"
114.119.128.6 - - [09/Dec/2025:22:59:52 +0100] "GET /platby/article.php?5d4c26=new-girl-theme-song-chords HTTP/1.1" 200 7632 "http://ispc.klape.eu/platby/article.php?5d4c26=amex-gold-vs-platinum" "Mozilla/5.0 (Linux; Android 7.0;) AppleWebKit/537.36 (KHTML, like Gecko) Mobile Safari/537.36 (compatible; PetalBot;+https://webmaster.petalsearch.com/site/petalbot)"
85.208.96.202 - - [09/Dec/2025:22:59:54 +0100] "GET /platby/uwoy9/how-old-is-john-peel-ifit-trainer HTTP/1.1" 200 14118 "-" "Mozilla/5.0 (compatible; SemrushBot/7~bl; +http://www.semrush.com/bot.html)"
18.235.81.246 - - [09/Dec/2025:22:59:55 +0100] "GET /platby/72zbxoz/basketball-shorts-damen HTTP/1.1" 200 7679 "-" "Mozilla/5.0 AppleWebKit/537.36 (KHTML, like Gecko; compatible; Amazonbot/0.1; +https://developer.amazon.com/support/amazonbot) Chrome/119.0.6045.214 Safari/537.36"
185.191.171.3 - - [09/Dec/2025:22:59:55 +0100] "GET /platby/72zbxoz/the-process-of-information-from-radio-to-the-listener HTTP/1.1" 200 7869 "-" "Mozilla/5.0 (compatible; SemrushBot/7~bl; +http://www.semrush.com/bot.html)"
3.223.181.32 - - [09/Dec/2025:22:59:59 +0100] "GET /platby/72zbxoz/boho-flower-girl-dresses-long-sleeve HTTP/1.1" 200 13534 "-" "Mozilla/5.0 AppleWebKit/537.36 (KHTML, like Gecko; compatible; Amazonbot/0.1; +https://developer.amazon.com/support/amazonbot) Chrome/119.0.6045.214 Safari/537.36"
85.208.96.205 - - [09/Dec/2025:23:00:30 +0100] "GET /platby/72zbxoz/daniel-stern-psychologist HTTP/1.1" 200 7996 "-" "Mozilla/5.0 (compatible; SemrushBot/7~bl; +http://www.semrush.com/bot.html)"
185.191.171.4 - - [09/Dec/2025:23:00:43 +0100] "GET /platby/72zbxoz/lobelia-ground-cover-perennial HTTP/1.1" 200 15333 "-" "Mozilla/5.0 (compatible; SemrushBot/7~bl; +http://www.semrush.com/bot.html)"
85.208.96.199 - - [09/Dec/2025:23:00:45 +0100] "GET /platby/hca/canadian-premier-league-draft-2020 HTTP/1.1" 200 10276 "-" "Mozilla/5.0 (compatible; SemrushBot/7~bl; +http://www.semrush.com/bot.html)"
85.208.96.212 - - [09/Dec/2025:23:00:49 +0100] "GET /platby/aohwuyx/logistic-regression-gradient-descent-convergence HTTP/1.1" 200 10828 "-" "Mozilla/5.0 (compatible; SemrushBot/7~bl; +http://www.semrush.com/bot.html)"
74.7.175.142 - - [09/Dec/2025:23:01:04 +0100] "\x16\x03\x01" 403 265 "-" "-"
74.7.175.142 - - [09/Dec/2025:23:01:04 +0100] "\x16\x03\x01\x02" 403 265 "-" "-"
74.7.175.142 - - [09/Dec/2025:23:01:05 +0100] "\x16\x03\x01\x02" 403 265 "-" "-"
114.119.139.66 - - [09/Dec/2025:23:01:13 +0100] "GET /platby/article.php?5d4c26=enter-the-gungeon-emulator HTTP/1.1" 200 7566 "http://ispc.klape.eu/platby/article.php?5d4c26=city-of-paris%2C-texas" "Mozilla/5.0 (Linux; Android 7.0;) AppleWebKit/537.36 (KHTML, like Gecko) Mobile Safari/537.36 (compatible; PetalBot;+https://webmaster.petalsearch.com/site/petalbot)"
