85.208.96.212 - - [09/Dec/2025:16:35:40 +0100] "GET /platby/qqap/what-pick-was-tom-brady-in-the-nfl-draft HTTP/1.1" 200 9494 "-" "Mozilla/5.0 (compatible; SemrushBot/7~bl; +http://www.semrush.com/bot.html)"
85.208.96.199 - - [09/Dec/2025:16:35:42 +0100] "GET /platby/72zbxoz/side-sea-temperature-june HTTP/1.1" 200 14543 "-" "Mozilla/5.0 (compatible; SemrushBot/7~bl; +http://www.semrush.com/bot.html)"
114.119.130.237 - - [09/Dec/2025:16:35:45 +0100] "GET /platby/aohwuyx/human-rights-of-indigenous-peoples-in-canada HTTP/1.1" 200 10870 "http://ispc.klape.eu/platby/aohwuyx/well-educated-synonym" "Mozilla/5.0 (Linux; Android 7.0;) AppleWebKit/537.36 (KHTML, like Gecko) Mobile Safari/537.36 (compatible; PetalBot;+https://webmaster.petalsearch.com/site/petalbot)"
85.208.96.193 - - [09/Dec/2025:16:36:00 +0100] "GET /platby/hca/australia-victoria-premier-league-2-u21-live-score HTTP/1.1" 200 7126 "-" "Mozilla/5.0 (compatible; SemrushBot/7~bl; +http://www.semrush.com/bot.html)"
85.208.96.212 - - [09/Dec/2025:16:36:09 +0100] "GET /platby/qqap/japan-vs-australia-military-power HTTP/1.1" 200 10319 "-" "Mozilla/5.0 (compatible; SemrushBot/7~bl; +http://www.semrush.com/bot.html)"
185.191.171.19 - - [09/Dec/2025:16:36:38 +0100] "GET /platby/qqap/jermaine-cole-basketball-stats-rwanda HTTP/1.1" 200 8123 "-" "Mozilla/5.0 (compatible; SemrushBot/7~bl; +http://www.semrush.com/bot.html)"
185.191.171.10 - - [09/Dec/2025:16:36:42 +0100] "GET /platby/qqap/lobelia-riviera-marine-blue-annual-or-perennial HTTP/1.1" 200 8376 "-" "Mozilla/5.0 (compatible; SemrushBot/7~bl; +http://www.semrush.com/bot.html)"
85.208.96.212 - - [09/Dec/2025:16:36:58 +0100] "GET /platby/uwoy9/causal-theory-in-politics HTTP/1.1" 200 9962 "-" "Mozilla/5.0 (compatible; SemrushBot/7~bl; +http://www.semrush.com/bot.html)"
185.191.171.10 - - [09/Dec/2025:16:37:10 +0100] "GET /platby/uwoy9/queen-latifah-partner HTTP/1.1" 200 11482 "-" "Mozilla/5.0 (compatible; SemrushBot/7~bl; +http://www.semrush.com/bot.html)"
185.191.171.14 - - [09/Dec/2025:16:37:29 +0100] "GET /platby/qqap/how-many-eggs-do-canadian-geese-lay HTTP/1.1" 200 12332 "-" "Mozilla/5.0 (compatible; SemrushBot/7~bl; +http://www.semrush.com/bot.html)"
85.208.96.206 - - [09/Dec/2025:16:37:49 +0100] "GET /platby/aohwuyx/thank-you-message-to-god-for-answered-prayer HTTP/1.1" 200 10059 "-" "Mozilla/5.0 (compatible; SemrushBot/7~bl; +http://www.semrush.com/bot.html)"
185.191.171.13 - - [09/Dec/2025:16:37:51 +0100] "GET /platby/uwoy9/rooftop-restaurants-boston HTTP/1.1" 200 8317 "-" "Mozilla/5.0 (compatible; SemrushBot/7~bl; +http://www.semrush.com/bot.html)"
85.208.96.194 - - [09/Dec/2025:16:39:05 +0100] "GET /platby/uwoy9/mother-duck-kills-duckling HTTP/1.1" 200 11365 "-" "Mozilla/5.0 (compatible; SemrushBot/7~bl; +http://www.semrush.com/bot.html)"
85.208.96.194 - - [09/Dec/2025:16:39:20 +0100] "GET /platby/uwoy9/mother-duck-kills-duckling HTTP/1.1" 200 11365 "-" "Mozilla/5.0 (compatible; SemrushBot/7~bl; +http://www.semrush.com/bot.html)"
85.208.96.193 - - [09/Dec/2025:16:40:09 +0100] "GET /platby/hca/shsat-cutoff-scores-2018 HTTP/1.1" 200 12420 "-" "Mozilla/5.0 (compatible; SemrushBot/7~bl; +http://www.semrush.com/bot.html)"
185.191.171.16 - - [09/Dec/2025:16:40:33 +0100] "GET /platby/hca/10-year-treasury-rate-today HTTP/1.1" 200 11846 "-" "Mozilla/5.0 (compatible; SemrushBot/7~bl; +http://www.semrush.com/bot.html)"
66.249.68.69 - - [09/Dec/2025:16:41:32 +0100] "\x16\x03\x01\x02" 403 265 "-" "-"
85.208.96.208 - - [09/Dec/2025:16:41:41 +0100] "GET /platby/aohwuyx/pearl-harbor-and-oahu-island-tour HTTP/1.1" 200 8643 "-" "Mozilla/5.0 (compatible; SemrushBot/7~bl; +http://www.semrush.com/bot.html)"
85.208.96.208 - - [09/Dec/2025:16:42:29 +0100] "GET /platby/aohwuyx/pearl-harbor-and-oahu-island-tour HTTP/1.1" 200 8643 "-" "Mozilla/5.0 (compatible; SemrushBot/7~bl; +http://www.semrush.com/bot.html)"
204.76.203.206 - - [09/Dec/2025:16:42:40 +0100] "GET /" 400 468 "-" "-"
85.208.96.211 - - [09/Dec/2025:16:42:40 +0100] "GET /platby/qqap/s20-fingerprint-sensor-not-working-with-screen-protector HTTP/1.1" 200 9319 "-" "Mozilla/5.0 (compatible; SemrushBot/7~bl; +http://www.semrush.com/bot.html)"
114.119.149.2 - - [09/Dec/2025:16:42:42 +0100] "GET /platby/article.php?5d4c26=examples-of-vision-and-mission-statements-for-primary-schools HTTP/1.1" 200 5439 "http://ispc.klape.eu/platby/article.php?5d4c26=why-does-the-temperature-increase-as-you-go-deeper-into-the-earth" "Mozilla/5.0 (Linux; Android 7.0;) AppleWebKit/537.36 (KHTML, like Gecko) Mobile Safari/537.36 (compatible; PetalBot;+https://webmaster.petalsearch.com/site/petalbot)"
85.208.96.200 - - [09/Dec/2025:16:42:45 +0100] "GET /platby/uwoy9/rocky-mountain-college-basketball HTTP/1.1" 200 7580 "-" "Mozilla/5.0 (compatible; SemrushBot/7~bl; +http://www.semrush.com/bot.html)"
85.208.96.202 - - [09/Dec/2025:16:42:54 +0100] "GET /platby/uwoy9/water-temperature-egypt HTTP/1.1" 200 8151 "-" "Mozilla/5.0 (compatible; SemrushBot/7~bl; +http://www.semrush.com/bot.html)"
185.191.171.16 - - [09/Dec/2025:16:43:52 +0100] "GET /platby/qqap/diskpart-shrink-partition HTTP/1.1" 200 8775 "-" "Mozilla/5.0 (compatible; SemrushBot/7~bl; +http://www.semrush.com/bot.html)"
204.76.203.206 - - [09/Dec/2025:16:44:01 +0100] "GET / HTTP/1.1" 200 316 "-" "Mozilla/5.0 (Windows NT 10.0; Win64; x64) AppleWebKit/537.36 (KHTML, like Gecko) Chrome/90.0.4430.85 Safari/537.36 Edg/90.0.818.46"
185.191.171.16 - - [09/Dec/2025:16:44:46 +0100] "GET /platby/qqap/diskpart-shrink-partition HTTP/1.1" 200 8775 "-" "Mozilla/5.0 (compatible; SemrushBot/7~bl; +http://www.semrush.com/bot.html)"
114.119.128.6 - - [09/Dec/2025:16:44:49 +0100] "GET /platby/article.php?5d4c26=Breens-Intermediate-Uniform HTTP/1.1" 200 6393 "http://ispc.klape.eu/platby/article.php?5d4c26=st-george-planning-and-zoning" "Mozilla/5.0 (Linux; Android 7.0;) AppleWebKit/537.36 (KHTML, like Gecko) Mobile Safari/537.36 (compatible; PetalBot;+https://webmaster.petalsearch.com/site/petalbot)"
85.208.96.208 - - [09/Dec/2025:16:45:04 +0100] "GET /platby/72zbxoz/spirited-away-horse-game HTTP/1.1" 200 8516 "-" "Mozilla/5.0 (compatible; SemrushBot/7~bl; +http://www.semrush.com/bot.html)"
85.208.96.210 - - [09/Dec/2025:16:45:11 +0100] "GET /platby/uwoy9/sapphire-ventures-fund-size HTTP/1.1" 200 10619 "-" "Mozilla/5.0 (compatible; SemrushBot/7~bl; +http://www.semrush.com/bot.html)"
85.208.96.196 - - [09/Dec/2025:16:46:12 +0100] "GET /platby/aohwuyx/andie-macdowellshort-hair HTTP/1.1" 200 12342 "-" "Mozilla/5.0 (compatible; SemrushBot/7~bl; +http://www.semrush.com/bot.html)"
114.119.152.142 - - [09/Dec/2025:16:46:15 +0100] "GET /platby/article.php?5d4c26=be-careful-who-you-trust-meaning HTTP/1.1" 200 7606 "http://ispc.klape.eu/platby/article.php?5d4c26=is-liv-and-maddie-on-disney-plus" "Mozilla/5.0 (Linux; Android 7.0;) AppleWebKit/537.36 (KHTML, like Gecko) Mobile Safari/537.36 (compatible; PetalBot;+https://webmaster.petalsearch.com/site/petalbot)"
85.208.96.196 - - [09/Dec/2025:16:46:25 +0100] "GET /platby/aohwuyx/andie-macdowellshort-hair HTTP/1.1" 200 12342 "-" "Mozilla/5.0 (compatible; SemrushBot/7~bl; +http://www.semrush.com/bot.html)"
85.208.96.196 - - [09/Dec/2025:16:47:09 +0100] "GET /platby/qqap/social-work-and-social-justice-pdf HTTP/1.1" 200 13406 "-" "Mozilla/5.0 (compatible; SemrushBot/7~bl; +http://www.semrush.com/bot.html)"
114.119.139.66 - - [09/Dec/2025:16:47:15 +0100] "GET /platby/aohwuyx/chesapeake-arena-tours HTTP/1.1" 200 8036 "http://ispc.klape.eu/platby/aohwuyx/where-is-justin-chambers-fox-17-going" "Mozilla/5.0 (Linux; Android 7.0;) AppleWebKit/537.36 (KHTML, like Gecko) Mobile Safari/537.36 (compatible; PetalBot;+https://webmaster.petalsearch.com/site/petalbot)"
85.208.96.194 - - [09/Dec/2025:16:47:25 +0100] "GET /platby/72zbxoz/james-augustine-net-worth HTTP/1.1" 200 8655 "-" "Mozilla/5.0 (compatible; SemrushBot/7~bl; +http://www.semrush.com/bot.html)"
85.208.96.212 - - [09/Dec/2025:16:47:28 +0100] "GET /platby/hca/oklahoma-panhandle-state-university-mascot HTTP/1.1" 200 8355 "-" "Mozilla/5.0 (compatible; SemrushBot/7~bl; +http://www.semrush.com/bot.html)"
185.191.171.4 - - [09/Dec/2025:16:47:30 +0100] "GET /platby/hca/bird-migration-montana HTTP/1.1" 200 9866 "-" "Mozilla/5.0 (compatible; SemrushBot/7~bl; +http://www.semrush.com/bot.html)"
185.191.171.12 - - [09/Dec/2025:16:47:33 +0100] "GET /platby/hca/brahma-chicken-eggs-for-sale HTTP/1.1" 200 7223 "-" "Mozilla/5.0 (compatible; SemrushBot/7~bl; +http://www.semrush.com/bot.html)"
185.191.171.18 - - [09/Dec/2025:16:47:34 +0100] "GET /platby/qqap/how-to-improve-listening-skills HTTP/1.1" 200 9774 "-" "Mozilla/5.0 (compatible; SemrushBot/7~bl; +http://www.semrush.com/bot.html)"
185.191.171.4 - - [09/Dec/2025:16:47:36 +0100] "GET /platby/hca/ephesians-6:12-prayer HTTP/1.1" 200 10524 "-" "Mozilla/5.0 (compatible; SemrushBot/7~bl; +http://www.semrush.com/bot.html)"
85.208.96.199 - - [09/Dec/2025:16:47:37 +0100] "GET /platby/uwoy9/angry-reactions-tiktok-gorgeous-gif HTTP/1.1" 200 10860 "-" "Mozilla/5.0 (compatible; SemrushBot/7~bl; +http://www.semrush.com/bot.html)"
85.208.96.205 - - [09/Dec/2025:16:47:39 +0100] "GET /platby/hca/microscan-walkaway-panels HTTP/1.1" 200 10779 "-" "Mozilla/5.0 (compatible; SemrushBot/7~bl; +http://www.semrush.com/bot.html)"
85.208.96.206 - - [09/Dec/2025:16:47:41 +0100] "GET /platby/hca/jalen-suggs-high-school-football-ranking HTTP/1.1" 200 9253 "-" "Mozilla/5.0 (compatible; SemrushBot/7~bl; +http://www.semrush.com/bot.html)"
85.208.96.198 - - [09/Dec/2025:16:47:43 +0100] "GET /platby/72zbxoz/donruss-2020-football HTTP/1.1" 200 11743 "-" "Mozilla/5.0 (compatible; SemrushBot/7~bl; +http://www.semrush.com/bot.html)"
185.191.171.12 - - [09/Dec/2025:16:47:45 +0100] "GET /platby/72zbxoz/deontological-dictionary HTTP/1.1" 200 7726 "-" "Mozilla/5.0 (compatible; SemrushBot/7~bl; +http://www.semrush.com/bot.html)"
185.191.171.13 - - [09/Dec/2025:16:47:47 +0100] "GET /platby/72zbxoz/efferent-listening-examples HTTP/1.1" 200 13414 "-" "Mozilla/5.0 (compatible; SemrushBot/7~bl; +http://www.semrush.com/bot.html)"
85.208.96.206 - - [09/Dec/2025:16:47:49 +0100] "GET /platby/qqap/names-that-go-with-elsie HTTP/1.1" 200 7402 "-" "Mozilla/5.0 (compatible; SemrushBot/7~bl; +http://www.semrush.com/bot.html)"
185.191.171.7 - - [09/Dec/2025:16:47:51 +0100] "GET /platby/hca/cheap-basketball-shoes HTTP/1.1" 200 9028 "-" "Mozilla/5.0 (compatible; SemrushBot/7~bl; +http://www.semrush.com/bot.html)"
85.208.96.196 - - [09/Dec/2025:16:47:52 +0100] "GET /platby/hca/timber-rattlesnake-habitat HTTP/1.1" 200 8101 "-" "Mozilla/5.0 (compatible; SemrushBot/7~bl; +http://www.semrush.com/bot.html)"
85.208.96.210 - - [09/Dec/2025:16:47:54 +0100] "GET /platby/qqap/friday-the-13th-tattoos-lexington-ky HTTP/1.1" 200 9335 "-" "Mozilla/5.0 (compatible; SemrushBot/7~bl; +http://www.semrush.com/bot.html)"
85.208.96.212 - - [09/Dec/2025:16:47:55 +0100] "GET /platby/qqap/tre-quan-smith-route-running HTTP/1.1" 200 10089 "-" "Mozilla/5.0 (compatible; SemrushBot/7~bl; +http://www.semrush.com/bot.html)"
85.208.96.195 - - [09/Dec/2025:16:47:56 +0100] "GET /platby/uwoy9/convergence-definition HTTP/1.1" 200 7908 "-" "Mozilla/5.0 (compatible; SemrushBot/7~bl; +http://www.semrush.com/bot.html)"
185.191.171.3 - - [09/Dec/2025:16:47:59 +0100] "GET /platby/72zbxoz/2022-rookie-draft-dynasty HTTP/1.1" 200 7507 "-" "Mozilla/5.0 (compatible; SemrushBot/7~bl; +http://www.semrush.com/bot.html)"
66.249.79.160 - - [09/Dec/2025:16:48:34 +0100] "\x16\x03\x01\x02" 403 265 "-" "-"
85.208.96.211 - - [09/Dec/2025:16:48:35 +0100] "GET /platby/uwoy9/huawei-mobile-range-10,000-to-15,000-in-pakistan HTTP/1.1" 200 12382 "-" "Mozilla/5.0 (compatible; SemrushBot/7~bl; +http://www.semrush.com/bot.html)"
85.208.96.203 - - [09/Dec/2025:16:48:45 +0100] "GET /platby/72zbxoz/sony-xperia-z5-compact-specs HTTP/1.1" 200 13031 "-" "Mozilla/5.0 (compatible; SemrushBot/7~bl; +http://www.semrush.com/bot.html)"
185.191.171.13 - - [09/Dec/2025:16:48:50 +0100] "GET /platby/uwoy9/hancock-apartments-for-rent HTTP/1.1" 200 10774 "-" "Mozilla/5.0 (compatible; SemrushBot/7~bl; +http://www.semrush.com/bot.html)"
85.208.96.195 - - [09/Dec/2025:16:48:53 +0100] "GET /platby/qqap/benjamin-watson-books HTTP/1.1" 200 11357 "-" "Mozilla/5.0 (compatible; SemrushBot/7~bl; +http://www.semrush.com/bot.html)"
185.191.171.12 - - [09/Dec/2025:16:48:55 +0100] "GET /platby/uwoy9/nuclear-thermal-hydraulics HTTP/1.1" 200 8248 "-" "Mozilla/5.0 (compatible; SemrushBot/7~bl; +http://www.semrush.com/bot.html)"
185.191.171.11 - - [09/Dec/2025:16:48:56 +0100] "GET /platby/72zbxoz/is-tim-bagley-related-to-ed-bagley HTTP/1.1" 200 10948 "-" "Mozilla/5.0 (compatible; SemrushBot/7~bl; +http://www.semrush.com/bot.html)"
85.208.96.195 - - [09/Dec/2025:16:49:09 +0100] "GET /platby/qqap/dance-classes-for-toddlers-age-2-near-me HTTP/1.1" 200 13765 "-" "Mozilla/5.0 (compatible; SemrushBot/7~bl; +http://www.semrush.com/bot.html)"
185.191.171.12 - - [09/Dec/2025:16:49:13 +0100] "GET /platby/qqap/primitive-naruto-flag HTTP/1.1" 200 13618 "-" "Mozilla/5.0 (compatible; SemrushBot/7~bl; +http://www.semrush.com/bot.html)"
85.208.96.205 - - [09/Dec/2025:16:49:14 +0100] "GET /platby/qqap/willie-stargell-jersey HTTP/1.1" 200 10201 "-" "Mozilla/5.0 (compatible; SemrushBot/7~bl; +http://www.semrush.com/bot.html)"
185.191.171.11 - - [09/Dec/2025:16:49:16 +0100] "GET /platby/72zbxoz/elite-prospects---nhl-draft HTTP/1.1" 200 11220 "-" "Mozilla/5.0 (compatible; SemrushBot/7~bl; +http://www.semrush.com/bot.html)"
85.208.96.200 - - [09/Dec/2025:16:49:44 +0100] "GET /platby/aohwuyx/texas-culture-traditions HTTP/1.1" 200 14110 "-" "Mozilla/5.0 (compatible; SemrushBot/7~bl; +http://www.semrush.com/bot.html)"
85.208.96.210 - - [09/Dec/2025:16:49:52 +0100] "GET /platby/hca/teamwork-quotes-inspirational HTTP/1.1" 200 8058 "-" "Mozilla/5.0 (compatible; SemrushBot/7~bl; +http://www.semrush.com/bot.html)"
94.26.88.18 - - [09/Dec/2025:16:49:52 +0100] "\x16\x03\x01" 403 265 "-" "-"
185.191.171.15 - - [09/Dec/2025:16:49:53 +0100] "GET /platby/uwoy9/university-of-maryland-mailing-address HTTP/1.1" 200 14555 "-" "Mozilla/5.0 (compatible; SemrushBot/7~bl; +http://www.semrush.com/bot.html)"
64.23.183.61 - - [09/Dec/2025:16:49:55 +0100] "\x16\x03\x01\x05\xd8\x01" 403 265 "-" "-"
185.191.171.16 - - [09/Dec/2025:16:49:55 +0100] "GET /platby/uwoy9/mlb-trade-rumors:-pirates HTTP/1.1" 200 8533 "-" "Mozilla/5.0 (compatible; SemrushBot/7~bl; +http://www.semrush.com/bot.html)"
85.208.96.196 - - [09/Dec/2025:16:49:57 +0100] "GET /platby/uwoy9/moto-g-power-security-update HTTP/1.1" 200 10585 "-" "Mozilla/5.0 (compatible; SemrushBot/7~bl; +http://www.semrush.com/bot.html)"
85.208.96.212 - - [09/Dec/2025:16:49:59 +0100] "GET /platby/72zbxoz/youngest-england-player-2020 HTTP/1.1" 200 7581 "-" "Mozilla/5.0 (compatible; SemrushBot/7~bl; +http://www.semrush.com/bot.html)"
85.208.96.212 - - [09/Dec/2025:16:50:00 +0100] "GET /platby/aohwuyx/oldest-oak-tree-in-mississippi HTTP/1.1" 200 8337 "-" "Mozilla/5.0 (compatible; SemrushBot/7~bl; +http://www.semrush.com/bot.html)"
185.191.171.15 - - [09/Dec/2025:16:50:04 +0100] "GET /platby/aohwuyx/lego-star-wars-iii:-the-clone-wars HTTP/1.1" 200 7288 "-" "Mozilla/5.0 (compatible; SemrushBot/7~bl; +http://www.semrush.com/bot.html)"
85.208.96.194 - - [09/Dec/2025:16:50:17 +0100] "GET /platby/aohwuyx/furnished-short-term-rentals-st-john's-nl HTTP/1.1" 200 10284 "-" "Mozilla/5.0 (compatible; SemrushBot/7~bl; +http://www.semrush.com/bot.html)"
185.191.171.2 - - [09/Dec/2025:16:50:20 +0100] "GET /platby/uwoy9/samsung-a10-camera-failed-solution HTTP/1.1" 200 15016 "-" "Mozilla/5.0 (compatible; SemrushBot/7~bl; +http://www.semrush.com/bot.html)"
185.191.171.5 - - [09/Dec/2025:16:50:22 +0100] "GET /platby/hca/ludovico-einaudi-manchester HTTP/1.1" 200 9860 "-" "Mozilla/5.0 (compatible; SemrushBot/7~bl; +http://www.semrush.com/bot.html)"
85.208.96.197 - - [09/Dec/2025:16:50:23 +0100] "GET /platby/qqap/control-engineering-textbook HTTP/1.1" 200 11486 "-" "Mozilla/5.0 (compatible; SemrushBot/7~bl; +http://www.semrush.com/bot.html)"
185.191.171.16 - - [09/Dec/2025:16:50:25 +0100] "GET /platby/uwoy9/trevor-lawrence-signing-bonus HTTP/1.1" 200 9189 "-" "Mozilla/5.0 (compatible; SemrushBot/7~bl; +http://www.semrush.com/bot.html)"
85.208.96.196 - - [09/Dec/2025:16:50:26 +0100] "GET /platby/hca/noah-huntley-emmerdale HTTP/1.1" 200 9696 "-" "Mozilla/5.0 (compatible; SemrushBot/7~bl; +http://www.semrush.com/bot.html)"
185.191.171.5 - - [09/Dec/2025:16:50:30 +0100] "GET /platby/qqap/pine-view-middle-school-rating HTTP/1.1" 200 10160 "-" "Mozilla/5.0 (compatible; SemrushBot/7~bl; +http://www.semrush.com/bot.html)"
185.191.171.5 - - [09/Dec/2025:16:50:33 +0100] "GET /platby/uwoy9/took-you-for-granted''-in-spanish HTTP/1.1" 200 8024 "-" "Mozilla/5.0 (compatible; SemrushBot/7~bl; +http://www.semrush.com/bot.html)"
185.191.171.11 - - [09/Dec/2025:16:50:35 +0100] "GET /platby/qqap/just-my-imagination-chords-piano HTTP/1.1" 200 9083 "-" "Mozilla/5.0 (compatible; SemrushBot/7~bl; +http://www.semrush.com/bot.html)"
185.191.171.2 - - [09/Dec/2025:16:50:40 +0100] "GET /platby/uwoy9/sample-diversity-and-inclusion-goals-for-employees HTTP/1.1" 200 9891 "-" "Mozilla/5.0 (compatible; SemrushBot/7~bl; +http://www.semrush.com/bot.html)"
185.191.171.12 - - [09/Dec/2025:16:50:42 +0100] "GET /platby/aohwuyx/ace-scores-and-health-outcomes HTTP/1.1" 200 9209 "-" "Mozilla/5.0 (compatible; SemrushBot/7~bl; +http://www.semrush.com/bot.html)"
185.191.171.3 - - [09/Dec/2025:16:50:44 +0100] "GET /platby/qqap/groupon-rockin-jump-myrtle-beach HTTP/1.1" 200 8842 "-" "Mozilla/5.0 (compatible; SemrushBot/7~bl; +http://www.semrush.com/bot.html)"
85.208.96.207 - - [09/Dec/2025:16:50:45 +0100] "GET /platby/qqap/chicago-blackhawks-2021-22-schedule HTTP/1.1" 200 7919 "-" "Mozilla/5.0 (compatible; SemrushBot/7~bl; +http://www.semrush.com/bot.html)"
185.191.171.8 - - [09/Dec/2025:16:50:54 +0100] "GET /platby/72zbxoz/bellas-lullaby-piano-sheet-music-with-letters HTTP/1.1" 200 9227 "-" "Mozilla/5.0 (compatible; SemrushBot/7~bl; +http://www.semrush.com/bot.html)"
185.191.171.8 - - [09/Dec/2025:16:51:11 +0100] "GET /platby/72zbxoz/how-to-find-the-direction-of-a-resultant-vector HTTP/1.1" 200 13395 "-" "Mozilla/5.0 (compatible; SemrushBot/7~bl; +http://www.semrush.com/bot.html)"
185.191.171.12 - - [09/Dec/2025:16:51:17 +0100] "GET /platby/qqap/do-tutor-and-fighter-end-up-together HTTP/1.1" 200 10263 "-" "Mozilla/5.0 (compatible; SemrushBot/7~bl; +http://www.semrush.com/bot.html)"
85.208.96.211 - - [09/Dec/2025:16:52:06 +0100] "GET /platby/aohwuyx/fidelity-blue-origin-stock HTTP/1.1" 200 7647 "-" "Mozilla/5.0 (compatible; SemrushBot/7~bl; +http://www.semrush.com/bot.html)"
204.76.203.212 - - [09/Dec/2025:16:53:17 +0100] "GET /" 400 468 "-" "-"
85.208.96.208 - - [09/Dec/2025:16:53:17 +0100] "GET /platby/aohwuyx/1971-world-series-game-1 HTTP/1.1" 200 12846 "-" "Mozilla/5.0 (compatible; SemrushBot/7~bl; +http://www.semrush.com/bot.html)"
85.208.96.208 - - [09/Dec/2025:16:53:48 +0100] "GET /platby/aohwuyx/1971-world-series-game-1 HTTP/1.1" 200 12846 "-" "Mozilla/5.0 (compatible; SemrushBot/7~bl; +http://www.semrush.com/bot.html)"
85.208.96.195 - - [09/Dec/2025:16:54:12 +0100] "GET /platby/hca/xcd-720p-hd-sport-action-camera-manual HTTP/1.1" 200 9690 "-" "Mozilla/5.0 (compatible; SemrushBot/7~bl; +http://www.semrush.com/bot.html)"
185.191.171.12 - - [09/Dec/2025:16:54:35 +0100] "GET /platby/72zbxoz/groupon-magazine-subscription HTTP/1.1" 200 9275 "-" "Mozilla/5.0 (compatible; SemrushBot/7~bl; +http://www.semrush.com/bot.html)"
85.208.96.203 - - [09/Dec/2025:16:54:42 +0100] "GET /platby/hca/what-does-love-look-like-according-to-the-bible HTTP/1.1" 200 11833 "-" "Mozilla/5.0 (compatible; SemrushBot/7~bl; +http://www.semrush.com/bot.html)"
85.208.96.200 - - [09/Dec/2025:16:55:40 +0100] "GET /platby/hca/jordan-store-hong-kong HTTP/1.1" 200 11145 "-" "Mozilla/5.0 (compatible; SemrushBot/7~bl; +http://www.semrush.com/bot.html)"
185.191.171.6 - - [09/Dec/2025:16:56:12 +0100] "GET /robots.txt HTTP/1.1" 200 54 "-" "Mozilla/5.0 (compatible; SemrushBot/7~bl; +http://www.semrush.com/bot.html)"
85.208.96.200 - - [09/Dec/2025:16:56:14 +0100] "GET /platby/hca/jordan-store-hong-kong HTTP/1.1" 200 11145 "-" "Mozilla/5.0 (compatible; SemrushBot/7~bl; +http://www.semrush.com/bot.html)"
52.0.41.164 - - [09/Dec/2025:16:56:15 +0100] "GET /platby/72zbxoz/list-of-power-plants-in-texas HTTP/1.1" 200 10943 "-" "Mozilla/5.0 AppleWebKit/537.36 (KHTML, like Gecko; compatible; Amazonbot/0.1; +https://developer.amazon.com/support/amazonbot) Chrome/119.0.6045.214 Safari/537.36"
185.191.171.6 - - [09/Dec/2025:16:56:15 +0100] "GET /robots.txt HTTP/1.1" 200 54 "-" "Mozilla/5.0 (compatible; SemrushBot/7~bl; +http://www.semrush.com/bot.html)"
54.225.199.17 - - [09/Dec/2025:16:56:15 +0100] "GET /platby/72zbxoz/zionsville-baseball-coach HTTP/1.1" 200 12101 "-" "Mozilla/5.0 AppleWebKit/537.36 (KHTML, like Gecko; compatible; Amazonbot/0.1; +https://developer.amazon.com/support/amazonbot) Chrome/119.0.6045.214 Safari/537.36"
34.192.67.98 - - [09/Dec/2025:16:56:19 +0100] "GET /platby/72zbxoz/sports-private-equity HTTP/1.1" 200 12696 "-" "Mozilla/5.0 AppleWebKit/537.36 (KHTML, like Gecko; compatible; Amazonbot/0.1; +https://developer.amazon.com/support/amazonbot) Chrome/119.0.6045.214 Safari/537.36"
3.211.181.86 - - [09/Dec/2025:16:56:22 +0100] "GET /platby/72zbxoz/lincoln-elementary-school-river-forest HTTP/1.1" 200 11058 "-" "Mozilla/5.0 AppleWebKit/537.36 (KHTML, like Gecko; compatible; Amazonbot/0.1; +https://developer.amazon.com/support/amazonbot) Chrome/119.0.6045.214 Safari/537.36"
52.200.58.199 - - [09/Dec/2025:16:56:23 +0100] "GET /platby/72zbxoz/noel-acciari-contract HTTP/1.1" 200 11997 "-" "Mozilla/5.0 AppleWebKit/537.36 (KHTML, like Gecko; compatible; Amazonbot/0.1; +https://developer.amazon.com/support/amazonbot) Chrome/119.0.6045.214 Safari/537.36"
44.208.193.63 - - [09/Dec/2025:16:56:29 +0100] "GET /platby/72zbxoz/umass-lowell-tuition-graduate HTTP/1.1" 200 7758 "-" "Mozilla/5.0 AppleWebKit/537.36 (KHTML, like Gecko; compatible; Amazonbot/0.1; +https://developer.amazon.com/support/amazonbot) Chrome/119.0.6045.214 Safari/537.36"
34.235.239.240 - - [09/Dec/2025:16:56:30 +0100] "GET /platby/72zbxoz/icon-fitness-employee-discount HTTP/1.1" 200 10267 "-" "Mozilla/5.0 AppleWebKit/537.36 (KHTML, like Gecko; compatible; Amazonbot/0.1; +https://developer.amazon.com/support/amazonbot) Chrome/119.0.6045.214 Safari/537.36"
52.204.89.12 - - [09/Dec/2025:16:56:30 +0100] "GET /platby/72zbxoz/moses-moody-standing-reach HTTP/1.1" 200 9749 "-" "Mozilla/5.0 AppleWebKit/537.36 (KHTML, like Gecko; compatible; Amazonbot/0.1; +https://developer.amazon.com/support/amazonbot) Chrome/119.0.6045.214 Safari/537.36"
23.22.59.87 - - [09/Dec/2025:16:56:31 +0100] "GET /platby/72zbxoz/why-was-the-battle-of-midway-significant HTTP/1.1" 200 7960 "-" "Mozilla/5.0 AppleWebKit/537.36 (KHTML, like Gecko; compatible; Amazonbot/0.1; +https://developer.amazon.com/support/amazonbot) Chrome/119.0.6045.214 Safari/537.36"
85.208.96.203 - - [09/Dec/2025:16:56:34 +0100] "GET /platby/uwoy9/p-ebt-texas-application-status HTTP/1.1" 200 10311 "-" "Mozilla/5.0 (compatible; SemrushBot/7~bl; +http://www.semrush.com/bot.html)"
85.208.96.199 - - [09/Dec/2025:16:56:41 +0100] "GET /platby/hca/lake-district-walks-difficulty HTTP/1.1" 200 12076 "-" "Mozilla/5.0 (compatible; SemrushBot/7~bl; +http://www.semrush.com/bot.html)"
85.208.96.209 - - [09/Dec/2025:16:56:43 +0100] "GET /platby/aohwuyx/another-word-for-plan-of-care HTTP/1.1" 200 13634 "-" "Mozilla/5.0 (compatible; SemrushBot/7~bl; +http://www.semrush.com/bot.html)"
85.208.96.195 - - [09/Dec/2025:16:56:45 +0100] "GET /platby/hca/cardinal-flower-seeds-ontario HTTP/1.1" 200 10442 "-" "Mozilla/5.0 (compatible; SemrushBot/7~bl; +http://www.semrush.com/bot.html)"
85.208.96.209 - - [09/Dec/2025:16:56:48 +0100] "GET /platby/hca/california-energy-rebates-2020 HTTP/1.1" 200 8131 "-" "Mozilla/5.0 (compatible; SemrushBot/7~bl; +http://www.semrush.com/bot.html)"
85.208.96.209 - - [09/Dec/2025:16:56:50 +0100] "GET /platby/hca/nigerian-music-composers HTTP/1.1" 200 11457 "-" "Mozilla/5.0 (compatible; SemrushBot/7~bl; +http://www.semrush.com/bot.html)"
185.191.171.12 - - [09/Dec/2025:16:56:51 +0100] "GET /platby/aohwuyx/alright-thank-you-very-much HTTP/1.1" 200 9404 "-" "Mozilla/5.0 (compatible; SemrushBot/7~bl; +http://www.semrush.com/bot.html)"
85.208.96.200 - - [09/Dec/2025:16:56:53 +0100] "GET /platby/qqap/shane-watson-playing-ipl-2021 HTTP/1.1" 200 9499 "-" "Mozilla/5.0 (compatible; SemrushBot/7~bl; +http://www.semrush.com/bot.html)"
185.191.171.3 - - [09/Dec/2025:16:56:55 +0100] "GET /platby/aohwuyx/is-ben-roethlisberger-retiring-in-2021 HTTP/1.1" 200 7783 "-" "Mozilla/5.0 (compatible; SemrushBot/7~bl; +http://www.semrush.com/bot.html)"
85.208.96.195 - - [09/Dec/2025:16:56:57 +0100] "GET /platby/uwoy9/jesse-metcalfe-leaving-chesapeake-shores HTTP/1.1" 200 10702 "-" "Mozilla/5.0 (compatible; SemrushBot/7~bl; +http://www.semrush.com/bot.html)"
85.208.96.210 - - [09/Dec/2025:16:56:58 +0100] "GET /platby/72zbxoz/top-secondary-schools-in-singapore-2020 HTTP/1.1" 200 9175 "-" "Mozilla/5.0 (compatible; SemrushBot/7~bl; +http://www.semrush.com/bot.html)"
85.208.96.195 - - [09/Dec/2025:16:57:00 +0100] "GET /platby/qqap/kyle-pitts-relative-athletic-score HTTP/1.1" 200 10686 "-" "Mozilla/5.0 (compatible; SemrushBot/7~bl; +http://www.semrush.com/bot.html)"
185.191.171.13 - - [09/Dec/2025:16:57:02 +0100] "GET /platby/aohwuyx/brian-blessed-everest-film HTTP/1.1" 200 10920 "-" "Mozilla/5.0 (compatible; SemrushBot/7~bl; +http://www.semrush.com/bot.html)"
85.208.96.195 - - [09/Dec/2025:16:57:03 +0100] "GET /platby/hca/samsung-a21s-fingerprint-sensor-not-responding HTTP/1.1" 200 10062 "-" "Mozilla/5.0 (compatible; SemrushBot/7~bl; +http://www.semrush.com/bot.html)"
185.191.171.19 - - [09/Dec/2025:16:57:05 +0100] "GET /platby/qqap/android-11-notification-panel-color HTTP/1.1" 200 11938 "-" "Mozilla/5.0 (compatible; SemrushBot/7~bl; +http://www.semrush.com/bot.html)"
185.191.171.3 - - [09/Dec/2025:16:57:06 +0100] "GET /platby/72zbxoz/vermillion-investment-banking HTTP/1.1" 200 11740 "-" "Mozilla/5.0 (compatible; SemrushBot/7~bl; +http://www.semrush.com/bot.html)"
185.191.171.12 - - [09/Dec/2025:16:57:08 +0100] "GET /platby/uwoy9/self-righteous-hypocrite HTTP/1.1" 200 12915 "-" "Mozilla/5.0 (compatible; SemrushBot/7~bl; +http://www.semrush.com/bot.html)"
85.208.96.195 - - [09/Dec/2025:16:57:09 +0100] "GET /platby/72zbxoz/let's-talk-about-love-is-it-everything HTTP/1.1" 200 15887 "-" "Mozilla/5.0 (compatible; SemrushBot/7~bl; +http://www.semrush.com/bot.html)"
85.208.96.198 - - [09/Dec/2025:16:57:11 +0100] "GET /platby/aohwuyx/huawei-model-check-code HTTP/1.1" 200 14545 "-" "Mozilla/5.0 (compatible; SemrushBot/7~bl; +http://www.semrush.com/bot.html)"
216.180.246.124 - - [09/Dec/2025:16:57:51 +0100] "\x16\x03\x01" 403 265 "-" "-"
85.208.96.195 - - [09/Dec/2025:16:57:53 +0100] "GET /platby/uwoy9/surgical-assistant-job-description HTTP/1.1" 200 10826 "-" "Mozilla/5.0 (compatible; SemrushBot/7~bl; +http://www.semrush.com/bot.html)"
216.180.246.124 - - [09/Dec/2025:16:58:44 +0100] "\x16\x03\x01" 403 265 "-" "-"
85.208.96.198 - - [09/Dec/2025:16:58:54 +0100] "GET /platby/aohwuyx/can-you-eat-baking-chocolate-without-baking-it HTTP/1.1" 200 9929 "-" "Mozilla/5.0 (compatible; SemrushBot/7~bl; +http://www.semrush.com/bot.html)"
95.158.39.23 - - [09/Dec/2025:16:59:17 +0100] "GET /" 400 468 "-" "-"
204.76.203.206 - - [09/Dec/2025:17:00:19 +0100] "GET /" 400 468 "-" "-"
85.208.96.198 - - [09/Dec/2025:17:00:48 +0100] "GET /platby/aohwuyx/can-you-eat-baking-chocolate-without-baking-it HTTP/1.1" 200 9929 "-" "Mozilla/5.0 (compatible; SemrushBot/7~bl; +http://www.semrush.com/bot.html)"
85.208.96.212 - - [09/Dec/2025:17:01:07 +0100] "GET /platby/aohwuyx/human-rights-of-indigenous-peoples-in-canada HTTP/1.1" 200 10870 "-" "Mozilla/5.0 (compatible; SemrushBot/7~bl; +http://www.semrush.com/bot.html)"
85.208.96.212 - - [09/Dec/2025:17:01:36 +0100] "GET /platby/aohwuyx/human-rights-of-indigenous-peoples-in-canada HTTP/1.1" 200 10870 "-" "Mozilla/5.0 (compatible; SemrushBot/7~bl; +http://www.semrush.com/bot.html)"
185.191.171.5 - - [09/Dec/2025:17:01:48 +0100] "GET /platby/uwoy9/how-to-make-a-spaceship-in-minecraft HTTP/1.1" 200 13673 "-" "Mozilla/5.0 (compatible; SemrushBot/7~bl; +http://www.semrush.com/bot.html)"
114.119.140.102 - - [09/Dec/2025:17:01:52 +0100] "GET /platby/hca/how-many-lifeboats-did-the-titanic-have HTTP/1.1" 200 12134 "http://ispc.klape.eu/platby/hca/field-level-suites-superdome" "Mozilla/5.0 (Linux; Android 7.0;) AppleWebKit/537.36 (KHTML, like Gecko) Mobile Safari/537.36 (compatible; PetalBot;+https://webmaster.petalsearch.com/site/petalbot)"
204.76.203.206 - - [09/Dec/2025:17:01:56 +0100] "GET / HTTP/1.1" 200 316 "-" "Mozilla/5.0 (Windows NT 10.0; Win64; x64) AppleWebKit/537.36 (KHTML, like Gecko) Chrome/90.0.4430.85 Safari/537.36 Edg/90.0.818.46"
85.208.96.202 - - [09/Dec/2025:17:02:01 +0100] "GET /platby/72zbxoz/fifa-14-player-career-mode-trainer HTTP/1.1" 200 12586 "-" "Mozilla/5.0 (compatible; SemrushBot/7~bl; +http://www.semrush.com/bot.html)"
85.208.96.204 - - [09/Dec/2025:17:02:06 +0100] "GET /platby/uwoy9/timberwolves-most-assists-in-a-game HTTP/1.1" 200 7177 "-" "Mozilla/5.0 (compatible; SemrushBot/7~bl; +http://www.semrush.com/bot.html)"
85.208.96.200 - - [09/Dec/2025:17:02:08 +0100] "GET /platby/uwoy9/new-york-knicks-game-tonight HTTP/1.1" 200 7944 "-" "Mozilla/5.0 (compatible; SemrushBot/7~bl; +http://www.semrush.com/bot.html)"
85.208.96.200 - - [09/Dec/2025:17:02:10 +0100] "GET /platby/hca/active-listening-importance HTTP/1.1" 200 10611 "-" "Mozilla/5.0 (compatible; SemrushBot/7~bl; +http://www.semrush.com/bot.html)"
185.191.171.11 - - [09/Dec/2025:17:02:12 +0100] "GET /platby/qqap/lakers-college-baseball HTTP/1.1" 200 12318 "-" "Mozilla/5.0 (compatible; SemrushBot/7~bl; +http://www.semrush.com/bot.html)"
185.191.171.17 - - [09/Dec/2025:17:02:13 +0100] "GET /platby/hca/best-new-zealand-cricketers HTTP/1.1" 200 8464 "-" "Mozilla/5.0 (compatible; SemrushBot/7~bl; +http://www.semrush.com/bot.html)"
85.208.96.195 - - [09/Dec/2025:17:02:15 +0100] "GET /platby/uwoy9/monty-rice-georgia-40-time HTTP/1.1" 200 7194 "-" "Mozilla/5.0 (compatible; SemrushBot/7~bl; +http://www.semrush.com/bot.html)"
85.208.96.207 - - [09/Dec/2025:17:02:16 +0100] "GET /platby/uwoy9/scratch-and-dent-washer-and-dryer HTTP/1.1" 200 9937 "-" "Mozilla/5.0 (compatible; SemrushBot/7~bl; +http://www.semrush.com/bot.html)"
185.191.171.3 - - [09/Dec/2025:17:02:19 +0100] "GET /platby/aohwuyx/great-grand-masti-teri-kamar-ko HTTP/1.1" 200 11144 "-" "Mozilla/5.0 (compatible; SemrushBot/7~bl; +http://www.semrush.com/bot.html)"
85.208.96.210 - - [09/Dec/2025:17:02:20 +0100] "GET /platby/hca/rocket-craft-template HTTP/1.1" 200 8403 "-" "Mozilla/5.0 (compatible; SemrushBot/7~bl; +http://www.semrush.com/bot.html)"
85.208.96.212 - - [09/Dec/2025:17:02:22 +0100] "GET /platby/aohwuyx/salaam-bombay-foundation HTTP/1.1" 200 14069 "-" "Mozilla/5.0 (compatible; SemrushBot/7~bl; +http://www.semrush.com/bot.html)"
185.191.171.16 - - [09/Dec/2025:17:02:23 +0100] "GET /platby/aohwuyx/best-football-cards-to-invest-in-2021 HTTP/1.1" 200 10141 "-" "Mozilla/5.0 (compatible; SemrushBot/7~bl; +http://www.semrush.com/bot.html)"
185.191.171.17 - - [09/Dec/2025:17:02:25 +0100] "GET /platby/aohwuyx/university-of-maryland-baltimore-athletics HTTP/1.1" 200 9073 "-" "Mozilla/5.0 (compatible; SemrushBot/7~bl; +http://www.semrush.com/bot.html)"
85.208.96.201 - - [09/Dec/2025:17:02:26 +0100] "GET /platby/72zbxoz/para-hills-west-soccer-club HTTP/1.1" 200 13357 "-" "Mozilla/5.0 (compatible; SemrushBot/7~bl; +http://www.semrush.com/bot.html)"
185.191.171.2 - - [09/Dec/2025:17:02:30 +0100] "GET /platby/hca/newcastle-jets-game-tickets HTTP/1.1" 200 9557 "-" "Mozilla/5.0 (compatible; SemrushBot/7~bl; +http://www.semrush.com/bot.html)"
85.208.96.195 - - [09/Dec/2025:17:02:31 +0100] "GET /platby/hca/arkansas-valley-electric-jobs HTTP/1.1" 200 5927 "-" "Mozilla/5.0 (compatible; SemrushBot/7~bl; +http://www.semrush.com/bot.html)"
85.208.96.201 - - [09/Dec/2025:17:02:33 +0100] "GET /platby/hca/australia-npl-youth-league HTTP/1.1" 200 7958 "-" "Mozilla/5.0 (compatible; SemrushBot/7~bl; +http://www.semrush.com/bot.html)"
185.191.171.16 - - [09/Dec/2025:17:02:35 +0100] "GET /platby/aohwuyx/holy-cross-high-school-queens-basketball HTTP/1.1" 200 11234 "-" "Mozilla/5.0 (compatible; SemrushBot/7~bl; +http://www.semrush.com/bot.html)"
85.208.96.202 - - [09/Dec/2025:17:02:37 +0100] "GET /platby/hca/midsomer-murders''-a-talent-for-life-killer HTTP/1.1" 200 7932 "-" "Mozilla/5.0 (compatible; SemrushBot/7~bl; +http://www.semrush.com/bot.html)"
185.191.171.17 - - [09/Dec/2025:17:02:38 +0100] "GET /platby/hca/fifa-17-youth-academy-guide HTTP/1.1" 200 11906 "-" "Mozilla/5.0 (compatible; SemrushBot/7~bl; +http://www.semrush.com/bot.html)"
185.191.171.7 - - [09/Dec/2025:17:02:39 +0100] "GET /platby/72zbxoz/derek-green-philosophy HTTP/1.1" 200 12684 "-" "Mozilla/5.0 (compatible; SemrushBot/7~bl; +http://www.semrush.com/bot.html)"
85.208.96.204 - - [09/Dec/2025:17:02:41 +0100] "GET /platby/uwoy9/2020-donruss-optic-football-mega-box-with-10-packs HTTP/1.1" 200 9461 "-" "Mozilla/5.0 (compatible; SemrushBot/7~bl; +http://www.semrush.com/bot.html)"
185.191.171.17 - - [09/Dec/2025:17:02:42 +0100] "GET /platby/hca/american-bullfrog-predators HTTP/1.1" 200 6535 "-" "Mozilla/5.0 (compatible; SemrushBot/7~bl; +http://www.semrush.com/bot.html)"
85.208.96.212 - - [09/Dec/2025:17:03:15 +0100] "GET /platby/72zbxoz/european-common-spadefoot-toad HTTP/1.1" 200 14108 "-" "Mozilla/5.0 (compatible; SemrushBot/7~bl; +http://www.semrush.com/bot.html)"
114.119.128.6 - - [09/Dec/2025:17:03:18 +0100] "GET /platby/article.php?5d4c26=natalie-canerday-net-worth HTTP/1.1" 200 7099 "http://ispc.klape.eu/platby/article.php?5d4c26=assassin-archer---modern-day-robin-hood-mod-apk" "Mozilla/5.0 (Linux; Android 7.0;) AppleWebKit/537.36 (KHTML, like Gecko) Mobile Safari/537.36 (compatible; PetalBot;+https://webmaster.petalsearch.com/site/petalbot)"
85.208.96.209 - - [09/Dec/2025:17:03:32 +0100] "GET /platby/hca/duck-food-tractor-supply HTTP/1.1" 200 13395 "-" "Mozilla/5.0 (compatible; SemrushBot/7~bl; +http://www.semrush.com/bot.html)"
185.191.171.11 - - [09/Dec/2025:17:04:02 +0100] "GET /platby/hca/andrew-rannells-tuc-watkins-split HTTP/1.1" 200 11421 "-" "Mozilla/5.0 (compatible; SemrushBot/7~bl; +http://www.semrush.com/bot.html)"
85.208.96.206 - - [09/Dec/2025:17:05:01 +0100] "GET /platby/uwoy9/physical-force-synonym HTTP/1.1" 200 13371 "-" "Mozilla/5.0 (compatible; SemrushBot/7~bl; +http://www.semrush.com/bot.html)"
114.119.128.6 - - [09/Dec/2025:17:05:39 +0100] "GET /platby/article.php?5d4c26=god-put-a-smile-on-your-face-lyrics-coldplay HTTP/1.1" 200 5348 "http://ispc.klape.eu/platby/article.php?5d4c26=organizational-management-examples" "Mozilla/5.0 (Linux; Android 7.0;) AppleWebKit/537.36 (KHTML, like Gecko) Mobile Safari/537.36 (compatible; PetalBot;+https://webmaster.petalsearch.com/site/petalbot)"
85.208.96.206 - - [09/Dec/2025:17:05:47 +0100] "GET /platby/uwoy9/physical-force-synonym HTTP/1.1" 200 13371 "-" "Mozilla/5.0 (compatible; SemrushBot/7~bl; +http://www.semrush.com/bot.html)"
185.191.171.16 - - [09/Dec/2025:17:05:58 +0100] "GET /platby/hca/gwinnett-county-school-board-meeting-schedule HTTP/1.1" 200 8879 "-" "Mozilla/5.0 (compatible; SemrushBot/7~bl; +http://www.semrush.com/bot.html)"
114.119.140.102 - - [09/Dec/2025:17:06:21 +0100] "GET /platby/article.php?5d4c26=shantae-and-the-pirate's-curse-tan-line-island-guide HTTP/1.1" 200 6434 "http://ispc.klape.eu/platby/article.php?5d4c26=insight-uk-jobs" "Mozilla/5.0 (Linux; Android 7.0;) AppleWebKit/537.36 (KHTML, like Gecko) Mobile Safari/537.36 (compatible; PetalBot;+https://webmaster.petalsearch.com/site/petalbot)"
185.191.171.14 - - [09/Dec/2025:17:06:23 +0100] "GET /platby/72zbxoz/riverdale-fashion-tumblr HTTP/1.1" 200 13169 "-" "Mozilla/5.0 (compatible; SemrushBot/7~bl; +http://www.semrush.com/bot.html)"
185.191.171.16 - - [09/Dec/2025:17:06:28 +0100] "GET /platby/72zbxoz/the-cross-has-the-final-word-multitracks HTTP/1.1" 200 9373 "-" "Mozilla/5.0 (compatible; SemrushBot/7~bl; +http://www.semrush.com/bot.html)"
185.39.19.49 - - [09/Dec/2025:17:06:30 +0100] "\x16\x03\x01\x01V\x01" 403 265 "-" "-"
185.191.171.18 - - [09/Dec/2025:17:06:31 +0100] "GET /platby/72zbxoz/stateless-application-example HTTP/1.1" 200 8554 "-" "Mozilla/5.0 (compatible; SemrushBot/7~bl; +http://www.semrush.com/bot.html)"
198.235.24.42 - - [09/Dec/2025:17:06:32 +0100] "GET /" 400 468 "-" "-"
185.191.171.8 - - [09/Dec/2025:17:06:33 +0100] "GET /platby/72zbxoz/henning-berg-transfermarkt HTTP/1.1" 200 13382 "-" "Mozilla/5.0 (compatible; SemrushBot/7~bl; +http://www.semrush.com/bot.html)"
47.128.52.94 - - [09/Dec/2025:17:06:33 +0100] "\x16\x03\x01\x07!\x01" 403 265 "-" "-"
85.208.96.200 - - [09/Dec/2025:17:06:34 +0100] "GET /platby/72zbxoz/dorothy-sayers-religion HTTP/1.1" 200 13394 "-" "Mozilla/5.0 (compatible; SemrushBot/7~bl; +http://www.semrush.com/bot.html)"
47.128.52.94 - - [09/Dec/2025:17:06:34 +0100] "\x16\x03\x01\x07\x01\x01" 403 265 "-" "-"
85.208.96.193 - - [09/Dec/2025:17:06:36 +0100] "GET /platby/qqap/jonathan-kuminga-player-comparison HTTP/1.1" 200 10556 "-" "Mozilla/5.0 (compatible; SemrushBot/7~bl; +http://www.semrush.com/bot.html)"
85.208.96.200 - - [09/Dec/2025:17:06:37 +0100] "GET /platby/uwoy9/nursing-job-titles-and-descriptions HTTP/1.1" 200 10170 "-" "Mozilla/5.0 (compatible; SemrushBot/7~bl; +http://www.semrush.com/bot.html)"
185.191.171.7 - - [09/Dec/2025:17:06:38 +0100] "GET /platby/aohwuyx/undercover-cop-video-games HTTP/1.1" 200 8675 "-" "Mozilla/5.0 (compatible; SemrushBot/7~bl; +http://www.semrush.com/bot.html)"
185.191.171.2 - - [09/Dec/2025:17:06:40 +0100] "GET /platby/uwoy9/marquette-county,-wi-homes-for-sale HTTP/1.1" 200 10170 "-" "Mozilla/5.0 (compatible; SemrushBot/7~bl; +http://www.semrush.com/bot.html)"
85.208.96.205 - - [09/Dec/2025:17:06:42 +0100] "GET /platby/aohwuyx/using-dd-to-create-a-disk-image HTTP/1.1" 200 10549 "-" "Mozilla/5.0 (compatible; SemrushBot/7~bl; +http://www.semrush.com/bot.html)"
185.191.171.3 - - [09/Dec/2025:17:06:43 +0100] "GET /platby/aohwuyx/jira-cloud-rest-api-reference HTTP/1.1" 200 9997 "-" "Mozilla/5.0 (compatible; SemrushBot/7~bl; +http://www.semrush.com/bot.html)"
85.208.96.208 - - [09/Dec/2025:17:06:45 +0100] "GET /platby/uwoy9/mallard-gadwall-hybrid HTTP/1.1" 200 9503 "-" "Mozilla/5.0 (compatible; SemrushBot/7~bl; +http://www.semrush.com/bot.html)"
85.208.96.198 - - [09/Dec/2025:17:06:48 +0100] "GET /platby/aohwuyx/horace-mann-customer-service HTTP/1.1" 200 11916 "-" "Mozilla/5.0 (compatible; SemrushBot/7~bl; +http://www.semrush.com/bot.html)"
85.208.96.201 - - [09/Dec/2025:17:06:50 +0100] "GET /platby/uwoy9/private-pilot-test-prep-2021-pdf HTTP/1.1" 200 13171 "-" "Mozilla/5.0 (compatible; SemrushBot/7~bl; +http://www.semrush.com/bot.html)"
185.191.171.13 - - [09/Dec/2025:17:06:51 +0100] "GET /platby/aohwuyx/texas-solar-power-association HTTP/1.1" 200 8116 "-" "Mozilla/5.0 (compatible; SemrushBot/7~bl; +http://www.semrush.com/bot.html)"
185.191.171.8 - - [09/Dec/2025:17:06:57 +0100] "GET /platby/72zbxoz/jewelry-making-school HTTP/1.1" 200 8353 "-" "Mozilla/5.0 (compatible; SemrushBot/7~bl; +http://www.semrush.com/bot.html)"
114.119.140.102 - - [09/Dec/2025:17:07:15 +0100] "GET /platby/article.php?5d4c26=lark's-foot-knot HTTP/1.1" 200 4937 "http://ispc.klape.eu/platby/article.php?5d4c26=gulf-of-mexico-tsunami" "Mozilla/5.0 (Linux; Android 7.0;) AppleWebKit/537.36 (KHTML, like Gecko) Mobile Safari/537.36 (compatible; PetalBot;+https://webmaster.petalsearch.com/site/petalbot)"
47.128.30.220 - - [09/Dec/2025:17:07:24 +0100] "\x16\x03\x01\x02" 403 265 "-" "-"
85.208.96.202 - - [09/Dec/2025:17:07:37 +0100] "GET /platby/72zbxoz/north-american-geese-species HTTP/1.1" 200 13289 "-" "Mozilla/5.0 (compatible; SemrushBot/7~bl; +http://www.semrush.com/bot.html)"
185.191.171.3 - - [09/Dec/2025:17:07:42 +0100] "GET /platby/72zbxoz/how-do-bottle-rockets-fireworks-work HTTP/1.1" 200 8581 "-" "Mozilla/5.0 (compatible; SemrushBot/7~bl; +http://www.semrush.com/bot.html)"
185.191.171.10 - - [09/Dec/2025:17:07:58 +0100] "GET /platby/aohwuyx/matthew-clarke-calgary HTTP/1.1" 200 8522 "-" "Mozilla/5.0 (compatible; SemrushBot/7~bl; +http://www.semrush.com/bot.html)"
85.208.96.208 - - [09/Dec/2025:17:08:00 +0100] "GET /platby/72zbxoz/icc-t20-world-cup-2021-groups-list HTTP/1.1" 200 7681 "-" "Mozilla/5.0 (compatible; SemrushBot/7~bl; +http://www.semrush.com/bot.html)"
85.208.96.206 - - [09/Dec/2025:17:08:11 +0100] "GET /platby/uwoy9/inorganic-pesticides-examples HTTP/1.1" 200 8403 "-" "Mozilla/5.0 (compatible; SemrushBot/7~bl; +http://www.semrush.com/bot.html)"
85.208.96.205 - - [09/Dec/2025:17:08:25 +0100] "GET /platby/qqap/general-theory-of-relativity-examples HTTP/1.1" 200 10596 "-" "Mozilla/5.0 (compatible; SemrushBot/7~bl; +http://www.semrush.com/bot.html)"
45.144.53.78 - - [09/Dec/2025:17:08:30 +0100] "\x16\x03\x01\x05\xe1\x01" 403 265 "-" "-"
185.191.171.6 - - [09/Dec/2025:17:08:30 +0100] "GET /platby/qqap/indirect-consequence-definition HTTP/1.1" 200 6072 "-" "Mozilla/5.0 (compatible; SemrushBot/7~bl; +http://www.semrush.com/bot.html)"
114.119.152.142 - - [09/Dec/2025:17:08:42 +0100] "GET /platby/article.php?5d4c26=miyagi-prefecture-colleges-and-universities HTTP/1.1" 200 7642 "http://ispc.klape.eu/platby/article.php?5d4c26=one-born-every-minute-season-6-episode-5" "Mozilla/5.0 (Linux; Android 7.0;) AppleWebKit/537.36 (KHTML, like Gecko) Mobile Safari/537.36 (compatible; PetalBot;+https://webmaster.petalsearch.com/site/petalbot)"
185.191.171.8 - - [09/Dec/2025:17:09:00 +0100] "GET /platby/72zbxoz/boy-listening-to-music-wallpaper HTTP/1.1" 200 8478 "-" "Mozilla/5.0 (compatible; SemrushBot/7~bl; +http://www.semrush.com/bot.html)"
85.208.96.196 - - [09/Dec/2025:17:09:03 +0100] "GET /platby/hca/cause-and-effect-paragraph HTTP/1.1" 200 6741 "-" "Mozilla/5.0 (compatible; SemrushBot/7~bl; +http://www.semrush.com/bot.html)"
85.208.96.196 - - [09/Dec/2025:17:09:28 +0100] "GET /platby/hca/plants-tolerant-of-black-walnut-toxicity HTTP/1.1" 200 7025 "-" "Mozilla/5.0 (compatible; SemrushBot/7~bl; +http://www.semrush.com/bot.html)"
185.191.171.19 - - [09/Dec/2025:17:09:42 +0100] "GET /platby/uwoy9/httpsession-jsessionid HTTP/1.1" 200 14928 "-" "Mozilla/5.0 (compatible; SemrushBot/7~bl; +http://www.semrush.com/bot.html)"
85.208.96.212 - - [09/Dec/2025:17:09:45 +0100] "GET /platby/aohwuyx/call-block-rules-huawei HTTP/1.1" 200 9012 "-" "Mozilla/5.0 (compatible; SemrushBot/7~bl; +http://www.semrush.com/bot.html)"
185.191.171.14 - - [09/Dec/2025:17:09:52 +0100] "GET /platby/qqap/remote-villages-in-bulgaria HTTP/1.1" 200 13016 "-" "Mozilla/5.0 (compatible; SemrushBot/7~bl; +http://www.semrush.com/bot.html)"
85.208.96.200 - - [09/Dec/2025:17:10:02 +0100] "GET /platby/uwoy9/owen-sound-attack-2021-schedule HTTP/1.1" 200 9235 "-" "Mozilla/5.0 (compatible; SemrushBot/7~bl; +http://www.semrush.com/bot.html)"
114.119.140.102 - - [09/Dec/2025:17:10:04 +0100] "GET /platby/article.php?5d4c26=functions-of-national-consumer-disputes-redressal-commission HTTP/1.1" 200 6472 "http://ispc.klape.eu/platby/article.php?5d4c26=citizen-kane-laura-mulvey" "Mozilla/5.0 (Linux; Android 7.0;) AppleWebKit/537.36 (KHTML, like Gecko) Mobile Safari/537.36 (compatible; PetalBot;+https://webmaster.petalsearch.com/site/petalbot)"
85.208.96.196 - - [09/Dec/2025:17:10:07 +0100] "GET /platby/qqap/daulton-jefferies-stats HTTP/1.1" 200 6042 "-" "Mozilla/5.0 (compatible; SemrushBot/7~bl; +http://www.semrush.com/bot.html)"
185.191.171.3 - - [09/Dec/2025:17:10:18 +0100] "GET /platby/qqap/samurai-shodown-neogeo HTTP/1.1" 200 8870 "-" "Mozilla/5.0 (compatible; SemrushBot/7~bl; +http://www.semrush.com/bot.html)"
185.191.171.3 - - [09/Dec/2025:17:10:25 +0100] "GET /platby/hca/the-beekeeper's-daughter-summary HTTP/1.1" 200 12045 "-" "Mozilla/5.0 (compatible; SemrushBot/7~bl; +http://www.semrush.com/bot.html)"
185.191.171.9 - - [09/Dec/2025:17:10:46 +0100] "GET /platby/hca/anthony-martial-fifa-21-rating HTTP/1.1" 200 8813 "-" "Mozilla/5.0 (compatible; SemrushBot/7~bl; +http://www.semrush.com/bot.html)"
185.191.171.15 - - [09/Dec/2025:17:10:57 +0100] "GET /platby/72zbxoz/hakeem-olajuwon-height,-weight HTTP/1.1" 200 13267 "-" "Mozilla/5.0 (compatible; SemrushBot/7~bl; +http://www.semrush.com/bot.html)"
185.191.171.18 - - [09/Dec/2025:17:11:08 +0100] "GET /platby/aohwuyx/brian-robson-crate-escape HTTP/1.1" 200 9971 "-" "Mozilla/5.0 (compatible; SemrushBot/7~bl; +http://www.semrush.com/bot.html)"
85.208.96.193 - - [09/Dec/2025:17:11:09 +0100] "GET /platby/hca/romano's-restaurant-menu HTTP/1.1" 200 6820 "-" "Mozilla/5.0 (compatible; SemrushBot/7~bl; +http://www.semrush.com/bot.html)"
185.191.171.6 - - [09/Dec/2025:17:11:21 +0100] "GET /platby/aohwuyx/social-psychology-topics HTTP/1.1" 200 8450 "-" "Mozilla/5.0 (compatible; SemrushBot/7~bl; +http://www.semrush.com/bot.html)"
114.119.152.142 - - [09/Dec/2025:17:11:30 +0100] "GET /platby/article.php?5d4c26=Invocation-to-Papa-Legba HTTP/1.1" 200 7358 "http://ispc.klape.eu/platby/article.php?5d4c26=how-to-become-a-provider-in-pa" "Mozilla/5.0 (Linux; Android 7.0;) AppleWebKit/537.36 (KHTML, like Gecko) Mobile Safari/537.36 (compatible; PetalBot;+https://webmaster.petalsearch.com/site/petalbot)"
185.191.171.6 - - [09/Dec/2025:17:11:38 +0100] "GET /platby/hca/701-reading-ave,-west-reading,-pa-19611 HTTP/1.1" 200 11382 "-" "Mozilla/5.0 (compatible; SemrushBot/7~bl; +http://www.semrush.com/bot.html)"
85.208.96.202 - - [09/Dec/2025:17:11:53 +0100] "GET /platby/uwoy9/quadcopter-vs-helicopter HTTP/1.1" 200 8923 "-" "Mozilla/5.0 (compatible; SemrushBot/7~bl; +http://www.semrush.com/bot.html)"
85.208.96.193 - - [09/Dec/2025:17:12:15 +0100] "GET /platby/hca/2021-horoscope-pisces HTTP/1.1" 200 11498 "-" "Mozilla/5.0 (compatible; SemrushBot/7~bl; +http://www.semrush.com/bot.html)"
85.208.96.196 - - [09/Dec/2025:17:12:25 +0100] "GET /platby/uwoy9/things-poisonous-to-horses HTTP/1.1" 200 9499 "-" "Mozilla/5.0 (compatible; SemrushBot/7~bl; +http://www.semrush.com/bot.html)"
85.208.96.195 - - [09/Dec/2025:17:12:48 +0100] "GET /platby/uwoy9/orchids-quotes-tumblr HTTP/1.1" 200 7881 "-" "Mozilla/5.0 (compatible; SemrushBot/7~bl; +http://www.semrush.com/bot.html)"
114.119.152.142 - - [09/Dec/2025:17:12:56 +0100] "GET /platby/72zbxoz/zoey-and-sassafras-unicorns-and-germs-read-aloud HTTP/1.1" 200 9547 "http://ispc.klape.eu/platby/72zbxoz/why-does-my-huawei-p8-lite-keep-shutting-off" "Mozilla/5.0 (Linux; Android 7.0;) AppleWebKit/537.36 (KHTML, like Gecko) Mobile Safari/537.36 (compatible; PetalBot;+https://webmaster.petalsearch.com/site/petalbot)"
85.208.96.200 - - [09/Dec/2025:17:13:02 +0100] "GET /platby/uwoy9/best-fat-burner-for-beginners HTTP/1.1" 200 9792 "-" "Mozilla/5.0 (compatible; SemrushBot/7~bl; +http://www.semrush.com/bot.html)"
85.208.96.203 - - [09/Dec/2025:17:13:14 +0100] "GET /platby/hca/enrique-hernandez-nickname HTTP/1.1" 200 10774 "-" "Mozilla/5.0 (compatible; SemrushBot/7~bl; +http://www.semrush.com/bot.html)"
85.208.96.193 - - [09/Dec/2025:17:13:21 +0100] "GET /platby/aohwuyx/mophie-3-in-1-wireless-charging-pad HTTP/1.1" 200 13190 "-" "Mozilla/5.0 (compatible; SemrushBot/7~bl; +http://www.semrush.com/bot.html)"
66.249.79.6 - - [09/Dec/2025:17:13:40 +0100] "\x16\x03\x01\x02" 403 265 "-" "-"
185.191.171.11 - - [09/Dec/2025:17:13:53 +0100] "GET /platby/uwoy9/netherlands-national-cricket-team-players HTTP/1.1" 200 11910 "-" "Mozilla/5.0 (compatible; SemrushBot/7~bl; +http://www.semrush.com/bot.html)"
185.191.171.19 - - [09/Dec/2025:17:13:56 +0100] "GET /platby/aohwuyx/luxury-brand-logo-maker HTTP/1.1" 200 15417 "-" "Mozilla/5.0 (compatible; SemrushBot/7~bl; +http://www.semrush.com/bot.html)"
85.208.96.196 - - [09/Dec/2025:17:14:05 +0100] "GET /platby/uwoy9/innervisions-healthcare-gala HTTP/1.1" 200 15100 "-" "Mozilla/5.0 (compatible; SemrushBot/7~bl; +http://www.semrush.com/bot.html)"
114.119.139.66 - - [09/Dec/2025:17:14:21 +0100] "GET /platby/72zbxoz/listening-for-specific-information-ppt HTTP/1.1" 200 10145 "http://ispc.klape.eu/platby/72zbxoz/listening-for-specific-information-ppt" "Mozilla/5.0 (Linux; Android 7.0;) AppleWebKit/537.36 (KHTML, like Gecko) Mobile Safari/537.36 (compatible; PetalBot;+https://webmaster.petalsearch.com/site/petalbot)"
85.208.96.212 - - [09/Dec/2025:17:14:23 +0100] "GET /platby/aohwuyx/european-nba-players-2021 HTTP/1.1" 200 13600 "-" "Mozilla/5.0 (compatible; SemrushBot/7~bl; +http://www.semrush.com/bot.html)"
185.191.171.11 - - [09/Dec/2025:17:14:26 +0100] "GET /platby/72zbxoz/hunter-college-psychology-department-email HTTP/1.1" 200 8704 "-" "Mozilla/5.0 (compatible; SemrushBot/7~bl; +http://www.semrush.com/bot.html)"
85.208.96.212 - - [09/Dec/2025:17:14:37 +0100] "GET /platby/uwoy9/1994-upper-deck-collector's-choice-michael-jordan-baseball-card HTTP/1.1" 200 11542 "-" "Mozilla/5.0 (compatible; SemrushBot/7~bl; +http://www.semrush.com/bot.html)"
85.208.96.206 - - [09/Dec/2025:17:14:47 +0100] "GET /platby/aohwuyx/youth-basketball-richmond,-va HTTP/1.1" 200 9300 "-" "Mozilla/5.0 (compatible; SemrushBot/7~bl; +http://www.semrush.com/bot.html)"
185.191.171.6 - - [09/Dec/2025:17:14:49 +0100] "GET /platby/hca/international-students-australia-statistics HTTP/1.1" 200 10515 "-" "Mozilla/5.0 (compatible; SemrushBot/7~bl; +http://www.semrush.com/bot.html)"
66.249.68.39 - - [09/Dec/2025:17:15:11 +0100] "\x16\x03\x01\x02" 403 265 "-" "-"
5.133.192.127 - - [09/Dec/2025:17:15:14 +0100] "\x16\x03\x01\x01\x18\x01" 403 265 "-" "-"
85.208.96.202 - - [09/Dec/2025:17:15:20 +0100] "GET /platby/hca/tattoo-convention-lexington-ky HTTP/1.1" 200 7295 "-" "Mozilla/5.0 (compatible; SemrushBot/7~bl; +http://www.semrush.com/bot.html)"
