185.191.171.12 - - [09/Dec/2025:21:42:32 +0100] "GET /platby/72zbxoz/vrbo-homeaway-owner-login HTTP/1.1" 200 9996 "-" "Mozilla/5.0 (compatible; SemrushBot/7~bl; +http://www.semrush.com/bot.html)"
185.191.171.9 - - [09/Dec/2025:21:42:37 +0100] "GET /platby/72zbxoz/file-cannot-be-accessed-microsoft-teams HTTP/1.1" 200 8338 "-" "Mozilla/5.0 (compatible; SemrushBot/7~bl; +http://www.semrush.com/bot.html)"
204.76.203.206 - - [09/Dec/2025:21:42:50 +0100] "GET /" 400 468 "-" "-"
85.208.96.204 - - [09/Dec/2025:21:43:21 +0100] "GET /platby/hca/teacher-created-resources-catalog-request HTTP/1.1" 200 8263 "-" "Mozilla/5.0 (compatible; SemrushBot/7~bl; +http://www.semrush.com/bot.html)"
185.191.171.5 - - [09/Dec/2025:21:43:24 +0100] "GET /platby/qqap/strut-urban-dictionary HTTP/1.1" 200 11005 "-" "Mozilla/5.0 (compatible; SemrushBot/7~bl; +http://www.semrush.com/bot.html)"
85.208.96.203 - - [09/Dec/2025:21:43:36 +0100] "GET /platby/uwoy9/best-costume-jewelry-websites HTTP/1.1" 200 9621 "-" "Mozilla/5.0 (compatible; SemrushBot/7~bl; +http://www.semrush.com/bot.html)"
185.191.171.18 - - [09/Dec/2025:21:43:54 +0100] "GET /platby/aohwuyx/how-to-open-locked-app-without-password HTTP/1.1" 200 14785 "-" "Mozilla/5.0 (compatible; SemrushBot/7~bl; +http://www.semrush.com/bot.html)"
85.208.96.193 - - [09/Dec/2025:21:44:10 +0100] "GET /platby/qqap/mike-trout-career-war-projections HTTP/1.1" 200 10030 "-" "Mozilla/5.0 (compatible; SemrushBot/7~bl; +http://www.semrush.com/bot.html)"
114.119.129.163 - - [09/Dec/2025:21:44:11 +0100] "GET /platby/article.php?5d4c26=national-council-for-behavioral-health-trauma-informed-care HTTP/1.1" 200 5289 "http://ispc.klape.eu/platby/article.php?5d4c26=Handstand-shoulder-press" "Mozilla/5.0 (Linux; Android 7.0;) AppleWebKit/537.36 (KHTML, like Gecko) Mobile Safari/537.36 (compatible; PetalBot;+https://webmaster.petalsearch.com/site/petalbot)"
185.191.171.4 - - [09/Dec/2025:21:44:18 +0100] "GET /platby/qqap/college-confidential-princeton HTTP/1.1" 200 12767 "-" "Mozilla/5.0 (compatible; SemrushBot/7~bl; +http://www.semrush.com/bot.html)"
85.208.96.206 - - [09/Dec/2025:21:44:41 +0100] "GET /platby/uwoy9/zack-moss-college-stats HTTP/1.1" 200 9532 "-" "Mozilla/5.0 (compatible; SemrushBot/7~bl; +http://www.semrush.com/bot.html)"
185.191.171.10 - - [09/Dec/2025:21:44:43 +0100] "GET /platby/uwoy9/information-technology-salary HTTP/1.1" 200 10293 "-" "Mozilla/5.0 (compatible; SemrushBot/7~bl; +http://www.semrush.com/bot.html)"
85.208.96.208 - - [09/Dec/2025:21:44:44 +0100] "GET /platby/aohwuyx/best-universities-in-germany-for-ms HTTP/1.1" 200 12868 "-" "Mozilla/5.0 (compatible; SemrushBot/7~bl; +http://www.semrush.com/bot.html)"
204.76.203.206 - - [09/Dec/2025:21:44:45 +0100] "GET / HTTP/1.1" 200 316 "-" "Mozilla/5.0 (Windows NT 10.0; Win64; x64) AppleWebKit/537.36 (KHTML, like Gecko) Chrome/90.0.4430.85 Safari/537.36 Edg/90.0.818.46"
185.191.171.8 - - [09/Dec/2025:21:44:49 +0100] "GET /platby/72zbxoz/sony-dualshock-4-red-camouflage HTTP/1.1" 200 8474 "-" "Mozilla/5.0 (compatible; SemrushBot/7~bl; +http://www.semrush.com/bot.html)"
185.191.171.2 - - [09/Dec/2025:21:45:06 +0100] "GET /platby/aohwuyx/lay's-flamin'-hot-potato-chips HTTP/1.1" 200 11344 "-" "Mozilla/5.0 (compatible; SemrushBot/7~bl; +http://www.semrush.com/bot.html)"
185.191.171.12 - - [09/Dec/2025:21:45:17 +0100] "GET /platby/72zbxoz/trainee-programme-2021 HTTP/1.1" 200 11260 "-" "Mozilla/5.0 (compatible; SemrushBot/7~bl; +http://www.semrush.com/bot.html)"
3.94.199.128 - - [09/Dec/2025:21:45:22 +0100] "GET /platby/uwoy9/dog-friendly-places-in-portland,-oregon HTTP/1.1" 200 13308 "-" "Mozilla/5.0 AppleWebKit/537.36 (KHTML, like Gecko; compatible; Amazonbot/0.1; +https://developer.amazon.com/support/amazonbot) Chrome/119.0.6045.214 Safari/537.36"
185.191.171.13 - - [09/Dec/2025:21:45:28 +0100] "GET /platby/hca/2018-minnesota-vikings HTTP/1.1" 200 9358 "-" "Mozilla/5.0 (compatible; SemrushBot/7~bl; +http://www.semrush.com/bot.html)"
45.38.44.221 - - [09/Dec/2025:21:45:38 +0100] "GET /" 400 468 "-" "-"
85.208.96.206 - - [09/Dec/2025:21:45:49 +0100] "GET /platby/72zbxoz/crime-novel-awards-2019 HTTP/1.1" 200 15999 "-" "Mozilla/5.0 (compatible; SemrushBot/7~bl; +http://www.semrush.com/bot.html)"
185.191.171.11 - - [09/Dec/2025:21:45:53 +0100] "GET /platby/uwoy9/examples-of-interconnection HTTP/1.1" 200 12188 "-" "Mozilla/5.0 (compatible; SemrushBot/7~bl; +http://www.semrush.com/bot.html)"
185.191.171.7 - - [09/Dec/2025:21:45:56 +0100] "GET /platby/72zbxoz/yum-brands-reset-password HTTP/1.1" 200 11395 "-" "Mozilla/5.0 (compatible; SemrushBot/7~bl; +http://www.semrush.com/bot.html)"
185.191.171.3 - - [09/Dec/2025:21:46:02 +0100] "GET /platby/aohwuyx/missouri-secretary-of-state-term-length HTTP/1.1" 200 11022 "-" "Mozilla/5.0 (compatible; SemrushBot/7~bl; +http://www.semrush.com/bot.html)"
85.208.96.208 - - [09/Dec/2025:21:46:04 +0100] "GET /platby/aohwuyx/southern-ways-to-say-goodbye HTTP/1.1" 200 8760 "-" "Mozilla/5.0 (compatible; SemrushBot/7~bl; +http://www.semrush.com/bot.html)"
185.191.171.2 - - [09/Dec/2025:21:46:11 +0100] "GET /platby/qqap/canadian-solar-cs6k-310ms-datasheet HTTP/1.1" 200 7705 "-" "Mozilla/5.0 (compatible; SemrushBot/7~bl; +http://www.semrush.com/bot.html)"
185.191.171.18 - - [09/Dec/2025:21:46:19 +0100] "GET /platby/qqap/indigenous-organisations-australia HTTP/1.1" 200 8205 "-" "Mozilla/5.0 (compatible; SemrushBot/7~bl; +http://www.semrush.com/bot.html)"
185.191.171.14 - - [09/Dec/2025:21:47:37 +0100] "GET /platby/qqap/food-city-phone-number HTTP/1.1" 200 10595 "-" "Mozilla/5.0 (compatible; SemrushBot/7~bl; +http://www.semrush.com/bot.html)"
85.208.96.212 - - [09/Dec/2025:21:47:48 +0100] "GET /platby/qqap/create-volleyball-logo HTTP/1.1" 200 8708 "-" "Mozilla/5.0 (compatible; SemrushBot/7~bl; +http://www.semrush.com/bot.html)"
185.191.171.8 - - [09/Dec/2025:21:47:53 +0100] "GET /platby/uwoy9/cypress-trees-in-kentucky HTTP/1.1" 200 13127 "-" "Mozilla/5.0 (compatible; SemrushBot/7~bl; +http://www.semrush.com/bot.html)"
85.208.96.198 - - [09/Dec/2025:21:48:14 +0100] "GET /platby/uwoy9/the-boat-inn-lichfield-takeaway-menu HTTP/1.1" 200 10111 "-" "Mozilla/5.0 (compatible; SemrushBot/7~bl; +http://www.semrush.com/bot.html)"
204.76.203.212 - - [09/Dec/2025:21:48:17 +0100] "GET /" 400 468 "-" "-"
185.191.171.11 - - [09/Dec/2025:21:48:22 +0100] "GET /platby/uwoy9/android-11-quick-settings-panel HTTP/1.1" 200 13663 "-" "Mozilla/5.0 (compatible; SemrushBot/7~bl; +http://www.semrush.com/bot.html)"
85.208.96.198 - - [09/Dec/2025:21:48:26 +0100] "GET /platby/hca/how-to-make-video-look-like-film HTTP/1.1" 200 12407 "-" "Mozilla/5.0 (compatible; SemrushBot/7~bl; +http://www.semrush.com/bot.html)"
85.208.96.198 - - [09/Dec/2025:21:48:29 +0100] "GET /platby/uwoy9/dominican-academy-virtual-tour HTTP/1.1" 200 14041 "-" "Mozilla/5.0 (compatible; SemrushBot/7~bl; +http://www.semrush.com/bot.html)"
114.119.140.102 - - [09/Dec/2025:21:49:33 +0100] "GET /platby/article.php?5d4c26=castlevania:-the-bloodletting HTTP/1.1" 200 6303 "http://ispc.klape.eu/platby/article.php?5d4c26=cooking-by-the-book-remix-spotify" "Mozilla/5.0 (Linux; Android 7.0;) AppleWebKit/537.36 (KHTML, like Gecko) Mobile Safari/537.36 (compatible; PetalBot;+https://webmaster.petalsearch.com/site/petalbot)"
5.187.35.158 - - [09/Dec/2025:21:49:54 +0100] "\x16\x03\x01\x01\x10\x01" 403 265 "-" "-"
85.208.96.205 - - [09/Dec/2025:21:49:54 +0100] "GET /platby/uwoy9/dublin-city-schools-job-openings HTTP/1.1" 200 9720 "-" "Mozilla/5.0 (compatible; SemrushBot/7~bl; +http://www.semrush.com/bot.html)"
85.208.96.205 - - [09/Dec/2025:21:50:45 +0100] "GET /platby/uwoy9/dublin-city-schools-job-openings HTTP/1.1" 200 9720 "-" "Mozilla/5.0 (compatible; SemrushBot/7~bl; +http://www.semrush.com/bot.html)"
85.208.96.207 - - [09/Dec/2025:21:51:04 +0100] "GET /platby/aohwuyx/cello-bow-rehair-service-near-me HTTP/1.1" 200 12492 "-" "Mozilla/5.0 (compatible; SemrushBot/7~bl; +http://www.semrush.com/bot.html)"
43.153.107.22 - - [09/Dec/2025:21:51:53 +0100] "GET / HTTP/1.1" 403 224 "-" "Mozilla/5.0 (iPhone; CPU iPhone OS 13_2_3 like Mac OS X) AppleWebKit/605.1.15 (KHTML, like Gecko) Version/13.0.3 Mobile/15E148 Safari/604.1"
85.208.96.194 - - [09/Dec/2025:21:52:13 +0100] "GET /platby/qqap/massage-therapist-school HTTP/1.1" 200 9101 "-" "Mozilla/5.0 (compatible; SemrushBot/7~bl; +http://www.semrush.com/bot.html)"
85.208.96.194 - - [09/Dec/2025:21:52:30 +0100] "GET /platby/qqap/massage-therapist-school HTTP/1.1" 200 9101 "-" "Mozilla/5.0 (compatible; SemrushBot/7~bl; +http://www.semrush.com/bot.html)"
34.196.114.170 - - [09/Dec/2025:21:52:32 +0100] "GET /platby/72zbxoz/foundation-shade-finder HTTP/1.1" 200 11169 "-" "Mozilla/5.0 AppleWebKit/537.36 (KHTML, like Gecko; compatible; Amazonbot/0.1; +https://developer.amazon.com/support/amazonbot) Chrome/119.0.6045.214 Safari/537.36"
44.215.231.15 - - [09/Dec/2025:21:52:33 +0100] "GET /platby/72zbxoz/australia-football-kit-2020 HTTP/1.1" 200 10646 "-" "Mozilla/5.0 AppleWebKit/537.36 (KHTML, like Gecko; compatible; Amazonbot/0.1; +https://developer.amazon.com/support/amazonbot) Chrome/119.0.6045.214 Safari/537.36"
34.203.111.15 - - [09/Dec/2025:21:52:34 +0100] "GET /platby/72zbxoz/examples-of-hopes-and-dreams HTTP/1.1" 200 9725 "-" "Mozilla/5.0 AppleWebKit/537.36 (KHTML, like Gecko; compatible; Amazonbot/0.1; +https://developer.amazon.com/support/amazonbot) Chrome/119.0.6045.214 Safari/537.36"
185.191.171.7 - - [09/Dec/2025:21:52:35 +0100] "GET /platby/72zbxoz/motorola-edge-plus-screen-size HTTP/1.1" 200 8034 "-" "Mozilla/5.0 (compatible; SemrushBot/7~bl; +http://www.semrush.com/bot.html)"
107.20.255.194 - - [09/Dec/2025:21:52:36 +0100] "GET /platby/72zbxoz/village-elementary-school-staff-directory HTTP/1.1" 200 9349 "-" "Mozilla/5.0 AppleWebKit/537.36 (KHTML, like Gecko; compatible; Amazonbot/0.1; +https://developer.amazon.com/support/amazonbot) Chrome/119.0.6045.214 Safari/537.36"
185.191.171.2 - - [09/Dec/2025:21:52:37 +0100] "GET /platby/72zbxoz/2021-mlb-mock-draft-yankees HTTP/1.1" 200 13121 "-" "Mozilla/5.0 (compatible; SemrushBot/7~bl; +http://www.semrush.com/bot.html)"
185.191.171.1 - - [09/Dec/2025:21:52:39 +0100] "GET /platby/uwoy9/bee-or-wasp-nest-identification-uk HTTP/1.1" 200 9004 "-" "Mozilla/5.0 (compatible; SemrushBot/7~bl; +http://www.semrush.com/bot.html)"
44.218.170.184 - - [09/Dec/2025:21:52:39 +0100] "GET /platby/72zbxoz/most-valuable-1996-upper-deck-baseball-cards HTTP/1.1" 200 7745 "-" "Mozilla/5.0 AppleWebKit/537.36 (KHTML, like Gecko; compatible; Amazonbot/0.1; +https://developer.amazon.com/support/amazonbot) Chrome/119.0.6045.214 Safari/537.36"
85.208.96.199 - - [09/Dec/2025:21:52:40 +0100] "GET /platby/aohwuyx/glossier-you-deluxe-sample HTTP/1.1" 200 15910 "-" "Mozilla/5.0 (compatible; SemrushBot/7~bl; +http://www.semrush.com/bot.html)"
85.208.96.209 - - [09/Dec/2025:21:52:42 +0100] "GET /platby/qqap/best-poetry-websites-2020 HTTP/1.1" 200 8970 "-" "Mozilla/5.0 (compatible; SemrushBot/7~bl; +http://www.semrush.com/bot.html)"
34.226.89.140 - - [09/Dec/2025:21:52:43 +0100] "GET /platby/72zbxoz/tommy-hilfiger-t-shirts-canada HTTP/1.1" 200 13200 "-" "Mozilla/5.0 AppleWebKit/537.36 (KHTML, like Gecko; compatible; Amazonbot/0.1; +https://developer.amazon.com/support/amazonbot) Chrome/119.0.6045.214 Safari/537.36"
185.191.171.17 - - [09/Dec/2025:21:52:44 +0100] "GET /platby/aohwuyx/baker-university-basketball-division HTTP/1.1" 200 13858 "-" "Mozilla/5.0 (compatible; SemrushBot/7~bl; +http://www.semrush.com/bot.html)"
185.191.171.4 - - [09/Dec/2025:21:52:45 +0100] "GET /platby/72zbxoz/sega-rally-championship HTTP/1.1" 200 8434 "-" "Mozilla/5.0 (compatible; SemrushBot/7~bl; +http://www.semrush.com/bot.html)"
3.81.253.213 - - [09/Dec/2025:21:52:47 +0100] "GET /platby/72zbxoz/atlassian-application-links HTTP/1.1" 200 12934 "-" "Mozilla/5.0 AppleWebKit/537.36 (KHTML, like Gecko; compatible; Amazonbot/0.1; +https://developer.amazon.com/support/amazonbot) Chrome/119.0.6045.214 Safari/537.36"
185.191.171.18 - - [09/Dec/2025:21:52:47 +0100] "GET /robots.txt HTTP/1.1" 200 54 "-" "Mozilla/5.0 (compatible; SemrushBot/7~bl; +http://www.semrush.com/bot.html)"
85.208.96.211 - - [09/Dec/2025:21:52:47 +0100] "GET /platby/uwoy9/diversity-words-that-start-with-z HTTP/1.1" 200 16065 "-" "Mozilla/5.0 (compatible; SemrushBot/7~bl; +http://www.semrush.com/bot.html)"
185.191.171.4 - - [09/Dec/2025:21:52:49 +0100] "GET /platby/uwoy9/brooklyn-technical-high-school-niche HTTP/1.1" 200 11583 "-" "Mozilla/5.0 (compatible; SemrushBot/7~bl; +http://www.semrush.com/bot.html)"
185.191.171.4 - - [09/Dec/2025:21:52:50 +0100] "GET /platby/uwoy9/restaurants-in-knoxville HTTP/1.1" 200 13340 "-" "Mozilla/5.0 (compatible; SemrushBot/7~bl; +http://www.semrush.com/bot.html)"
85.208.96.211 - - [09/Dec/2025:21:52:52 +0100] "GET /platby/qqap/simple-necklaces-gold HTTP/1.1" 200 8367 "-" "Mozilla/5.0 (compatible; SemrushBot/7~bl; +http://www.semrush.com/bot.html)"
85.208.96.205 - - [09/Dec/2025:21:52:53 +0100] "GET /platby/qqap/emotional-awareness-examples HTTP/1.1" 200 10115 "-" "Mozilla/5.0 (compatible; SemrushBot/7~bl; +http://www.semrush.com/bot.html)"
85.208.96.201 - - [09/Dec/2025:21:52:55 +0100] "GET /platby/72zbxoz/chicago-bears-2021-tickets HTTP/1.1" 200 9390 "-" "Mozilla/5.0 (compatible; SemrushBot/7~bl; +http://www.semrush.com/bot.html)"
85.208.96.203 - - [09/Dec/2025:21:52:56 +0100] "GET /platby/uwoy9/best-cream-for-face-glow-in-nigeria HTTP/1.1" 200 11818 "-" "Mozilla/5.0 (compatible; SemrushBot/7~bl; +http://www.semrush.com/bot.html)"
85.208.96.209 - - [09/Dec/2025:21:52:58 +0100] "GET /platby/uwoy9/how-to-play-amiga-games-on-windows-10 HTTP/1.1" 200 10910 "-" "Mozilla/5.0 (compatible; SemrushBot/7~bl; +http://www.semrush.com/bot.html)"
185.191.171.17 - - [09/Dec/2025:21:52:59 +0100] "GET /platby/hca/messenger-pronunciation HTTP/1.1" 200 10668 "-" "Mozilla/5.0 (compatible; SemrushBot/7~bl; +http://www.semrush.com/bot.html)"
85.208.96.202 - - [09/Dec/2025:21:53:01 +0100] "GET /platby/uwoy9/gwelup-croatia-perth-glory-youth HTTP/1.1" 200 11784 "-" "Mozilla/5.0 (compatible; SemrushBot/7~bl; +http://www.semrush.com/bot.html)"
85.208.96.210 - - [09/Dec/2025:21:53:03 +0100] "GET /platby/qqap/best-under-21-players-in-the-world-2019 HTTP/1.1" 200 12215 "-" "Mozilla/5.0 (compatible; SemrushBot/7~bl; +http://www.semrush.com/bot.html)"
185.191.171.14 - - [09/Dec/2025:21:53:05 +0100] "GET /platby/72zbxoz/big-10-women's-soccer-schedule-2021 HTTP/1.1" 200 13940 "-" "Mozilla/5.0 (compatible; SemrushBot/7~bl; +http://www.semrush.com/bot.html)"
85.208.96.199 - - [09/Dec/2025:21:53:13 +0100] "GET /platby/uwoy9/alcatel-onetouch-fling HTTP/1.1" 200 10314 "-" "Mozilla/5.0 (compatible; SemrushBot/7~bl; +http://www.semrush.com/bot.html)"
185.191.171.16 - - [09/Dec/2025:21:53:21 +0100] "GET /platby/hca/umass-amherst-tuition HTTP/1.1" 200 12265 "-" "Mozilla/5.0 (compatible; SemrushBot/7~bl; +http://www.semrush.com/bot.html)"
85.208.96.212 - - [09/Dec/2025:21:53:46 +0100] "GET /platby/hca/infinity-in-different-languages HTTP/1.1" 200 9001 "-" "Mozilla/5.0 (compatible; SemrushBot/7~bl; +http://www.semrush.com/bot.html)"
85.208.96.205 - - [09/Dec/2025:21:53:54 +0100] "GET /platby/qqap/heterologous-covid-vaccine HTTP/1.1" 200 6205 "-" "Mozilla/5.0 (compatible; SemrushBot/7~bl; +http://www.semrush.com/bot.html)"
85.208.96.211 - - [09/Dec/2025:21:54:05 +0100] "GET /platby/hca/marriage-of-a-thousand-lies-summary HTTP/1.1" 200 9586 "-" "Mozilla/5.0 (compatible; SemrushBot/7~bl; +http://www.semrush.com/bot.html)"
185.191.171.18 - - [09/Dec/2025:21:54:28 +0100] "GET /platby/72zbxoz/the-whiting-turner-contracting-company-headquarters HTTP/1.1" 200 9354 "-" "Mozilla/5.0 (compatible; SemrushBot/7~bl; +http://www.semrush.com/bot.html)"
85.208.96.205 - - [09/Dec/2025:21:54:29 +0100] "GET /platby/aohwuyx/miss-vera-says-book-them HTTP/1.1" 200 11676 "-" "Mozilla/5.0 (compatible; SemrushBot/7~bl; +http://www.semrush.com/bot.html)"
85.208.96.211 - - [09/Dec/2025:21:54:31 +0100] "GET /platby/hca/goodix-gf3208-fingerprint-sensor-driver-ubuntu HTTP/1.1" 200 8601 "-" "Mozilla/5.0 (compatible; SemrushBot/7~bl; +http://www.semrush.com/bot.html)"
85.208.96.210 - - [09/Dec/2025:21:54:38 +0100] "GET /platby/uwoy9/army-public-school-chennai-admission-2021-22-for-civilians HTTP/1.1" 200 9327 "-" "Mozilla/5.0 (compatible; SemrushBot/7~bl; +http://www.semrush.com/bot.html)"
85.208.96.209 - - [09/Dec/2025:21:54:43 +0100] "GET /platby/uwoy9/missouri-state-dinosaur HTTP/1.1" 200 14919 "-" "Mozilla/5.0 (compatible; SemrushBot/7~bl; +http://www.semrush.com/bot.html)"
85.208.96.196 - - [09/Dec/2025:21:54:49 +0100] "GET /platby/qqap/problems-with-helzberg-diamonds HTTP/1.1" 200 7057 "-" "Mozilla/5.0 (compatible; SemrushBot/7~bl; +http://www.semrush.com/bot.html)"
185.191.171.3 - - [09/Dec/2025:21:55:52 +0100] "GET /platby/hca/missing-yosemite-hiker-found-dead-in-tent HTTP/1.1" 200 11669 "-" "Mozilla/5.0 (compatible; SemrushBot/7~bl; +http://www.semrush.com/bot.html)"
185.191.171.3 - - [09/Dec/2025:21:55:58 +0100] "GET /platby/uwoy9/pacers-most-points-in-a-game HTTP/1.1" 200 7455 "-" "Mozilla/5.0 (compatible; SemrushBot/7~bl; +http://www.semrush.com/bot.html)"
185.191.171.18 - - [09/Dec/2025:21:56:00 +0100] "GET /platby/hca/kiosk-software-development-tools HTTP/1.1" 200 8451 "-" "Mozilla/5.0 (compatible; SemrushBot/7~bl; +http://www.semrush.com/bot.html)"
79.124.40.174 - - [09/Dec/2025:21:56:03 +0100] "\x16\x03\x01\x05\xa8\x01" 403 265 "-" "-"
185.191.171.13 - - [09/Dec/2025:21:56:23 +0100] "GET /platby/qqap/disneyland-paris-tickets HTTP/1.1" 200 12706 "-" "Mozilla/5.0 (compatible; SemrushBot/7~bl; +http://www.semrush.com/bot.html)"
185.191.171.1 - - [09/Dec/2025:21:58:30 +0100] "GET /platby/hca/martinelli-fifa-20-potential HTTP/1.1" 200 6074 "-" "Mozilla/5.0 (compatible; SemrushBot/7~bl; +http://www.semrush.com/bot.html)"
54.39.28.147 - - [09/Dec/2025:22:00:41 +0100] "GET / HTTP/1.1" 200 316 "-" "Mozilla/5.0"
54.39.28.147 - - [09/Dec/2025:22:00:41 +0100] "POST / HTTP/1.1" 404 221 "-" "Mozilla/5.0"
185.191.171.1 - - [09/Dec/2025:22:00:46 +0100] "GET /platby/hca/martinelli-fifa-20-potential HTTP/1.1" 200 6074 "-" "Mozilla/5.0 (compatible; SemrushBot/7~bl; +http://www.semrush.com/bot.html)"
204.76.203.206 - - [09/Dec/2025:22:00:52 +0100] "GET /" 400 468 "-" "-"
185.191.171.18 - - [09/Dec/2025:22:01:06 +0100] "GET /platby/qqap/motley-fool-phone-number-australia HTTP/1.1" 200 9926 "-" "Mozilla/5.0 (compatible; SemrushBot/7~bl; +http://www.semrush.com/bot.html)"
204.76.203.206 - - [09/Dec/2025:22:01:38 +0100] "GET / HTTP/1.1" 200 316 "-" "Mozilla/5.0 (Windows NT 10.0; Win64; x64) AppleWebKit/537.36 (KHTML, like Gecko) Chrome/90.0.4430.85 Safari/537.36 Edg/90.0.818.46"
176.65.148.251 - - [09/Dec/2025:22:03:00 +0100] "GET /" 400 468 "-" "-"
185.191.171.18 - - [09/Dec/2025:22:03:05 +0100] "GET /platby/qqap/motley-fool-phone-number-australia HTTP/1.1" 200 9926 "-" "Mozilla/5.0 (compatible; SemrushBot/7~bl; +http://www.semrush.com/bot.html)"
85.208.96.195 - - [09/Dec/2025:22:03:12 +0100] "GET /platby/hca/windows-accessories-windows-10 HTTP/1.1" 200 10777 "-" "Mozilla/5.0 (compatible; SemrushBot/7~bl; +http://www.semrush.com/bot.html)"
85.208.96.195 - - [09/Dec/2025:22:04:02 +0100] "GET /platby/hca/windows-accessories-windows-10 HTTP/1.1" 200 10777 "-" "Mozilla/5.0 (compatible; SemrushBot/7~bl; +http://www.semrush.com/bot.html)"
85.208.96.196 - - [09/Dec/2025:22:05:21 +0100] "GET /platby/uwoy9/make-sentence-with-delight-for-class-2 HTTP/1.1" 200 15979 "-" "Mozilla/5.0 (compatible; SemrushBot/7~bl; +http://www.semrush.com/bot.html)"
85.208.96.196 - - [09/Dec/2025:22:05:29 +0100] "GET /platby/uwoy9/make-sentence-with-delight-for-class-2 HTTP/1.1" 200 15979 "-" "Mozilla/5.0 (compatible; SemrushBot/7~bl; +http://www.semrush.com/bot.html)"
85.208.96.210 - - [09/Dec/2025:22:05:34 +0100] "GET /platby/qqap/robert-seaman-daily-doodles HTTP/1.1" 200 3852 "-" "Mozilla/5.0 (compatible; SemrushBot/7~bl; +http://www.semrush.com/bot.html)"
114.119.152.142 - - [09/Dec/2025:22:05:37 +0100] "GET /platby/qqap/jupiler-pro-league-schedule HTTP/1.1" 200 7926 "http://ispc.klape.eu/platby/qqap/houses-for-rent-in-clear-spring,-md" "Mozilla/5.0 (Linux; Android 7.0;) AppleWebKit/537.36 (KHTML, like Gecko) Mobile Safari/537.36 (compatible; PetalBot;+https://webmaster.petalsearch.com/site/petalbot)"
85.208.96.210 - - [09/Dec/2025:22:05:40 +0100] "GET /platby/qqap/robert-seaman-daily-doodles HTTP/1.1" 200 3852 "-" "Mozilla/5.0 (compatible; SemrushBot/7~bl; +http://www.semrush.com/bot.html)"
69.63.184.115 - - [09/Dec/2025:22:05:42 +0100] "GET /robots.txt HTTP/1.1" 206 34 "-" "facebookexternalhit/1.1 (+http://www.facebook.com/externalhit_uatext.php)"
114.119.139.66 - - [09/Dec/2025:22:05:44 +0100] "GET /platby/hca/where-to-tailgate-at-carolina-panthers-game HTTP/1.1" 200 8369 "http://ispc.klape.eu/platby/hca/where-to-tailgate-at-carolina-panthers-game" "Mozilla/5.0 (Linux; Android 7.0;) AppleWebKit/537.36 (KHTML, like Gecko) Mobile Safari/537.36 (compatible; PetalBot;+https://webmaster.petalsearch.com/site/petalbot)"
69.63.184.8 - - [09/Dec/2025:22:05:51 +0100] "GET /robots.txt HTTP/1.1" 206 34 "-" "facebookexternalhit/1.1 (+http://www.facebook.com/externalhit_uatext.php)"
85.208.96.204 - - [09/Dec/2025:22:06:03 +0100] "GET /platby/72zbxoz/augustinus-bader-essence-toner HTTP/1.1" 200 12556 "-" "Mozilla/5.0 (compatible; SemrushBot/7~bl; +http://www.semrush.com/bot.html)"
85.208.96.210 - - [09/Dec/2025:22:06:20 +0100] "GET /platby/uwoy9/non-disposable-film-camera-fujifilm HTTP/1.1" 200 9132 "-" "Mozilla/5.0 (compatible; SemrushBot/7~bl; +http://www.semrush.com/bot.html)"
185.191.171.1 - - [09/Dec/2025:22:06:29 +0100] "GET /platby/qqap/support-indigenous-businesses HTTP/1.1" 200 12109 "-" "Mozilla/5.0 (compatible; SemrushBot/7~bl; +http://www.semrush.com/bot.html)"
85.208.96.200 - - [09/Dec/2025:22:06:33 +0100] "GET /platby/uwoy9/genea-charpentier,-when-calls-the-heart HTTP/1.1" 200 11988 "-" "Mozilla/5.0 (compatible; SemrushBot/7~bl; +http://www.semrush.com/bot.html)"
85.208.96.204 - - [09/Dec/2025:22:06:36 +0100] "GET /platby/aohwuyx/restaurants-permanently-closed-boston HTTP/1.1" 200 9146 "-" "Mozilla/5.0 (compatible; SemrushBot/7~bl; +http://www.semrush.com/bot.html)"
185.191.171.13 - - [09/Dec/2025:22:06:37 +0100] "GET /platby/72zbxoz/overnight-spa-packages-near-me HTTP/1.1" 200 9624 "-" "Mozilla/5.0 (compatible; SemrushBot/7~bl; +http://www.semrush.com/bot.html)"
185.191.171.1 - - [09/Dec/2025:22:06:39 +0100] "GET /platby/72zbxoz/rhode-island-red-color-variation HTTP/1.1" 200 8242 "-" "Mozilla/5.0 (compatible; SemrushBot/7~bl; +http://www.semrush.com/bot.html)"
185.191.171.11 - - [09/Dec/2025:22:06:40 +0100] "GET /platby/uwoy9/purple-haze-smoke-shop-charleston,-sc HTTP/1.1" 200 12991 "-" "Mozilla/5.0 (compatible; SemrushBot/7~bl; +http://www.semrush.com/bot.html)"
85.208.96.203 - - [09/Dec/2025:22:06:42 +0100] "GET /platby/hca/dirt-in-my-shoes-canyonlands HTTP/1.1" 200 7930 "-" "Mozilla/5.0 (compatible; SemrushBot/7~bl; +http://www.semrush.com/bot.html)"
185.191.171.13 - - [09/Dec/2025:22:06:44 +0100] "GET /platby/aohwuyx/spain-segunda-b-group-2-predictions HTTP/1.1" 200 9963 "-" "Mozilla/5.0 (compatible; SemrushBot/7~bl; +http://www.semrush.com/bot.html)"
85.208.96.197 - - [09/Dec/2025:22:06:46 +0100] "GET /platby/72zbxoz/professional-violin-cost HTTP/1.1" 200 13542 "-" "Mozilla/5.0 (compatible; SemrushBot/7~bl; +http://www.semrush.com/bot.html)"
85.208.96.205 - - [09/Dec/2025:22:06:47 +0100] "GET /platby/qqap/plyz-stock-predictions HTTP/1.1" 200 8200 "-" "Mozilla/5.0 (compatible; SemrushBot/7~bl; +http://www.semrush.com/bot.html)"
114.119.139.112 - - [09/Dec/2025:22:06:48 +0100] "GET /platby/hca/footaction-reservation HTTP/1.1" 200 8551 "http://ispc.klape.eu/platby/hca/andrew-lynch-mason-alexander" "Mozilla/5.0 (Linux; Android 7.0;) AppleWebKit/537.36 (KHTML, like Gecko) Mobile Safari/537.36 (compatible; PetalBot;+https://webmaster.petalsearch.com/site/petalbot)"
85.208.96.208 - - [09/Dec/2025:22:06:49 +0100] "GET /platby/qqap/boys-suits-with-shorts HTTP/1.1" 200 7107 "-" "Mozilla/5.0 (compatible; SemrushBot/7~bl; +http://www.semrush.com/bot.html)"
185.191.171.1 - - [09/Dec/2025:22:06:50 +0100] "GET /platby/72zbxoz/staying-in-college-dorms HTTP/1.1" 200 9136 "-" "Mozilla/5.0 (compatible; SemrushBot/7~bl; +http://www.semrush.com/bot.html)"
185.191.171.9 - - [09/Dec/2025:22:06:51 +0100] "GET /platby/hca/harford-community-college-academic-calendar HTTP/1.1" 200 8548 "-" "Mozilla/5.0 (compatible; SemrushBot/7~bl; +http://www.semrush.com/bot.html)"
185.191.171.14 - - [09/Dec/2025:22:06:54 +0100] "GET /platby/uwoy9/lack-of-authority-synonym HTTP/1.1" 200 9935 "-" "Mozilla/5.0 (compatible; SemrushBot/7~bl; +http://www.semrush.com/bot.html)"
185.191.171.11 - - [09/Dec/2025:22:06:55 +0100] "GET /platby/uwoy9/1994-upper-deck-collectors-choice-value HTTP/1.1" 200 12624 "-" "Mozilla/5.0 (compatible; SemrushBot/7~bl; +http://www.semrush.com/bot.html)"
85.208.96.194 - - [09/Dec/2025:22:06:57 +0100] "GET /platby/aohwuyx/devonta-smith-arriving-in-philadelphia HTTP/1.1" 200 12115 "-" "Mozilla/5.0 (compatible; SemrushBot/7~bl; +http://www.semrush.com/bot.html)"
85.208.96.206 - - [09/Dec/2025:22:06:58 +0100] "GET /platby/qqap/guardian-restaurants-cornwall HTTP/1.1" 200 11922 "-" "Mozilla/5.0 (compatible; SemrushBot/7~bl; +http://www.semrush.com/bot.html)"
185.191.171.19 - - [09/Dec/2025:22:07:00 +0100] "GET /platby/hca/ashton-elementary-school-staff HTTP/1.1" 200 7497 "-" "Mozilla/5.0 (compatible; SemrushBot/7~bl; +http://www.semrush.com/bot.html)"
85.208.96.197 - - [09/Dec/2025:22:07:01 +0100] "GET /platby/uwoy9/wildflowers-of-teton-valley HTTP/1.1" 200 9665 "-" "Mozilla/5.0 (compatible; SemrushBot/7~bl; +http://www.semrush.com/bot.html)"
85.208.96.202 - - [09/Dec/2025:22:07:03 +0100] "GET /platby/aohwuyx/encore-beach-club-2021 HTTP/1.1" 200 12207 "-" "Mozilla/5.0 (compatible; SemrushBot/7~bl; +http://www.semrush.com/bot.html)"
185.191.171.13 - - [09/Dec/2025:22:07:05 +0100] "GET /platby/qqap/floating-train-in-china-video HTTP/1.1" 200 9976 "-" "Mozilla/5.0 (compatible; SemrushBot/7~bl; +http://www.semrush.com/bot.html)"
185.191.171.11 - - [09/Dec/2025:22:07:07 +0100] "GET /platby/aohwuyx/african-goslings-for-sale HTTP/1.1" 200 8571 "-" "Mozilla/5.0 (compatible; SemrushBot/7~bl; +http://www.semrush.com/bot.html)"
85.208.96.207 - - [09/Dec/2025:22:07:08 +0100] "GET /platby/72zbxoz/pulaski-va-post-office-phone-number HTTP/1.1" 200 9744 "-" "Mozilla/5.0 (compatible; SemrushBot/7~bl; +http://www.semrush.com/bot.html)"
185.191.171.9 - - [09/Dec/2025:22:07:09 +0100] "GET /platby/aohwuyx/best-midfielders-in-the-world-2019 HTTP/1.1" 200 13258 "-" "Mozilla/5.0 (compatible; SemrushBot/7~bl; +http://www.semrush.com/bot.html)"
85.208.96.202 - - [09/Dec/2025:22:07:11 +0100] "GET /platby/hca/dairy-milk-chocolate-quotes HTTP/1.1" 200 8228 "-" "Mozilla/5.0 (compatible; SemrushBot/7~bl; +http://www.semrush.com/bot.html)"
185.191.171.1 - - [09/Dec/2025:22:07:12 +0100] "GET /platby/uwoy9/moto-g-power-battery-replacement-cost HTTP/1.1" 200 12471 "-" "Mozilla/5.0 (compatible; SemrushBot/7~bl; +http://www.semrush.com/bot.html)"
185.191.171.13 - - [09/Dec/2025:22:07:15 +0100] "GET /platby/72zbxoz/fifa-20-oldest-players-with-real-faces HTTP/1.1" 200 13744 "-" "Mozilla/5.0 (compatible; SemrushBot/7~bl; +http://www.semrush.com/bot.html)"
85.208.96.203 - - [09/Dec/2025:22:07:16 +0100] "GET /platby/uwoy9/long-leather-jacket-zara HTTP/1.1" 200 9888 "-" "Mozilla/5.0 (compatible; SemrushBot/7~bl; +http://www.semrush.com/bot.html)"
85.208.96.200 - - [09/Dec/2025:22:07:35 +0100] "GET /platby/uwoy9/strawberry-pink-dunks-low HTTP/1.1" 200 13185 "-" "Mozilla/5.0 (compatible; SemrushBot/7~bl; +http://www.semrush.com/bot.html)"
85.208.96.195 - - [09/Dec/2025:22:07:40 +0100] "GET /platby/qqap/jefferson-county-wv-chicken-laws HTTP/1.1" 200 12645 "-" "Mozilla/5.0 (compatible; SemrushBot/7~bl; +http://www.semrush.com/bot.html)"
185.191.171.14 - - [09/Dec/2025:22:07:43 +0100] "GET /platby/hca/cobb-county-demographics HTTP/1.1" 200 11848 "-" "Mozilla/5.0 (compatible; SemrushBot/7~bl; +http://www.semrush.com/bot.html)"
85.208.96.206 - - [09/Dec/2025:22:07:46 +0100] "GET /platby/qqap/microsoft-fingerprint-reader-not-working HTTP/1.1" 200 7311 "-" "Mozilla/5.0 (compatible; SemrushBot/7~bl; +http://www.semrush.com/bot.html)"
185.191.171.13 - - [09/Dec/2025:22:07:47 +0100] "GET /platby/aohwuyx/jordan-13-red-flint-real-vs-fake HTTP/1.1" 200 13820 "-" "Mozilla/5.0 (compatible; SemrushBot/7~bl; +http://www.semrush.com/bot.html)"
85.208.96.202 - - [09/Dec/2025:22:07:49 +0100] "GET /platby/hca/dk-homeschool-curriculum HTTP/1.1" 200 6712 "-" "Mozilla/5.0 (compatible; SemrushBot/7~bl; +http://www.semrush.com/bot.html)"
185.191.171.4 - - [09/Dec/2025:22:07:50 +0100] "GET /platby/hca/knoxville-restaurants-open-for-dine-in HTTP/1.1" 200 7186 "-" "Mozilla/5.0 (compatible; SemrushBot/7~bl; +http://www.semrush.com/bot.html)"
185.191.171.1 - - [09/Dec/2025:22:07:52 +0100] "GET /platby/aohwuyx/memphis-depay-fifa-21-potential HTTP/1.1" 200 8054 "-" "Mozilla/5.0 (compatible; SemrushBot/7~bl; +http://www.semrush.com/bot.html)"
85.208.96.212 - - [09/Dec/2025:22:07:53 +0100] "GET /platby/hca/importance-of-listening-skills-slideshare HTTP/1.1" 200 9563 "-" "Mozilla/5.0 (compatible; SemrushBot/7~bl; +http://www.semrush.com/bot.html)"
85.208.96.202 - - [09/Dec/2025:22:07:55 +0100] "GET /platby/72zbxoz/summer-camp-music-festival-virtual HTTP/1.1" 200 9270 "-" "Mozilla/5.0 (compatible; SemrushBot/7~bl; +http://www.semrush.com/bot.html)"
85.208.96.198 - - [09/Dec/2025:22:07:56 +0100] "GET /platby/uwoy9/alight-motion-video-effects HTTP/1.1" 200 7607 "-" "Mozilla/5.0 (compatible; SemrushBot/7~bl; +http://www.semrush.com/bot.html)"
185.191.171.1 - - [09/Dec/2025:22:07:58 +0100] "GET /platby/uwoy9/seymchan-meteorite-value HTTP/1.1" 200 11245 "-" "Mozilla/5.0 (compatible; SemrushBot/7~bl; +http://www.semrush.com/bot.html)"
185.191.171.1 - - [09/Dec/2025:22:08:00 +0100] "GET /platby/aohwuyx/pics-of-jordan-shoes-1-23 HTTP/1.1" 200 12338 "-" "Mozilla/5.0 (compatible; SemrushBot/7~bl; +http://www.semrush.com/bot.html)"
85.208.96.206 - - [09/Dec/2025:22:08:01 +0100] "GET /platby/aohwuyx/show-that-second-order-wave-equation-is-hyperbolic HTTP/1.1" 200 10505 "-" "Mozilla/5.0 (compatible; SemrushBot/7~bl; +http://www.semrush.com/bot.html)"
185.191.171.17 - - [09/Dec/2025:22:08:03 +0100] "GET /platby/hca/deathloop-release-date-delayed HTTP/1.1" 200 7951 "-" "Mozilla/5.0 (compatible; SemrushBot/7~bl; +http://www.semrush.com/bot.html)"
85.208.96.195 - - [09/Dec/2025:22:08:04 +0100] "GET /platby/aohwuyx/famous-triplets-names HTTP/1.1" 200 12567 "-" "Mozilla/5.0 (compatible; SemrushBot/7~bl; +http://www.semrush.com/bot.html)"
185.191.171.1 - - [09/Dec/2025:22:08:05 +0100] "GET /platby/uwoy9/lahti-vs-hifk-prediction HTTP/1.1" 200 11000 "-" "Mozilla/5.0 (compatible; SemrushBot/7~bl; +http://www.semrush.com/bot.html)"
185.191.171.19 - - [09/Dec/2025:22:08:07 +0100] "GET /platby/uwoy9/unit-vector-formula-between-two-points HTTP/1.1" 200 7994 "-" "Mozilla/5.0 (compatible; SemrushBot/7~bl; +http://www.semrush.com/bot.html)"
85.208.96.202 - - [09/Dec/2025:22:08:08 +0100] "GET /platby/aohwuyx/plant-identification-questionnaire HTTP/1.1" 200 9820 "-" "Mozilla/5.0 (compatible; SemrushBot/7~bl; +http://www.semrush.com/bot.html)"
85.208.96.206 - - [09/Dec/2025:22:08:10 +0100] "GET /platby/72zbxoz/chanson-populaire-2021 HTTP/1.1" 200 11785 "-" "Mozilla/5.0 (compatible; SemrushBot/7~bl; +http://www.semrush.com/bot.html)"
185.191.171.17 - - [09/Dec/2025:22:08:12 +0100] "GET /platby/uwoy9/how-do-pesticides-affect-the-environment HTTP/1.1" 200 9626 "-" "Mozilla/5.0 (compatible; SemrushBot/7~bl; +http://www.semrush.com/bot.html)"
114.119.149.2 - - [09/Dec/2025:22:08:17 +0100] "GET /platby/hca/apartments-for-rent-perkiomen-ave,-reading,-pa HTTP/1.1" 200 7870 "http://ispc.klape.eu/platby/hca/apartments-for-rent-perkiomen-ave%2C-reading%2C-pa" "Mozilla/5.0 (Linux; Android 7.0;) AppleWebKit/537.36 (KHTML, like Gecko) Mobile Safari/537.36 (compatible; PetalBot;+https://webmaster.petalsearch.com/site/petalbot)"
85.208.96.199 - - [09/Dec/2025:22:08:19 +0100] "GET /platby/uwoy9/antonio-depina-ethnicity HTTP/1.1" 200 10462 "-" "Mozilla/5.0 (compatible; SemrushBot/7~bl; +http://www.semrush.com/bot.html)"
85.208.96.206 - - [09/Dec/2025:22:08:24 +0100] "GET /platby/aohwuyx/arkansas-special-education HTTP/1.1" 200 8337 "-" "Mozilla/5.0 (compatible; SemrushBot/7~bl; +http://www.semrush.com/bot.html)"
185.191.171.16 - - [09/Dec/2025:22:08:38 +0100] "GET /platby/qqap/statement-of-purpose-for-phd-in-chemistry-pdf HTTP/1.1" 200 8492 "-" "Mozilla/5.0 (compatible; SemrushBot/7~bl; +http://www.semrush.com/bot.html)"
85.208.96.198 - - [09/Dec/2025:22:08:46 +0100] "GET /platby/hca/peachtree-corners-fireworks-2020 HTTP/1.1" 200 12089 "-" "Mozilla/5.0 (compatible; SemrushBot/7~bl; +http://www.semrush.com/bot.html)"
85.208.96.206 - - [09/Dec/2025:22:09:04 +0100] "GET /platby/aohwuyx/fast-food-near-bellagio-las-vegas HTTP/1.1" 200 9562 "-" "Mozilla/5.0 (compatible; SemrushBot/7~bl; +http://www.semrush.com/bot.html)"
85.208.96.198 - - [09/Dec/2025:22:09:09 +0100] "GET /platby/hca/problems-students-face-during-lecture HTTP/1.1" 200 12629 "-" "Mozilla/5.0 (compatible; SemrushBot/7~bl; +http://www.semrush.com/bot.html)"
85.208.96.205 - - [09/Dec/2025:22:09:10 +0100] "GET /platby/hca/swann-v-charlotte-mecklenburg-quotes HTTP/1.1" 200 8788 "-" "Mozilla/5.0 (compatible; SemrushBot/7~bl; +http://www.semrush.com/bot.html)"
57.141.6.19 - - [09/Dec/2025:22:09:40 +0100] "GET /platby/aohwuyx/isabella-state-school HTTP/1.1" 200 40060 "-" "meta-externalagent/1.1 (+https://developers.facebook.com/docs/sharing/webmasters/crawler)"
85.208.96.205 - - [09/Dec/2025:22:09:41 +0100] "GET /platby/72zbxoz/michael-keaton,-the-flash HTTP/1.1" 200 11384 "-" "Mozilla/5.0 (compatible; SemrushBot/7~bl; +http://www.semrush.com/bot.html)"
114.119.139.112 - - [09/Dec/2025:22:09:42 +0100] "GET /platby/article.php?5d4c26=Deep-Space-exodus HTTP/1.1" 200 7344 "http://ispc.klape.eu/platby/article.php?5d4c26=types-of-sorcerers" "Mozilla/5.0 (Linux; Android 7.0;) AppleWebKit/537.36 (KHTML, like Gecko) Mobile Safari/537.36 (compatible; PetalBot;+https://webmaster.petalsearch.com/site/petalbot)"
85.208.96.209 - - [09/Dec/2025:22:09:52 +0100] "GET /platby/aohwuyx/st-patrick's-college,-mangalore HTTP/1.1" 200 13695 "-" "Mozilla/5.0 (compatible; SemrushBot/7~bl; +http://www.semrush.com/bot.html)"
185.191.171.1 - - [09/Dec/2025:22:09:56 +0100] "GET /platby/hca/i-am-thankful-for-sentence-starters HTTP/1.1" 200 7382 "-" "Mozilla/5.0 (compatible; SemrushBot/7~bl; +http://www.semrush.com/bot.html)"
185.191.171.7 - - [09/Dec/2025:22:10:19 +0100] "GET /platby/hca/mrbeast-net-worth-2021-per-month HTTP/1.1" 200 6558 "-" "Mozilla/5.0 (compatible; SemrushBot/7~bl; +http://www.semrush.com/bot.html)"
85.208.96.202 - - [09/Dec/2025:22:10:28 +0100] "GET /platby/72zbxoz/advantages-and-disadvantages-of-government-grants HTTP/1.1" 200 13474 "-" "Mozilla/5.0 (compatible; SemrushBot/7~bl; +http://www.semrush.com/bot.html)"
85.208.96.194 - - [09/Dec/2025:22:10:30 +0100] "GET /platby/72zbxoz/anti-oppressive-framework-social-work HTTP/1.1" 200 8501 "-" "Mozilla/5.0 (compatible; SemrushBot/7~bl; +http://www.semrush.com/bot.html)"
185.191.171.11 - - [09/Dec/2025:22:10:35 +0100] "GET /platby/72zbxoz/synchronicity-examples HTTP/1.1" 200 12360 "-" "Mozilla/5.0 (compatible; SemrushBot/7~bl; +http://www.semrush.com/bot.html)"
85.208.96.206 - - [09/Dec/2025:22:10:45 +0100] "GET /platby/uwoy9/ogbono-soup-with-spinach HTTP/1.1" 200 13674 "-" "Mozilla/5.0 (compatible; SemrushBot/7~bl; +http://www.semrush.com/bot.html)"
85.208.96.194 - - [09/Dec/2025:22:10:48 +0100] "GET /platby/qqap/replica-designer-slides HTTP/1.1" 200 6822 "-" "Mozilla/5.0 (compatible; SemrushBot/7~bl; +http://www.semrush.com/bot.html)"
185.191.171.11 - - [09/Dec/2025:22:10:50 +0100] "GET /platby/uwoy9/final-fantasy-xii:-revenant-wings HTTP/1.1" 200 13698 "-" "Mozilla/5.0 (compatible; SemrushBot/7~bl; +http://www.semrush.com/bot.html)"
185.191.171.18 - - [09/Dec/2025:22:10:53 +0100] "GET /platby/aohwuyx/what-a-expression-or-what-an-expression HTTP/1.1" 200 12220 "-" "Mozilla/5.0 (compatible; SemrushBot/7~bl; +http://www.semrush.com/bot.html)"
85.208.96.208 - - [09/Dec/2025:22:11:21 +0100] "GET /platby/uwoy9/incandescent-light-bulb-color HTTP/1.1" 200 8728 "-" "Mozilla/5.0 (compatible; SemrushBot/7~bl; +http://www.semrush.com/bot.html)"
85.208.96.207 - - [09/Dec/2025:22:11:24 +0100] "GET /platby/qqap/peoria-unified-school-district-board-meeting HTTP/1.1" 200 10492 "-" "Mozilla/5.0 (compatible; SemrushBot/7~bl; +http://www.semrush.com/bot.html)"
85.208.96.207 - - [09/Dec/2025:22:11:46 +0100] "GET /platby/qqap/chamber-of-commerce-examples HTTP/1.1" 200 6271 "-" "Mozilla/5.0 (compatible; SemrushBot/7~bl; +http://www.semrush.com/bot.html)"
185.39.19.47 - - [09/Dec/2025:22:11:47 +0100] "\x16\x03\x01\x01V\x01" 403 265 "-" "-"
185.191.171.16 - - [09/Dec/2025:22:11:51 +0100] "GET /platby/uwoy9/rocket-league-bots-in-ranked HTTP/1.1" 200 14629 "-" "Mozilla/5.0 (compatible; SemrushBot/7~bl; +http://www.semrush.com/bot.html)"
79.124.40.174 - - [09/Dec/2025:22:12:26 +0100] "\x16\x03\x01\x05\xa8\x01" 403 265 "-" "-"
185.191.171.9 - - [09/Dec/2025:22:12:54 +0100] "GET /platby/72zbxoz/stateful-authentication HTTP/1.1" 200 13522 "-" "Mozilla/5.0 (compatible; SemrushBot/7~bl; +http://www.semrush.com/bot.html)"
85.208.96.198 - - [09/Dec/2025:22:12:57 +0100] "GET /platby/hca/samsung-s9-plus-won't-turn-on-or-charge HTTP/1.1" 200 6087 "-" "Mozilla/5.0 (compatible; SemrushBot/7~bl; +http://www.semrush.com/bot.html)"
185.191.171.9 - - [09/Dec/2025:22:13:05 +0100] "GET /platby/hca/soprafina-gallery-boston HTTP/1.1" 200 7686 "-" "Mozilla/5.0 (compatible; SemrushBot/7~bl; +http://www.semrush.com/bot.html)"
185.191.171.17 - - [09/Dec/2025:22:13:14 +0100] "GET /platby/qqap/resultant-acceleration-formula HTTP/1.1" 200 9590 "-" "Mozilla/5.0 (compatible; SemrushBot/7~bl; +http://www.semrush.com/bot.html)"
185.191.171.8 - - [09/Dec/2025:22:13:29 +0100] "GET /platby/uwoy9/villain-arts-denver-2021 HTTP/1.1" 200 11572 "-" "Mozilla/5.0 (compatible; SemrushBot/7~bl; +http://www.semrush.com/bot.html)"
185.191.171.12 - - [09/Dec/2025:22:13:41 +0100] "GET /platby/qqap/tesla-solar-panels-houston HTTP/1.1" 200 12426 "-" "Mozilla/5.0 (compatible; SemrushBot/7~bl; +http://www.semrush.com/bot.html)"
85.208.96.199 - - [09/Dec/2025:22:13:56 +0100] "GET /robots.txt HTTP/1.1" 200 54 "-" "Mozilla/5.0 (compatible; SemrushBot/7~bl; +http://www.semrush.com/bot.html)"
85.208.96.203 - - [09/Dec/2025:22:13:56 +0100] "GET /platby/qqap/egypt-vs-argentina-stats HTTP/1.1" 200 12790 "-" "Mozilla/5.0 (compatible; SemrushBot/7~bl; +http://www.semrush.com/bot.html)"
185.191.171.15 - - [09/Dec/2025:22:14:09 +0100] "GET /platby/uwoy9/best-flower-girl-dresses-2021 HTTP/1.1" 200 9462 "-" "Mozilla/5.0 (compatible; SemrushBot/7~bl; +http://www.semrush.com/bot.html)"
85.208.96.205 - - [09/Dec/2025:22:14:16 +0100] "GET /platby/uwoy9/penn-badgley-blake-lively HTTP/1.1" 200 12549 "-" "Mozilla/5.0 (compatible; SemrushBot/7~bl; +http://www.semrush.com/bot.html)"
185.191.171.3 - - [09/Dec/2025:22:14:20 +0100] "GET /platby/72zbxoz/does-harley-keener-become-a-superhero HTTP/1.1" 200 13371 "-" "Mozilla/5.0 (compatible; SemrushBot/7~bl; +http://www.semrush.com/bot.html)"
185.191.171.6 - - [09/Dec/2025:22:14:42 +0100] "GET /platby/aohwuyx/bancorpsv-on-bank-statement HTTP/1.1" 200 12866 "-" "Mozilla/5.0 (compatible; SemrushBot/7~bl; +http://www.semrush.com/bot.html)"
185.191.171.8 - - [09/Dec/2025:22:14:55 +0100] "GET /platby/aohwuyx/how-to-write-test-cases-in-xray HTTP/1.1" 200 10258 "-" "Mozilla/5.0 (compatible; SemrushBot/7~bl; +http://www.semrush.com/bot.html)"
185.191.171.1 - - [09/Dec/2025:22:15:02 +0100] "GET /platby/aohwuyx/prayer-of-protection-from-evil HTTP/1.1" 200 9422 "-" "Mozilla/5.0 (compatible; SemrushBot/7~bl; +http://www.semrush.com/bot.html)"
85.208.96.200 - - [09/Dec/2025:22:15:04 +0100] "GET /platby/qqap/keith-cooke-in-new-mortal-kombat HTTP/1.1" 200 9424 "-" "Mozilla/5.0 (compatible; SemrushBot/7~bl; +http://www.semrush.com/bot.html)"
185.191.171.17 - - [09/Dec/2025:22:15:07 +0100] "GET /platby/hca/physical-science-lesson-plan-for-class-9 HTTP/1.1" 200 13482 "-" "Mozilla/5.0 (compatible; SemrushBot/7~bl; +http://www.semrush.com/bot.html)"
85.208.96.195 - - [09/Dec/2025:22:15:26 +0100] "GET /platby/qqap/arsenal-stats-rocket-league HTTP/1.1" 200 10186 "-" "Mozilla/5.0 (compatible; SemrushBot/7~bl; +http://www.semrush.com/bot.html)"
185.191.171.19 - - [09/Dec/2025:22:15:39 +0100] "GET /platby/qqap/latitude-festival-address HTTP/1.1" 200 7004 "-" "Mozilla/5.0 (compatible; SemrushBot/7~bl; +http://www.semrush.com/bot.html)"
185.191.171.9 - - [09/Dec/2025:22:15:45 +0100] "GET /platby/uwoy9/five-a-side-football-brazil-women's-team-players-2018 HTTP/1.1" 200 12722 "-" "Mozilla/5.0 (compatible; SemrushBot/7~bl; +http://www.semrush.com/bot.html)"
85.208.96.197 - - [09/Dec/2025:22:15:56 +0100] "GET /platby/qqap/burnout-chem-strain-leafly HTTP/1.1" 200 12399 "-" "Mozilla/5.0 (compatible; SemrushBot/7~bl; +http://www.semrush.com/bot.html)"
185.191.171.5 - - [09/Dec/2025:22:15:58 +0100] "GET /platby/uwoy9/walgreens-disposable-camera HTTP/1.1" 200 11540 "-" "Mozilla/5.0 (compatible; SemrushBot/7~bl; +http://www.semrush.com/bot.html)"
185.191.171.3 - - [09/Dec/2025:22:17:01 +0100] "GET /platby/uwoy9/north-korea-olympics-2016 HTTP/1.1" 200 11944 "-" "Mozilla/5.0 (compatible; SemrushBot/7~bl; +http://www.semrush.com/bot.html)"
85.208.96.198 - - [09/Dec/2025:22:17:04 +0100] "GET /platby/uwoy9/panthers-stadium-address HTTP/1.1" 200 8400 "-" "Mozilla/5.0 (compatible; SemrushBot/7~bl; +http://www.semrush.com/bot.html)"
85.208.96.198 - - [09/Dec/2025:22:17:11 +0100] "GET /platby/hca/the-legend-of-zelda-link's-awakening-dx HTTP/1.1" 200 7944 "-" "Mozilla/5.0 (compatible; SemrushBot/7~bl; +http://www.semrush.com/bot.html)"
185.191.171.15 - - [09/Dec/2025:22:17:18 +0100] "GET /platby/uwoy9/best-restaurants-to-host-a-party HTTP/1.1" 200 7401 "-" "Mozilla/5.0 (compatible; SemrushBot/7~bl; +http://www.semrush.com/bot.html)"
185.191.171.1 - - [09/Dec/2025:22:17:33 +0100] "GET /platby/uwoy9/brann-vs-lillestrom-prediction HTTP/1.1" 200 12766 "-" "Mozilla/5.0 (compatible; SemrushBot/7~bl; +http://www.semrush.com/bot.html)"
85.208.96.204 - - [09/Dec/2025:22:17:44 +0100] "GET /platby/72zbxoz/sheena-gordon-marvin-williams HTTP/1.1" 200 13253 "-" "Mozilla/5.0 (compatible; SemrushBot/7~bl; +http://www.semrush.com/bot.html)"
85.208.96.204 - - [09/Dec/2025:22:18:08 +0100] "GET /platby/72zbxoz/scientific-realism-in-business HTTP/1.1" 200 7971 "-" "Mozilla/5.0 (compatible; SemrushBot/7~bl; +http://www.semrush.com/bot.html)"
85.208.96.200 - - [09/Dec/2025:22:18:27 +0100] "GET /platby/72zbxoz/university-of-michigan-hockey-schedule-2021-2022 HTTP/1.1" 200 13921 "-" "Mozilla/5.0 (compatible; SemrushBot/7~bl; +http://www.semrush.com/bot.html)"
204.76.203.206 - - [09/Dec/2025:22:18:32 +0100] "GET /" 400 468 "-" "-"
85.208.96.195 - - [09/Dec/2025:22:18:36 +0100] "GET /platby/qqap/worship-sentence-easy HTTP/1.1" 200 14678 "-" "Mozilla/5.0 (compatible; SemrushBot/7~bl; +http://www.semrush.com/bot.html)"
185.191.171.4 - - [09/Dec/2025:22:18:39 +0100] "GET /platby/qqap/gilbert-arenas-high-school-ranking HTTP/1.1" 200 10216 "-" "Mozilla/5.0 (compatible; SemrushBot/7~bl; +http://www.semrush.com/bot.html)"
204.76.203.206 - - [09/Dec/2025:22:18:56 +0100] "GET / HTTP/1.1" 200 316 "-" "Mozilla/5.0 (Windows NT 10.0; Win64; x64) AppleWebKit/537.36 (KHTML, like Gecko) Chrome/90.0.4430.85 Safari/537.36 Edg/90.0.818.46"
85.208.96.211 - - [09/Dec/2025:22:19:02 +0100] "GET /platby/uwoy9/sorry-sorry-rahul-gandhi HTTP/1.1" 200 9487 "-" "Mozilla/5.0 (compatible; SemrushBot/7~bl; +http://www.semrush.com/bot.html)"
185.191.171.6 - - [09/Dec/2025:22:19:04 +0100] "GET /platby/aohwuyx/pelter-bridge-car-park-to-rydal-cave HTTP/1.1" 200 9094 "-" "Mozilla/5.0 (compatible; SemrushBot/7~bl; +http://www.semrush.com/bot.html)"
85.208.96.198 - - [09/Dec/2025:22:19:09 +0100] "GET /platby/aohwuyx/iowa-basketball-roster-2020-21 HTTP/1.1" 200 12810 "-" "Mozilla/5.0 (compatible; SemrushBot/7~bl; +http://www.semrush.com/bot.html)"
85.208.96.211 - - [09/Dec/2025:22:19:21 +0100] "GET /platby/hca/giants-draft-picks-2021-baseball HTTP/1.1" 200 8929 "-" "Mozilla/5.0 (compatible; SemrushBot/7~bl; +http://www.semrush.com/bot.html)"
35.173.38.202 - - [09/Dec/2025:22:19:23 +0100] "GET /platby/72zbxoz/ipl-points-table-2020-today HTTP/1.1" 200 7836 "-" "Mozilla/5.0 AppleWebKit/537.36 (KHTML, like Gecko; compatible; Amazonbot/0.1; +https://developer.amazon.com/support/amazonbot) Chrome/119.0.6045.214 Safari/537.36"
185.191.171.16 - - [09/Dec/2025:22:19:24 +0100] "GET /platby/hca/who-owns-webber-construction HTTP/1.1" 200 8483 "-" "Mozilla/5.0 (compatible; SemrushBot/7~bl; +http://www.semrush.com/bot.html)"
34.205.163.103 - - [09/Dec/2025:22:19:27 +0100] "GET /platby/72zbxoz/four-importance-of-easter HTTP/1.1" 200 8432 "-" "Mozilla/5.0 AppleWebKit/537.36 (KHTML, like Gecko; compatible; Amazonbot/0.1; +https://developer.amazon.com/support/amazonbot) Chrome/119.0.6045.214 Safari/537.36"
185.191.171.13 - - [09/Dec/2025:22:19:28 +0100] "GET /platby/hca/highest-paid-athletes-salary-only-2020 HTTP/1.1" 200 8177 "-" "Mozilla/5.0 (compatible; SemrushBot/7~bl; +http://www.semrush.com/bot.html)"
52.204.253.129 - - [09/Dec/2025:22:19:31 +0100] "GET /platby/72zbxoz/progressive-field-view-box HTTP/1.1" 200 13343 "-" "Mozilla/5.0 AppleWebKit/537.36 (KHTML, like Gecko; compatible; Amazonbot/0.1; +https://developer.amazon.com/support/amazonbot) Chrome/119.0.6045.214 Safari/537.36"
3.81.253.213 - - [09/Dec/2025:22:19:37 +0100] "GET /platby/72zbxoz/developmental-milestones-australia HTTP/1.1" 200 9277 "-" "Mozilla/5.0 AppleWebKit/537.36 (KHTML, like Gecko; compatible; Amazonbot/0.1; +https://developer.amazon.com/support/amazonbot) Chrome/119.0.6045.214 Safari/537.36"
54.235.125.129 - - [09/Dec/2025:22:19:38 +0100] "GET /platby/72zbxoz/wouldn't-it-be-nice-50-first-dates HTTP/1.1" 200 14397 "-" "Mozilla/5.0 AppleWebKit/537.36 (KHTML, like Gecko; compatible; Amazonbot/0.1; +https://developer.amazon.com/support/amazonbot) Chrome/119.0.6045.214 Safari/537.36"
23.20.178.124 - - [09/Dec/2025:22:19:43 +0100] "GET /platby/72zbxoz/crossover-health-services HTTP/1.1" 200 9963 "-" "Mozilla/5.0 AppleWebKit/537.36 (KHTML, like Gecko; compatible; Amazonbot/0.1; +https://developer.amazon.com/support/amazonbot) Chrome/119.0.6045.214 Safari/537.36"
52.45.92.83 - - [09/Dec/2025:22:19:50 +0100] "GET /platby/72zbxoz/all-saints-leather-jacket-mens-sale HTTP/1.1" 200 11814 "-" "Mozilla/5.0 AppleWebKit/537.36 (KHTML, like Gecko; compatible; Amazonbot/0.1; +https://developer.amazon.com/support/amazonbot) Chrome/119.0.6045.214 Safari/537.36"
107.20.25.33 - - [09/Dec/2025:22:19:52 +0100] "GET /platby/72zbxoz/hassan-johnson-paid-in-full HTTP/1.1" 200 8097 "-" "Mozilla/5.0 AppleWebKit/537.36 (KHTML, like Gecko; compatible; Amazonbot/0.1; +https://developer.amazon.com/support/amazonbot) Chrome/119.0.6045.214 Safari/537.36"
164.92.157.18 - - [09/Dec/2025:22:19:52 +0100] "GET /ab2g HTTP/1.1" 404 178 "-" "Mozilla/5.0 zgrab/0.x"
164.92.157.18 - - [09/Dec/2025:22:19:52 +0100] "GET /ab2h HTTP/1.1" 404 177 "-" "Mozilla/5.0 zgrab/0.x"
164.92.157.18 - - [09/Dec/2025:22:19:52 +0100] "GET /" 400 468 "-" "-"
164.92.157.18 - - [09/Dec/2025:22:19:53 +0100] "GET / HTTP/1.1" 200 2492 "-" "Mozilla/5.0 (Windows NT 10.0; Win64; x64) AppleWebKit/537.36 (KHTML, like Gecko) Chrome/108.0.0.0 Safari/537.36"
164.92.157.18 - - [09/Dec/2025:22:19:53 +0100] "GET /" 400 468 "-" "-"
164.92.157.18 - - [09/Dec/2025:22:19:53 +0100] "GET /download/powershell/ HTTP/1.1" 404 188 "-" "Mozilla/5.0 (Windows NT 6.1; WOW64; Trident/7.0; rv:11.0) like Gecko"
164.92.157.18 - - [09/Dec/2025:22:19:53 +0100] "GET /" 400 468 "-" "-"
18.206.47.187 - - [09/Dec/2025:22:19:56 +0100] "GET /platby/72zbxoz/loyalty-quotes-goodreads HTTP/1.1" 200 8629 "-" "Mozilla/5.0 AppleWebKit/537.36 (KHTML, like Gecko; compatible; Amazonbot/0.1; +https://developer.amazon.com/support/amazonbot) Chrome/119.0.6045.214 Safari/537.36"
85.208.96.205 - - [09/Dec/2025:22:19:59 +0100] "GET /platby/qqap/knotless-individual-braids HTTP/1.1" 200 13532 "-" "Mozilla/5.0 (compatible; SemrushBot/7~bl; +http://www.semrush.com/bot.html)"
44.223.115.10 - - [09/Dec/2025:22:19:59 +0100] "GET /platby/72zbxoz/demaryius-thomas-college HTTP/1.1" 200 11892 "-" "Mozilla/5.0 AppleWebKit/537.36 (KHTML, like Gecko; compatible; Amazonbot/0.1; +https://developer.amazon.com/support/amazonbot) Chrome/119.0.6045.214 Safari/537.36"
85.208.96.195 - - [09/Dec/2025:22:20:00 +0100] "GET /platby/hca/unknown-potential-synonym HTTP/1.1" 200 6291 "-" "Mozilla/5.0 (compatible; SemrushBot/7~bl; +http://www.semrush.com/bot.html)"
3.213.85.234 - - [09/Dec/2025:22:20:03 +0100] "GET /platby/72zbxoz/jaylen-clark-arkansas HTTP/1.1" 200 7218 "-" "Mozilla/5.0 AppleWebKit/537.36 (KHTML, like Gecko; compatible; Amazonbot/0.1; +https://developer.amazon.com/support/amazonbot) Chrome/119.0.6045.214 Safari/537.36"
185.191.171.1 - - [09/Dec/2025:22:20:15 +0100] "GET /platby/hca/village-elementary-school-principal HTTP/1.1" 200 7147 "-" "Mozilla/5.0 (compatible; SemrushBot/7~bl; +http://www.semrush.com/bot.html)"
185.191.171.2 - - [09/Dec/2025:22:20:39 +0100] "GET /platby/uwoy9/jordan-siebatcheu-injury HTTP/1.1" 200 10177 "-" "Mozilla/5.0 (compatible; SemrushBot/7~bl; +http://www.semrush.com/bot.html)"
20.65.193.34 - - [09/Dec/2025:22:20:46 +0100] "\x16\x03\x01" 403 265 "-" "-"
185.191.171.15 - - [09/Dec/2025:22:21:06 +0100] "GET /platby/72zbxoz/federal-judicial-center-jobs HTTP/1.1" 200 14719 "-" "Mozilla/5.0 (compatible; SemrushBot/7~bl; +http://www.semrush.com/bot.html)"
