114.119.139.66 - - [11/Dec/2025:14:24:21 +0100] "GET /platby/article.php?5d4c26=jonestown-the-life-and-death-of-peoples-temple-imdb HTTP/1.1" 200 6154 "http://ispc.klape.eu/platby/article.php?5d4c26=masjid-al-haram-meaning" "Mozilla/5.0 (Linux; Android 7.0;) AppleWebKit/537.36 (KHTML, like Gecko) Mobile Safari/537.36 (compatible; PetalBot;+https://webmaster.petalsearch.com/site/petalbot)"
114.119.130.237 - - [11/Dec/2025:14:24:32 +0100] "GET /platby/article.php?5d4c26=paladins-redeem-code-generator HTTP/1.1" 200 6797 "http://ispc.klape.eu/platby/article.php?5d4c26=kovacic-goals-for-chelsea" "Mozilla/5.0 (Linux; Android 7.0;) AppleWebKit/537.36 (KHTML, like Gecko) Mobile Safari/537.36 (compatible; PetalBot;+https://webmaster.petalsearch.com/site/petalbot)"
216.244.66.239 - - [11/Dec/2025:14:24:45 +0100] "GET /platby/article.php?5d4c26=Hope-Movie-2018 HTTP/1.1" 200 16050 "-" "Mozilla/5.0 (compatible; DotBot/1.2; +https://opensiteexplorer.org/dotbot; help@moz.com)"
216.244.66.239 - - [11/Dec/2025:14:24:50 +0100] "GET /platby/article.php?5d4c26=The-Sims-5 HTTP/1.1" 200 20166 "-" "Mozilla/5.0 (compatible; DotBot/1.2; +https://opensiteexplorer.org/dotbot; help@moz.com)"
216.244.66.239 - - [11/Dec/2025:14:24:54 +0100] "GET /platby/article.php?5d4c26=cafe-eagle-rock HTTP/1.1" 200 21930 "-" "Mozilla/5.0 (compatible; DotBot/1.2; +https://opensiteexplorer.org/dotbot; help@moz.com)"
216.244.66.239 - - [11/Dec/2025:14:24:58 +0100] "GET /platby/article.php?5d4c26=lg-oled-cx HTTP/1.1" 200 24290 "-" "Mozilla/5.0 (compatible; DotBot/1.2; +https://opensiteexplorer.org/dotbot; help@moz.com)"
216.244.66.239 - - [11/Dec/2025:14:25:01 +0100] "GET /platby/article.php?5d4c26=liu-xiaobo-education HTTP/1.1" 200 22529 "-" "Mozilla/5.0 (compatible; DotBot/1.2; +https://opensiteexplorer.org/dotbot; help@moz.com)"
216.244.66.239 - - [11/Dec/2025:14:25:04 +0100] "GET /platby/article.php?5d4c26=mario-sunshine-switch HTTP/1.1" 200 25232 "-" "Mozilla/5.0 (compatible; DotBot/1.2; +https://opensiteexplorer.org/dotbot; help@moz.com)"
216.244.66.239 - - [11/Dec/2025:14:25:06 +0100] "GET /platby/article.php?5d4c26=pokemon-go-datamine HTTP/1.1" 200 24302 "-" "Mozilla/5.0 (compatible; DotBot/1.2; +https://opensiteexplorer.org/dotbot; help@moz.com)"
216.244.66.239 - - [11/Dec/2025:14:25:08 +0100] "GET /platby/article.php?5d4c26=white-day-mermaid HTTP/1.1" 200 19054 "-" "Mozilla/5.0 (compatible; DotBot/1.2; +https://opensiteexplorer.org/dotbot; help@moz.com)"
216.244.66.239 - - [11/Dec/2025:14:25:10 +0100] "GET /platby/article.php?5d4c26=20%2F20-abc-hosts HTTP/1.1" 200 21330 "-" "Mozilla/5.0 (compatible; DotBot/1.2; +https://opensiteexplorer.org/dotbot; help@moz.com)"
216.244.66.239 - - [11/Dec/2025:14:25:12 +0100] "GET /platby/article.php?5d4c26=5-piece-sectional-sofas HTTP/1.1" 200 22456 "-" "Mozilla/5.0 (compatible; DotBot/1.2; +https://opensiteexplorer.org/dotbot; help@moz.com)"
216.244.66.239 - - [11/Dec/2025:14:25:13 +0100] "GET /platby/article.php?5d4c26=Hexagon-Shape-pattern HTTP/1.1" 200 18640 "-" "Mozilla/5.0 (compatible; DotBot/1.2; +https://opensiteexplorer.org/dotbot; help@moz.com)"
216.244.66.239 - - [11/Dec/2025:14:25:16 +0100] "GET /platby/article.php?5d4c26=Next-icon-png HTTP/1.1" 200 19649 "-" "Mozilla/5.0 (compatible; DotBot/1.2; +https://opensiteexplorer.org/dotbot; help@moz.com)"
216.244.66.239 - - [11/Dec/2025:14:25:17 +0100] "GET /platby/article.php?5d4c26=Pioneer-4-country HTTP/1.1" 200 17079 "-" "Mozilla/5.0 (compatible; DotBot/1.2; +https://opensiteexplorer.org/dotbot; help@moz.com)"
216.244.66.239 - - [11/Dec/2025:14:25:18 +0100] "GET /platby/article.php?5d4c26=Service-Corporation-International HTTP/1.1" 200 17662 "-" "Mozilla/5.0 (compatible; DotBot/1.2; +https://opensiteexplorer.org/dotbot; help@moz.com)"
216.244.66.239 - - [11/Dec/2025:14:25:19 +0100] "GET /platby/article.php?5d4c26=Walmart-Grocery-Pickup HTTP/1.1" 200 16644 "-" "Mozilla/5.0 (compatible; DotBot/1.2; +https://opensiteexplorer.org/dotbot; help@moz.com)"
216.244.66.239 - - [11/Dec/2025:14:25:21 +0100] "GET /platby/article.php?5d4c26=boy-hit-by-train-2019 HTTP/1.1" 200 15856 "-" "Mozilla/5.0 (compatible; DotBot/1.2; +https://opensiteexplorer.org/dotbot; help@moz.com)"
216.244.66.239 - - [11/Dec/2025:14:25:24 +0100] "GET /platby/article.php?5d4c26=capitol-hill-washington-state HTTP/1.1" 200 19165 "-" "Mozilla/5.0 (compatible; DotBot/1.2; +https://opensiteexplorer.org/dotbot; help@moz.com)"
216.244.66.239 - - [11/Dec/2025:14:25:26 +0100] "GET /platby/article.php?5d4c26=disney-wiki-2021 HTTP/1.1" 200 14708 "-" "Mozilla/5.0 (compatible; DotBot/1.2; +https://opensiteexplorer.org/dotbot; help@moz.com)"
216.244.66.239 - - [11/Dec/2025:14:25:28 +0100] "GET /platby/article.php?5d4c26=fixer-upper-season-2-episode-2 HTTP/1.1" 200 15675 "-" "Mozilla/5.0 (compatible; DotBot/1.2; +https://opensiteexplorer.org/dotbot; help@moz.com)"
216.244.66.239 - - [11/Dec/2025:14:25:30 +0100] "GET /platby/article.php?5d4c26=foodborne-illness-outbreak-2019 HTTP/1.1" 200 23875 "-" "Mozilla/5.0 (compatible; DotBot/1.2; +https://opensiteexplorer.org/dotbot; help@moz.com)"
216.244.66.239 - - [11/Dec/2025:14:25:31 +0100] "GET /platby/article.php?5d4c26=fox-news-san-diego HTTP/1.1" 200 18122 "-" "Mozilla/5.0 (compatible; DotBot/1.2; +https://opensiteexplorer.org/dotbot; help@moz.com)"
216.244.66.239 - - [11/Dec/2025:14:25:33 +0100] "GET /platby/article.php?5d4c26=glenn-murray-wife HTTP/1.1" 200 22657 "-" "Mozilla/5.0 (compatible; DotBot/1.2; +https://opensiteexplorer.org/dotbot; help@moz.com)"
216.244.66.239 - - [11/Dec/2025:14:25:34 +0100] "GET /platby/article.php?5d4c26=how-to-build-a-good-theme-park HTTP/1.1" 200 22338 "-" "Mozilla/5.0 (compatible; DotBot/1.2; +https://opensiteexplorer.org/dotbot; help@moz.com)"
216.244.66.239 - - [11/Dec/2025:14:25:35 +0100] "GET /platby/article.php?5d4c26=kst-korean-channel HTTP/1.1" 200 20653 "-" "Mozilla/5.0 (compatible; DotBot/1.2; +https://opensiteexplorer.org/dotbot; help@moz.com)"
216.244.66.239 - - [11/Dec/2025:14:25:36 +0100] "GET /platby/article.php?5d4c26=lake-washington-tsunami HTTP/1.1" 200 18180 "-" "Mozilla/5.0 (compatible; DotBot/1.2; +https://opensiteexplorer.org/dotbot; help@moz.com)"
216.244.66.239 - - [11/Dec/2025:14:25:38 +0100] "GET /platby/article.php?5d4c26=oakland-a%27s-schedule HTTP/1.1" 200 22155 "-" "Mozilla/5.0 (compatible; DotBot/1.2; +https://opensiteexplorer.org/dotbot; help@moz.com)"
216.244.66.239 - - [11/Dec/2025:14:25:39 +0100] "GET /platby/article.php?5d4c26=robbie-farah-stats HTTP/1.1" 200 22961 "-" "Mozilla/5.0 (compatible; DotBot/1.2; +https://opensiteexplorer.org/dotbot; help@moz.com)"
216.244.66.239 - - [11/Dec/2025:14:25:42 +0100] "GET /platby/article.php?5d4c26=slang-for-moon HTTP/1.1" 200 22617 "-" "Mozilla/5.0 (compatible; DotBot/1.2; +https://opensiteexplorer.org/dotbot; help@moz.com)"
216.244.66.239 - - [11/Dec/2025:14:25:44 +0100] "GET /platby/article.php?5d4c26=space-by-country HTTP/1.1" 200 25218 "-" "Mozilla/5.0 (compatible; DotBot/1.2; +https://opensiteexplorer.org/dotbot; help@moz.com)"
216.244.66.239 - - [11/Dec/2025:14:25:45 +0100] "GET /platby/article.php?5d4c26=starbound-avali-food HTTP/1.1" 200 20017 "-" "Mozilla/5.0 (compatible; DotBot/1.2; +https://opensiteexplorer.org/dotbot; help@moz.com)"
216.244.66.239 - - [11/Dec/2025:14:25:47 +0100] "GET /platby/article.php?5d4c26=to-fast-meaning HTTP/1.1" 200 21912 "-" "Mozilla/5.0 (compatible; DotBot/1.2; +https://opensiteexplorer.org/dotbot; help@moz.com)"
114.119.129.163 - - [11/Dec/2025:14:25:47 +0100] "GET /platby/article.php?5d4c26=could-swissair-111-have-landed HTTP/1.1" 200 5836 "http://ispc.klape.eu/platby/article.php?5d4c26=teenage-fantasy-acoustic" "Mozilla/5.0 (Linux; Android 7.0;) AppleWebKit/537.36 (KHTML, like Gecko) Mobile Safari/537.36 (compatible; PetalBot;+https://webmaster.petalsearch.com/site/petalbot)"
216.244.66.239 - - [11/Dec/2025:14:25:48 +0100] "GET /platby/article.php?5d4c26=town-hall-history HTTP/1.1" 200 20101 "-" "Mozilla/5.0 (compatible; DotBot/1.2; +https://opensiteexplorer.org/dotbot; help@moz.com)"
216.244.66.239 - - [11/Dec/2025:14:25:49 +0100] "GET /platby/article.php?5d4c26=vajrasana-time-limit HTTP/1.1" 200 21393 "-" "Mozilla/5.0 (compatible; DotBot/1.2; +https://opensiteexplorer.org/dotbot; help@moz.com)"
216.244.66.239 - - [11/Dec/2025:14:25:51 +0100] "GET /platby/article.php?5d4c26=Hulk-vs-Superman HTTP/1.1" 200 21789 "-" "Mozilla/5.0 (compatible; DotBot/1.2; +https://opensiteexplorer.org/dotbot; help@moz.com)"
216.244.66.239 - - [11/Dec/2025:14:25:52 +0100] "GET /platby/article.php?5d4c26=Snakes-and-Ladders-Fortnite-code HTTP/1.1" 200 18038 "-" "Mozilla/5.0 (compatible; DotBot/1.2; +https://opensiteexplorer.org/dotbot; help@moz.com)"
216.244.66.239 - - [11/Dec/2025:14:25:53 +0100] "GET /platby/article.php?5d4c26=Turkish-green-salad HTTP/1.1" 200 16855 "-" "Mozilla/5.0 (compatible; DotBot/1.2; +https://opensiteexplorer.org/dotbot; help@moz.com)"
216.244.66.239 - - [11/Dec/2025:14:25:55 +0100] "GET /platby/article.php?5d4c26=adidas-trimm-star-blue HTTP/1.1" 200 20484 "-" "Mozilla/5.0 (compatible; DotBot/1.2; +https://opensiteexplorer.org/dotbot; help@moz.com)"
216.244.66.239 - - [11/Dec/2025:14:25:56 +0100] "GET /platby/article.php?5d4c26=august-and-everything-after HTTP/1.1" 200 16963 "-" "Mozilla/5.0 (compatible; DotBot/1.2; +https://opensiteexplorer.org/dotbot; help@moz.com)"
216.244.66.239 - - [11/Dec/2025:14:25:57 +0100] "GET /platby/article.php?5d4c26=best-psvr-shooters-2020 HTTP/1.1" 200 23422 "-" "Mozilla/5.0 (compatible; DotBot/1.2; +https://opensiteexplorer.org/dotbot; help@moz.com)"
216.244.66.239 - - [11/Dec/2025:14:26:00 +0100] "GET /platby/article.php?5d4c26=boston-uprising-merch HTTP/1.1" 200 22930 "-" "Mozilla/5.0 (compatible; DotBot/1.2; +https://opensiteexplorer.org/dotbot; help@moz.com)"
216.244.66.239 - - [11/Dec/2025:14:26:02 +0100] "GET /platby/article.php?5d4c26=boy-dies-on-valentines-day HTTP/1.1" 200 16890 "-" "Mozilla/5.0 (compatible; DotBot/1.2; +https://opensiteexplorer.org/dotbot; help@moz.com)"
216.244.66.239 - - [11/Dec/2025:14:26:04 +0100] "GET /platby/article.php?5d4c26=buffalo-animal-in-telugu HTTP/1.1" 200 21730 "-" "Mozilla/5.0 (compatible; DotBot/1.2; +https://opensiteexplorer.org/dotbot; help@moz.com)"
216.244.66.239 - - [11/Dec/2025:14:26:07 +0100] "GET /platby/article.php?5d4c26=casual-background-music HTTP/1.1" 200 19461 "-" "Mozilla/5.0 (compatible; DotBot/1.2; +https://opensiteexplorer.org/dotbot; help@moz.com)"
216.244.66.239 - - [11/Dec/2025:14:26:09 +0100] "GET /platby/article.php?5d4c26=comme-ci-comme-%C3%A7a-lyrics-french HTTP/1.1" 200 18499 "-" "Mozilla/5.0 (compatible; DotBot/1.2; +https://opensiteexplorer.org/dotbot; help@moz.com)"
216.244.66.239 - - [11/Dec/2025:14:26:11 +0100] "GET /platby/article.php?5d4c26=cross-tri-wanaka-2020 HTTP/1.1" 200 15153 "-" "Mozilla/5.0 (compatible; DotBot/1.2; +https://opensiteexplorer.org/dotbot; help@moz.com)"
216.244.66.239 - - [11/Dec/2025:14:26:13 +0100] "GET /platby/article.php?5d4c26=crown-him-lord-of-all-lyrics-and-chords HTTP/1.1" 200 14487 "-" "Mozilla/5.0 (compatible; DotBot/1.2; +https://opensiteexplorer.org/dotbot; help@moz.com)"
216.244.66.239 - - [11/Dec/2025:14:26:14 +0100] "GET /platby/article.php?5d4c26=directed-line-segment-calculator HTTP/1.1" 200 19844 "-" "Mozilla/5.0 (compatible; DotBot/1.2; +https://opensiteexplorer.org/dotbot; help@moz.com)"
216.244.66.239 - - [11/Dec/2025:14:26:18 +0100] "GET /platby/article.php?5d4c26=does-lucius-fox-know-who-batman-is HTTP/1.1" 200 15573 "-" "Mozilla/5.0 (compatible; DotBot/1.2; +https://opensiteexplorer.org/dotbot; help@moz.com)"
216.244.66.239 - - [11/Dec/2025:14:26:20 +0100] "GET /platby/article.php?5d4c26=ewr-to-san-united HTTP/1.1" 200 23340 "-" "Mozilla/5.0 (compatible; DotBot/1.2; +https://opensiteexplorer.org/dotbot; help@moz.com)"
216.244.66.239 - - [11/Dec/2025:14:26:22 +0100] "GET /platby/article.php?5d4c26=fifteen-cornwall-dress-code HTTP/1.1" 200 17473 "-" "Mozilla/5.0 (compatible; DotBot/1.2; +https://opensiteexplorer.org/dotbot; help@moz.com)"
216.244.66.239 - - [11/Dec/2025:14:26:23 +0100] "GET /platby/article.php?5d4c26=games-like-ai-dungeon HTTP/1.1" 200 20421 "-" "Mozilla/5.0 (compatible; DotBot/1.2; +https://opensiteexplorer.org/dotbot; help@moz.com)"
216.244.66.239 - - [11/Dec/2025:14:26:25 +0100] "GET /platby/article.php?5d4c26=golden-sun-transfer-data HTTP/1.1" 200 21389 "-" "Mozilla/5.0 (compatible; DotBot/1.2; +https://opensiteexplorer.org/dotbot; help@moz.com)"
216.244.66.239 - - [11/Dec/2025:14:26:26 +0100] "GET /platby/article.php?5d4c26=gujarati-calendar-2014-october HTTP/1.1" 200 16084 "-" "Mozilla/5.0 (compatible; DotBot/1.2; +https://opensiteexplorer.org/dotbot; help@moz.com)"
216.244.66.239 - - [11/Dec/2025:14:26:28 +0100] "GET /platby/article.php?5d4c26=isha-koppikar-movies HTTP/1.1" 200 16060 "-" "Mozilla/5.0 (compatible; DotBot/1.2; +https://opensiteexplorer.org/dotbot; help@moz.com)"
216.244.66.239 - - [11/Dec/2025:14:26:29 +0100] "GET /platby/article.php?5d4c26=joan-higginbotham-husband HTTP/1.1" 200 21531 "-" "Mozilla/5.0 (compatible; DotBot/1.2; +https://opensiteexplorer.org/dotbot; help@moz.com)"
216.244.66.239 - - [11/Dec/2025:14:26:30 +0100] "GET /platby/article.php?5d4c26=jobs-in-accra-airport HTTP/1.1" 200 19227 "-" "Mozilla/5.0 (compatible; DotBot/1.2; +https://opensiteexplorer.org/dotbot; help@moz.com)"
216.244.66.239 - - [11/Dec/2025:14:26:33 +0100] "GET /platby/article.php?5d4c26=larry-cohen-howard-county HTTP/1.1" 200 14766 "-" "Mozilla/5.0 (compatible; DotBot/1.2; +https://opensiteexplorer.org/dotbot; help@moz.com)"
216.244.66.239 - - [11/Dec/2025:14:26:36 +0100] "GET /platby/article.php?5d4c26=montgomery-biscuits-score HTTP/1.1" 200 19590 "-" "Mozilla/5.0 (compatible; DotBot/1.2; +https://opensiteexplorer.org/dotbot; help@moz.com)"
216.244.66.239 - - [11/Dec/2025:14:26:40 +0100] "GET /platby/article.php?5d4c26=movies-filmed-in-virginia HTTP/1.1" 200 16827 "-" "Mozilla/5.0 (compatible; DotBot/1.2; +https://opensiteexplorer.org/dotbot; help@moz.com)"
216.244.66.239 - - [11/Dec/2025:14:26:42 +0100] "GET /platby/article.php?5d4c26=mt-norikura-snow-wall HTTP/1.1" 200 18125 "-" "Mozilla/5.0 (compatible; DotBot/1.2; +https://opensiteexplorer.org/dotbot; help@moz.com)"
216.244.66.239 - - [11/Dec/2025:14:26:46 +0100] "GET /platby/article.php?5d4c26=occidental-petroleum-warren-buffett HTTP/1.1" 200 14697 "-" "Mozilla/5.0 (compatible; DotBot/1.2; +https://opensiteexplorer.org/dotbot; help@moz.com)"
216.244.66.239 - - [11/Dec/2025:14:26:48 +0100] "GET /platby/article.php?5d4c26=orange-circle-png-transparent HTTP/1.1" 200 21122 "-" "Mozilla/5.0 (compatible; DotBot/1.2; +https://opensiteexplorer.org/dotbot; help@moz.com)"
216.244.66.239 - - [11/Dec/2025:14:26:51 +0100] "GET /platby/article.php?5d4c26=skarloey-railway-sheds HTTP/1.1" 200 20960 "-" "Mozilla/5.0 (compatible; DotBot/1.2; +https://opensiteexplorer.org/dotbot; help@moz.com)"
216.244.66.239 - - [11/Dec/2025:14:26:52 +0100] "GET /platby/article.php?5d4c26=space-and-rocket-center-biergarten HTTP/1.1" 200 17885 "-" "Mozilla/5.0 (compatible; DotBot/1.2; +https://opensiteexplorer.org/dotbot; help@moz.com)"
216.244.66.239 - - [11/Dec/2025:14:26:54 +0100] "GET /platby/article.php?5d4c26=trading-standards-institute HTTP/1.1" 200 23562 "-" "Mozilla/5.0 (compatible; DotBot/1.2; +https://opensiteexplorer.org/dotbot; help@moz.com)"
216.244.66.239 - - [11/Dec/2025:14:26:56 +0100] "GET /platby/article.php?5d4c26=vitamin-b12-foods-for-vegetarians HTTP/1.1" 200 17068 "-" "Mozilla/5.0 (compatible; DotBot/1.2; +https://opensiteexplorer.org/dotbot; help@moz.com)"
216.244.66.239 - - [11/Dec/2025:14:26:58 +0100] "GET /platby/article.php?5d4c26=yuto-nagatomo-fifa-20 HTTP/1.1" 200 17062 "-" "Mozilla/5.0 (compatible; DotBot/1.2; +https://opensiteexplorer.org/dotbot; help@moz.com)"
216.244.66.239 - - [11/Dec/2025:14:26:59 +0100] "GET /platby/article.php?5d4c26=3-scoops-of-ice-cream-is-how-many-cups HTTP/1.1" 200 23387 "-" "Mozilla/5.0 (compatible; DotBot/1.2; +https://opensiteexplorer.org/dotbot; help@moz.com)"
216.244.66.239 - - [11/Dec/2025:14:27:01 +0100] "GET /platby/article.php?5d4c26=Ch%C3%A2teau-de-Spesbourg HTTP/1.1" 200 20072 "-" "Mozilla/5.0 (compatible; DotBot/1.2; +https://opensiteexplorer.org/dotbot; help@moz.com)"
216.244.66.239 - - [11/Dec/2025:14:27:02 +0100] "GET /platby/article.php?5d4c26=attack-and-defense-games HTTP/1.1" 200 22955 "-" "Mozilla/5.0 (compatible; DotBot/1.2; +https://opensiteexplorer.org/dotbot; help@moz.com)"
216.244.66.239 - - [11/Dec/2025:14:27:04 +0100] "GET /platby/article.php?5d4c26=chicken-girls-%7C-season-1-episode-7 HTTP/1.1" 200 19816 "-" "Mozilla/5.0 (compatible; DotBot/1.2; +https://opensiteexplorer.org/dotbot; help@moz.com)"
216.244.66.239 - - [11/Dec/2025:14:27:05 +0100] "GET /platby/article.php?5d4c26=christmas-decorations-diy HTTP/1.1" 200 21080 "-" "Mozilla/5.0 (compatible; DotBot/1.2; +https://opensiteexplorer.org/dotbot; help@moz.com)"
216.244.66.239 - - [11/Dec/2025:14:27:07 +0100] "GET /platby/article.php?5d4c26=city-hunter---suddenly HTTP/1.1" 200 16856 "-" "Mozilla/5.0 (compatible; DotBot/1.2; +https://opensiteexplorer.org/dotbot; help@moz.com)"
216.244.66.239 - - [11/Dec/2025:14:27:10 +0100] "GET /platby/article.php?5d4c26=etrian-odyssey-3-gamefaqs HTTP/1.1" 200 22189 "-" "Mozilla/5.0 (compatible; DotBot/1.2; +https://opensiteexplorer.org/dotbot; help@moz.com)"
114.119.149.2 - - [11/Dec/2025:14:27:11 +0100] "GET /platby/article.php?5d4c26=Unpopular-clothing-brands HTTP/1.1" 200 6724 "http://ispc.klape.eu/platby/article.php?5d4c26=rubber-or-metal-ring-used-in-a-car-engine" "Mozilla/5.0 (Linux; Android 7.0;) AppleWebKit/537.36 (KHTML, like Gecko) Mobile Safari/537.36 (compatible; PetalBot;+https://webmaster.petalsearch.com/site/petalbot)"
216.244.66.239 - - [11/Dec/2025:14:27:16 +0100] "GET /platby/article.php?5d4c26=how-often-do-coronal-mass-ejections-occur HTTP/1.1" 200 15051 "-" "Mozilla/5.0 (compatible; DotBot/1.2; +https://opensiteexplorer.org/dotbot; help@moz.com)"
216.244.66.239 - - [11/Dec/2025:14:27:21 +0100] "GET /platby/article.php?5d4c26=i%27m-getting-ready-lyrics-michael-kiwanuka HTTP/1.1" 200 20405 "-" "Mozilla/5.0 (compatible; DotBot/1.2; +https://opensiteexplorer.org/dotbot; help@moz.com)"
216.244.66.239 - - [11/Dec/2025:14:27:25 +0100] "GET /platby/article.php?5d4c26=mama%27s-stitchery-projects-basic-ribbed-hat HTTP/1.1" 200 19012 "-" "Mozilla/5.0 (compatible; DotBot/1.2; +https://opensiteexplorer.org/dotbot; help@moz.com)"
216.244.66.239 - - [11/Dec/2025:14:27:29 +0100] "GET /platby/article.php?5d4c26=mouse-trap-game-meme HTTP/1.1" 200 17520 "-" "Mozilla/5.0 (compatible; DotBot/1.2; +https://opensiteexplorer.org/dotbot; help@moz.com)"
85.208.96.210 - - [11/Dec/2025:14:27:33 +0100] "\x16\x03\x01\x017\x01" 403 265 "-" "-"
216.244.66.239 - - [11/Dec/2025:14:27:33 +0100] "GET /platby/article.php?5d4c26=my-amazing-boyfriend-ending HTTP/1.1" 200 25123 "-" "Mozilla/5.0 (compatible; DotBot/1.2; +https://opensiteexplorer.org/dotbot; help@moz.com)"
85.208.96.210 - - [11/Dec/2025:14:27:35 +0100] "\x16\x03\x01\x017\x01" 403 265 "-" "-"
216.244.66.239 - - [11/Dec/2025:14:27:36 +0100] "GET /platby/article.php?5d4c26=my-bloody-valentine-loveless-vinyl-bootleg HTTP/1.1" 200 23549 "-" "Mozilla/5.0 (compatible; DotBot/1.2; +https://opensiteexplorer.org/dotbot; help@moz.com)"
204.76.203.206 - - [11/Dec/2025:14:27:37 +0100] "GET /" 400 468 "-" "-"
216.244.66.239 - - [11/Dec/2025:14:27:39 +0100] "GET /platby/article.php?5d4c26=negative-acceleration-vs-deceleration HTTP/1.1" 200 17948 "-" "Mozilla/5.0 (compatible; DotBot/1.2; +https://opensiteexplorer.org/dotbot; help@moz.com)"
216.244.66.239 - - [11/Dec/2025:14:27:41 +0100] "GET /platby/article.php?5d4c26=number-to-call-to-listen-to-music HTTP/1.1" 200 22355 "-" "Mozilla/5.0 (compatible; DotBot/1.2; +https://opensiteexplorer.org/dotbot; help@moz.com)"
216.244.66.239 - - [11/Dec/2025:14:27:44 +0100] "GET /platby/article.php?5d4c26=premium-economy-to-new-zealand HTTP/1.1" 200 22892 "-" "Mozilla/5.0 (compatible; DotBot/1.2; +https://opensiteexplorer.org/dotbot; help@moz.com)"
216.244.66.239 - - [11/Dec/2025:14:27:45 +0100] "GET /platby/article.php?5d4c26=progresso-soup-diet HTTP/1.1" 200 20871 "-" "Mozilla/5.0 (compatible; DotBot/1.2; +https://opensiteexplorer.org/dotbot; help@moz.com)"
216.244.66.239 - - [11/Dec/2025:14:27:48 +0100] "GET /platby/article.php?5d4c26=st-percy-brockhampton-sample HTTP/1.1" 200 17430 "-" "Mozilla/5.0 (compatible; DotBot/1.2; +https://opensiteexplorer.org/dotbot; help@moz.com)"
138.246.253.24 - - [11/Dec/2025:14:27:52 +0100] "\x16\x03\x01\x01\x17\x01" 403 265 "-" "-"
216.244.66.239 - - [11/Dec/2025:14:27:54 +0100] "GET /platby/article.php?5d4c26=throughout-most-of-its-history%2C-florida-has-been-what%3F HTTP/1.1" 200 18766 "-" "Mozilla/5.0 (compatible; DotBot/1.2; +https://opensiteexplorer.org/dotbot; help@moz.com)"
216.244.66.239 - - [11/Dec/2025:14:28:37 +0100] "GET /platby/article.php?5d4c26=top-20-highest-paid-footballers HTTP/1.1" 200 24164 "-" "Mozilla/5.0 (compatible; DotBot/1.2; +https://opensiteexplorer.org/dotbot; help@moz.com)"
217.31.192.34 - - [11/Dec/2025:14:29:00 +0100] "\x16\x03\x01\x01Z\x01" 403 265 "-" "-"
217.31.192.34 - - [11/Dec/2025:14:29:00 +0100] "\x16\x03\x01\x01^\x01" 403 265 "-" "-"
216.244.66.239 - - [11/Dec/2025:14:29:01 +0100] "GET /platby/article.php?5d4c26=types-of-gates-in-injection-moulding-pdf HTTP/1.1" 200 25864 "-" "Mozilla/5.0 (compatible; DotBot/1.2; +https://opensiteexplorer.org/dotbot; help@moz.com)"
114.119.149.2 - - [11/Dec/2025:14:29:04 +0100] "GET /platby/aohwuyx/what-are-10-examples-of-exclamatory-sentences HTTP/1.1" 200 9244 "http://ispc.klape.eu/platby/aohwuyx/little-girl,-little-girl-where-have-you-been-poem" "Mozilla/5.0 (Linux; Android 7.0;) AppleWebKit/537.36 (KHTML, like Gecko) Mobile Safari/537.36 (compatible; PetalBot;+https://webmaster.petalsearch.com/site/petalbot)"
216.244.66.239 - - [11/Dec/2025:14:29:12 +0100] "GET /platby/article.php?5d4c26=weather-in-hawaii-in-november HTTP/1.1" 200 22737 "-" "Mozilla/5.0 (compatible; DotBot/1.2; +https://opensiteexplorer.org/dotbot; help@moz.com)"
204.76.203.206 - - [11/Dec/2025:14:29:42 +0100] "GET / HTTP/1.1" 200 316 "-" "Mozilla/5.0 (Windows NT 10.0; Win64; x64) AppleWebKit/537.36 (KHTML, like Gecko) Chrome/90.0.4430.85 Safari/537.36 Edg/90.0.818.46"
216.244.66.239 - - [11/Dec/2025:14:29:46 +0100] "GET /platby/article.php?5d4c26=weather-pretoria-tomorrow HTTP/1.1" 200 13878 "-" "Mozilla/5.0 (compatible; DotBot/1.2; +https://opensiteexplorer.org/dotbot; help@moz.com)"
44.213.202.136 - - [11/Dec/2025:14:29:51 +0100] "GET /platby/72zbxoz/stephen-colbert-net-worth-2021 HTTP/1.1" 200 11391 "-" "Mozilla/5.0 AppleWebKit/537.36 (KHTML, like Gecko; compatible; Amazonbot/0.1; +https://developer.amazon.com/support/amazonbot) Chrome/119.0.6045.214 Safari/537.36"
44.212.145.46 - - [11/Dec/2025:14:29:56 +0100] "GET /platby/qqap/top-20-most-expensive-jewelry-brands HTTP/1.1" 200 14146 "-" "Mozilla/5.0 AppleWebKit/537.36 (KHTML, like Gecko; compatible; Amazonbot/0.1; +https://developer.amazon.com/support/amazonbot) Chrome/119.0.6045.214 Safari/537.36"
52.200.54.136 - - [11/Dec/2025:14:30:01 +0100] "GET /platby/72zbxoz/saturday-night-and-sunday-morning-themes HTTP/1.1" 200 13092 "-" "Mozilla/5.0 AppleWebKit/537.36 (KHTML, like Gecko; compatible; Amazonbot/0.1; +https://developer.amazon.com/support/amazonbot) Chrome/119.0.6045.214 Safari/537.36"
114.119.139.112 - - [11/Dec/2025:14:30:02 +0100] "GET /platby/aohwuyx/is-tim-bagley-related-to-ed-bagley HTTP/1.1" 200 10778 "http://ispc.klape.eu/platby/aohwuyx/cheap-%24600-apartments-for-rent-broward-county%2C-florida" "Mozilla/5.0 (Linux; Android 7.0;) AppleWebKit/537.36 (KHTML, like Gecko) Mobile Safari/537.36 (compatible; PetalBot;+https://webmaster.petalsearch.com/site/petalbot)"
3.216.13.10 - - [11/Dec/2025:14:30:03 +0100] "GET /platby/72zbxoz/space-industry-association HTTP/1.1" 200 13549 "-" "Mozilla/5.0 AppleWebKit/537.36 (KHTML, like Gecko; compatible; Amazonbot/0.1; +https://developer.amazon.com/support/amazonbot) Chrome/119.0.6045.214 Safari/537.36"
34.231.181.240 - - [11/Dec/2025:14:30:09 +0100] "GET /platby/72zbxoz/student-accommodation-oxford-brookes HTTP/1.1" 200 13492 "-" "Mozilla/5.0 AppleWebKit/537.36 (KHTML, like Gecko; compatible; Amazonbot/0.1; +https://developer.amazon.com/support/amazonbot) Chrome/119.0.6045.214 Safari/537.36"
44.221.37.41 - - [11/Dec/2025:14:30:10 +0100] "GET /platby/qqap/western-michigan-university HTTP/1.1" 200 7654 "-" "Mozilla/5.0 AppleWebKit/537.36 (KHTML, like Gecko; compatible; Amazonbot/0.1; +https://developer.amazon.com/support/amazonbot) Chrome/119.0.6045.214 Safari/537.36"
193.203.164.122 - - [11/Dec/2025:14:30:10 +0100] "\x16\x03\x01\x02" 403 265 "-" "-"
18.213.70.100 - - [11/Dec/2025:14:30:15 +0100] "GET /platby/72zbxoz/phoenix-union-high-school-district HTTP/1.1" 200 12579 "-" "Mozilla/5.0 AppleWebKit/537.36 (KHTML, like Gecko; compatible; Amazonbot/0.1; +https://developer.amazon.com/support/amazonbot) Chrome/119.0.6045.214 Safari/537.36"
216.244.66.239 - - [11/Dec/2025:14:30:17 +0100] "GET /platby/article.php?5d4c26=draw-the-structure-of-the-earth HTTP/1.1" 200 19602 "-" "Mozilla/5.0 (compatible; DotBot/1.2; +https://opensiteexplorer.org/dotbot; help@moz.com)"
23.21.179.27 - - [11/Dec/2025:14:30:18 +0100] "GET /platby/72zbxoz/10-most-common-pull-up-mistakes HTTP/1.1" 200 13887 "-" "Mozilla/5.0 AppleWebKit/537.36 (KHTML, like Gecko; compatible; Amazonbot/0.1; +https://developer.amazon.com/support/amazonbot) Chrome/119.0.6045.214 Safari/537.36"
23.21.148.226 - - [11/Dec/2025:14:30:23 +0100] "GET /platby/72zbxoz/intercultural-development-continuum HTTP/1.1" 200 9066 "-" "Mozilla/5.0 AppleWebKit/537.36 (KHTML, like Gecko; compatible; Amazonbot/0.1; +https://developer.amazon.com/support/amazonbot) Chrome/119.0.6045.214 Safari/537.36"
66.249.79.203 - - [11/Dec/2025:14:30:54 +0100] "\x16\x03\x01\x02" 403 265 "-" "-"
3.222.85.38 - - [11/Dec/2025:14:30:55 +0100] "GET /platby/72zbxoz/how-did-justin-robinson's-brother-jordan-die HTTP/1.1" 200 13676 "-" "Mozilla/5.0 AppleWebKit/537.36 (KHTML, like Gecko; compatible; Amazonbot/0.1; +https://developer.amazon.com/support/amazonbot) Chrome/119.0.6045.214 Safari/537.36"
23.21.175.228 - - [11/Dec/2025:14:30:56 +0100] "GET /platby/72zbxoz/patriots-quarterback-before-brady HTTP/1.1" 200 7705 "-" "Mozilla/5.0 AppleWebKit/537.36 (KHTML, like Gecko; compatible; Amazonbot/0.1; +https://developer.amazon.com/support/amazonbot) Chrome/119.0.6045.214 Safari/537.36"
216.244.66.239 - - [11/Dec/2025:14:30:59 +0100] "GET /platby/article.php?5d4c26=rammstein---deutschland-review HTTP/1.1" 200 20366 "-" "Mozilla/5.0 (compatible; DotBot/1.2; +https://opensiteexplorer.org/dotbot; help@moz.com)"
114.119.139.66 - - [11/Dec/2025:14:31:31 +0100] "GET /platby/article.php?5d4c26=fnatic-franky-real-name HTTP/1.1" 200 7258 "http://ispc.klape.eu/platby/article.php?5d4c26=devon-sawa-movies" "Mozilla/5.0 (Linux; Android 7.0;) AppleWebKit/537.36 (KHTML, like Gecko) Mobile Safari/537.36 (compatible; PetalBot;+https://webmaster.petalsearch.com/site/petalbot)"
216.244.66.239 - - [11/Dec/2025:14:31:32 +0100] "GET /platby/article.php?5d4c26=whether-you%27re-somebody-that-makes-something-whether-you%27re-somebody-that-makes-tom-kerridge HTTP/1.1" 200 24807 "-" "Mozilla/5.0 (compatible; DotBot/1.2; +https://opensiteexplorer.org/dotbot; help@moz.com)"
216.244.66.239 - - [11/Dec/2025:14:32:05 +0100] "GET /platby/aohwuyx/affordable-engagement-rings-singapore HTTP/1.1" 200 49559 "-" "Mozilla/5.0 (compatible; DotBot/1.2; +https://opensiteexplorer.org/dotbot; help@moz.com)"
216.244.66.239 - - [11/Dec/2025:14:32:34 +0100] "GET /platby/aohwuyx/confluence-step-by-step-template HTTP/1.1" 200 34871 "-" "Mozilla/5.0 (compatible; DotBot/1.2; +https://opensiteexplorer.org/dotbot; help@moz.com)"
114.119.139.66 - - [11/Dec/2025:14:32:46 +0100] "GET /platby/article.php?5d4c26=action-chugger-toy HTTP/1.1" 200 6843 "http://ispc.klape.eu/platby/article.php?5d4c26=montane-prismatic-jacket" "Mozilla/5.0 (Linux; Android 7.0;) AppleWebKit/537.36 (KHTML, like Gecko) Mobile Safari/537.36 (compatible; PetalBot;+https://webmaster.petalsearch.com/site/petalbot)"
216.244.66.239 - - [11/Dec/2025:14:33:01 +0100] "GET /platby/aohwuyx/german-gymnasium-school HTTP/1.1" 200 44071 "-" "Mozilla/5.0 (compatible; DotBot/1.2; +https://opensiteexplorer.org/dotbot; help@moz.com)"
216.244.66.239 - - [11/Dec/2025:14:33:28 +0100] "GET /platby/aohwuyx/jubilantly-make-sentence HTTP/1.1" 200 35375 "-" "Mozilla/5.0 (compatible; DotBot/1.2; +https://opensiteexplorer.org/dotbot; help@moz.com)"
216.244.66.239 - - [11/Dec/2025:14:33:54 +0100] "GET /platby/uwoy9/fashion-institute-of-technology-jewelry-design HTTP/1.1" 200 40821 "-" "Mozilla/5.0 (compatible; DotBot/1.2; +https://opensiteexplorer.org/dotbot; help@moz.com)"
114.119.139.66 - - [11/Dec/2025:14:34:16 +0100] "GET /platby/hca/yale-university-colors HTTP/1.1" 200 6435 "http://ispc.klape.eu/platby/hca/astrodynamics-textbook" "Mozilla/5.0 (Linux; Android 7.0;) AppleWebKit/537.36 (KHTML, like Gecko) Mobile Safari/537.36 (compatible; PetalBot;+https://webmaster.petalsearch.com/site/petalbot)"
216.244.66.239 - - [11/Dec/2025:14:34:19 +0100] "GET /platby/uwoy9/themes-under-social-sensitivity-skills HTTP/1.1" 200 42027 "-" "Mozilla/5.0 (compatible; DotBot/1.2; +https://opensiteexplorer.org/dotbot; help@moz.com)"
216.244.66.239 - - [11/Dec/2025:14:34:42 +0100] "GET /platby/aohwuyx/metro-west-lawn-and-landscape HTTP/1.1" 200 40230 "-" "Mozilla/5.0 (compatible; DotBot/1.2; +https://opensiteexplorer.org/dotbot; help@moz.com)"
216.244.66.239 - - [11/Dec/2025:14:35:05 +0100] "GET /platby/aohwuyx/benediction-server-location HTTP/1.1" 200 31393 "-" "Mozilla/5.0 (compatible; DotBot/1.2; +https://opensiteexplorer.org/dotbot; help@moz.com)"
216.244.66.239 - - [11/Dec/2025:14:35:27 +0100] "GET /platby/uwoy9/are-baby-coots-called-cooties HTTP/1.1" 200 38790 "-" "Mozilla/5.0 (compatible; DotBot/1.2; +https://opensiteexplorer.org/dotbot; help@moz.com)"
114.119.128.6 - - [11/Dec/2025:14:35:36 +0100] "GET /platby/article.php?5d4c26=the-amity-affliction---chasing-ghosts HTTP/1.1" 200 5925 "http://ispc.klape.eu/platby/article.php?5d4c26=no-face%2C-no-name%2C-no-number-lyrics-traffic" "Mozilla/5.0 (Linux; Android 7.0;) AppleWebKit/537.36 (KHTML, like Gecko) Mobile Safari/537.36 (compatible; PetalBot;+https://webmaster.petalsearch.com/site/petalbot)"
216.244.66.239 - - [11/Dec/2025:14:35:48 +0100] "GET /platby/aohwuyx/oak-tree-roots-near-house HTTP/1.1" 200 43646 "-" "Mozilla/5.0 (compatible; DotBot/1.2; +https://opensiteexplorer.org/dotbot; help@moz.com)"
103.23.137.115 - - [11/Dec/2025:14:36:03 +0100] "\x16\x03\x01\x02" 403 265 "-" "-"
103.23.137.115 - - [11/Dec/2025:14:36:04 +0100] "\x16\x03\x01\x02" 403 265 "-" "-"
114.119.129.163 - - [11/Dec/2025:14:36:59 +0100] "GET /platby/article.php?5d4c26=rubber-or-metal-ring-used-in-a-car-engine HTTP/1.1" 200 7627 "http://ispc.klape.eu/platby/article.php?5d4c26=rubber-or-metal-ring-used-in-a-car-engine" "Mozilla/5.0 (Linux; Android 7.0;) AppleWebKit/537.36 (KHTML, like Gecko) Mobile Safari/537.36 (compatible; PetalBot;+https://webmaster.petalsearch.com/site/petalbot)"
103.23.137.115 - - [11/Dec/2025:14:38:33 +0100] "\x16\x03\x01\x02" 403 265 "-" "-"
199.30.231.5 - - [11/Dec/2025:14:38:33 +0100] "\x16\x03\x01" 403 265 "-" "-"
45.156.128.128 - - [11/Dec/2025:14:39:10 +0100] "\x16\x03\x01" 403 265 "-" "-"
114.119.149.2 - - [11/Dec/2025:14:39:10 +0100] "GET /platby/article.php?5d4c26=fastest-40-yard-dash HTTP/1.1" 200 7291 "http://ispc.klape.eu/platby/article.php?5d4c26=la-flor-uk-release" "Mozilla/5.0 (Linux; Android 7.0;) AppleWebKit/537.36 (KHTML, like Gecko) Mobile Safari/537.36 (compatible; PetalBot;+https://webmaster.petalsearch.com/site/petalbot)"
114.119.139.112 - - [11/Dec/2025:14:40:00 +0100] "GET /platby/qqap/mount-vhd-assign-drive-letter HTTP/1.1" 200 9043 "http://ispc.klape.eu/platby/qqap/how-to-add-another-fingerprint-on-samsung-s20" "Mozilla/5.0 (Linux; Android 7.0;) AppleWebKit/537.36 (KHTML, like Gecko) Mobile Safari/537.36 (compatible; PetalBot;+https://webmaster.petalsearch.com/site/petalbot)"
114.119.152.142 - - [11/Dec/2025:14:41:16 +0100] "GET /platby/qqap/notification-not-showing-in-android-10-programmatically HTTP/1.1" 200 13070 "http://ispc.klape.eu/platby/qqap/android-11-auto-rotate-not-working" "Mozilla/5.0 (Linux; Android 7.0;) AppleWebKit/537.36 (KHTML, like Gecko) Mobile Safari/537.36 (compatible; PetalBot;+https://webmaster.petalsearch.com/site/petalbot)"
114.119.139.66 - - [11/Dec/2025:14:42:32 +0100] "GET /platby/hca/missing-yosemite-hiker-found-dead-in-tent HTTP/1.1" 200 11669 "http://ispc.klape.eu/platby/hca/long-term-effects-of-chromium-on-human-health" "Mozilla/5.0 (Linux; Android 7.0;) AppleWebKit/537.36 (KHTML, like Gecko) Mobile Safari/537.36 (compatible; PetalBot;+https://webmaster.petalsearch.com/site/petalbot)"
103.23.137.115 - - [11/Dec/2025:14:43:04 +0100] "\x16\x03\x01\x02" 403 265 "-" "-"
114.119.139.112 - - [11/Dec/2025:14:44:38 +0100] "GET /platby/uwoy9/gluten-free-restaurants HTTP/1.1" 200 8395 "http://ispc.klape.eu/platby/uwoy9/gluten-free-restaurants" "Mozilla/5.0 (Linux; Android 7.0;) AppleWebKit/537.36 (KHTML, like Gecko) Mobile Safari/537.36 (compatible; PetalBot;+https://webmaster.petalsearch.com/site/petalbot)"
114.119.149.2 - - [11/Dec/2025:14:45:19 +0100] "GET /platby/uwoy9/toulouse-goose-lifespan HTTP/1.1" 200 16288 "http://ispc.klape.eu/platby/uwoy9/huawei-p40-lite-vs-samsung-a51-camera-test" "Mozilla/5.0 (Linux; Android 7.0;) AppleWebKit/537.36 (KHTML, like Gecko) Mobile Safari/537.36 (compatible; PetalBot;+https://webmaster.petalsearch.com/site/petalbot)"
103.23.137.115 - - [11/Dec/2025:14:45:22 +0100] "\x16\x03\x01\x02" 403 265 "-" "-"
66.249.79.1 - - [11/Dec/2025:14:45:52 +0100] "\x16\x03\x01\x02" 403 265 "-" "-"
136.158.78.163 - - [11/Dec/2025:14:46:00 +0100] "\x16\x03\x01\x01\xbb\x01" 403 265 "-" "-"
136.158.78.163 - - [11/Dec/2025:14:46:00 +0100] "\x16\x03\x03" 403 265 "-" "-"
204.76.203.206 - - [11/Dec/2025:14:46:01 +0100] "GET /" 400 468 "-" "-"
114.119.149.2 - - [11/Dec/2025:14:46:43 +0100] "GET /platby/uwoy9/full-disclosure-urban-dictionary HTTP/1.1" 200 14858 "http://ispc.klape.eu/platby/uwoy9/how-long-did-the-flood-last-in-gilgamesh" "Mozilla/5.0 (Linux; Android 7.0;) AppleWebKit/537.36 (KHTML, like Gecko) Mobile Safari/537.36 (compatible; PetalBot;+https://webmaster.petalsearch.com/site/petalbot)"
204.76.203.206 - - [11/Dec/2025:14:47:50 +0100] "GET / HTTP/1.1" 200 316 "-" "Mozilla/5.0 (Windows NT 10.0; Win64; x64) AppleWebKit/537.36 (KHTML, like Gecko) Chrome/90.0.4430.85 Safari/537.36 Edg/90.0.818.46"
114.119.139.66 - - [11/Dec/2025:14:48:27 +0100] "GET /platby/hca/emile-smith-rowe-weekly-salary HTTP/1.1" 200 5087 "http://ispc.klape.eu/platby/hca/benefits-of-effective-listening-in-the-workplace" "Mozilla/5.0 (Linux; Android 7.0;) AppleWebKit/537.36 (KHTML, like Gecko) Mobile Safari/537.36 (compatible; PetalBot;+https://webmaster.petalsearch.com/site/petalbot)"
5.133.192.168 - - [11/Dec/2025:14:48:48 +0100] "\x16\x03\x01\x01\x1b\x01" 403 265 "-" "-"
114.119.129.163 - - [11/Dec/2025:14:49:31 +0100] "GET /platby/article.php?5d4c26=niwa-climate-change-maps HTTP/1.1" 200 6242 "http://ispc.klape.eu/platby/article.php?5d4c26=one-born-every-minute-season-6-episode-5" "Mozilla/5.0 (Linux; Android 7.0;) AppleWebKit/537.36 (KHTML, like Gecko) Mobile Safari/537.36 (compatible; PetalBot;+https://webmaster.petalsearch.com/site/petalbot)"
103.23.137.115 - - [11/Dec/2025:14:49:35 +0100] "\x16\x03\x01\x02" 403 265 "-" "-"
104.210.140.142 - - [11/Dec/2025:14:50:24 +0100] "\x16\x03\x01\x02" 403 265 "-" "-"
104.210.140.133 - - [11/Dec/2025:14:50:24 +0100] "\x16\x03\x01\x02" 403 265 "-" "-"
104.210.140.137 - - [11/Dec/2025:14:50:25 +0100] "\x16\x03\x01\x02" 403 265 "-" "-"
104.210.140.131 - - [11/Dec/2025:14:50:28 +0100] "\x16\x03\x01\x02" 403 265 "-" "-"
104.210.140.131 - - [11/Dec/2025:14:50:28 +0100] "\x16\x03\x01\x02" 403 265 "-" "-"
104.210.140.132 - - [11/Dec/2025:14:50:29 +0100] "\x16\x03\x01\x02" 403 265 "-" "-"
104.210.140.138 - - [11/Dec/2025:14:50:29 +0100] "\x16\x03\x01\x02" 403 265 "-" "-"
104.210.140.133 - - [11/Dec/2025:14:50:31 +0100] "\x16\x03\x01\x02" 403 265 "-" "-"
114.119.128.6 - - [11/Dec/2025:14:50:54 +0100] "GET /platby/uwoy9/frito-lay-individual-bags-of-snacks HTTP/1.1" 200 9780 "http://ispc.klape.eu/platby/uwoy9/frito-lay-individual-bags-of-snacks" "Mozilla/5.0 (Linux; Android 7.0;) AppleWebKit/537.36 (KHTML, like Gecko) Mobile Safari/537.36 (compatible; PetalBot;+https://webmaster.petalsearch.com/site/petalbot)"
114.119.140.102 - - [11/Dec/2025:14:52:18 +0100] "GET /platby/article.php?5d4c26=nba-live-08-pc HTTP/1.1" 200 6988 "http://ispc.klape.eu/platby/article.php?5d4c26=gradesfirst-tennessee-tech" "Mozilla/5.0 (Linux; Android 7.0;) AppleWebKit/537.36 (KHTML, like Gecko) Mobile Safari/537.36 (compatible; PetalBot;+https://webmaster.petalsearch.com/site/petalbot)"
66.249.79.232 - - [11/Dec/2025:14:52:22 +0100] "\x16\x03\x01\x02" 403 265 "-" "-"
51.68.107.149 - - [11/Dec/2025:14:53:18 +0100] "\x16\x03\x01\x01O\x01" 403 265 "-" "-"
114.119.130.237 - - [11/Dec/2025:14:53:42 +0100] "GET /platby/article.php?5d4c26=monos-rotten-tomatoes HTTP/1.1" 200 5974 "http://ispc.klape.eu/platby/article.php?5d4c26=coding-for-creatives" "Mozilla/5.0 (Linux; Android 7.0;) AppleWebKit/537.36 (KHTML, like Gecko) Mobile Safari/537.36 (compatible; PetalBot;+https://webmaster.petalsearch.com/site/petalbot)"
199.127.63.154 - - [11/Dec/2025:14:53:55 +0100] "\x16\x03\x01\x01\xa8\x01" 403 265 "-" "-"
138.246.253.24 - - [11/Dec/2025:14:55:02 +0100] "\x16\x03\x01\x01\x0c\x01" 400 289 "-" "-"
114.119.152.142 - - [11/Dec/2025:14:55:08 +0100] "GET /platby/article.php?5d4c26=jay-park---evolution HTTP/1.1" 200 7520 "http://ispc.klape.eu/platby/article.php?5d4c26=how-to-remove-hard-water-stains-from-glasses-in-dishwasher" "Mozilla/5.0 (Linux; Android 7.0;) AppleWebKit/537.36 (KHTML, like Gecko) Mobile Safari/537.36 (compatible; PetalBot;+https://webmaster.petalsearch.com/site/petalbot)"
103.23.137.115 - - [11/Dec/2025:14:56:27 +0100] "\x16\x03\x01\x02" 403 265 "-" "-"
114.119.152.142 - - [11/Dec/2025:14:56:33 +0100] "GET /platby/hca/the-legend-of-zelda-link's-awakening-dx HTTP/1.1" 200 7944 "http://ispc.klape.eu/platby/hca/top-100-soccer-players-of-all-time-quiz" "Mozilla/5.0 (Linux; Android 7.0;) AppleWebKit/537.36 (KHTML, like Gecko) Mobile Safari/537.36 (compatible; PetalBot;+https://webmaster.petalsearch.com/site/petalbot)"
103.23.137.115 - - [11/Dec/2025:14:56:36 +0100] "\x16\x03\x01\x02" 403 265 "-" "-"
114.119.129.163 - - [11/Dec/2025:14:57:59 +0100] "GET /platby/article.php?5d4c26=joel-creasey---melbourne-comedy-festival HTTP/1.1" 200 6289 "http://ispc.klape.eu/platby/article.php?5d4c26=sting---sacred-love-lyrics" "Mozilla/5.0 (Linux; Android 7.0;) AppleWebKit/537.36 (KHTML, like Gecko) Mobile Safari/537.36 (compatible; PetalBot;+https://webmaster.petalsearch.com/site/petalbot)"
141.98.11.170 - - [11/Dec/2025:14:58:24 +0100] "GET /" 400 468 "-" "-"
114.119.140.102 - - [11/Dec/2025:14:59:25 +0100] "GET /platby/article.php?5d4c26=intelsat-20-ku-band-channel-list-2018 HTTP/1.1" 200 6034 "http://ispc.klape.eu/platby/article.php?5d4c26=vortex-gen-2-1-6" "Mozilla/5.0 (Linux; Android 7.0;) AppleWebKit/537.36 (KHTML, like Gecko) Mobile Safari/537.36 (compatible; PetalBot;+https://webmaster.petalsearch.com/site/petalbot)"
114.119.129.163 - - [11/Dec/2025:15:00:54 +0100] "GET /platby/article.php?5d4c26=hope-gap-interview HTTP/1.1" 200 7317 "http://ispc.klape.eu/platby/article.php?5d4c26=path-of-exile-passive-skill-point-quest-rewards" "Mozilla/5.0 (Linux; Android 7.0;) AppleWebKit/537.36 (KHTML, like Gecko) Mobile Safari/537.36 (compatible; PetalBot;+https://webmaster.petalsearch.com/site/petalbot)"
114.119.139.66 - - [11/Dec/2025:15:03:09 +0100] "GET /platby/article.php?5d4c26=esl-pubg-xbox-one HTTP/1.1" 200 7300 "http://ispc.klape.eu/platby/article.php?5d4c26=what-season-does-damon-and-bonnie-get-trapped" "Mozilla/5.0 (Linux; Android 7.0;) AppleWebKit/537.36 (KHTML, like Gecko) Mobile Safari/537.36 (compatible; PetalBot;+https://webmaster.petalsearch.com/site/petalbot)"
5.187.35.158 - - [11/Dec/2025:15:04:05 +0100] "\x16\x03\x01\x01\x10\x01" 403 265 "-" "-"
176.65.149.45 - - [11/Dec/2025:15:04:08 +0100] "GET / HTTP/1.1" 200 316 "-" "Go-http-client/1.1"
204.76.203.206 - - [11/Dec/2025:15:05:10 +0100] "GET /" 400 468 "-" "-"
204.76.203.212 - - [11/Dec/2025:15:05:10 +0100] "GET /" 400 468 "-" "-"
204.76.203.206 - - [11/Dec/2025:15:05:23 +0100] "GET / HTTP/1.1" 200 316 "-" "Mozilla/5.0 (Windows NT 10.0; Win64; x64) AppleWebKit/537.36 (KHTML, like Gecko) Chrome/90.0.4430.85 Safari/537.36 Edg/90.0.818.46"
114.119.139.112 - - [11/Dec/2025:15:05:47 +0100] "GET /platby/article.php?5d4c26=eddie-jones-2020 HTTP/1.1" 200 4926 "http://ispc.klape.eu/platby/article.php?5d4c26=she-was-on-it-ready-i-was-on-it-heavy-fivio" "Mozilla/5.0 (Linux; Android 7.0;) AppleWebKit/537.36 (KHTML, like Gecko) Mobile Safari/537.36 (compatible; PetalBot;+https://webmaster.petalsearch.com/site/petalbot)"
103.23.137.115 - - [11/Dec/2025:15:08:02 +0100] "\x16\x03\x01\x02" 403 265 "-" "-"
114.119.130.237 - - [11/Dec/2025:15:08:21 +0100] "GET /platby/article.php?5d4c26=dragon's-dogma-max-stats HTTP/1.1" 200 6280 "http://ispc.klape.eu/platby/article.php?5d4c26=joe-marler-alun-wyn-jones" "Mozilla/5.0 (Linux; Android 7.0;) AppleWebKit/537.36 (KHTML, like Gecko) Mobile Safari/537.36 (compatible; PetalBot;+https://webmaster.petalsearch.com/site/petalbot)"
114.119.149.2 - - [11/Dec/2025:15:09:11 +0100] "GET /platby/article.php?5d4c26=hurricane-katrina-and-hurricane-rita-are-different-in-what-way HTTP/1.1" 200 6018 "http://ispc.klape.eu/platby/article.php?5d4c26=delicious-emily-holiday-season-queue-10-actions" "Mozilla/5.0 (Linux; Android 7.0;) AppleWebKit/537.36 (KHTML, like Gecko) Mobile Safari/537.36 (compatible; PetalBot;+https://webmaster.petalsearch.com/site/petalbot)"
44.206.65.8 - - [11/Dec/2025:15:10:11 +0100] "GET /platby/qqap/listening-communication-essay HTTP/1.1" 200 7508 "-" "Mozilla/5.0 AppleWebKit/537.36 (KHTML, like Gecko; compatible; Amazonbot/0.1; +https://developer.amazon.com/support/amazonbot) Chrome/119.0.6045.214 Safari/537.36"
52.0.105.244 - - [11/Dec/2025:15:10:12 +0100] "GET /platby/72zbxoz/anti-bias-education-essay HTTP/1.1" 200 13126 "-" "Mozilla/5.0 AppleWebKit/537.36 (KHTML, like Gecko; compatible; Amazonbot/0.1; +https://developer.amazon.com/support/amazonbot) Chrome/119.0.6045.214 Safari/537.36"
52.6.232.201 - - [11/Dec/2025:15:10:12 +0100] "GET /platby/qqap/dermalogica-barrier-repair-how-to-use HTTP/1.1" 200 7543 "-" "Mozilla/5.0 AppleWebKit/537.36 (KHTML, like Gecko; compatible; Amazonbot/0.1; +https://developer.amazon.com/support/amazonbot) Chrome/119.0.6045.214 Safari/537.36"
44.209.35.147 - - [11/Dec/2025:15:10:14 +0100] "GET /platby/72zbxoz/nike-release-dates-2021 HTTP/1.1" 200 11599 "-" "Mozilla/5.0 AppleWebKit/537.36 (KHTML, like Gecko; compatible; Amazonbot/0.1; +https://developer.amazon.com/support/amazonbot) Chrome/119.0.6045.214 Safari/537.36"
52.3.102.51 - - [11/Dec/2025:15:10:14 +0100] "GET /platby/qqap/friday-the-13th-tattoos-lexington-ky HTTP/1.1" 200 9335 "-" "Mozilla/5.0 AppleWebKit/537.36 (KHTML, like Gecko; compatible; Amazonbot/0.1; +https://developer.amazon.com/support/amazonbot) Chrome/119.0.6045.214 Safari/537.36"
3.217.171.106 - - [11/Dec/2025:15:10:14 +0100] "GET /platby/hca/antony-auclair-number HTTP/1.1" 200 9812 "-" "Mozilla/5.0 AppleWebKit/537.36 (KHTML, like Gecko; compatible; Amazonbot/0.1; +https://developer.amazon.com/support/amazonbot) Chrome/119.0.6045.214 Safari/537.36"
18.215.112.101 - - [11/Dec/2025:15:10:14 +0100] "GET /platby/72zbxoz/will-a-broken-blood-feather-heal HTTP/1.1" 200 13444 "-" "Mozilla/5.0 AppleWebKit/537.36 (KHTML, like Gecko; compatible; Amazonbot/0.1; +https://developer.amazon.com/support/amazonbot) Chrome/119.0.6045.214 Safari/537.36"
54.92.171.106 - - [11/Dec/2025:15:10:14 +0100] "GET /platby/72zbxoz/the-george-washington-university HTTP/1.1" 200 8004 "-" "Mozilla/5.0 AppleWebKit/537.36 (KHTML, like Gecko; compatible; Amazonbot/0.1; +https://developer.amazon.com/support/amazonbot) Chrome/119.0.6045.214 Safari/537.36"
216.244.66.239 - - [11/Dec/2025:15:10:14 +0100] "GET /robots.txt HTTP/1.1" 200 34 "-" "Mozilla/5.0 (compatible; DotBot/1.2; +https://opensiteexplorer.org/dotbot; help@moz.com)"
44.208.223.68 - - [11/Dec/2025:15:10:14 +0100] "GET /platby/72zbxoz/nccu-basketball-camp-2021 HTTP/1.1" 200 14164 "-" "Mozilla/5.0 AppleWebKit/537.36 (KHTML, like Gecko; compatible; Amazonbot/0.1; +https://developer.amazon.com/support/amazonbot) Chrome/119.0.6045.214 Safari/537.36"
98.83.177.42 - - [11/Dec/2025:15:10:14 +0100] "GET /platby/72zbxoz/inactive-crowd-definition HTTP/1.1" 200 13190 "-" "Mozilla/5.0 AppleWebKit/537.36 (KHTML, like Gecko; compatible; Amazonbot/0.1; +https://developer.amazon.com/support/amazonbot) Chrome/119.0.6045.214 Safari/537.36"
23.23.214.190 - - [11/Dec/2025:15:10:15 +0100] "GET /platby/72zbxoz/sheena-gordon-marvin-williams HTTP/1.1" 200 13253 "-" "Mozilla/5.0 AppleWebKit/537.36 (KHTML, like Gecko; compatible; Amazonbot/0.1; +https://developer.amazon.com/support/amazonbot) Chrome/119.0.6045.214 Safari/537.36"
18.213.70.100 - - [11/Dec/2025:15:10:30 +0100] "GET /platby/72zbxoz/george-baker--little-green-bag HTTP/1.1" 200 8012 "-" "Mozilla/5.0 AppleWebKit/537.36 (KHTML, like Gecko; compatible; Amazonbot/0.1; +https://developer.amazon.com/support/amazonbot) Chrome/119.0.6045.214 Safari/537.36"
3.224.205.25 - - [11/Dec/2025:15:10:31 +0100] "GET /platby/72zbxoz/taron-johnson-contract HTTP/1.1" 200 12439 "-" "Mozilla/5.0 AppleWebKit/537.36 (KHTML, like Gecko; compatible; Amazonbot/0.1; +https://developer.amazon.com/support/amazonbot) Chrome/119.0.6045.214 Safari/537.36"
54.162.69.192 - - [11/Dec/2025:15:10:31 +0100] "GET /platby/72zbxoz/providence,-ri-restaurant-week-2021 HTTP/1.1" 200 7961 "-" "Mozilla/5.0 AppleWebKit/537.36 (KHTML, like Gecko; compatible; Amazonbot/0.1; +https://developer.amazon.com/support/amazonbot) Chrome/119.0.6045.214 Safari/537.36"
114.119.152.142 - - [11/Dec/2025:15:10:31 +0100] "GET /platby/article.php?5d4c26=co-operative-bank-ceo-email-address HTTP/1.1" 200 5722 "http://ispc.klape.eu/platby/article.php?5d4c26=joan-templeman-age" "Mozilla/5.0 (Linux; Android 7.0;) AppleWebKit/537.36 (KHTML, like Gecko) Mobile Safari/537.36 (compatible; PetalBot;+https://webmaster.petalsearch.com/site/petalbot)"
3.211.181.86 - - [11/Dec/2025:15:10:31 +0100] "GET /platby/72zbxoz/space-force-jobs-salary HTTP/1.1" 200 15097 "-" "Mozilla/5.0 AppleWebKit/537.36 (KHTML, like Gecko; compatible; Amazonbot/0.1; +https://developer.amazon.com/support/amazonbot) Chrome/119.0.6045.214 Safari/537.36"
3.227.180.70 - - [11/Dec/2025:15:10:31 +0100] "GET /platby/72zbxoz/stanford-cs140e-video HTTP/1.1" 200 10885 "-" "Mozilla/5.0 AppleWebKit/537.36 (KHTML, like Gecko; compatible; Amazonbot/0.1; +https://developer.amazon.com/support/amazonbot) Chrome/119.0.6045.214 Safari/537.36"
114.119.139.112 - - [11/Dec/2025:15:11:22 +0100] "GET /platby/uwoy9/james-brown-net-worth-at-the-time-of-death HTTP/1.1" 200 13530 "http://ispc.klape.eu/platby/uwoy9/james-brown-net-worth-at-the-time-of-death" "Mozilla/5.0 (Linux; Android 7.0;) AppleWebKit/537.36 (KHTML, like Gecko) Mobile Safari/537.36 (compatible; PetalBot;+https://webmaster.petalsearch.com/site/petalbot)"
185.242.226.118 - - [11/Dec/2025:15:12:31 +0100] "\x16\x03\x01" 403 265 "-" "-"
114.119.152.142 - - [11/Dec/2025:15:12:48 +0100] "GET /platby/article.php?5d4c26=michigan-deq-complaints HTTP/1.1" 200 6053 "http://ispc.klape.eu/platby/article.php?5d4c26=types-of-sorcerers" "Mozilla/5.0 (Linux; Android 7.0;) AppleWebKit/537.36 (KHTML, like Gecko) Mobile Safari/537.36 (compatible; PetalBot;+https://webmaster.petalsearch.com/site/petalbot)"
114.119.129.163 - - [11/Dec/2025:15:12:58 +0100] "GET /platby/article.php?5d4c26=cassini-huygens-purpose HTTP/1.1" 200 7353 "http://ispc.klape.eu/platby/article.php?5d4c26=gangster-grandad-reigate-dead" "Mozilla/5.0 (Linux; Android 7.0;) AppleWebKit/537.36 (KHTML, like Gecko) Mobile Safari/537.36 (compatible; PetalBot;+https://webmaster.petalsearch.com/site/petalbot)"
114.119.140.102 - - [11/Dec/2025:15:13:17 +0100] "GET /platby/article.php?5d4c26=canada's-hidden-history HTTP/1.1" 200 5882 "http://ispc.klape.eu/platby/article.php?5d4c26=assassin-archer---modern-day-robin-hood-mod-apk" "Mozilla/5.0 (Linux; Android 7.0;) AppleWebKit/537.36 (KHTML, like Gecko) Mobile Safari/537.36 (compatible; PetalBot;+https://webmaster.petalsearch.com/site/petalbot)"
172.70.240.127 - - [11/Dec/2025:15:14:02 +0100] "\x16\x03\x01\x02" 403 265 "-" "-"
114.119.139.66 - - [11/Dec/2025:15:14:40 +0100] "GET /platby/hca/confluent-definition-dermatology HTTP/1.1" 200 6073 "http://ispc.klape.eu/platby/hca/confluent-definition-dermatology" "Mozilla/5.0 (Linux; Android 7.0;) AppleWebKit/537.36 (KHTML, like Gecko) Mobile Safari/537.36 (compatible; PetalBot;+https://webmaster.petalsearch.com/site/petalbot)"
114.119.149.2 - - [11/Dec/2025:15:16:02 +0100] "GET /platby/aohwuyx/smad-space-mission-analysis-and-design-pdf HTTP/1.1" 200 11424 "http://ispc.klape.eu/platby/aohwuyx/body-brokers-documentary" "Mozilla/5.0 (Linux; Android 7.0;) AppleWebKit/537.36 (KHTML, like Gecko) Mobile Safari/537.36 (compatible; PetalBot;+https://webmaster.petalsearch.com/site/petalbot)"
114.119.139.66 - - [11/Dec/2025:15:17:28 +0100] "GET /platby/aohwuyx/gigabyte-motherboard-safe-mode-key-windows-10 HTTP/1.1" 200 12801 "http://ispc.klape.eu/platby/aohwuyx/reduce-noise-in-arnold-render-3ds-max" "Mozilla/5.0 (Linux; Android 7.0;) AppleWebKit/537.36 (KHTML, like Gecko) Mobile Safari/537.36 (compatible; PetalBot;+https://webmaster.petalsearch.com/site/petalbot)"
147.185.133.164 - - [11/Dec/2025:15:17:44 +0100] "\x16\x03\x01" 403 265 "-" "-"
