85.208.96.202 - - [11/Dec/2025:02:13:48 +0100] "GET /platby/72zbxoz/scientifically-best-time-to-wake-up HTTP/1.1" 200 9485 "-" "Mozilla/5.0 (compatible; SemrushBot/7~bl; +http://www.semrush.com/bot.html)"
85.208.96.198 - - [11/Dec/2025:02:13:51 +0100] "GET /platby/uwoy9/anthony-volpe-obituary HTTP/1.1" 200 12631 "-" "Mozilla/5.0 (compatible; SemrushBot/7~bl; +http://www.semrush.com/bot.html)"
185.191.171.13 - - [11/Dec/2025:02:13:52 +0100] "GET /platby/aohwuyx/international-student-accommodation-london HTTP/1.1" 200 13526 "-" "Mozilla/5.0 (compatible; SemrushBot/7~bl; +http://www.semrush.com/bot.html)"
185.191.171.16 - - [11/Dec/2025:02:13:54 +0100] "GET /platby/qqap/pixel-3-ambient-display-not-working HTTP/1.1" 200 6273 "-" "Mozilla/5.0 (compatible; SemrushBot/7~bl; +http://www.semrush.com/bot.html)"
85.208.96.196 - - [11/Dec/2025:02:14:00 +0100] "GET /platby/hca/fifa-21-ultimate-team-best-cheap-players HTTP/1.1" 200 9008 "-" "Mozilla/5.0 (compatible; SemrushBot/7~bl; +http://www.semrush.com/bot.html)"
85.208.96.195 - - [11/Dec/2025:02:14:29 +0100] "GET /platby/72zbxoz/developmental-milestones-australia HTTP/1.1" 200 9277 "-" "Mozilla/5.0 (compatible; SemrushBot/7~bl; +http://www.semrush.com/bot.html)"
85.208.96.200 - - [11/Dec/2025:02:14:29 +0100] "GET /robots.txt HTTP/1.1" 200 54 "-" "Mozilla/5.0 (compatible; SemrushBot/7~bl; +http://www.semrush.com/bot.html)"
185.191.171.19 - - [11/Dec/2025:02:14:30 +0100] "GET /platby/aohwuyx/loyola-university-maryland-faculty HTTP/1.1" 200 13667 "-" "Mozilla/5.0 (compatible; SemrushBot/7~bl; +http://www.semrush.com/bot.html)"
185.191.171.16 - - [11/Dec/2025:02:14:47 +0100] "GET /platby/aohwuyx/rubicon-waste-management-lawsuit HTTP/1.1" 200 7454 "-" "Mozilla/5.0 (compatible; SemrushBot/7~bl; +http://www.semrush.com/bot.html)"
185.191.171.14 - - [11/Dec/2025:02:15:09 +0100] "GET /platby/aohwuyx/newcastle-town-fc-league-table HTTP/1.1" 200 8586 "-" "Mozilla/5.0 (compatible; SemrushBot/7~bl; +http://www.semrush.com/bot.html)"
185.191.171.4 - - [11/Dec/2025:02:15:46 +0100] "GET /platby/aohwuyx/board-of-directors-information-sheet HTTP/1.1" 200 8264 "-" "Mozilla/5.0 (compatible; SemrushBot/7~bl; +http://www.semrush.com/bot.html)"
185.191.171.10 - - [11/Dec/2025:02:16:01 +0100] "GET /platby/hca/weird-facts-about-koalas HTTP/1.1" 200 10803 "-" "Mozilla/5.0 (compatible; SemrushBot/7~bl; +http://www.semrush.com/bot.html)"
85.208.96.211 - - [11/Dec/2025:02:16:02 +0100] "GET /platby/hca/strut-assembly-diagram HTTP/1.1" 200 7029 "-" "Mozilla/5.0 (compatible; SemrushBot/7~bl; +http://www.semrush.com/bot.html)"
85.208.96.205 - - [11/Dec/2025:02:16:31 +0100] "GET /platby/aohwuyx/what-does-it-mean-to-be-resentenced HTTP/1.1" 200 10603 "-" "Mozilla/5.0 (compatible; SemrushBot/7~bl; +http://www.semrush.com/bot.html)"
85.208.96.198 - - [11/Dec/2025:02:16:53 +0100] "GET /platby/qqap/drillbit-taylor-sequel HTTP/1.1" 200 11480 "-" "Mozilla/5.0 (compatible; SemrushBot/7~bl; +http://www.semrush.com/bot.html)"
192.71.211.58 - - [11/Dec/2025:02:17:16 +0100] "\x16\x03\x01\x01E\x01" 403 265 "-" "-"
85.208.96.211 - - [11/Dec/2025:02:17:30 +0100] "GET /platby/uwoy9/telles-fifa-21-potential HTTP/1.1" 200 11651 "-" "Mozilla/5.0 (compatible; SemrushBot/7~bl; +http://www.semrush.com/bot.html)"
85.208.96.199 - - [11/Dec/2025:02:17:45 +0100] "GET /platby/aohwuyx/cost-management-plan-example-pdf HTTP/1.1" 200 9581 "-" "Mozilla/5.0 (compatible; SemrushBot/7~bl; +http://www.semrush.com/bot.html)"
85.208.96.195 - - [11/Dec/2025:02:17:47 +0100] "GET /platby/hca/rain-dance-productions HTTP/1.1" 200 12588 "-" "Mozilla/5.0 (compatible; SemrushBot/7~bl; +http://www.semrush.com/bot.html)"
85.208.96.202 - - [11/Dec/2025:02:18:28 +0100] "GET /platby/aohwuyx/lake-district-long-distance-walks HTTP/1.1" 200 14438 "-" "Mozilla/5.0 (compatible; SemrushBot/7~bl; +http://www.semrush.com/bot.html)"
85.208.96.193 - - [11/Dec/2025:02:18:39 +0100] "GET /platby/uwoy9/rukiya-bernard-van-helsing HTTP/1.1" 200 10805 "-" "Mozilla/5.0 (compatible; SemrushBot/7~bl; +http://www.semrush.com/bot.html)"
185.191.171.15 - - [11/Dec/2025:02:19:33 +0100] "GET /platby/aohwuyx/erasure-a-little-respect-2020 HTTP/1.1" 200 11528 "-" "Mozilla/5.0 (compatible; SemrushBot/7~bl; +http://www.semrush.com/bot.html)"
85.208.96.211 - - [11/Dec/2025:02:19:56 +0100] "GET /platby/uwoy9/best-lb-fifa-21-career-mode-cheap HTTP/1.1" 200 12082 "-" "Mozilla/5.0 (compatible; SemrushBot/7~bl; +http://www.semrush.com/bot.html)"
85.208.96.207 - - [11/Dec/2025:02:19:57 +0100] "GET /platby/aohwuyx/flower-delivery-minneapolis HTTP/1.1" 200 9489 "-" "Mozilla/5.0 (compatible; SemrushBot/7~bl; +http://www.semrush.com/bot.html)"
79.124.40.174 - - [11/Dec/2025:02:20:04 +0100] "\x16\x03\x01\x05\xa8\x01" 403 265 "-" "-"
85.208.96.202 - - [11/Dec/2025:02:20:24 +0100] "GET /platby/aohwuyx/install-disk-image-mounter-kali-linux HTTP/1.1" 200 12014 "-" "Mozilla/5.0 (compatible; SemrushBot/7~bl; +http://www.semrush.com/bot.html)"
199.127.63.154 - - [11/Dec/2025:02:20:37 +0100] "\x16\x03\x01\x01\xa8\x01" 403 265 "-" "-"
85.208.96.208 - - [11/Dec/2025:02:20:48 +0100] "GET /platby/hca/direct-causal-association HTTP/1.1" 200 7093 "-" "Mozilla/5.0 (compatible; SemrushBot/7~bl; +http://www.semrush.com/bot.html)"
199.30.231.5 - - [11/Dec/2025:02:21:01 +0100] "\x16\x03\x01" 403 265 "-" "-"
85.208.96.201 - - [11/Dec/2025:02:21:46 +0100] "GET /platby/uwoy9/we're-on-our-way-from-misery-to-happiness HTTP/1.1" 200 14592 "-" "Mozilla/5.0 (compatible; SemrushBot/7~bl; +http://www.semrush.com/bot.html)"
85.208.96.210 - - [11/Dec/2025:02:21:48 +0100] "GET /platby/hca/disable-mac-address-randomization HTTP/1.1" 200 12803 "-" "Mozilla/5.0 (compatible; SemrushBot/7~bl; +http://www.semrush.com/bot.html)"
85.208.96.196 - - [11/Dec/2025:02:22:13 +0100] "GET /platby/hca/redbrick-house-5-oxford-road,-newbury HTTP/1.1" 200 8912 "-" "Mozilla/5.0 (compatible; SemrushBot/7~bl; +http://www.semrush.com/bot.html)"
85.208.96.201 - - [11/Dec/2025:02:22:14 +0100] "GET /platby/hca/berkshire-events-this-weekend HTTP/1.1" 200 6851 "-" "Mozilla/5.0 (compatible; SemrushBot/7~bl; +http://www.semrush.com/bot.html)"
85.208.96.206 - - [11/Dec/2025:02:22:41 +0100] "GET /platby/qqap/beaded-hoop-earringsdiy HTTP/1.1" 200 13424 "-" "Mozilla/5.0 (compatible; SemrushBot/7~bl; +http://www.semrush.com/bot.html)"
85.208.96.196 - - [11/Dec/2025:02:22:43 +0100] "GET /platby/hca/shsat-2021-practice-test HTTP/1.1" 200 9081 "-" "Mozilla/5.0 (compatible; SemrushBot/7~bl; +http://www.semrush.com/bot.html)"
85.208.96.206 - - [11/Dec/2025:02:22:47 +0100] "GET /platby/uwoy9/well-as-an-adjective-in-a-sentence HTTP/1.1" 200 9333 "-" "Mozilla/5.0 (compatible; SemrushBot/7~bl; +http://www.semrush.com/bot.html)"
185.191.171.7 - - [11/Dec/2025:02:22:49 +0100] "GET /platby/72zbxoz/conor-sheary-contract HTTP/1.1" 200 7787 "-" "Mozilla/5.0 (compatible; SemrushBot/7~bl; +http://www.semrush.com/bot.html)"
185.191.171.16 - - [11/Dec/2025:02:22:56 +0100] "GET /platby/hca/lincoln-hotel-reading,-pa HTTP/1.1" 200 5816 "-" "Mozilla/5.0 (compatible; SemrushBot/7~bl; +http://www.semrush.com/bot.html)"
185.191.171.6 - - [11/Dec/2025:02:23:20 +0100] "GET /platby/72zbxoz/blanchard-springs-mountain-view-arkansas HTTP/1.1" 200 12045 "-" "Mozilla/5.0 (compatible; SemrushBot/7~bl; +http://www.semrush.com/bot.html)"
185.191.171.6 - - [11/Dec/2025:02:23:48 +0100] "GET /platby/aohwuyx/le-laboureur-bugatti-blue HTTP/1.1" 200 12971 "-" "Mozilla/5.0 (compatible; SemrushBot/7~bl; +http://www.semrush.com/bot.html)"
216.244.66.239 - - [11/Dec/2025:02:24:03 +0100] "GET /robots.txt HTTP/1.1" 200 34 "-" "Mozilla/5.0 (compatible; DotBot/1.2; +https://opensiteexplorer.org/dotbot; help@moz.com)"
185.191.171.3 - - [11/Dec/2025:02:24:15 +0100] "GET /platby/72zbxoz/dermalogica-precleanse-emulsifyer HTTP/1.1" 200 9639 "-" "Mozilla/5.0 (compatible; SemrushBot/7~bl; +http://www.semrush.com/bot.html)"
45.38.44.221 - - [11/Dec/2025:02:24:38 +0100] "GET /" 400 468 "-" "-"
185.191.171.16 - - [11/Dec/2025:02:25:10 +0100] "GET /platby/72zbxoz/j-michael-straczynski-babylon-5-reboot HTTP/1.1" 200 11434 "-" "Mozilla/5.0 (compatible; SemrushBot/7~bl; +http://www.semrush.com/bot.html)"
85.208.96.201 - - [11/Dec/2025:02:25:48 +0100] "GET /platby/aohwuyx/ferris-bueller-oh-yeah-sound-clip HTTP/1.1" 200 12242 "-" "Mozilla/5.0 (compatible; SemrushBot/7~bl; +http://www.semrush.com/bot.html)"
183.182.125.198 - - [11/Dec/2025:02:25:54 +0100] "\x16\x03\x01\x05\xc2\x01" 403 265 "-" "-"
185.191.171.15 - - [11/Dec/2025:02:25:59 +0100] "GET /platby/uwoy9/physical-features-of-an-american-person HTTP/1.1" 200 11354 "-" "Mozilla/5.0 (compatible; SemrushBot/7~bl; +http://www.semrush.com/bot.html)"
185.191.171.7 - - [11/Dec/2025:02:26:07 +0100] "GET /platby/uwoy9/carlos-edwards-spotify HTTP/1.1" 200 12678 "-" "Mozilla/5.0 (compatible; SemrushBot/7~bl; +http://www.semrush.com/bot.html)"
185.191.171.8 - - [11/Dec/2025:02:26:42 +0100] "GET /platby/uwoy9/civil-rights-museum-atlanta-tickets HTTP/1.1" 200 13159 "-" "Mozilla/5.0 (compatible; SemrushBot/7~bl; +http://www.semrush.com/bot.html)"
85.208.96.204 - - [11/Dec/2025:02:26:50 +0100] "GET /platby/hca/arsenal-worst-defeat-2020 HTTP/1.1" 200 11081 "-" "Mozilla/5.0 (compatible; SemrushBot/7~bl; +http://www.semrush.com/bot.html)"
85.208.96.201 - - [11/Dec/2025:02:27:01 +0100] "GET /platby/aohwuyx/jordan-4-retro-off-white-sail HTTP/1.1" 200 13224 "-" "Mozilla/5.0 (compatible; SemrushBot/7~bl; +http://www.semrush.com/bot.html)"
185.191.171.17 - - [11/Dec/2025:02:27:03 +0100] "GET /platby/hca/goldenvoice-coachella-login HTTP/1.1" 200 8424 "-" "Mozilla/5.0 (compatible; SemrushBot/7~bl; +http://www.semrush.com/bot.html)"
185.191.171.3 - - [11/Dec/2025:02:27:05 +0100] "GET /platby/hca/wcc-tournament-2022-dates HTTP/1.1" 200 12851 "-" "Mozilla/5.0 (compatible; SemrushBot/7~bl; +http://www.semrush.com/bot.html)"
185.191.171.13 - - [11/Dec/2025:02:27:07 +0100] "GET /platby/uwoy9/walnut-tree-companion-plants HTTP/1.1" 200 9038 "-" "Mozilla/5.0 (compatible; SemrushBot/7~bl; +http://www.semrush.com/bot.html)"
144.202.82.88 - - [11/Dec/2025:02:28:22 +0100] "\x16\x03\x01" 403 265 "-" "-"
204.76.203.206 - - [11/Dec/2025:02:28:22 +0100] "GET /" 400 468 "-" "-"
85.208.96.194 - - [11/Dec/2025:02:28:28 +0100] "GET /platby/72zbxoz/i-will-be-grateful-synonym HTTP/1.1" 200 12496 "-" "Mozilla/5.0 (compatible; SemrushBot/7~bl; +http://www.semrush.com/bot.html)"
85.208.96.197 - - [11/Dec/2025:02:28:44 +0100] "GET /platby/72zbxoz/dorance-armstrong-salary HTTP/1.1" 200 10067 "-" "Mozilla/5.0 (compatible; SemrushBot/7~bl; +http://www.semrush.com/bot.html)"
85.208.96.196 - - [11/Dec/2025:02:28:49 +0100] "GET /platby/aohwuyx/latest-xperia-system-update HTTP/1.1" 200 9562 "-" "Mozilla/5.0 (compatible; SemrushBot/7~bl; +http://www.semrush.com/bot.html)"
85.208.96.195 - - [11/Dec/2025:02:28:51 +0100] "GET /platby/aohwuyx/what-rhymes-with-stronger HTTP/1.1" 200 12654 "-" "Mozilla/5.0 (compatible; SemrushBot/7~bl; +http://www.semrush.com/bot.html)"
204.76.203.206 - - [11/Dec/2025:02:29:01 +0100] "GET / HTTP/1.1" 200 316 "-" "Mozilla/5.0 (Windows NT 10.0; Win64; x64) AppleWebKit/537.36 (KHTML, like Gecko) Chrome/90.0.4430.85 Safari/537.36 Edg/90.0.818.46"
216.244.66.239 - - [11/Dec/2025:02:29:02 +0100] "GET /platby/article.php?5d4c26=9-month-sleepers HTTP/1.1" 200 16544 "-" "Mozilla/5.0 (compatible; DotBot/1.2; +https://opensiteexplorer.org/dotbot; help@moz.com)"
216.244.66.239 - - [11/Dec/2025:02:29:32 +0100] "GET /platby/article.php?5d4c26=best-sneakers-reddit HTTP/1.1" 200 16452 "-" "Mozilla/5.0 (compatible; DotBot/1.2; +https://opensiteexplorer.org/dotbot; help@moz.com)"
216.244.66.239 - - [11/Dec/2025:02:29:54 +0100] "GET /platby/article.php?5d4c26=bike-safety-education HTTP/1.1" 200 21249 "-" "Mozilla/5.0 (compatible; DotBot/1.2; +https://opensiteexplorer.org/dotbot; help@moz.com)"
85.208.96.209 - - [11/Dec/2025:02:29:58 +0100] "GET /platby/aohwuyx/southwest-lakers-volleyball HTTP/1.1" 200 10682 "-" "Mozilla/5.0 (compatible; SemrushBot/7~bl; +http://www.semrush.com/bot.html)"
83.142.209.111 - - [11/Dec/2025:02:30:42 +0100] "\x16\x03\x01" 403 265 "-" "-"
185.191.171.11 - - [11/Dec/2025:02:30:42 +0100] "GET /platby/aohwuyx/gossip-girl-meme-si-girl HTTP/1.1" 200 13541 "-" "Mozilla/5.0 (compatible; SemrushBot/7~bl; +http://www.semrush.com/bot.html)"
216.244.66.239 - - [11/Dec/2025:02:30:47 +0100] "GET /platby/article.php?5d4c26=fraction-equal-parts HTTP/1.1" 200 23701 "-" "Mozilla/5.0 (compatible; DotBot/1.2; +https://opensiteexplorer.org/dotbot; help@moz.com)"
185.191.171.17 - - [11/Dec/2025:02:30:51 +0100] "GET /platby/hca/shelby-harris-highlights HTTP/1.1" 200 6313 "-" "Mozilla/5.0 (compatible; SemrushBot/7~bl; +http://www.semrush.com/bot.html)"
185.191.171.18 - - [11/Dec/2025:02:30:53 +0100] "GET /platby/72zbxoz/mount-washington-pediatric-hospital-staff HTTP/1.1" 200 12960 "-" "Mozilla/5.0 (compatible; SemrushBot/7~bl; +http://www.semrush.com/bot.html)"
85.208.96.200 - - [11/Dec/2025:02:30:54 +0100] "GET /platby/72zbxoz/analytical-essay-outline-pdf HTTP/1.1" 200 12448 "-" "Mozilla/5.0 (compatible; SemrushBot/7~bl; +http://www.semrush.com/bot.html)"
85.208.96.201 - - [11/Dec/2025:02:30:56 +0100] "GET /platby/72zbxoz/competitions-for-students HTTP/1.1" 200 10998 "-" "Mozilla/5.0 (compatible; SemrushBot/7~bl; +http://www.semrush.com/bot.html)"
216.244.66.239 - - [11/Dec/2025:02:31:14 +0100] "GET /platby/article.php?5d4c26=october-2015-calendar-kalnirnay HTTP/1.1" 200 21738 "-" "Mozilla/5.0 (compatible; DotBot/1.2; +https://opensiteexplorer.org/dotbot; help@moz.com)"
85.208.96.196 - - [11/Dec/2025:02:31:22 +0100] "GET /platby/qqap/best-universities-for-phd-in-astrophysics HTTP/1.1" 200 13207 "-" "Mozilla/5.0 (compatible; SemrushBot/7~bl; +http://www.semrush.com/bot.html)"
185.191.171.8 - - [11/Dec/2025:02:31:24 +0100] "GET /platby/aohwuyx/silicon-valley-international-school-employment HTTP/1.1" 200 13082 "-" "Mozilla/5.0 (compatible; SemrushBot/7~bl; +http://www.semrush.com/bot.html)"
185.191.171.1 - - [11/Dec/2025:02:31:30 +0100] "GET /platby/uwoy9/living-in-the-planet-of-apes-summary HTTP/1.1" 200 15480 "-" "Mozilla/5.0 (compatible; SemrushBot/7~bl; +http://www.semrush.com/bot.html)"
216.244.66.239 - - [11/Dec/2025:02:31:44 +0100] "GET /platby/article.php?5d4c26=spacex-dragon-xl HTTP/1.1" 200 19297 "-" "Mozilla/5.0 (compatible; DotBot/1.2; +https://opensiteexplorer.org/dotbot; help@moz.com)"
85.208.96.207 - - [11/Dec/2025:02:31:53 +0100] "GET /platby/aohwuyx/minimum-wage-in-austria-per-hour-2021 HTTP/1.1" 200 11552 "-" "Mozilla/5.0 (compatible; SemrushBot/7~bl; +http://www.semrush.com/bot.html)"
85.208.96.199 - - [11/Dec/2025:02:31:55 +0100] "GET /platby/uwoy9/muthead-packs-insanity HTTP/1.1" 200 9183 "-" "Mozilla/5.0 (compatible; SemrushBot/7~bl; +http://www.semrush.com/bot.html)"
216.244.66.239 - - [11/Dec/2025:02:32:13 +0100] "GET /platby/article.php?5d4c26=Dark-Ages%3A-Tremere HTTP/1.1" 200 21603 "-" "Mozilla/5.0 (compatible; DotBot/1.2; +https://opensiteexplorer.org/dotbot; help@moz.com)"
71.6.134.232 - - [11/Dec/2025:02:32:43 +0100] "\x16\x03\x01" 403 265 "-" "-"
216.244.66.239 - - [11/Dec/2025:02:32:43 +0100] "GET /platby/article.php?5d4c26=bent-over-barbell-row-lukas-duncan HTTP/1.1" 200 18689 "-" "Mozilla/5.0 (compatible; DotBot/1.2; +https://opensiteexplorer.org/dotbot; help@moz.com)"
185.191.171.18 - - [11/Dec/2025:02:32:56 +0100] "GET /platby/uwoy9/positive-and-negative-effects-of-covid-19-on-business HTTP/1.1" 200 14740 "-" "Mozilla/5.0 (compatible; SemrushBot/7~bl; +http://www.semrush.com/bot.html)"
217.119.139.38 - - [11/Dec/2025:02:33:06 +0100] "\x16\x03\x01\x02" 403 265 "-" "-"
217.119.139.38 - - [11/Dec/2025:02:33:06 +0100] "GET / HTTP/1.1" 403 224 "-" "Mozilla/5.0 (Windows NT 10.0; Win64; x64) AppleWebKit/537.36 (KHTML, like Gecko) Chrome/140.0.0.0 Safari/537.36"
216.244.66.239 - - [11/Dec/2025:02:33:10 +0100] "GET /platby/article.php?5d4c26=bluetooth-transmitter-app HTTP/1.1" 200 21778 "-" "Mozilla/5.0 (compatible; DotBot/1.2; +https://opensiteexplorer.org/dotbot; help@moz.com)"
198.235.24.81 - - [11/Dec/2025:02:33:13 +0100] "GET / HTTP/1.0" 200 515 "-" "Hello from Palo Alto Networks, find out more about our scans in https://docs-cortex.paloaltonetworks.com/r/1/Cortex-Xpanse/Scanning-activity"
216.244.66.239 - - [11/Dec/2025:02:33:36 +0100] "GET /platby/article.php?5d4c26=distance-calculator---symbolab HTTP/1.1" 200 18187 "-" "Mozilla/5.0 (compatible; DotBot/1.2; +https://opensiteexplorer.org/dotbot; help@moz.com)"
216.244.66.239 - - [11/Dec/2025:02:34:00 +0100] "GET /platby/article.php?5d4c26=dragon-quest-builders-2-malroth-room HTTP/1.1" 200 23666 "-" "Mozilla/5.0 (compatible; DotBot/1.2; +https://opensiteexplorer.org/dotbot; help@moz.com)"
85.208.96.212 - - [11/Dec/2025:02:34:01 +0100] "GET /platby/hca/uipageviewcontroller-example-swift-5 HTTP/1.1" 200 8363 "-" "Mozilla/5.0 (compatible; SemrushBot/7~bl; +http://www.semrush.com/bot.html)"
185.191.171.11 - - [11/Dec/2025:02:34:15 +0100] "GET /platby/uwoy9/just-for-kicks---sneaker-documentary HTTP/1.1" 200 7629 "-" "Mozilla/5.0 (compatible; SemrushBot/7~bl; +http://www.semrush.com/bot.html)"
216.244.66.239 - - [11/Dec/2025:02:34:24 +0100] "GET /platby/article.php?5d4c26=hunt-stookey-boston HTTP/1.1" 200 22001 "-" "Mozilla/5.0 (compatible; DotBot/1.2; +https://opensiteexplorer.org/dotbot; help@moz.com)"
185.191.171.10 - - [11/Dec/2025:02:34:24 +0100] "GET /platby/72zbxoz/benedictine-university-at-springfield HTTP/1.1" 200 7665 "-" "Mozilla/5.0 (compatible; SemrushBot/7~bl; +http://www.semrush.com/bot.html)"
85.208.96.206 - - [11/Dec/2025:02:34:38 +0100] "GET /platby/uwoy9/mayhaw-berries-for-sale-in-georgia HTTP/1.1" 200 12129 "-" "Mozilla/5.0 (compatible; SemrushBot/7~bl; +http://www.semrush.com/bot.html)"
216.244.66.239 - - [11/Dec/2025:02:34:46 +0100] "GET /platby/article.php?5d4c26=hurricane-in-the-uk HTTP/1.1" 200 13948 "-" "Mozilla/5.0 (compatible; DotBot/1.2; +https://opensiteexplorer.org/dotbot; help@moz.com)"
185.191.171.4 - - [11/Dec/2025:02:34:50 +0100] "GET /platby/uwoy9/p-ebt-texas-2021-update HTTP/1.1" 200 9961 "-" "Mozilla/5.0 (compatible; SemrushBot/7~bl; +http://www.semrush.com/bot.html)"
185.191.171.4 - - [11/Dec/2025:02:34:59 +0100] "GET /platby/hca/majek-fashek-rainmaker HTTP/1.1" 200 10270 "-" "Mozilla/5.0 (compatible; SemrushBot/7~bl; +http://www.semrush.com/bot.html)"
185.191.171.1 - - [11/Dec/2025:02:35:03 +0100] "GET /platby/qqap/jalen-mayfield-brother HTTP/1.1" 200 10979 "-" "Mozilla/5.0 (compatible; SemrushBot/7~bl; +http://www.semrush.com/bot.html)"
216.244.66.239 - - [11/Dec/2025:02:35:08 +0100] "GET /platby/article.php?5d4c26=hyper-diss-track-lyrics HTTP/1.1" 200 19361 "-" "Mozilla/5.0 (compatible; DotBot/1.2; +https://opensiteexplorer.org/dotbot; help@moz.com)"
79.124.40.174 - - [11/Dec/2025:02:35:49 +0100] "GET /jars HTTP/1.1" 404 225 "-" "Mozilla/5.0 (Windows NT 10.0; Win64; x64) AppleWebKit/537.36 (KHTML, like Gecko) Chrome/78.0.3904.108 Safari/537.36"
216.244.66.239 - - [11/Dec/2025:02:35:50 +0100] "GET /platby/article.php?5d4c26=john-robinson-comedian HTTP/1.1" 200 13923 "-" "Mozilla/5.0 (compatible; DotBot/1.2; +https://opensiteexplorer.org/dotbot; help@moz.com)"
185.191.171.10 - - [11/Dec/2025:02:35:51 +0100] "GET /platby/aohwuyx/yo-perreo-sola-female-singer HTTP/1.1" 200 11692 "-" "Mozilla/5.0 (compatible; SemrushBot/7~bl; +http://www.semrush.com/bot.html)"
45.150.72.132 - - [11/Dec/2025:02:36:46 +0100] "\x16\x03\x01" 403 265 "-" "-"
185.191.171.13 - - [11/Dec/2025:02:36:46 +0100] "GET /platby/qqap/describe-bilingual-development HTTP/1.1" 200 10704 "-" "Mozilla/5.0 (compatible; SemrushBot/7~bl; +http://www.semrush.com/bot.html)"
216.244.66.239 - - [11/Dec/2025:02:36:49 +0100] "GET /platby/article.php?5d4c26=jordan-1-bred-toe-low HTTP/1.1" 200 24528 "-" "Mozilla/5.0 (compatible; DotBot/1.2; +https://opensiteexplorer.org/dotbot; help@moz.com)"
85.208.96.203 - - [11/Dec/2025:02:36:56 +0100] "GET /platby/qqap/team-canada-women's-hockey-roster-2010 HTTP/1.1" 200 11190 "-" "Mozilla/5.0 (compatible; SemrushBot/7~bl; +http://www.semrush.com/bot.html)"
216.244.66.239 - - [11/Dec/2025:02:37:09 +0100] "GET /platby/article.php?5d4c26=joshua-1-8-9-nkjv HTTP/1.1" 200 22762 "-" "Mozilla/5.0 (compatible; DotBot/1.2; +https://opensiteexplorer.org/dotbot; help@moz.com)"
3.83.76.234 - - [11/Dec/2025:02:37:22 +0100] "\x16\x03\x01\x01\x18\x01" 403 265 "-" "-"
216.244.66.239 - - [11/Dec/2025:02:37:40 +0100] "GET /platby/article.php?5d4c26=laura-mulvey-biography HTTP/1.1" 200 20086 "-" "Mozilla/5.0 (compatible; DotBot/1.2; +https://opensiteexplorer.org/dotbot; help@moz.com)"
104.210.140.130 - - [11/Dec/2025:02:38:00 +0100] "\x16\x03\x01\x02" 403 265 "-" "-"
104.210.140.130 - - [11/Dec/2025:02:38:02 +0100] "\x16\x03\x01\x02" 403 265 "-" "-"
104.210.140.128 - - [11/Dec/2025:02:38:03 +0100] "\x16\x03\x01\x02" 403 265 "-" "-"
104.210.140.138 - - [11/Dec/2025:02:38:03 +0100] "\x16\x03\x01\x02" 403 265 "-" "-"
104.210.140.143 - - [11/Dec/2025:02:38:04 +0100] "\x16\x03\x01\x02" 403 265 "-" "-"
104.210.140.129 - - [11/Dec/2025:02:38:04 +0100] "\x16\x03\x01\x02" 403 265 "-" "-"
104.210.140.142 - - [11/Dec/2025:02:38:04 +0100] "\x16\x03\x01\x02" 403 265 "-" "-"
104.210.140.132 - - [11/Dec/2025:02:38:05 +0100] "\x16\x03\x01\x02" 403 265 "-" "-"
104.210.140.132 - - [11/Dec/2025:02:38:06 +0100] "\x16\x03\x01\x02" 403 265 "-" "-"
3.83.76.234 - - [11/Dec/2025:02:38:09 +0100] "\x16\x03\x01\x01\x1a\x01" 403 265 "-" "-"
216.244.66.239 - - [11/Dec/2025:02:38:09 +0100] "GET /platby/article.php?5d4c26=love-crucified-arose-sheet-music HTTP/1.1" 200 23421 "-" "Mozilla/5.0 (compatible; DotBot/1.2; +https://opensiteexplorer.org/dotbot; help@moz.com)"
185.191.171.13 - - [11/Dec/2025:02:38:12 +0100] "GET /platby/72zbxoz/familiarize-or-familiarise HTTP/1.1" 200 8344 "-" "Mozilla/5.0 (compatible; SemrushBot/7~bl; +http://www.semrush.com/bot.html)"
185.191.171.12 - - [11/Dec/2025:02:38:24 +0100] "GET /platby/qqap/jira-create-release-permission HTTP/1.1" 200 7419 "-" "Mozilla/5.0 (compatible; SemrushBot/7~bl; +http://www.semrush.com/bot.html)"
185.191.171.16 - - [11/Dec/2025:02:39:56 +0100] "GET /platby/uwoy9/pinar-karsiyaka-basketball-flashscore HTTP/1.1" 200 11749 "-" "Mozilla/5.0 (compatible; SemrushBot/7~bl; +http://www.semrush.com/bot.html)"
216.244.66.239 - - [11/Dec/2025:02:40:06 +0100] "GET /platby/article.php?5d4c26=news-ltd-login HTTP/1.1" 200 24329 "-" "Mozilla/5.0 (compatible; DotBot/1.2; +https://opensiteexplorer.org/dotbot; help@moz.com)"
185.191.171.16 - - [11/Dec/2025:02:40:12 +0100] "GET /platby/uwoy9/pinar-karsiyaka-basketball-flashscore HTTP/1.1" 200 11749 "-" "Mozilla/5.0 (compatible; SemrushBot/7~bl; +http://www.semrush.com/bot.html)"
216.244.66.239 - - [11/Dec/2025:02:40:12 +0100] "GET /platby/article.php?5d4c26=paulina-peak-skiing HTTP/1.1" 200 18160 "-" "Mozilla/5.0 (compatible; DotBot/1.2; +https://opensiteexplorer.org/dotbot; help@moz.com)"
185.191.171.15 - - [11/Dec/2025:02:40:15 +0100] "GET /platby/hca/sofi-stadium-luxury-suites HTTP/1.1" 200 6816 "-" "Mozilla/5.0 (compatible; SemrushBot/7~bl; +http://www.semrush.com/bot.html)"
216.244.66.239 - - [11/Dec/2025:02:40:17 +0100] "GET /platby/article.php?5d4c26=plugged-meaning-in-marathi HTTP/1.1" 200 21796 "-" "Mozilla/5.0 (compatible; DotBot/1.2; +https://opensiteexplorer.org/dotbot; help@moz.com)"
185.191.171.10 - - [11/Dec/2025:02:40:18 +0100] "GET /platby/uwoy9/huawei-p8-lite-power-button-not-working HTTP/1.1" 200 8964 "-" "Mozilla/5.0 (compatible; SemrushBot/7~bl; +http://www.semrush.com/bot.html)"
85.208.96.197 - - [11/Dec/2025:02:40:20 +0100] "GET /platby/qqap/black-legion-switchblade HTTP/1.1" 200 14762 "-" "Mozilla/5.0 (compatible; SemrushBot/7~bl; +http://www.semrush.com/bot.html)"
185.191.171.1 - - [11/Dec/2025:02:40:21 +0100] "GET /platby/uwoy9/top-high-school-wide-receivers-2021-espn HTTP/1.1" 200 10006 "-" "Mozilla/5.0 (compatible; SemrushBot/7~bl; +http://www.semrush.com/bot.html)"
185.191.171.17 - - [11/Dec/2025:02:40:23 +0100] "GET /platby/qqap/protective-polish-mh-rise-talisman HTTP/1.1" 200 11779 "-" "Mozilla/5.0 (compatible; SemrushBot/7~bl; +http://www.semrush.com/bot.html)"
216.244.66.239 - - [11/Dec/2025:02:40:47 +0100] "GET /platby/article.php?5d4c26=pop-culture-trivia-game HTTP/1.1" 200 17087 "-" "Mozilla/5.0 (compatible; DotBot/1.2; +https://opensiteexplorer.org/dotbot; help@moz.com)"
185.191.171.3 - - [11/Dec/2025:02:40:57 +0100] "GET /platby/hca/frank-mitchell-sp-energy-networks HTTP/1.1" 200 7758 "-" "Mozilla/5.0 (compatible; SemrushBot/7~bl; +http://www.semrush.com/bot.html)"
85.208.96.207 - - [11/Dec/2025:02:41:15 +0100] "GET /platby/uwoy9/ionic-wind-propulsion HTTP/1.1" 200 13290 "-" "Mozilla/5.0 (compatible; SemrushBot/7~bl; +http://www.semrush.com/bot.html)"
216.244.66.239 - - [11/Dec/2025:02:41:16 +0100] "GET /platby/article.php?5d4c26=rare-nike-sb-dunks-for-sale HTTP/1.1" 200 16697 "-" "Mozilla/5.0 (compatible; DotBot/1.2; +https://opensiteexplorer.org/dotbot; help@moz.com)"
216.244.66.239 - - [11/Dec/2025:02:41:43 +0100] "GET /platby/article.php?5d4c26=seafood-restaurant-east-coast HTTP/1.1" 200 19394 "-" "Mozilla/5.0 (compatible; DotBot/1.2; +https://opensiteexplorer.org/dotbot; help@moz.com)"
85.208.96.199 - - [11/Dec/2025:02:42:10 +0100] "GET /platby/aohwuyx/houston-astros-sponsors HTTP/1.1" 200 13881 "-" "Mozilla/5.0 (compatible; SemrushBot/7~bl; +http://www.semrush.com/bot.html)"
216.244.66.239 - - [11/Dec/2025:02:42:10 +0100] "GET /platby/article.php?5d4c26=songs-about-mary HTTP/1.1" 200 20003 "-" "Mozilla/5.0 (compatible; DotBot/1.2; +https://opensiteexplorer.org/dotbot; help@moz.com)"
85.208.96.207 - - [11/Dec/2025:02:42:17 +0100] "GET /platby/hca/high-fidelity-book-quotes HTTP/1.1" 200 11217 "-" "Mozilla/5.0 (compatible; SemrushBot/7~bl; +http://www.semrush.com/bot.html)"
216.244.66.239 - - [11/Dec/2025:02:42:36 +0100] "GET /platby/article.php?5d4c26=too-much-tuna-nanny HTTP/1.1" 200 24399 "-" "Mozilla/5.0 (compatible; DotBot/1.2; +https://opensiteexplorer.org/dotbot; help@moz.com)"
185.191.171.11 - - [11/Dec/2025:02:42:42 +0100] "GET /platby/hca/for-better-or-for-worse-complete-library HTTP/1.1" 200 10583 "-" "Mozilla/5.0 (compatible; SemrushBot/7~bl; +http://www.semrush.com/bot.html)"
216.244.66.239 - - [11/Dec/2025:02:43:01 +0100] "GET /platby/article.php?5d4c26=umpire-foul-ball HTTP/1.1" 200 17322 "-" "Mozilla/5.0 (compatible; DotBot/1.2; +https://opensiteexplorer.org/dotbot; help@moz.com)"
85.208.96.204 - - [11/Dec/2025:02:43:05 +0100] "GET /platby/hca/interesting-presentation-topics-for-work HTTP/1.1" 200 8807 "-" "Mozilla/5.0 (compatible; SemrushBot/7~bl; +http://www.semrush.com/bot.html)"
85.208.96.197 - - [11/Dec/2025:02:43:09 +0100] "GET /platby/aohwuyx/diphthong-pronunciation HTTP/1.1" 200 9135 "-" "Mozilla/5.0 (compatible; SemrushBot/7~bl; +http://www.semrush.com/bot.html)"
216.244.66.239 - - [11/Dec/2025:02:43:25 +0100] "GET /platby/article.php?5d4c26=world-war-hulk-2 HTTP/1.1" 200 16988 "-" "Mozilla/5.0 (compatible; DotBot/1.2; +https://opensiteexplorer.org/dotbot; help@moz.com)"
185.191.171.18 - - [11/Dec/2025:02:43:31 +0100] "GET /platby/uwoy9/ice-cube-wallpaper-iphone HTTP/1.1" 200 8115 "-" "Mozilla/5.0 (compatible; SemrushBot/7~bl; +http://www.semrush.com/bot.html)"
185.191.171.11 - - [11/Dec/2025:02:43:33 +0100] "GET /platby/qqap/learning-about-animals HTTP/1.1" 200 8819 "-" "Mozilla/5.0 (compatible; SemrushBot/7~bl; +http://www.semrush.com/bot.html)"
185.191.171.18 - - [11/Dec/2025:02:43:46 +0100] "GET /platby/qqap/netherlands-cricket-matches-2020 HTTP/1.1" 200 11750 "-" "Mozilla/5.0 (compatible; SemrushBot/7~bl; +http://www.semrush.com/bot.html)"
216.244.66.239 - - [11/Dec/2025:02:43:47 +0100] "GET /platby/article.php?5d4c26=58-sea-ray-sundancer-for-sale HTTP/1.1" 200 16117 "-" "Mozilla/5.0 (compatible; DotBot/1.2; +https://opensiteexplorer.org/dotbot; help@moz.com)"
216.244.66.239 - - [11/Dec/2025:02:44:09 +0100] "GET /platby/article.php?5d4c26=Storm-surge-flooding HTTP/1.1" 200 20951 "-" "Mozilla/5.0 (compatible; DotBot/1.2; +https://opensiteexplorer.org/dotbot; help@moz.com)"
216.244.66.239 - - [11/Dec/2025:02:44:30 +0100] "GET /platby/article.php?5d4c26=ark%3A-ragnarok-broodmother HTTP/1.1" 200 17348 "-" "Mozilla/5.0 (compatible; DotBot/1.2; +https://opensiteexplorer.org/dotbot; help@moz.com)"
185.191.171.11 - - [11/Dec/2025:02:44:50 +0100] "GET /platby/qqap/microsoft-outlook-issues-today-2021 HTTP/1.1" 200 8638 "-" "Mozilla/5.0 (compatible; SemrushBot/7~bl; +http://www.semrush.com/bot.html)"
216.244.66.239 - - [11/Dec/2025:02:44:50 +0100] "GET /platby/article.php?5d4c26=asx-announcements-yesterday HTTP/1.1" 200 22524 "-" "Mozilla/5.0 (compatible; DotBot/1.2; +https://opensiteexplorer.org/dotbot; help@moz.com)"
85.208.96.200 - - [11/Dec/2025:02:44:52 +0100] "GET /platby/hca/why-do-wading-birds-have-long-legs HTTP/1.1" 200 6105 "-" "Mozilla/5.0 (compatible; SemrushBot/7~bl; +http://www.semrush.com/bot.html)"
185.191.171.11 - - [11/Dec/2025:02:44:54 +0100] "GET /platby/72zbxoz/texas-solar-incentives-2020 HTTP/1.1" 200 13239 "-" "Mozilla/5.0 (compatible; SemrushBot/7~bl; +http://www.semrush.com/bot.html)"
204.76.203.206 - - [11/Dec/2025:02:45:02 +0100] "GET /" 400 468 "-" "-"
216.244.66.239 - - [11/Dec/2025:02:45:08 +0100] "GET /platby/article.php?5d4c26=brian-kilmeade-wife HTTP/1.1" 200 24871 "-" "Mozilla/5.0 (compatible; DotBot/1.2; +https://opensiteexplorer.org/dotbot; help@moz.com)"
216.244.66.239 - - [11/Dec/2025:02:45:26 +0100] "GET /platby/article.php?5d4c26=business-insurance-florida HTTP/1.1" 200 18375 "-" "Mozilla/5.0 (compatible; DotBot/1.2; +https://opensiteexplorer.org/dotbot; help@moz.com)"
216.244.66.239 - - [11/Dec/2025:02:45:43 +0100] "GET /platby/article.php?5d4c26=causes-of-mood-swings HTTP/1.1" 200 16247 "-" "Mozilla/5.0 (compatible; DotBot/1.2; +https://opensiteexplorer.org/dotbot; help@moz.com)"
216.244.66.239 - - [11/Dec/2025:02:45:58 +0100] "GET /platby/article.php?5d4c26=devil-survivor-overclocked-amazon HTTP/1.1" 200 17276 "-" "Mozilla/5.0 (compatible; DotBot/1.2; +https://opensiteexplorer.org/dotbot; help@moz.com)"
176.65.149.45 - - [11/Dec/2025:02:46:03 +0100] "GET / HTTP/1.1" 200 316 "-" "Go-http-client/1.1"
85.208.96.211 - - [11/Dec/2025:02:46:05 +0100] "GET /platby/72zbxoz/beaded-hoop-earrings-gold HTTP/1.1" 200 8955 "-" "Mozilla/5.0 (compatible; SemrushBot/7~bl; +http://www.semrush.com/bot.html)"
216.244.66.239 - - [11/Dec/2025:02:46:13 +0100] "GET /platby/article.php?5d4c26=disney%27s-tarzan-longplay HTTP/1.1" 200 20653 "-" "Mozilla/5.0 (compatible; DotBot/1.2; +https://opensiteexplorer.org/dotbot; help@moz.com)"
216.244.66.239 - - [11/Dec/2025:02:46:26 +0100] "GET /platby/article.php?5d4c26=dresser-definition-theatre HTTP/1.1" 200 19392 "-" "Mozilla/5.0 (compatible; DotBot/1.2; +https://opensiteexplorer.org/dotbot; help@moz.com)"
216.244.66.239 - - [11/Dec/2025:02:46:39 +0100] "GET /platby/article.php?5d4c26=ebtek-eddie-bauer HTTP/1.1" 200 23110 "-" "Mozilla/5.0 (compatible; DotBot/1.2; +https://opensiteexplorer.org/dotbot; help@moz.com)"
216.244.66.239 - - [11/Dec/2025:02:46:51 +0100] "GET /platby/article.php?5d4c26=fa-youth-cup-chelsea HTTP/1.1" 200 23813 "-" "Mozilla/5.0 (compatible; DotBot/1.2; +https://opensiteexplorer.org/dotbot; help@moz.com)"
216.244.66.239 - - [11/Dec/2025:02:47:01 +0100] "GET /platby/article.php?5d4c26=fort-wayne-radio-personalities HTTP/1.1" 200 22791 "-" "Mozilla/5.0 (compatible; DotBot/1.2; +https://opensiteexplorer.org/dotbot; help@moz.com)"
20.163.61.119 - - [11/Dec/2025:02:47:05 +0100] "\x16\x03\x01" 403 265 "-" "-"
185.191.171.12 - - [11/Dec/2025:02:47:11 +0100] "GET /platby/qqap/vintage-minolta-35mm-camera HTTP/1.1" 200 7374 "-" "Mozilla/5.0 (compatible; SemrushBot/7~bl; +http://www.semrush.com/bot.html)"
216.244.66.239 - - [11/Dec/2025:02:47:11 +0100] "GET /platby/article.php?5d4c26=game-console-definition HTTP/1.1" 200 18876 "-" "Mozilla/5.0 (compatible; DotBot/1.2; +https://opensiteexplorer.org/dotbot; help@moz.com)"
204.76.203.206 - - [11/Dec/2025:02:47:14 +0100] "GET / HTTP/1.1" 200 316 "-" "Mozilla/5.0 (Windows NT 10.0; Win64; x64) AppleWebKit/537.36 (KHTML, like Gecko) Chrome/90.0.4430.85 Safari/537.36 Edg/90.0.818.46"
216.244.66.239 - - [11/Dec/2025:02:47:20 +0100] "GET /platby/article.php?5d4c26=great-continental-railway-journeys-youtube HTTP/1.1" 200 22250 "-" "Mozilla/5.0 (compatible; DotBot/1.2; +https://opensiteexplorer.org/dotbot; help@moz.com)"
85.208.96.206 - - [11/Dec/2025:02:47:27 +0100] "GET /platby/qqap/funny-dance-moves-to-do-at-a-party HTTP/1.1" 200 7791 "-" "Mozilla/5.0 (compatible; SemrushBot/7~bl; +http://www.semrush.com/bot.html)"
216.244.66.239 - - [11/Dec/2025:02:47:27 +0100] "GET /platby/article.php?5d4c26=how-to-get-excalibur-prime-2020 HTTP/1.1" 200 16359 "-" "Mozilla/5.0 (compatible; DotBot/1.2; +https://opensiteexplorer.org/dotbot; help@moz.com)"
216.244.66.239 - - [11/Dec/2025:02:47:34 +0100] "GET /platby/article.php?5d4c26=jack-doolan-instagram HTTP/1.1" 200 16503 "-" "Mozilla/5.0 (compatible; DotBot/1.2; +https://opensiteexplorer.org/dotbot; help@moz.com)"
185.191.171.16 - - [11/Dec/2025:02:47:38 +0100] "GET /platby/uwoy9/john-grisham-books-2020 HTTP/1.1" 200 7902 "-" "Mozilla/5.0 (compatible; SemrushBot/7~bl; +http://www.semrush.com/bot.html)"
216.244.66.239 - - [11/Dec/2025:02:47:40 +0100] "GET /platby/article.php?5d4c26=jackson-death-kelly HTTP/1.1" 200 18758 "-" "Mozilla/5.0 (compatible; DotBot/1.2; +https://opensiteexplorer.org/dotbot; help@moz.com)"
216.244.66.239 - - [11/Dec/2025:02:47:45 +0100] "GET /platby/article.php?5d4c26=jacoby-brissett-season-stats HTTP/1.1" 200 17683 "-" "Mozilla/5.0 (compatible; DotBot/1.2; +https://opensiteexplorer.org/dotbot; help@moz.com)"
216.244.66.239 - - [11/Dec/2025:02:47:49 +0100] "GET /platby/article.php?5d4c26=loan-approval-process-flowchart HTTP/1.1" 200 17582 "-" "Mozilla/5.0 (compatible; DotBot/1.2; +https://opensiteexplorer.org/dotbot; help@moz.com)"
216.244.66.239 - - [11/Dec/2025:02:47:53 +0100] "GET /platby/article.php?5d4c26=new-puppy-instagram-captions HTTP/1.1" 200 18803 "-" "Mozilla/5.0 (compatible; DotBot/1.2; +https://opensiteexplorer.org/dotbot; help@moz.com)"
216.244.66.239 - - [11/Dec/2025:02:47:56 +0100] "GET /platby/article.php?5d4c26=ogre-battle-best-ending-guide HTTP/1.1" 200 18147 "-" "Mozilla/5.0 (compatible; DotBot/1.2; +https://opensiteexplorer.org/dotbot; help@moz.com)"
216.244.66.239 - - [11/Dec/2025:02:47:58 +0100] "GET /platby/article.php?5d4c26=persona-q-review-reddit HTTP/1.1" 200 21838 "-" "Mozilla/5.0 (compatible; DotBot/1.2; +https://opensiteexplorer.org/dotbot; help@moz.com)"
216.244.66.239 - - [11/Dec/2025:02:48:01 +0100] "GET /platby/article.php?5d4c26=popsugar-fitness-dance HTTP/1.1" 200 23569 "-" "Mozilla/5.0 (compatible; DotBot/1.2; +https://opensiteexplorer.org/dotbot; help@moz.com)"
216.244.66.239 - - [11/Dec/2025:02:48:06 +0100] "GET /platby/article.php?5d4c26=power-poses-photography HTTP/1.1" 200 16770 "-" "Mozilla/5.0 (compatible; DotBot/1.2; +https://opensiteexplorer.org/dotbot; help@moz.com)"
216.244.66.239 - - [11/Dec/2025:02:48:55 +0100] "GET /platby/article.php?5d4c26=skateboard-movies-on-netflix HTTP/1.1" 200 22556 "-" "Mozilla/5.0 (compatible; DotBot/1.2; +https://opensiteexplorer.org/dotbot; help@moz.com)"
185.191.171.13 - - [11/Dec/2025:02:48:55 +0100] "GET /platby/uwoy9/another-word-for-service-provider HTTP/1.1" 200 12639 "-" "Mozilla/5.0 (compatible; SemrushBot/7~bl; +http://www.semrush.com/bot.html)"
216.244.66.239 - - [11/Dec/2025:02:49:37 +0100] "GET /platby/article.php?5d4c26=starcraft%3A-ghost-trailer HTTP/1.1" 200 16265 "-" "Mozilla/5.0 (compatible; DotBot/1.2; +https://opensiteexplorer.org/dotbot; help@moz.com)"
185.191.171.3 - - [11/Dec/2025:02:49:38 +0100] "GET /platby/aohwuyx/massage-envy-charlotte,-nc HTTP/1.1" 200 7549 "-" "Mozilla/5.0 (compatible; SemrushBot/7~bl; +http://www.semrush.com/bot.html)"
185.191.171.15 - - [11/Dec/2025:02:49:47 +0100] "GET /platby/uwoy9/javascript-snippets-for-website HTTP/1.1" 200 15147 "-" "Mozilla/5.0 (compatible; SemrushBot/7~bl; +http://www.semrush.com/bot.html)"
216.244.66.239 - - [11/Dec/2025:02:49:47 +0100] "GET /platby/article.php?5d4c26=table-group-meeting-guide HTTP/1.1" 200 16694 "-" "Mozilla/5.0 (compatible; DotBot/1.2; +https://opensiteexplorer.org/dotbot; help@moz.com)"
216.244.66.239 - - [11/Dec/2025:02:50:17 +0100] "GET /platby/article.php?5d4c26=tamil-thriller-movies-2016 HTTP/1.1" 200 16918 "-" "Mozilla/5.0 (compatible; DotBot/1.2; +https://opensiteexplorer.org/dotbot; help@moz.com)"
216.244.66.239 - - [11/Dec/2025:02:51:16 +0100] "GET /platby/article.php?5d4c26=the-city-of-armagh HTTP/1.1" 200 23122 "-" "Mozilla/5.0 (compatible; DotBot/1.2; +https://opensiteexplorer.org/dotbot; help@moz.com)"
185.191.171.19 - - [11/Dec/2025:02:51:32 +0100] "GET /platby/aohwuyx/scientific-explanations-claim-evidence-reasoning-example HTTP/1.1" 200 7925 "-" "Mozilla/5.0 (compatible; SemrushBot/7~bl; +http://www.semrush.com/bot.html)"
216.244.66.239 - - [11/Dec/2025:02:51:37 +0100] "GET /platby/article.php?5d4c26=the-remnant-newspaper HTTP/1.1" 200 21466 "-" "Mozilla/5.0 (compatible; DotBot/1.2; +https://opensiteexplorer.org/dotbot; help@moz.com)"
85.208.96.209 - - [11/Dec/2025:02:51:37 +0100] "GET /platby/uwoy9/restaurants-near-college-park-marriott-hotel-&-conference-center HTTP/1.1" 200 10680 "-" "Mozilla/5.0 (compatible; SemrushBot/7~bl; +http://www.semrush.com/bot.html)"
185.191.171.2 - - [11/Dec/2025:02:51:44 +0100] "GET /platby/hca/nm-state-softball-tournament-2021 HTTP/1.1" 200 12331 "-" "Mozilla/5.0 (compatible; SemrushBot/7~bl; +http://www.semrush.com/bot.html)"
85.208.96.198 - - [11/Dec/2025:02:51:53 +0100] "GET /platby/hca/boots-of-spanish-leather HTTP/1.1" 200 8160 "-" "Mozilla/5.0 (compatible; SemrushBot/7~bl; +http://www.semrush.com/bot.html)"
104.210.140.136 - - [11/Dec/2025:02:51:59 +0100] "\x16\x03\x01\x02" 403 265 "-" "-"
104.210.140.136 - - [11/Dec/2025:02:52:00 +0100] "\x16\x03\x01\x02" 403 265 "-" "-"
104.210.140.135 - - [11/Dec/2025:02:52:00 +0100] "\x16\x03\x01\x02\x02\x01" 403 265 "-" "-"
104.210.140.140 - - [11/Dec/2025:02:52:01 +0100] "\x16\x03\x01\x02" 403 265 "-" "-"
104.210.140.139 - - [11/Dec/2025:02:52:02 +0100] "\x16\x03\x01\x02-\x01" 403 265 "-" "-"
104.210.140.138 - - [11/Dec/2025:02:52:02 +0100] "\x16\x03\x01\x02-\x01" 403 265 "-" "-"
104.210.140.137 - - [11/Dec/2025:02:52:02 +0100] "\x16\x03\x01\x02" 403 265 "-" "-"
104.210.140.143 - - [11/Dec/2025:02:52:04 +0100] "\x16\x03\x01\x02" 403 265 "-" "-"
104.210.140.142 - - [11/Dec/2025:02:52:05 +0100] "\x16\x03\x01\x02" 403 265 "-" "-"
216.244.66.239 - - [11/Dec/2025:02:52:07 +0100] "GET /platby/article.php?5d4c26=time-of-love-swedish-movie HTTP/1.1" 200 24302 "-" "Mozilla/5.0 (compatible; DotBot/1.2; +https://opensiteexplorer.org/dotbot; help@moz.com)"
71.6.134.232 - - [11/Dec/2025:02:52:16 +0100] "GET / HTTP/1.1" 403 224 "-" "Mozilla/5.0 (Windows NT 10.0; Win64; x64) AppleWebKit/537.36 (KHTML, like Gecko) Chrome/133.0.0.0 Safari/537.36"
185.191.171.3 - - [11/Dec/2025:02:52:24 +0100] "GET /platby/hca/straight-back-straight-through-putting-stroke HTTP/1.1" 200 7385 "-" "Mozilla/5.0 (compatible; SemrushBot/7~bl; +http://www.semrush.com/bot.html)"
185.191.171.1 - - [11/Dec/2025:02:52:26 +0100] "GET /platby/aohwuyx/dwayne-bacon-magic-contract HTTP/1.1" 200 9024 "-" "Mozilla/5.0 (compatible; SemrushBot/7~bl; +http://www.semrush.com/bot.html)"
216.244.66.239 - - [11/Dec/2025:02:52:35 +0100] "GET /platby/article.php?5d4c26=upc-horizon-go-app HTTP/1.1" 200 21992 "-" "Mozilla/5.0 (compatible; DotBot/1.2; +https://opensiteexplorer.org/dotbot; help@moz.com)"
71.6.134.232 - - [11/Dec/2025:02:52:47 +0100] "GET /favicon.ico HTTP/1.1" 403 278 "-" "Mozilla/5.0 (Windows NT 10.0; Win64; x64) AppleWebKit/537.36 (KHTML, like Gecko) Chrome/133.0.0.0 Safari/537.36"
185.191.171.16 - - [11/Dec/2025:02:52:49 +0100] "GET /platby/aohwuyx/top-issues-facing-the-aerospace-&-defense-industry HTTP/1.1" 200 8658 "-" "Mozilla/5.0 (compatible; SemrushBot/7~bl; +http://www.semrush.com/bot.html)"
85.208.96.199 - - [11/Dec/2025:02:53:54 +0100] "GET /platby/qqap/emmanuel-nursing-school HTTP/1.1" 200 9765 "-" "Mozilla/5.0 (compatible; SemrushBot/7~bl; +http://www.semrush.com/bot.html)"
216.244.66.239 - - [11/Dec/2025:02:53:55 +0100] "GET /platby/article.php?5d4c26=what-is-gluten-made-of HTTP/1.1" 200 22514 "-" "Mozilla/5.0 (compatible; DotBot/1.2; +https://opensiteexplorer.org/dotbot; help@moz.com)"
85.208.96.199 - - [11/Dec/2025:02:54:40 +0100] "GET /platby/qqap/emmanuel-nursing-school HTTP/1.1" 200 9765 "-" "Mozilla/5.0 (compatible; SemrushBot/7~bl; +http://www.semrush.com/bot.html)"
216.244.66.239 - - [11/Dec/2025:02:54:40 +0100] "GET /platby/article.php?5d4c26=you-do-something-to-me-lyrics-ella HTTP/1.1" 200 21140 "-" "Mozilla/5.0 (compatible; DotBot/1.2; +https://opensiteexplorer.org/dotbot; help@moz.com)"
216.244.66.239 - - [11/Dec/2025:02:55:08 +0100] "GET /platby/article.php?5d4c26=Don%27t-Burn-Down-the-Bridge HTTP/1.1" 200 23515 "-" "Mozilla/5.0 (compatible; DotBot/1.2; +https://opensiteexplorer.org/dotbot; help@moz.com)"
185.191.171.18 - - [11/Dec/2025:02:55:26 +0100] "GET /robots.txt HTTP/1.1" 200 54 "-" "Mozilla/5.0 (compatible; SemrushBot/7~bl; +http://www.semrush.com/bot.html)"
185.191.171.2 - - [11/Dec/2025:02:55:26 +0100] "GET /platby/uwoy9/eastern-yellow-jacket-sting HTTP/1.1" 200 9156 "-" "Mozilla/5.0 (compatible; SemrushBot/7~bl; +http://www.semrush.com/bot.html)"
146.190.63.48 - - [11/Dec/2025:02:55:27 +0100] "GET /" 400 468 "-" "-"
146.190.63.48 - - [11/Dec/2025:02:55:28 +0100] "GET /" 400 468 "-" "-"
146.190.63.48 - - [11/Dec/2025:02:55:29 +0100] "GET /" 400 468 "-" "-"
146.190.63.48 - - [11/Dec/2025:02:55:29 +0100] "GET /" 400 468 "-" "-"
146.190.63.48 - - [11/Dec/2025:02:55:30 +0100] "GET /" 400 468 "-" "-"
146.190.63.48 - - [11/Dec/2025:02:55:30 +0100] "GET /" 400 468 "-" "-"
146.190.63.48 - - [11/Dec/2025:02:55:31 +0100] "GET /" 400 468 "-" "-"
146.190.63.48 - - [11/Dec/2025:02:55:32 +0100] "GET /" 400 468 "-" "-"
146.190.63.48 - - [11/Dec/2025:02:55:33 +0100] "GET /" 400 468 "-" "-"
216.244.66.239 - - [11/Dec/2025:02:55:34 +0100] "GET /platby/article.php?5d4c26=a-place-further-than-the-universe-season-2 HTTP/1.1" 200 20756 "-" "Mozilla/5.0 (compatible; DotBot/1.2; +https://opensiteexplorer.org/dotbot; help@moz.com)"
146.190.63.48 - - [11/Dec/2025:02:55:34 +0100] "GET /" 400 468 "-" "-"
146.190.63.48 - - [11/Dec/2025:02:55:35 +0100] "GET /" 400 468 "-" "-"
146.190.63.48 - - [11/Dec/2025:02:55:36 +0100] "GET /" 400 468 "-" "-"
146.190.63.48 - - [11/Dec/2025:02:55:37 +0100] "GET /" 400 468 "-" "-"
146.190.63.48 - - [11/Dec/2025:02:55:39 +0100] "GET /" 400 468 "-" "-"
146.190.63.48 - - [11/Dec/2025:02:55:39 +0100] "GET /" 400 468 "-" "-"
146.190.63.48 - - [11/Dec/2025:02:55:40 +0100] "GET /" 400 468 "-" "-"
146.190.63.48 - - [11/Dec/2025:02:55:42 +0100] "GET /" 400 468 "-" "-"
146.190.63.48 - - [11/Dec/2025:02:55:42 +0100] "GET /" 400 468 "-" "-"
146.190.63.48 - - [11/Dec/2025:02:55:44 +0100] "GET /" 400 468 "-" "-"
146.190.63.48 - - [11/Dec/2025:02:55:44 +0100] "GET /" 400 468 "-" "-"
146.190.63.48 - - [11/Dec/2025:02:55:45 +0100] "GET /" 400 468 "-" "-"
146.190.63.48 - - [11/Dec/2025:02:55:47 +0100] "GET /" 400 468 "-" "-"
146.190.63.48 - - [11/Dec/2025:02:55:48 +0100] "GET /" 400 468 "-" "-"
146.190.63.48 - - [11/Dec/2025:02:55:49 +0100] "GET /" 400 468 "-" "-"
146.190.63.48 - - [11/Dec/2025:02:55:50 +0100] "GET /" 400 468 "-" "-"
146.190.63.48 - - [11/Dec/2025:02:55:51 +0100] "GET /" 400 468 "-" "-"
146.190.63.48 - - [11/Dec/2025:02:55:53 +0100] "GET /" 400 468 "-" "-"
146.190.63.48 - - [11/Dec/2025:02:55:53 +0100] "GET /" 400 468 "-" "-"
146.190.63.48 - - [11/Dec/2025:02:55:55 +0100] "GET /" 400 468 "-" "-"
146.190.63.48 - - [11/Dec/2025:02:55:56 +0100] "GET /" 400 468 "-" "-"
146.190.63.48 - - [11/Dec/2025:02:55:57 +0100] "GET /" 400 468 "-" "-"
146.190.63.48 - - [11/Dec/2025:02:55:58 +0100] "GET /" 400 468 "-" "-"
146.190.63.48 - - [11/Dec/2025:02:55:59 +0100] "GET /" 400 468 "-" "-"
146.190.63.48 - - [11/Dec/2025:02:56:00 +0100] "GET /" 400 468 "-" "-"
146.190.63.48 - - [11/Dec/2025:02:56:01 +0100] "GET /" 400 468 "-" "-"
216.244.66.239 - - [11/Dec/2025:02:56:04 +0100] "GET /platby/article.php?5d4c26=all-4-one---i-can-love-you-like-that HTTP/1.1" 200 21859 "-" "Mozilla/5.0 (compatible; DotBot/1.2; +https://opensiteexplorer.org/dotbot; help@moz.com)"
185.191.171.19 - - [11/Dec/2025:02:56:05 +0100] "GET /platby/uwoy9/football-footwork-drills HTTP/1.1" 200 11021 "-" "Mozilla/5.0 (compatible; SemrushBot/7~bl; +http://www.semrush.com/bot.html)"
85.208.96.211 - - [11/Dec/2025:02:56:11 +0100] "GET /platby/qqap/michael-thomas-contract HTTP/1.1" 200 7139 "-" "Mozilla/5.0 (compatible; SemrushBot/7~bl; +http://www.semrush.com/bot.html)"
85.208.96.202 - - [11/Dec/2025:02:56:28 +0100] "GET /platby/uwoy9/school-zone-flash-cards HTTP/1.1" 200 11748 "-" "Mozilla/5.0 (compatible; SemrushBot/7~bl; +http://www.semrush.com/bot.html)"
204.76.203.212 - - [11/Dec/2025:02:56:31 +0100] "GET /" 400 468 "-" "-"
216.244.66.239 - - [11/Dec/2025:02:56:32 +0100] "GET /platby/article.php?5d4c26=apple-watch-4-not-counting-steps HTTP/1.1" 200 24072 "-" "Mozilla/5.0 (compatible; DotBot/1.2; +https://opensiteexplorer.org/dotbot; help@moz.com)"
85.208.96.194 - - [11/Dec/2025:02:56:58 +0100] "GET /platby/hca/engineering-mechanics-statics-and-dynamics-13th-edition-pdf HTTP/1.1" 200 8512 "-" "Mozilla/5.0 (compatible; SemrushBot/7~bl; +http://www.semrush.com/bot.html)"
216.244.66.239 - - [11/Dec/2025:02:57:00 +0100] "GET /platby/article.php?5d4c26=boy-gucci-shoes-for-cheap HTTP/1.1" 200 22251 "-" "Mozilla/5.0 (compatible; DotBot/1.2; +https://opensiteexplorer.org/dotbot; help@moz.com)"
85.208.96.207 - - [11/Dec/2025:02:57:01 +0100] "GET /platby/qqap/typhoon-living-stove-top-kettle HTTP/1.1" 200 8563 "-" "Mozilla/5.0 (compatible; SemrushBot/7~bl; +http://www.semrush.com/bot.html)"
180.191.189.224 - - [11/Dec/2025:02:57:04 +0100] "\x16\x03\x03" 403 265 "-" "-"
216.244.66.239 - - [11/Dec/2025:02:57:27 +0100] "GET /platby/article.php?5d4c26=gangster-grandad-reigate-dead HTTP/1.1" 200 16488 "-" "Mozilla/5.0 (compatible; DotBot/1.2; +https://opensiteexplorer.org/dotbot; help@moz.com)"
185.191.171.9 - - [11/Dec/2025:02:57:40 +0100] "GET /platby/aohwuyx/oak-tree-roots-near-house HTTP/1.1" 200 10568 "-" "Mozilla/5.0 (compatible; SemrushBot/7~bl; +http://www.semrush.com/bot.html)"
216.244.66.239 - - [11/Dec/2025:02:57:53 +0100] "GET /platby/article.php?5d4c26=google-earnings-call-2019 HTTP/1.1" 200 18457 "-" "Mozilla/5.0 (compatible; DotBot/1.2; +https://opensiteexplorer.org/dotbot; help@moz.com)"
85.208.96.211 - - [11/Dec/2025:02:57:54 +0100] "GET /platby/uwoy9/edison-low-income-program HTTP/1.1" 200 14387 "-" "Mozilla/5.0 (compatible; SemrushBot/7~bl; +http://www.semrush.com/bot.html)"
216.244.66.239 - - [11/Dec/2025:02:58:17 +0100] "GET /platby/article.php?5d4c26=how-to-live-on-a-homestead-in-apartment HTTP/1.1" 200 22426 "-" "Mozilla/5.0 (compatible; DotBot/1.2; +https://opensiteexplorer.org/dotbot; help@moz.com)"
185.191.171.4 - - [11/Dec/2025:02:58:36 +0100] "GET /platby/uwoy9/lucy-calkins-writers-workshop HTTP/1.1" 200 7887 "-" "Mozilla/5.0 (compatible; SemrushBot/7~bl; +http://www.semrush.com/bot.html)"
85.208.96.203 - - [11/Dec/2025:02:58:37 +0100] "GET /platby/aohwuyx/owner-using-company-money-for-personal-use HTTP/1.1" 200 10743 "-" "Mozilla/5.0 (compatible; SemrushBot/7~bl; +http://www.semrush.com/bot.html)"
216.244.66.239 - - [11/Dec/2025:02:58:42 +0100] "GET /platby/article.php?5d4c26=joshua-1-%28kjv-audio%29 HTTP/1.1" 200 17845 "-" "Mozilla/5.0 (compatible; DotBot/1.2; +https://opensiteexplorer.org/dotbot; help@moz.com)"
216.244.66.239 - - [11/Dec/2025:02:59:05 +0100] "GET /platby/article.php?5d4c26=kindergarten-teacher-resume-objective HTTP/1.1" 200 21633 "-" "Mozilla/5.0 (compatible; DotBot/1.2; +https://opensiteexplorer.org/dotbot; help@moz.com)"
216.244.66.239 - - [11/Dec/2025:02:59:27 +0100] "GET /platby/article.php?5d4c26=questions-to-ask-your-team-to-improve-performance HTTP/1.1" 200 18042 "-" "Mozilla/5.0 (compatible; DotBot/1.2; +https://opensiteexplorer.org/dotbot; help@moz.com)"
85.208.96.212 - - [11/Dec/2025:02:59:32 +0100] "GET /platby/hca/where-is-tee-martin-coaching HTTP/1.1" 200 7158 "-" "Mozilla/5.0 (compatible; SemrushBot/7~bl; +http://www.semrush.com/bot.html)"
216.244.66.239 - - [11/Dec/2025:02:59:47 +0100] "GET /platby/article.php?5d4c26=senran-kagura-reflexions-mods HTTP/1.1" 200 18718 "-" "Mozilla/5.0 (compatible; DotBot/1.2; +https://opensiteexplorer.org/dotbot; help@moz.com)"
216.244.66.239 - - [11/Dec/2025:03:00:07 +0100] "GET /platby/article.php?5d4c26=titanium-dioxide-in-toothpaste HTTP/1.1" 200 20035 "-" "Mozilla/5.0 (compatible; DotBot/1.2; +https://opensiteexplorer.org/dotbot; help@moz.com)"
85.208.96.198 - - [11/Dec/2025:03:00:20 +0100] "GET /platby/uwoy9/city-lights-bookstore-beat-generation HTTP/1.1" 200 10094 "-" "Mozilla/5.0 (compatible; SemrushBot/7~bl; +http://www.semrush.com/bot.html)"
216.244.66.239 - - [11/Dec/2025:03:00:27 +0100] "GET /platby/article.php?5d4c26=types-of-aerospace-industry HTTP/1.1" 200 21087 "-" "Mozilla/5.0 (compatible; DotBot/1.2; +https://opensiteexplorer.org/dotbot; help@moz.com)"
185.191.171.17 - - [11/Dec/2025:03:00:32 +0100] "GET /platby/uwoy9/meghan-mcdermott-parents HTTP/1.1" 200 10510 "-" "Mozilla/5.0 (compatible; SemrushBot/7~bl; +http://www.semrush.com/bot.html)"
85.208.96.196 - - [11/Dec/2025:03:00:44 +0100] "GET /platby/uwoy9/condos-for-sale-in-marquette,-mi HTTP/1.1" 200 10924 "-" "Mozilla/5.0 (compatible; SemrushBot/7~bl; +http://www.semrush.com/bot.html)"
216.244.66.239 - - [11/Dec/2025:03:00:45 +0100] "GET /platby/article.php?5d4c26=what-does-the-chamber-of-commerce-do-for-my-business HTTP/1.1" 200 25277 "-" "Mozilla/5.0 (compatible; DotBot/1.2; +https://opensiteexplorer.org/dotbot; help@moz.com)"
