216.244.66.239 - - [11/Dec/2025:01:32:32 +0100] "GET /platby/article.php?5d4c26=naples-daily-news-legal-ads HTTP/1.1" 200 16032 "-" "Mozilla/5.0 (compatible; DotBot/1.2; +https://opensiteexplorer.org/dotbot; help@moz.com)"
216.244.66.239 - - [11/Dec/2025:01:32:34 +0100] "GET /platby/article.php?5d4c26=oldest-version-of-minecraft HTTP/1.1" 200 17147 "-" "Mozilla/5.0 (compatible; DotBot/1.2; +https://opensiteexplorer.org/dotbot; help@moz.com)"
216.244.66.239 - - [11/Dec/2025:01:32:35 +0100] "GET /platby/article.php?5d4c26=patron-reposado-price HTTP/1.1" 200 15337 "-" "Mozilla/5.0 (compatible; DotBot/1.2; +https://opensiteexplorer.org/dotbot; help@moz.com)"
216.244.66.239 - - [11/Dec/2025:01:32:36 +0100] "GET /platby/article.php?5d4c26=places-in-liverpool-to-live HTTP/1.1" 200 15310 "-" "Mozilla/5.0 (compatible; DotBot/1.2; +https://opensiteexplorer.org/dotbot; help@moz.com)"
216.244.66.239 - - [11/Dec/2025:01:32:38 +0100] "GET /platby/article.php?5d4c26=rescue-shows-on-tv HTTP/1.1" 200 19877 "-" "Mozilla/5.0 (compatible; DotBot/1.2; +https://opensiteexplorer.org/dotbot; help@moz.com)"
216.244.66.239 - - [11/Dec/2025:01:32:39 +0100] "GET /platby/article.php?5d4c26=rugs-direct-winchester%2C-va HTTP/1.1" 200 18386 "-" "Mozilla/5.0 (compatible; DotBot/1.2; +https://opensiteexplorer.org/dotbot; help@moz.com)"
216.244.66.239 - - [11/Dec/2025:01:32:40 +0100] "GET /platby/article.php?5d4c26=seimone-augustus-wife HTTP/1.1" 200 21277 "-" "Mozilla/5.0 (compatible; DotBot/1.2; +https://opensiteexplorer.org/dotbot; help@moz.com)"
185.191.171.9 - - [11/Dec/2025:01:32:42 +0100] "GET /platby/qqap/brett-greenberg-wizards HTTP/1.1" 200 9641 "-" "Mozilla/5.0 (compatible; SemrushBot/7~bl; +http://www.semrush.com/bot.html)"
216.244.66.239 - - [11/Dec/2025:01:32:42 +0100] "GET /platby/article.php?5d4c26=sentinel-data-dhus HTTP/1.1" 200 24717 "-" "Mozilla/5.0 (compatible; DotBot/1.2; +https://opensiteexplorer.org/dotbot; help@moz.com)"
185.191.171.10 - - [11/Dec/2025:01:32:46 +0100] "GET /platby/qqap/florida-state-university-info HTTP/1.1" 200 11352 "-" "Mozilla/5.0 (compatible; SemrushBot/7~bl; +http://www.semrush.com/bot.html)"
216.244.66.239 - - [11/Dec/2025:01:32:47 +0100] "GET /platby/article.php?5d4c26=sina-1-sina-cosa-1 HTTP/1.1" 200 14652 "-" "Mozilla/5.0 (compatible; DotBot/1.2; +https://opensiteexplorer.org/dotbot; help@moz.com)"
216.244.66.239 - - [11/Dec/2025:01:32:51 +0100] "GET /platby/article.php?5d4c26=smallest-f5-tornado HTTP/1.1" 200 25515 "-" "Mozilla/5.0 (compatible; DotBot/1.2; +https://opensiteexplorer.org/dotbot; help@moz.com)"
216.244.66.239 - - [11/Dec/2025:01:32:55 +0100] "GET /platby/article.php?5d4c26=steven-levy-books HTTP/1.1" 200 23240 "-" "Mozilla/5.0 (compatible; DotBot/1.2; +https://opensiteexplorer.org/dotbot; help@moz.com)"
216.244.66.239 - - [11/Dec/2025:01:32:58 +0100] "GET /platby/article.php?5d4c26=top-knot-headband-pattern HTTP/1.1" 200 19248 "-" "Mozilla/5.0 (compatible; DotBot/1.2; +https://opensiteexplorer.org/dotbot; help@moz.com)"
216.244.66.239 - - [11/Dec/2025:01:33:00 +0100] "GET /platby/article.php?5d4c26=top-quality-shoes HTTP/1.1" 200 20319 "-" "Mozilla/5.0 (compatible; DotBot/1.2; +https://opensiteexplorer.org/dotbot; help@moz.com)"
216.244.66.239 - - [11/Dec/2025:01:33:03 +0100] "GET /platby/article.php?5d4c26=what-was-the-purpose-of-alouette-2 HTTP/1.1" 200 18317 "-" "Mozilla/5.0 (compatible; DotBot/1.2; +https://opensiteexplorer.org/dotbot; help@moz.com)"
216.244.66.239 - - [11/Dec/2025:01:33:04 +0100] "GET /platby/article.php?5d4c26=yeti-hopper-backflip HTTP/1.1" 200 20348 "-" "Mozilla/5.0 (compatible; DotBot/1.2; +https://opensiteexplorer.org/dotbot; help@moz.com)"
216.244.66.239 - - [11/Dec/2025:01:33:06 +0100] "GET /platby/article.php?5d4c26=Grand-Hotel-Reykjavik-restaurant HTTP/1.1" 200 16394 "-" "Mozilla/5.0 (compatible; DotBot/1.2; +https://opensiteexplorer.org/dotbot; help@moz.com)"
216.244.66.239 - - [11/Dec/2025:01:33:07 +0100] "GET /platby/article.php?5d4c26=Hurricane-Irene-Bahamas HTTP/1.1" 200 17649 "-" "Mozilla/5.0 (compatible; DotBot/1.2; +https://opensiteexplorer.org/dotbot; help@moz.com)"
216.244.66.239 - - [11/Dec/2025:01:33:09 +0100] "GET /platby/article.php?5d4c26=abel-tasman-coast-track-map HTTP/1.1" 200 15442 "-" "Mozilla/5.0 (compatible; DotBot/1.2; +https://opensiteexplorer.org/dotbot; help@moz.com)"
185.191.171.15 - - [11/Dec/2025:01:33:14 +0100] "GET /platby/qqap/npm-documentation-generator&sa=U&ved=2ahUKEwir69O32Z7yAhVPTBoKHX9BAvcQFnoECAkQAQ&usg=AOvVaw3IgKiinOMwDomKJReo6DeF/vendor/phpunit/phpunit/src/Util/PHP/eval-stdin.php?id=garnier-olia-hair-color-shades HTTP/1.1" 200 7727 "-" "Mozilla/5.0 (compatible; SemrushBot/7~bl; +http://www.semrush.com/bot.html)"
216.244.66.239 - - [11/Dec/2025:01:33:16 +0100] "GET /platby/article.php?5d4c26=auto-clicker-for-roblox-2019 HTTP/1.1" 200 18138 "-" "Mozilla/5.0 (compatible; DotBot/1.2; +https://opensiteexplorer.org/dotbot; help@moz.com)"
85.208.96.199 - - [11/Dec/2025:01:33:19 +0100] "GET /platby/uwoy9/place-value-counters-printable HTTP/1.1" 200 15462 "-" "Mozilla/5.0 (compatible; SemrushBot/7~bl; +http://www.semrush.com/bot.html)"
216.244.66.239 - - [11/Dec/2025:01:33:21 +0100] "GET /platby/article.php?5d4c26=complaining-is-a-bad-habit HTTP/1.1" 200 19972 "-" "Mozilla/5.0 (compatible; DotBot/1.2; +https://opensiteexplorer.org/dotbot; help@moz.com)"
216.244.66.239 - - [11/Dec/2025:01:33:25 +0100] "GET /platby/article.php?5d4c26=david-sassoon-library-case-study HTTP/1.1" 200 18125 "-" "Mozilla/5.0 (compatible; DotBot/1.2; +https://opensiteexplorer.org/dotbot; help@moz.com)"
216.244.66.239 - - [11/Dec/2025:01:33:29 +0100] "GET /platby/article.php?5d4c26=diablo-hellfire-items HTTP/1.1" 200 18369 "-" "Mozilla/5.0 (compatible; DotBot/1.2; +https://opensiteexplorer.org/dotbot; help@moz.com)"
216.244.66.239 - - [11/Dec/2025:01:33:32 +0100] "GET /platby/article.php?5d4c26=eden-hazard-wage-breakdown HTTP/1.1" 200 15472 "-" "Mozilla/5.0 (compatible; DotBot/1.2; +https://opensiteexplorer.org/dotbot; help@moz.com)"
216.244.66.239 - - [11/Dec/2025:01:33:35 +0100] "GET /platby/article.php?5d4c26=falcon-images-cartoon HTTP/1.1" 200 24611 "-" "Mozilla/5.0 (compatible; DotBot/1.2; +https://opensiteexplorer.org/dotbot; help@moz.com)"
85.208.96.210 - - [11/Dec/2025:01:33:37 +0100] "GET /platby/qqap/j-cole-african-league-stats HTTP/1.1" 200 7188 "-" "Mozilla/5.0 (compatible; SemrushBot/7~bl; +http://www.semrush.com/bot.html)"
216.244.66.239 - - [11/Dec/2025:01:33:37 +0100] "GET /platby/article.php?5d4c26=fema-reservist-job-protection HTTP/1.1" 200 19852 "-" "Mozilla/5.0 (compatible; DotBot/1.2; +https://opensiteexplorer.org/dotbot; help@moz.com)"
216.244.66.239 - - [11/Dec/2025:01:33:39 +0100] "GET /platby/article.php?5d4c26=galeras-last-eruption HTTP/1.1" 200 19108 "-" "Mozilla/5.0 (compatible; DotBot/1.2; +https://opensiteexplorer.org/dotbot; help@moz.com)"
216.244.66.239 - - [11/Dec/2025:01:33:41 +0100] "GET /platby/article.php?5d4c26=how-many-volcanoes-in-costa-rica HTTP/1.1" 200 21629 "-" "Mozilla/5.0 (compatible; DotBot/1.2; +https://opensiteexplorer.org/dotbot; help@moz.com)"
216.244.66.239 - - [11/Dec/2025:01:33:43 +0100] "GET /platby/article.php?5d4c26=information-about-pakistan-in-urdu HTTP/1.1" 200 19864 "-" "Mozilla/5.0 (compatible; DotBot/1.2; +https://opensiteexplorer.org/dotbot; help@moz.com)"
216.244.66.239 - - [11/Dec/2025:01:33:44 +0100] "GET /platby/article.php?5d4c26=is-steens-mountain-open HTTP/1.1" 200 23485 "-" "Mozilla/5.0 (compatible; DotBot/1.2; +https://opensiteexplorer.org/dotbot; help@moz.com)"
216.244.66.239 - - [11/Dec/2025:01:33:45 +0100] "GET /platby/article.php?5d4c26=kick-andy---kasih-pembawa-keselamatan HTTP/1.1" 200 19628 "-" "Mozilla/5.0 (compatible; DotBot/1.2; +https://opensiteexplorer.org/dotbot; help@moz.com)"
216.244.66.239 - - [11/Dec/2025:01:33:47 +0100] "GET /platby/article.php?5d4c26=life-is-worth-living-justin-bieber HTTP/1.1" 200 22902 "-" "Mozilla/5.0 (compatible; DotBot/1.2; +https://opensiteexplorer.org/dotbot; help@moz.com)"
216.244.66.239 - - [11/Dec/2025:01:33:48 +0100] "GET /platby/article.php?5d4c26=lila-miraculous-ladybug HTTP/1.1" 200 21541 "-" "Mozilla/5.0 (compatible; DotBot/1.2; +https://opensiteexplorer.org/dotbot; help@moz.com)"
216.244.66.239 - - [11/Dec/2025:01:33:49 +0100] "GET /platby/article.php?5d4c26=morandi-bridge-location HTTP/1.1" 200 23840 "-" "Mozilla/5.0 (compatible; DotBot/1.2; +https://opensiteexplorer.org/dotbot; help@moz.com)"
216.244.66.239 - - [11/Dec/2025:01:33:50 +0100] "GET /platby/article.php?5d4c26=natalie-canerday-net-worth HTTP/1.1" 200 23455 "-" "Mozilla/5.0 (compatible; DotBot/1.2; +https://opensiteexplorer.org/dotbot; help@moz.com)"
216.244.66.239 - - [11/Dec/2025:01:33:52 +0100] "GET /platby/article.php?5d4c26=nba-2k15-soundtrack HTTP/1.1" 200 21490 "-" "Mozilla/5.0 (compatible; DotBot/1.2; +https://opensiteexplorer.org/dotbot; help@moz.com)"
216.244.66.239 - - [11/Dec/2025:01:33:53 +0100] "GET /platby/article.php?5d4c26=pure-water-lyrics-clean-version HTTP/1.1" 200 13476 "-" "Mozilla/5.0 (compatible; DotBot/1.2; +https://opensiteexplorer.org/dotbot; help@moz.com)"
216.244.66.239 - - [11/Dec/2025:01:33:54 +0100] "GET /platby/article.php?5d4c26=python-update-linux HTTP/1.1" 200 16961 "-" "Mozilla/5.0 (compatible; DotBot/1.2; +https://opensiteexplorer.org/dotbot; help@moz.com)"
216.244.66.239 - - [11/Dec/2025:01:33:55 +0100] "GET /platby/article.php?5d4c26=reality-is-broken-quotes HTTP/1.1" 200 15960 "-" "Mozilla/5.0 (compatible; DotBot/1.2; +https://opensiteexplorer.org/dotbot; help@moz.com)"
216.244.66.239 - - [11/Dec/2025:01:33:56 +0100] "GET /platby/article.php?5d4c26=stop-complaining-meme-coronavirus HTTP/1.1" 200 23371 "-" "Mozilla/5.0 (compatible; DotBot/1.2; +https://opensiteexplorer.org/dotbot; help@moz.com)"
85.208.96.193 - - [11/Dec/2025:01:33:56 +0100] "GET /platby/hca/adidas-sells-taylormade HTTP/1.1" 200 9412 "-" "Mozilla/5.0 (compatible; SemrushBot/7~bl; +http://www.semrush.com/bot.html)"
216.244.66.239 - - [11/Dec/2025:01:33:56 +0100] "GET /platby/article.php?5d4c26=tcc-singapore-membership HTTP/1.1" 200 24148 "-" "Mozilla/5.0 (compatible; DotBot/1.2; +https://opensiteexplorer.org/dotbot; help@moz.com)"
216.244.66.239 - - [11/Dec/2025:01:33:57 +0100] "GET /platby/article.php?5d4c26=unified-public-service HTTP/1.1" 200 24166 "-" "Mozilla/5.0 (compatible; DotBot/1.2; +https://opensiteexplorer.org/dotbot; help@moz.com)"
216.244.66.239 - - [11/Dec/2025:01:33:58 +0100] "GET /platby/article.php?5d4c26=us-satellite-frequencies HTTP/1.1" 200 21744 "-" "Mozilla/5.0 (compatible; DotBot/1.2; +https://opensiteexplorer.org/dotbot; help@moz.com)"
216.244.66.239 - - [11/Dec/2025:01:33:59 +0100] "GET /platby/article.php?5d4c26=weather-forecast-petaling-jaya HTTP/1.1" 200 22077 "-" "Mozilla/5.0 (compatible; DotBot/1.2; +https://opensiteexplorer.org/dotbot; help@moz.com)"
216.244.66.239 - - [11/Dec/2025:01:34:00 +0100] "GET /platby/article.php?5d4c26=animal-crossing%3A-new-horizons-furniture-series HTTP/1.1" 200 20246 "-" "Mozilla/5.0 (compatible; DotBot/1.2; +https://opensiteexplorer.org/dotbot; help@moz.com)"
216.244.66.239 - - [11/Dec/2025:01:34:01 +0100] "GET /platby/article.php?5d4c26=christmas-crash-%282009%29-trailer HTTP/1.1" 200 15789 "-" "Mozilla/5.0 (compatible; DotBot/1.2; +https://opensiteexplorer.org/dotbot; help@moz.com)"
216.244.66.239 - - [11/Dec/2025:01:34:02 +0100] "GET /platby/article.php?5d4c26=computer-science-fundamentals-coursera HTTP/1.1" 200 15556 "-" "Mozilla/5.0 (compatible; DotBot/1.2; +https://opensiteexplorer.org/dotbot; help@moz.com)"
216.244.66.239 - - [11/Dec/2025:01:34:03 +0100] "GET /platby/article.php?5d4c26=counting-crows---this-desert-life HTTP/1.1" 200 21231 "-" "Mozilla/5.0 (compatible; DotBot/1.2; +https://opensiteexplorer.org/dotbot; help@moz.com)"
216.244.66.239 - - [11/Dec/2025:01:34:05 +0100] "GET /platby/article.php?5d4c26=dawn-platinum-foam-refill-target HTTP/1.1" 200 23465 "-" "Mozilla/5.0 (compatible; DotBot/1.2; +https://opensiteexplorer.org/dotbot; help@moz.com)"
216.244.66.239 - - [11/Dec/2025:01:34:06 +0100] "GET /platby/article.php?5d4c26=decoding-hieroglyphics-worksheet HTTP/1.1" 200 19440 "-" "Mozilla/5.0 (compatible; DotBot/1.2; +https://opensiteexplorer.org/dotbot; help@moz.com)"
216.244.66.239 - - [11/Dec/2025:01:34:07 +0100] "GET /platby/article.php?5d4c26=jonagold-apple-nutrition HTTP/1.1" 200 16138 "-" "Mozilla/5.0 (compatible; DotBot/1.2; +https://opensiteexplorer.org/dotbot; help@moz.com)"
216.244.66.239 - - [11/Dec/2025:01:34:08 +0100] "GET /platby/article.php?5d4c26=kathleen-%22annie%22-holcroft HTTP/1.1" 200 25874 "-" "Mozilla/5.0 (compatible; DotBot/1.2; +https://opensiteexplorer.org/dotbot; help@moz.com)"
216.244.66.239 - - [11/Dec/2025:01:34:09 +0100] "GET /platby/article.php?5d4c26=lucky-for-life-time HTTP/1.1" 200 22192 "-" "Mozilla/5.0 (compatible; DotBot/1.2; +https://opensiteexplorer.org/dotbot; help@moz.com)"
216.244.66.239 - - [11/Dec/2025:01:34:10 +0100] "GET /platby/article.php?5d4c26=match-of-the-day-2-live-stream HTTP/1.1" 200 14644 "-" "Mozilla/5.0 (compatible; DotBot/1.2; +https://opensiteexplorer.org/dotbot; help@moz.com)"
216.244.66.239 - - [11/Dec/2025:01:34:11 +0100] "GET /platby/article.php?5d4c26=miraculous-ladybug-season-4-spoilers HTTP/1.1" 200 22379 "-" "Mozilla/5.0 (compatible; DotBot/1.2; +https://opensiteexplorer.org/dotbot; help@moz.com)"
216.244.66.239 - - [11/Dec/2025:01:34:12 +0100] "GET /platby/article.php?5d4c26=o%C4%9Fuzhan-%C3%B6zyakup-fifa-20 HTTP/1.1" 200 20429 "-" "Mozilla/5.0 (compatible; DotBot/1.2; +https://opensiteexplorer.org/dotbot; help@moz.com)"
216.244.66.239 - - [11/Dec/2025:01:34:13 +0100] "GET /platby/article.php?5d4c26=pakistan-institute-of-engineering-and-applied-sciences HTTP/1.1" 200 23089 "-" "Mozilla/5.0 (compatible; DotBot/1.2; +https://opensiteexplorer.org/dotbot; help@moz.com)"
216.244.66.239 - - [11/Dec/2025:01:34:14 +0100] "GET /platby/article.php?5d4c26=polar-mesospheric-clouds HTTP/1.1" 200 24392 "-" "Mozilla/5.0 (compatible; DotBot/1.2; +https://opensiteexplorer.org/dotbot; help@moz.com)"
216.244.66.239 - - [11/Dec/2025:01:34:15 +0100] "GET /platby/article.php?5d4c26=premier-inn-liverpool-moorfields HTTP/1.1" 200 18547 "-" "Mozilla/5.0 (compatible; DotBot/1.2; +https://opensiteexplorer.org/dotbot; help@moz.com)"
216.244.66.239 - - [11/Dec/2025:01:34:16 +0100] "GET /platby/article.php?5d4c26=rolling-girl-lyrics-english-meaning HTTP/1.1" 200 21695 "-" "Mozilla/5.0 (compatible; DotBot/1.2; +https://opensiteexplorer.org/dotbot; help@moz.com)"
216.244.66.239 - - [11/Dec/2025:01:34:17 +0100] "GET /platby/article.php?5d4c26=snap-on-tool-box-with-tools HTTP/1.1" 200 22305 "-" "Mozilla/5.0 (compatible; DotBot/1.2; +https://opensiteexplorer.org/dotbot; help@moz.com)"
85.208.96.210 - - [11/Dec/2025:01:34:17 +0100] "GET /platby/72zbxoz/providence-alaska-medical-center-trauma-level HTTP/1.1" 200 8620 "-" "Mozilla/5.0 (compatible; SemrushBot/7~bl; +http://www.semrush.com/bot.html)"
216.244.66.239 - - [11/Dec/2025:01:34:18 +0100] "GET /platby/article.php?5d4c26=tere-ishq-nachaya-novel HTTP/1.1" 200 19379 "-" "Mozilla/5.0 (compatible; DotBot/1.2; +https://opensiteexplorer.org/dotbot; help@moz.com)"
216.244.66.239 - - [11/Dec/2025:01:34:19 +0100] "GET /platby/article.php?5d4c26=vision-statement-for-insurance-brokers HTTP/1.1" 200 16969 "-" "Mozilla/5.0 (compatible; DotBot/1.2; +https://opensiteexplorer.org/dotbot; help@moz.com)"
216.244.66.239 - - [11/Dec/2025:01:34:20 +0100] "GET /platby/article.php?5d4c26=weather-clifton%2C-nj-07012 HTTP/1.1" 200 18686 "-" "Mozilla/5.0 (compatible; DotBot/1.2; +https://opensiteexplorer.org/dotbot; help@moz.com)"
216.244.66.239 - - [11/Dec/2025:01:34:21 +0100] "GET /platby/article.php?5d4c26=where-can-i-get-a-copy-of-my-passport-certified HTTP/1.1" 200 22827 "-" "Mozilla/5.0 (compatible; DotBot/1.2; +https://opensiteexplorer.org/dotbot; help@moz.com)"
216.244.66.239 - - [11/Dec/2025:01:34:22 +0100] "GET /platby/article.php?5d4c26=where-can-you-open-a-coverdell-education-savings-account-brainly HTTP/1.1" 200 15354 "-" "Mozilla/5.0 (compatible; DotBot/1.2; +https://opensiteexplorer.org/dotbot; help@moz.com)"
216.244.66.239 - - [11/Dec/2025:01:34:23 +0100] "GET /platby/article.php?5d4c26=advantages-and-disadvantages-of-cinema-advertising HTTP/1.1" 200 24307 "-" "Mozilla/5.0 (compatible; DotBot/1.2; +https://opensiteexplorer.org/dotbot; help@moz.com)"
216.244.66.239 - - [11/Dec/2025:01:34:25 +0100] "GET /platby/article.php?5d4c26=how-long-to-beat-kingdom-hearts-birth-by-sleep HTTP/1.1" 200 24513 "-" "Mozilla/5.0 (compatible; DotBot/1.2; +https://opensiteexplorer.org/dotbot; help@moz.com)"
216.244.66.239 - - [11/Dec/2025:01:34:26 +0100] "GET /platby/article.php?5d4c26=scrum%3A-the-art-of-doing-twice-the-work-in-half-the-time-citation HTTP/1.1" 200 19760 "-" "Mozilla/5.0 (compatible; DotBot/1.2; +https://opensiteexplorer.org/dotbot; help@moz.com)"
216.244.66.239 - - [11/Dec/2025:01:34:27 +0100] "GET /platby/article.php?5d4c26=shoulder-injuries-from-falling-on-an-outstretched-arm HTTP/1.1" 200 16858 "-" "Mozilla/5.0 (compatible; DotBot/1.2; +https://opensiteexplorer.org/dotbot; help@moz.com)"
216.244.66.239 - - [11/Dec/2025:01:34:28 +0100] "GET /platby/article.php?5d4c26=slick-rick---the-ruler%27s-back HTTP/1.1" 200 17842 "-" "Mozilla/5.0 (compatible; DotBot/1.2; +https://opensiteexplorer.org/dotbot; help@moz.com)"
216.244.66.239 - - [11/Dec/2025:01:34:29 +0100] "GET /platby/aohwuyx/types-of-messages-in-business-communication HTTP/1.1" 200 45213 "-" "Mozilla/5.0 (compatible; DotBot/1.2; +https://opensiteexplorer.org/dotbot; help@moz.com)"
216.244.66.239 - - [11/Dec/2025:01:34:30 +0100] "GET /platby/uwoy9/private-beach-house-rentals-uk HTTP/1.1" 200 49524 "-" "Mozilla/5.0 (compatible; DotBot/1.2; +https://opensiteexplorer.org/dotbot; help@moz.com)"
216.244.66.239 - - [11/Dec/2025:01:34:31 +0100] "GET /platby/uwoy9/villarreal-cf-unai-emery HTTP/1.1" 200 43662 "-" "Mozilla/5.0 (compatible; DotBot/1.2; +https://opensiteexplorer.org/dotbot; help@moz.com)"
216.244.66.239 - - [11/Dec/2025:01:34:33 +0100] "GET /platby/aohwuyx/intel-server-configurator HTTP/1.1" 200 50187 "-" "Mozilla/5.0 (compatible; DotBot/1.2; +https://opensiteexplorer.org/dotbot; help@moz.com)"
216.244.66.239 - - [11/Dec/2025:01:34:34 +0100] "GET /platby/uwoy9/monarch-mountain-lodge HTTP/1.1" 200 32773 "-" "Mozilla/5.0 (compatible; DotBot/1.2; +https://opensiteexplorer.org/dotbot; help@moz.com)"
216.244.66.239 - - [11/Dec/2025:01:34:35 +0100] "GET /platby/aohwuyx/staffordshire-potteries-ltd HTTP/1.1" 200 36799 "-" "Mozilla/5.0 (compatible; DotBot/1.2; +https://opensiteexplorer.org/dotbot; help@moz.com)"
216.244.66.239 - - [11/Dec/2025:01:34:36 +0100] "GET /platby/aohwuyx/highest-temperature-on-earth-in-celsius HTTP/1.1" 200 41191 "-" "Mozilla/5.0 (compatible; DotBot/1.2; +https://opensiteexplorer.org/dotbot; help@moz.com)"
85.208.96.204 - - [11/Dec/2025:01:35:00 +0100] "GET /platby/uwoy9/fellow-duo-coffee-steeper HTTP/1.1" 200 10707 "-" "Mozilla/5.0 (compatible; SemrushBot/7~bl; +http://www.semrush.com/bot.html)"
185.191.171.13 - - [11/Dec/2025:01:35:15 +0100] "GET /platby/aohwuyx/sharife-cooper-college HTTP/1.1" 200 12485 "-" "Mozilla/5.0 (compatible; SemrushBot/7~bl; +http://www.semrush.com/bot.html)"
204.76.203.206 - - [11/Dec/2025:01:35:27 +0100] "GET /" 400 468 "-" "-"
185.191.171.8 - - [11/Dec/2025:01:35:48 +0100] "GET /platby/72zbxoz/scrabble-crossword-generator HTTP/1.1" 200 13309 "-" "Mozilla/5.0 (compatible; SemrushBot/7~bl; +http://www.semrush.com/bot.html)"
85.208.96.205 - - [11/Dec/2025:01:35:50 +0100] "GET /platby/uwoy9/umass-boston-curriculum HTTP/1.1" 200 14267 "-" "Mozilla/5.0 (compatible; SemrushBot/7~bl; +http://www.semrush.com/bot.html)"
185.191.171.3 - - [11/Dec/2025:01:35:52 +0100] "GET /platby/aohwuyx/riverbend-apartments-memphis,-tn HTTP/1.1" 200 13519 "-" "Mozilla/5.0 (compatible; SemrushBot/7~bl; +http://www.semrush.com/bot.html)"
141.98.11.170 - - [11/Dec/2025:01:36:54 +0100] "GET /" 400 468 "-" "-"
204.76.203.206 - - [11/Dec/2025:01:37:06 +0100] "GET / HTTP/1.1" 200 316 "-" "Mozilla/5.0 (Windows NT 10.0; Win64; x64) AppleWebKit/537.36 (KHTML, like Gecko) Chrome/90.0.4430.85 Safari/537.36 Edg/90.0.818.46"
185.191.171.18 - - [11/Dec/2025:01:37:49 +0100] "GET /platby/hca/how-did-eurasian-watermilfoil-get-here HTTP/1.1" 200 7729 "-" "Mozilla/5.0 (compatible; SemrushBot/7~bl; +http://www.semrush.com/bot.html)"
141.76.94.17 - - [11/Dec/2025:01:37:51 +0100] "\x16\x03\x01\x05\xc6\x01" 403 265 "-" "-"
141.76.94.17 - - [11/Dec/2025:01:37:55 +0100] "\x16\x03\x01\x05\xc6\x01" 403 265 "-" "-"
185.191.171.18 - - [11/Dec/2025:01:39:22 +0100] "GET /platby/hca/how-did-eurasian-watermilfoil-get-here HTTP/1.1" 200 7729 "-" "Mozilla/5.0 (compatible; SemrushBot/7~bl; +http://www.semrush.com/bot.html)"
185.191.171.18 - - [11/Dec/2025:01:39:54 +0100] "GET /platby/qqap/dog-friendly-breakfast-portland HTTP/1.1" 200 6542 "-" "Mozilla/5.0 (compatible; SemrushBot/7~bl; +http://www.semrush.com/bot.html)"
185.191.171.18 - - [11/Dec/2025:01:40:14 +0100] "GET /platby/qqap/dog-friendly-breakfast-portland HTTP/1.1" 200 6542 "-" "Mozilla/5.0 (compatible; SemrushBot/7~bl; +http://www.semrush.com/bot.html)"
85.208.96.197 - - [11/Dec/2025:01:40:51 +0100] "GET /platby/hca/fingerprint-sensor-not-working HTTP/1.1" 200 7957 "-" "Mozilla/5.0 (compatible; SemrushBot/7~bl; +http://www.semrush.com/bot.html)"
85.208.96.205 - - [11/Dec/2025:01:42:24 +0100] "GET /platby/72zbxoz/famous-dreams-that-came-true HTTP/1.1" 200 11221 "-" "Mozilla/5.0 (compatible; SemrushBot/7~bl; +http://www.semrush.com/bot.html)"
185.191.171.13 - - [11/Dec/2025:01:42:33 +0100] "GET /robots.txt HTTP/1.1" 200 54 "-" "Mozilla/5.0 (compatible; SemrushBot/7~bl; +http://www.semrush.com/bot.html)"
185.191.171.13 - - [11/Dec/2025:01:42:41 +0100] "GET /robots.txt HTTP/1.1" 200 54 "-" "Mozilla/5.0 (compatible; SemrushBot/7~bl; +http://www.semrush.com/bot.html)"
85.208.96.205 - - [11/Dec/2025:01:43:07 +0100] "GET /platby/72zbxoz/famous-dreams-that-came-true HTTP/1.1" 200 11221 "-" "Mozilla/5.0 (compatible; SemrushBot/7~bl; +http://www.semrush.com/bot.html)"
199.30.231.5 - - [11/Dec/2025:01:43:44 +0100] "\x16\x03\x01" 403 265 "-" "-"
199.30.231.5 - - [11/Dec/2025:01:44:16 +0100] "\x16\x03\x01" 403 265 "-" "-"
185.191.171.16 - - [11/Dec/2025:01:44:41 +0100] "GET /platby/uwoy9/dbt-govt-payment-scholarship HTTP/1.1" 200 9077 "-" "Mozilla/5.0 (compatible; SemrushBot/7~bl; +http://www.semrush.com/bot.html)"
185.191.171.16 - - [11/Dec/2025:01:44:52 +0100] "GET /platby/uwoy9/dbt-govt-payment-scholarship HTTP/1.1" 200 9077 "-" "Mozilla/5.0 (compatible; SemrushBot/7~bl; +http://www.semrush.com/bot.html)"
185.191.171.11 - - [11/Dec/2025:01:46:32 +0100] "GET /platby/uwoy9/link's-awakening-gameplay HTTP/1.1" 200 9180 "-" "Mozilla/5.0 (compatible; SemrushBot/7~bl; +http://www.semrush.com/bot.html)"
185.191.171.11 - - [11/Dec/2025:01:46:38 +0100] "GET /platby/uwoy9/link's-awakening-gameplay HTTP/1.1" 200 9180 "-" "Mozilla/5.0 (compatible; SemrushBot/7~bl; +http://www.semrush.com/bot.html)"
185.243.96.116 - - [11/Dec/2025:01:47:08 +0100] "\x03" 501 268 "-" "-"
85.208.96.211 - - [11/Dec/2025:01:47:09 +0100] "GET /platby/qqap/best-food-in-hot-springs-arkansas HTTP/1.1" 200 10189 "-" "Mozilla/5.0 (compatible; SemrushBot/7~bl; +http://www.semrush.com/bot.html)"
85.208.96.209 - - [11/Dec/2025:01:47:19 +0100] "GET /platby/aohwuyx/wyomissing-restaurant-and-bakery-menu HTTP/1.1" 200 11050 "-" "Mozilla/5.0 (compatible; SemrushBot/7~bl; +http://www.semrush.com/bot.html)"
85.208.96.197 - - [11/Dec/2025:01:47:23 +0100] "GET /platby/aohwuyx/repossessed-houses-for-sale-near-me HTTP/1.1" 200 8955 "-" "Mozilla/5.0 (compatible; SemrushBot/7~bl; +http://www.semrush.com/bot.html)"
185.191.171.19 - - [11/Dec/2025:01:47:26 +0100] "GET /platby/aohwuyx/comic-book-news-websites HTTP/1.1" 200 14708 "-" "Mozilla/5.0 (compatible; SemrushBot/7~bl; +http://www.semrush.com/bot.html)"
185.191.171.11 - - [11/Dec/2025:01:47:27 +0100] "GET /platby/qqap/townhomes-for-rent-jacksonville,-ar HTTP/1.1" 200 8851 "-" "Mozilla/5.0 (compatible; SemrushBot/7~bl; +http://www.semrush.com/bot.html)"
185.191.171.15 - - [11/Dec/2025:01:47:29 +0100] "GET /platby/72zbxoz/massart-film%2Fvideo-faculty HTTP/1.1" 404 809 "-" "Mozilla/5.0 (compatible; SemrushBot/7~bl; +http://www.semrush.com/bot.html)"
85.208.96.194 - - [11/Dec/2025:01:47:31 +0100] "GET /platby/aohwuyx/federal-court-jurisdiction HTTP/1.1" 200 10771 "-" "Mozilla/5.0 (compatible; SemrushBot/7~bl; +http://www.semrush.com/bot.html)"
85.208.96.199 - - [11/Dec/2025:01:47:32 +0100] "GET /platby/aohwuyx/dazzy-vance-uniform-number HTTP/1.1" 200 10362 "-" "Mozilla/5.0 (compatible; SemrushBot/7~bl; +http://www.semrush.com/bot.html)"
185.191.171.13 - - [11/Dec/2025:01:47:34 +0100] "GET /platby/hca/edgewood-school-scarsdale HTTP/1.1" 200 12101 "-" "Mozilla/5.0 (compatible; SemrushBot/7~bl; +http://www.semrush.com/bot.html)"
85.208.96.211 - - [11/Dec/2025:01:47:37 +0100] "GET /platby/hca/class-of-2024-high-school-football-rankings HTTP/1.1" 200 9469 "-" "Mozilla/5.0 (compatible; SemrushBot/7~bl; +http://www.semrush.com/bot.html)"
185.191.171.7 - - [11/Dec/2025:01:47:39 +0100] "GET /platby/72zbxoz/arizona-rattlers-score-today HTTP/1.1" 200 12464 "-" "Mozilla/5.0 (compatible; SemrushBot/7~bl; +http://www.semrush.com/bot.html)"
85.208.96.199 - - [11/Dec/2025:01:47:41 +0100] "GET /platby/hca/where-is-babylon-located HTTP/1.1" 200 7412 "-" "Mozilla/5.0 (compatible; SemrushBot/7~bl; +http://www.semrush.com/bot.html)"
185.191.171.13 - - [11/Dec/2025:01:47:43 +0100] "GET /platby/qqap/display-fingerprint-lock-screen HTTP/1.1" 200 6216 "-" "Mozilla/5.0 (compatible; SemrushBot/7~bl; +http://www.semrush.com/bot.html)"
85.208.96.193 - - [11/Dec/2025:01:47:45 +0100] "GET /platby/72zbxoz/a-league-attendance-2020%2F21 HTTP/1.1" 404 809 "-" "Mozilla/5.0 (compatible; SemrushBot/7~bl; +http://www.semrush.com/bot.html)"
185.191.171.4 - - [11/Dec/2025:01:47:47 +0100] "GET /platby/qqap/live-track-meet-results HTTP/1.1" 200 10393 "-" "Mozilla/5.0 (compatible; SemrushBot/7~bl; +http://www.semrush.com/bot.html)"
85.208.96.209 - - [11/Dec/2025:01:47:48 +0100] "GET /platby/aohwuyx/college-baseball-mercy-rule HTTP/1.1" 200 8905 "-" "Mozilla/5.0 (compatible; SemrushBot/7~bl; +http://www.semrush.com/bot.html)"
185.191.171.16 - - [11/Dec/2025:01:47:51 +0100] "GET /platby/hca/adoration-of-the-child-lippi HTTP/1.1" 200 10735 "-" "Mozilla/5.0 (compatible; SemrushBot/7~bl; +http://www.semrush.com/bot.html)"
141.98.11.170 - - [11/Dec/2025:01:47:52 +0100] "GET / HTTP/1.1" 200 316 "-" "Mozilla/5.0 (Windows NT 10.0; Win64; x64) AppleWebKit/537.36 (KHTML, like Gecko) Chrome/90.0.4430.85 Safari/537.36 Edg/90.0.818.46"
85.208.96.209 - - [11/Dec/2025:01:47:53 +0100] "GET /platby/hca/massachusetts-unemployment-rate HTTP/1.1" 200 5360 "-" "Mozilla/5.0 (compatible; SemrushBot/7~bl; +http://www.semrush.com/bot.html)"
85.208.96.193 - - [11/Dec/2025:01:47:55 +0100] "GET /platby/qqap/lucy-griffiths-joe-calzaghe HTTP/1.1" 200 8484 "-" "Mozilla/5.0 (compatible; SemrushBot/7~bl; +http://www.semrush.com/bot.html)"
85.208.96.211 - - [11/Dec/2025:01:47:56 +0100] "GET /platby/qqap/body-language-looking-down-at-the-floor HTTP/1.1" 200 10506 "-" "Mozilla/5.0 (compatible; SemrushBot/7~bl; +http://www.semrush.com/bot.html)"
185.191.171.4 - - [11/Dec/2025:01:47:58 +0100] "GET /platby/qqap/when-do-gabi-and-josh-get-together HTTP/1.1" 200 7856 "-" "Mozilla/5.0 (compatible; SemrushBot/7~bl; +http://www.semrush.com/bot.html)"
185.191.171.4 - - [11/Dec/2025:01:48:00 +0100] "GET /platby/uwoy9/earn-by-whatsapp-status-in-kenya HTTP/1.1" 200 11032 "-" "Mozilla/5.0 (compatible; SemrushBot/7~bl; +http://www.semrush.com/bot.html)"
85.208.96.197 - - [11/Dec/2025:01:48:01 +0100] "GET /platby/hca/netherlands-w-sofascore HTTP/1.1" 200 10139 "-" "Mozilla/5.0 (compatible; SemrushBot/7~bl; +http://www.semrush.com/bot.html)"
85.208.96.203 - - [11/Dec/2025:01:48:03 +0100] "GET /platby/aohwuyx/arnor-deluxe-hotel-&-spa-booking HTTP/1.1" 200 8038 "-" "Mozilla/5.0 (compatible; SemrushBot/7~bl; +http://www.semrush.com/bot.html)"
79.124.40.174 - - [11/Dec/2025:01:48:04 +0100] "\x16\x03\x01\x05\xa8\x01" 403 265 "-" "-"
185.191.171.17 - - [11/Dec/2025:01:48:04 +0100] "GET /platby/uwoy9/speciation,-or-the-formation-of-new-species,-is HTTP/1.1" 200 7755 "-" "Mozilla/5.0 (compatible; SemrushBot/7~bl; +http://www.semrush.com/bot.html)"
85.208.96.196 - - [11/Dec/2025:01:48:05 +0100] "GET /platby/72zbxoz/british-walking-tour-companies HTTP/1.1" 200 11252 "-" "Mozilla/5.0 (compatible; SemrushBot/7~bl; +http://www.semrush.com/bot.html)"
185.191.171.7 - - [11/Dec/2025:01:48:07 +0100] "GET /platby/72zbxoz/regis-high-school-alumni-magazine HTTP/1.1" 200 10797 "-" "Mozilla/5.0 (compatible; SemrushBot/7~bl; +http://www.semrush.com/bot.html)"
85.208.96.209 - - [11/Dec/2025:01:48:08 +0100] "GET /platby/qqap/guiding-principles-for-diversity-and-inclusion HTTP/1.1" 200 12206 "-" "Mozilla/5.0 (compatible; SemrushBot/7~bl; +http://www.semrush.com/bot.html)"
185.191.171.17 - - [11/Dec/2025:01:48:10 +0100] "GET /platby/aohwuyx/short-words-that-start-with-q HTTP/1.1" 200 10287 "-" "Mozilla/5.0 (compatible; SemrushBot/7~bl; +http://www.semrush.com/bot.html)"
185.191.171.16 - - [11/Dec/2025:01:48:14 +0100] "GET /platby/uwoy9/city-car-driving-simulator-2-top-speed HTTP/1.1" 200 10419 "-" "Mozilla/5.0 (compatible; SemrushBot/7~bl; +http://www.semrush.com/bot.html)"
185.191.171.17 - - [11/Dec/2025:01:48:16 +0100] "GET /platby/aohwuyx/subway-catering-promo-code HTTP/1.1" 200 8726 "-" "Mozilla/5.0 (compatible; SemrushBot/7~bl; +http://www.semrush.com/bot.html)"
185.191.171.17 - - [11/Dec/2025:01:48:18 +0100] "GET /platby/72zbxoz/fess-parker-ranch-horseback-adventure HTTP/1.1" 200 14588 "-" "Mozilla/5.0 (compatible; SemrushBot/7~bl; +http://www.semrush.com/bot.html)"
185.191.171.7 - - [11/Dec/2025:01:48:51 +0100] "GET /platby/uwoy9/http-digest-authentication-tutorial HTTP/1.1" 200 10079 "-" "Mozilla/5.0 (compatible; SemrushBot/7~bl; +http://www.semrush.com/bot.html)"
85.208.96.199 - - [11/Dec/2025:01:49:06 +0100] "GET /platby/aohwuyx/grimes-county-texas-property-search HTTP/1.1" 200 14900 "-" "Mozilla/5.0 (compatible; SemrushBot/7~bl; +http://www.semrush.com/bot.html)"
185.191.171.14 - - [11/Dec/2025:01:49:26 +0100] "GET /platby/uwoy9/catholic-charities-help HTTP/1.1" 200 15283 "-" "Mozilla/5.0 (compatible; SemrushBot/7~bl; +http://www.semrush.com/bot.html)"
85.208.96.202 - - [11/Dec/2025:01:49:35 +0100] "GET /platby/aohwuyx/15-day-weather-forecast-for-bryan,-tx HTTP/1.1" 200 12077 "-" "Mozilla/5.0 (compatible; SemrushBot/7~bl; +http://www.semrush.com/bot.html)"
185.191.171.17 - - [11/Dec/2025:01:49:45 +0100] "GET /platby/uwoy9/georgia-school-closures-2021 HTTP/1.1" 200 9014 "-" "Mozilla/5.0 (compatible; SemrushBot/7~bl; +http://www.semrush.com/bot.html)"
85.208.96.194 - - [11/Dec/2025:01:50:00 +0100] "GET /platby/hca/medium-duplicate-content HTTP/1.1" 200 7330 "-" "Mozilla/5.0 (compatible; SemrushBot/7~bl; +http://www.semrush.com/bot.html)"
185.191.171.15 - - [11/Dec/2025:01:50:53 +0100] "GET /platby/qqap/self-regulation-activities-for-toddlers HTTP/1.1" 200 6498 "-" "Mozilla/5.0 (compatible; SemrushBot/7~bl; +http://www.semrush.com/bot.html)"
185.191.171.5 - - [11/Dec/2025:01:51:12 +0100] "GET /platby/72zbxoz/used-teeter-inversion-table HTTP/1.1" 200 8593 "-" "Mozilla/5.0 (compatible; SemrushBot/7~bl; +http://www.semrush.com/bot.html)"
85.208.96.199 - - [11/Dec/2025:01:51:17 +0100] "GET /platby/hca/best-cryogenic-engine-in-the-world HTTP/1.1" 200 10579 "-" "Mozilla/5.0 (compatible; SemrushBot/7~bl; +http://www.semrush.com/bot.html)"
85.208.96.207 - - [11/Dec/2025:01:51:38 +0100] "GET /platby/72zbxoz/best-music-videos-of-all-time-2010s HTTP/1.1" 200 13743 "-" "Mozilla/5.0 (compatible; SemrushBot/7~bl; +http://www.semrush.com/bot.html)"
185.243.96.116 - - [11/Dec/2025:01:51:55 +0100] "\x03" 501 268 "-" "-"
3.83.76.234 - - [11/Dec/2025:01:51:55 +0100] "\x16\x03\x01\x01\x18\x01" 403 265 "-" "-"
185.191.171.7 - - [11/Dec/2025:01:52:02 +0100] "GET /platby/hca/asics-gel-kayano-28-release-date HTTP/1.1" 200 5826 "-" "Mozilla/5.0 (compatible; SemrushBot/7~bl; +http://www.semrush.com/bot.html)"
85.208.96.198 - - [11/Dec/2025:01:52:51 +0100] "GET /platby/72zbxoz/what-is-subsidized-housing HTTP/1.1" 200 13486 "-" "Mozilla/5.0 (compatible; SemrushBot/7~bl; +http://www.semrush.com/bot.html)"
95.154.200.42 - - [11/Dec/2025:01:53:01 +0100] "\x16\x03\x01\x05\xf1\x01" 403 265 "-" "-"
185.191.171.14 - - [11/Dec/2025:01:53:04 +0100] "GET /platby/uwoy9/responsive-web-design-certification HTTP/1.1" 200 13190 "-" "Mozilla/5.0 (compatible; SemrushBot/7~bl; +http://www.semrush.com/bot.html)"
95.154.200.42 - - [11/Dec/2025:01:53:16 +0100] "\x16\x03\x01\x05\xf1\x01" 403 265 "-" "-"
85.208.96.195 - - [11/Dec/2025:01:53:27 +0100] "GET /platby/uwoy9/please-let-me-know-your-thoughts-and-suggestions HTTP/1.1" 200 12542 "-" "Mozilla/5.0 (compatible; SemrushBot/7~bl; +http://www.semrush.com/bot.html)"
85.208.96.193 - - [11/Dec/2025:01:53:36 +0100] "GET /platby/hca/short-prayer-for-protection-for-a-friend HTTP/1.1" 200 13219 "-" "Mozilla/5.0 (compatible; SemrushBot/7~bl; +http://www.semrush.com/bot.html)"
204.76.203.206 - - [11/Dec/2025:01:53:39 +0100] "GET /" 400 468 "-" "-"
185.191.171.14 - - [11/Dec/2025:01:53:45 +0100] "GET /platby/aohwuyx/snapchat-login-on-computer HTTP/1.1" 200 9877 "-" "Mozilla/5.0 (compatible; SemrushBot/7~bl; +http://www.semrush.com/bot.html)"
185.191.171.8 - - [11/Dec/2025:01:54:03 +0100] "GET /platby/qqap/samsung-galaxy-a31-otg-support HTTP/1.1" 200 12633 "-" "Mozilla/5.0 (compatible; SemrushBot/7~bl; +http://www.semrush.com/bot.html)"
85.208.96.196 - - [11/Dec/2025:01:54:05 +0100] "GET /platby/72zbxoz/pinta-island-tortoise-facts HTTP/1.1" 200 13559 "-" "Mozilla/5.0 (compatible; SemrushBot/7~bl; +http://www.semrush.com/bot.html)"
85.208.96.212 - - [11/Dec/2025:01:54:30 +0100] "GET /platby/aohwuyx/mike-mazurki-cause-of-death HTTP/1.1" 200 14810 "-" "Mozilla/5.0 (compatible; SemrushBot/7~bl; +http://www.semrush.com/bot.html)"
185.191.171.12 - - [11/Dec/2025:01:54:43 +0100] "GET /platby/uwoy9/venture-capital-firms-in-sports HTTP/1.1" 200 15797 "-" "Mozilla/5.0 (compatible; SemrushBot/7~bl; +http://www.semrush.com/bot.html)"
204.76.203.206 - - [11/Dec/2025:01:54:47 +0100] "GET / HTTP/1.1" 200 316 "-" "Mozilla/5.0 (Windows NT 10.0; Win64; x64) AppleWebKit/537.36 (KHTML, like Gecko) Chrome/90.0.4430.85 Safari/537.36 Edg/90.0.818.46"
85.208.96.203 - - [11/Dec/2025:01:55:24 +0100] "GET /platby/uwoy9/enter-a-sentence-to-diagram HTTP/1.1" 200 9677 "-" "Mozilla/5.0 (compatible; SemrushBot/7~bl; +http://www.semrush.com/bot.html)"
185.191.171.4 - - [11/Dec/2025:01:55:48 +0100] "GET /platby/qqap/cookie-based-authentication-node-js HTTP/1.1" 200 12029 "-" "Mozilla/5.0 (compatible; SemrushBot/7~bl; +http://www.semrush.com/bot.html)"
185.191.171.18 - - [11/Dec/2025:01:56:03 +0100] "GET /platby/hca/infant-mortality-rate HTTP/1.1" 200 6616 "-" "Mozilla/5.0 (compatible; SemrushBot/7~bl; +http://www.semrush.com/bot.html)"
85.208.96.197 - - [11/Dec/2025:01:56:47 +0100] "GET /platby/aohwuyx/black-bellied-whistling-duck-lifespan HTTP/1.1" 200 11256 "-" "Mozilla/5.0 (compatible; SemrushBot/7~bl; +http://www.semrush.com/bot.html)"
185.191.171.3 - - [11/Dec/2025:01:56:49 +0100] "GET /platby/hca/methods-of-listening-skills HTTP/1.1" 200 12909 "-" "Mozilla/5.0 (compatible; SemrushBot/7~bl; +http://www.semrush.com/bot.html)"
185.191.171.14 - - [11/Dec/2025:01:57:12 +0100] "GET /platby/aohwuyx/what-are-the-responsibilities-of-the-state-government HTTP/1.1" 200 9351 "-" "Mozilla/5.0 (compatible; SemrushBot/7~bl; +http://www.semrush.com/bot.html)"
185.191.171.8 - - [11/Dec/2025:01:57:20 +0100] "GET /platby/72zbxoz/vivo-v5-face-lock-setting HTTP/1.1" 200 15259 "-" "Mozilla/5.0 (compatible; SemrushBot/7~bl; +http://www.semrush.com/bot.html)"
57.141.0.17 - - [11/Dec/2025:01:57:24 +0100] "\x16\x03\x01\x01P\x01" 403 265 "-" "-"
185.191.171.7 - - [11/Dec/2025:01:57:24 +0100] "GET /platby/uwoy9/queens-head-tirril-landlord HTTP/1.1" 200 15107 "-" "Mozilla/5.0 (compatible; SemrushBot/7~bl; +http://www.semrush.com/bot.html)"
185.191.171.14 - - [11/Dec/2025:01:57:48 +0100] "GET /platby/aohwuyx/huawei-p8-lite-android-version HTTP/1.1" 200 10578 "-" "Mozilla/5.0 (compatible; SemrushBot/7~bl; +http://www.semrush.com/bot.html)"
185.191.171.15 - - [11/Dec/2025:01:58:02 +0100] "GET /platby/aohwuyx/medium-custom-domain-2021 HTTP/1.1" 200 11584 "-" "Mozilla/5.0 (compatible; SemrushBot/7~bl; +http://www.semrush.com/bot.html)"
185.191.171.19 - - [11/Dec/2025:01:58:04 +0100] "GET /platby/aohwuyx/inspirational-message-for-a-lonely-person HTTP/1.1" 200 10251 "-" "Mozilla/5.0 (compatible; SemrushBot/7~bl; +http://www.semrush.com/bot.html)"
85.208.96.212 - - [11/Dec/2025:01:59:05 +0100] "GET /platby/qqap/division-3-colleges-in-new-york HTTP/1.1" 200 8950 "-" "Mozilla/5.0 (compatible; SemrushBot/7~bl; +http://www.semrush.com/bot.html)"
185.191.171.9 - - [11/Dec/2025:01:59:20 +0100] "GET /platby/uwoy9/brushy-island-sherwood-arkansas HTTP/1.1" 200 13332 "-" "Mozilla/5.0 (compatible; SemrushBot/7~bl; +http://www.semrush.com/bot.html)"
185.191.171.14 - - [11/Dec/2025:01:59:41 +0100] "GET /platby/uwoy9/what-causes-high-chromium-levels HTTP/1.1" 200 9209 "-" "Mozilla/5.0 (compatible; SemrushBot/7~bl; +http://www.semrush.com/bot.html)"
85.208.96.204 - - [11/Dec/2025:01:59:52 +0100] "GET /platby/uwoy9/nigeria-basketball-team-roster-2021 HTTP/1.1" 200 7765 "-" "Mozilla/5.0 (compatible; SemrushBot/7~bl; +http://www.semrush.com/bot.html)"
85.208.96.210 - - [11/Dec/2025:02:00:28 +0100] "GET /platby/qqap/how-to-record-screen-on-windows-10-without-xbox HTTP/1.1" 200 11058 "-" "Mozilla/5.0 (compatible; SemrushBot/7~bl; +http://www.semrush.com/bot.html)"
185.191.171.1 - - [11/Dec/2025:02:00:39 +0100] "GET /platby/72zbxoz/bestowed-upon-me-synonym HTTP/1.1" 200 9902 "-" "Mozilla/5.0 (compatible; SemrushBot/7~bl; +http://www.semrush.com/bot.html)"
185.191.171.17 - - [11/Dec/2025:02:00:41 +0100] "GET /platby/hca/roboto-mono-ligatures HTTP/1.1" 200 5529 "-" "Mozilla/5.0 (compatible; SemrushBot/7~bl; +http://www.semrush.com/bot.html)"
185.191.171.4 - - [11/Dec/2025:02:00:49 +0100] "GET /platby/qqap/monstercat-album-covers HTTP/1.1" 200 8956 "-" "Mozilla/5.0 (compatible; SemrushBot/7~bl; +http://www.semrush.com/bot.html)"
185.191.171.5 - - [11/Dec/2025:02:01:07 +0100] "GET /platby/uwoy9/as-fast-as-possible-synonym HTTP/1.1" 200 8646 "-" "Mozilla/5.0 (compatible; SemrushBot/7~bl; +http://www.semrush.com/bot.html)"
185.191.171.11 - - [11/Dec/2025:02:01:20 +0100] "GET /platby/hca/eyebrow-waxing-raleigh,-nc HTTP/1.1" 200 11518 "-" "Mozilla/5.0 (compatible; SemrushBot/7~bl; +http://www.semrush.com/bot.html)"
185.191.171.5 - - [11/Dec/2025:02:01:22 +0100] "GET /platby/uwoy9/wimbledon-high-school-leavers-destinations HTTP/1.1" 200 10102 "-" "Mozilla/5.0 (compatible; SemrushBot/7~bl; +http://www.semrush.com/bot.html)"
85.208.96.193 - - [11/Dec/2025:02:01:45 +0100] "GET /platby/72zbxoz/colourpop-cosmetics-pr-email HTTP/1.1" 200 15185 "-" "Mozilla/5.0 (compatible; SemrushBot/7~bl; +http://www.semrush.com/bot.html)"
185.191.171.19 - - [11/Dec/2025:02:01:48 +0100] "GET /platby/qqap/cause-of-covid-19-pandemic HTTP/1.1" 200 7594 "-" "Mozilla/5.0 (compatible; SemrushBot/7~bl; +http://www.semrush.com/bot.html)"
85.208.96.195 - - [11/Dec/2025:02:02:05 +0100] "GET /platby/uwoy9/jurassic-coast-fossils HTTP/1.1" 200 8331 "-" "Mozilla/5.0 (compatible; SemrushBot/7~bl; +http://www.semrush.com/bot.html)"
195.177.94.189 - - [11/Dec/2025:02:03:52 +0100] "GET /phpmyadmin/scripts/setup.php HTTP/1.1" 200 11106 "-" "Mozilla/4.0 (compatible; MSIE 6.0; MSIE 5.5; Windows NT 5.1) Opera 7.01 [en]"
195.177.94.189 - - [11/Dec/2025:02:03:52 +0100] "POST /phpmyadmin/scripts/setup.php HTTP/1.1" 200 11106 "http://109.105.49.240:8081/phpmyadmin/scripts/setup.php" "Mozilla/4.0 (compatible; MSIE 6.0; MSIE 5.5; Windows NT 5.1) Opera 7.01 [en]"
185.191.171.5 - - [11/Dec/2025:02:03:56 +0100] "GET /platby/hca/highlander-research-and-education-center-rosa-parks HTTP/1.1" 200 7607 "-" "Mozilla/5.0 (compatible; SemrushBot/7~bl; +http://www.semrush.com/bot.html)"
185.191.171.5 - - [11/Dec/2025:02:04:01 +0100] "GET /platby/hca/highlander-research-and-education-center-rosa-parks HTTP/1.1" 200 7607 "-" "Mozilla/5.0 (compatible; SemrushBot/7~bl; +http://www.semrush.com/bot.html)"
185.191.171.14 - - [11/Dec/2025:02:04:13 +0100] "GET /platby/hca/brock-holt-minor-league-stats HTTP/1.1" 200 9705 "-" "Mozilla/5.0 (compatible; SemrushBot/7~bl; +http://www.semrush.com/bot.html)"
85.208.96.210 - - [11/Dec/2025:02:04:19 +0100] "GET /platby/aohwuyx/providence-login-for-employees HTTP/1.1" 200 10409 "-" "Mozilla/5.0 (compatible; SemrushBot/7~bl; +http://www.semrush.com/bot.html)"
185.191.171.19 - - [11/Dec/2025:02:04:20 +0100] "GET /platby/hca/packers-tight-ends-2020 HTTP/1.1" 200 7585 "-" "Mozilla/5.0 (compatible; SemrushBot/7~bl; +http://www.semrush.com/bot.html)"
85.208.96.210 - - [11/Dec/2025:02:04:31 +0100] "GET /platby/uwoy9/sunny-side-game-steam HTTP/1.1" 200 14105 "-" "Mozilla/5.0 (compatible; SemrushBot/7~bl; +http://www.semrush.com/bot.html)"
195.177.94.189 - - [11/Dec/2025:02:04:34 +0100] "GET /phpmyadmin/scripts/setup.php HTTP/1.1" 200 11105 "-" "Mozilla/4.0 (compatible; MSIE 6.0; MSIE 5.5; Windows NT 5.1) Opera 7.01 [en]"
195.177.94.189 - - [11/Dec/2025:02:04:34 +0100] "POST /phpmyadmin/scripts/setup.php HTTP/1.1" 200 18608 "http://109.105.49.240:443/phpmyadmin/scripts/setup.php" "Mozilla/4.0 (compatible; MSIE 6.0; MSIE 5.5; Windows NT 5.1) Opera 7.01 [en]"
185.191.171.12 - - [11/Dec/2025:02:04:51 +0100] "GET /platby/aohwuyx/organizational-psychology-topics HTTP/1.1" 200 14283 "-" "Mozilla/5.0 (compatible; SemrushBot/7~bl; +http://www.semrush.com/bot.html)"
185.191.171.3 - - [11/Dec/2025:02:05:00 +0100] "GET /platby/qqap/university-of-north-dakota-football-stadium HTTP/1.1" 200 9618 "-" "Mozilla/5.0 (compatible; SemrushBot/7~bl; +http://www.semrush.com/bot.html)"
185.191.171.13 - - [11/Dec/2025:02:05:08 +0100] "GET /platby/qqap/hero-wars-warriors-list HTTP/1.1" 200 6237 "-" "Mozilla/5.0 (compatible; SemrushBot/7~bl; +http://www.semrush.com/bot.html)"
185.191.171.9 - - [11/Dec/2025:02:05:19 +0100] "GET /platby/72zbxoz/bold-and-beautiful-spoilers-celebrity-dirty-laundry HTTP/1.1" 200 9709 "-" "Mozilla/5.0 (compatible; SemrushBot/7~bl; +http://www.semrush.com/bot.html)"
185.191.171.9 - - [11/Dec/2025:02:05:21 +0100] "GET /platby/hca/how-many-3-pointers-has-curry-made HTTP/1.1" 200 6412 "-" "Mozilla/5.0 (compatible; SemrushBot/7~bl; +http://www.semrush.com/bot.html)"
85.208.96.205 - - [11/Dec/2025:02:05:26 +0100] "GET /platby/72zbxoz/larry-poindexter-wife HTTP/1.1" 200 13523 "-" "Mozilla/5.0 (compatible; SemrushBot/7~bl; +http://www.semrush.com/bot.html)"
74.7.230.12 - - [11/Dec/2025:02:05:42 +0100] "\x16\x03\x01\x01\x02\x01" 403 265 "-" "-"
74.7.230.12 - - [11/Dec/2025:02:05:42 +0100] "\x16\x03\x01\x02" 403 265 "-" "-"
74.7.230.12 - - [11/Dec/2025:02:05:43 +0100] "\x16\x03\x01\x02" 403 265 "-" "-"
85.208.96.202 - - [11/Dec/2025:02:05:44 +0100] "GET /platby/hca/is-kashin-koji-stronger-than-jiraiya HTTP/1.1" 200 10878 "-" "Mozilla/5.0 (compatible; SemrushBot/7~bl; +http://www.semrush.com/bot.html)"
199.30.231.5 - - [11/Dec/2025:02:06:32 +0100] "\x16\x03\x01" 403 265 "-" "-"
85.208.96.212 - - [11/Dec/2025:02:06:32 +0100] "GET /platby/uwoy9/work-from-home-funny-memes HTTP/1.1" 200 9289 "-" "Mozilla/5.0 (compatible; SemrushBot/7~bl; +http://www.semrush.com/bot.html)"
85.208.96.207 - - [11/Dec/2025:02:07:03 +0100] "GET /platby/uwoy9/waterfront-resorts-sale HTTP/1.1" 200 12005 "-" "Mozilla/5.0 (compatible; SemrushBot/7~bl; +http://www.semrush.com/bot.html)"
185.191.171.9 - - [11/Dec/2025:02:07:09 +0100] "GET /platby/aohwuyx/google-pixel-5-fingerprint HTTP/1.1" 200 11211 "-" "Mozilla/5.0 (compatible; SemrushBot/7~bl; +http://www.semrush.com/bot.html)"
204.76.203.212 - - [11/Dec/2025:02:07:18 +0100] "GET /" 400 468 "-" "-"
85.208.96.209 - - [11/Dec/2025:02:07:20 +0100] "GET /platby/hca/big-sentence-for-kindergarten HTTP/1.1" 200 8931 "-" "Mozilla/5.0 (compatible; SemrushBot/7~bl; +http://www.semrush.com/bot.html)"
85.208.96.212 - - [11/Dec/2025:02:07:54 +0100] "GET /platby/uwoy9/hp-webcam-driver-windows-10 HTTP/1.1" 200 10093 "-" "Mozilla/5.0 (compatible; SemrushBot/7~bl; +http://www.semrush.com/bot.html)"
85.208.96.212 - - [11/Dec/2025:02:08:00 +0100] "GET /platby/72zbxoz/journey-2:-the-mysterious-island-trailer HTTP/1.1" 200 9079 "-" "Mozilla/5.0 (compatible; SemrushBot/7~bl; +http://www.semrush.com/bot.html)"
185.191.171.17 - - [11/Dec/2025:02:08:52 +0100] "GET /platby/qqap/umgc-registrar-office HTTP/1.1" 200 9388 "-" "Mozilla/5.0 (compatible; SemrushBot/7~bl; +http://www.semrush.com/bot.html)"
185.191.171.14 - - [11/Dec/2025:02:09:28 +0100] "GET /platby/uwoy9/who-is-choreographer-of-nadiyon-paar HTTP/1.1" 200 11813 "-" "Mozilla/5.0 (compatible; SemrushBot/7~bl; +http://www.semrush.com/bot.html)"
185.191.171.5 - - [11/Dec/2025:02:09:33 +0100] "GET /platby/uwoy9/mariah-carey-piano-chords HTTP/1.1" 200 13198 "-" "Mozilla/5.0 (compatible; SemrushBot/7~bl; +http://www.semrush.com/bot.html)"
104.210.140.137 - - [11/Dec/2025:02:09:44 +0100] "\x16\x03\x01\x02\x01\x01" 403 265 "-" "-"
104.210.140.135 - - [11/Dec/2025:02:09:44 +0100] "\x16\x03\x01\x02" 403 265 "-" "-"
104.210.140.129 - - [11/Dec/2025:02:09:46 +0100] "\x16\x03\x01\x02" 403 265 "-" "-"
104.210.140.131 - - [11/Dec/2025:02:09:46 +0100] "\x16\x03\x01\x02" 403 265 "-" "-"
104.210.140.136 - - [11/Dec/2025:02:09:47 +0100] "\x16\x03\x01\x02" 403 265 "-" "-"
104.210.140.130 - - [11/Dec/2025:02:09:47 +0100] "\x16\x03\x01\x02" 403 265 "-" "-"
185.191.171.13 - - [11/Dec/2025:02:09:47 +0100] "GET /platby/aohwuyx/good-friend-vs-best-friend-meme HTTP/1.1" 200 8236 "-" "Mozilla/5.0 (compatible; SemrushBot/7~bl; +http://www.semrush.com/bot.html)"
85.208.96.202 - - [11/Dec/2025:02:09:58 +0100] "GET /platby/aohwuyx/what-happened-to-the-baby-in-them HTTP/1.1" 200 9095 "-" "Mozilla/5.0 (compatible; SemrushBot/7~bl; +http://www.semrush.com/bot.html)"
185.191.171.12 - - [11/Dec/2025:02:10:04 +0100] "GET /platby/hca/advantage-driving-school HTTP/1.1" 200 12141 "-" "Mozilla/5.0 (compatible; SemrushBot/7~bl; +http://www.semrush.com/bot.html)"
204.76.203.206 - - [11/Dec/2025:02:10:07 +0100] "GET /" 400 468 "-" "-"
185.191.171.13 - - [11/Dec/2025:02:10:16 +0100] "GET /platby/hca/townsend-harris-principal HTTP/1.1" 200 7020 "-" "Mozilla/5.0 (compatible; SemrushBot/7~bl; +http://www.semrush.com/bot.html)"
85.208.96.193 - - [11/Dec/2025:02:10:21 +0100] "GET /platby/hca/ghetto-film-school-name HTTP/1.1" 200 9187 "-" "Mozilla/5.0 (compatible; SemrushBot/7~bl; +http://www.semrush.com/bot.html)"
172.203.190.140 - - [11/Dec/2025:02:10:42 +0100] "\x16\x03\x01\x02" 403 265 "-" "-"
172.203.190.143 - - [11/Dec/2025:02:10:42 +0100] "\x16\x03\x01\x02" 403 265 "-" "-"
172.203.190.142 - - [11/Dec/2025:02:10:42 +0100] "\x16\x03\x01\x02" 403 265 "-" "-"
172.203.190.133 - - [11/Dec/2025:02:10:43 +0100] "\x16\x03\x01\x02" 403 265 "-" "-"
172.203.190.143 - - [11/Dec/2025:02:10:43 +0100] "\x16\x03\x01\x02" 403 265 "-" "-"
172.203.190.128 - - [11/Dec/2025:02:10:43 +0100] "\x16\x03\x01\x02" 403 265 "-" "-"
172.203.190.136 - - [11/Dec/2025:02:10:44 +0100] "\x16\x03\x01\x02" 403 265 "-" "-"
172.203.190.132 - - [11/Dec/2025:02:10:44 +0100] "\x16\x03\x01\x02" 403 265 "-" "-"
172.203.190.131 - - [11/Dec/2025:02:10:44 +0100] "\x16\x03\x01\x02" 403 265 "-" "-"
172.203.190.142 - - [11/Dec/2025:02:10:45 +0100] "\x16\x03\x01\x02" 403 265 "-" "-"
172.203.190.132 - - [11/Dec/2025:02:10:45 +0100] "\x16\x03\x01\x02" 403 265 "-" "-"
172.203.190.140 - - [11/Dec/2025:02:10:45 +0100] "\x16\x03\x01\x02" 403 265 "-" "-"
172.203.190.135 - - [11/Dec/2025:02:10:46 +0100] "\x16\x03\x01\x02" 403 265 "-" "-"
172.203.190.132 - - [11/Dec/2025:02:10:46 +0100] "\x16\x03\x01\x029\x01" 403 265 "-" "-"
172.203.190.139 - - [11/Dec/2025:02:10:46 +0100] "\x16\x03\x01\x02" 403 265 "-" "-"
172.203.190.130 - - [11/Dec/2025:02:10:47 +0100] "\x16\x03\x01\x029\x01" 403 265 "-" "-"
185.191.171.12 - - [11/Dec/2025:02:10:55 +0100] "GET /platby/aohwuyx/themes-in-children's-literature-pdf HTTP/1.1" 200 9181 "-" "Mozilla/5.0 (compatible; SemrushBot/7~bl; +http://www.semrush.com/bot.html)"
185.191.171.11 - - [11/Dec/2025:02:11:12 +0100] "GET /platby/72zbxoz/bhujangasana-contraindications HTTP/1.1" 200 9612 "-" "Mozilla/5.0 (compatible; SemrushBot/7~bl; +http://www.semrush.com/bot.html)"
44.208.193.63 - - [11/Dec/2025:02:11:13 +0100] "GET /platby/72zbxoz/regis-high-school-graduation-2021 HTTP/1.1" 200 13789 "-" "Mozilla/5.0 AppleWebKit/537.36 (KHTML, like Gecko; compatible; Amazonbot/0.1; +https://developer.amazon.com/support/amazonbot) Chrome/119.0.6045.214 Safari/537.36"
85.208.96.211 - - [11/Dec/2025:02:11:41 +0100] "GET /platby/hca/charlie-morton-advanced-stats HTTP/1.1" 200 7777 "-" "Mozilla/5.0 (compatible; SemrushBot/7~bl; +http://www.semrush.com/bot.html)"
185.191.171.6 - - [11/Dec/2025:02:11:54 +0100] "GET /platby/qqap/headphone-jack-not-working---dell-laptop HTTP/1.1" 200 9090 "-" "Mozilla/5.0 (compatible; SemrushBot/7~bl; +http://www.semrush.com/bot.html)"
85.208.96.202 - - [11/Dec/2025:02:12:02 +0100] "GET /platby/hca/how-to-apologize-professionally HTTP/1.1" 200 13807 "-" "Mozilla/5.0 (compatible; SemrushBot/7~bl; +http://www.semrush.com/bot.html)"
204.76.203.206 - - [11/Dec/2025:02:12:22 +0100] "GET / HTTP/1.1" 200 316 "-" "Mozilla/5.0 (Windows NT 10.0; Win64; x64) AppleWebKit/537.36 (KHTML, like Gecko) Chrome/90.0.4430.85 Safari/537.36 Edg/90.0.818.46"
85.208.96.202 - - [11/Dec/2025:02:13:44 +0100] "GET /platby/72zbxoz/scientifically-best-time-to-wake-up HTTP/1.1" 200 9485 "-" "Mozilla/5.0 (compatible; SemrushBot/7~bl; +http://www.semrush.com/bot.html)"
