216.244.66.239 - - [12/Dec/2025:20:51:18 +0100] "GET /platby/aohwuyx/respecting-others%27-opinions-quotes HTTP/1.1" 200 43284 "-" "Mozilla/5.0 (compatible; DotBot/1.2; +https://opensiteexplorer.org/dotbot; help@moz.com)"
114.119.128.6 - - [12/Dec/2025:20:51:57 +0100] "GET /platby/article.php?5d4c26=fancy-bear-twitter HTTP/1.1" 200 5612 "http://ispc.klape.eu/platby/article.php?5d4c26=What-does-NOS4A2-mean" "Mozilla/5.0 (Linux; Android 7.0;) AppleWebKit/537.36 (KHTML, like Gecko) Mobile Safari/537.36 (compatible; PetalBot;+https://webmaster.petalsearch.com/site/petalbot)"
216.244.66.239 - - [12/Dec/2025:20:52:11 +0100] "GET /platby/uwoy9/state-flower-of-arkansas HTTP/1.1" 200 49363 "-" "Mozilla/5.0 (compatible; DotBot/1.2; +https://opensiteexplorer.org/dotbot; help@moz.com)"
114.119.139.66 - - [12/Dec/2025:20:53:21 +0100] "GET /platby/article.php?5d4c26=douglas-luiz-brother HTTP/1.1" 200 6149 "http://ispc.klape.eu/platby/article.php?5d4c26=could-swissair-111-have-landed" "Mozilla/5.0 (Linux; Android 7.0;) AppleWebKit/537.36 (KHTML, like Gecko) Mobile Safari/537.36 (compatible; PetalBot;+https://webmaster.petalsearch.com/site/petalbot)"
64.71.131.243 - - [12/Dec/2025:20:54:40 +0100] "\x16\x03\x01\x02" 403 265 "-" "-"
64.71.131.243 - - [12/Dec/2025:20:54:41 +0100] "\x16\x03\x01\x02" 403 265 "-" "-"
114.119.152.142 - - [12/Dec/2025:20:54:48 +0100] "GET /platby/article.php?5d4c26=coop-supercard-verloren HTTP/1.1" 200 5056 "http://ispc.klape.eu/platby/article.php?5d4c26=youth-under-armour-shorts" "Mozilla/5.0 (Linux; Android 7.0;) AppleWebKit/537.36 (KHTML, like Gecko) Mobile Safari/537.36 (compatible; PetalBot;+https://webmaster.petalsearch.com/site/petalbot)"
3.213.106.226 - - [12/Dec/2025:20:54:52 +0100] "GET /platby/qqap/bucs-vs-saints-2020-playoffs HTTP/1.1" 200 9636 "-" "Mozilla/5.0 AppleWebKit/537.36 (KHTML, like Gecko; compatible; Amazonbot/0.1; +https://developer.amazon.com/support/amazonbot) Chrome/119.0.6045.214 Safari/537.36"
44.205.180.155 - - [12/Dec/2025:20:54:56 +0100] "GET /platby/qqap/teeradon-supapunpinyo-bl HTTP/1.1" 200 12833 "-" "Mozilla/5.0 AppleWebKit/537.36 (KHTML, like Gecko; compatible; Amazonbot/0.1; +https://developer.amazon.com/support/amazonbot) Chrome/119.0.6045.214 Safari/537.36"
52.44.174.136 - - [12/Dec/2025:20:55:00 +0100] "GET /platby/qqap/mountain-west-women's-soccer-standings HTTP/1.1" 200 9645 "-" "Mozilla/5.0 AppleWebKit/537.36 (KHTML, like Gecko; compatible; Amazonbot/0.1; +https://developer.amazon.com/support/amazonbot) Chrome/119.0.6045.214 Safari/537.36"
204.76.203.206 - - [12/Dec/2025:20:55:01 +0100] "GET /" 400 468 "-" "-"
184.73.195.18 - - [12/Dec/2025:20:55:04 +0100] "GET /platby/aohwuyx/cleveland-stadium-capacity HTTP/1.1" 200 13864 "-" "Mozilla/5.0 AppleWebKit/537.36 (KHTML, like Gecko; compatible; Amazonbot/0.1; +https://developer.amazon.com/support/amazonbot) Chrome/119.0.6045.214 Safari/537.36"
50.16.72.185 - - [12/Dec/2025:20:55:08 +0100] "GET /platby/qqap/indoor-american-football-field-near-me HTTP/1.1" 200 13891 "-" "Mozilla/5.0 AppleWebKit/537.36 (KHTML, like Gecko; compatible; Amazonbot/0.1; +https://developer.amazon.com/support/amazonbot) Chrome/119.0.6045.214 Safari/537.36"
3.214.176.44 - - [12/Dec/2025:20:55:12 +0100] "GET /platby/uwoy9/showdown-upgrades-fifa-21 HTTP/1.1" 200 9868 "-" "Mozilla/5.0 AppleWebKit/537.36 (KHTML, like Gecko; compatible; Amazonbot/0.1; +https://developer.amazon.com/support/amazonbot) Chrome/119.0.6045.214 Safari/537.36"
34.196.6.199 - - [12/Dec/2025:20:55:16 +0100] "GET /platby/72zbxoz/allendale-columbia-school HTTP/1.1" 200 8074 "-" "Mozilla/5.0 AppleWebKit/537.36 (KHTML, like Gecko; compatible; Amazonbot/0.1; +https://developer.amazon.com/support/amazonbot) Chrome/119.0.6045.214 Safari/537.36"
18.235.158.19 - - [12/Dec/2025:20:55:20 +0100] "GET /platby/qqap/recent-deaths-in-council-bluffs,-iowa HTTP/1.1" 200 10928 "-" "Mozilla/5.0 AppleWebKit/537.36 (KHTML, like Gecko; compatible; Amazonbot/0.1; +https://developer.amazon.com/support/amazonbot) Chrome/119.0.6045.214 Safari/537.36"
37.123.187.230 - - [12/Dec/2025:20:55:32 +0100] "\x16\x03\x01\x07\x15\x01" 403 265 "-" "-"
37.123.187.230 - - [12/Dec/2025:20:55:33 +0100] "\x16\x03\x01\x07\x15\x01" 403 265 "-" "-"
114.119.152.142 - - [12/Dec/2025:20:56:06 +0100] "GET /platby/article.php?5d4c26=climbing-mount-shishaldin HTTP/1.1" 200 7862 "http://ispc.klape.eu/platby/article.php?5d4c26=sugarland---want-to" "Mozilla/5.0 (Linux; Android 7.0;) AppleWebKit/537.36 (KHTML, like Gecko) Mobile Safari/537.36 (compatible; PetalBot;+https://webmaster.petalsearch.com/site/petalbot)"
204.76.203.206 - - [12/Dec/2025:20:56:13 +0100] "GET / HTTP/1.1" 200 316 "-" "Mozilla/5.0 (Windows NT 10.0; Win64; x64) AppleWebKit/537.36 (KHTML, like Gecko) Chrome/90.0.4430.85 Safari/537.36 Edg/90.0.818.46"
114.119.152.142 - - [12/Dec/2025:20:57:30 +0100] "GET /platby/article.php?5d4c26=boom-beach-hq-16-upgrade-order HTTP/1.1" 200 6221 "http://ispc.klape.eu/platby/article.php?5d4c26=Opposite-of-ewe" "Mozilla/5.0 (Linux; Android 7.0;) AppleWebKit/537.36 (KHTML, like Gecko) Mobile Safari/537.36 (compatible; PetalBot;+https://webmaster.petalsearch.com/site/petalbot)"
114.119.152.142 - - [12/Dec/2025:20:58:56 +0100] "GET /platby/article.php?5d4c26=boktai:-the-sun-is-in-your-hand HTTP/1.1" 200 5882 "http://ispc.klape.eu/platby/article.php?5d4c26=mariequita%2C-the-awakening" "Mozilla/5.0 (Linux; Android 7.0;) AppleWebKit/537.36 (KHTML, like Gecko) Mobile Safari/537.36 (compatible; PetalBot;+https://webmaster.petalsearch.com/site/petalbot)"
152.58.155.158 - - [12/Dec/2025:20:58:58 +0100] "\x16\x03\x01\x06\xf3\x01" 403 265 "-" "-"
152.58.155.158 - - [12/Dec/2025:20:58:59 +0100] "\x16\x03\x01\x06\xb3\x01" 403 265 "-" "-"
114.119.152.142 - - [12/Dec/2025:21:00:18 +0100] "GET /platby/article.php?5d4c26=best-farewell-email HTTP/1.1" 200 7845 "http://ispc.klape.eu/platby/article.php?5d4c26=The-reign-of-Queen-Victoria" "Mozilla/5.0 (Linux; Android 7.0;) AppleWebKit/537.36 (KHTML, like Gecko) Mobile Safari/537.36 (compatible; PetalBot;+https://webmaster.petalsearch.com/site/petalbot)"
114.119.130.237 - - [12/Dec/2025:21:01:42 +0100] "GET /platby/article.php?5d4c26=believed-to-be-the-first-large-planet-to-develop HTTP/1.1" 200 7547 "http://ispc.klape.eu/platby/article.php?5d4c26=automation-testing-engineer-course-%28linkedin-learning-%E2%80%93-lynda%29" "Mozilla/5.0 (Linux; Android 7.0;) AppleWebKit/537.36 (KHTML, like Gecko) Mobile Safari/537.36 (compatible; PetalBot;+https://webmaster.petalsearch.com/site/petalbot)"
62.60.130.228 - - [12/Dec/2025:21:02:05 +0100] "\x16\x03\x01\x02" 403 265 "-" "-"
62.60.130.228 - - [12/Dec/2025:21:02:05 +0100] "GET /wp-login.php HTTP/1.1" 404 809 "https://www.linkedin.com/" "Mozilla/5.0 (Windows NT 11.0; Win64; x64) AppleWebKit/537.36 (KHTML, like Gecko) Chrome/121.0.6167.85 Safari/537.36"
62.60.130.228 - - [12/Dec/2025:21:02:06 +0100] "\x16\x03\x01\x02" 403 265 "-" "-"
62.60.130.228 - - [12/Dec/2025:21:02:06 +0100] "\x16\x03\x01\x02" 403 265 "-" "-"
62.60.130.228 - - [12/Dec/2025:21:02:06 +0100] "\x16\x03\x01\x02" 403 265 "-" "-"
62.60.130.228 - - [12/Dec/2025:21:02:07 +0100] "\x16\x03\x01\x02" 403 265 "-" "-"
62.60.130.228 - - [12/Dec/2025:21:02:07 +0100] "\x16\x03\x01\x02" 403 265 "-" "-"
62.60.130.228 - - [12/Dec/2025:21:02:07 +0100] "\x16\x03\x01\x02" 403 265 "-" "-"
62.60.130.228 - - [12/Dec/2025:21:02:08 +0100] "\x16\x03\x01\x02" 403 265 "-" "-"
62.60.130.228 - - [12/Dec/2025:21:02:08 +0100] "\x16\x03\x01\x02" 403 265 "-" "-"
62.60.130.228 - - [12/Dec/2025:21:02:08 +0100] "\x16\x03\x01\x02" 403 265 "-" "-"
62.60.130.228 - - [12/Dec/2025:21:02:09 +0100] "\x16\x03\x01\x02" 403 265 "-" "-"
62.60.130.228 - - [12/Dec/2025:21:02:09 +0100] "\x16\x03\x01\x02" 403 265 "-" "-"
114.119.128.6 - - [12/Dec/2025:21:03:07 +0100] "GET /platby/article.php?5d4c26=bandish-drama-plot HTTP/1.1" 200 7664 "http://ispc.klape.eu/platby/article.php?5d4c26=five-go-caravanning-cast" "Mozilla/5.0 (Linux; Android 7.0;) AppleWebKit/537.36 (KHTML, like Gecko) Mobile Safari/537.36 (compatible; PetalBot;+https://webmaster.petalsearch.com/site/petalbot)"
185.12.59.118 - - [12/Dec/2025:21:03:56 +0100] "\x16\x03\x01" 403 265 "-" "-"
114.119.149.2 - - [12/Dec/2025:21:05:08 +0100] "GET /platby/article.php?5d4c26=atheist-quotes-on-suffering HTTP/1.1" 200 7410 "http://ispc.klape.eu/platby/article.php?5d4c26=st-georges-flag-images" "Mozilla/5.0 (Linux; Android 7.0;) AppleWebKit/537.36 (KHTML, like Gecko) Mobile Safari/537.36 (compatible; PetalBot;+https://webmaster.petalsearch.com/site/petalbot)"
216.244.66.239 - - [12/Dec/2025:21:05:17 +0100] "GET /platby/72zbxoz/the-joy-of-creation%3A-reborn-characters HTTP/1.1" 200 47201 "-" "Mozilla/5.0 (compatible; DotBot/1.2; +https://opensiteexplorer.org/dotbot; help@moz.com)"
216.244.66.239 - - [12/Dec/2025:21:06:33 +0100] "GET /platby/aohwuyx/african-beef-stew-slow-cooker HTTP/1.1" 200 39612 "-" "Mozilla/5.0 (compatible; DotBot/1.2; +https://opensiteexplorer.org/dotbot; help@moz.com)"
216.244.66.239 - - [12/Dec/2025:21:06:41 +0100] "GET /platby/uwoy9/company-core-safety-information-example HTTP/1.1" 200 40870 "-" "Mozilla/5.0 (compatible; DotBot/1.2; +https://opensiteexplorer.org/dotbot; help@moz.com)"
114.119.128.6 - - [12/Dec/2025:21:06:44 +0100] "GET /platby/article.php?5d4c26=above-suspicion---watch-online HTTP/1.1" 200 6044 "http://ispc.klape.eu/platby/article.php?5d4c26=star-wars%3A-the-force-unleashed-2-cheats" "Mozilla/5.0 (Linux; Android 7.0;) AppleWebKit/537.36 (KHTML, like Gecko) Mobile Safari/537.36 (compatible; PetalBot;+https://webmaster.petalsearch.com/site/petalbot)"
216.244.66.239 - - [12/Dec/2025:21:06:46 +0100] "GET /platby/uwoy9/oldest-england-player-2021 HTTP/1.1" 200 42524 "-" "Mozilla/5.0 (compatible; DotBot/1.2; +https://opensiteexplorer.org/dotbot; help@moz.com)"
114.119.140.102 - - [12/Dec/2025:21:07:19 +0100] "GET /platby/article.php?5d4c26=Tahiti-natural-resources HTTP/1.1" 200 6849 "http://ispc.klape.eu/platby/article.php?5d4c26=hoy-puede-ser-un-gran-d%C3%ADa-english-translation" "Mozilla/5.0 (Linux; Android 7.0;) AppleWebKit/537.36 (KHTML, like Gecko) Mobile Safari/537.36 (compatible; PetalBot;+https://webmaster.petalsearch.com/site/petalbot)"
114.119.152.142 - - [12/Dec/2025:21:08:41 +0100] "GET /platby/article.php?5d4c26=2015-16-south-pacific-cyclone-season HTTP/1.1" 200 7573 "http://ispc.klape.eu/platby/article.php?5d4c26=deborah-feldman-official-website" "Mozilla/5.0 (Linux; Android 7.0;) AppleWebKit/537.36 (KHTML, like Gecko) Mobile Safari/537.36 (compatible; PetalBot;+https://webmaster.petalsearch.com/site/petalbot)"
45.156.129.133 - - [12/Dec/2025:21:09:03 +0100] "\x16\x03\x01" 403 265 "-" "-"
104.210.140.136 - - [12/Dec/2025:21:09:16 +0100] "\x16\x03\x01\x02" 403 265 "-" "-"
104.210.140.128 - - [12/Dec/2025:21:09:18 +0100] "\x16\x03\x01\x02" 403 265 "-" "-"
104.210.140.133 - - [12/Dec/2025:21:09:19 +0100] "\x16\x03\x01\x02" 403 265 "-" "-"
104.210.140.136 - - [12/Dec/2025:21:09:22 +0100] "\x16\x03\x01\x02\x05\x01" 403 265 "-" "-"
104.210.140.141 - - [12/Dec/2025:21:09:23 +0100] "\x16\x03\x01\x02" 403 265 "-" "-"
104.210.140.136 - - [12/Dec/2025:21:09:24 +0100] "\x16\x03\x01\x02" 403 265 "-" "-"
104.210.140.131 - - [12/Dec/2025:21:09:24 +0100] "\x16\x03\x01\x02" 403 265 "-" "-"
44.211.153.197 - - [12/Dec/2025:21:09:50 +0100] "GET /" 400 468 "-" "-"
114.119.128.6 - - [12/Dec/2025:21:10:06 +0100] "GET /platby/aohwuyx/why-is-the-principles-of-management-necessary HTTP/1.1" 200 13182 "http://ispc.klape.eu/platby/aohwuyx/clean-energy-standard-vs-renewable-portfolio-standard" "Mozilla/5.0 (Linux; Android 7.0;) AppleWebKit/537.36 (KHTML, like Gecko) Mobile Safari/537.36 (compatible; PetalBot;+https://webmaster.petalsearch.com/site/petalbot)"
192.175.111.235 - - [12/Dec/2025:21:11:12 +0100] "\x16\x03\x01\x02" 403 265 "-" "-"
64.15.129.119 - - [12/Dec/2025:21:11:12 +0100] "\x16\x03\x01\x02" 403 265 "-" "-"
64.15.129.117 - - [12/Dec/2025:21:11:17 +0100] "\x16\x03\x01\x02" 403 265 "-" "-"
64.15.129.125 - - [12/Dec/2025:21:11:17 +0100] "\x16\x03\x01\x02" 403 265 "-" "-"
195.177.94.189 - - [12/Dec/2025:21:11:22 +0100] "GET /phpmyadmin/scripts/setup.php HTTP/1.1" 200 11106 "-" "Mozilla/4.0 (compatible; MSIE 6.0; MSIE 5.5; Windows NT 5.1) Opera 7.01 [en]"
195.177.94.189 - - [12/Dec/2025:21:11:22 +0100] "POST /phpmyadmin/scripts/setup.php HTTP/1.1" 200 18608 "http://109.105.49.240:8081/phpmyadmin/scripts/setup.php" "Mozilla/4.0 (compatible; MSIE 6.0; MSIE 5.5; Windows NT 5.1) Opera 7.01 [en]"
114.119.152.142 - - [12/Dec/2025:21:11:28 +0100] "GET /platby/aohwuyx/strategies-to-promote-listening-and-speaking-skills HTTP/1.1" 200 13335 "http://ispc.klape.eu/platby/aohwuyx/hyland-software-cybersecurity" "Mozilla/5.0 (Linux; Android 7.0;) AppleWebKit/537.36 (KHTML, like Gecko) Mobile Safari/537.36 (compatible; PetalBot;+https://webmaster.petalsearch.com/site/petalbot)"
98.93.104.117 - - [12/Dec/2025:21:11:43 +0100] "\x16\x03\x01" 403 265 "-" "-"
204.76.203.206 - - [12/Dec/2025:21:11:48 +0100] "GET /" 400 468 "-" "-"
78.153.140.222 - - [12/Dec/2025:21:12:12 +0100] "\x16\x03\x01" 403 265 "-" "-"
78.153.140.222 - - [12/Dec/2025:21:12:12 +0100] "\x16\x03\x01" 403 265 "-" "-"
195.177.94.189 - - [12/Dec/2025:21:12:28 +0100] "GET /phpmyadmin/scripts/setup.php HTTP/1.1" 200 11105 "-" "Mozilla/4.0 (compatible; MSIE 6.0; MSIE 5.5; Windows NT 5.1) Opera 7.01 [en]"
195.177.94.189 - - [12/Dec/2025:21:12:28 +0100] "POST /phpmyadmin/scripts/setup.php HTTP/1.1" 200 18608 "http://109.105.49.240:443/phpmyadmin/scripts/setup.php" "Mozilla/4.0 (compatible; MSIE 6.0; MSIE 5.5; Windows NT 5.1) Opera 7.01 [en]"
44.203.183.27 - - [12/Dec/2025:21:12:33 +0100] "\x16\x03\x01" 403 265 "-" "-"
52.91.91.100 - - [12/Dec/2025:21:12:45 +0100] "\x16\x03\x01" 403 265 "-" "-"
114.119.140.102 - - [12/Dec/2025:21:12:49 +0100] "GET /platby/aohwuyx/sleeping-after-lunch-ayurveda HTTP/1.1" 200 8966 "http://ispc.klape.eu/platby/aohwuyx/sleeping-after-lunch-ayurveda" "Mozilla/5.0 (Linux; Android 7.0;) AppleWebKit/537.36 (KHTML, like Gecko) Mobile Safari/537.36 (compatible; PetalBot;+https://webmaster.petalsearch.com/site/petalbot)"
204.76.203.206 - - [12/Dec/2025:21:13:09 +0100] "GET / HTTP/1.1" 200 316 "-" "Mozilla/5.0 (Windows NT 10.0; Win64; x64) AppleWebKit/537.36 (KHTML, like Gecko) Chrome/90.0.4430.85 Safari/537.36 Edg/90.0.818.46"
159.203.29.27 - - [12/Dec/2025:21:13:50 +0100] "\x16\x03\x01\x02" 403 265 "-" "-"
114.119.130.237 - - [12/Dec/2025:21:14:12 +0100] "GET /platby/aohwuyx/side-royal-palace-hotel-&-spa-fibula HTTP/1.1" 200 7956 "http://ispc.klape.eu/platby/aohwuyx/fiji-vs-argentina-7s-olympics" "Mozilla/5.0 (Linux; Android 7.0;) AppleWebKit/537.36 (KHTML, like Gecko) Mobile Safari/537.36 (compatible; PetalBot;+https://webmaster.petalsearch.com/site/petalbot)"
114.119.152.142 - - [12/Dec/2025:21:15:37 +0100] "GET /platby/aohwuyx/modern-authentication-vs-basic-authentication-office-365 HTTP/1.1" 200 9889 "http://ispc.klape.eu/platby/aohwuyx/modern-authentication-vs-basic-authentication-office-365" "Mozilla/5.0 (Linux; Android 7.0;) AppleWebKit/537.36 (KHTML, like Gecko) Mobile Safari/537.36 (compatible; PetalBot;+https://webmaster.petalsearch.com/site/petalbot)"
66.249.79.64 - - [12/Dec/2025:21:15:57 +0100] "\x16\x03\x01\x02" 403 265 "-" "-"
114.119.152.142 - - [12/Dec/2025:21:17:00 +0100] "GET /platby/aohwuyx/how-to-write-apostrophe-in-laptop-keyboard HTTP/1.1" 200 8453 "http://ispc.klape.eu/platby/aohwuyx/inspirational-quotes-by-famous-authors-and-poets" "Mozilla/5.0 (Linux; Android 7.0;) AppleWebKit/537.36 (KHTML, like Gecko) Mobile Safari/537.36 (compatible; PetalBot;+https://webmaster.petalsearch.com/site/petalbot)"
114.119.140.102 - - [12/Dec/2025:21:18:24 +0100] "GET /platby/72zbxoz/university-of-maryland-cost-out-of-state HTTP/1.1" 200 11581 "http://ispc.klape.eu/platby/72zbxoz/university-of-maryland-cost-out-of-state" "Mozilla/5.0 (Linux; Android 7.0;) AppleWebKit/537.36 (KHTML, like Gecko) Mobile Safari/537.36 (compatible; PetalBot;+https://webmaster.petalsearch.com/site/petalbot)"
114.119.129.163 - - [12/Dec/2025:21:19:48 +0100] "GET /platby/72zbxoz/scientific-theories-that-have-changed-over-time HTTP/1.1" 200 13833 "http://ispc.klape.eu/platby/72zbxoz/institutional-investor-all-america-research-team-2020" "Mozilla/5.0 (Linux; Android 7.0;) AppleWebKit/537.36 (KHTML, like Gecko) Mobile Safari/537.36 (compatible; PetalBot;+https://webmaster.petalsearch.com/site/petalbot)"
114.119.128.6 - - [12/Dec/2025:21:21:11 +0100] "GET /platby/72zbxoz/pixel-5-always-on-display-turn-on HTTP/1.1" 200 8601 "http://ispc.klape.eu/platby/72zbxoz/deontological-dictionary" "Mozilla/5.0 (Linux; Android 7.0;) AppleWebKit/537.36 (KHTML, like Gecko) Mobile Safari/537.36 (compatible; PetalBot;+https://webmaster.petalsearch.com/site/petalbot)"
205.210.31.246 - - [12/Dec/2025:21:22:25 +0100] "GET /" 400 468 "-" "-"
114.119.140.102 - - [12/Dec/2025:21:22:34 +0100] "GET /platby/72zbxoz/how-to-upload-pdf-in-microsoft-teams-in-mobile HTTP/1.1" 200 10285 "http://ispc.klape.eu/platby/72zbxoz/how-to-check-on-which-port-jira-is-running" "Mozilla/5.0 (Linux; Android 7.0;) AppleWebKit/537.36 (KHTML, like Gecko) Mobile Safari/537.36 (compatible; PetalBot;+https://webmaster.petalsearch.com/site/petalbot)"
31.56.36.189 - - [12/Dec/2025:21:23:49 +0100] "\x16\x03\x01\x02" 403 265 "-" "-"
114.119.130.237 - - [12/Dec/2025:21:23:58 +0100] "GET /platby/72zbxoz/how-to-support-bilingualism-in-early-childhood HTTP/1.1" 200 9821 "http://ispc.klape.eu/platby/72zbxoz/how-to-support-bilingualism-in-early-childhood" "Mozilla/5.0 (Linux; Android 7.0;) AppleWebKit/537.36 (KHTML, like Gecko) Mobile Safari/537.36 (compatible; PetalBot;+https://webmaster.petalsearch.com/site/petalbot)"
198.235.24.82 - - [12/Dec/2025:21:24:27 +0100] "GET / HTTP/1.1" 200 526 "-" "Hello from Palo Alto Networks, find out more about our scans in https://docs-cortex.paloaltonetworks.com/r/1/Cortex-Xpanse/Scanning-activity"
204.76.203.212 - - [12/Dec/2025:21:24:56 +0100] "GET /" 400 468 "-" "-"
114.119.130.237 - - [12/Dec/2025:21:25:23 +0100] "GET /platby/72zbxoz/how-many-deloitte-offices-in-the-world HTTP/1.1" 200 13961 "http://ispc.klape.eu/platby/72zbxoz/sherwood-ar-to-north-little-rock-ar" "Mozilla/5.0 (Linux; Android 7.0;) AppleWebKit/537.36 (KHTML, like Gecko) Mobile Safari/537.36 (compatible; PetalBot;+https://webmaster.petalsearch.com/site/petalbot)"
114.119.139.112 - - [12/Dec/2025:21:26:45 +0100] "GET /platby/72zbxoz/how-did-justin-robinson's-brother-jordan-die HTTP/1.1" 200 13676 "http://ispc.klape.eu/platby/72zbxoz/how-did-justin-robinson%27s-brother-jordan-die" "Mozilla/5.0 (Linux; Android 7.0;) AppleWebKit/537.36 (KHTML, like Gecko) Mobile Safari/537.36 (compatible; PetalBot;+https://webmaster.petalsearch.com/site/petalbot)"
204.76.203.206 - - [12/Dec/2025:21:28:01 +0100] "GET /" 400 468 "-" "-"
114.119.139.112 - - [12/Dec/2025:21:28:08 +0100] "GET /platby/72zbxoz/carolina-chickadee-vs-black-capped HTTP/1.1" 200 8792 "http://ispc.klape.eu/platby/72zbxoz/best-players-to-sign-league-2-fifa-21" "Mozilla/5.0 (Linux; Android 7.0;) AppleWebKit/537.36 (KHTML, like Gecko) Mobile Safari/537.36 (compatible; PetalBot;+https://webmaster.petalsearch.com/site/petalbot)"
204.76.203.206 - - [12/Dec/2025:21:29:36 +0100] "GET / HTTP/1.1" 200 316 "-" "Mozilla/5.0 (Windows NT 10.0; Win64; x64) AppleWebKit/537.36 (KHTML, like Gecko) Chrome/90.0.4430.85 Safari/537.36 Edg/90.0.818.46"
23.21.119.232 - - [12/Dec/2025:21:33:01 +0100] "GET /platby/qqap/hershey-hugs-calories HTTP/1.1" 200 7070 "-" "Mozilla/5.0 AppleWebKit/537.36 (KHTML, like Gecko; compatible; Amazonbot/0.1; +https://developer.amazon.com/support/amazonbot) Chrome/119.0.6045.214 Safari/537.36"
34.225.24.180 - - [12/Dec/2025:21:33:06 +0100] "GET /platby/72zbxoz/real-madrid-baloncesto HTTP/1.1" 200 12952 "-" "Mozilla/5.0 AppleWebKit/537.36 (KHTML, like Gecko; compatible; Amazonbot/0.1; +https://developer.amazon.com/support/amazonbot) Chrome/119.0.6045.214 Safari/537.36"
44.194.139.149 - - [12/Dec/2025:21:33:10 +0100] "GET /platby/72zbxoz/tyrone-hill-kansas-city-chiefs HTTP/1.1" 200 10291 "-" "Mozilla/5.0 AppleWebKit/537.36 (KHTML, like Gecko; compatible; Amazonbot/0.1; +https://developer.amazon.com/support/amazonbot) Chrome/119.0.6045.214 Safari/537.36"
35.169.119.108 - - [12/Dec/2025:21:33:12 +0100] "GET /platby/qqap/akil-baddoo-ethnicity HTTP/1.1" 200 10988 "-" "Mozilla/5.0 AppleWebKit/537.36 (KHTML, like Gecko; compatible; Amazonbot/0.1; +https://developer.amazon.com/support/amazonbot) Chrome/119.0.6045.214 Safari/537.36"
3.212.219.113 - - [12/Dec/2025:21:33:16 +0100] "GET /platby/qqap/who-does-rose-williams-look-like HTTP/1.1" 200 12162 "-" "Mozilla/5.0 AppleWebKit/537.36 (KHTML, like Gecko; compatible; Amazonbot/0.1; +https://developer.amazon.com/support/amazonbot) Chrome/119.0.6045.214 Safari/537.36"
44.218.170.184 - - [12/Dec/2025:21:33:21 +0100] "GET /platby/qqap/how-to-classify-pde-is-hyperbolic,-parabolic-elliptic HTTP/1.1" 200 11604 "-" "Mozilla/5.0 AppleWebKit/537.36 (KHTML, like Gecko; compatible; Amazonbot/0.1; +https://developer.amazon.com/support/amazonbot) Chrome/119.0.6045.214 Safari/537.36"
52.3.155.146 - - [12/Dec/2025:21:33:25 +0100] "GET /platby/qqap/giovanni-di-lorenzo-wife HTTP/1.1" 200 12961 "-" "Mozilla/5.0 AppleWebKit/537.36 (KHTML, like Gecko; compatible; Amazonbot/0.1; +https://developer.amazon.com/support/amazonbot) Chrome/119.0.6045.214 Safari/537.36"
54.144.185.255 - - [12/Dec/2025:21:33:28 +0100] "GET /platby/72zbxoz/pacifica-coconut-probiotic HTTP/1.1" 200 8844 "-" "Mozilla/5.0 AppleWebKit/537.36 (KHTML, like Gecko; compatible; Amazonbot/0.1; +https://developer.amazon.com/support/amazonbot) Chrome/119.0.6045.214 Safari/537.36"
44.195.50.71 - - [12/Dec/2025:21:33:33 +0100] "GET /platby/qqap/prediction-sydney-fc-western-united HTTP/1.1" 200 7592 "-" "Mozilla/5.0 AppleWebKit/537.36 (KHTML, like Gecko; compatible; Amazonbot/0.1; +https://developer.amazon.com/support/amazonbot) Chrome/119.0.6045.214 Safari/537.36"
54.147.80.137 - - [12/Dec/2025:21:33:38 +0100] "GET /platby/aohwuyx/carlos-santana-concert-2021 HTTP/1.1" 200 9847 "-" "Mozilla/5.0 AppleWebKit/537.36 (KHTML, like Gecko; compatible; Amazonbot/0.1; +https://developer.amazon.com/support/amazonbot) Chrome/119.0.6045.214 Safari/537.36"
34.238.45.183 - - [12/Dec/2025:21:33:41 +0100] "GET /platby/72zbxoz/from-a-railway-carriage HTTP/1.1" 200 11303 "-" "Mozilla/5.0 AppleWebKit/537.36 (KHTML, like Gecko; compatible; Amazonbot/0.1; +https://developer.amazon.com/support/amazonbot) Chrome/119.0.6045.214 Safari/537.36"
50.16.216.166 - - [12/Dec/2025:21:33:45 +0100] "GET /platby/uwoy9/nct-127-cherry-bomb-performance HTTP/1.1" 200 13308 "-" "Mozilla/5.0 AppleWebKit/537.36 (KHTML, like Gecko; compatible; Amazonbot/0.1; +https://developer.amazon.com/support/amazonbot) Chrome/119.0.6045.214 Safari/537.36"
3.221.244.28 - - [12/Dec/2025:21:33:50 +0100] "GET /platby/qqap/west-memphis,-arkansas-crime HTTP/1.1" 200 11158 "-" "Mozilla/5.0 AppleWebKit/537.36 (KHTML, like Gecko; compatible; Amazonbot/0.1; +https://developer.amazon.com/support/amazonbot) Chrome/119.0.6045.214 Safari/537.36"
34.234.197.175 - - [12/Dec/2025:21:33:52 +0100] "GET /platby/aohwuyx/jarrett-culver-adidas-contract HTTP/1.1" 200 10135 "-" "Mozilla/5.0 AppleWebKit/537.36 (KHTML, like Gecko; compatible; Amazonbot/0.1; +https://developer.amazon.com/support/amazonbot) Chrome/119.0.6045.214 Safari/537.36"
54.156.55.147 - - [12/Dec/2025:21:33:57 +0100] "GET /platby/aohwuyx/moses-brown-contract-details HTTP/1.1" 200 7837 "-" "Mozilla/5.0 AppleWebKit/537.36 (KHTML, like Gecko; compatible; Amazonbot/0.1; +https://developer.amazon.com/support/amazonbot) Chrome/119.0.6045.214 Safari/537.36"
176.65.149.45 - - [12/Dec/2025:21:34:11 +0100] "GET / HTTP/1.1" 200 316 "-" "Go-http-client/1.1"
80.248.227.21 - - [12/Dec/2025:21:36:09 +0100] "\x16\x03\x01" 403 265 "-" "-"
216.244.66.239 - - [12/Dec/2025:21:37:44 +0100] "GET /robots.txt HTTP/1.1" 200 34 "-" "Mozilla/5.0 (compatible; DotBot/1.2; +https://opensiteexplorer.org/dotbot; help@moz.com)"
216.244.66.239 - - [12/Dec/2025:21:44:13 +0100] "GET /platby/article.php?5d4c26=hey-pikmin-wiki HTTP/1.1" 200 18671 "-" "Mozilla/5.0 (compatible; DotBot/1.2; +https://opensiteexplorer.org/dotbot; help@moz.com)"
216.244.66.239 - - [12/Dec/2025:21:44:18 +0100] "GET /platby/article.php?5d4c26=sony-a8f-review HTTP/1.1" 200 24838 "-" "Mozilla/5.0 (compatible; DotBot/1.2; +https://opensiteexplorer.org/dotbot; help@moz.com)"
216.244.66.239 - - [12/Dec/2025:21:44:22 +0100] "GET /platby/article.php?5d4c26=axiom-law-careers HTTP/1.1" 200 24344 "-" "Mozilla/5.0 (compatible; DotBot/1.2; +https://opensiteexplorer.org/dotbot; help@moz.com)"
216.244.66.239 - - [12/Dec/2025:21:44:26 +0100] "GET /platby/article.php?5d4c26=breel-embolo-injury HTTP/1.1" 200 18391 "-" "Mozilla/5.0 (compatible; DotBot/1.2; +https://opensiteexplorer.org/dotbot; help@moz.com)"
216.244.66.239 - - [12/Dec/2025:21:44:29 +0100] "GET /platby/article.php?5d4c26=dallas-fuel-logo HTTP/1.1" 200 22804 "-" "Mozilla/5.0 (compatible; DotBot/1.2; +https://opensiteexplorer.org/dotbot; help@moz.com)"
216.244.66.239 - - [12/Dec/2025:21:44:32 +0100] "GET /platby/article.php?5d4c26=nrl-tickets-eels HTTP/1.1" 200 15315 "-" "Mozilla/5.0 (compatible; DotBot/1.2; +https://opensiteexplorer.org/dotbot; help@moz.com)"
216.244.66.239 - - [12/Dec/2025:21:44:38 +0100] "GET /platby/article.php?5d4c26=pure-pool-8 HTTP/1.1" 200 20249 "-" "Mozilla/5.0 (compatible; DotBot/1.2; +https://opensiteexplorer.org/dotbot; help@moz.com)"
216.244.66.239 - - [12/Dec/2025:21:44:41 +0100] "GET /platby/article.php?5d4c26=rasan-card-chek HTTP/1.1" 200 19392 "-" "Mozilla/5.0 (compatible; DotBot/1.2; +https://opensiteexplorer.org/dotbot; help@moz.com)"
216.244.66.239 - - [12/Dec/2025:21:44:44 +0100] "GET /platby/article.php?5d4c26=simon-webbe--sanctuary HTTP/1.1" 200 16529 "-" "Mozilla/5.0 (compatible; DotBot/1.2; +https://opensiteexplorer.org/dotbot; help@moz.com)"
216.244.66.239 - - [12/Dec/2025:21:44:47 +0100] "GET /platby/article.php?5d4c26=tamiya-valentine-tank HTTP/1.1" 200 18231 "-" "Mozilla/5.0 (compatible; DotBot/1.2; +https://opensiteexplorer.org/dotbot; help@moz.com)"
216.244.66.239 - - [12/Dec/2025:21:44:51 +0100] "GET /platby/article.php?5d4c26=victoria-station-oxford-street HTTP/1.1" 200 17928 "-" "Mozilla/5.0 (compatible; DotBot/1.2; +https://opensiteexplorer.org/dotbot; help@moz.com)"
216.244.66.239 - - [12/Dec/2025:21:44:54 +0100] "GET /platby/article.php?5d4c26=WWDC-2020-cancelled HTTP/1.1" 200 15779 "-" "Mozilla/5.0 (compatible; DotBot/1.2; +https://opensiteexplorer.org/dotbot; help@moz.com)"
216.244.66.239 - - [12/Dec/2025:21:44:56 +0100] "GET /platby/article.php?5d4c26=amex-gold-vs-platinum HTTP/1.1" 200 24600 "-" "Mozilla/5.0 (compatible; DotBot/1.2; +https://opensiteexplorer.org/dotbot; help@moz.com)"
216.244.66.239 - - [12/Dec/2025:21:44:58 +0100] "GET /platby/article.php?5d4c26=audrey-meaning-of-name HTTP/1.1" 200 24258 "-" "Mozilla/5.0 (compatible; DotBot/1.2; +https://opensiteexplorer.org/dotbot; help@moz.com)"
216.244.66.239 - - [12/Dec/2025:21:45:00 +0100] "GET /platby/article.php?5d4c26=baby-nest-pod HTTP/1.1" 200 21862 "-" "Mozilla/5.0 (compatible; DotBot/1.2; +https://opensiteexplorer.org/dotbot; help@moz.com)"
216.244.66.239 - - [12/Dec/2025:21:45:01 +0100] "GET /platby/article.php?5d4c26=barbie-cover-phone HTTP/1.1" 200 19758 "-" "Mozilla/5.0 (compatible; DotBot/1.2; +https://opensiteexplorer.org/dotbot; help@moz.com)"
216.244.66.239 - - [12/Dec/2025:21:45:03 +0100] "GET /platby/article.php?5d4c26=bj-raji-net-worth HTTP/1.1" 200 20009 "-" "Mozilla/5.0 (compatible; DotBot/1.2; +https://opensiteexplorer.org/dotbot; help@moz.com)"
216.244.66.239 - - [12/Dec/2025:21:45:04 +0100] "GET /platby/article.php?5d4c26=chief-of-staff-air-force HTTP/1.1" 200 22640 "-" "Mozilla/5.0 (compatible; DotBot/1.2; +https://opensiteexplorer.org/dotbot; help@moz.com)"
216.244.66.239 - - [12/Dec/2025:21:45:05 +0100] "GET /platby/article.php?5d4c26=comet-atlas-trajectory HTTP/1.1" 200 23940 "-" "Mozilla/5.0 (compatible; DotBot/1.2; +https://opensiteexplorer.org/dotbot; help@moz.com)"
216.244.66.239 - - [12/Dec/2025:21:45:06 +0100] "GET /platby/article.php?5d4c26=ibn-lokmat-batmya HTTP/1.1" 200 19643 "-" "Mozilla/5.0 (compatible; DotBot/1.2; +https://opensiteexplorer.org/dotbot; help@moz.com)"
216.244.66.239 - - [12/Dec/2025:21:45:07 +0100] "GET /platby/article.php?5d4c26=istanbul-earthquake-prediction HTTP/1.1" 200 21212 "-" "Mozilla/5.0 (compatible; DotBot/1.2; +https://opensiteexplorer.org/dotbot; help@moz.com)"
216.244.66.239 - - [12/Dec/2025:21:45:09 +0100] "GET /platby/article.php?5d4c26=latin-for-brave-heart HTTP/1.1" 200 17892 "-" "Mozilla/5.0 (compatible; DotBot/1.2; +https://opensiteexplorer.org/dotbot; help@moz.com)"
216.244.66.239 - - [12/Dec/2025:21:45:10 +0100] "GET /platby/article.php?5d4c26=overstock-rugs-5x7 HTTP/1.1" 200 17622 "-" "Mozilla/5.0 (compatible; DotBot/1.2; +https://opensiteexplorer.org/dotbot; help@moz.com)"
216.244.66.239 - - [12/Dec/2025:21:45:11 +0100] "GET /platby/article.php?5d4c26=react-native-3d-game HTTP/1.1" 200 22014 "-" "Mozilla/5.0 (compatible; DotBot/1.2; +https://opensiteexplorer.org/dotbot; help@moz.com)"
216.244.66.239 - - [12/Dec/2025:21:45:13 +0100] "GET /platby/article.php?5d4c26=regal-phillips-place HTTP/1.1" 200 18137 "-" "Mozilla/5.0 (compatible; DotBot/1.2; +https://opensiteexplorer.org/dotbot; help@moz.com)"
216.244.66.239 - - [12/Dec/2025:21:45:14 +0100] "GET /platby/article.php?5d4c26=sbs-channel-korea-live HTTP/1.1" 200 17918 "-" "Mozilla/5.0 (compatible; DotBot/1.2; +https://opensiteexplorer.org/dotbot; help@moz.com)"
204.76.203.206 - - [12/Dec/2025:21:45:15 +0100] "GET /" 400 468 "-" "-"
216.244.66.239 - - [12/Dec/2025:21:45:16 +0100] "GET /platby/article.php?5d4c26=snes-roms-for-retropie HTTP/1.1" 200 23599 "-" "Mozilla/5.0 (compatible; DotBot/1.2; +https://opensiteexplorer.org/dotbot; help@moz.com)"
216.244.66.239 - - [12/Dec/2025:21:45:17 +0100] "GET /platby/article.php?5d4c26=sonu-sood-net-worth HTTP/1.1" 200 16388 "-" "Mozilla/5.0 (compatible; DotBot/1.2; +https://opensiteexplorer.org/dotbot; help@moz.com)"
216.244.66.239 - - [12/Dec/2025:21:45:18 +0100] "GET /platby/article.php?5d4c26=tropical-new-zealand HTTP/1.1" 200 20979 "-" "Mozilla/5.0 (compatible; DotBot/1.2; +https://opensiteexplorer.org/dotbot; help@moz.com)"
216.244.66.239 - - [12/Dec/2025:21:45:19 +0100] "GET /platby/article.php?5d4c26=ultimate-flag-quiz HTTP/1.1" 200 25224 "-" "Mozilla/5.0 (compatible; DotBot/1.2; +https://opensiteexplorer.org/dotbot; help@moz.com)"
216.244.66.239 - - [12/Dec/2025:21:45:21 +0100] "GET /platby/article.php?5d4c26=Colin-Firth-sons HTTP/1.1" 200 20361 "-" "Mozilla/5.0 (compatible; DotBot/1.2; +https://opensiteexplorer.org/dotbot; help@moz.com)"
216.244.66.239 - - [12/Dec/2025:21:45:22 +0100] "GET /platby/article.php?5d4c26=World-ugliest-face HTTP/1.1" 200 18266 "-" "Mozilla/5.0 (compatible; DotBot/1.2; +https://opensiteexplorer.org/dotbot; help@moz.com)"
216.244.66.239 - - [12/Dec/2025:21:45:23 +0100] "GET /platby/article.php?5d4c26=airbnb-maui-treehouse HTTP/1.1" 200 17685 "-" "Mozilla/5.0 (compatible; DotBot/1.2; +https://opensiteexplorer.org/dotbot; help@moz.com)"
216.244.66.239 - - [12/Dec/2025:21:45:24 +0100] "GET /platby/article.php?5d4c26=april-4th-2020-events HTTP/1.1" 200 16633 "-" "Mozilla/5.0 (compatible; DotBot/1.2; +https://opensiteexplorer.org/dotbot; help@moz.com)"
216.244.66.239 - - [12/Dec/2025:21:45:25 +0100] "GET /platby/article.php?5d4c26=aws-sysops-certification-cost HTTP/1.1" 200 20331 "-" "Mozilla/5.0 (compatible; DotBot/1.2; +https://opensiteexplorer.org/dotbot; help@moz.com)"
216.244.66.239 - - [12/Dec/2025:21:45:27 +0100] "GET /platby/article.php?5d4c26=backwards-minecraft-skins HTTP/1.1" 200 18864 "-" "Mozilla/5.0 (compatible; DotBot/1.2; +https://opensiteexplorer.org/dotbot; help@moz.com)"
216.244.66.239 - - [12/Dec/2025:21:45:28 +0100] "GET /platby/article.php?5d4c26=bjarni-tryggvason-quotes HTTP/1.1" 200 22811 "-" "Mozilla/5.0 (compatible; DotBot/1.2; +https://opensiteexplorer.org/dotbot; help@moz.com)"
216.244.66.239 - - [12/Dec/2025:21:45:29 +0100] "GET /platby/article.php?5d4c26=cape-horn-washington HTTP/1.1" 200 18890 "-" "Mozilla/5.0 (compatible; DotBot/1.2; +https://opensiteexplorer.org/dotbot; help@moz.com)"
216.244.66.239 - - [12/Dec/2025:21:45:30 +0100] "GET /platby/article.php?5d4c26=cartoon-falcon-avengers HTTP/1.1" 200 15555 "-" "Mozilla/5.0 (compatible; DotBot/1.2; +https://opensiteexplorer.org/dotbot; help@moz.com)"
216.244.66.239 - - [12/Dec/2025:21:45:32 +0100] "GET /platby/article.php?5d4c26=cheap-star-smog-check-near-me HTTP/1.1" 200 24885 "-" "Mozilla/5.0 (compatible; DotBot/1.2; +https://opensiteexplorer.org/dotbot; help@moz.com)"
216.244.66.239 - - [12/Dec/2025:21:45:33 +0100] "GET /platby/article.php?5d4c26=chris-rose-new-orleans-quote HTTP/1.1" 200 21599 "-" "Mozilla/5.0 (compatible; DotBot/1.2; +https://opensiteexplorer.org/dotbot; help@moz.com)"
216.244.66.239 - - [12/Dec/2025:21:45:34 +0100] "GET /platby/article.php?5d4c26=drive-by-shooting-bellingham-wa HTTP/1.1" 200 17653 "-" "Mozilla/5.0 (compatible; DotBot/1.2; +https://opensiteexplorer.org/dotbot; help@moz.com)"
216.244.66.239 - - [12/Dec/2025:21:45:35 +0100] "GET /platby/article.php?5d4c26=driving-creek-railway HTTP/1.1" 200 23842 "-" "Mozilla/5.0 (compatible; DotBot/1.2; +https://opensiteexplorer.org/dotbot; help@moz.com)"
216.244.66.239 - - [12/Dec/2025:21:45:36 +0100] "GET /platby/article.php?5d4c26=egypt-former-president HTTP/1.1" 200 16628 "-" "Mozilla/5.0 (compatible; DotBot/1.2; +https://opensiteexplorer.org/dotbot; help@moz.com)"
216.244.66.239 - - [12/Dec/2025:21:45:37 +0100] "GET /platby/article.php?5d4c26=food-wars-seasons HTTP/1.1" 200 16956 "-" "Mozilla/5.0 (compatible; DotBot/1.2; +https://opensiteexplorer.org/dotbot; help@moz.com)"
216.244.66.239 - - [12/Dec/2025:21:45:39 +0100] "GET /platby/article.php?5d4c26=fruita-colorado-police-chief HTTP/1.1" 200 16502 "-" "Mozilla/5.0 (compatible; DotBot/1.2; +https://opensiteexplorer.org/dotbot; help@moz.com)"
216.244.66.239 - - [12/Dec/2025:21:45:40 +0100] "GET /platby/article.php?5d4c26=fruity-month-of-the-french-revolutionary-calendar HTTP/1.1" 200 18867 "-" "Mozilla/5.0 (compatible; DotBot/1.2; +https://opensiteexplorer.org/dotbot; help@moz.com)"
216.244.66.239 - - [12/Dec/2025:21:45:41 +0100] "GET /platby/article.php?5d4c26=grand-banks-58-for-sale HTTP/1.1" 200 23213 "-" "Mozilla/5.0 (compatible; DotBot/1.2; +https://opensiteexplorer.org/dotbot; help@moz.com)"
216.244.66.239 - - [12/Dec/2025:21:45:42 +0100] "GET /platby/article.php?5d4c26=half-life-mods-nexus HTTP/1.1" 200 18612 "-" "Mozilla/5.0 (compatible; DotBot/1.2; +https://opensiteexplorer.org/dotbot; help@moz.com)"
216.244.66.239 - - [12/Dec/2025:21:45:43 +0100] "GET /platby/article.php?5d4c26=holden-beach%2C-nc-rentals HTTP/1.1" 200 25015 "-" "Mozilla/5.0 (compatible; DotBot/1.2; +https://opensiteexplorer.org/dotbot; help@moz.com)"
216.244.66.239 - - [12/Dec/2025:21:45:44 +0100] "GET /platby/article.php?5d4c26=identity-crisis-age HTTP/1.1" 200 13358 "-" "Mozilla/5.0 (compatible; DotBot/1.2; +https://opensiteexplorer.org/dotbot; help@moz.com)"
216.244.66.239 - - [12/Dec/2025:21:45:46 +0100] "GET /platby/article.php?5d4c26=lazytown-anything-can-happen HTTP/1.1" 200 16949 "-" "Mozilla/5.0 (compatible; DotBot/1.2; +https://opensiteexplorer.org/dotbot; help@moz.com)"
216.244.66.239 - - [12/Dec/2025:21:45:47 +0100] "GET /platby/article.php?5d4c26=looney-tunes%3A-rabbits-run-google-drive HTTP/1.1" 200 24345 "-" "Mozilla/5.0 (compatible; DotBot/1.2; +https://opensiteexplorer.org/dotbot; help@moz.com)"
216.244.66.239 - - [12/Dec/2025:21:45:48 +0100] "GET /platby/article.php?5d4c26=lowell-observatory-dog-friendly HTTP/1.1" 200 19103 "-" "Mozilla/5.0 (compatible; DotBot/1.2; +https://opensiteexplorer.org/dotbot; help@moz.com)"
216.244.66.239 - - [12/Dec/2025:21:45:49 +0100] "GET /platby/article.php?5d4c26=madeline-carroll-2020 HTTP/1.1" 200 20941 "-" "Mozilla/5.0 (compatible; DotBot/1.2; +https://opensiteexplorer.org/dotbot; help@moz.com)"
216.244.66.239 - - [12/Dec/2025:21:45:50 +0100] "GET /platby/article.php?5d4c26=middle-east-satellite-coverage HTTP/1.1" 200 22245 "-" "Mozilla/5.0 (compatible; DotBot/1.2; +https://opensiteexplorer.org/dotbot; help@moz.com)"
216.244.66.239 - - [12/Dec/2025:21:45:51 +0100] "GET /platby/article.php?5d4c26=miracle-workers%3A-dark-ages-uk HTTP/1.1" 200 18274 "-" "Mozilla/5.0 (compatible; DotBot/1.2; +https://opensiteexplorer.org/dotbot; help@moz.com)"
216.244.66.239 - - [12/Dec/2025:21:45:52 +0100] "GET /platby/article.php?5d4c26=movies-like-the-ruins HTTP/1.1" 200 21570 "-" "Mozilla/5.0 (compatible; DotBot/1.2; +https://opensiteexplorer.org/dotbot; help@moz.com)"
216.244.66.239 - - [12/Dec/2025:21:45:53 +0100] "GET /platby/article.php?5d4c26=paramore-first-song HTTP/1.1" 200 18218 "-" "Mozilla/5.0 (compatible; DotBot/1.2; +https://opensiteexplorer.org/dotbot; help@moz.com)"
216.244.66.239 - - [12/Dec/2025:21:45:54 +0100] "GET /platby/article.php?5d4c26=polar-chicken-pie-calories HTTP/1.1" 200 19027 "-" "Mozilla/5.0 (compatible; DotBot/1.2; +https://opensiteexplorer.org/dotbot; help@moz.com)"
216.244.66.239 - - [12/Dec/2025:21:45:55 +0100] "GET /platby/article.php?5d4c26=revenge-definition-bible HTTP/1.1" 200 24235 "-" "Mozilla/5.0 (compatible; DotBot/1.2; +https://opensiteexplorer.org/dotbot; help@moz.com)"
216.244.66.239 - - [12/Dec/2025:21:45:56 +0100] "GET /platby/article.php?5d4c26=saturn-live-stream-2019 HTTP/1.1" 200 24716 "-" "Mozilla/5.0 (compatible; DotBot/1.2; +https://opensiteexplorer.org/dotbot; help@moz.com)"
216.244.66.239 - - [12/Dec/2025:21:45:58 +0100] "GET /platby/article.php?5d4c26=slow-english-speech HTTP/1.1" 200 20479 "-" "Mozilla/5.0 (compatible; DotBot/1.2; +https://opensiteexplorer.org/dotbot; help@moz.com)"
216.244.66.239 - - [12/Dec/2025:21:45:59 +0100] "GET /platby/article.php?5d4c26=star-wars%3A-the-force-unleashed-2-cheats HTTP/1.1" 200 23455 "-" "Mozilla/5.0 (compatible; DotBot/1.2; +https://opensiteexplorer.org/dotbot; help@moz.com)"
216.244.66.239 - - [12/Dec/2025:21:46:00 +0100] "GET /platby/article.php?5d4c26=stubby-kaye-movies HTTP/1.1" 200 17984 "-" "Mozilla/5.0 (compatible; DotBot/1.2; +https://opensiteexplorer.org/dotbot; help@moz.com)"
216.244.66.239 - - [12/Dec/2025:21:46:02 +0100] "GET /platby/article.php?5d4c26=supply-chain-balanced-scorecard-ppt HTTP/1.1" 200 23832 "-" "Mozilla/5.0 (compatible; DotBot/1.2; +https://opensiteexplorer.org/dotbot; help@moz.com)"
216.244.66.239 - - [12/Dec/2025:21:46:03 +0100] "GET /platby/article.php?5d4c26=telus-stock-prediction HTTP/1.1" 200 20303 "-" "Mozilla/5.0 (compatible; DotBot/1.2; +https://opensiteexplorer.org/dotbot; help@moz.com)"
216.244.66.239 - - [12/Dec/2025:21:46:04 +0100] "GET /platby/article.php?5d4c26=the-weight-of-the-universe-book HTTP/1.1" 200 17906 "-" "Mozilla/5.0 (compatible; DotBot/1.2; +https://opensiteexplorer.org/dotbot; help@moz.com)"
216.244.66.239 - - [12/Dec/2025:21:46:05 +0100] "GET /platby/article.php?5d4c26=tramontina-machete-canada HTTP/1.1" 200 21966 "-" "Mozilla/5.0 (compatible; DotBot/1.2; +https://opensiteexplorer.org/dotbot; help@moz.com)"
216.244.66.239 - - [12/Dec/2025:21:46:07 +0100] "GET /platby/article.php?5d4c26=uga-grady-statement-of-interest-examples HTTP/1.1" 200 21880 "-" "Mozilla/5.0 (compatible; DotBot/1.2; +https://opensiteexplorer.org/dotbot; help@moz.com)"
216.244.66.239 - - [12/Dec/2025:21:46:10 +0100] "GET /platby/article.php?5d4c26=wayne-state-university-financial-aid-package HTTP/1.1" 200 16578 "-" "Mozilla/5.0 (compatible; DotBot/1.2; +https://opensiteexplorer.org/dotbot; help@moz.com)"
216.244.66.239 - - [12/Dec/2025:21:46:12 +0100] "GET /platby/article.php?5d4c26=weather-in-europe-in-december-2019 HTTP/1.1" 200 23354 "-" "Mozilla/5.0 (compatible; DotBot/1.2; +https://opensiteexplorer.org/dotbot; help@moz.com)"
216.244.66.239 - - [12/Dec/2025:21:46:14 +0100] "GET /platby/article.php?5d4c26=what-is-a-space-walk-called HTTP/1.1" 200 22063 "-" "Mozilla/5.0 (compatible; DotBot/1.2; +https://opensiteexplorer.org/dotbot; help@moz.com)"
216.244.66.239 - - [12/Dec/2025:21:46:16 +0100] "GET /platby/article.php?5d4c26=www-michigan-gov-bcc HTTP/1.1" 200 15158 "-" "Mozilla/5.0 (compatible; DotBot/1.2; +https://opensiteexplorer.org/dotbot; help@moz.com)"
216.244.66.239 - - [12/Dec/2025:21:46:17 +0100] "GET /platby/article.php?5d4c26=8th-planet-from-the-sun HTTP/1.1" 200 25173 "-" "Mozilla/5.0 (compatible; DotBot/1.2; +https://opensiteexplorer.org/dotbot; help@moz.com)"
216.244.66.239 - - [12/Dec/2025:21:46:21 +0100] "GET /platby/article.php?5d4c26=Google-SpongeBob-SquarePants HTTP/1.1" 200 21290 "-" "Mozilla/5.0 (compatible; DotBot/1.2; +https://opensiteexplorer.org/dotbot; help@moz.com)"
216.244.66.239 - - [12/Dec/2025:21:46:24 +0100] "GET /platby/article.php?5d4c26=Megadeth-Dread-and-the-Fugitive-Mind HTTP/1.1" 200 17621 "-" "Mozilla/5.0 (compatible; DotBot/1.2; +https://opensiteexplorer.org/dotbot; help@moz.com)"
204.76.203.206 - - [12/Dec/2025:21:46:27 +0100] "GET / HTTP/1.1" 200 316 "-" "Mozilla/5.0 (Windows NT 10.0; Win64; x64) AppleWebKit/537.36 (KHTML, like Gecko) Chrome/90.0.4430.85 Safari/537.36 Edg/90.0.818.46"
216.244.66.239 - - [12/Dec/2025:21:46:28 +0100] "GET /platby/article.php?5d4c26=apple-wallet-not-working HTTP/1.1" 200 21102 "-" "Mozilla/5.0 (compatible; DotBot/1.2; +https://opensiteexplorer.org/dotbot; help@moz.com)"
216.244.66.239 - - [12/Dec/2025:21:46:31 +0100] "GET /platby/article.php?5d4c26=cognitron-brain-games HTTP/1.1" 200 21715 "-" "Mozilla/5.0 (compatible; DotBot/1.2; +https://opensiteexplorer.org/dotbot; help@moz.com)"
216.244.66.239 - - [12/Dec/2025:21:46:34 +0100] "GET /platby/article.php?5d4c26=crossword-quiz-music-level-9 HTTP/1.1" 200 25078 "-" "Mozilla/5.0 (compatible; DotBot/1.2; +https://opensiteexplorer.org/dotbot; help@moz.com)"
216.244.66.239 - - [12/Dec/2025:21:46:37 +0100] "GET /platby/article.php?5d4c26=dark-side-of-the-ring-directv HTTP/1.1" 200 23046 "-" "Mozilla/5.0 (compatible; DotBot/1.2; +https://opensiteexplorer.org/dotbot; help@moz.com)"
216.244.66.239 - - [12/Dec/2025:21:46:40 +0100] "GET /platby/article.php?5d4c26=galaxy-in-different-languages HTTP/1.1" 200 18773 "-" "Mozilla/5.0 (compatible; DotBot/1.2; +https://opensiteexplorer.org/dotbot; help@moz.com)"
216.244.66.239 - - [12/Dec/2025:21:46:44 +0100] "GET /platby/article.php?5d4c26=grandfather-clock-repair-house-calls-near-me HTTP/1.1" 200 23712 "-" "Mozilla/5.0 (compatible; DotBot/1.2; +https://opensiteexplorer.org/dotbot; help@moz.com)"
216.244.66.239 - - [12/Dec/2025:21:46:47 +0100] "GET /platby/article.php?5d4c26=hull-daily-mail-advertising HTTP/1.1" 200 22747 "-" "Mozilla/5.0 (compatible; DotBot/1.2; +https://opensiteexplorer.org/dotbot; help@moz.com)"
216.244.66.239 - - [12/Dec/2025:21:46:50 +0100] "GET /platby/article.php?5d4c26=lard-pure-chewing-satisfaction HTTP/1.1" 200 18657 "-" "Mozilla/5.0 (compatible; DotBot/1.2; +https://opensiteexplorer.org/dotbot; help@moz.com)"
216.244.66.239 - - [12/Dec/2025:21:46:52 +0100] "GET /platby/article.php?5d4c26=officer%27s-choice-whiskey-near-me HTTP/1.1" 200 19042 "-" "Mozilla/5.0 (compatible; DotBot/1.2; +https://opensiteexplorer.org/dotbot; help@moz.com)"
216.244.66.239 - - [12/Dec/2025:21:46:54 +0100] "GET /platby/article.php?5d4c26=silent-night%2C-deadly-night HTTP/1.1" 200 23209 "-" "Mozilla/5.0 (compatible; DotBot/1.2; +https://opensiteexplorer.org/dotbot; help@moz.com)"
216.244.66.239 - - [12/Dec/2025:21:46:56 +0100] "GET /platby/article.php?5d4c26=surgical-mask-cartoon-images HTTP/1.1" 200 16597 "-" "Mozilla/5.0 (compatible; DotBot/1.2; +https://opensiteexplorer.org/dotbot; help@moz.com)"
216.244.66.239 - - [12/Dec/2025:21:46:58 +0100] "GET /platby/article.php?5d4c26=victoria-and-albert-museum-galleries HTTP/1.1" 200 20326 "-" "Mozilla/5.0 (compatible; DotBot/1.2; +https://opensiteexplorer.org/dotbot; help@moz.com)"
216.244.66.239 - - [12/Dec/2025:21:46:59 +0100] "GET /platby/article.php?5d4c26=what-season-does-damon-and-bonnie-get-trapped HTTP/1.1" 200 18973 "-" "Mozilla/5.0 (compatible; DotBot/1.2; +https://opensiteexplorer.org/dotbot; help@moz.com)"
216.244.66.239 - - [12/Dec/2025:21:47:01 +0100] "GET /platby/article.php?5d4c26=xl-airways-germany-flight-888 HTTP/1.1" 200 23018 "-" "Mozilla/5.0 (compatible; DotBot/1.2; +https://opensiteexplorer.org/dotbot; help@moz.com)"
216.244.66.239 - - [12/Dec/2025:21:47:03 +0100] "GET /platby/article.php?5d4c26=corricella-procida-island HTTP/1.1" 200 17798 "-" "Mozilla/5.0 (compatible; DotBot/1.2; +https://opensiteexplorer.org/dotbot; help@moz.com)"
216.244.66.239 - - [12/Dec/2025:21:47:12 +0100] "GET /platby/article.php?5d4c26=royal-international-air-tattoo-flying-scholarships-for-disabled-people HTTP/1.1" 200 21386 "-" "Mozilla/5.0 (compatible; DotBot/1.2; +https://opensiteexplorer.org/dotbot; help@moz.com)"
216.244.66.239 - - [12/Dec/2025:21:47:19 +0100] "GET /platby/article.php?5d4c26=trademark-infringement-elements HTTP/1.1" 200 15130 "-" "Mozilla/5.0 (compatible; DotBot/1.2; +https://opensiteexplorer.org/dotbot; help@moz.com)"
216.244.66.239 - - [12/Dec/2025:21:47:24 +0100] "GET /platby/aohwuyx/discount-taylormade-golf-clubs HTTP/1.1" 200 40165 "-" "Mozilla/5.0 (compatible; DotBot/1.2; +https://opensiteexplorer.org/dotbot; help@moz.com)"
216.244.66.239 - - [12/Dec/2025:21:47:29 +0100] "GET /platby/uwoy9/huawei-p30-lock-screen-wallpaper-keeps-changing HTTP/1.1" 200 35333 "-" "Mozilla/5.0 (compatible; DotBot/1.2; +https://opensiteexplorer.org/dotbot; help@moz.com)"
216.244.66.239 - - [12/Dec/2025:21:47:34 +0100] "GET /platby/uwoy9/university-of-maryland-college-park-computer-science-courses HTTP/1.1" 200 44962 "-" "Mozilla/5.0 (compatible; DotBot/1.2; +https://opensiteexplorer.org/dotbot; help@moz.com)"
216.244.66.239 - - [12/Dec/2025:21:47:37 +0100] "GET /platby/aohwuyx/all-good-everything-merch HTTP/1.1" 200 44831 "-" "Mozilla/5.0 (compatible; DotBot/1.2; +https://opensiteexplorer.org/dotbot; help@moz.com)"
216.244.66.239 - - [12/Dec/2025:21:47:41 +0100] "GET /platby/aohwuyx/solar-farm-for-sale-nevada HTTP/1.1" 200 39782 "-" "Mozilla/5.0 (compatible; DotBot/1.2; +https://opensiteexplorer.org/dotbot; help@moz.com)"
216.244.66.239 - - [12/Dec/2025:21:47:44 +0100] "GET /platby/uwoy9/cultural-diversity-training-examples HTTP/1.1" 200 45449 "-" "Mozilla/5.0 (compatible; DotBot/1.2; +https://opensiteexplorer.org/dotbot; help@moz.com)"
216.244.66.239 - - [12/Dec/2025:21:47:47 +0100] "GET /platby/uwoy9/scholarships-for-doctoral-students-in-organizational-leadership HTTP/1.1" 200 34930 "-" "Mozilla/5.0 (compatible; DotBot/1.2; +https://opensiteexplorer.org/dotbot; help@moz.com)"
216.244.66.239 - - [12/Dec/2025:21:47:49 +0100] "GET /platby/aohwuyx/italy-euro-2021-squad-jorginho HTTP/1.1" 200 36863 "-" "Mozilla/5.0 (compatible; DotBot/1.2; +https://opensiteexplorer.org/dotbot; help@moz.com)"
216.244.66.239 - - [12/Dec/2025:21:47:52 +0100] "GET /platby/uwoy9/architectural-visualization-salary HTTP/1.1" 200 35662 "-" "Mozilla/5.0 (compatible; DotBot/1.2; +https://opensiteexplorer.org/dotbot; help@moz.com)"
138.246.253.24 - - [12/Dec/2025:21:53:22 +0100] "\x16\x03\x01\x01\x0c\x01" 400 289 "-" "-"
81.29.142.100 - - [12/Dec/2025:21:53:52 +0100] "\x16\x03\x01\x05\xde\x01" 403 265 "-" "-"
81.29.142.100 - - [12/Dec/2025:21:53:52 +0100] "GET / HTTP/1.1" 403 224 "-" "Mozilla/5.0 (Windows NT 10.0; WOW64) AppleWebKit/537.36 (KHTML, like Gecko) Chrome/63.0.3239.26 Safari/537.36 Core/1.63.5193.400 QQBrowser/10.0.1066.400"
81.29.142.100 - - [12/Dec/2025:21:53:53 +0100] "\x16\x03\x01\x05\xde\x01" 403 265 "-" "-"
176.65.132.67 - - [12/Dec/2025:21:58:30 +0100] "GET /" 400 468 "-" "-"
212.120.222.162 - - [12/Dec/2025:21:59:35 +0100] "\x16\x03\x03" 403 265 "-" "-"
3.227.180.70 - - [12/Dec/2025:22:00:09 +0100] "GET /platby/hca/lakers-playoffs-bracket HTTP/1.1" 200 6372 "-" "Mozilla/5.0 AppleWebKit/537.36 (KHTML, like Gecko; compatible; Amazonbot/0.1; +https://developer.amazon.com/support/amazonbot) Chrome/119.0.6045.214 Safari/537.36"
52.207.47.227 - - [12/Dec/2025:22:00:12 +0100] "GET /platby/qqap/newport-beach-to-los-angeles HTTP/1.1" 200 11872 "-" "Mozilla/5.0 AppleWebKit/537.36 (KHTML, like Gecko; compatible; Amazonbot/0.1; +https://developer.amazon.com/support/amazonbot) Chrome/119.0.6045.214 Safari/537.36"
35.173.38.202 - - [12/Dec/2025:22:00:16 +0100] "GET /platby/72zbxoz/chromium-deficiency-symptoms-mayo-clinic HTTP/1.1" 200 14045 "-" "Mozilla/5.0 AppleWebKit/537.36 (KHTML, like Gecko; compatible; Amazonbot/0.1; +https://developer.amazon.com/support/amazonbot) Chrome/119.0.6045.214 Safari/537.36"
3.214.176.44 - - [12/Dec/2025:22:00:20 +0100] "GET /platby/aohwuyx/phone-repairs-new-plymouth HTTP/1.1" 200 9082 "-" "Mozilla/5.0 AppleWebKit/537.36 (KHTML, like Gecko; compatible; Amazonbot/0.1; +https://developer.amazon.com/support/amazonbot) Chrome/119.0.6045.214 Safari/537.36"
3.213.106.226 - - [12/Dec/2025:22:00:26 +0100] "GET /platby/aohwuyx/wolf-of-wall-street-2-cast HTTP/1.1" 200 7381 "-" "Mozilla/5.0 AppleWebKit/537.36 (KHTML, like Gecko; compatible; Amazonbot/0.1; +https://developer.amazon.com/support/amazonbot) Chrome/119.0.6045.214 Safari/537.36"
23.21.148.226 - - [12/Dec/2025:22:00:29 +0100] "GET /platby/aohwuyx/southeastern-university-jobs HTTP/1.1" 200 12962 "-" "Mozilla/5.0 AppleWebKit/537.36 (KHTML, like Gecko; compatible; Amazonbot/0.1; +https://developer.amazon.com/support/amazonbot) Chrome/119.0.6045.214 Safari/537.36"
52.70.209.13 - - [12/Dec/2025:22:00:32 +0100] "GET /platby/aohwuyx/brennan-home-furniture-woodstock-nb HTTP/1.1" 200 11183 "-" "Mozilla/5.0 AppleWebKit/537.36 (KHTML, like Gecko; compatible; Amazonbot/0.1; +https://developer.amazon.com/support/amazonbot) Chrome/119.0.6045.214 Safari/537.36"
