216.244.66.239 - - [12/Dec/2025:19:10:31 +0100] "GET /platby/article.php?5d4c26=shelby-simmons-fan-mail HTTP/1.1" 200 22038 "-" "Mozilla/5.0 (compatible; DotBot/1.2; +https://opensiteexplorer.org/dotbot; help@moz.com)"
216.244.66.239 - - [12/Dec/2025:19:10:32 +0100] "GET /platby/article.php?5d4c26=singapore-temperature-in-june HTTP/1.1" 200 18220 "-" "Mozilla/5.0 (compatible; DotBot/1.2; +https://opensiteexplorer.org/dotbot; help@moz.com)"
216.244.66.239 - - [12/Dec/2025:19:10:33 +0100] "GET /platby/article.php?5d4c26=snow-forecast-turoa HTTP/1.1" 200 19299 "-" "Mozilla/5.0 (compatible; DotBot/1.2; +https://opensiteexplorer.org/dotbot; help@moz.com)"
216.244.66.239 - - [12/Dec/2025:19:10:36 +0100] "GET /platby/article.php?5d4c26=student-tutor-jobs HTTP/1.1" 200 19476 "-" "Mozilla/5.0 (compatible; DotBot/1.2; +https://opensiteexplorer.org/dotbot; help@moz.com)"
216.244.66.239 - - [12/Dec/2025:19:10:38 +0100] "GET /platby/article.php?5d4c26=unity-technologies-interview HTTP/1.1" 200 24530 "-" "Mozilla/5.0 (compatible; DotBot/1.2; +https://opensiteexplorer.org/dotbot; help@moz.com)"
216.244.66.239 - - [12/Dec/2025:19:10:39 +0100] "GET /platby/article.php?5d4c26=By-The-Daylight HTTP/1.1" 200 17573 "-" "Mozilla/5.0 (compatible; DotBot/1.2; +https://opensiteexplorer.org/dotbot; help@moz.com)"
216.244.66.239 - - [12/Dec/2025:19:10:40 +0100] "GET /platby/article.php?5d4c26=The-Black-Pigs HTTP/1.1" 200 23944 "-" "Mozilla/5.0 (compatible; DotBot/1.2; +https://opensiteexplorer.org/dotbot; help@moz.com)"
216.244.66.239 - - [12/Dec/2025:19:10:45 +0100] "GET /platby/article.php?5d4c26=air-new-zealand-777-200-business-class HTTP/1.1" 200 19823 "-" "Mozilla/5.0 (compatible; DotBot/1.2; +https://opensiteexplorer.org/dotbot; help@moz.com)"
216.244.66.239 - - [12/Dec/2025:19:10:48 +0100] "GET /platby/article.php?5d4c26=all-american-football-high-school HTTP/1.1" 200 17060 "-" "Mozilla/5.0 (compatible; DotBot/1.2; +https://opensiteexplorer.org/dotbot; help@moz.com)"
216.244.66.239 - - [12/Dec/2025:19:10:51 +0100] "GET /platby/article.php?5d4c26=allegheny-county-gun-permit-online HTTP/1.1" 200 24198 "-" "Mozilla/5.0 (compatible; DotBot/1.2; +https://opensiteexplorer.org/dotbot; help@moz.com)"
216.244.66.239 - - [12/Dec/2025:19:10:54 +0100] "GET /platby/article.php?5d4c26=calming-meaning-in-telugu HTTP/1.1" 200 22910 "-" "Mozilla/5.0 (compatible; DotBot/1.2; +https://opensiteexplorer.org/dotbot; help@moz.com)"
216.244.66.239 - - [12/Dec/2025:19:10:56 +0100] "GET /platby/article.php?5d4c26=cassini-huygens-purpose HTTP/1.1" 200 22217 "-" "Mozilla/5.0 (compatible; DotBot/1.2; +https://opensiteexplorer.org/dotbot; help@moz.com)"
216.244.66.239 - - [12/Dec/2025:19:10:58 +0100] "GET /platby/article.php?5d4c26=cyberlink-media-suite-10 HTTP/1.1" 200 16518 "-" "Mozilla/5.0 (compatible; DotBot/1.2; +https://opensiteexplorer.org/dotbot; help@moz.com)"
216.244.66.239 - - [12/Dec/2025:19:11:00 +0100] "GET /platby/article.php?5d4c26=etrian-odyssey-4-quests HTTP/1.1" 200 21173 "-" "Mozilla/5.0 (compatible; DotBot/1.2; +https://opensiteexplorer.org/dotbot; help@moz.com)"
216.244.66.239 - - [12/Dec/2025:19:11:01 +0100] "GET /platby/article.php?5d4c26=federico-vi%C3%B1as-fifa-19 HTTP/1.1" 200 24236 "-" "Mozilla/5.0 (compatible; DotBot/1.2; +https://opensiteexplorer.org/dotbot; help@moz.com)"
216.244.66.239 - - [12/Dec/2025:19:11:03 +0100] "GET /platby/article.php?5d4c26=golden-boy-boxing-on-espn-tonight HTTP/1.1" 200 21123 "-" "Mozilla/5.0 (compatible; DotBot/1.2; +https://opensiteexplorer.org/dotbot; help@moz.com)"
216.244.66.239 - - [12/Dec/2025:19:11:04 +0100] "GET /platby/article.php?5d4c26=hera-syndulla-accent HTTP/1.1" 200 12842 "-" "Mozilla/5.0 (compatible; DotBot/1.2; +https://opensiteexplorer.org/dotbot; help@moz.com)"
216.244.66.239 - - [12/Dec/2025:19:11:05 +0100] "GET /platby/article.php?5d4c26=herrin%2C-illinois-obituaries HTTP/1.1" 200 15147 "-" "Mozilla/5.0 (compatible; DotBot/1.2; +https://opensiteexplorer.org/dotbot; help@moz.com)"
216.244.66.239 - - [12/Dec/2025:19:11:06 +0100] "GET /platby/article.php?5d4c26=hope-rotors-with-sram-brakes HTTP/1.1" 200 23618 "-" "Mozilla/5.0 (compatible; DotBot/1.2; +https://opensiteexplorer.org/dotbot; help@moz.com)"
216.244.66.239 - - [12/Dec/2025:19:11:08 +0100] "GET /platby/article.php?5d4c26=how-to-pronounce-loathing HTTP/1.1" 200 16062 "-" "Mozilla/5.0 (compatible; DotBot/1.2; +https://opensiteexplorer.org/dotbot; help@moz.com)"
216.244.66.239 - - [12/Dec/2025:19:11:09 +0100] "GET /platby/article.php?5d4c26=how-to-tell-if-an-artillery-shell-is-live HTTP/1.1" 200 25322 "-" "Mozilla/5.0 (compatible; DotBot/1.2; +https://opensiteexplorer.org/dotbot; help@moz.com)"
216.244.66.239 - - [12/Dec/2025:19:11:10 +0100] "GET /platby/article.php?5d4c26=neighbours-spoilers-2020 HTTP/1.1" 200 20490 "-" "Mozilla/5.0 (compatible; DotBot/1.2; +https://opensiteexplorer.org/dotbot; help@moz.com)"
216.244.66.239 - - [12/Dec/2025:19:11:11 +0100] "GET /platby/article.php?5d4c26=port-vale-reserves-fixtures HTTP/1.1" 200 17925 "-" "Mozilla/5.0 (compatible; DotBot/1.2; +https://opensiteexplorer.org/dotbot; help@moz.com)"
216.244.66.239 - - [12/Dec/2025:19:11:13 +0100] "GET /platby/article.php?5d4c26=rhythmic-gymnastics---ball---masteries HTTP/1.1" 200 15166 "-" "Mozilla/5.0 (compatible; DotBot/1.2; +https://opensiteexplorer.org/dotbot; help@moz.com)"
216.244.66.239 - - [12/Dec/2025:19:11:14 +0100] "GET /platby/article.php?5d4c26=sandstorm-mereba-lyrics HTTP/1.1" 200 24019 "-" "Mozilla/5.0 (compatible; DotBot/1.2; +https://opensiteexplorer.org/dotbot; help@moz.com)"
216.244.66.239 - - [12/Dec/2025:19:11:15 +0100] "GET /platby/article.php?5d4c26=satisfactory-water-locations HTTP/1.1" 200 18083 "-" "Mozilla/5.0 (compatible; DotBot/1.2; +https://opensiteexplorer.org/dotbot; help@moz.com)"
43.157.148.38 - - [12/Dec/2025:19:11:16 +0100] "GET / HTTP/1.1" 403 224 "-" "Mozilla/5.0 (iPhone; CPU iPhone OS 13_2_3 like Mac OS X) AppleWebKit/605.1.15 (KHTML, like Gecko) Version/13.0.3 Mobile/15E148 Safari/604.1"
216.244.66.239 - - [12/Dec/2025:19:11:17 +0100] "GET /platby/article.php?5d4c26=sydney-olympic-fc-terry-palapanis HTTP/1.1" 200 19444 "-" "Mozilla/5.0 (compatible; DotBot/1.2; +https://opensiteexplorer.org/dotbot; help@moz.com)"
216.244.66.239 - - [12/Dec/2025:19:11:18 +0100] "GET /platby/article.php?5d4c26=texas-government-branches HTTP/1.1" 200 24405 "-" "Mozilla/5.0 (compatible; DotBot/1.2; +https://opensiteexplorer.org/dotbot; help@moz.com)"
216.244.66.239 - - [12/Dec/2025:19:11:19 +0100] "GET /platby/article.php?5d4c26=tony-abbott-education HTTP/1.1" 200 15060 "-" "Mozilla/5.0 (compatible; DotBot/1.2; +https://opensiteexplorer.org/dotbot; help@moz.com)"
216.244.66.239 - - [12/Dec/2025:19:11:20 +0100] "GET /platby/article.php?5d4c26=wasc-strawberry-cake HTTP/1.1" 200 22501 "-" "Mozilla/5.0 (compatible; DotBot/1.2; +https://opensiteexplorer.org/dotbot; help@moz.com)"
216.244.66.239 - - [12/Dec/2025:19:11:21 +0100] "GET /platby/article.php?5d4c26=watford-junction-hotel HTTP/1.1" 200 19451 "-" "Mozilla/5.0 (compatible; DotBot/1.2; +https://opensiteexplorer.org/dotbot; help@moz.com)"
216.244.66.239 - - [12/Dec/2025:19:11:22 +0100] "GET /platby/article.php?5d4c26=who-won-champions-league-2018 HTTP/1.1" 200 17957 "-" "Mozilla/5.0 (compatible; DotBot/1.2; +https://opensiteexplorer.org/dotbot; help@moz.com)"
216.244.66.239 - - [12/Dec/2025:19:11:23 +0100] "GET /platby/article.php?5d4c26=wolf-milk-for-sale HTTP/1.1" 200 23134 "-" "Mozilla/5.0 (compatible; DotBot/1.2; +https://opensiteexplorer.org/dotbot; help@moz.com)"
216.244.66.239 - - [12/Dec/2025:19:11:25 +0100] "GET /platby/article.php?5d4c26=world-atlas-flag-quiz HTTP/1.1" 200 18151 "-" "Mozilla/5.0 (compatible; DotBot/1.2; +https://opensiteexplorer.org/dotbot; help@moz.com)"
216.244.66.239 - - [12/Dec/2025:19:11:26 +0100] "GET /platby/uwoy9/matildas-coach-sacked HTTP/1.1" 200 45142 "-" "Mozilla/5.0 (compatible; DotBot/1.2; +https://opensiteexplorer.org/dotbot; help@moz.com)"
216.244.66.239 - - [12/Dec/2025:19:11:27 +0100] "GET /platby/article.php?5d4c26=Terraria-Hardmode-Guide HTTP/1.1" 200 22037 "-" "Mozilla/5.0 (compatible; DotBot/1.2; +https://opensiteexplorer.org/dotbot; help@moz.com)"
216.244.66.239 - - [12/Dec/2025:19:11:28 +0100] "GET /platby/article.php?5d4c26=a-history-of-the-idea-of-pakistan HTTP/1.1" 200 18372 "-" "Mozilla/5.0 (compatible; DotBot/1.2; +https://opensiteexplorer.org/dotbot; help@moz.com)"
216.244.66.239 - - [12/Dec/2025:19:11:29 +0100] "GET /platby/article.php?5d4c26=alone-and-living-off-grid HTTP/1.1" 200 23657 "-" "Mozilla/5.0 (compatible; DotBot/1.2; +https://opensiteexplorer.org/dotbot; help@moz.com)"
216.244.66.239 - - [12/Dec/2025:19:11:31 +0100] "GET /platby/article.php?5d4c26=beautiful-star-of-bethlehem-music HTTP/1.1" 200 18223 "-" "Mozilla/5.0 (compatible; DotBot/1.2; +https://opensiteexplorer.org/dotbot; help@moz.com)"
216.244.66.239 - - [12/Dec/2025:19:11:32 +0100] "GET /platby/article.php?5d4c26=castlevania%3A-the-bloodletting HTTP/1.1" 200 21441 "-" "Mozilla/5.0 (compatible; DotBot/1.2; +https://opensiteexplorer.org/dotbot; help@moz.com)"
216.244.66.239 - - [12/Dec/2025:19:11:33 +0100] "GET /platby/article.php?5d4c26=cbc-radio-2-playlog-today HTTP/1.1" 200 24271 "-" "Mozilla/5.0 (compatible; DotBot/1.2; +https://opensiteexplorer.org/dotbot; help@moz.com)"
216.244.66.239 - - [12/Dec/2025:19:11:34 +0100] "GET /platby/article.php?5d4c26=charlie-pickering-the-project HTTP/1.1" 200 19450 "-" "Mozilla/5.0 (compatible; DotBot/1.2; +https://opensiteexplorer.org/dotbot; help@moz.com)"
216.244.66.239 - - [12/Dec/2025:19:11:35 +0100] "GET /platby/article.php?5d4c26=christchurch-postcode-new-zealand HTTP/1.1" 200 19056 "-" "Mozilla/5.0 (compatible; DotBot/1.2; +https://opensiteexplorer.org/dotbot; help@moz.com)"
216.244.66.239 - - [12/Dec/2025:19:11:36 +0100] "GET /platby/article.php?5d4c26=esther%3A-the-queen-of-persia%2C-the-holy-land-experience%2C-march-17 HTTP/1.1" 200 21749 "-" "Mozilla/5.0 (compatible; DotBot/1.2; +https://opensiteexplorer.org/dotbot; help@moz.com)"
216.244.66.239 - - [12/Dec/2025:19:11:37 +0100] "GET /platby/article.php?5d4c26=funeral-home-in-west-union HTTP/1.1" 200 22817 "-" "Mozilla/5.0 (compatible; DotBot/1.2; +https://opensiteexplorer.org/dotbot; help@moz.com)"
216.244.66.239 - - [12/Dec/2025:19:11:38 +0100] "GET /platby/article.php?5d4c26=hilton-seychelles-northolme-resort-%26-spa HTTP/1.1" 200 21281 "-" "Mozilla/5.0 (compatible; DotBot/1.2; +https://opensiteexplorer.org/dotbot; help@moz.com)"
216.244.66.239 - - [12/Dec/2025:19:11:39 +0100] "GET /platby/article.php?5d4c26=how-many-people-were-affected-by-the-nepal-earthquake%3F HTTP/1.1" 200 16275 "-" "Mozilla/5.0 (compatible; DotBot/1.2; +https://opensiteexplorer.org/dotbot; help@moz.com)"
216.244.66.239 - - [12/Dec/2025:19:11:40 +0100] "GET /platby/article.php?5d4c26=large-leather-sectional HTTP/1.1" 200 17946 "-" "Mozilla/5.0 (compatible; DotBot/1.2; +https://opensiteexplorer.org/dotbot; help@moz.com)"
216.244.66.239 - - [12/Dec/2025:19:11:41 +0100] "GET /platby/article.php?5d4c26=male-gaze-documentary HTTP/1.1" 200 22534 "-" "Mozilla/5.0 (compatible; DotBot/1.2; +https://opensiteexplorer.org/dotbot; help@moz.com)"
216.244.66.239 - - [12/Dec/2025:19:11:42 +0100] "GET /platby/article.php?5d4c26=moments%3A-choose-your-story-star-tree HTTP/1.1" 200 20474 "-" "Mozilla/5.0 (compatible; DotBot/1.2; +https://opensiteexplorer.org/dotbot; help@moz.com)"
216.244.66.239 - - [12/Dec/2025:19:11:44 +0100] "GET /platby/article.php?5d4c26=movie-about-country-singer-who-loses-her-voice HTTP/1.1" 200 21069 "-" "Mozilla/5.0 (compatible; DotBot/1.2; +https://opensiteexplorer.org/dotbot; help@moz.com)"
216.244.66.239 - - [12/Dec/2025:19:11:45 +0100] "GET /platby/article.php?5d4c26=new-homes-for-sale-in-idaho-falls HTTP/1.1" 200 25715 "-" "Mozilla/5.0 (compatible; DotBot/1.2; +https://opensiteexplorer.org/dotbot; help@moz.com)"
216.244.66.239 - - [12/Dec/2025:19:11:46 +0100] "GET /platby/article.php?5d4c26=new-zealand-tours-including-flights HTTP/1.1" 200 16884 "-" "Mozilla/5.0 (compatible; DotBot/1.2; +https://opensiteexplorer.org/dotbot; help@moz.com)"
216.244.66.239 - - [12/Dec/2025:19:11:47 +0100] "GET /platby/article.php?5d4c26=python-programming%3A-an-introduction-to-computer-science-pdf HTTP/1.1" 200 15816 "-" "Mozilla/5.0 (compatible; DotBot/1.2; +https://opensiteexplorer.org/dotbot; help@moz.com)"
216.244.66.239 - - [12/Dec/2025:19:11:48 +0100] "GET /platby/article.php?5d4c26=samsung-mobile-market-share-and-profitability-in-smartphones-case-study HTTP/1.1" 200 21989 "-" "Mozilla/5.0 (compatible; DotBot/1.2; +https://opensiteexplorer.org/dotbot; help@moz.com)"
216.244.66.239 - - [12/Dec/2025:19:11:50 +0100] "GET /platby/article.php?5d4c26=snacks-with-drinks-at-home HTTP/1.1" 200 21371 "-" "Mozilla/5.0 (compatible; DotBot/1.2; +https://opensiteexplorer.org/dotbot; help@moz.com)"
216.244.66.239 - - [12/Dec/2025:19:11:51 +0100] "GET /platby/article.php?5d4c26=sprint-prepaid-plans-%2435 HTTP/1.1" 200 15256 "-" "Mozilla/5.0 (compatible; DotBot/1.2; +https://opensiteexplorer.org/dotbot; help@moz.com)"
216.244.66.239 - - [12/Dec/2025:19:11:52 +0100] "GET /platby/article.php?5d4c26=team-starkid-auditions HTTP/1.1" 200 21052 "-" "Mozilla/5.0 (compatible; DotBot/1.2; +https://opensiteexplorer.org/dotbot; help@moz.com)"
216.244.66.239 - - [12/Dec/2025:19:11:54 +0100] "GET /platby/article.php?5d4c26=translate-tagalog-to-arabic-word HTTP/1.1" 200 19390 "-" "Mozilla/5.0 (compatible; DotBot/1.2; +https://opensiteexplorer.org/dotbot; help@moz.com)"
216.244.66.239 - - [12/Dec/2025:19:11:55 +0100] "GET /platby/article.php?5d4c26=trending-pakistani-dramas-2019 HTTP/1.1" 200 20978 "-" "Mozilla/5.0 (compatible; DotBot/1.2; +https://opensiteexplorer.org/dotbot; help@moz.com)"
216.244.66.239 - - [12/Dec/2025:19:11:56 +0100] "GET /platby/article.php?5d4c26=unity-technologies-board-of-directors HTTP/1.1" 200 22123 "-" "Mozilla/5.0 (compatible; DotBot/1.2; +https://opensiteexplorer.org/dotbot; help@moz.com)"
216.244.66.239 - - [12/Dec/2025:19:11:57 +0100] "GET /platby/article.php?5d4c26=walmart-annual-report-2019 HTTP/1.1" 200 18070 "-" "Mozilla/5.0 (compatible; DotBot/1.2; +https://opensiteexplorer.org/dotbot; help@moz.com)"
216.244.66.239 - - [12/Dec/2025:19:11:58 +0100] "GET /platby/article.php?5d4c26=dole-pineapple-juice HTTP/1.1" 200 22723 "-" "Mozilla/5.0 (compatible; DotBot/1.2; +https://opensiteexplorer.org/dotbot; help@moz.com)"
216.244.66.239 - - [12/Dec/2025:19:11:59 +0100] "GET /platby/aohwuyx/sephora-foundation-matte HTTP/1.1" 200 35054 "-" "Mozilla/5.0 (compatible; DotBot/1.2; +https://opensiteexplorer.org/dotbot; help@moz.com)"
216.244.66.239 - - [12/Dec/2025:19:12:01 +0100] "GET /platby/uwoy9/draftkings-casino-no-deposit-bonus HTTP/1.1" 200 38106 "-" "Mozilla/5.0 (compatible; DotBot/1.2; +https://opensiteexplorer.org/dotbot; help@moz.com)"
216.244.66.239 - - [12/Dec/2025:19:12:03 +0100] "GET /platby/aohwuyx/do-car%27s-have-both-shocks-and-struts HTTP/1.1" 200 32949 "-" "Mozilla/5.0 (compatible; DotBot/1.2; +https://opensiteexplorer.org/dotbot; help@moz.com)"
216.244.66.239 - - [12/Dec/2025:19:12:05 +0100] "GET /platby/aohwuyx/gods-plan-quotes-bible HTTP/1.1" 200 35219 "-" "Mozilla/5.0 (compatible; DotBot/1.2; +https://opensiteexplorer.org/dotbot; help@moz.com)"
216.244.66.239 - - [12/Dec/2025:19:12:06 +0100] "GET /platby/aohwuyx/hemlock-teacher-allegations HTTP/1.1" 200 45409 "-" "Mozilla/5.0 (compatible; DotBot/1.2; +https://opensiteexplorer.org/dotbot; help@moz.com)"
216.244.66.239 - - [12/Dec/2025:19:12:09 +0100] "GET /platby/uwoy9/%22model-order-reduction%3A-techniques-and-tools HTTP/1.1" 200 41483 "-" "Mozilla/5.0 (compatible; DotBot/1.2; +https://opensiteexplorer.org/dotbot; help@moz.com)"
216.244.66.239 - - [12/Dec/2025:19:12:12 +0100] "GET /platby/uwoy9/england-football-cap-for-sale HTTP/1.1" 200 35853 "-" "Mozilla/5.0 (compatible; DotBot/1.2; +https://opensiteexplorer.org/dotbot; help@moz.com)"
216.244.66.239 - - [12/Dec/2025:19:12:15 +0100] "GET /platby/aohwuyx/how-to-downscale-4k-to-1080p-monitor HTTP/1.1" 200 35920 "-" "Mozilla/5.0 (compatible; DotBot/1.2; +https://opensiteexplorer.org/dotbot; help@moz.com)"
216.244.66.239 - - [12/Dec/2025:19:12:21 +0100] "GET /platby/aohwuyx/maryland-case-search-portal HTTP/1.1" 200 38665 "-" "Mozilla/5.0 (compatible; DotBot/1.2; +https://opensiteexplorer.org/dotbot; help@moz.com)"
52.0.41.164 - - [12/Dec/2025:19:12:22 +0100] "GET /platby/qqap/listening-activity-for-adults HTTP/1.1" 200 8920 "-" "Mozilla/5.0 AppleWebKit/537.36 (KHTML, like Gecko; compatible; Amazonbot/0.1; +https://developer.amazon.com/support/amazonbot) Chrome/119.0.6045.214 Safari/537.36"
107.22.208.39 - - [12/Dec/2025:19:12:25 +0100] "GET /platby/72zbxoz/i-love-how-you-love-me-chords-paris-sisters HTTP/1.1" 200 11964 "-" "Mozilla/5.0 AppleWebKit/537.36 (KHTML, like Gecko; compatible; Amazonbot/0.1; +https://developer.amazon.com/support/amazonbot) Chrome/119.0.6045.214 Safari/537.36"
216.244.66.239 - - [12/Dec/2025:19:12:26 +0100] "GET /platby/uwoy9/the-road-less-traveled-summer-program HTTP/1.1" 200 50910 "-" "Mozilla/5.0 (compatible; DotBot/1.2; +https://opensiteexplorer.org/dotbot; help@moz.com)"
98.83.178.66 - - [12/Dec/2025:19:12:28 +0100] "GET /platby/aohwuyx/2011-public-sector-strikes HTTP/1.1" 200 12620 "-" "Mozilla/5.0 AppleWebKit/537.36 (KHTML, like Gecko; compatible; Amazonbot/0.1; +https://developer.amazon.com/support/amazonbot) Chrome/119.0.6045.214 Safari/537.36"
216.244.66.239 - - [12/Dec/2025:19:12:30 +0100] "GET /platby/uwoy9/myles-herro-basketball HTTP/1.1" 200 44908 "-" "Mozilla/5.0 (compatible; DotBot/1.2; +https://opensiteexplorer.org/dotbot; help@moz.com)"
52.3.156.186 - - [12/Dec/2025:19:12:33 +0100] "GET /platby/qqap/seven-seas-hotel-contact-number HTTP/1.1" 200 11983 "-" "Mozilla/5.0 AppleWebKit/537.36 (KHTML, like Gecko; compatible; Amazonbot/0.1; +https://developer.amazon.com/support/amazonbot) Chrome/119.0.6045.214 Safari/537.36"
216.244.66.239 - - [12/Dec/2025:19:12:34 +0100] "GET /platby/uwoy9/birds-of-manitoba-checklist HTTP/1.1" 200 50396 "-" "Mozilla/5.0 (compatible; DotBot/1.2; +https://opensiteexplorer.org/dotbot; help@moz.com)"
54.166.126.132 - - [12/Dec/2025:19:12:36 +0100] "GET /platby/aohwuyx/intercultural-development-continuum HTTP/1.1" 200 9227 "-" "Mozilla/5.0 AppleWebKit/537.36 (KHTML, like Gecko; compatible; Amazonbot/0.1; +https://developer.amazon.com/support/amazonbot) Chrome/119.0.6045.214 Safari/537.36"
44.206.65.8 - - [12/Dec/2025:19:12:40 +0100] "GET /platby/qqap/sherwood-newcastle-r-972-for-sale HTTP/1.1" 200 7832 "-" "Mozilla/5.0 AppleWebKit/537.36 (KHTML, like Gecko; compatible; Amazonbot/0.1; +https://developer.amazon.com/support/amazonbot) Chrome/119.0.6045.214 Safari/537.36"
98.83.226.125 - - [12/Dec/2025:19:12:44 +0100] "GET /platby/72zbxoz/pittsburgh-oratory-of-st-philip-neri HTTP/1.1" 200 11374 "-" "Mozilla/5.0 AppleWebKit/537.36 (KHTML, like Gecko; compatible; Amazonbot/0.1; +https://developer.amazon.com/support/amazonbot) Chrome/119.0.6045.214 Safari/537.36"
142.93.76.159 - - [12/Dec/2025:19:13:31 +0100] "\x16\x03\x01\x02" 403 265 "-" "-"
204.76.203.206 - - [12/Dec/2025:19:13:36 +0100] "GET /" 400 468 "-" "-"
204.76.203.206 - - [12/Dec/2025:19:15:11 +0100] "GET / HTTP/1.1" 200 316 "-" "Mozilla/5.0 (Windows NT 10.0; Win64; x64) AppleWebKit/537.36 (KHTML, like Gecko) Chrome/90.0.4430.85 Safari/537.36 Edg/90.0.818.46"
188.166.48.28 - - [12/Dec/2025:19:15:14 +0100] "\x16\x03\x01\x02" 403 265 "-" "-"
205.210.31.209 - - [12/Dec/2025:19:17:20 +0100] "GET /" 400 468 "-" "-"
192.175.111.254 - - [12/Dec/2025:19:18:17 +0100] "\x16\x03\x01\x02" 403 265 "-" "-"
192.175.111.236 - - [12/Dec/2025:19:18:17 +0100] "\x16\x03\x01\x02" 403 265 "-" "-"
64.15.129.113 - - [12/Dec/2025:19:18:21 +0100] "\x16\x03\x01\x02" 403 265 "-" "-"
192.175.111.254 - - [12/Dec/2025:19:18:22 +0100] "\x16\x03\x01\x02" 403 265 "-" "-"
114.119.139.66 - - [12/Dec/2025:19:20:03 +0100] "GET /platby/qqap/team-rubicon-roll-call-login HTTP/1.1" 200 7799 "-" "Mozilla/5.0 (Linux; Android 7.0;) AppleWebKit/537.36 (KHTML, like Gecko) Mobile Safari/537.36 (compatible; PetalBot;+https://webmaster.petalsearch.com/site/petalbot)"
114.119.139.66 - - [12/Dec/2025:19:21:18 +0100] "GET /platby/qqap/login-and-logout-using-session-in-php-and-mysqli HTTP/1.1" 200 9570 "-" "Mozilla/5.0 (Linux; Android 7.0;) AppleWebKit/537.36 (KHTML, like Gecko) Mobile Safari/537.36 (compatible; PetalBot;+https://webmaster.petalsearch.com/site/petalbot)"
114.119.128.6 - - [12/Dec/2025:19:22:50 +0100] "GET /platby/article.php?5d4c26=www-ttu-edu-login HTTP/1.1" 200 6435 "-" "Mozilla/5.0 (Linux; Android 7.0;) AppleWebKit/537.36 (KHTML, like Gecko) Mobile Safari/537.36 (compatible; PetalBot;+https://webmaster.petalsearch.com/site/petalbot)"
114.119.152.142 - - [12/Dec/2025:19:24:09 +0100] "GET /platby/article.php?5d4c26=mathnasium-craniumcafe-com-login HTTP/1.1" 200 6380 "-" "Mozilla/5.0 (Linux; Android 7.0;) AppleWebKit/537.36 (KHTML, like Gecko) Mobile Safari/537.36 (compatible; PetalBot;+https://webmaster.petalsearch.com/site/petalbot)"
34.140.71.81 - - [12/Dec/2025:19:24:40 +0100] "\x16\x03\x01\x02" 403 265 "-" "-"
149.50.103.48 - - [12/Dec/2025:19:26:19 +0100] "GET /" 400 468 "-" "-"
114.119.140.102 - - [12/Dec/2025:19:26:26 +0100] "GET /platby/article.php?5d4c26=huntsville-botanical-gardens-login HTTP/1.1" 200 5702 "-" "Mozilla/5.0 (Linux; Android 7.0;) AppleWebKit/537.36 (KHTML, like Gecko) Mobile Safari/537.36 (compatible; PetalBot;+https://webmaster.petalsearch.com/site/petalbot)"
114.119.130.237 - - [12/Dec/2025:19:27:13 +0100] "GET /platby/article.php?5d4c26=backmarket-sign-in HTTP/1.1" 200 5250 "-" "Mozilla/5.0 (Linux; Android 7.0;) AppleWebKit/537.36 (KHTML, like Gecko) Mobile Safari/537.36 (compatible; PetalBot;+https://webmaster.petalsearch.com/site/petalbot)"
52.2.83.227 - - [12/Dec/2025:19:28:26 +0100] "GET /platby/qqap/what-comes-first-thought-or-action HTTP/1.1" 200 14062 "-" "Mozilla/5.0 AppleWebKit/537.36 (KHTML, like Gecko; compatible; Amazonbot/0.1; +https://developer.amazon.com/support/amazonbot) Chrome/119.0.6045.214 Safari/537.36"
54.152.163.42 - - [12/Dec/2025:19:28:28 +0100] "GET /platby/aohwuyx/boldmethod-aviation-quizzes HTTP/1.1" 200 10347 "-" "Mozilla/5.0 AppleWebKit/537.36 (KHTML, like Gecko; compatible; Amazonbot/0.1; +https://developer.amazon.com/support/amazonbot) Chrome/119.0.6045.214 Safari/537.36"
52.54.95.127 - - [12/Dec/2025:19:28:32 +0100] "GET /platby/72zbxoz/what-is-subsidized-housing HTTP/1.1" 200 13486 "-" "Mozilla/5.0 AppleWebKit/537.36 (KHTML, like Gecko; compatible; Amazonbot/0.1; +https://developer.amazon.com/support/amazonbot) Chrome/119.0.6045.214 Safari/537.36"
114.119.129.163 - - [12/Dec/2025:19:28:35 +0100] "GET /platby/aohwuyx/chin-ups-alternative-at-home HTTP/1.1" 200 10314 "-" "Mozilla/5.0 (Linux; Android 7.0;) AppleWebKit/537.36 (KHTML, like Gecko) Mobile Safari/537.36 (compatible; PetalBot;+https://webmaster.petalsearch.com/site/petalbot)"
34.195.60.66 - - [12/Dec/2025:19:28:36 +0100] "GET /platby/hca/livingston-city-police-department HTTP/1.1" 200 9917 "-" "Mozilla/5.0 AppleWebKit/537.36 (KHTML, like Gecko; compatible; Amazonbot/0.1; +https://developer.amazon.com/support/amazonbot) Chrome/119.0.6045.214 Safari/537.36"
3.210.114.189 - - [12/Dec/2025:19:28:41 +0100] "GET /platby/qqap/callum-blue-smallville HTTP/1.1" 200 9043 "-" "Mozilla/5.0 AppleWebKit/537.36 (KHTML, like Gecko; compatible; Amazonbot/0.1; +https://developer.amazon.com/support/amazonbot) Chrome/119.0.6045.214 Safari/537.36"
44.221.180.179 - - [12/Dec/2025:19:28:44 +0100] "GET /platby/qqap/jordan-tourism-covid-19 HTTP/1.1" 200 9231 "-" "Mozilla/5.0 AppleWebKit/537.36 (KHTML, like Gecko; compatible; Amazonbot/0.1; +https://developer.amazon.com/support/amazonbot) Chrome/119.0.6045.214 Safari/537.36"
114.119.140.102 - - [12/Dec/2025:19:29:47 +0100] "GET /platby/72zbxoz/loyalty-quotes-goodreads HTTP/1.1" 200 8629 "-" "Mozilla/5.0 (Linux; Android 7.0;) AppleWebKit/537.36 (KHTML, like Gecko) Mobile Safari/537.36 (compatible; PetalBot;+https://webmaster.petalsearch.com/site/petalbot)"
204.76.203.206 - - [12/Dec/2025:19:30:23 +0100] "GET /" 400 468 "-" "-"
114.119.139.66 - - [12/Dec/2025:19:31:10 +0100] "GET /platby/uwoy9/why-are-houses-so-cheap-in-johnstown,-pa HTTP/1.1" 200 14554 "http://ispc.klape.eu/platby/uwoy9/why-are-houses-so-cheap-in-johnstown,-pa" "Mozilla/5.0 (Linux; Android 7.0;) AppleWebKit/537.36 (KHTML, like Gecko) Mobile Safari/537.36 (compatible; PetalBot;+https://webmaster.petalsearch.com/site/petalbot)"
204.76.203.206 - - [12/Dec/2025:19:32:27 +0100] "GET / HTTP/1.1" 200 316 "-" "Mozilla/5.0 (Windows NT 10.0; Win64; x64) AppleWebKit/537.36 (KHTML, like Gecko) Chrome/90.0.4430.85 Safari/537.36 Edg/90.0.818.46"
114.119.139.112 - - [12/Dec/2025:19:32:33 +0100] "GET /platby/uwoy9/university-of-maryland-college-park-computer-science-courses HTTP/1.1" 200 12472 "http://ispc.klape.eu/platby/uwoy9/university-of-maryland-college-park-computer-science-courses" "Mozilla/5.0 (Linux; Android 7.0;) AppleWebKit/537.36 (KHTML, like Gecko) Mobile Safari/537.36 (compatible; PetalBot;+https://webmaster.petalsearch.com/site/petalbot)"
188.166.237.160 - - [12/Dec/2025:19:33:11 +0100] "\x16\x03\x01\x02" 403 265 "-" "-"
78.153.140.195 - - [12/Dec/2025:19:33:46 +0100] "\x16\x03\x01" 403 265 "-" "-"
78.153.140.195 - - [12/Dec/2025:19:33:46 +0100] "\x16\x03\x01" 403 265 "-" "-"
114.119.139.112 - - [12/Dec/2025:19:34:01 +0100] "GET /platby/uwoy9/can-you-be-a-teacher-with-disorderly-conduct HTTP/1.1" 200 9662 "http://ispc.klape.eu/platby/uwoy9/parents-are-a-child%27s-first-teacher-quote" "Mozilla/5.0 (Linux; Android 7.0;) AppleWebKit/537.36 (KHTML, like Gecko) Mobile Safari/537.36 (compatible; PetalBot;+https://webmaster.petalsearch.com/site/petalbot)"
114.119.130.237 - - [12/Dec/2025:19:35:21 +0100] "GET /platby/qqap/what-does-il-pleut-mean-in-french HTTP/1.1" 200 7252 "http://ispc.klape.eu/platby/qqap/what-does-il-pleut-mean-in-french" "Mozilla/5.0 (Linux; Android 7.0;) AppleWebKit/537.36 (KHTML, like Gecko) Mobile Safari/537.36 (compatible; PetalBot;+https://webmaster.petalsearch.com/site/petalbot)"
87.120.191.100 - - [12/Dec/2025:19:36:24 +0100] "GET /" 400 468 "-" "-"
114.119.139.66 - - [12/Dec/2025:19:36:40 +0100] "GET /platby/uwoy9/how-to-stop-talking-like-a-valley-girl HTTP/1.1" 200 9123 "http://ispc.klape.eu/platby/uwoy9/how-to-stop-talking-like-a-valley-girl" "Mozilla/5.0 (Linux; Android 7.0;) AppleWebKit/537.36 (KHTML, like Gecko) Mobile Safari/537.36 (compatible; PetalBot;+https://webmaster.petalsearch.com/site/petalbot)"
176.65.149.34 - - [12/Dec/2025:19:36:52 +0100] "1111\x0c\x01" 400 291 "-" "-"
176.65.149.34 - - [12/Dec/2025:19:36:52 +0100] "\x16\x03\x01\x05\xac\x01" 501 273 "-" "-"
176.65.149.34 - - [12/Dec/2025:19:36:52 +0100] "GET / HTTP/1.1" 200 516 "-" "-"
176.65.149.34 - - [12/Dec/2025:19:36:52 +0100] "GET /index.htm HTTP/1.1" 404 273 "-" "Mozilla/5.0"
176.65.149.34 - - [12/Dec/2025:19:36:52 +0100] "1111\x88" 501 272 "-" "-"
176.65.149.34 - - [12/Dec/2025:19:36:53 +0100] "1111\x88" 501 272 "-" "-"
176.65.149.34 - - [12/Dec/2025:19:36:54 +0100] "1111\x88" 501 272 "-" "-"
15.235.59.82 - - [12/Dec/2025:19:38:00 +0100] "\x16\x03\x01\x02" 403 265 "-" "-"
114.119.139.112 - - [12/Dec/2025:19:38:03 +0100] "GET /platby/uwoy9/cleveland-browns-tickets---stubhub HTTP/1.1" 200 10124 "http://ispc.klape.eu/platby/uwoy9/cleveland-browns-tickets---stubhub" "Mozilla/5.0 (Linux; Android 7.0;) AppleWebKit/537.36 (KHTML, like Gecko) Mobile Safari/537.36 (compatible; PetalBot;+https://webmaster.petalsearch.com/site/petalbot)"
114.119.139.66 - - [12/Dec/2025:19:39:28 +0100] "GET /platby/uwoy9/bird-a-2006-philosophy-of-science-routledge-pdf HTTP/1.1" 200 11076 "http://ispc.klape.eu/platby/uwoy9/bird-a-2006-philosophy-of-science-routledge-pdf" "Mozilla/5.0 (Linux; Android 7.0;) AppleWebKit/537.36 (KHTML, like Gecko) Mobile Safari/537.36 (compatible; PetalBot;+https://webmaster.petalsearch.com/site/petalbot)"
114.119.128.6 - - [12/Dec/2025:19:40:51 +0100] "GET /platby/qqap/quatre-vingts-ou-quatre-vingt HTTP/1.1" 200 11115 "http://ispc.klape.eu/platby/qqap/how-many-landmines-are-there-in-the-world" "Mozilla/5.0 (Linux; Android 7.0;) AppleWebKit/537.36 (KHTML, like Gecko) Mobile Safari/537.36 (compatible; PetalBot;+https://webmaster.petalsearch.com/site/petalbot)"
16.147.7.175 - - [12/Dec/2025:19:41:13 +0100] "\x16\x03\x01\x05\xd0\x01" 403 265 "-" "-"
114.119.129.163 - - [12/Dec/2025:19:42:15 +0100] "GET /platby/qqap/protective-polish-mh-rise-talisman HTTP/1.1" 200 11779 "http://ispc.klape.eu/platby/qqap/is-richard-north-patterson-still-writing-books" "Mozilla/5.0 (Linux; Android 7.0;) AppleWebKit/537.36 (KHTML, like Gecko) Mobile Safari/537.36 (compatible; PetalBot;+https://webmaster.petalsearch.com/site/petalbot)"
3.92.54.49 - - [12/Dec/2025:19:43:15 +0100] "\x16\x03\x01\x05\xd7\x01" 403 265 "-" "-"
3.92.54.49 - - [12/Dec/2025:19:43:16 +0100] "\x16\x03\x01\x05\xd7\x01" 403 265 "-" "-"
3.92.54.49 - - [12/Dec/2025:19:43:17 +0100] "\x16\x03\x01\x05\xd7\x01" 403 265 "-" "-"
3.92.54.49 - - [12/Dec/2025:19:43:18 +0100] "\x16\x03\x01\x05\xd7\x01" 403 265 "-" "-"
114.119.128.6 - - [12/Dec/2025:19:43:38 +0100] "GET /platby/qqap/perugino's-delivery-of-the-keys-to-peter-symbolizes HTTP/1.1" 200 7399 "http://ispc.klape.eu/platby/qqap/indoor-plants-that-like-morning-sun-and-afternoon-shade" "Mozilla/5.0 (Linux; Android 7.0;) AppleWebKit/537.36 (KHTML, like Gecko) Mobile Safari/537.36 (compatible; PetalBot;+https://webmaster.petalsearch.com/site/petalbot)"
198.235.24.110 - - [12/Dec/2025:19:44:36 +0100] "GET / HTTP/1.1" 200 316 "-" "Hello from Palo Alto Networks, find out more about our scans in https://docs-cortex.paloaltonetworks.com/r/1/Cortex-Xpanse/Scanning-activity"
114.119.149.2 - - [12/Dec/2025:19:45:04 +0100] "GET /platby/qqap/mi-6-pro-fingerprint-sensor-not-working HTTP/1.1" 200 6157 "http://ispc.klape.eu/platby/qqap/mi-6-pro-fingerprint-sensor-not-working" "Mozilla/5.0 (Linux; Android 7.0;) AppleWebKit/537.36 (KHTML, like Gecko) Mobile Safari/537.36 (compatible; PetalBot;+https://webmaster.petalsearch.com/site/petalbot)"
114.119.128.6 - - [12/Dec/2025:19:46:25 +0100] "GET /platby/qqap/hamburg-university-of-applied-sciences-qs-ranking HTTP/1.1" 200 10446 "http://ispc.klape.eu/platby/qqap/fingerprint-appointment" "Mozilla/5.0 (Linux; Android 7.0;) AppleWebKit/537.36 (KHTML, like Gecko) Mobile Safari/537.36 (compatible; PetalBot;+https://webmaster.petalsearch.com/site/petalbot)"
204.76.203.206 - - [12/Dec/2025:19:47:34 +0100] "GET /" 400 468 "-" "-"
114.119.149.2 - - [12/Dec/2025:19:47:49 +0100] "GET /platby/qqap/drunk-on-halloween-chords-ukulele HTTP/1.1" 200 6026 "http://ispc.klape.eu/platby/qqap/how-long-has-glenn-jacobs-been-mayor" "Mozilla/5.0 (Linux; Android 7.0;) AppleWebKit/537.36 (KHTML, like Gecko) Mobile Safari/537.36 (compatible; PetalBot;+https://webmaster.petalsearch.com/site/petalbot)"
204.76.203.206 - - [12/Dec/2025:19:48:28 +0100] "GET / HTTP/1.1" 200 316 "-" "Mozilla/5.0 (Windows NT 10.0; Win64; x64) AppleWebKit/537.36 (KHTML, like Gecko) Chrome/90.0.4430.85 Safari/537.36 Edg/90.0.818.46"
185.100.87.136 - - [12/Dec/2025:19:48:36 +0100] "\x16\x03\x01" 403 265 "-" "-"
114.119.129.163 - - [12/Dec/2025:19:49:12 +0100] "GET /platby/qqap/allright-szkola-jezykowa HTTP/1.1" 200 11609 "http://ispc.klape.eu/platby/qqap/allright-szkola-jezykowa" "Mozilla/5.0 (Linux; Android 7.0;) AppleWebKit/537.36 (KHTML, like Gecko) Mobile Safari/537.36 (compatible; PetalBot;+https://webmaster.petalsearch.com/site/petalbot)"
204.76.203.212 - - [12/Dec/2025:19:49:53 +0100] "GET /" 400 468 "-" "-"
20.65.193.104 - - [12/Dec/2025:19:49:56 +0100] "\x16\x03\x01" 403 265 "-" "-"
114.119.149.2 - - [12/Dec/2025:19:50:43 +0100] "GET /platby/hca/unique-places-to-stay-in-galena,-il HTTP/1.1" 200 10084 "http://ispc.klape.eu/platby/hca/calories-burned-in-1-hour-gym-workout" "Mozilla/5.0 (Linux; Android 7.0;) AppleWebKit/537.36 (KHTML, like Gecko) Mobile Safari/537.36 (compatible; PetalBot;+https://webmaster.petalsearch.com/site/petalbot)"
195.177.94.189 - - [12/Dec/2025:19:51:41 +0100] "GET /phpmyadmin/scripts/setup.php HTTP/1.1" 200 11106 "-" "Mozilla/4.0 (compatible; MSIE 6.0; MSIE 5.5; Windows NT 5.1) Opera 7.01 [en]"
195.177.94.189 - - [12/Dec/2025:19:51:41 +0100] "POST /phpmyadmin/scripts/setup.php HTTP/1.1" 200 18608 "http://109.105.49.240:8081/phpmyadmin/scripts/setup.php" "Mozilla/4.0 (compatible; MSIE 6.0; MSIE 5.5; Windows NT 5.1) Opera 7.01 [en]"
216.244.66.239 - - [12/Dec/2025:19:51:45 +0100] "GET /robots.txt HTTP/1.1" 200 34 "-" "Mozilla/5.0 (compatible; DotBot/1.2; +https://opensiteexplorer.org/dotbot; help@moz.com)"
114.119.149.2 - - [12/Dec/2025:19:51:59 +0100] "GET /platby/hca/the-rocket-works-on-the-principle-of-conservation-of HTTP/1.1" 200 9636 "http://ispc.klape.eu/platby/hca/harmful-effects-of-fertilizers-and-pesticides-on-humans" "Mozilla/5.0 (Linux; Android 7.0;) AppleWebKit/537.36 (KHTML, like Gecko) Mobile Safari/537.36 (compatible; PetalBot;+https://webmaster.petalsearch.com/site/petalbot)"
195.177.94.189 - - [12/Dec/2025:19:53:03 +0100] "GET /phpmyadmin/scripts/setup.php HTTP/1.1" 200 11105 "-" "Mozilla/4.0 (compatible; MSIE 6.0; MSIE 5.5; Windows NT 5.1) Opera 7.01 [en]"
195.177.94.189 - - [12/Dec/2025:19:53:03 +0100] "POST /phpmyadmin/scripts/setup.php HTTP/1.1" 200 18608 "http://109.105.49.240:443/phpmyadmin/scripts/setup.php" "Mozilla/4.0 (compatible; MSIE 6.0; MSIE 5.5; Windows NT 5.1) Opera 7.01 [en]"
198.235.24.106 - - [12/Dec/2025:19:53:16 +0100] "GET / HTTP/1.0" 200 515 "-" "Hello from Palo Alto Networks, find out more about our scans in https://docs-cortex.paloaltonetworks.com/r/1/Cortex-Xpanse/Scanning-activity"
114.119.140.102 - - [12/Dec/2025:19:53:24 +0100] "GET /platby/hca/stay-with-me---chanyeol-chords HTTP/1.1" 200 11099 "http://ispc.klape.eu/platby/hca/england-women%27s-cricket-team-players-list-2021" "Mozilla/5.0 (Linux; Android 7.0;) AppleWebKit/537.36 (KHTML, like Gecko) Mobile Safari/537.36 (compatible; PetalBot;+https://webmaster.petalsearch.com/site/petalbot)"
159.65.126.82 - - [12/Dec/2025:19:54:03 +0100] "\x16\x03\x01" 403 265 "-" "-"
159.65.126.82 - - [12/Dec/2025:19:54:04 +0100] "\x16\x03\x01" 403 265 "-" "-"
159.65.126.82 - - [12/Dec/2025:19:54:04 +0100] "\x16\x03\x01" 403 265 "-" "-"
159.65.126.82 - - [12/Dec/2025:19:54:04 +0100] "\x16\x03\x03\x01\xa7\x01" 403 265 "-" "-"
159.65.126.82 - - [12/Dec/2025:19:54:04 +0100] "\x16\x03\x03\x01\xa7\x01" 403 265 "-" "-"
159.65.126.82 - - [12/Dec/2025:19:54:04 +0100] "\x16\x03\x03\x01X\x01" 403 265 "-" "-"
159.65.126.82 - - [12/Dec/2025:19:54:04 +0100] "\x16\x03\x03\x01J\x01" 403 265 "-" "-"
159.65.126.82 - - [12/Dec/2025:19:54:04 +0100] "\x16\x03\x03\x01\x9b\x01" 403 265 "-" "-"
159.65.126.82 - - [12/Dec/2025:19:54:04 +0100] "\x16\x03\x02\x01\x9c\x01" 403 265 "-" "-"
159.65.126.82 - - [12/Dec/2025:19:54:04 +0100] "\x16\x03\x01\x01\xa9\x01" 403 265 "-" "-"
159.65.126.82 - - [12/Dec/2025:19:54:04 +0100] "\x16\x03\x01\x01\xa9\x01" 403 265 "-" "-"
159.65.126.82 - - [12/Dec/2025:19:54:05 +0100] "\x16\x03\x01\x01\x9f\x01" 403 265 "-" "-"
159.65.126.82 - - [12/Dec/2025:19:54:05 +0100] "\x16\x03\x01\x01\xb6\x01" 403 265 "-" "-"
159.65.126.82 - - [12/Dec/2025:19:54:05 +0100] "GET / HTTP/1.1" 403 224 "-" "Mozilla/5.0 (Windows NT 10.0; Win64; x64) AppleWebKit/537.36 (KHTML, like Gecko) Chrome/108.0.0.0 Safari/537.36"
159.65.126.82 - - [12/Dec/2025:19:54:05 +0100] "\x16\x03\x01" 403 265 "-" "-"
159.65.126.82 - - [12/Dec/2025:19:54:05 +0100] "GET /t4 HTTP/1.1" 403 225 "-" "Mozilla/5.0"
159.65.126.82 - - [12/Dec/2025:19:54:05 +0100] "GET /favicon.ico HTTP/1.1" 403 231 "-" "Mozilla/5.0 (Windows NT 10.0; Win64; x64) AppleWebKit/537.36 (KHTML, like Gecko) Chrome/108.0.0.0 Safari/537.36"
159.65.126.82 - - [12/Dec/2025:19:54:05 +0100] "\x16\x03\x01" 403 265 "-" "-"
159.65.126.82 - - [12/Dec/2025:19:54:05 +0100] "\x16\x03\x01" 403 265 "-" "-"
114.119.129.163 - - [12/Dec/2025:19:54:47 +0100] "GET /platby/hca/photos-of-noah-shannon-green HTTP/1.1" 200 5609 "http://ispc.klape.eu/platby/hca/bird-that-looks-like-a-cardinal-but-is-black" "Mozilla/5.0 (Linux; Android 7.0;) AppleWebKit/537.36 (KHTML, like Gecko) Mobile Safari/537.36 (compatible; PetalBot;+https://webmaster.petalsearch.com/site/petalbot)"
114.119.152.142 - - [12/Dec/2025:19:56:11 +0100] "GET /platby/hca/how-to-enable-bubbles-in-android-11 HTTP/1.1" 200 6139 "http://ispc.klape.eu/platby/hca/how-many-lifeboats-did-the-titanic-have" "Mozilla/5.0 (Linux; Android 7.0;) AppleWebKit/537.36 (KHTML, like Gecko) Mobile Safari/537.36 (compatible; PetalBot;+https://webmaster.petalsearch.com/site/petalbot)"
216.244.66.239 - - [12/Dec/2025:19:57:30 +0100] "GET /platby/article.php?5d4c26=Best-PE-games-ever HTTP/1.1" 200 19696 "-" "Mozilla/5.0 (compatible; DotBot/1.2; +https://opensiteexplorer.org/dotbot; help@moz.com)"
114.119.139.66 - - [12/Dec/2025:19:57:35 +0100] "GET /platby/hca/bred-11-carbon-fiber-fake-vs-real HTTP/1.1" 200 11696 "http://ispc.klape.eu/platby/hca/bred-11-carbon-fiber-fake-vs-real" "Mozilla/5.0 (Linux; Android 7.0;) AppleWebKit/537.36 (KHTML, like Gecko) Mobile Safari/537.36 (compatible; PetalBot;+https://webmaster.petalsearch.com/site/petalbot)"
216.244.66.239 - - [12/Dec/2025:19:57:35 +0100] "GET /platby/article.php?5d4c26=vat-69-vodka HTTP/1.1" 200 15381 "-" "Mozilla/5.0 (compatible; DotBot/1.2; +https://opensiteexplorer.org/dotbot; help@moz.com)"
216.244.66.239 - - [12/Dec/2025:19:57:40 +0100] "GET /platby/article.php?5d4c26=bandit-classic-rock HTTP/1.1" 200 23295 "-" "Mozilla/5.0 (compatible; DotBot/1.2; +https://opensiteexplorer.org/dotbot; help@moz.com)"
216.244.66.239 - - [12/Dec/2025:19:57:43 +0100] "GET /platby/article.php?5d4c26=convert-odt-to-pdf HTTP/1.1" 200 22973 "-" "Mozilla/5.0 (compatible; DotBot/1.2; +https://opensiteexplorer.org/dotbot; help@moz.com)"
216.244.66.239 - - [12/Dec/2025:19:57:46 +0100] "GET /platby/article.php?5d4c26=high-speed-rail-texas HTTP/1.1" 200 16409 "-" "Mozilla/5.0 (compatible; DotBot/1.2; +https://opensiteexplorer.org/dotbot; help@moz.com)"
216.244.66.239 - - [12/Dec/2025:19:57:49 +0100] "GET /platby/article.php?5d4c26=radio-rate-card HTTP/1.1" 200 20257 "-" "Mozilla/5.0 (compatible; DotBot/1.2; +https://opensiteexplorer.org/dotbot; help@moz.com)"
216.244.66.239 - - [12/Dec/2025:19:57:52 +0100] "GET /platby/article.php?5d4c26=things-to-do-in-kobe HTTP/1.1" 200 16891 "-" "Mozilla/5.0 (compatible; DotBot/1.2; +https://opensiteexplorer.org/dotbot; help@moz.com)"
216.244.66.239 - - [12/Dec/2025:19:57:55 +0100] "GET /platby/article.php?5d4c26=ag-jeans-price HTTP/1.1" 200 16376 "-" "Mozilla/5.0 (compatible; DotBot/1.2; +https://opensiteexplorer.org/dotbot; help@moz.com)"
216.244.66.239 - - [12/Dec/2025:19:57:58 +0100] "GET /platby/article.php?5d4c26=churchill-homburg-hat HTTP/1.1" 200 22941 "-" "Mozilla/5.0 (compatible; DotBot/1.2; +https://opensiteexplorer.org/dotbot; help@moz.com)"
216.244.66.239 - - [12/Dec/2025:19:58:01 +0100] "GET /platby/article.php?5d4c26=conjugal-visit-lyrics HTTP/1.1" 200 14192 "-" "Mozilla/5.0 (compatible; DotBot/1.2; +https://opensiteexplorer.org/dotbot; help@moz.com)"
216.244.66.239 - - [12/Dec/2025:19:58:03 +0100] "GET /platby/article.php?5d4c26=copper-org-applications HTTP/1.1" 200 24139 "-" "Mozilla/5.0 (compatible; DotBot/1.2; +https://opensiteexplorer.org/dotbot; help@moz.com)"
198.235.24.198 - - [12/Dec/2025:19:58:05 +0100] "\x16\x03\x01\x01\v\x01" 400 289 "-" "-"
198.235.24.198 - - [12/Dec/2025:19:58:05 +0100] "\x16\x03\x01" 403 265 "-" "-"
216.244.66.239 - - [12/Dec/2025:19:58:05 +0100] "GET /platby/article.php?5d4c26=delaware-online-coronavirus HTTP/1.1" 200 18347 "-" "Mozilla/5.0 (compatible; DotBot/1.2; +https://opensiteexplorer.org/dotbot; help@moz.com)"
216.244.66.239 - - [12/Dec/2025:19:58:07 +0100] "GET /platby/article.php?5d4c26=dfw-to-hnl-aa HTTP/1.1" 200 16469 "-" "Mozilla/5.0 (compatible; DotBot/1.2; +https://opensiteexplorer.org/dotbot; help@moz.com)"
216.244.66.239 - - [12/Dec/2025:19:58:09 +0100] "GET /platby/article.php?5d4c26=japanese-psx-roms HTTP/1.1" 200 19528 "-" "Mozilla/5.0 (compatible; DotBot/1.2; +https://opensiteexplorer.org/dotbot; help@moz.com)"
216.244.66.239 - - [12/Dec/2025:19:58:10 +0100] "GET /platby/article.php?5d4c26=madden-16-controls-ps4 HTTP/1.1" 200 15865 "-" "Mozilla/5.0 (compatible; DotBot/1.2; +https://opensiteexplorer.org/dotbot; help@moz.com)"
216.244.66.239 - - [12/Dec/2025:19:58:12 +0100] "GET /platby/article.php?5d4c26=magellan-health-medical-director-salary HTTP/1.1" 200 15637 "-" "Mozilla/5.0 (compatible; DotBot/1.2; +https://opensiteexplorer.org/dotbot; help@moz.com)"
216.244.66.239 - - [12/Dec/2025:19:58:13 +0100] "GET /platby/article.php?5d4c26=oconus-jobs-iraq HTTP/1.1" 200 19532 "-" "Mozilla/5.0 (compatible; DotBot/1.2; +https://opensiteexplorer.org/dotbot; help@moz.com)"
216.244.66.239 - - [12/Dec/2025:19:58:14 +0100] "GET /platby/article.php?5d4c26=phreatic-surface-dam HTTP/1.1" 200 18491 "-" "Mozilla/5.0 (compatible; DotBot/1.2; +https://opensiteexplorer.org/dotbot; help@moz.com)"
216.244.66.239 - - [12/Dec/2025:19:58:15 +0100] "GET /platby/article.php?5d4c26=sanditon-episode-7-watch-online HTTP/1.1" 200 21823 "-" "Mozilla/5.0 (compatible; DotBot/1.2; +https://opensiteexplorer.org/dotbot; help@moz.com)"
216.244.66.239 - - [12/Dec/2025:19:58:16 +0100] "GET /platby/article.php?5d4c26=skylanders-superchargers-characters HTTP/1.1" 200 23624 "-" "Mozilla/5.0 (compatible; DotBot/1.2; +https://opensiteexplorer.org/dotbot; help@moz.com)"
216.244.66.239 - - [12/Dec/2025:19:58:17 +0100] "GET /platby/article.php?5d4c26=td-ameritrade-offer-code HTTP/1.1" 200 20918 "-" "Mozilla/5.0 (compatible; DotBot/1.2; +https://opensiteexplorer.org/dotbot; help@moz.com)"
216.244.66.239 - - [12/Dec/2025:19:58:18 +0100] "GET /platby/article.php?5d4c26=this-is-football HTTP/1.1" 200 23850 "-" "Mozilla/5.0 (compatible; DotBot/1.2; +https://opensiteexplorer.org/dotbot; help@moz.com)"
216.244.66.239 - - [12/Dec/2025:19:58:19 +0100] "GET /platby/article.php?5d4c26=warren-gatland-house HTTP/1.1" 200 22979 "-" "Mozilla/5.0 (compatible; DotBot/1.2; +https://opensiteexplorer.org/dotbot; help@moz.com)"
216.244.66.239 - - [12/Dec/2025:19:58:20 +0100] "GET /platby/article.php?5d4c26=Bayern-Munich-vs-Schalke HTTP/1.1" 200 17605 "-" "Mozilla/5.0 (compatible; DotBot/1.2; +https://opensiteexplorer.org/dotbot; help@moz.com)"
216.244.66.239 - - [12/Dec/2025:19:58:22 +0100] "GET /platby/article.php?5d4c26=Gazini-Ganados-update HTTP/1.1" 200 22717 "-" "Mozilla/5.0 (compatible; DotBot/1.2; +https://opensiteexplorer.org/dotbot; help@moz.com)"
216.244.66.239 - - [12/Dec/2025:19:58:23 +0100] "GET /platby/article.php?5d4c26=Spice-Road-Table HTTP/1.1" 200 17013 "-" "Mozilla/5.0 (compatible; DotBot/1.2; +https://opensiteexplorer.org/dotbot; help@moz.com)"
216.244.66.239 - - [12/Dec/2025:19:58:24 +0100] "GET /platby/article.php?5d4c26=Under-a-Violet-Moon HTTP/1.1" 200 15253 "-" "Mozilla/5.0 (compatible; DotBot/1.2; +https://opensiteexplorer.org/dotbot; help@moz.com)"
216.244.66.239 - - [12/Dec/2025:19:58:24 +0100] "GET /platby/article.php?5d4c26=brisbane-police-department HTTP/1.1" 200 19119 "-" "Mozilla/5.0 (compatible; DotBot/1.2; +https://opensiteexplorer.org/dotbot; help@moz.com)"
216.244.66.239 - - [12/Dec/2025:19:58:26 +0100] "GET /platby/article.php?5d4c26=cheap-champions-league-final-tickets HTTP/1.1" 200 17309 "-" "Mozilla/5.0 (compatible; DotBot/1.2; +https://opensiteexplorer.org/dotbot; help@moz.com)"
216.244.66.239 - - [12/Dec/2025:19:58:27 +0100] "GET /platby/article.php?5d4c26=cosecha-red-wine-price-in-delhi HTTP/1.1" 200 16233 "-" "Mozilla/5.0 (compatible; DotBot/1.2; +https://opensiteexplorer.org/dotbot; help@moz.com)"
216.244.66.239 - - [12/Dec/2025:19:58:28 +0100] "GET /platby/article.php?5d4c26=cute-apple-watch-wallpaper HTTP/1.1" 200 22898 "-" "Mozilla/5.0 (compatible; DotBot/1.2; +https://opensiteexplorer.org/dotbot; help@moz.com)"
216.244.66.239 - - [12/Dec/2025:19:58:29 +0100] "GET /platby/article.php?5d4c26=ellie-taylor-baby-news HTTP/1.1" 200 18028 "-" "Mozilla/5.0 (compatible; DotBot/1.2; +https://opensiteexplorer.org/dotbot; help@moz.com)"
216.244.66.239 - - [12/Dec/2025:19:58:30 +0100] "GET /platby/article.php?5d4c26=environmental-destruction-synonym HTTP/1.1" 200 22315 "-" "Mozilla/5.0 (compatible; DotBot/1.2; +https://opensiteexplorer.org/dotbot; help@moz.com)"
216.244.66.239 - - [12/Dec/2025:19:58:31 +0100] "GET /platby/article.php?5d4c26=family-photographers-near-me HTTP/1.1" 200 16032 "-" "Mozilla/5.0 (compatible; DotBot/1.2; +https://opensiteexplorer.org/dotbot; help@moz.com)"
216.244.66.239 - - [12/Dec/2025:19:58:32 +0100] "GET /platby/article.php?5d4c26=gwent-play-with-friends-ps4 HTTP/1.1" 200 21910 "-" "Mozilla/5.0 (compatible; DotBot/1.2; +https://opensiteexplorer.org/dotbot; help@moz.com)"
216.244.66.239 - - [12/Dec/2025:19:58:33 +0100] "GET /platby/article.php?5d4c26=how-to-get-license-firearm HTTP/1.1" 200 19752 "-" "Mozilla/5.0 (compatible; DotBot/1.2; +https://opensiteexplorer.org/dotbot; help@moz.com)"
216.244.66.239 - - [12/Dec/2025:19:58:34 +0100] "GET /platby/article.php?5d4c26=ibm-quantum-computing-tutorial HTTP/1.1" 200 22349 "-" "Mozilla/5.0 (compatible; DotBot/1.2; +https://opensiteexplorer.org/dotbot; help@moz.com)"
216.244.66.239 - - [12/Dec/2025:19:58:35 +0100] "GET /platby/article.php?5d4c26=imperial-hotel%2C-torquay-coronavirus HTTP/1.1" 200 18675 "-" "Mozilla/5.0 (compatible; DotBot/1.2; +https://opensiteexplorer.org/dotbot; help@moz.com)"
216.244.66.239 - - [12/Dec/2025:19:58:36 +0100] "GET /platby/article.php?5d4c26=list-of-murders-in-new-zealand-2019 HTTP/1.1" 200 21607 "-" "Mozilla/5.0 (compatible; DotBot/1.2; +https://opensiteexplorer.org/dotbot; help@moz.com)"
216.244.66.239 - - [12/Dec/2025:19:58:37 +0100] "GET /platby/article.php?5d4c26=machine-generated-code HTTP/1.1" 200 15741 "-" "Mozilla/5.0 (compatible; DotBot/1.2; +https://opensiteexplorer.org/dotbot; help@moz.com)"
216.244.66.239 - - [12/Dec/2025:19:58:38 +0100] "GET /platby/article.php?5d4c26=migos---slippery-lyrics HTTP/1.1" 200 19926 "-" "Mozilla/5.0 (compatible; DotBot/1.2; +https://opensiteexplorer.org/dotbot; help@moz.com)"
216.244.66.239 - - [12/Dec/2025:19:58:40 +0100] "GET /platby/article.php?5d4c26=mother-daughter-rings HTTP/1.1" 200 17476 "-" "Mozilla/5.0 (compatible; DotBot/1.2; +https://opensiteexplorer.org/dotbot; help@moz.com)"
216.244.66.239 - - [12/Dec/2025:19:58:41 +0100] "GET /platby/article.php?5d4c26=mugello%2C-italy-nearest-airport HTTP/1.1" 200 21487 "-" "Mozilla/5.0 (compatible; DotBot/1.2; +https://opensiteexplorer.org/dotbot; help@moz.com)"
216.244.66.239 - - [12/Dec/2025:19:58:42 +0100] "GET /platby/article.php?5d4c26=netdragon-heroes-evolved HTTP/1.1" 200 20010 "-" "Mozilla/5.0 (compatible; DotBot/1.2; +https://opensiteexplorer.org/dotbot; help@moz.com)"
216.244.66.239 - - [12/Dec/2025:19:58:43 +0100] "GET /platby/article.php?5d4c26=new-monty-python-movie HTTP/1.1" 200 23751 "-" "Mozilla/5.0 (compatible; DotBot/1.2; +https://opensiteexplorer.org/dotbot; help@moz.com)"
216.244.66.239 - - [12/Dec/2025:19:58:44 +0100] "GET /platby/article.php?5d4c26=nrg-energy-houston-address HTTP/1.1" 200 20230 "-" "Mozilla/5.0 (compatible; DotBot/1.2; +https://opensiteexplorer.org/dotbot; help@moz.com)"
216.244.66.239 - - [12/Dec/2025:19:58:45 +0100] "GET /platby/article.php?5d4c26=paul-weller---true-meanings HTTP/1.1" 200 21159 "-" "Mozilla/5.0 (compatible; DotBot/1.2; +https://opensiteexplorer.org/dotbot; help@moz.com)"
216.244.66.239 - - [12/Dec/2025:19:58:46 +0100] "GET /platby/article.php?5d4c26=police-news-today-near-me HTTP/1.1" 200 22742 "-" "Mozilla/5.0 (compatible; DotBot/1.2; +https://opensiteexplorer.org/dotbot; help@moz.com)"
216.244.66.239 - - [12/Dec/2025:19:58:46 +0100] "GET /platby/article.php?5d4c26=quirk-of-fate-use-in-a-sentence HTTP/1.1" 200 22931 "-" "Mozilla/5.0 (compatible; DotBot/1.2; +https://opensiteexplorer.org/dotbot; help@moz.com)"
216.244.66.239 - - [12/Dec/2025:19:58:48 +0100] "GET /platby/article.php?5d4c26=quotes-about-clothes-and-confidence HTTP/1.1" 200 23006 "-" "Mozilla/5.0 (compatible; DotBot/1.2; +https://opensiteexplorer.org/dotbot; help@moz.com)"
216.244.66.239 - - [12/Dec/2025:19:58:49 +0100] "GET /platby/article.php?5d4c26=real-python-functional-programming HTTP/1.1" 200 21990 "-" "Mozilla/5.0 (compatible; DotBot/1.2; +https://opensiteexplorer.org/dotbot; help@moz.com)"
216.244.66.239 - - [12/Dec/2025:19:58:50 +0100] "GET /platby/article.php?5d4c26=rust-raid-calculator HTTP/1.1" 200 18315 "-" "Mozilla/5.0 (compatible; DotBot/1.2; +https://opensiteexplorer.org/dotbot; help@moz.com)"
216.244.66.239 - - [12/Dec/2025:19:58:51 +0100] "GET /platby/article.php?5d4c26=surf-movies-on-amazon-prime HTTP/1.1" 200 17342 "-" "Mozilla/5.0 (compatible; DotBot/1.2; +https://opensiteexplorer.org/dotbot; help@moz.com)"
216.244.66.239 - - [12/Dec/2025:19:58:53 +0100] "GET /platby/article.php?5d4c26=tessanne-chin-songs HTTP/1.1" 200 17569 "-" "Mozilla/5.0 (compatible; DotBot/1.2; +https://opensiteexplorer.org/dotbot; help@moz.com)"
216.244.66.239 - - [12/Dec/2025:19:58:54 +0100] "GET /platby/article.php?5d4c26=today%27s-court-list HTTP/1.1" 200 16725 "-" "Mozilla/5.0 (compatible; DotBot/1.2; +https://opensiteexplorer.org/dotbot; help@moz.com)"
216.244.66.239 - - [12/Dec/2025:19:58:55 +0100] "GET /platby/article.php?5d4c26=toddler-sleeping-bag-18-36-months HTTP/1.1" 200 18205 "-" "Mozilla/5.0 (compatible; DotBot/1.2; +https://opensiteexplorer.org/dotbot; help@moz.com)"
216.244.66.239 - - [12/Dec/2025:19:58:57 +0100] "GET /platby/article.php?5d4c26=14710-sw-128th-street-miami%2C-fl-33186 HTTP/1.1" 200 16006 "-" "Mozilla/5.0 (compatible; DotBot/1.2; +https://opensiteexplorer.org/dotbot; help@moz.com)"
216.244.66.239 - - [12/Dec/2025:19:58:58 +0100] "GET /platby/article.php?5d4c26=Hardware-store-Australia HTTP/1.1" 200 19154 "-" "Mozilla/5.0 (compatible; DotBot/1.2; +https://opensiteexplorer.org/dotbot; help@moz.com)"
