114.119.149.2 - - [12/Dec/2025:01:46:26 +0100] "GET /platby/article.php?5d4c26=movies-in-st-george HTTP/1.1" 200 5509 "http://ispc.klape.eu/platby/article.php?5d4c26=White-Knight-2-crash" "Mozilla/5.0 (Linux; Android 7.0;) AppleWebKit/537.36 (KHTML, like Gecko) Mobile Safari/537.36 (compatible; PetalBot;+https://webmaster.petalsearch.com/site/petalbot)"
216.244.66.239 - - [12/Dec/2025:01:46:27 +0100] "GET /platby/article.php?5d4c26=2%27%27-olympic-bar HTTP/1.1" 200 22508 "-" "Mozilla/5.0 (compatible; DotBot/1.2; +https://opensiteexplorer.org/dotbot; help@moz.com)"
216.244.66.239 - - [12/Dec/2025:01:46:28 +0100] "GET /platby/article.php?5d4c26=2020-anime-releases HTTP/1.1" 200 20376 "-" "Mozilla/5.0 (compatible; DotBot/1.2; +https://opensiteexplorer.org/dotbot; help@moz.com)"
216.244.66.239 - - [12/Dec/2025:01:46:29 +0100] "GET /platby/article.php?5d4c26=Artificial-intelligence-helpful HTTP/1.1" 200 16353 "-" "Mozilla/5.0 (compatible; DotBot/1.2; +https://opensiteexplorer.org/dotbot; help@moz.com)"
216.244.66.239 - - [12/Dec/2025:01:46:30 +0100] "GET /platby/article.php?5d4c26=Kinetic-energy-calculation HTTP/1.1" 200 26837 "-" "Mozilla/5.0 (compatible; DotBot/1.2; +https://opensiteexplorer.org/dotbot; help@moz.com)"
216.244.66.239 - - [12/Dec/2025:01:46:31 +0100] "GET /platby/article.php?5d4c26=Michael-Patrick-King HTTP/1.1" 200 22150 "-" "Mozilla/5.0 (compatible; DotBot/1.2; +https://opensiteexplorer.org/dotbot; help@moz.com)"
216.244.66.239 - - [12/Dec/2025:01:46:32 +0100] "GET /platby/article.php?5d4c26=Saudia-Flight-162 HTTP/1.1" 200 22266 "-" "Mozilla/5.0 (compatible; DotBot/1.2; +https://opensiteexplorer.org/dotbot; help@moz.com)"
216.244.66.239 - - [12/Dec/2025:01:46:33 +0100] "GET /platby/article.php?5d4c26=best-background-music HTTP/1.1" 200 23760 "-" "Mozilla/5.0 (compatible; DotBot/1.2; +https://opensiteexplorer.org/dotbot; help@moz.com)"
216.244.66.239 - - [12/Dec/2025:01:46:34 +0100] "GET /platby/article.php?5d4c26=city-of-neodesha-jobs HTTP/1.1" 200 16023 "-" "Mozilla/5.0 (compatible; DotBot/1.2; +https://opensiteexplorer.org/dotbot; help@moz.com)"
216.244.66.239 - - [12/Dec/2025:01:46:35 +0100] "GET /platby/article.php?5d4c26=clapham-south-london HTTP/1.1" 200 21502 "-" "Mozilla/5.0 (compatible; DotBot/1.2; +https://opensiteexplorer.org/dotbot; help@moz.com)"
216.244.66.239 - - [12/Dec/2025:01:46:36 +0100] "GET /platby/article.php?5d4c26=hands-on-programming-with-r-amazon HTTP/1.1" 200 16612 "-" "Mozilla/5.0 (compatible; DotBot/1.2; +https://opensiteexplorer.org/dotbot; help@moz.com)"
216.244.66.239 - - [12/Dec/2025:01:46:38 +0100] "GET /platby/article.php?5d4c26=how-to-design-a-rover HTTP/1.1" 200 16108 "-" "Mozilla/5.0 (compatible; DotBot/1.2; +https://opensiteexplorer.org/dotbot; help@moz.com)"
216.244.66.239 - - [12/Dec/2025:01:46:39 +0100] "GET /platby/article.php?5d4c26=is-new-wine-alcoholic HTTP/1.1" 200 19177 "-" "Mozilla/5.0 (compatible; DotBot/1.2; +https://opensiteexplorer.org/dotbot; help@moz.com)"
216.244.66.239 - - [12/Dec/2025:01:46:40 +0100] "GET /platby/article.php?5d4c26=jessie-reyez-ethnic-background HTTP/1.1" 200 23947 "-" "Mozilla/5.0 (compatible; DotBot/1.2; +https://opensiteexplorer.org/dotbot; help@moz.com)"
216.244.66.239 - - [12/Dec/2025:01:46:41 +0100] "GET /platby/article.php?5d4c26=kfar-saba-israel-postal-code HTTP/1.1" 200 21638 "-" "Mozilla/5.0 (compatible; DotBot/1.2; +https://opensiteexplorer.org/dotbot; help@moz.com)"
216.244.66.239 - - [12/Dec/2025:01:46:42 +0100] "GET /platby/article.php?5d4c26=man-o%27-war-ironclad-2013 HTTP/1.1" 200 22042 "-" "Mozilla/5.0 (compatible; DotBot/1.2; +https://opensiteexplorer.org/dotbot; help@moz.com)"
216.244.66.239 - - [12/Dec/2025:01:46:43 +0100] "GET /platby/article.php?5d4c26=man-utd-1999-squad HTTP/1.1" 200 21201 "-" "Mozilla/5.0 (compatible; DotBot/1.2; +https://opensiteexplorer.org/dotbot; help@moz.com)"
216.244.66.239 - - [12/Dec/2025:01:46:44 +0100] "GET /platby/article.php?5d4c26=moon-patrol-music HTTP/1.1" 200 22745 "-" "Mozilla/5.0 (compatible; DotBot/1.2; +https://opensiteexplorer.org/dotbot; help@moz.com)"
216.244.66.239 - - [12/Dec/2025:01:46:46 +0100] "GET /platby/article.php?5d4c26=padal-meaning-in-tamil HTTP/1.1" 200 19485 "-" "Mozilla/5.0 (compatible; DotBot/1.2; +https://opensiteexplorer.org/dotbot; help@moz.com)"
216.244.66.239 - - [12/Dec/2025:01:46:48 +0100] "GET /platby/article.php?5d4c26=race-now-unblocked HTTP/1.1" 200 22715 "-" "Mozilla/5.0 (compatible; DotBot/1.2; +https://opensiteexplorer.org/dotbot; help@moz.com)"
216.244.66.239 - - [12/Dec/2025:01:46:49 +0100] "GET /platby/article.php?5d4c26=st-george-staff HTTP/1.1" 200 22510 "-" "Mozilla/5.0 (compatible; DotBot/1.2; +https://opensiteexplorer.org/dotbot; help@moz.com)"
216.244.66.239 - - [12/Dec/2025:01:46:50 +0100] "GET /platby/article.php?5d4c26=the-only-way-is-up-movie HTTP/1.1" 200 21427 "-" "Mozilla/5.0 (compatible; DotBot/1.2; +https://opensiteexplorer.org/dotbot; help@moz.com)"
216.244.66.239 - - [12/Dec/2025:01:46:51 +0100] "GET /platby/article.php?5d4c26=the-origin-of-the-synagogue HTTP/1.1" 200 17602 "-" "Mozilla/5.0 (compatible; DotBot/1.2; +https://opensiteexplorer.org/dotbot; help@moz.com)"
216.244.66.239 - - [12/Dec/2025:01:46:52 +0100] "GET /platby/article.php?5d4c26=what-is-a-co-op HTTP/1.1" 200 22244 "-" "Mozilla/5.0 (compatible; DotBot/1.2; +https://opensiteexplorer.org/dotbot; help@moz.com)"
216.244.66.239 - - [12/Dec/2025:01:46:53 +0100] "GET /platby/article.php?5d4c26=900-mhz-interference HTTP/1.1" 200 16570 "-" "Mozilla/5.0 (compatible; DotBot/1.2; +https://opensiteexplorer.org/dotbot; help@moz.com)"
216.244.66.239 - - [12/Dec/2025:01:46:54 +0100] "GET /platby/article.php?5d4c26=Atari-logo-history HTTP/1.1" 200 19084 "-" "Mozilla/5.0 (compatible; DotBot/1.2; +https://opensiteexplorer.org/dotbot; help@moz.com)"
216.244.66.239 - - [12/Dec/2025:01:46:55 +0100] "GET /platby/article.php?5d4c26=Dividend-payout-ratio HTTP/1.1" 200 24389 "-" "Mozilla/5.0 (compatible; DotBot/1.2; +https://opensiteexplorer.org/dotbot; help@moz.com)"
216.244.66.239 - - [12/Dec/2025:01:46:56 +0100] "GET /platby/article.php?5d4c26=Parramatta-Eels-2011 HTTP/1.1" 200 21914 "-" "Mozilla/5.0 (compatible; DotBot/1.2; +https://opensiteexplorer.org/dotbot; help@moz.com)"
216.244.66.239 - - [12/Dec/2025:01:46:58 +0100] "GET /platby/article.php?5d4c26=Typhoon-Haiyan-landslides HTTP/1.1" 200 24881 "-" "Mozilla/5.0 (compatible; DotBot/1.2; +https://opensiteexplorer.org/dotbot; help@moz.com)"
216.244.66.239 - - [12/Dec/2025:01:46:59 +0100] "GET /platby/article.php?5d4c26=ap24x7-channel-number-in-sun-direct HTTP/1.1" 200 21363 "-" "Mozilla/5.0 (compatible; DotBot/1.2; +https://opensiteexplorer.org/dotbot; help@moz.com)"
216.244.66.239 - - [12/Dec/2025:01:47:00 +0100] "GET /platby/article.php?5d4c26=care-ambulance-radio-frequencies HTTP/1.1" 200 16304 "-" "Mozilla/5.0 (compatible; DotBot/1.2; +https://opensiteexplorer.org/dotbot; help@moz.com)"
216.244.66.239 - - [12/Dec/2025:01:47:01 +0100] "GET /platby/article.php?5d4c26=cassadee-pope-albums HTTP/1.1" 200 20382 "-" "Mozilla/5.0 (compatible; DotBot/1.2; +https://opensiteexplorer.org/dotbot; help@moz.com)"
216.244.66.239 - - [12/Dec/2025:01:47:02 +0100] "GET /platby/article.php?5d4c26=daily-express-columns HTTP/1.1" 200 16412 "-" "Mozilla/5.0 (compatible; DotBot/1.2; +https://opensiteexplorer.org/dotbot; help@moz.com)"
216.244.66.239 - - [12/Dec/2025:01:47:03 +0100] "GET /platby/article.php?5d4c26=december-is-national-what-month HTTP/1.1" 200 17200 "-" "Mozilla/5.0 (compatible; DotBot/1.2; +https://opensiteexplorer.org/dotbot; help@moz.com)"
216.244.66.239 - - [12/Dec/2025:01:47:04 +0100] "GET /platby/article.php?5d4c26=deep-forest---madazulu HTTP/1.1" 200 23422 "-" "Mozilla/5.0 (compatible; DotBot/1.2; +https://opensiteexplorer.org/dotbot; help@moz.com)"
216.244.66.239 - - [12/Dec/2025:01:47:05 +0100] "GET /platby/article.php?5d4c26=example-mod-minecraft HTTP/1.1" 200 17572 "-" "Mozilla/5.0 (compatible; DotBot/1.2; +https://opensiteexplorer.org/dotbot; help@moz.com)"
216.244.66.239 - - [12/Dec/2025:01:47:06 +0100] "GET /platby/article.php?5d4c26=feroze-khan-sisters HTTP/1.1" 200 15897 "-" "Mozilla/5.0 (compatible; DotBot/1.2; +https://opensiteexplorer.org/dotbot; help@moz.com)"
216.244.66.239 - - [12/Dec/2025:01:47:07 +0100] "GET /platby/article.php?5d4c26=focus-taiwan-weather HTTP/1.1" 200 18596 "-" "Mozilla/5.0 (compatible; DotBot/1.2; +https://opensiteexplorer.org/dotbot; help@moz.com)"
216.244.66.239 - - [12/Dec/2025:01:47:08 +0100] "GET /platby/article.php?5d4c26=gardiner-sisters-space-between HTTP/1.1" 200 20618 "-" "Mozilla/5.0 (compatible; DotBot/1.2; +https://opensiteexplorer.org/dotbot; help@moz.com)"
216.244.66.239 - - [12/Dec/2025:01:47:09 +0100] "GET /platby/article.php?5d4c26=harry-potter-lego-the-great-hall HTTP/1.1" 200 17139 "-" "Mozilla/5.0 (compatible; DotBot/1.2; +https://opensiteexplorer.org/dotbot; help@moz.com)"
216.244.66.239 - - [12/Dec/2025:01:47:10 +0100] "GET /platby/article.php?5d4c26=hatha-yoga-sadhguru HTTP/1.1" 200 21386 "-" "Mozilla/5.0 (compatible; DotBot/1.2; +https://opensiteexplorer.org/dotbot; help@moz.com)"
216.244.66.239 - - [12/Dec/2025:01:47:11 +0100] "GET /platby/article.php?5d4c26=healthcare-in-refugee-camps HTTP/1.1" 200 17511 "-" "Mozilla/5.0 (compatible; DotBot/1.2; +https://opensiteexplorer.org/dotbot; help@moz.com)"
216.244.66.239 - - [12/Dec/2025:01:47:12 +0100] "GET /platby/article.php?5d4c26=historical-weather-maps HTTP/1.1" 200 17099 "-" "Mozilla/5.0 (compatible; DotBot/1.2; +https://opensiteexplorer.org/dotbot; help@moz.com)"
216.244.66.239 - - [12/Dec/2025:01:47:13 +0100] "GET /platby/article.php?5d4c26=how-do-i-find-my-fsa-id HTTP/1.1" 200 24111 "-" "Mozilla/5.0 (compatible; DotBot/1.2; +https://opensiteexplorer.org/dotbot; help@moz.com)"
216.244.66.239 - - [12/Dec/2025:01:47:15 +0100] "GET /platby/article.php?5d4c26=how-to-make-a-hollow-book HTTP/1.1" 200 24513 "-" "Mozilla/5.0 (compatible; DotBot/1.2; +https://opensiteexplorer.org/dotbot; help@moz.com)"
216.244.66.239 - - [12/Dec/2025:01:47:16 +0100] "GET /platby/article.php?5d4c26=how-to-watch-demo-csgo-faceit HTTP/1.1" 200 21751 "-" "Mozilla/5.0 (compatible; DotBot/1.2; +https://opensiteexplorer.org/dotbot; help@moz.com)"
216.244.66.239 - - [12/Dec/2025:01:47:17 +0100] "GET /platby/article.php?5d4c26=lost-ark-international HTTP/1.1" 200 14997 "-" "Mozilla/5.0 (compatible; DotBot/1.2; +https://opensiteexplorer.org/dotbot; help@moz.com)"
216.244.66.239 - - [12/Dec/2025:01:47:18 +0100] "GET /platby/article.php?5d4c26=microsoft-hologram-demo HTTP/1.1" 200 14428 "-" "Mozilla/5.0 (compatible; DotBot/1.2; +https://opensiteexplorer.org/dotbot; help@moz.com)"
216.244.66.239 - - [12/Dec/2025:01:47:19 +0100] "GET /platby/article.php?5d4c26=minecraft-magic-servers HTTP/1.1" 200 16917 "-" "Mozilla/5.0 (compatible; DotBot/1.2; +https://opensiteexplorer.org/dotbot; help@moz.com)"
216.244.66.239 - - [12/Dec/2025:01:47:20 +0100] "GET /platby/article.php?5d4c26=nish-kumar-brooklyn-99 HTTP/1.1" 200 18704 "-" "Mozilla/5.0 (compatible; DotBot/1.2; +https://opensiteexplorer.org/dotbot; help@moz.com)"
216.244.66.239 - - [12/Dec/2025:01:47:21 +0100] "GET /platby/article.php?5d4c26=online-christmas-decorations HTTP/1.1" 200 23158 "-" "Mozilla/5.0 (compatible; DotBot/1.2; +https://opensiteexplorer.org/dotbot; help@moz.com)"
216.244.66.239 - - [12/Dec/2025:01:47:22 +0100] "GET /platby/article.php?5d4c26=paragraph-writing-for-class-4 HTTP/1.1" 200 22225 "-" "Mozilla/5.0 (compatible; DotBot/1.2; +https://opensiteexplorer.org/dotbot; help@moz.com)"
216.244.66.239 - - [12/Dec/2025:01:47:23 +0100] "GET /platby/article.php?5d4c26=reading-about-pandas HTTP/1.1" 200 24235 "-" "Mozilla/5.0 (compatible; DotBot/1.2; +https://opensiteexplorer.org/dotbot; help@moz.com)"
216.244.66.239 - - [12/Dec/2025:01:47:24 +0100] "GET /platby/article.php?5d4c26=real-pictures-of-heaven-and-god HTTP/1.1" 200 17573 "-" "Mozilla/5.0 (compatible; DotBot/1.2; +https://opensiteexplorer.org/dotbot; help@moz.com)"
216.244.66.239 - - [12/Dec/2025:01:47:25 +0100] "GET /platby/article.php?5d4c26=red-dot-for-shotgun-rib HTTP/1.1" 200 24815 "-" "Mozilla/5.0 (compatible; DotBot/1.2; +https://opensiteexplorer.org/dotbot; help@moz.com)"
216.244.66.239 - - [12/Dec/2025:01:47:26 +0100] "GET /platby/article.php?5d4c26=scottish-cup-final-2020 HTTP/1.1" 200 16847 "-" "Mozilla/5.0 (compatible; DotBot/1.2; +https://opensiteexplorer.org/dotbot; help@moz.com)"
216.244.66.239 - - [12/Dec/2025:01:47:27 +0100] "GET /platby/article.php?5d4c26=shallow-meaning-in-malayalam HTTP/1.1" 200 17689 "-" "Mozilla/5.0 (compatible; DotBot/1.2; +https://opensiteexplorer.org/dotbot; help@moz.com)"
216.244.66.239 - - [12/Dec/2025:01:47:29 +0100] "GET /platby/article.php?5d4c26=shout-advanced-gel-canada HTTP/1.1" 200 23135 "-" "Mozilla/5.0 (compatible; DotBot/1.2; +https://opensiteexplorer.org/dotbot; help@moz.com)"
216.244.66.239 - - [12/Dec/2025:01:47:30 +0100] "GET /platby/article.php?5d4c26=the-master-%7C-doctor-who HTTP/1.1" 200 15304 "-" "Mozilla/5.0 (compatible; DotBot/1.2; +https://opensiteexplorer.org/dotbot; help@moz.com)"
216.244.66.239 - - [12/Dec/2025:01:47:32 +0100] "GET /platby/article.php?5d4c26=total-rl-forum-oldham HTTP/1.1" 200 15717 "-" "Mozilla/5.0 (compatible; DotBot/1.2; +https://opensiteexplorer.org/dotbot; help@moz.com)"
216.244.66.239 - - [12/Dec/2025:01:47:34 +0100] "GET /platby/article.php?5d4c26=tsunami-attack-2020-live HTTP/1.1" 200 23101 "-" "Mozilla/5.0 (compatible; DotBot/1.2; +https://opensiteexplorer.org/dotbot; help@moz.com)"
216.244.66.239 - - [12/Dec/2025:01:47:36 +0100] "GET /platby/article.php?5d4c26=valkyrie-anatomia-amelia HTTP/1.1" 200 16663 "-" "Mozilla/5.0 (compatible; DotBot/1.2; +https://opensiteexplorer.org/dotbot; help@moz.com)"
100.30.248.17 - - [12/Dec/2025:01:47:36 +0100] "\x16\x03\x01\x02" 403 265 "-" "-"
216.244.66.239 - - [12/Dec/2025:01:47:37 +0100] "GET /platby/article.php?5d4c26=weather-nyc-tomorrow HTTP/1.1" 200 20211 "-" "Mozilla/5.0 (compatible; DotBot/1.2; +https://opensiteexplorer.org/dotbot; help@moz.com)"
216.244.66.239 - - [12/Dec/2025:01:47:39 +0100] "GET /platby/article.php?5d4c26=what-to-wear-in-israel-in-february HTTP/1.1" 200 20996 "-" "Mozilla/5.0 (compatible; DotBot/1.2; +https://opensiteexplorer.org/dotbot; help@moz.com)"
216.244.66.239 - - [12/Dec/2025:01:47:40 +0100] "GET /platby/article.php?5d4c26=which-of-the-following-is-true-of-logistics HTTP/1.1" 200 19549 "-" "Mozilla/5.0 (compatible; DotBot/1.2; +https://opensiteexplorer.org/dotbot; help@moz.com)"
216.244.66.239 - - [12/Dec/2025:01:47:41 +0100] "GET /platby/article.php?5d4c26=who-are-the-characters-in-mario-party HTTP/1.1" 200 25692 "-" "Mozilla/5.0 (compatible; DotBot/1.2; +https://opensiteexplorer.org/dotbot; help@moz.com)"
216.244.66.239 - - [12/Dec/2025:01:47:42 +0100] "GET /platby/article.php?5d4c26=10-most-active-volcanoes-in-the-world HTTP/1.1" 200 16826 "-" "Mozilla/5.0 (compatible; DotBot/1.2; +https://opensiteexplorer.org/dotbot; help@moz.com)"
216.244.66.239 - - [12/Dec/2025:01:47:43 +0100] "GET /platby/article.php?5d4c26=Strabane-railway-station HTTP/1.1" 200 21124 "-" "Mozilla/5.0 (compatible; DotBot/1.2; +https://opensiteexplorer.org/dotbot; help@moz.com)"
216.244.66.239 - - [12/Dec/2025:01:47:44 +0100] "GET /platby/article.php?5d4c26=best-chronograph-watch HTTP/1.1" 200 23002 "-" "Mozilla/5.0 (compatible; DotBot/1.2; +https://opensiteexplorer.org/dotbot; help@moz.com)"
216.244.66.239 - - [12/Dec/2025:01:47:46 +0100] "GET /platby/article.php?5d4c26=crossword-quiz-pop-culture-level-2 HTTP/1.1" 200 21002 "-" "Mozilla/5.0 (compatible; DotBot/1.2; +https://opensiteexplorer.org/dotbot; help@moz.com)"
216.244.66.239 - - [12/Dec/2025:01:47:47 +0100] "GET /platby/article.php?5d4c26=dancing-grave-meme-song HTTP/1.1" 200 17964 "-" "Mozilla/5.0 (compatible; DotBot/1.2; +https://opensiteexplorer.org/dotbot; help@moz.com)"
216.244.66.239 - - [12/Dec/2025:01:47:48 +0100] "GET /platby/article.php?5d4c26=electromagnetic-field-theory-book-by-sadiku HTTP/1.1" 200 19091 "-" "Mozilla/5.0 (compatible; DotBot/1.2; +https://opensiteexplorer.org/dotbot; help@moz.com)"
216.244.66.239 - - [12/Dec/2025:01:47:49 +0100] "GET /platby/article.php?5d4c26=how-to-make-a-spring-in-photoshop HTTP/1.1" 200 17143 "-" "Mozilla/5.0 (compatible; DotBot/1.2; +https://opensiteexplorer.org/dotbot; help@moz.com)"
114.119.128.6 - - [12/Dec/2025:01:47:50 +0100] "GET /platby/qqap/when-do-gabi-and-josh-get-together HTTP/1.1" 200 7856 "http://ispc.klape.eu/platby/qqap/seemore-ht-mallet-offset-putter" "Mozilla/5.0 (Linux; Android 7.0;) AppleWebKit/537.36 (KHTML, like Gecko) Mobile Safari/537.36 (compatible; PetalBot;+https://webmaster.petalsearch.com/site/petalbot)"
216.244.66.239 - - [12/Dec/2025:01:47:50 +0100] "GET /platby/article.php?5d4c26=insight-sourcing-group-interview HTTP/1.1" 200 23034 "-" "Mozilla/5.0 (compatible; DotBot/1.2; +https://opensiteexplorer.org/dotbot; help@moz.com)"
216.244.66.239 - - [12/Dec/2025:01:47:51 +0100] "GET /platby/article.php?5d4c26=isotype-allotype-idiotype HTTP/1.1" 200 24014 "-" "Mozilla/5.0 (compatible; DotBot/1.2; +https://opensiteexplorer.org/dotbot; help@moz.com)"
216.244.66.239 - - [12/Dec/2025:01:47:52 +0100] "GET /platby/article.php?5d4c26=john-mccormack---the-wearing-of-the-green HTTP/1.1" 200 21635 "-" "Mozilla/5.0 (compatible; DotBot/1.2; +https://opensiteexplorer.org/dotbot; help@moz.com)"
216.244.66.239 - - [12/Dec/2025:01:47:54 +0100] "GET /platby/article.php?5d4c26=moe-shop---www-%28feat-edoga-sullivan%29 HTTP/1.1" 200 25194 "-" "Mozilla/5.0 (compatible; DotBot/1.2; +https://opensiteexplorer.org/dotbot; help@moz.com)"
216.244.66.239 - - [12/Dec/2025:01:47:55 +0100] "GET /platby/article.php?5d4c26=press-release-company HTTP/1.1" 200 20097 "-" "Mozilla/5.0 (compatible; DotBot/1.2; +https://opensiteexplorer.org/dotbot; help@moz.com)"
216.244.66.239 - - [12/Dec/2025:01:47:56 +0100] "GET /platby/article.php?5d4c26=shelagh-rogers-husband HTTP/1.1" 200 25012 "-" "Mozilla/5.0 (compatible; DotBot/1.2; +https://opensiteexplorer.org/dotbot; help@moz.com)"
216.244.66.239 - - [12/Dec/2025:01:47:57 +0100] "GET /platby/article.php?5d4c26=special-boat-service-reserve HTTP/1.1" 200 17383 "-" "Mozilla/5.0 (compatible; DotBot/1.2; +https://opensiteexplorer.org/dotbot; help@moz.com)"
216.244.66.239 - - [12/Dec/2025:01:47:58 +0100] "GET /platby/article.php?5d4c26=strange-brigade-dlc-character-abilities HTTP/1.1" 200 17926 "-" "Mozilla/5.0 (compatible; DotBot/1.2; +https://opensiteexplorer.org/dotbot; help@moz.com)"
216.244.66.239 - - [12/Dec/2025:01:47:59 +0100] "GET /platby/article.php?5d4c26=todo-ir%C3%A1-bien-en-ingl%C3%A9s HTTP/1.1" 200 17097 "-" "Mozilla/5.0 (compatible; DotBot/1.2; +https://opensiteexplorer.org/dotbot; help@moz.com)"
216.244.66.239 - - [12/Dec/2025:01:48:00 +0100] "GET /platby/article.php?5d4c26=world-of-tanks-unblocked HTTP/1.1" 200 18937 "-" "Mozilla/5.0 (compatible; DotBot/1.2; +https://opensiteexplorer.org/dotbot; help@moz.com)"
216.244.66.239 - - [12/Dec/2025:01:48:01 +0100] "GET /platby/aohwuyx/erasure-a-little-respect-2020 HTTP/1.1" 200 42781 "-" "Mozilla/5.0 (compatible; DotBot/1.2; +https://opensiteexplorer.org/dotbot; help@moz.com)"
216.244.66.239 - - [12/Dec/2025:01:48:02 +0100] "GET /platby/uwoy9/things-poisonous-to-horses HTTP/1.1" 200 40450 "-" "Mozilla/5.0 (compatible; DotBot/1.2; +https://opensiteexplorer.org/dotbot; help@moz.com)"
216.244.66.239 - - [12/Dec/2025:01:48:03 +0100] "GET /platby/uwoy9/wainwrights-continuous-round HTTP/1.1" 200 38480 "-" "Mozilla/5.0 (compatible; DotBot/1.2; +https://opensiteexplorer.org/dotbot; help@moz.com)"
216.244.66.239 - - [12/Dec/2025:01:48:06 +0100] "GET /platby/aohwuyx/visually-stunning-music-videos HTTP/1.1" 200 32359 "-" "Mozilla/5.0 (compatible; DotBot/1.2; +https://opensiteexplorer.org/dotbot; help@moz.com)"
216.244.66.239 - - [12/Dec/2025:01:48:07 +0100] "GET /platby/uwoy9/samantha-pauly-musicals HTTP/1.1" 200 38952 "-" "Mozilla/5.0 (compatible; DotBot/1.2; +https://opensiteexplorer.org/dotbot; help@moz.com)"
216.244.66.239 - - [12/Dec/2025:01:48:09 +0100] "GET /platby/aohwuyx/oklahoma-baptist-university-athletics HTTP/1.1" 200 44043 "-" "Mozilla/5.0 (compatible; DotBot/1.2; +https://opensiteexplorer.org/dotbot; help@moz.com)"
216.244.66.239 - - [12/Dec/2025:01:48:10 +0100] "GET /platby/uwoy9/diy-fireworks-firing-system HTTP/1.1" 200 31455 "-" "Mozilla/5.0 (compatible; DotBot/1.2; +https://opensiteexplorer.org/dotbot; help@moz.com)"
216.244.66.239 - - [12/Dec/2025:01:48:12 +0100] "GET /platby/aohwuyx/jira-advanced-roadmaps-server HTTP/1.1" 200 38852 "-" "Mozilla/5.0 (compatible; DotBot/1.2; +https://opensiteexplorer.org/dotbot; help@moz.com)"
205.210.31.237 - - [12/Dec/2025:01:48:14 +0100] "GET /" 400 468 "-" "-"
114.119.130.237 - - [12/Dec/2025:01:49:16 +0100] "GET /platby/uwoy9/hotels-with-jacuzzi-in-room-hershey,-pa HTTP/1.1" 200 8249 "http://ispc.klape.eu/platby/uwoy9/hotels-with-jacuzzi-in-room-hershey%2C-pa" "Mozilla/5.0 (Linux; Android 7.0;) AppleWebKit/537.36 (KHTML, like Gecko) Mobile Safari/537.36 (compatible; PetalBot;+https://webmaster.petalsearch.com/site/petalbot)"
216.244.66.239 - - [12/Dec/2025:01:50:32 +0100] "GET /platby/uwoy9/kentucky-tattoo-ideas HTTP/1.1" 200 46673 "-" "Mozilla/5.0 (compatible; DotBot/1.2; +https://opensiteexplorer.org/dotbot; help@moz.com)"
114.119.128.6 - - [12/Dec/2025:01:50:40 +0100] "GET /platby/article.php?5d4c26=kodaline---ready HTTP/1.1" 200 7130 "http://ispc.klape.eu/platby/article.php?5d4c26=orissa-earthquake-1999" "Mozilla/5.0 (Linux; Android 7.0;) AppleWebKit/537.36 (KHTML, like Gecko) Mobile Safari/537.36 (compatible; PetalBot;+https://webmaster.petalsearch.com/site/petalbot)"
114.119.139.112 - - [12/Dec/2025:01:52:06 +0100] "GET /platby/article.php?5d4c26=honey-synonym-slang HTTP/1.1" 200 4066 "http://ispc.klape.eu/platby/article.php?5d4c26=voltron%3A-legendary-defender-wiki" "Mozilla/5.0 (Linux; Android 7.0;) AppleWebKit/537.36 (KHTML, like Gecko) Mobile Safari/537.36 (compatible; PetalBot;+https://webmaster.petalsearch.com/site/petalbot)"
167.94.138.201 - - [12/Dec/2025:01:53:04 +0100] "\x16\x03\x01" 403 265 "-" "-"
167.94.138.201 - - [12/Dec/2025:01:53:05 +0100] "GET / HTTP/1.1" 403 224 "-" "Mozilla/5.0 (compatible; CensysInspect/1.1; +https://about.censys.io/)"
167.94.138.201 - - [12/Dec/2025:01:53:08 +0100] "PRI * HTTP/2.0" 400 289 "-" "-"
167.94.138.201 - - [12/Dec/2025:01:53:13 +0100] "\x16\x03\x01" 403 265 "-" "-"
167.94.138.201 - - [12/Dec/2025:01:53:16 +0100] "GET /sitemap.xml HTTP/1.1" 403 232 "-" "Mozilla/5.0 (compatible; CensysInspect/1.1; +https://about.censys.io/)"
114.119.130.237 - - [12/Dec/2025:01:53:25 +0100] "GET /platby/qqap/project-report-on-financial-analysis-of-hero-motocorp HTTP/1.1" 200 13308 "http://ispc.klape.eu/platby/qqap/sony-str-dh190-connect-to-tv" "Mozilla/5.0 (Linux; Android 7.0;) AppleWebKit/537.36 (KHTML, like Gecko) Mobile Safari/537.36 (compatible; PetalBot;+https://webmaster.petalsearch.com/site/petalbot)"
147.185.132.30 - - [12/Dec/2025:01:53:39 +0100] "GET / HTTP/1.1" 200 316 "-" "Hello from Palo Alto Networks, find out more about our scans in https://docs-cortex.paloaltonetworks.com/r/1/Cortex-Xpanse/Scanning-activity"
216.244.66.239 - - [12/Dec/2025:01:54:32 +0100] "GET /platby/aohwuyx/lgbtq%2B-book-club-books HTTP/1.1" 200 32438 "-" "Mozilla/5.0 (compatible; DotBot/1.2; +https://opensiteexplorer.org/dotbot; help@moz.com)"
216.244.66.239 - - [12/Dec/2025:01:54:33 +0100] "GET /platby/uwoy9/hardest-oxford-college-to-get-into HTTP/1.1" 200 33193 "-" "Mozilla/5.0 (compatible; DotBot/1.2; +https://opensiteexplorer.org/dotbot; help@moz.com)"
216.244.66.239 - - [12/Dec/2025:01:54:35 +0100] "GET /platby/uwoy9/italy-elite-prospects HTTP/1.1" 200 30078 "-" "Mozilla/5.0 (compatible; DotBot/1.2; +https://opensiteexplorer.org/dotbot; help@moz.com)"
114.119.129.163 - - [12/Dec/2025:01:54:49 +0100] "GET /platby/article.php?5d4c26=fuego-lyrics-lil-peej HTTP/1.1" 200 5389 "http://ispc.klape.eu/platby/article.php?5d4c26=natalie-canerday-net-worth" "Mozilla/5.0 (Linux; Android 7.0;) AppleWebKit/537.36 (KHTML, like Gecko) Mobile Safari/537.36 (compatible; PetalBot;+https://webmaster.petalsearch.com/site/petalbot)"
176.65.132.67 - - [12/Dec/2025:01:55:38 +0100] "GET /" 400 468 "-" "-"
114.119.152.142 - - [12/Dec/2025:01:56:16 +0100] "GET /platby/article.php?5d4c26=christina-chong-star-wars:-the-force-awakens HTTP/1.1" 200 5280 "http://ispc.klape.eu/platby/article.php?5d4c26=as-long-as-i-have-you-elvis-lyrics" "Mozilla/5.0 (Linux; Android 7.0;) AppleWebKit/537.36 (KHTML, like Gecko) Mobile Safari/537.36 (compatible; PetalBot;+https://webmaster.petalsearch.com/site/petalbot)"
178.62.238.21 - - [12/Dec/2025:01:56:28 +0100] "\x16\x03\x01\x02" 403 265 "-" "-"
114.119.152.142 - - [12/Dec/2025:01:57:38 +0100] "GET /platby/article.php?5d4c26=application-for-canadian-citizenship-%E2%80%94-adults-%5Bform-cit-0002%5D-2019 HTTP/1.1" 200 5946 "http://ispc.klape.eu/platby/article.php?5d4c26=planet-nomads-reddit" "Mozilla/5.0 (Linux; Android 7.0;) AppleWebKit/537.36 (KHTML, like Gecko) Mobile Safari/537.36 (compatible; PetalBot;+https://webmaster.petalsearch.com/site/petalbot)"
114.119.139.66 - - [12/Dec/2025:01:59:03 +0100] "GET /platby/article.php?5d4c26=What-does-NOS4A2-mean HTTP/1.1" 200 7426 "http://ispc.klape.eu/platby/article.php?5d4c26=how-to-become-a-black-hat-hacker" "Mozilla/5.0 (Linux; Android 7.0;) AppleWebKit/537.36 (KHTML, like Gecko) Mobile Safari/537.36 (compatible; PetalBot;+https://webmaster.petalsearch.com/site/petalbot)"
204.76.203.206 - - [12/Dec/2025:02:00:01 +0100] "GET /" 400 468 "-" "-"
184.105.247.252 - - [12/Dec/2025:02:00:18 +0100] "\x16\x03\x01" 501 270 "-" "-"
114.119.128.6 - - [12/Dec/2025:02:00:23 +0100] "GET /platby/article.php?5d4c26=Ulysses-note-taking HTTP/1.1" 200 7625 "http://ispc.klape.eu/platby/article.php?5d4c26=you-are-eligible-for-the-payment-once-we-have-your-payment-date%2C-we-will-update-this-page" "Mozilla/5.0 (Linux; Android 7.0;) AppleWebKit/537.36 (KHTML, like Gecko) Mobile Safari/537.36 (compatible; PetalBot;+https://webmaster.petalsearch.com/site/petalbot)"
114.119.129.163 - - [12/Dec/2025:02:01:50 +0100] "GET /platby/uwoy9/when-to-apply-for-primary-school-2021 HTTP/1.1" 200 11296 "http://ispc.klape.eu/platby/uwoy9/cerave-moisturizer-for-oily-skin-and-acne" "Mozilla/5.0 (Linux; Android 7.0;) AppleWebKit/537.36 (KHTML, like Gecko) Mobile Safari/537.36 (compatible; PetalBot;+https://webmaster.petalsearch.com/site/petalbot)"
204.76.203.206 - - [12/Dec/2025:02:01:53 +0100] "GET / HTTP/1.1" 200 316 "-" "Mozilla/5.0 (Windows NT 10.0; Win64; x64) AppleWebKit/537.36 (KHTML, like Gecko) Chrome/90.0.4430.85 Safari/537.36 Edg/90.0.818.46"
204.76.203.212 - - [12/Dec/2025:02:02:35 +0100] "GET /" 400 468 "-" "-"
114.119.128.6 - - [12/Dec/2025:02:03:16 +0100] "GET /platby/hca/is-iraq-a-sanctioned-country HTTP/1.1" 200 6414 "http://ispc.klape.eu/platby/hca/is-iraq-a-sanctioned-country" "Mozilla/5.0 (Linux; Android 7.0;) AppleWebKit/537.36 (KHTML, like Gecko) Mobile Safari/537.36 (compatible; PetalBot;+https://webmaster.petalsearch.com/site/petalbot)"
45.156.128.129 - - [12/Dec/2025:02:04:28 +0100] "\x16\x03\x01" 403 265 "-" "-"
114.119.139.112 - - [12/Dec/2025:02:04:38 +0100] "GET /platby/aohwuyx/race,-reform-and-rebellion-3rd-edition-pdf HTTP/1.1" 200 14101 "http://ispc.klape.eu/platby/aohwuyx/race,-reform-and-rebellion-3rd-edition-pdf" "Mozilla/5.0 (Linux; Android 7.0;) AppleWebKit/537.36 (KHTML, like Gecko) Mobile Safari/537.36 (compatible; PetalBot;+https://webmaster.petalsearch.com/site/petalbot)"
35.86.240.122 - - [12/Dec/2025:02:05:37 +0100] "\x16\x03\x01\x01g\x01" 403 265 "-" "-"
35.86.240.122 - - [12/Dec/2025:02:05:38 +0100] "\x16\x03\x01\x01k\x01" 403 265 "-" "-"
114.119.130.237 - - [12/Dec/2025:02:05:57 +0100] "GET /platby/aohwuyx/beneath-the-stars-sugarlake-series,-book-one-emily-mcintire HTTP/1.1" 200 9911 "http://ispc.klape.eu/platby/aohwuyx/how-long-is-infantry-basic-training-at-fort-benning" "Mozilla/5.0 (Linux; Android 7.0;) AppleWebKit/537.36 (KHTML, like Gecko) Mobile Safari/537.36 (compatible; PetalBot;+https://webmaster.petalsearch.com/site/petalbot)"
216.244.66.239 - - [12/Dec/2025:02:06:40 +0100] "GET /platby/72zbxoz/glad-monster-sad-monster-spanish HTTP/1.1" 200 33149 "-" "Mozilla/5.0 (compatible; DotBot/1.2; +https://opensiteexplorer.org/dotbot; help@moz.com)"
216.244.66.239 - - [12/Dec/2025:02:06:46 +0100] "GET /platby/aohwuyx/cross-cultural-training-model HTTP/1.1" 200 31441 "-" "Mozilla/5.0 (compatible; DotBot/1.2; +https://opensiteexplorer.org/dotbot; help@moz.com)"
216.244.66.239 - - [12/Dec/2025:02:06:50 +0100] "GET /platby/aohwuyx/tony-soprano-notable-aliases HTTP/1.1" 200 33619 "-" "Mozilla/5.0 (compatible; DotBot/1.2; +https://opensiteexplorer.org/dotbot; help@moz.com)"
114.119.130.237 - - [12/Dec/2025:02:07:26 +0100] "GET /platby/aohwuyx/7-natural-wonders-of-the-world-niagara-falls HTTP/1.1" 200 9305 "http://ispc.klape.eu/platby/aohwuyx/why-is-my-laptop-camera-showing-a-black-screen" "Mozilla/5.0 (Linux; Android 7.0;) AppleWebKit/537.36 (KHTML, like Gecko) Mobile Safari/537.36 (compatible; PetalBot;+https://webmaster.petalsearch.com/site/petalbot)"
114.119.152.142 - - [12/Dec/2025:02:08:49 +0100] "GET /platby/uwoy9/winston-flowers-lavender-classic HTTP/1.1" 200 8188 "http://ispc.klape.eu/platby/uwoy9/winston-flowers-lavender-classic" "Mozilla/5.0 (Linux; Android 7.0;) AppleWebKit/537.36 (KHTML, like Gecko) Mobile Safari/537.36 (compatible; PetalBot;+https://webmaster.petalsearch.com/site/petalbot)"
79.124.40.174 - - [12/Dec/2025:02:09:20 +0100] "\x16\x03\x01\x05\xa8\x01" 403 265 "-" "-"
198.235.24.29 - - [12/Dec/2025:02:09:47 +0100] "\x16\x03\x02\x01o\x01" 403 265 "-" "-"
114.119.139.112 - - [12/Dec/2025:02:10:08 +0100] "GET /platby/uwoy9/how-to-make-a-minecraft-rocket-launcher-crossbow HTTP/1.1" 200 8551 "http://ispc.klape.eu/platby/uwoy9/how-to-make-a-minecraft-rocket-launcher-crossbow" "Mozilla/5.0 (Linux; Android 7.0;) AppleWebKit/537.36 (KHTML, like Gecko) Mobile Safari/537.36 (compatible; PetalBot;+https://webmaster.petalsearch.com/site/petalbot)"
54.157.99.244 - - [12/Dec/2025:02:10:44 +0100] "GET /platby/hca/backyard-football-2006 HTTP/1.1" 200 8546 "-" "Mozilla/5.0 AppleWebKit/537.36 (KHTML, like Gecko; compatible; Amazonbot/0.1; +https://developer.amazon.com/support/amazonbot) Chrome/119.0.6045.214 Safari/537.36"
114.119.129.163 - - [12/Dec/2025:02:11:31 +0100] "GET /platby/72zbxoz/speckled-sussex-chickens-for-sale-near-me HTTP/1.1" 200 15507 "http://ispc.klape.eu/platby/72zbxoz/god-created-you-for-a-purpose-bible-verse" "Mozilla/5.0 (Linux; Android 7.0;) AppleWebKit/537.36 (KHTML, like Gecko) Mobile Safari/537.36 (compatible; PetalBot;+https://webmaster.petalsearch.com/site/petalbot)"
114.119.140.102 - - [12/Dec/2025:02:12:56 +0100] "GET /platby/72zbxoz/mindfulness-revolution-pdfbest-chicago-bears-players-2021 HTTP/1.1" 200 14269 "http://ispc.klape.eu/platby/72zbxoz/how-much-salicylic-acid-in-dermalogica-daily-microfoliant" "Mozilla/5.0 (Linux; Android 7.0;) AppleWebKit/537.36 (KHTML, like Gecko) Mobile Safari/537.36 (compatible; PetalBot;+https://webmaster.petalsearch.com/site/petalbot)"
45.156.87.74 - - [12/Dec/2025:02:13:36 +0100] "CONNECT www.cloudflare.com:443 HTTP/1.1" 405 294 "-" "Go-http-client/1.1"
114.119.139.112 - - [12/Dec/2025:02:14:17 +0100] "GET /platby/article.php?5d4c26=the-fall-wii-u HTTP/1.1" 200 4444 "http://ispc.klape.eu/platby/article.php?5d4c26=seeu-hide-and-seek" "Mozilla/5.0 (Linux; Android 7.0;) AppleWebKit/537.36 (KHTML, like Gecko) Mobile Safari/537.36 (compatible; PetalBot;+https://webmaster.petalsearch.com/site/petalbot)"
114.119.152.142 - - [12/Dec/2025:02:15:43 +0100] "GET /platby/72zbxoz/lakers-best-3-point-shooter HTTP/1.1" 200 9927 "http://ispc.klape.eu/platby/72zbxoz/signal-to-noise-ratio-psychology" "Mozilla/5.0 (Linux; Android 7.0;) AppleWebKit/537.36 (KHTML, like Gecko) Mobile Safari/537.36 (compatible; PetalBot;+https://webmaster.petalsearch.com/site/petalbot)"
173.252.82.10 - - [12/Dec/2025:02:16:32 +0100] "\x16\x03\x01\x01B\x01" 403 265 "-" "-"
204.76.203.206 - - [12/Dec/2025:02:16:47 +0100] "GET /" 400 468 "-" "-"
114.119.139.66 - - [12/Dec/2025:02:17:11 +0100] "GET /platby/72zbxoz/find-the-vector-equation-of-the-line-passing-through HTTP/1.1" 200 12671 "http://ispc.klape.eu/platby/72zbxoz/find-the-vector-equation-of-the-line-passing-through" "Mozilla/5.0 (Linux; Android 7.0;) AppleWebKit/537.36 (KHTML, like Gecko) Mobile Safari/537.36 (compatible; PetalBot;+https://webmaster.petalsearch.com/site/petalbot)"
204.76.203.206 - - [12/Dec/2025:02:18:02 +0100] "GET / HTTP/1.1" 200 316 "-" "Mozilla/5.0 (Windows NT 10.0; Win64; x64) AppleWebKit/537.36 (KHTML, like Gecko) Chrome/90.0.4430.85 Safari/537.36 Edg/90.0.818.46"
114.119.128.6 - - [12/Dec/2025:02:18:33 +0100] "GET /platby/article.php?5d4c26=marathons-2020-usa HTTP/1.1" 200 5023 "http://ispc.klape.eu/platby/article.php?5d4c26=hbo-depression-documentary" "Mozilla/5.0 (Linux; Android 7.0;) AppleWebKit/537.36 (KHTML, like Gecko) Mobile Safari/537.36 (compatible; PetalBot;+https://webmaster.petalsearch.com/site/petalbot)"
98.84.1.175 - - [12/Dec/2025:02:19:04 +0100] "\x16\x03\x01\x05\xa8\x01" 403 265 "-" "-"
114.119.139.112 - - [12/Dec/2025:02:19:54 +0100] "GET /platby/qqap/indoor-plants-that-like-morning-sun-and-afternoon-shade HTTP/1.1" 200 6716 "http://ispc.klape.eu/platby/qqap/indoor-plants-that-like-morning-sun-and-afternoon-shade" "Mozilla/5.0 (Linux; Android 7.0;) AppleWebKit/537.36 (KHTML, like Gecko) Mobile Safari/537.36 (compatible; PetalBot;+https://webmaster.petalsearch.com/site/petalbot)"
114.119.149.2 - - [12/Dec/2025:02:21:16 +0100] "GET /platby/article.php?5d4c26=the-looney-tunes-show-:-best-friends-redux HTTP/1.1" 200 6360 "http://ispc.klape.eu/platby/article.php?5d4c26=jon-spencer-blues-explosion---bellbottoms-mp3-320kbps" "Mozilla/5.0 (Linux; Android 7.0;) AppleWebKit/537.36 (KHTML, like Gecko) Mobile Safari/537.36 (compatible; PetalBot;+https://webmaster.petalsearch.com/site/petalbot)"
114.119.152.142 - - [12/Dec/2025:02:22:41 +0100] "GET /platby/72zbxoz/concord-pronunciation HTTP/1.1" 200 7503 "http://ispc.klape.eu/platby/72zbxoz/state-of-delaware-department-of-finance-unclaimed-property" "Mozilla/5.0 (Linux; Android 7.0;) AppleWebKit/537.36 (KHTML, like Gecko) Mobile Safari/537.36 (compatible; PetalBot;+https://webmaster.petalsearch.com/site/petalbot)"
198.235.24.219 - - [12/Dec/2025:02:22:56 +0100] "GET / HTTP/1.1" 200 511 "-" "Hello from Palo Alto Networks, find out more about our scans in https://docs-cortex.paloaltonetworks.com/r/1/Cortex-Xpanse/Scanning-activity"
217.119.139.38 - - [12/Dec/2025:02:23:31 +0100] "\x16\x03\x01\x02" 403 265 "-" "-"
217.119.139.38 - - [12/Dec/2025:02:23:31 +0100] "GET / HTTP/1.1" 403 224 "-" "Mozilla/5.0 (Windows NT 10.0; Win64; x64) AppleWebKit/537.36 (KHTML, like Gecko) Chrome/140.0.0.0 Safari/537.36"
114.119.129.163 - - [12/Dec/2025:02:24:09 +0100] "GET /platby/article.php?5d4c26=paranormal-activity:-the-lost-soul-ps4-review HTTP/1.1" 200 5630 "http://ispc.klape.eu/platby/article.php?5d4c26=which-country-has-the-most-earthquakes-in-europe" "Mozilla/5.0 (Linux; Android 7.0;) AppleWebKit/537.36 (KHTML, like Gecko) Mobile Safari/537.36 (compatible; PetalBot;+https://webmaster.petalsearch.com/site/petalbot)"
114.119.130.237 - - [12/Dec/2025:02:25:31 +0100] "GET /platby/72zbxoz/at-your-service-home-repair-and-remodeling HTTP/1.1" 200 10089 "http://ispc.klape.eu/platby/72zbxoz/what-is-the-smallest-city-in-the-world" "Mozilla/5.0 (Linux; Android 7.0;) AppleWebKit/537.36 (KHTML, like Gecko) Mobile Safari/537.36 (compatible; PetalBot;+https://webmaster.petalsearch.com/site/petalbot)"
216.244.66.239 - - [12/Dec/2025:02:28:03 +0100] "GET /robots.txt HTTP/1.1" 200 34 "-" "Mozilla/5.0 (compatible; DotBot/1.2; +https://opensiteexplorer.org/dotbot; help@moz.com)"
34.78.140.118 - - [12/Dec/2025:02:31:33 +0100] "\x16\x03\x01\x02" 403 265 "-" "-"
216.244.66.239 - - [12/Dec/2025:02:31:51 +0100] "GET /platby/article.php?5d4c26=Catch-verb-2 HTTP/1.1" 200 16993 "-" "Mozilla/5.0 (compatible; DotBot/1.2; +https://opensiteexplorer.org/dotbot; help@moz.com)"
185.16.39.52 - - [12/Dec/2025:02:31:54 +0100] "GET /" 400 468 "-" "-"
216.244.66.239 - - [12/Dec/2025:02:31:56 +0100] "GET /platby/article.php?5d4c26=bahrain-news-malayalam-live HTTP/1.1" 200 25692 "-" "Mozilla/5.0 (compatible; DotBot/1.2; +https://opensiteexplorer.org/dotbot; help@moz.com)"
216.244.66.239 - - [12/Dec/2025:02:32:01 +0100] "GET /platby/article.php?5d4c26=daniel-sloss-love HTTP/1.1" 200 21298 "-" "Mozilla/5.0 (compatible; DotBot/1.2; +https://opensiteexplorer.org/dotbot; help@moz.com)"
216.244.66.239 - - [12/Dec/2025:02:32:04 +0100] "GET /platby/article.php?5d4c26=hong-kong-weather-today HTTP/1.1" 200 17016 "-" "Mozilla/5.0 (compatible; DotBot/1.2; +https://opensiteexplorer.org/dotbot; help@moz.com)"
216.244.66.239 - - [12/Dec/2025:02:32:07 +0100] "GET /platby/article.php?5d4c26=osha-phone-number HTTP/1.1" 200 19735 "-" "Mozilla/5.0 (compatible; DotBot/1.2; +https://opensiteexplorer.org/dotbot; help@moz.com)"
216.244.66.239 - - [12/Dec/2025:02:32:10 +0100] "GET /platby/article.php?5d4c26=rules-club-wagga-menu HTTP/1.1" 200 23489 "-" "Mozilla/5.0 (compatible; DotBot/1.2; +https://opensiteexplorer.org/dotbot; help@moz.com)"
216.244.66.239 - - [12/Dec/2025:02:32:12 +0100] "GET /platby/article.php?5d4c26=space-planets-quiz HTTP/1.1" 200 16166 "-" "Mozilla/5.0 (compatible; DotBot/1.2; +https://opensiteexplorer.org/dotbot; help@moz.com)"
216.244.66.239 - - [12/Dec/2025:02:32:14 +0100] "GET /platby/article.php?5d4c26=the-beatles-rock-band-wii HTTP/1.1" 200 22526 "-" "Mozilla/5.0 (compatible; DotBot/1.2; +https://opensiteexplorer.org/dotbot; help@moz.com)"
216.244.66.239 - - [12/Dec/2025:02:32:16 +0100] "GET /platby/article.php?5d4c26=tsu-japanese-keyboard HTTP/1.1" 200 22343 "-" "Mozilla/5.0 (compatible; DotBot/1.2; +https://opensiteexplorer.org/dotbot; help@moz.com)"
216.244.66.239 - - [12/Dec/2025:02:32:18 +0100] "GET /platby/article.php?5d4c26=7flix-grey%27s-anatomy HTTP/1.1" 200 17543 "-" "Mozilla/5.0 (compatible; DotBot/1.2; +https://opensiteexplorer.org/dotbot; help@moz.com)"
216.244.66.239 - - [12/Dec/2025:02:32:20 +0100] "GET /platby/article.php?5d4c26=I-Wanna-Hold-You HTTP/1.1" 200 23144 "-" "Mozilla/5.0 (compatible; DotBot/1.2; +https://opensiteexplorer.org/dotbot; help@moz.com)"
216.244.66.239 - - [12/Dec/2025:02:32:21 +0100] "GET /platby/article.php?5d4c26=The-Story-of-Siegfried HTTP/1.1" 200 16095 "-" "Mozilla/5.0 (compatible; DotBot/1.2; +https://opensiteexplorer.org/dotbot; help@moz.com)"
216.244.66.239 - - [12/Dec/2025:02:32:22 +0100] "GET /platby/article.php?5d4c26=amazon-prime-offer-2020 HTTP/1.1" 200 16905 "-" "Mozilla/5.0 (compatible; DotBot/1.2; +https://opensiteexplorer.org/dotbot; help@moz.com)"
216.244.66.239 - - [12/Dec/2025:02:32:24 +0100] "GET /platby/article.php?5d4c26=cramp-twins---girl-pants HTTP/1.1" 200 17946 "-" "Mozilla/5.0 (compatible; DotBot/1.2; +https://opensiteexplorer.org/dotbot; help@moz.com)"
216.244.66.239 - - [12/Dec/2025:02:32:25 +0100] "GET /platby/article.php?5d4c26=don-t-starve-rog-wickerbottom HTTP/1.1" 200 22380 "-" "Mozilla/5.0 (compatible; DotBot/1.2; +https://opensiteexplorer.org/dotbot; help@moz.com)"
216.244.66.239 - - [12/Dec/2025:02:32:26 +0100] "GET /platby/article.php?5d4c26=ducktales-moon-invasion HTTP/1.1" 200 16058 "-" "Mozilla/5.0 (compatible; DotBot/1.2; +https://opensiteexplorer.org/dotbot; help@moz.com)"
216.244.66.239 - - [12/Dec/2025:02:32:28 +0100] "GET /platby/article.php?5d4c26=flights-to-wellington HTTP/1.1" 200 23657 "-" "Mozilla/5.0 (compatible; DotBot/1.2; +https://opensiteexplorer.org/dotbot; help@moz.com)"
216.244.66.239 - - [12/Dec/2025:02:32:30 +0100] "GET /platby/article.php?5d4c26=german-last-names-that-start-with-m HTTP/1.1" 200 25054 "-" "Mozilla/5.0 (compatible; DotBot/1.2; +https://opensiteexplorer.org/dotbot; help@moz.com)"
216.244.66.239 - - [12/Dec/2025:02:32:33 +0100] "GET /platby/article.php?5d4c26=hey-edgecumbedoctor360-co-uk HTTP/1.1" 200 21548 "-" "Mozilla/5.0 (compatible; DotBot/1.2; +https://opensiteexplorer.org/dotbot; help@moz.com)"
216.244.66.239 - - [12/Dec/2025:02:32:35 +0100] "GET /platby/article.php?5d4c26=im-hot-now-i%27m-gone-lyrics HTTP/1.1" 200 22486 "-" "Mozilla/5.0 (compatible; DotBot/1.2; +https://opensiteexplorer.org/dotbot; help@moz.com)"
216.244.66.239 - - [12/Dec/2025:02:32:36 +0100] "GET /platby/article.php?5d4c26=keylor-navas-wife-age HTTP/1.1" 200 18065 "-" "Mozilla/5.0 (compatible; DotBot/1.2; +https://opensiteexplorer.org/dotbot; help@moz.com)"
216.244.66.239 - - [12/Dec/2025:02:32:38 +0100] "GET /platby/article.php?5d4c26=lawn-fawn-svg-files HTTP/1.1" 200 15142 "-" "Mozilla/5.0 (compatible; DotBot/1.2; +https://opensiteexplorer.org/dotbot; help@moz.com)"
216.244.66.239 - - [12/Dec/2025:02:32:39 +0100] "GET /platby/article.php?5d4c26=lego-chima-online HTTP/1.1" 200 13679 "-" "Mozilla/5.0 (compatible; DotBot/1.2; +https://opensiteexplorer.org/dotbot; help@moz.com)"
216.244.66.239 - - [12/Dec/2025:02:32:40 +0100] "GET /platby/article.php?5d4c26=mir-charging-station HTTP/1.1" 200 17910 "-" "Mozilla/5.0 (compatible; DotBot/1.2; +https://opensiteexplorer.org/dotbot; help@moz.com)"
216.244.66.239 - - [12/Dec/2025:02:32:41 +0100] "GET /platby/article.php?5d4c26=mother-3-n64-music HTTP/1.1" 200 21774 "-" "Mozilla/5.0 (compatible; DotBot/1.2; +https://opensiteexplorer.org/dotbot; help@moz.com)"
216.244.66.239 - - [12/Dec/2025:02:32:43 +0100] "GET /platby/article.php?5d4c26=nandhu-tamil-movie HTTP/1.1" 200 21352 "-" "Mozilla/5.0 (compatible; DotBot/1.2; +https://opensiteexplorer.org/dotbot; help@moz.com)"
216.244.66.239 - - [12/Dec/2025:02:32:44 +0100] "GET /platby/article.php?5d4c26=ps-vita-price-gamestop HTTP/1.1" 200 14793 "-" "Mozilla/5.0 (compatible; DotBot/1.2; +https://opensiteexplorer.org/dotbot; help@moz.com)"
216.244.66.239 - - [12/Dec/2025:02:32:45 +0100] "GET /platby/article.php?5d4c26=ruth-sheen-chin HTTP/1.1" 200 17044 "-" "Mozilla/5.0 (compatible; DotBot/1.2; +https://opensiteexplorer.org/dotbot; help@moz.com)"
216.244.66.239 - - [12/Dec/2025:02:32:46 +0100] "GET /platby/article.php?5d4c26=scale-up-hyphen HTTP/1.1" 200 25312 "-" "Mozilla/5.0 (compatible; DotBot/1.2; +https://opensiteexplorer.org/dotbot; help@moz.com)"
216.244.66.239 - - [12/Dec/2025:02:32:47 +0100] "GET /platby/article.php?5d4c26=soyuz-moon-program HTTP/1.1" 200 18132 "-" "Mozilla/5.0 (compatible; DotBot/1.2; +https://opensiteexplorer.org/dotbot; help@moz.com)"
216.244.66.239 - - [12/Dec/2025:02:32:48 +0100] "GET /platby/article.php?5d4c26=stuffs-or-stuff HTTP/1.1" 200 14813 "-" "Mozilla/5.0 (compatible; DotBot/1.2; +https://opensiteexplorer.org/dotbot; help@moz.com)"
216.244.66.239 - - [12/Dec/2025:02:32:49 +0100] "GET /platby/article.php?5d4c26=twist-and-plant-auger HTTP/1.1" 200 23423 "-" "Mozilla/5.0 (compatible; DotBot/1.2; +https://opensiteexplorer.org/dotbot; help@moz.com)"
216.244.66.239 - - [12/Dec/2025:02:32:50 +0100] "GET /platby/article.php?5d4c26=u20-rugby-world-cup-2018 HTTP/1.1" 200 24699 "-" "Mozilla/5.0 (compatible; DotBot/1.2; +https://opensiteexplorer.org/dotbot; help@moz.com)"
216.244.66.239 - - [12/Dec/2025:02:32:51 +0100] "GET /platby/article.php?5d4c26=The-unauthorized-version HTTP/1.1" 200 20789 "-" "Mozilla/5.0 (compatible; DotBot/1.2; +https://opensiteexplorer.org/dotbot; help@moz.com)"
216.244.66.239 - - [12/Dec/2025:02:32:52 +0100] "GET /platby/article.php?5d4c26=amazon-headquarters-2 HTTP/1.1" 200 19200 "-" "Mozilla/5.0 (compatible; DotBot/1.2; +https://opensiteexplorer.org/dotbot; help@moz.com)"
216.244.66.239 - - [12/Dec/2025:02:32:56 +0100] "GET /platby/article.php?5d4c26=balboa-park-volunteer HTTP/1.1" 200 16049 "-" "Mozilla/5.0 (compatible; DotBot/1.2; +https://opensiteexplorer.org/dotbot; help@moz.com)"
216.244.66.239 - - [12/Dec/2025:02:32:59 +0100] "GET /platby/article.php?5d4c26=baseball-instagram-accounts HTTP/1.1" 200 18127 "-" "Mozilla/5.0 (compatible; DotBot/1.2; +https://opensiteexplorer.org/dotbot; help@moz.com)"
216.244.66.239 - - [12/Dec/2025:02:33:01 +0100] "GET /platby/article.php?5d4c26=best-ankle-strap-heels HTTP/1.1" 200 22967 "-" "Mozilla/5.0 (compatible; DotBot/1.2; +https://opensiteexplorer.org/dotbot; help@moz.com)"
216.244.66.239 - - [12/Dec/2025:02:33:03 +0100] "GET /platby/article.php?5d4c26=bibi-besch-imdb HTTP/1.1" 200 21914 "-" "Mozilla/5.0 (compatible; DotBot/1.2; +https://opensiteexplorer.org/dotbot; help@moz.com)"
216.244.66.239 - - [12/Dec/2025:02:33:05 +0100] "GET /platby/article.php?5d4c26=buzzed-meaning-in-tamil HTTP/1.1" 200 18914 "-" "Mozilla/5.0 (compatible; DotBot/1.2; +https://opensiteexplorer.org/dotbot; help@moz.com)"
216.244.66.239 - - [12/Dec/2025:02:33:07 +0100] "GET /platby/article.php?5d4c26=calf-stretches-pdf HTTP/1.1" 200 20818 "-" "Mozilla/5.0 (compatible; DotBot/1.2; +https://opensiteexplorer.org/dotbot; help@moz.com)"
216.244.66.239 - - [12/Dec/2025:02:33:08 +0100] "GET /platby/article.php?5d4c26=carlos-valdes-songs HTTP/1.1" 200 17646 "-" "Mozilla/5.0 (compatible; DotBot/1.2; +https://opensiteexplorer.org/dotbot; help@moz.com)"
216.244.66.239 - - [12/Dec/2025:02:33:10 +0100] "GET /platby/article.php?5d4c26=eli-pariser-filterbubble HTTP/1.1" 200 20772 "-" "Mozilla/5.0 (compatible; DotBot/1.2; +https://opensiteexplorer.org/dotbot; help@moz.com)"
216.244.66.239 - - [12/Dec/2025:02:33:11 +0100] "GET /platby/article.php?5d4c26=exclusion-zone-tourism HTTP/1.1" 200 21999 "-" "Mozilla/5.0 (compatible; DotBot/1.2; +https://opensiteexplorer.org/dotbot; help@moz.com)"
216.244.66.239 - - [12/Dec/2025:02:33:14 +0100] "GET /platby/article.php?5d4c26=fukuoka-train-map HTTP/1.1" 200 17787 "-" "Mozilla/5.0 (compatible; DotBot/1.2; +https://opensiteexplorer.org/dotbot; help@moz.com)"
216.244.66.239 - - [12/Dec/2025:02:33:16 +0100] "GET /platby/article.php?5d4c26=green-county-detention-center-ar HTTP/1.1" 200 22428 "-" "Mozilla/5.0 (compatible; DotBot/1.2; +https://opensiteexplorer.org/dotbot; help@moz.com)"
216.244.66.239 - - [12/Dec/2025:02:33:17 +0100] "GET /platby/article.php?5d4c26=hapoel-tel-aviv-players HTTP/1.1" 200 16455 "-" "Mozilla/5.0 (compatible; DotBot/1.2; +https://opensiteexplorer.org/dotbot; help@moz.com)"
216.244.66.239 - - [12/Dec/2025:02:33:19 +0100] "GET /platby/article.php?5d4c26=hip-hop-dance-warm-up-exercises HTTP/1.1" 200 22254 "-" "Mozilla/5.0 (compatible; DotBot/1.2; +https://opensiteexplorer.org/dotbot; help@moz.com)"
216.244.66.239 - - [12/Dec/2025:02:33:20 +0100] "GET /platby/article.php?5d4c26=how-to-improve-flexibility-in-football HTTP/1.1" 200 23029 "-" "Mozilla/5.0 (compatible; DotBot/1.2; +https://opensiteexplorer.org/dotbot; help@moz.com)"
216.244.66.239 - - [12/Dec/2025:02:33:21 +0100] "GET /platby/article.php?5d4c26=icewind-dale-faer%C3%BBn HTTP/1.1" 200 22810 "-" "Mozilla/5.0 (compatible; DotBot/1.2; +https://opensiteexplorer.org/dotbot; help@moz.com)"
216.244.66.239 - - [12/Dec/2025:02:33:23 +0100] "GET /platby/article.php?5d4c26=janet-munro-net-worth HTTP/1.1" 200 20248 "-" "Mozilla/5.0 (compatible; DotBot/1.2; +https://opensiteexplorer.org/dotbot; help@moz.com)"
216.244.66.239 - - [12/Dec/2025:02:33:24 +0100] "GET /platby/article.php?5d4c26=kim-wooseok-somi HTTP/1.1" 200 16889 "-" "Mozilla/5.0 (compatible; DotBot/1.2; +https://opensiteexplorer.org/dotbot; help@moz.com)"
216.244.66.239 - - [12/Dec/2025:02:33:25 +0100] "GET /platby/article.php?5d4c26=lego-make-to-stock HTTP/1.1" 200 18004 "-" "Mozilla/5.0 (compatible; DotBot/1.2; +https://opensiteexplorer.org/dotbot; help@moz.com)"
216.244.66.239 - - [12/Dec/2025:02:33:26 +0100] "GET /platby/article.php?5d4c26=mac-unable-to-boot-into-recovery-mode HTTP/1.1" 200 25161 "-" "Mozilla/5.0 (compatible; DotBot/1.2; +https://opensiteexplorer.org/dotbot; help@moz.com)"
216.244.66.239 - - [12/Dec/2025:02:33:28 +0100] "GET /platby/article.php?5d4c26=mcgonigle-funeral-home-sharon%2C-pa HTTP/1.1" 200 24328 "-" "Mozilla/5.0 (compatible; DotBot/1.2; +https://opensiteexplorer.org/dotbot; help@moz.com)"
74.7.244.38 - - [12/Dec/2025:02:33:28 +0100] "\x16\x03\x01\x01\x02\x01" 403 265 "-" "-"
74.7.244.38 - - [12/Dec/2025:02:33:29 +0100] "\x16\x03\x01\x02" 403 265 "-" "-"
74.7.244.38 - - [12/Dec/2025:02:33:29 +0100] "\x16\x03\x01\x02" 403 265 "-" "-"
216.244.66.239 - - [12/Dec/2025:02:33:29 +0100] "GET /platby/article.php?5d4c26=melbourne-city-tram-map HTTP/1.1" 200 15588 "-" "Mozilla/5.0 (compatible; DotBot/1.2; +https://opensiteexplorer.org/dotbot; help@moz.com)"
216.244.66.239 - - [12/Dec/2025:02:33:31 +0100] "GET /platby/article.php?5d4c26=moon-illustration-black-and-white HTTP/1.1" 200 19295 "-" "Mozilla/5.0 (compatible; DotBot/1.2; +https://opensiteexplorer.org/dotbot; help@moz.com)"
216.244.66.239 - - [12/Dec/2025:02:33:34 +0100] "GET /platby/article.php?5d4c26=noah%27s-ark-1999 HTTP/1.1" 200 17137 "-" "Mozilla/5.0 (compatible; DotBot/1.2; +https://opensiteexplorer.org/dotbot; help@moz.com)"
216.244.66.239 - - [12/Dec/2025:02:33:37 +0100] "GET /platby/article.php?5d4c26=powerbook-g4-pram-battery HTTP/1.1" 200 26330 "-" "Mozilla/5.0 (compatible; DotBot/1.2; +https://opensiteexplorer.org/dotbot; help@moz.com)"
216.244.66.239 - - [12/Dec/2025:02:33:39 +0100] "GET /platby/article.php?5d4c26=radeon-vii-lc-vs-rtx-2080-ti HTTP/1.1" 200 23208 "-" "Mozilla/5.0 (compatible; DotBot/1.2; +https://opensiteexplorer.org/dotbot; help@moz.com)"
216.244.66.239 - - [12/Dec/2025:02:33:42 +0100] "GET /platby/article.php?5d4c26=rca-dome-roof-collapse HTTP/1.1" 200 22840 "-" "Mozilla/5.0 (compatible; DotBot/1.2; +https://opensiteexplorer.org/dotbot; help@moz.com)"
216.244.66.239 - - [12/Dec/2025:02:33:43 +0100] "GET /platby/article.php?5d4c26=st-cecilia-saints-and-angels HTTP/1.1" 200 19101 "-" "Mozilla/5.0 (compatible; DotBot/1.2; +https://opensiteexplorer.org/dotbot; help@moz.com)"
