71.6.134.232 - - [12/Dec/2025:07:04:24 +0100] "GET /favicon.ico HTTP/1.1" 403 282 "-" "Mozilla/5.0 (Windows NT 10.0; Win64; x64) AppleWebKit/537.36 (KHTML, like Gecko) Chrome/133.0.0.0 Safari/537.36"
216.244.66.239 - - [12/Dec/2025:07:04:29 +0100] "GET /platby/article.php?5d4c26=radio-weather-channel-dallas%2C-tx HTTP/1.1" 200 19875 "-" "Mozilla/5.0 (compatible; DotBot/1.2; +https://opensiteexplorer.org/dotbot; help@moz.com)"
216.244.66.239 - - [12/Dec/2025:07:04:34 +0100] "GET /platby/article.php?5d4c26=regular-medicaid-vs-managed-care HTTP/1.1" 200 17409 "-" "Mozilla/5.0 (compatible; DotBot/1.2; +https://opensiteexplorer.org/dotbot; help@moz.com)"
114.119.139.112 - - [12/Dec/2025:07:04:35 +0100] "GET /platby/qqap/lockheed-martin-stars-external-login HTTP/1.1" 200 7589 "-" "Mozilla/5.0 (Linux; Android 7.0;) AppleWebKit/537.36 (KHTML, like Gecko) Mobile Safari/537.36 (compatible; PetalBot;+https://webmaster.petalsearch.com/site/petalbot)"
216.244.66.239 - - [12/Dec/2025:07:04:37 +0100] "GET /platby/article.php?5d4c26=riding-shetland-pony-for-sale HTTP/1.1" 200 15398 "-" "Mozilla/5.0 (compatible; DotBot/1.2; +https://opensiteexplorer.org/dotbot; help@moz.com)"
216.244.66.239 - - [12/Dec/2025:07:04:41 +0100] "GET /platby/article.php?5d4c26=salsa-recipe-mexican HTTP/1.1" 200 20643 "-" "Mozilla/5.0 (compatible; DotBot/1.2; +https://opensiteexplorer.org/dotbot; help@moz.com)"
216.244.66.239 - - [12/Dec/2025:07:04:44 +0100] "GET /platby/article.php?5d4c26=space-time-continuum-black-hole HTTP/1.1" 200 23526 "-" "Mozilla/5.0 (compatible; DotBot/1.2; +https://opensiteexplorer.org/dotbot; help@moz.com)"
216.244.66.239 - - [12/Dec/2025:07:04:47 +0100] "GET /platby/article.php?5d4c26=streetlight-manifesto-new-album HTTP/1.1" 200 22335 "-" "Mozilla/5.0 (compatible; DotBot/1.2; +https://opensiteexplorer.org/dotbot; help@moz.com)"
216.244.66.239 - - [12/Dec/2025:07:04:49 +0100] "GET /platby/article.php?5d4c26=take-care-quotes-images HTTP/1.1" 200 25184 "-" "Mozilla/5.0 (compatible; DotBot/1.2; +https://opensiteexplorer.org/dotbot; help@moz.com)"
216.244.66.239 - - [12/Dec/2025:07:04:52 +0100] "GET /platby/article.php?5d4c26=train-accident-cheswick-pa HTTP/1.1" 200 20801 "-" "Mozilla/5.0 (compatible; DotBot/1.2; +https://opensiteexplorer.org/dotbot; help@moz.com)"
216.244.66.239 - - [12/Dec/2025:07:04:53 +0100] "GET /platby/article.php?5d4c26=unblocked-roblox-song-ids HTTP/1.1" 200 23001 "-" "Mozilla/5.0 (compatible; DotBot/1.2; +https://opensiteexplorer.org/dotbot; help@moz.com)"
216.244.66.239 - - [12/Dec/2025:07:04:55 +0100] "GET /platby/article.php?5d4c26=viking-survival-game HTTP/1.1" 200 18197 "-" "Mozilla/5.0 (compatible; DotBot/1.2; +https://opensiteexplorer.org/dotbot; help@moz.com)"
216.244.66.239 - - [12/Dec/2025:07:04:56 +0100] "GET /platby/article.php?5d4c26=weatherby-vanguard-2 HTTP/1.1" 200 24475 "-" "Mozilla/5.0 (compatible; DotBot/1.2; +https://opensiteexplorer.org/dotbot; help@moz.com)"
216.244.66.239 - - [12/Dec/2025:07:04:58 +0100] "GET /platby/article.php?5d4c26=why-is-butters-called-butters HTTP/1.1" 200 19062 "-" "Mozilla/5.0 (compatible; DotBot/1.2; +https://opensiteexplorer.org/dotbot; help@moz.com)"
216.244.66.239 - - [12/Dec/2025:07:04:59 +0100] "GET /platby/article.php?5d4c26=Netflix-actors-male HTTP/1.1" 200 23472 "-" "Mozilla/5.0 (compatible; DotBot/1.2; +https://opensiteexplorer.org/dotbot; help@moz.com)"
216.244.66.239 - - [12/Dec/2025:07:05:00 +0100] "GET /platby/article.php?5d4c26=Squats-muscles-worked HTTP/1.1" 200 24939 "-" "Mozilla/5.0 (compatible; DotBot/1.2; +https://opensiteexplorer.org/dotbot; help@moz.com)"
216.244.66.239 - - [12/Dec/2025:07:05:01 +0100] "GET /platby/article.php?5d4c26=brookhaven-experiment-oculus-quest HTTP/1.1" 200 19354 "-" "Mozilla/5.0 (compatible; DotBot/1.2; +https://opensiteexplorer.org/dotbot; help@moz.com)"
216.244.66.239 - - [12/Dec/2025:07:05:02 +0100] "GET /platby/article.php?5d4c26=costa-rica-adventure%3A-from-canopy-to-coast HTTP/1.1" 200 22039 "-" "Mozilla/5.0 (compatible; DotBot/1.2; +https://opensiteexplorer.org/dotbot; help@moz.com)"
216.244.66.239 - - [12/Dec/2025:07:05:04 +0100] "GET /platby/article.php?5d4c26=damon-salvatore-quotes-season-1 HTTP/1.1" 200 24674 "-" "Mozilla/5.0 (compatible; DotBot/1.2; +https://opensiteexplorer.org/dotbot; help@moz.com)"
216.244.66.239 - - [12/Dec/2025:07:05:05 +0100] "GET /platby/article.php?5d4c26=frist-art-museum-groupon HTTP/1.1" 200 23776 "-" "Mozilla/5.0 (compatible; DotBot/1.2; +https://opensiteexplorer.org/dotbot; help@moz.com)"
216.244.66.239 - - [12/Dec/2025:07:05:06 +0100] "GET /platby/article.php?5d4c26=highly-skilled-migrant-uk HTTP/1.1" 200 16931 "-" "Mozilla/5.0 (compatible; DotBot/1.2; +https://opensiteexplorer.org/dotbot; help@moz.com)"
216.244.66.239 - - [12/Dec/2025:07:05:08 +0100] "GET /platby/article.php?5d4c26=how-many-moons-does-mars-have-2019 HTTP/1.1" 200 16308 "-" "Mozilla/5.0 (compatible; DotBot/1.2; +https://opensiteexplorer.org/dotbot; help@moz.com)"
216.244.66.239 - - [12/Dec/2025:07:05:09 +0100] "GET /platby/article.php?5d4c26=how-old-was-jonathan-brandis-when-he-died HTTP/1.1" 200 16912 "-" "Mozilla/5.0 (compatible; DotBot/1.2; +https://opensiteexplorer.org/dotbot; help@moz.com)"
216.244.66.239 - - [12/Dec/2025:07:05:10 +0100] "GET /platby/article.php?5d4c26=how-to-play-guitar-hero-live HTTP/1.1" 200 19448 "-" "Mozilla/5.0 (compatible; DotBot/1.2; +https://opensiteexplorer.org/dotbot; help@moz.com)"
216.244.66.239 - - [12/Dec/2025:07:05:11 +0100] "GET /platby/article.php?5d4c26=how-to-stay-married-cast-2020 HTTP/1.1" 200 15391 "-" "Mozilla/5.0 (compatible; DotBot/1.2; +https://opensiteexplorer.org/dotbot; help@moz.com)"
216.244.66.239 - - [12/Dec/2025:07:05:15 +0100] "GET /platby/article.php?5d4c26=i%27m-so-tired-quotes HTTP/1.1" 200 14542 "-" "Mozilla/5.0 (compatible; DotBot/1.2; +https://opensiteexplorer.org/dotbot; help@moz.com)"
216.244.66.239 - - [12/Dec/2025:07:05:17 +0100] "GET /platby/article.php?5d4c26=map-of-england-to-print HTTP/1.1" 200 16086 "-" "Mozilla/5.0 (compatible; DotBot/1.2; +https://opensiteexplorer.org/dotbot; help@moz.com)"
216.244.66.239 - - [12/Dec/2025:07:05:19 +0100] "GET /platby/article.php?5d4c26=molly-hendrickson-lips HTTP/1.1" 200 18490 "-" "Mozilla/5.0 (compatible; DotBot/1.2; +https://opensiteexplorer.org/dotbot; help@moz.com)"
216.244.66.239 - - [12/Dec/2025:07:05:21 +0100] "GET /platby/article.php?5d4c26=oppo-reno-3-pro-ad-song-name HTTP/1.1" 200 25597 "-" "Mozilla/5.0 (compatible; DotBot/1.2; +https://opensiteexplorer.org/dotbot; help@moz.com)"
216.244.66.239 - - [12/Dec/2025:07:05:23 +0100] "GET /platby/article.php?5d4c26=september-is-national-what-month HTTP/1.1" 200 22555 "-" "Mozilla/5.0 (compatible; DotBot/1.2; +https://opensiteexplorer.org/dotbot; help@moz.com)"
216.244.66.239 - - [12/Dec/2025:07:05:24 +0100] "GET /platby/article.php?5d4c26=shoulder-pain-at-night HTTP/1.1" 200 15764 "-" "Mozilla/5.0 (compatible; DotBot/1.2; +https://opensiteexplorer.org/dotbot; help@moz.com)"
216.244.66.239 - - [12/Dec/2025:07:05:26 +0100] "GET /platby/article.php?5d4c26=solid-phase-extraction-manifold HTTP/1.1" 200 24761 "-" "Mozilla/5.0 (compatible; DotBot/1.2; +https://opensiteexplorer.org/dotbot; help@moz.com)"
216.244.66.239 - - [12/Dec/2025:07:05:29 +0100] "GET /platby/article.php?5d4c26=sounds-air-petition HTTP/1.1" 200 16137 "-" "Mozilla/5.0 (compatible; DotBot/1.2; +https://opensiteexplorer.org/dotbot; help@moz.com)"
216.244.66.239 - - [12/Dec/2025:07:05:31 +0100] "GET /platby/article.php?5d4c26=swiper-game-online HTTP/1.1" 200 23520 "-" "Mozilla/5.0 (compatible; DotBot/1.2; +https://opensiteexplorer.org/dotbot; help@moz.com)"
216.244.66.239 - - [12/Dec/2025:07:05:33 +0100] "GET /platby/article.php?5d4c26=toddler-boy-clothes-h%26m HTTP/1.1" 200 25421 "-" "Mozilla/5.0 (compatible; DotBot/1.2; +https://opensiteexplorer.org/dotbot; help@moz.com)"
216.244.66.239 - - [12/Dec/2025:07:05:35 +0100] "GET /platby/article.php?5d4c26=unity-technologies-seattle HTTP/1.1" 200 15750 "-" "Mozilla/5.0 (compatible; DotBot/1.2; +https://opensiteexplorer.org/dotbot; help@moz.com)"
216.244.66.239 - - [12/Dec/2025:07:05:36 +0100] "GET /platby/article.php?5d4c26=why-was-galileo-on-%E2%80%9Ctrial%E2%80%9D-in-front-of-the-roman-inquisition%3F HTTP/1.1" 200 20388 "-" "Mozilla/5.0 (compatible; DotBot/1.2; +https://opensiteexplorer.org/dotbot; help@moz.com)"
216.244.66.239 - - [12/Dec/2025:07:05:39 +0100] "GET /platby/article.php?5d4c26=wireless-singstar-microphones-jb-hi-fi HTTP/1.1" 200 23635 "-" "Mozilla/5.0 (compatible; DotBot/1.2; +https://opensiteexplorer.org/dotbot; help@moz.com)"
216.244.66.239 - - [12/Dec/2025:07:05:42 +0100] "GET /platby/article.php?5d4c26=seven-years-in-tibet---trailer HTTP/1.1" 200 22218 "-" "Mozilla/5.0 (compatible; DotBot/1.2; +https://opensiteexplorer.org/dotbot; help@moz.com)"
216.244.66.239 - - [12/Dec/2025:07:05:44 +0100] "GET /platby/aohwuyx/good-friend-vs-best-friend-meme HTTP/1.1" 200 34683 "-" "Mozilla/5.0 (compatible; DotBot/1.2; +https://opensiteexplorer.org/dotbot; help@moz.com)"
216.244.66.239 - - [12/Dec/2025:07:05:46 +0100] "GET /platby/uwoy9/the-death-of-william-posters HTTP/1.1" 200 47627 "-" "Mozilla/5.0 (compatible; DotBot/1.2; +https://opensiteexplorer.org/dotbot; help@moz.com)"
216.244.66.239 - - [12/Dec/2025:07:05:49 +0100] "GET /platby/uwoy9/trenton-new-jersey-to-philadelphia HTTP/1.1" 200 47583 "-" "Mozilla/5.0 (compatible; DotBot/1.2; +https://opensiteexplorer.org/dotbot; help@moz.com)"
216.244.66.239 - - [12/Dec/2025:07:05:50 +0100] "GET /platby/aohwuyx/dolphins-draft-picks-2019 HTTP/1.1" 200 32628 "-" "Mozilla/5.0 (compatible; DotBot/1.2; +https://opensiteexplorer.org/dotbot; help@moz.com)"
216.244.66.239 - - [12/Dec/2025:07:05:52 +0100] "GET /platby/aohwuyx/oppo-a33f-display-light-ways HTTP/1.1" 200 34768 "-" "Mozilla/5.0 (compatible; DotBot/1.2; +https://opensiteexplorer.org/dotbot; help@moz.com)"
216.244.66.239 - - [12/Dec/2025:07:05:53 +0100] "GET /platby/aohwuyx/samsung-side-fingerprint HTTP/1.1" 200 46857 "-" "Mozilla/5.0 (compatible; DotBot/1.2; +https://opensiteexplorer.org/dotbot; help@moz.com)"
216.244.66.239 - - [12/Dec/2025:07:05:56 +0100] "GET /platby/uwoy9/microsoft-outlook-issues-today HTTP/1.1" 200 34235 "-" "Mozilla/5.0 (compatible; DotBot/1.2; +https://opensiteexplorer.org/dotbot; help@moz.com)"
216.244.66.239 - - [12/Dec/2025:07:05:57 +0100] "GET /platby/aohwuyx/iowa-basketball-roster-2020-21 HTTP/1.1" 200 44090 "-" "Mozilla/5.0 (compatible; DotBot/1.2; +https://opensiteexplorer.org/dotbot; help@moz.com)"
216.244.66.239 - - [12/Dec/2025:07:05:59 +0100] "GET /platby/uwoy9/brandeis-schedule-maker HTTP/1.1" 200 30743 "-" "Mozilla/5.0 (compatible; DotBot/1.2; +https://opensiteexplorer.org/dotbot; help@moz.com)"
114.119.149.2 - - [12/Dec/2025:07:05:59 +0100] "GET /platby/aohwuyx/charters-towers-school,-bexhill-on-sea HTTP/1.1" 200 13036 "-" "Mozilla/5.0 (Linux; Android 7.0;) AppleWebKit/537.36 (KHTML, like Gecko) Mobile Safari/537.36 (compatible; PetalBot;+https://webmaster.petalsearch.com/site/petalbot)"
216.244.66.239 - - [12/Dec/2025:07:06:01 +0100] "GET /platby/uwoy9/provide-synonym-wordreference HTTP/1.1" 200 36345 "-" "Mozilla/5.0 (compatible; DotBot/1.2; +https://opensiteexplorer.org/dotbot; help@moz.com)"
216.244.66.239 - - [12/Dec/2025:07:06:03 +0100] "GET /platby/aohwuyx/flowering-trees-in-mississippi HTTP/1.1" 200 47531 "-" "Mozilla/5.0 (compatible; DotBot/1.2; +https://opensiteexplorer.org/dotbot; help@moz.com)"
216.244.66.239 - - [12/Dec/2025:07:06:05 +0100] "GET /platby/uwoy9/south-africa-vs-ghana-soccerway HTTP/1.1" 200 37086 "-" "Mozilla/5.0 (compatible; DotBot/1.2; +https://opensiteexplorer.org/dotbot; help@moz.com)"
216.244.66.239 - - [12/Dec/2025:07:06:07 +0100] "GET /platby/uwoy9/pine-view-school-sarasota-tuition HTTP/1.1" 200 35076 "-" "Mozilla/5.0 (compatible; DotBot/1.2; +https://opensiteexplorer.org/dotbot; help@moz.com)"
216.244.66.239 - - [12/Dec/2025:07:06:09 +0100] "GET /platby/aohwuyx/university-of-the-bahamas-accreditation HTTP/1.1" 200 32097 "-" "Mozilla/5.0 (compatible; DotBot/1.2; +https://opensiteexplorer.org/dotbot; help@moz.com)"
216.244.66.239 - - [12/Dec/2025:07:06:11 +0100] "GET /platby/aohwuyx/ncis-blown-away-series-cast HTTP/1.1" 200 32394 "-" "Mozilla/5.0 (compatible; DotBot/1.2; +https://opensiteexplorer.org/dotbot; help@moz.com)"
216.244.66.239 - - [12/Dec/2025:07:06:12 +0100] "GET /platby/uwoy9/adjectives-for-amusement-park-rides HTTP/1.1" 200 31559 "-" "Mozilla/5.0 (compatible; DotBot/1.2; +https://opensiteexplorer.org/dotbot; help@moz.com)"
216.244.66.239 - - [12/Dec/2025:07:06:14 +0100] "GET /platby/72zbxoz/ghana-vs-germany-head-to-head HTTP/1.1" 200 44450 "-" "Mozilla/5.0 (compatible; DotBot/1.2; +https://opensiteexplorer.org/dotbot; help@moz.com)"
216.244.66.239 - - [12/Dec/2025:07:06:16 +0100] "GET /platby/aohwuyx/bps-focus-parent-registration HTTP/1.1" 200 43341 "-" "Mozilla/5.0 (compatible; DotBot/1.2; +https://opensiteexplorer.org/dotbot; help@moz.com)"
217.119.139.38 - - [12/Dec/2025:07:07:17 +0100] "\x16\x03\x01\x02" 403 265 "-" "-"
217.119.139.38 - - [12/Dec/2025:07:07:17 +0100] "GET / HTTP/1.1" 403 224 "-" "Mozilla/5.0 (Windows NT 10.0; Win64; x64) AppleWebKit/537.36 (KHTML, like Gecko) Chrome/140.0.0.0 Safari/537.36"
114.119.139.112 - - [12/Dec/2025:07:07:22 +0100] "GET /platby/72zbxoz/team-rubicon-roll-call-login HTTP/1.1" 200 9210 "-" "Mozilla/5.0 (Linux; Android 7.0;) AppleWebKit/537.36 (KHTML, like Gecko) Mobile Safari/537.36 (compatible; PetalBot;+https://webmaster.petalsearch.com/site/petalbot)"
216.244.66.239 - - [12/Dec/2025:07:08:04 +0100] "GET /platby/72zbxoz/argentina-2022-world-cup-jersey HTTP/1.1" 200 46639 "-" "Mozilla/5.0 (compatible; DotBot/1.2; +https://opensiteexplorer.org/dotbot; help@moz.com)"
216.244.66.239 - - [12/Dec/2025:07:08:06 +0100] "GET /platby/72zbxoz/british-walking-tour-companies HTTP/1.1" 200 36363 "-" "Mozilla/5.0 (compatible; DotBot/1.2; +https://opensiteexplorer.org/dotbot; help@moz.com)"
216.244.66.239 - - [12/Dec/2025:07:08:07 +0100] "GET /platby/aohwuyx/tie-dye-sweatshirt-zara HTTP/1.1" 200 40627 "-" "Mozilla/5.0 (compatible; DotBot/1.2; +https://opensiteexplorer.org/dotbot; help@moz.com)"
114.119.129.163 - - [12/Dec/2025:07:08:53 +0100] "GET /platby/uwoy9/basis-calendar-2021-22 HTTP/1.1" 200 8146 "http://ispc.klape.eu/platby/uwoy9/basis-calendar-2021-22" "Mozilla/5.0 (Linux; Android 7.0;) AppleWebKit/537.36 (KHTML, like Gecko) Mobile Safari/537.36 (compatible; PetalBot;+https://webmaster.petalsearch.com/site/petalbot)"
176.65.149.34 - - [12/Dec/2025:07:08:53 +0100] "GET / HTTP/1.1" 200 516 "-" "-"
176.65.149.34 - - [12/Dec/2025:07:08:53 +0100] "GET /index.htm HTTP/1.1" 404 273 "-" "Mozilla/5.0"
176.65.149.34 - - [12/Dec/2025:07:08:53 +0100] "\x16\x03\x01\x05\xac\x01" 501 273 "-" "-"
176.65.149.34 - - [12/Dec/2025:07:08:53 +0100] "1111\x0c\x01" 400 291 "-" "-"
176.65.149.34 - - [12/Dec/2025:07:08:53 +0100] "1111\x88" 501 272 "-" "-"
176.65.149.34 - - [12/Dec/2025:07:08:54 +0100] "1111\x88" 501 272 "-" "-"
176.65.149.34 - - [12/Dec/2025:07:08:55 +0100] "1111\x88" 501 272 "-" "-"
114.119.149.2 - - [12/Dec/2025:07:10:14 +0100] "GET /platby/uwoy9/architectural-drafter HTTP/1.1" 200 10863 "http://ispc.klape.eu/platby/uwoy9/architectural-drafter" "Mozilla/5.0 (Linux; Android 7.0;) AppleWebKit/537.36 (KHTML, like Gecko) Mobile Safari/537.36 (compatible; PetalBot;+https://webmaster.petalsearch.com/site/petalbot)"
64.62.156.152 - - [12/Dec/2025:07:11:26 +0100] "\x16\x03\x01" 403 265 "-" "-"
114.119.129.163 - - [12/Dec/2025:07:11:37 +0100] "GET /platby/article.php?5d4c26=Subwoofer-lullaby-but-its-abandoned HTTP/1.1" 200 6999 "http://ispc.klape.eu/platby/article.php?5d4c26=romantic-break-up-letter" "Mozilla/5.0 (Linux; Android 7.0;) AppleWebKit/537.36 (KHTML, like Gecko) Mobile Safari/537.36 (compatible; PetalBot;+https://webmaster.petalsearch.com/site/petalbot)"
205.210.31.51 - - [12/Dec/2025:07:12:00 +0100] "GET /" 400 468 "-" "-"
205.210.31.195 - - [12/Dec/2025:07:12:01 +0100] "GET / HTTP/1.1" 200 528 "-" "Hello from Palo Alto Networks, find out more about our scans in https://docs-cortex.paloaltonetworks.com/r/1/Cortex-Xpanse/Scanning-activity"
114.119.140.102 - - [12/Dec/2025:07:13:05 +0100] "GET /platby/72zbxoz/star-trek:-the-next-generation''-suspicions-cast HTTP/1.1" 200 10916 "http://ispc.klape.eu/platby/72zbxoz/star-trek:-the-next-generation%27%27-suspicions-cast" "Mozilla/5.0 (Linux; Android 7.0;) AppleWebKit/537.36 (KHTML, like Gecko) Mobile Safari/537.36 (compatible; PetalBot;+https://webmaster.petalsearch.com/site/petalbot)"
114.119.129.163 - - [12/Dec/2025:07:14:28 +0100] "GET /platby/uwoy9/yellow-triangle-with-exclamation-point-in-excel-2016 HTTP/1.1" 200 8778 "http://ispc.klape.eu/platby/uwoy9/yellow-triangle-with-exclamation-point-in-excel-2016" "Mozilla/5.0 (Linux; Android 7.0;) AppleWebKit/537.36 (KHTML, like Gecko) Mobile Safari/537.36 (compatible; PetalBot;+https://webmaster.petalsearch.com/site/petalbot)"
51.68.236.87 - - [12/Dec/2025:07:15:31 +0100] "\x16\x03\x01\x01O\x01" 403 265 "-" "-"
114.119.128.6 - - [12/Dec/2025:07:15:57 +0100] "GET /platby/uwoy9/umd-women's-hockey-live-stream HTTP/1.1" 200 7809 "http://ispc.klape.eu/platby/uwoy9/department-of-health-and-human-services-seal" "Mozilla/5.0 (Linux; Android 7.0;) AppleWebKit/537.36 (KHTML, like Gecko) Mobile Safari/537.36 (compatible; PetalBot;+https://webmaster.petalsearch.com/site/petalbot)"
3.18.110.157 - - [12/Dec/2025:07:15:58 +0100] "GET /" 400 468 "-" "-"
23.21.227.240 - - [12/Dec/2025:07:16:32 +0100] "GET /platby/aohwuyx/gwinnett-county-public-schools-board-meeting-live-stream HTTP/1.1" 200 11630 "-" "Mozilla/5.0 AppleWebKit/537.36 (KHTML, like Gecko; compatible; Amazonbot/0.1; +https://developer.amazon.com/support/amazonbot) Chrome/119.0.6045.214 Safari/537.36"
198.235.24.224 - - [12/Dec/2025:07:16:32 +0100] "GET /" 400 468 "-" "-"
54.225.199.17 - - [12/Dec/2025:07:16:36 +0100] "GET /platby/qqap/another-word-for-another-in-an-essay HTTP/1.1" 200 10755 "-" "Mozilla/5.0 AppleWebKit/537.36 (KHTML, like Gecko; compatible; Amazonbot/0.1; +https://developer.amazon.com/support/amazonbot) Chrome/119.0.6045.214 Safari/537.36"
52.0.218.219 - - [12/Dec/2025:07:16:41 +0100] "GET /platby/72zbxoz/to-turn-around-like-a-wheel HTTP/1.1" 200 9875 "-" "Mozilla/5.0 AppleWebKit/537.36 (KHTML, like Gecko; compatible; Amazonbot/0.1; +https://developer.amazon.com/support/amazonbot) Chrome/119.0.6045.214 Safari/537.36"
54.197.102.71 - - [12/Dec/2025:07:16:49 +0100] "GET /platby/aohwuyx/sony-xperia-fingerprint-manager HTTP/1.1" 200 9310 "-" "Mozilla/5.0 AppleWebKit/537.36 (KHTML, like Gecko; compatible; Amazonbot/0.1; +https://developer.amazon.com/support/amazonbot) Chrome/119.0.6045.214 Safari/537.36"
18.205.213.231 - - [12/Dec/2025:07:16:50 +0100] "GET /platby/aohwuyx/trendy-hair-colors-2021 HTTP/1.1" 200 14983 "-" "Mozilla/5.0 AppleWebKit/537.36 (KHTML, like Gecko; compatible; Amazonbot/0.1; +https://developer.amazon.com/support/amazonbot) Chrome/119.0.6045.214 Safari/537.36"
23.20.178.124 - - [12/Dec/2025:07:16:55 +0100] "GET /platby/72zbxoz/kalmbach-organic-chicken-feed HTTP/1.1" 200 12077 "-" "Mozilla/5.0 AppleWebKit/537.36 (KHTML, like Gecko; compatible; Amazonbot/0.1; +https://developer.amazon.com/support/amazonbot) Chrome/119.0.6045.214 Safari/537.36"
23.23.212.212 - - [12/Dec/2025:07:16:57 +0100] "GET /platby/72zbxoz/cameron-university-baseball-division HTTP/1.1" 200 7995 "-" "Mozilla/5.0 AppleWebKit/537.36 (KHTML, like Gecko; compatible; Amazonbot/0.1; +https://developer.amazon.com/support/amazonbot) Chrome/119.0.6045.214 Safari/537.36"
52.70.209.13 - - [12/Dec/2025:07:17:04 +0100] "GET /platby/72zbxoz/ucsd-women's-soccer-coaches HTTP/1.1" 200 12868 "-" "Mozilla/5.0 AppleWebKit/537.36 (KHTML, like Gecko; compatible; Amazonbot/0.1; +https://developer.amazon.com/support/amazonbot) Chrome/119.0.6045.214 Safari/537.36"
52.3.104.214 - - [12/Dec/2025:07:17:05 +0100] "GET /platby/qqap/men's-wedding-shorts-suits HTTP/1.1" 200 14045 "-" "Mozilla/5.0 AppleWebKit/537.36 (KHTML, like Gecko; compatible; Amazonbot/0.1; +https://developer.amazon.com/support/amazonbot) Chrome/119.0.6045.214 Safari/537.36"
114.119.140.102 - - [12/Dec/2025:07:17:19 +0100] "GET /platby/uwoy9/side-to-side-push-ups-alternative HTTP/1.1" 200 9341 "http://ispc.klape.eu/platby/uwoy9/fema-trailers-for-sale-in-panama-city-florida" "Mozilla/5.0 (Linux; Android 7.0;) AppleWebKit/537.36 (KHTML, like Gecko) Mobile Safari/537.36 (compatible; PetalBot;+https://webmaster.petalsearch.com/site/petalbot)"
204.76.203.206 - - [12/Dec/2025:07:18:18 +0100] "GET /" 400 468 "-" "-"
114.119.129.163 - - [12/Dec/2025:07:19:13 +0100] "GET /platby/uwoy9/samsung-fingerprint-sensor-not-working-with-screen-protector HTTP/1.1" 200 11241 "http://ispc.klape.eu/platby/uwoy9/how-to-find-the-direction-vector-of-a-line" "Mozilla/5.0 (Linux; Android 7.0;) AppleWebKit/537.36 (KHTML, like Gecko) Mobile Safari/537.36 (compatible; PetalBot;+https://webmaster.petalsearch.com/site/petalbot)"
204.76.203.8 - - [12/Dec/2025:07:19:26 +0100] "\x16\x03\x01" 403 265 "-" "-"
138.246.253.24 - - [12/Dec/2025:07:20:05 +0100] "\x16\x03\x01\x01" 403 265 "-" "-"
204.76.203.206 - - [12/Dec/2025:07:20:15 +0100] "GET / HTTP/1.1" 200 316 "-" "Mozilla/5.0 (Windows NT 10.0; Win64; x64) AppleWebKit/537.36 (KHTML, like Gecko) Chrome/90.0.4430.85 Safari/537.36 Edg/90.0.818.46"
114.119.128.6 - - [12/Dec/2025:07:20:46 +0100] "GET /platby/qqap/garden-paws-characters HTTP/1.1" 200 6606 "http://ispc.klape.eu/platby/qqap/garden-paws-characters" "Mozilla/5.0 (Linux; Android 7.0;) AppleWebKit/537.36 (KHTML, like Gecko) Mobile Safari/537.36 (compatible; PetalBot;+https://webmaster.petalsearch.com/site/petalbot)"
87.120.191.100 - - [12/Dec/2025:07:22:05 +0100] "GET /" 400 468 "-" "-"
114.119.139.112 - - [12/Dec/2025:07:22:17 +0100] "GET /platby/hca/without-further-ado,-i-would-like-to-invite HTTP/1.1" 200 7607 "http://ispc.klape.eu/platby/hca/without-further-ado%2C-i-would-like-to-invite" "Mozilla/5.0 (Linux; Android 7.0;) AppleWebKit/537.36 (KHTML, like Gecko) Mobile Safari/537.36 (compatible; PetalBot;+https://webmaster.petalsearch.com/site/petalbot)"
216.244.66.239 - - [12/Dec/2025:07:22:56 +0100] "GET /platby/72zbxoz/oppo-wireless-charging-phones-list HTTP/1.1" 200 46759 "-" "Mozilla/5.0 (compatible; DotBot/1.2; +https://opensiteexplorer.org/dotbot; help@moz.com)"
216.244.66.239 - - [12/Dec/2025:07:23:00 +0100] "GET /platby/72zbxoz/spain-vs-argentina-today HTTP/1.1" 200 38709 "-" "Mozilla/5.0 (compatible; DotBot/1.2; +https://opensiteexplorer.org/dotbot; help@moz.com)"
216.244.66.239 - - [12/Dec/2025:07:23:02 +0100] "GET /platby/uwoy9/negative-effects-of-social-grants-in-south-africa HTTP/1.1" 200 39724 "-" "Mozilla/5.0 (compatible; DotBot/1.2; +https://opensiteexplorer.org/dotbot; help@moz.com)"
216.244.66.239 - - [12/Dec/2025:07:23:05 +0100] "GET /platby/uwoy9/telles-fifa-21-potential HTTP/1.1" 200 38940 "-" "Mozilla/5.0 (compatible; DotBot/1.2; +https://opensiteexplorer.org/dotbot; help@moz.com)"
114.119.140.102 - - [12/Dec/2025:07:23:57 +0100] "GET /platby/hca/microsoft-teams-cheat-sheet-for-students-pdf HTTP/1.1" 200 8064 "http://ispc.klape.eu/platby/hca/microsoft-teams-cheat-sheet-for-students-pdf" "Mozilla/5.0 (Linux; Android 7.0;) AppleWebKit/537.36 (KHTML, like Gecko) Mobile Safari/537.36 (compatible; PetalBot;+https://webmaster.petalsearch.com/site/petalbot)"
34.231.195.239 - - [12/Dec/2025:07:25:08 +0100] "\x16\x03\x01\x02" 403 265 "-" "-"
114.119.152.142 - - [12/Dec/2025:07:25:28 +0100] "GET /platby/article.php?5d4c26=what-is-a-co-op HTTP/1.1" 200 7230 "http://ispc.klape.eu/platby/article.php?5d4c26=everyday-astronaut-suit" "Mozilla/5.0 (Linux; Android 7.0;) AppleWebKit/537.36 (KHTML, like Gecko) Mobile Safari/537.36 (compatible; PetalBot;+https://webmaster.petalsearch.com/site/petalbot)"
114.119.139.66 - - [12/Dec/2025:07:26:57 +0100] "GET /platby/article.php?5d4c26=what-are-the-functions-of-the-prosecutor-and-defense-attorney HTTP/1.1" 200 6295 "http://ispc.klape.eu/platby/article.php?5d4c26=how-to-live-on-a-homestead-in-apartment" "Mozilla/5.0 (Linux; Android 7.0;) AppleWebKit/537.36 (KHTML, like Gecko) Mobile Safari/537.36 (compatible; PetalBot;+https://webmaster.petalsearch.com/site/petalbot)"
114.119.152.142 - - [12/Dec/2025:07:28:16 +0100] "GET /platby/article.php?5d4c26=water-in-space-vacuum HTTP/1.1" 200 6932 "http://ispc.klape.eu/platby/article.php?5d4c26=my-wellness-center" "Mozilla/5.0 (Linux; Android 7.0;) AppleWebKit/537.36 (KHTML, like Gecko) Mobile Safari/537.36 (compatible; PetalBot;+https://webmaster.petalsearch.com/site/petalbot)"
114.119.139.66 - - [12/Dec/2025:07:29:35 +0100] "GET /platby/article.php?5d4c26=servant-of-evil-chord HTTP/1.1" 200 6158 "http://ispc.klape.eu/platby/article.php?5d4c26=hero-mask-vr-review" "Mozilla/5.0 (Linux; Android 7.0;) AppleWebKit/537.36 (KHTML, like Gecko) Mobile Safari/537.36 (compatible; PetalBot;+https://webmaster.petalsearch.com/site/petalbot)"
34.91.115.13 - - [12/Dec/2025:07:30:58 +0100] "\x16\x03\x01\x02" 403 265 "-" "-"
114.119.149.2 - - [12/Dec/2025:07:30:58 +0100] "GET /platby/uwoy9/the-eleventh-hour-book-who-stole-the-feast HTTP/1.1" 200 11909 "http://ispc.klape.eu/platby/uwoy9/the-eleventh-hour-book-who-stole-the-feast" "Mozilla/5.0 (Linux; Android 7.0;) AppleWebKit/537.36 (KHTML, like Gecko) Mobile Safari/537.36 (compatible; PetalBot;+https://webmaster.petalsearch.com/site/petalbot)"
114.119.140.102 - - [12/Dec/2025:07:32:18 +0100] "GET /platby/article.php?5d4c26=rogue-galaxy---factory-:-sword-holy-lightning HTTP/1.1" 200 6444 "http://ispc.klape.eu/platby/article.php?5d4c26=cardi-b---press-song" "Mozilla/5.0 (Linux; Android 7.0;) AppleWebKit/537.36 (KHTML, like Gecko) Mobile Safari/537.36 (compatible; PetalBot;+https://webmaster.petalsearch.com/site/petalbot)"
114.119.149.2 - - [12/Dec/2025:07:33:41 +0100] "GET /platby/article.php?5d4c26=powerade-mountain-blast-ingredients HTTP/1.1" 200 7885 "http://ispc.klape.eu/platby/article.php?5d4c26=planck-2018-results-vii-isotropy-and-statistics-of-the-cmb" "Mozilla/5.0 (Linux; Android 7.0;) AppleWebKit/537.36 (KHTML, like Gecko) Mobile Safari/537.36 (compatible; PetalBot;+https://webmaster.petalsearch.com/site/petalbot)"
45.144.53.78 - - [12/Dec/2025:07:33:53 +0100] "\x16\x03\x01\x05\xeb\x01" 403 265 "-" "-"
5.133.192.166 - - [12/Dec/2025:07:34:51 +0100] "\x16\x03\x01\x01\x16\x01" 403 265 "-" "-"
101.43.12.186 - - [12/Dec/2025:07:34:53 +0100] "\x16\x03\x01" 403 265 "-" "-"
39.39.224.18 - - [12/Dec/2025:07:34:53 +0100] "\x16\x03\x01\x06\xd3\x01" 403 265 "-" "-"
39.39.224.18 - - [12/Dec/2025:07:34:54 +0100] "\x16\x03\x01\x06\xd3\x01" 403 265 "-" "-"
114.119.128.6 - - [12/Dec/2025:07:34:58 +0100] "GET /platby/uwoy9/michael-jordan:-come-fly-with-me-1991 HTTP/1.1" 200 11855 "http://ispc.klape.eu/platby/uwoy9/michael-jordan:-come-fly-with-me-1991" "Mozilla/5.0 (Linux; Android 7.0;) AppleWebKit/537.36 (KHTML, like Gecko) Mobile Safari/537.36 (compatible; PetalBot;+https://webmaster.petalsearch.com/site/petalbot)"
204.76.203.206 - - [12/Dec/2025:07:35:33 +0100] "GET /" 400 468 "-" "-"
52.176.55.166 - - [12/Dec/2025:07:35:58 +0100] "\x16\x03\x01" 403 265 "-" "-"
66.249.79.65 - - [12/Dec/2025:07:36:02 +0100] "\x16\x03\x01\x02" 403 265 "-" "-"
204.76.203.8 - - [12/Dec/2025:07:36:11 +0100] "\x16\x03\x01" 403 265 "-" "-"
114.119.128.6 - - [12/Dec/2025:07:36:14 +0100] "GET /platby/qqap/cost-of-medical-school-in-canada-for-international-students HTTP/1.1" 200 8464 "http://ispc.klape.eu/platby/qqap/cost-of-medical-school-in-canada-for-international-students" "Mozilla/5.0 (Linux; Android 7.0;) AppleWebKit/537.36 (KHTML, like Gecko) Mobile Safari/537.36 (compatible; PetalBot;+https://webmaster.petalsearch.com/site/petalbot)"
204.76.203.206 - - [12/Dec/2025:07:36:31 +0100] "GET / HTTP/1.1" 200 316 "-" "Mozilla/5.0 (Windows NT 10.0; Win64; x64) AppleWebKit/537.36 (KHTML, like Gecko) Chrome/90.0.4430.85 Safari/537.36 Edg/90.0.818.46"
114.119.128.6 - - [12/Dec/2025:07:37:21 +0100] "GET /platby/article.php?5d4c26=persona-4-engine HTTP/1.1" 200 5626 "http://ispc.klape.eu/platby/article.php?5d4c26=how-to-delete-a-node-in-binary-search-tree-c%2B%2B" "Mozilla/5.0 (Linux; Android 7.0;) AppleWebKit/537.36 (KHTML, like Gecko) Mobile Safari/537.36 (compatible; PetalBot;+https://webmaster.petalsearch.com/site/petalbot)"
34.231.195.239 - - [12/Dec/2025:07:38:12 +0100] "\x16\x03\x01\x02" 403 265 "-" "-"
45.144.53.78 - - [12/Dec/2025:07:38:27 +0100] "\x16\x03\x01\x05\xe3\x01" 403 265 "-" "-"
114.119.149.2 - - [12/Dec/2025:07:38:44 +0100] "GET /platby/article.php?5d4c26=how-to-check-if-you-have-a-warrant-online HTTP/1.1" 200 5733 "http://ispc.klape.eu/platby/article.php?5d4c26=hotels-gothic-quarter%2C-barcelona" "Mozilla/5.0 (Linux; Android 7.0;) AppleWebKit/537.36 (KHTML, like Gecko) Mobile Safari/537.36 (compatible; PetalBot;+https://webmaster.petalsearch.com/site/petalbot)"
138.246.253.24 - - [12/Dec/2025:07:38:53 +0100] "\x16\x03\x01\x01\x16\x01" 403 265 "-" "-"
62.60.131.218 - - [12/Dec/2025:07:40:01 +0100] "\x16\x03\x01\x05\xe8\x01" 403 265 "-" "-"
114.119.128.6 - - [12/Dec/2025:07:40:06 +0100] "GET /platby/article.php?5d4c26=hardlight-ltd-website HTTP/1.1" 200 7562 "http://ispc.klape.eu/platby/article.php?5d4c26=jackson-wang---100-ways-lyrics" "Mozilla/5.0 (Linux; Android 7.0;) AppleWebKit/537.36 (KHTML, like Gecko) Mobile Safari/537.36 (compatible; PetalBot;+https://webmaster.petalsearch.com/site/petalbot)"
62.60.131.218 - - [12/Dec/2025:07:40:12 +0100] "\x16\x03\x01\x05\xe9\x01" 403 265 "-" "-"
62.60.131.218 - - [12/Dec/2025:07:40:15 +0100] "\x16\x03\x01\x05\xee\x01" 403 265 "-" "-"
62.60.131.218 - - [12/Dec/2025:07:40:16 +0100] "\x16\x03\x01\x05\xea\x01" 403 265 "-" "-"
204.76.203.212 - - [12/Dec/2025:07:40:34 +0100] "GET /" 400 468 "-" "-"
114.119.130.237 - - [12/Dec/2025:07:41:34 +0100] "GET /platby/article.php?5d4c26=deep-forest---madazulu HTTP/1.1" 200 7182 "http://ispc.klape.eu/platby/article.php?5d4c26=warhammer-online-wiki" "Mozilla/5.0 (Linux; Android 7.0;) AppleWebKit/537.36 (KHTML, like Gecko) Mobile Safari/537.36 (compatible; PetalBot;+https://webmaster.petalsearch.com/site/petalbot)"
45.135.193.9 - - [12/Dec/2025:07:42:30 +0100] "GET http://ip-api.com/json/ HTTP/1.1" 404 220 "-" "Go-http-client/1.1"
114.119.128.6 - - [12/Dec/2025:07:42:51 +0100] "GET /platby/hca/sound-blaster-live-ct4780-drivers-windows-7 HTTP/1.1" 200 11131 "http://ispc.klape.eu/platby/hca/huwag-matakot-chords-this-band" "Mozilla/5.0 (Linux; Android 7.0;) AppleWebKit/537.36 (KHTML, like Gecko) Mobile Safari/537.36 (compatible; PetalBot;+https://webmaster.petalsearch.com/site/petalbot)"
216.244.66.239 - - [12/Dec/2025:07:43:03 +0100] "GET /robots.txt HTTP/1.1" 200 34 "-" "Mozilla/5.0 (compatible; DotBot/1.2; +https://opensiteexplorer.org/dotbot; help@moz.com)"
71.228.159.129 - - [12/Dec/2025:07:43:30 +0100] "\x16\x03\x01\x05\xf0\x01" 403 265 "-" "-"
152.42.24.138 - - [12/Dec/2025:07:43:33 +0100] "\x16\x03\x01\x05\xf0\x01" 403 265 "-" "-"
172.58.183.192 - - [12/Dec/2025:07:43:35 +0100] "\x16\x03\x01\x05\xf0\x01" 403 265 "-" "-"
172.56.223.158 - - [12/Dec/2025:07:43:37 +0100] "\x16\x03\x01\x05\xf0\x01" 403 265 "-" "-"
139.171.148.112 - - [12/Dec/2025:07:43:39 +0100] "\x16\x03\x01\x05\xf0\x01" 403 265 "-" "-"
24.192.61.172 - - [12/Dec/2025:07:43:41 +0100] "\x16\x03\x01\x05\xf0\x01" 403 265 "-" "-"
114.119.130.237 - - [12/Dec/2025:07:44:16 +0100] "GET /platby/article.php?5d4c26=deborah-feldman-official-website HTTP/1.1" 200 6995 "http://ispc.klape.eu/platby/article.php?5d4c26=salyut-7-rotten-tomatoes" "Mozilla/5.0 (Linux; Android 7.0;) AppleWebKit/537.36 (KHTML, like Gecko) Mobile Safari/537.36 (compatible; PetalBot;+https://webmaster.petalsearch.com/site/petalbot)"
114.119.152.142 - - [12/Dec/2025:07:45:39 +0100] "GET /platby/article.php?5d4c26=boom-beach-attacks HTTP/1.1" 200 6068 "http://ispc.klape.eu/platby/article.php?5d4c26=orchestral-manoeuvres-in-the-dark-she%27s-leaving" "Mozilla/5.0 (Linux; Android 7.0;) AppleWebKit/537.36 (KHTML, like Gecko) Mobile Safari/537.36 (compatible; PetalBot;+https://webmaster.petalsearch.com/site/petalbot)"
87.236.176.40 - - [12/Dec/2025:07:45:51 +0100] "GET / HTTP/1.1" 200 316 "-" "Mozilla/5.0 (compatible; InternetMeasurement/1.0; +https://internet-measurement.com/)"
104.152.52.58 - - [12/Dec/2025:07:46:07 +0100] "\x16\x03\x01\x05\xca\x01" 501 273 "-" "-"
104.152.52.67 - - [12/Dec/2025:07:46:07 +0100] "GET / HTTP/1.1" 200 516 "-" "curl/7.61.1"
104.152.52.67 - - [12/Dec/2025:07:46:07 +0100] "GET /favicon.ico HTTP/1.1" 404 275 "-" "curl/7.61.1"
216.244.66.239 - - [12/Dec/2025:07:46:23 +0100] "GET /platby/article.php?5d4c26=Snow-in-Taiwan HTTP/1.1" 200 23284 "-" "Mozilla/5.0 (compatible; DotBot/1.2; +https://opensiteexplorer.org/dotbot; help@moz.com)"
216.244.66.239 - - [12/Dec/2025:07:46:29 +0100] "GET /platby/article.php?5d4c26=efl-on-tv HTTP/1.1" 200 17369 "-" "Mozilla/5.0 (compatible; DotBot/1.2; +https://opensiteexplorer.org/dotbot; help@moz.com)"
216.244.66.239 - - [12/Dec/2025:07:46:32 +0100] "GET /platby/article.php?5d4c26=sorcery-2-wiki HTTP/1.1" 200 16993 "-" "Mozilla/5.0 (compatible; DotBot/1.2; +https://opensiteexplorer.org/dotbot; help@moz.com)"
216.244.66.239 - - [12/Dec/2025:07:46:36 +0100] "GET /platby/article.php?5d4c26=used-air-max HTTP/1.1" 200 23285 "-" "Mozilla/5.0 (compatible; DotBot/1.2; +https://opensiteexplorer.org/dotbot; help@moz.com)"
216.244.66.239 - - [12/Dec/2025:07:46:40 +0100] "GET /platby/article.php?5d4c26=Dine-%26-Dash HTTP/1.1" 200 25917 "-" "Mozilla/5.0 (compatible; DotBot/1.2; +https://opensiteexplorer.org/dotbot; help@moz.com)"
216.244.66.239 - - [12/Dec/2025:07:46:43 +0100] "GET /platby/article.php?5d4c26=Weather-in-Tuscany HTTP/1.1" 200 22451 "-" "Mozilla/5.0 (compatible; DotBot/1.2; +https://opensiteexplorer.org/dotbot; help@moz.com)"
216.244.66.239 - - [12/Dec/2025:07:46:45 +0100] "GET /platby/article.php?5d4c26=allergen-management-ppt HTTP/1.1" 200 20941 "-" "Mozilla/5.0 (compatible; DotBot/1.2; +https://opensiteexplorer.org/dotbot; help@moz.com)"
216.244.66.239 - - [12/Dec/2025:07:46:48 +0100] "GET /platby/article.php?5d4c26=blue-four-rogue-one HTTP/1.1" 200 22887 "-" "Mozilla/5.0 (compatible; DotBot/1.2; +https://opensiteexplorer.org/dotbot; help@moz.com)"
204.76.203.8 - - [12/Dec/2025:07:46:48 +0100] "\x16\x03\x01" 403 265 "-" "-"
216.244.66.239 - - [12/Dec/2025:07:46:50 +0100] "GET /platby/article.php?5d4c26=mt-pulag-sea-of-clouds HTTP/1.1" 200 14541 "-" "Mozilla/5.0 (compatible; DotBot/1.2; +https://opensiteexplorer.org/dotbot; help@moz.com)"
216.244.66.239 - - [12/Dec/2025:07:46:53 +0100] "GET /platby/article.php?5d4c26=top-10-caravan-parks HTTP/1.1" 200 19671 "-" "Mozilla/5.0 (compatible; DotBot/1.2; +https://opensiteexplorer.org/dotbot; help@moz.com)"
216.244.66.239 - - [12/Dec/2025:07:46:54 +0100] "GET /platby/article.php?5d4c26=Caracas-time-zone HTTP/1.1" 200 24646 "-" "Mozilla/5.0 (compatible; DotBot/1.2; +https://opensiteexplorer.org/dotbot; help@moz.com)"
216.244.66.239 - - [12/Dec/2025:07:46:56 +0100] "GET /platby/article.php?5d4c26=Throughout-Your-Years HTTP/1.1" 200 19091 "-" "Mozilla/5.0 (compatible; DotBot/1.2; +https://opensiteexplorer.org/dotbot; help@moz.com)"
216.244.66.239 - - [12/Dec/2025:07:46:57 +0100] "GET /platby/article.php?5d4c26=Tickets-to-Florida HTTP/1.1" 200 18056 "-" "Mozilla/5.0 (compatible; DotBot/1.2; +https://opensiteexplorer.org/dotbot; help@moz.com)"
216.244.66.239 - - [12/Dec/2025:07:46:58 +0100] "GET /platby/article.php?5d4c26=anon-m4-green HTTP/1.1" 200 24557 "-" "Mozilla/5.0 (compatible; DotBot/1.2; +https://opensiteexplorer.org/dotbot; help@moz.com)"
216.244.66.239 - - [12/Dec/2025:07:46:59 +0100] "GET /platby/article.php?5d4c26=cayo-espanto-weather HTTP/1.1" 200 19128 "-" "Mozilla/5.0 (compatible; DotBot/1.2; +https://opensiteexplorer.org/dotbot; help@moz.com)"
216.244.66.239 - - [12/Dec/2025:07:47:01 +0100] "GET /platby/article.php?5d4c26=chuggington-toys-hoot-and-toot HTTP/1.1" 200 23443 "-" "Mozilla/5.0 (compatible; DotBot/1.2; +https://opensiteexplorer.org/dotbot; help@moz.com)"
216.244.66.239 - - [12/Dec/2025:07:47:02 +0100] "GET /platby/article.php?5d4c26=cj-stander-wife HTTP/1.1" 200 16952 "-" "Mozilla/5.0 (compatible; DotBot/1.2; +https://opensiteexplorer.org/dotbot; help@moz.com)"
114.119.149.2 - - [12/Dec/2025:07:47:03 +0100] "GET /platby/article.php?5d4c26=best-magnets-for-healing HTTP/1.1" 200 7091 "http://ispc.klape.eu/platby/article.php?5d4c26=calories-in-2-scoops-of-strawberry-ice-cream" "Mozilla/5.0 (Linux; Android 7.0;) AppleWebKit/537.36 (KHTML, like Gecko) Mobile Safari/537.36 (compatible; PetalBot;+https://webmaster.petalsearch.com/site/petalbot)"
216.244.66.239 - - [12/Dec/2025:07:47:04 +0100] "GET /platby/article.php?5d4c26=el-roi-got-questions HTTP/1.1" 200 16355 "-" "Mozilla/5.0 (compatible; DotBot/1.2; +https://opensiteexplorer.org/dotbot; help@moz.com)"
216.244.66.239 - - [12/Dec/2025:07:47:05 +0100] "GET /platby/article.php?5d4c26=emily-thornberry-tweet HTTP/1.1" 200 14264 "-" "Mozilla/5.0 (compatible; DotBot/1.2; +https://opensiteexplorer.org/dotbot; help@moz.com)"
216.244.66.239 - - [12/Dec/2025:07:47:05 +0100] "GET /platby/article.php?5d4c26=holmes-next-generation HTTP/1.1" 200 22053 "-" "Mozilla/5.0 (compatible; DotBot/1.2; +https://opensiteexplorer.org/dotbot; help@moz.com)"
216.244.66.239 - - [12/Dec/2025:07:47:07 +0100] "GET /platby/article.php?5d4c26=majok-deng-pepperdine HTTP/1.1" 200 22058 "-" "Mozilla/5.0 (compatible; DotBot/1.2; +https://opensiteexplorer.org/dotbot; help@moz.com)"
216.244.66.239 - - [12/Dec/2025:07:47:11 +0100] "GET /platby/article.php?5d4c26=mark-bonnar-catastrophe HTTP/1.1" 200 15852 "-" "Mozilla/5.0 (compatible; DotBot/1.2; +https://opensiteexplorer.org/dotbot; help@moz.com)"
216.244.66.239 - - [12/Dec/2025:07:47:15 +0100] "GET /platby/article.php?5d4c26=mass-vs-weight-article HTTP/1.1" 200 26266 "-" "Mozilla/5.0 (compatible; DotBot/1.2; +https://opensiteexplorer.org/dotbot; help@moz.com)"
216.244.66.239 - - [12/Dec/2025:07:47:17 +0100] "GET /platby/article.php?5d4c26=medical-license-api HTTP/1.1" 200 23252 "-" "Mozilla/5.0 (compatible; DotBot/1.2; +https://opensiteexplorer.org/dotbot; help@moz.com)"
216.244.66.239 - - [12/Dec/2025:07:47:19 +0100] "GET /platby/article.php?5d4c26=ministry-psalm-69 HTTP/1.1" 200 23121 "-" "Mozilla/5.0 (compatible; DotBot/1.2; +https://opensiteexplorer.org/dotbot; help@moz.com)"
216.244.66.239 - - [12/Dec/2025:07:47:21 +0100] "GET /platby/article.php?5d4c26=nike-sb-paparazzi HTTP/1.1" 200 15896 "-" "Mozilla/5.0 (compatible; DotBot/1.2; +https://opensiteexplorer.org/dotbot; help@moz.com)"
216.244.66.239 - - [12/Dec/2025:07:47:24 +0100] "GET /platby/article.php?5d4c26=pure-romance-party HTTP/1.1" 200 24367 "-" "Mozilla/5.0 (compatible; DotBot/1.2; +https://opensiteexplorer.org/dotbot; help@moz.com)"
216.244.66.239 - - [12/Dec/2025:07:47:25 +0100] "GET /platby/article.php?5d4c26=remote-sensing-bands HTTP/1.1" 200 25410 "-" "Mozilla/5.0 (compatible; DotBot/1.2; +https://opensiteexplorer.org/dotbot; help@moz.com)"
216.244.66.239 - - [12/Dec/2025:07:47:28 +0100] "GET /platby/article.php?5d4c26=surf-documentary-amazon-prime HTTP/1.1" 200 20438 "-" "Mozilla/5.0 (compatible; DotBot/1.2; +https://opensiteexplorer.org/dotbot; help@moz.com)"
216.244.66.239 - - [12/Dec/2025:07:47:30 +0100] "GET /platby/article.php?5d4c26=to-be-the-best-synonym HTTP/1.1" 200 15699 "-" "Mozilla/5.0 (compatible; DotBot/1.2; +https://opensiteexplorer.org/dotbot; help@moz.com)"
216.244.66.239 - - [12/Dec/2025:07:47:32 +0100] "GET /platby/article.php?5d4c26=tyler-mane---imdb HTTP/1.1" 200 24171 "-" "Mozilla/5.0 (compatible; DotBot/1.2; +https://opensiteexplorer.org/dotbot; help@moz.com)"
216.244.66.239 - - [12/Dec/2025:07:47:33 +0100] "GET /platby/article.php?5d4c26=who-owns-salford-city-fc HTTP/1.1" 200 17037 "-" "Mozilla/5.0 (compatible; DotBot/1.2; +https://opensiteexplorer.org/dotbot; help@moz.com)"
216.244.66.239 - - [12/Dec/2025:07:47:35 +0100] "GET /platby/article.php?5d4c26=will-i-like-octopath-traveler HTTP/1.1" 200 24987 "-" "Mozilla/5.0 (compatible; DotBot/1.2; +https://opensiteexplorer.org/dotbot; help@moz.com)"
216.244.66.239 - - [12/Dec/2025:07:47:36 +0100] "GET /platby/article.php?5d4c26=%C3%B6gedei-khan-ertugrul HTTP/1.1" 200 23193 "-" "Mozilla/5.0 (compatible; DotBot/1.2; +https://opensiteexplorer.org/dotbot; help@moz.com)"
216.244.66.239 - - [12/Dec/2025:07:47:40 +0100] "GET /platby/article.php?5d4c26=Blood-Will-Out HTTP/1.1" 200 22384 "-" "Mozilla/5.0 (compatible; DotBot/1.2; +https://opensiteexplorer.org/dotbot; help@moz.com)"
216.244.66.239 - - [12/Dec/2025:07:47:46 +0100] "GET /platby/article.php?5d4c26=CMOS-Schmitt-trigger HTTP/1.1" 200 18582 "-" "Mozilla/5.0 (compatible; DotBot/1.2; +https://opensiteexplorer.org/dotbot; help@moz.com)"
216.244.66.239 - - [12/Dec/2025:07:47:51 +0100] "GET /platby/article.php?5d4c26=Facebook-revenue-2020 HTTP/1.1" 200 23755 "-" "Mozilla/5.0 (compatible; DotBot/1.2; +https://opensiteexplorer.org/dotbot; help@moz.com)"
216.244.66.239 - - [12/Dec/2025:07:47:56 +0100] "GET /platby/article.php?5d4c26=Tropical-wave-diagram HTTP/1.1" 200 15641 "-" "Mozilla/5.0 (compatible; DotBot/1.2; +https://opensiteexplorer.org/dotbot; help@moz.com)"
216.244.66.239 - - [12/Dec/2025:07:48:00 +0100] "GET /platby/article.php?5d4c26=alien-boy-wikipedia HTTP/1.1" 200 18048 "-" "Mozilla/5.0 (compatible; DotBot/1.2; +https://opensiteexplorer.org/dotbot; help@moz.com)"
216.244.66.239 - - [12/Dec/2025:07:48:03 +0100] "GET /platby/article.php?5d4c26=allegheny-county-sheriff-office-hours HTTP/1.1" 200 17193 "-" "Mozilla/5.0 (compatible; DotBot/1.2; +https://opensiteexplorer.org/dotbot; help@moz.com)"
216.244.66.239 - - [12/Dec/2025:07:48:06 +0100] "GET /platby/article.php?5d4c26=are-fallen-angels-immortal HTTP/1.1" 200 15274 "-" "Mozilla/5.0 (compatible; DotBot/1.2; +https://opensiteexplorer.org/dotbot; help@moz.com)"
216.244.66.239 - - [12/Dec/2025:07:48:09 +0100] "GET /platby/article.php?5d4c26=are-there-still-jellyfish-in-space HTTP/1.1" 200 16145 "-" "Mozilla/5.0 (compatible; DotBot/1.2; +https://opensiteexplorer.org/dotbot; help@moz.com)"
216.244.66.239 - - [12/Dec/2025:07:48:11 +0100] "GET /platby/article.php?5d4c26=associated-wholesale-grocers-springfield-mo HTTP/1.1" 200 23090 "-" "Mozilla/5.0 (compatible; DotBot/1.2; +https://opensiteexplorer.org/dotbot; help@moz.com)"
216.244.66.239 - - [12/Dec/2025:07:48:14 +0100] "GET /platby/article.php?5d4c26=baby-bonnets-wholesale HTTP/1.1" 200 24008 "-" "Mozilla/5.0 (compatible; DotBot/1.2; +https://opensiteexplorer.org/dotbot; help@moz.com)"
216.244.66.239 - - [12/Dec/2025:07:48:17 +0100] "GET /platby/article.php?5d4c26=certificate-corner-design-png HTTP/1.1" 200 21741 "-" "Mozilla/5.0 (compatible; DotBot/1.2; +https://opensiteexplorer.org/dotbot; help@moz.com)"
216.244.66.239 - - [12/Dec/2025:07:48:22 +0100] "GET /platby/article.php?5d4c26=climbing-mount-shishaldin HTTP/1.1" 200 25652 "-" "Mozilla/5.0 (compatible; DotBot/1.2; +https://opensiteexplorer.org/dotbot; help@moz.com)"
216.244.66.239 - - [12/Dec/2025:07:48:25 +0100] "GET /platby/article.php?5d4c26=cute-iphone-icons HTTP/1.1" 200 24125 "-" "Mozilla/5.0 (compatible; DotBot/1.2; +https://opensiteexplorer.org/dotbot; help@moz.com)"
114.119.130.237 - - [12/Dec/2025:07:48:28 +0100] "GET /platby/article.php?5d4c26=Dipset-Anthem-dirty HTTP/1.1" 200 5876 "http://ispc.klape.eu/platby/article.php?5d4c26=tom-papley-contract" "Mozilla/5.0 (Linux; Android 7.0;) AppleWebKit/537.36 (KHTML, like Gecko) Mobile Safari/537.36 (compatible; PetalBot;+https://webmaster.petalsearch.com/site/petalbot)"
216.244.66.239 - - [12/Dec/2025:07:48:29 +0100] "GET /platby/article.php?5d4c26=dancing-with-the-stars-fights HTTP/1.1" 200 14738 "-" "Mozilla/5.0 (compatible; DotBot/1.2; +https://opensiteexplorer.org/dotbot; help@moz.com)"
216.244.66.239 - - [12/Dec/2025:07:48:33 +0100] "GET /platby/article.php?5d4c26=dishwasher-not-cleaning-hard-water HTTP/1.1" 200 26298 "-" "Mozilla/5.0 (compatible; DotBot/1.2; +https://opensiteexplorer.org/dotbot; help@moz.com)"
216.244.66.239 - - [12/Dec/2025:07:48:36 +0100] "GET /platby/article.php?5d4c26=dreamville---down-bad HTTP/1.1" 200 19757 "-" "Mozilla/5.0 (compatible; DotBot/1.2; +https://opensiteexplorer.org/dotbot; help@moz.com)"
216.244.66.239 - - [12/Dec/2025:07:48:38 +0100] "GET /platby/article.php?5d4c26=earthquake-mexico-today HTTP/1.1" 200 18005 "-" "Mozilla/5.0 (compatible; DotBot/1.2; +https://opensiteexplorer.org/dotbot; help@moz.com)"
216.244.66.239 - - [12/Dec/2025:07:48:40 +0100] "GET /platby/article.php?5d4c26=farmers%27-almanac-winter-2021 HTTP/1.1" 200 20080 "-" "Mozilla/5.0 (compatible; DotBot/1.2; +https://opensiteexplorer.org/dotbot; help@moz.com)"
216.244.66.239 - - [12/Dec/2025:07:48:42 +0100] "GET /platby/article.php?5d4c26=fnatic-franky-real-name HTTP/1.1" 200 22355 "-" "Mozilla/5.0 (compatible; DotBot/1.2; +https://opensiteexplorer.org/dotbot; help@moz.com)"
216.244.66.239 - - [12/Dec/2025:07:48:43 +0100] "GET /platby/article.php?5d4c26=fresno-state-bulldogs-logo HTTP/1.1" 200 21504 "-" "Mozilla/5.0 (compatible; DotBot/1.2; +https://opensiteexplorer.org/dotbot; help@moz.com)"
216.244.66.239 - - [12/Dec/2025:07:48:45 +0100] "GET /platby/article.php?5d4c26=furniture-consignment-store-near-me HTTP/1.1" 200 21676 "-" "Mozilla/5.0 (compatible; DotBot/1.2; +https://opensiteexplorer.org/dotbot; help@moz.com)"
216.244.66.239 - - [12/Dec/2025:07:48:46 +0100] "GET /platby/article.php?5d4c26=highways-england-careers HTTP/1.1" 200 25749 "-" "Mozilla/5.0 (compatible; DotBot/1.2; +https://opensiteexplorer.org/dotbot; help@moz.com)"
216.244.66.239 - - [12/Dec/2025:07:48:48 +0100] "GET /platby/article.php?5d4c26=history-of-raytheon-company HTTP/1.1" 200 16347 "-" "Mozilla/5.0 (compatible; DotBot/1.2; +https://opensiteexplorer.org/dotbot; help@moz.com)"
216.244.66.239 - - [12/Dec/2025:07:48:50 +0100] "GET /platby/article.php?5d4c26=holloman-afb-zip-code HTTP/1.1" 200 17390 "-" "Mozilla/5.0 (compatible; DotBot/1.2; +https://opensiteexplorer.org/dotbot; help@moz.com)"
216.244.66.239 - - [12/Dec/2025:07:48:53 +0100] "GET /platby/article.php?5d4c26=is-the-art-industry-growing HTTP/1.1" 200 16652 "-" "Mozilla/5.0 (compatible; DotBot/1.2; +https://opensiteexplorer.org/dotbot; help@moz.com)"
216.244.66.239 - - [12/Dec/2025:07:48:55 +0100] "GET /platby/article.php?5d4c26=luminous-arc-2 HTTP/1.1" 200 22876 "-" "Mozilla/5.0 (compatible; DotBot/1.2; +https://opensiteexplorer.org/dotbot; help@moz.com)"
216.244.66.239 - - [12/Dec/2025:07:48:56 +0100] "GET /platby/article.php?5d4c26=mario-tennis%3A-power-tour-rom-hack HTTP/1.1" 200 19224 "-" "Mozilla/5.0 (compatible; DotBot/1.2; +https://opensiteexplorer.org/dotbot; help@moz.com)"
52.165.170.234 - - [12/Dec/2025:07:48:58 +0100] "\x16\x03\x01" 403 265 "-" "-"
216.244.66.239 - - [12/Dec/2025:07:48:58 +0100] "GET /platby/article.php?5d4c26=maths-quiz-for-class-6 HTTP/1.1" 200 25770 "-" "Mozilla/5.0 (compatible; DotBot/1.2; +https://opensiteexplorer.org/dotbot; help@moz.com)"
216.244.66.239 - - [12/Dec/2025:07:49:00 +0100] "GET /platby/article.php?5d4c26=max-payne-valkyrie-tattoo HTTP/1.1" 200 18320 "-" "Mozilla/5.0 (compatible; DotBot/1.2; +https://opensiteexplorer.org/dotbot; help@moz.com)"
216.244.66.239 - - [12/Dec/2025:07:49:01 +0100] "GET /platby/article.php?5d4c26=mesa-prime-warframe-market HTTP/1.1" 200 17917 "-" "Mozilla/5.0 (compatible; DotBot/1.2; +https://opensiteexplorer.org/dotbot; help@moz.com)"
216.244.66.239 - - [12/Dec/2025:07:49:07 +0100] "GET /platby/article.php?5d4c26=principles-of-helicopter-flight-jean-pierre-harrison HTTP/1.1" 200 22614 "-" "Mozilla/5.0 (compatible; DotBot/1.2; +https://opensiteexplorer.org/dotbot; help@moz.com)"
216.244.66.239 - - [12/Dec/2025:07:49:11 +0100] "GET /platby/article.php?5d4c26=python-interpreter-windows-10 HTTP/1.1" 200 16781 "-" "Mozilla/5.0 (compatible; DotBot/1.2; +https://opensiteexplorer.org/dotbot; help@moz.com)"
216.244.66.239 - - [12/Dec/2025:07:49:14 +0100] "GET /platby/article.php?5d4c26=sign-language-demonstration HTTP/1.1" 200 18941 "-" "Mozilla/5.0 (compatible; DotBot/1.2; +https://opensiteexplorer.org/dotbot; help@moz.com)"
216.244.66.239 - - [12/Dec/2025:07:49:16 +0100] "GET /platby/article.php?5d4c26=the-park-game-lorraine HTTP/1.1" 200 18711 "-" "Mozilla/5.0 (compatible; DotBot/1.2; +https://opensiteexplorer.org/dotbot; help@moz.com)"
216.244.66.239 - - [12/Dec/2025:07:49:19 +0100] "GET /platby/article.php?5d4c26=used-enclosed-trailers-for-sale-in-idaho HTTP/1.1" 200 18255 "-" "Mozilla/5.0 (compatible; DotBot/1.2; +https://opensiteexplorer.org/dotbot; help@moz.com)"
216.244.66.239 - - [12/Dec/2025:07:49:21 +0100] "GET /platby/article.php?5d4c26=waihee-ridge-trail-with-kids HTTP/1.1" 200 23242 "-" "Mozilla/5.0 (compatible; DotBot/1.2; +https://opensiteexplorer.org/dotbot; help@moz.com)"
216.244.66.239 - - [12/Dec/2025:07:49:23 +0100] "GET /platby/article.php?5d4c26=wayne-state-university-courses HTTP/1.1" 200 20372 "-" "Mozilla/5.0 (compatible; DotBot/1.2; +https://opensiteexplorer.org/dotbot; help@moz.com)"
216.244.66.239 - - [12/Dec/2025:07:49:25 +0100] "GET /platby/article.php?5d4c26=what%27s-inside-youtube-play-button HTTP/1.1" 200 23265 "-" "Mozilla/5.0 (compatible; DotBot/1.2; +https://opensiteexplorer.org/dotbot; help@moz.com)"
216.244.66.239 - - [12/Dec/2025:07:49:26 +0100] "GET /platby/article.php?5d4c26=who-discovered-copper HTTP/1.1" 200 23861 "-" "Mozilla/5.0 (compatible; DotBot/1.2; +https://opensiteexplorer.org/dotbot; help@moz.com)"
216.244.66.239 - - [12/Dec/2025:07:49:28 +0100] "GET /platby/article.php?5d4c26=workout-plan-for-19-year-old-male HTTP/1.1" 200 23868 "-" "Mozilla/5.0 (compatible; DotBot/1.2; +https://opensiteexplorer.org/dotbot; help@moz.com)"
216.244.66.239 - - [12/Dec/2025:07:49:29 +0100] "GET /platby/article.php?5d4c26=write-a-letter-to-god HTTP/1.1" 200 23837 "-" "Mozilla/5.0 (compatible; DotBot/1.2; +https://opensiteexplorer.org/dotbot; help@moz.com)"
