114.119.149.2 - - [12/Dec/2025:19:58:58 +0100] "GET /platby/article.php?5d4c26=why-is-butters-called-butters HTTP/1.1" 200 6270 "http://ispc.klape.eu/platby/article.php?5d4c26=breaking-the-space-time-continuum" "Mozilla/5.0 (Linux; Android 7.0;) AppleWebKit/537.36 (KHTML, like Gecko) Mobile Safari/537.36 (compatible; PetalBot;+https://webmaster.petalsearch.com/site/petalbot)"
216.244.66.239 - - [12/Dec/2025:19:58:59 +0100] "GET /platby/article.php?5d4c26=Rancangan-jejak-rasul-2020 HTTP/1.1" 200 16448 "-" "Mozilla/5.0 (compatible; DotBot/1.2; +https://opensiteexplorer.org/dotbot; help@moz.com)"
216.244.66.239 - - [12/Dec/2025:19:59:00 +0100] "GET /platby/article.php?5d4c26=agile-coach-certification-pune HTTP/1.1" 200 19986 "-" "Mozilla/5.0 (compatible; DotBot/1.2; +https://opensiteexplorer.org/dotbot; help@moz.com)"
216.244.66.239 - - [12/Dec/2025:19:59:01 +0100] "GET /platby/article.php?5d4c26=ashly-burch-dark-willow HTTP/1.1" 200 24075 "-" "Mozilla/5.0 (compatible; DotBot/1.2; +https://opensiteexplorer.org/dotbot; help@moz.com)"
216.244.66.239 - - [12/Dec/2025:19:59:02 +0100] "GET /platby/article.php?5d4c26=azure-load-balancer-multiple-public-ip HTTP/1.1" 200 18138 "-" "Mozilla/5.0 (compatible; DotBot/1.2; +https://opensiteexplorer.org/dotbot; help@moz.com)"
216.244.66.239 - - [12/Dec/2025:19:59:03 +0100] "GET /platby/article.php?5d4c26=bam%2C-iran-earthquake-2003-primary-effects HTTP/1.1" 200 17226 "-" "Mozilla/5.0 (compatible; DotBot/1.2; +https://opensiteexplorer.org/dotbot; help@moz.com)"
216.244.66.239 - - [12/Dec/2025:19:59:04 +0100] "GET /platby/article.php?5d4c26=crossword-quiz-peg-1-level-3 HTTP/1.1" 200 15015 "-" "Mozilla/5.0 (compatible; DotBot/1.2; +https://opensiteexplorer.org/dotbot; help@moz.com)"
216.244.66.239 - - [12/Dec/2025:19:59:05 +0100] "GET /platby/article.php?5d4c26=damsa-episode-22 HTTP/1.1" 200 22890 "-" "Mozilla/5.0 (compatible; DotBot/1.2; +https://opensiteexplorer.org/dotbot; help@moz.com)"
216.244.66.239 - - [12/Dec/2025:19:59:07 +0100] "GET /platby/article.php?5d4c26=furniture-row-st-george-utah HTTP/1.1" 200 21247 "-" "Mozilla/5.0 (compatible; DotBot/1.2; +https://opensiteexplorer.org/dotbot; help@moz.com)"
216.244.66.239 - - [12/Dec/2025:19:59:08 +0100] "GET /platby/article.php?5d4c26=how-many-seats-do-each-party-have-in-parliament%3F HTTP/1.1" 200 18415 "-" "Mozilla/5.0 (compatible; DotBot/1.2; +https://opensiteexplorer.org/dotbot; help@moz.com)"
216.244.66.239 - - [12/Dec/2025:19:59:10 +0100] "GET /platby/article.php?5d4c26=how-to-increase-magnetic-power-in-human-body HTTP/1.1" 200 22873 "-" "Mozilla/5.0 (compatible; DotBot/1.2; +https://opensiteexplorer.org/dotbot; help@moz.com)"
216.244.66.239 - - [12/Dec/2025:19:59:11 +0100] "GET /platby/article.php?5d4c26=jay-sekulow-net-worth HTTP/1.1" 200 19671 "-" "Mozilla/5.0 (compatible; DotBot/1.2; +https://opensiteexplorer.org/dotbot; help@moz.com)"
216.244.66.239 - - [12/Dec/2025:19:59:12 +0100] "GET /platby/article.php?5d4c26=lonely-star-oh-wonder-lyrics HTTP/1.1" 200 18715 "-" "Mozilla/5.0 (compatible; DotBot/1.2; +https://opensiteexplorer.org/dotbot; help@moz.com)"
216.244.66.239 - - [12/Dec/2025:19:59:14 +0100] "GET /platby/article.php?5d4c26=metlife-coverage-a-plus-definition HTTP/1.1" 200 24342 "-" "Mozilla/5.0 (compatible; DotBot/1.2; +https://opensiteexplorer.org/dotbot; help@moz.com)"
216.244.66.239 - - [12/Dec/2025:19:59:15 +0100] "GET /platby/article.php?5d4c26=mighty-switch-force%3A-hyper-drive-edition-differences HTTP/1.1" 200 14736 "-" "Mozilla/5.0 (compatible; DotBot/1.2; +https://opensiteexplorer.org/dotbot; help@moz.com)"
216.244.66.239 - - [12/Dec/2025:19:59:16 +0100] "GET /platby/article.php?5d4c26=nest-protect-2nd-generation-review HTTP/1.1" 200 14423 "-" "Mozilla/5.0 (compatible; DotBot/1.2; +https://opensiteexplorer.org/dotbot; help@moz.com)"
216.244.66.239 - - [12/Dec/2025:19:59:17 +0100] "GET /platby/article.php?5d4c26=radio-frequency-finder HTTP/1.1" 200 17045 "-" "Mozilla/5.0 (compatible; DotBot/1.2; +https://opensiteexplorer.org/dotbot; help@moz.com)"
216.244.66.239 - - [12/Dec/2025:19:59:18 +0100] "GET /platby/article.php?5d4c26=small-barn-plans-with-living-quarters HTTP/1.1" 200 24110 "-" "Mozilla/5.0 (compatible; DotBot/1.2; +https://opensiteexplorer.org/dotbot; help@moz.com)"
216.244.66.239 - - [12/Dec/2025:19:59:19 +0100] "GET /platby/article.php?5d4c26=sugar-loose-powder HTTP/1.1" 200 24250 "-" "Mozilla/5.0 (compatible; DotBot/1.2; +https://opensiteexplorer.org/dotbot; help@moz.com)"
216.244.66.239 - - [12/Dec/2025:19:59:21 +0100] "GET /platby/article.php?5d4c26=the-third-dive-what-really-happened-to-rob-stewart HTTP/1.1" 200 20790 "-" "Mozilla/5.0 (compatible; DotBot/1.2; +https://opensiteexplorer.org/dotbot; help@moz.com)"
216.244.66.239 - - [12/Dec/2025:19:59:22 +0100] "GET /platby/article.php?5d4c26=the-witcher-3%3A-wild-hunt---game-of-the-year-edition-lowest-price HTTP/1.1" 200 17218 "-" "Mozilla/5.0 (compatible; DotBot/1.2; +https://opensiteexplorer.org/dotbot; help@moz.com)"
216.244.66.239 - - [12/Dec/2025:19:59:23 +0100] "GET /platby/article.php?5d4c26=the-witcher-enhanced-edition-review HTTP/1.1" 200 23952 "-" "Mozilla/5.0 (compatible; DotBot/1.2; +https://opensiteexplorer.org/dotbot; help@moz.com)"
216.244.66.239 - - [12/Dec/2025:19:59:24 +0100] "GET /platby/article.php?5d4c26=weather-worksheets-for-middle-school-pdf HTTP/1.1" 200 20595 "-" "Mozilla/5.0 (compatible; DotBot/1.2; +https://opensiteexplorer.org/dotbot; help@moz.com)"
216.244.66.239 - - [12/Dec/2025:19:59:25 +0100] "GET /platby/article.php?5d4c26=Typhoon-Hagibis-aftermath HTTP/1.1" 200 15005 "-" "Mozilla/5.0 (compatible; DotBot/1.2; +https://opensiteexplorer.org/dotbot; help@moz.com)"
216.244.66.239 - - [12/Dec/2025:19:59:26 +0100] "GET /platby/article.php?5d4c26=manufacture-your-own-baby-clothes HTTP/1.1" 200 15996 "-" "Mozilla/5.0 (compatible; DotBot/1.2; +https://opensiteexplorer.org/dotbot; help@moz.com)"
216.244.66.239 - - [12/Dec/2025:19:59:27 +0100] "GET /platby/article.php?5d4c26=newton%27s-laws-and-shooting-a-basketball HTTP/1.1" 200 25447 "-" "Mozilla/5.0 (compatible; DotBot/1.2; +https://opensiteexplorer.org/dotbot; help@moz.com)"
216.244.66.239 - - [12/Dec/2025:19:59:28 +0100] "GET /platby/aohwuyx/authorization-pronunciation HTTP/1.1" 200 35905 "-" "Mozilla/5.0 (compatible; DotBot/1.2; +https://opensiteexplorer.org/dotbot; help@moz.com)"
216.244.66.239 - - [12/Dec/2025:19:59:37 +0100] "GET /platby/aohwuyx/funny-video-interviews HTTP/1.1" 200 38985 "-" "Mozilla/5.0 (compatible; DotBot/1.2; +https://opensiteexplorer.org/dotbot; help@moz.com)"
216.244.66.239 - - [12/Dec/2025:19:59:45 +0100] "GET /platby/aohwuyx/finite-volume-method-example HTTP/1.1" 200 37230 "-" "Mozilla/5.0 (compatible; DotBot/1.2; +https://opensiteexplorer.org/dotbot; help@moz.com)"
216.244.66.239 - - [12/Dec/2025:19:59:49 +0100] "GET /platby/uwoy9/uswnt-coaching-staff-2021 HTTP/1.1" 200 34037 "-" "Mozilla/5.0 (compatible; DotBot/1.2; +https://opensiteexplorer.org/dotbot; help@moz.com)"
216.244.66.239 - - [12/Dec/2025:19:59:52 +0100] "GET /platby/uwoy9/where-to-donate-children%27s-books-near-me HTTP/1.1" 200 40488 "-" "Mozilla/5.0 (compatible; DotBot/1.2; +https://opensiteexplorer.org/dotbot; help@moz.com)"
216.244.66.239 - - [12/Dec/2025:19:59:54 +0100] "GET /platby/aohwuyx/georgia-state-reptile HTTP/1.1" 200 36306 "-" "Mozilla/5.0 (compatible; DotBot/1.2; +https://opensiteexplorer.org/dotbot; help@moz.com)"
216.244.66.239 - - [12/Dec/2025:19:59:57 +0100] "GET /platby/uwoy9/northeastern-women%27s-hockey-recruits HTTP/1.1" 200 47646 "-" "Mozilla/5.0 (compatible; DotBot/1.2; +https://opensiteexplorer.org/dotbot; help@moz.com)"
216.244.66.239 - - [12/Dec/2025:19:59:59 +0100] "GET /platby/aohwuyx/show-that-second-order-wave-equation-is-hyperbolic HTTP/1.1" 200 35333 "-" "Mozilla/5.0 (compatible; DotBot/1.2; +https://opensiteexplorer.org/dotbot; help@moz.com)"
114.119.149.2 - - [12/Dec/2025:20:00:22 +0100] "GET /platby/article.php?5d4c26=vanilla-paste---asda HTTP/1.1" 200 5253 "http://ispc.klape.eu/platby/article.php?5d4c26=berita-indonesia-hari-ini" "Mozilla/5.0 (Linux; Android 7.0;) AppleWebKit/537.36 (KHTML, like Gecko) Mobile Safari/537.36 (compatible; PetalBot;+https://webmaster.petalsearch.com/site/petalbot)"
216.244.66.239 - - [12/Dec/2025:20:01:01 +0100] "GET /platby/uwoy9/be-thankful-for-what-you-have-today HTTP/1.1" 200 32907 "-" "Mozilla/5.0 (compatible; DotBot/1.2; +https://opensiteexplorer.org/dotbot; help@moz.com)"
206.210.111.69 - - [12/Dec/2025:20:01:15 +0100] "\x16\x03\x01\x02" 403 265 "-" "-"
205.210.31.79 - - [12/Dec/2025:20:01:15 +0100] "GET / HTTP/1.1" 200 513 "-" "Hello from Palo Alto Networks, find out more about our scans in https://docs-cortex.paloaltonetworks.com/r/1/Cortex-Xpanse/Scanning-activity"
114.119.129.163 - - [12/Dec/2025:20:01:45 +0100] "GET /platby/article.php?5d4c26=stop-complaining-meme-coronavirus HTTP/1.1" 200 7431 "http://ispc.klape.eu/platby/article.php?5d4c26=utusan-malaysia-ditutup" "Mozilla/5.0 (Linux; Android 7.0;) AppleWebKit/537.36 (KHTML, like Gecko) Mobile Safari/537.36 (compatible; PetalBot;+https://webmaster.petalsearch.com/site/petalbot)"
141.98.11.170 - - [12/Dec/2025:20:02:13 +0100] "GET /" 400 468 "-" "-"
114.119.139.112 - - [12/Dec/2025:20:03:08 +0100] "GET /platby/article.php?5d4c26=sony-kdl-40we665-specs HTTP/1.1" 200 7761 "http://ispc.klape.eu/platby/article.php?5d4c26=warhammer-online-wiki" "Mozilla/5.0 (Linux; Android 7.0;) AppleWebKit/537.36 (KHTML, like Gecko) Mobile Safari/537.36 (compatible; PetalBot;+https://webmaster.petalsearch.com/site/petalbot)"
114.119.129.163 - - [12/Dec/2025:20:04:33 +0100] "GET /platby/article.php?5d4c26=skyrim-how-to-join-the-stormcloak-rebellion HTTP/1.1" 200 6393 "http://ispc.klape.eu/platby/article.php?5d4c26=fnatic-franky-real-name" "Mozilla/5.0 (Linux; Android 7.0;) AppleWebKit/537.36 (KHTML, like Gecko) Mobile Safari/537.36 (compatible; PetalBot;+https://webmaster.petalsearch.com/site/petalbot)"
204.76.203.206 - - [12/Dec/2025:20:04:34 +0100] "GET /" 400 468 "-" "-"
204.76.203.206 - - [12/Dec/2025:20:05:15 +0100] "GET / HTTP/1.1" 200 316 "-" "Mozilla/5.0 (Windows NT 10.0; Win64; x64) AppleWebKit/537.36 (KHTML, like Gecko) Chrome/90.0.4430.85 Safari/537.36 Edg/90.0.818.46"
114.119.140.102 - - [12/Dec/2025:20:05:56 +0100] "GET /platby/article.php?5d4c26=serious-organised-crime-and-police-act-2005-section-128 HTTP/1.1" 200 5296 "http://ispc.klape.eu/platby/article.php?5d4c26=deep-forest---madazulu" "Mozilla/5.0 (Linux; Android 7.0;) AppleWebKit/537.36 (KHTML, like Gecko) Mobile Safari/537.36 (compatible; PetalBot;+https://webmaster.petalsearch.com/site/petalbot)"
44.218.6.93 - - [12/Dec/2025:20:07:04 +0100] "GET /platby/qqap/thunderstorm-warning-today HTTP/1.1" 200 6556 "-" "Mozilla/5.0 AppleWebKit/537.36 (KHTML, like Gecko; compatible; Amazonbot/0.1; +https://developer.amazon.com/support/amazonbot) Chrome/119.0.6045.214 Safari/537.36"
52.3.127.170 - - [12/Dec/2025:20:07:08 +0100] "GET /platby/qqap/beatles-number-1-hits-billboard HTTP/1.1" 200 12453 "-" "Mozilla/5.0 AppleWebKit/537.36 (KHTML, like Gecko; compatible; Amazonbot/0.1; +https://developer.amazon.com/support/amazonbot) Chrome/119.0.6045.214 Safari/537.36"
44.221.180.179 - - [12/Dec/2025:20:07:13 +0100] "GET /platby/qqap/late-late-show-website HTTP/1.1" 200 7676 "-" "Mozilla/5.0 AppleWebKit/537.36 (KHTML, like Gecko; compatible; Amazonbot/0.1; +https://developer.amazon.com/support/amazonbot) Chrome/119.0.6045.214 Safari/537.36"
3.232.82.72 - - [12/Dec/2025:20:07:17 +0100] "GET /platby/qqap/federation-of-chamber-of-commerce-and-industry HTTP/1.1" 200 11320 "-" "Mozilla/5.0 AppleWebKit/537.36 (KHTML, like Gecko; compatible; Amazonbot/0.1; +https://developer.amazon.com/support/amazonbot) Chrome/119.0.6045.214 Safari/537.36"
52.3.102.51 - - [12/Dec/2025:20:07:21 +0100] "GET /platby/aohwuyx/clean-shaven-or-clean-shaven HTTP/1.1" 200 12290 "-" "Mozilla/5.0 AppleWebKit/537.36 (KHTML, like Gecko; compatible; Amazonbot/0.1; +https://developer.amazon.com/support/amazonbot) Chrome/119.0.6045.214 Safari/537.36"
114.119.129.163 - - [12/Dec/2025:20:07:23 +0100] "GET /platby/article.php?5d4c26=nike-shipping-delays HTTP/1.1" 200 5460 "http://ispc.klape.eu/platby/article.php?5d4c26=enter-the-gungeon-emulator" "Mozilla/5.0 (Linux; Android 7.0;) AppleWebKit/537.36 (KHTML, like Gecko) Mobile Safari/537.36 (compatible; PetalBot;+https://webmaster.petalsearch.com/site/petalbot)"
100.24.149.244 - - [12/Dec/2025:20:07:25 +0100] "GET /platby/hca/lowest-temperature-in-texas-during-winter HTTP/1.1" 200 6580 "-" "Mozilla/5.0 AppleWebKit/537.36 (KHTML, like Gecko; compatible; Amazonbot/0.1; +https://developer.amazon.com/support/amazonbot) Chrome/119.0.6045.214 Safari/537.36"
3.221.156.96 - - [12/Dec/2025:20:07:29 +0100] "GET /platby/72zbxoz/charities-in-minneapolis HTTP/1.1" 200 8304 "-" "Mozilla/5.0 AppleWebKit/537.36 (KHTML, like Gecko; compatible; Amazonbot/0.1; +https://developer.amazon.com/support/amazonbot) Chrome/119.0.6045.214 Safari/537.36"
52.21.62.139 - - [12/Dec/2025:20:07:36 +0100] "GET /platby/aohwuyx/cleveland-browns-stadium-rules HTTP/1.1" 200 12127 "-" "Mozilla/5.0 AppleWebKit/537.36 (KHTML, like Gecko; compatible; Amazonbot/0.1; +https://developer.amazon.com/support/amazonbot) Chrome/119.0.6045.214 Safari/537.36"
18.211.148.239 - - [12/Dec/2025:20:07:40 +0100] "GET /platby/qqap/hershey-kisses-chocolate HTTP/1.1" 200 11131 "-" "Mozilla/5.0 AppleWebKit/537.36 (KHTML, like Gecko; compatible; Amazonbot/0.1; +https://developer.amazon.com/support/amazonbot) Chrome/119.0.6045.214 Safari/537.36"
54.85.109.140 - - [12/Dec/2025:20:07:42 +0100] "GET /platby/qqap/honor-9-lite-power-button-replacement HTTP/1.1" 200 10530 "-" "Mozilla/5.0 AppleWebKit/537.36 (KHTML, like Gecko; compatible; Amazonbot/0.1; +https://developer.amazon.com/support/amazonbot) Chrome/119.0.6045.214 Safari/537.36"
52.45.92.83 - - [12/Dec/2025:20:07:44 +0100] "GET /platby/qqap/carolina-panthers-qb-2021 HTTP/1.1" 200 5358 "-" "Mozilla/5.0 AppleWebKit/537.36 (KHTML, like Gecko; compatible; Amazonbot/0.1; +https://developer.amazon.com/support/amazonbot) Chrome/119.0.6045.214 Safari/537.36"
114.119.140.102 - - [12/Dec/2025:20:08:42 +0100] "GET /platby/uwoy9/thousand-foot-krutch---war-of-change HTTP/1.1" 200 13258 "http://ispc.klape.eu/platby/uwoy9/pyeongchang-2018-olympic-winter-games-medals-by-team" "Mozilla/5.0 (Linux; Android 7.0;) AppleWebKit/537.36 (KHTML, like Gecko) Mobile Safari/537.36 (compatible; PetalBot;+https://webmaster.petalsearch.com/site/petalbot)"
114.119.139.112 - - [12/Dec/2025:20:10:06 +0100] "GET /platby/qqap/aston-martin-valkyrie-0-100 HTTP/1.1" 200 7646 "http://ispc.klape.eu/platby/qqap/aston-martin-valkyrie-0-100" "Mozilla/5.0 (Linux; Android 7.0;) AppleWebKit/537.36 (KHTML, like Gecko) Mobile Safari/537.36 (compatible; PetalBot;+https://webmaster.petalsearch.com/site/petalbot)"
114.119.130.237 - - [12/Dec/2025:20:11:33 +0100] "GET /platby/hca/you-hear-but-you-don't-listen-quote HTTP/1.1" 200 11509 "http://ispc.klape.eu/platby/hca/cost-of-solar-panels-for-2,500-sq-ft-home" "Mozilla/5.0 (Linux; Android 7.0;) AppleWebKit/537.36 (KHTML, like Gecko) Mobile Safari/537.36 (compatible; PetalBot;+https://webmaster.petalsearch.com/site/petalbot)"
109.81.112.141 - - [12/Dec/2025:20:11:45 +0100] "\x16\x03\x01\x02" 403 265 "-" "-"
109.81.112.141 - - [12/Dec/2025:20:11:45 +0100] "\x16\x03\x01\x02" 403 265 "-" "-"
198.235.24.178 - - [12/Dec/2025:20:12:46 +0100] "GET / HTTP/1.1" 200 517 "-" "Hello from Palo Alto Networks, find out more about our scans in https://docs-cortex.paloaltonetworks.com/r/1/Cortex-Xpanse/Scanning-activity"
114.119.130.237 - - [12/Dec/2025:20:12:56 +0100] "GET /platby/hca/is-newbury-park-a-good-place-to-live HTTP/1.1" 200 5867 "http://ispc.klape.eu/platby/hca/is-newbury-park-a-good-place-to-live" "Mozilla/5.0 (Linux; Android 7.0;) AppleWebKit/537.36 (KHTML, like Gecko) Mobile Safari/537.36 (compatible; PetalBot;+https://webmaster.petalsearch.com/site/petalbot)"
198.235.24.164 - - [12/Dec/2025:20:13:21 +0100] "GET / HTTP/1.1" 200 516 "-" "Hello from Palo Alto Networks, find out more about our scans in https://docs-cortex.paloaltonetworks.com/r/1/Cortex-Xpanse/Scanning-activity"
114.119.149.2 - - [12/Dec/2025:20:14:24 +0100] "GET /platby/article.php?5d4c26=will-you-be-my-baby HTTP/1.1" 200 7049 "http://ispc.klape.eu/platby/article.php?5d4c26=intelligence-support-activity-vs-delta-force" "Mozilla/5.0 (Linux; Android 7.0;) AppleWebKit/537.36 (KHTML, like Gecko) Mobile Safari/537.36 (compatible; PetalBot;+https://webmaster.petalsearch.com/site/petalbot)"
114.119.140.102 - - [12/Dec/2025:20:15:42 +0100] "GET /platby/article.php?5d4c26=tillamook-state-forest-covid HTTP/1.1" 200 5441 "http://ispc.klape.eu/platby/article.php?5d4c26=alcohol-ban-nz-coronavirus" "Mozilla/5.0 (Linux; Android 7.0;) AppleWebKit/537.36 (KHTML, like Gecko) Mobile Safari/537.36 (compatible; PetalBot;+https://webmaster.petalsearch.com/site/petalbot)"
20.65.195.51 - - [12/Dec/2025:20:16:33 +0100] "\x16\x03\x01" 403 265 "-" "-"
114.119.140.102 - - [12/Dec/2025:20:17:13 +0100] "GET /platby/article.php?5d4c26=suburban-homestead-etsy HTTP/1.1" 200 5309 "http://ispc.klape.eu/platby/article.php?5d4c26=insight-global-timesheet" "Mozilla/5.0 (Linux; Android 7.0;) AppleWebKit/537.36 (KHTML, like Gecko) Mobile Safari/537.36 (compatible; PetalBot;+https://webmaster.petalsearch.com/site/petalbot)"
114.119.139.66 - - [12/Dec/2025:20:18:33 +0100] "GET /platby/article.php?5d4c26=struggle-street-where-are-they-now HTTP/1.1" 200 5312 "http://ispc.klape.eu/platby/article.php?5d4c26=daulatpur-saturia-tornado-map" "Mozilla/5.0 (Linux; Android 7.0;) AppleWebKit/537.36 (KHTML, like Gecko) Mobile Safari/537.36 (compatible; PetalBot;+https://webmaster.petalsearch.com/site/petalbot)"
103.178.208.43 - - [12/Dec/2025:20:19:51 +0100] "\x16\x03\x01\x01\xb6\x01" 403 265 "-" "-"
103.178.208.43 - - [12/Dec/2025:20:19:51 +0100] "\x16\x03\x03" 403 265 "-" "-"
114.119.130.237 - - [12/Dec/2025:20:19:53 +0100] "GET /platby/article.php?5d4c26=silver-mines-in-england HTTP/1.1" 200 6771 "http://ispc.klape.eu/platby/article.php?5d4c26=officer%27s-choice-whiskey-near-me" "Mozilla/5.0 (Linux; Android 7.0;) AppleWebKit/537.36 (KHTML, like Gecko) Mobile Safari/537.36 (compatible; PetalBot;+https://webmaster.petalsearch.com/site/petalbot)"
66.249.79.33 - - [12/Dec/2025:20:20:43 +0100] "GET /platby/hca/institutional-banking-examples HTTP/1.1" 200 12904 "-" "Mozilla/5.0 (Linux; Android 6.0.1; Nexus 5X Build/MMB29P) AppleWebKit/537.36 (KHTML, like Gecko) Chrome/141.0.7390.122 Mobile Safari/537.36 (compatible; Googlebot/2.1; +http://www.google.com/bot.html)"
114.119.128.6 - - [12/Dec/2025:20:21:17 +0100] "GET /platby/article.php?5d4c26=pok%C3%A9mon-galactic-battles-episode-23 HTTP/1.1" 200 7102 "http://ispc.klape.eu/platby/article.php?5d4c26=plu-montage-song" "Mozilla/5.0 (Linux; Android 7.0;) AppleWebKit/537.36 (KHTML, like Gecko) Mobile Safari/537.36 (compatible; PetalBot;+https://webmaster.petalsearch.com/site/petalbot)"
204.76.203.206 - - [12/Dec/2025:20:21:20 +0100] "GET /" 400 468 "-" "-"
114.119.128.6 - - [12/Dec/2025:20:22:41 +0100] "GET /platby/article.php?5d4c26=my-amazing-boyfriend-ending HTTP/1.1" 200 7901 "http://ispc.klape.eu/platby/article.php?5d4c26=plu-montage-song" "Mozilla/5.0 (Linux; Android 7.0;) AppleWebKit/537.36 (KHTML, like Gecko) Mobile Safari/537.36 (compatible; PetalBot;+https://webmaster.petalsearch.com/site/petalbot)"
204.76.203.206 - - [12/Dec/2025:20:23:01 +0100] "GET / HTTP/1.1" 200 316 "-" "Mozilla/5.0 (Windows NT 10.0; Win64; x64) AppleWebKit/537.36 (KHTML, like Gecko) Chrome/90.0.4430.85 Safari/537.36 Edg/90.0.818.46"
114.119.130.237 - - [12/Dec/2025:20:24:03 +0100] "GET /platby/article.php?5d4c26=mt-olympus-bottom-hut HTTP/1.1" 200 7399 "http://ispc.klape.eu/platby/article.php?5d4c26=sbarro-spinach-stromboli" "Mozilla/5.0 (Linux; Android 7.0;) AppleWebKit/537.36 (KHTML, like Gecko) Mobile Safari/537.36 (compatible; PetalBot;+https://webmaster.petalsearch.com/site/petalbot)"
185.16.39.52 - - [12/Dec/2025:20:24:59 +0100] "\x16\x03\x01" 403 265 "-" "-"
185.16.39.52 - - [12/Dec/2025:20:25:02 +0100] "\x16\x03\x01" 403 265 "-" "-"
138.246.253.24 - - [12/Dec/2025:20:25:05 +0100] "\x16\x03\x01\x01\x13\x01" 403 265 "-" "-"
114.119.129.163 - - [12/Dec/2025:20:25:26 +0100] "GET /platby/article.php?5d4c26=modern-talking-no-face-no-name-no-number-320 HTTP/1.1" 200 5558 "http://ispc.klape.eu/platby/article.php?5d4c26=tonga---nrl-2019" "Mozilla/5.0 (Linux; Android 7.0;) AppleWebKit/537.36 (KHTML, like Gecko) Mobile Safari/537.36 (compatible; PetalBot;+https://webmaster.petalsearch.com/site/petalbot)"
34.231.77.232 - - [12/Dec/2025:20:26:32 +0100] "GET /platby/qqap/fort-lauderdale-cf-transfermarkt HTTP/1.1" 200 5969 "-" "Mozilla/5.0 AppleWebKit/537.36 (KHTML, like Gecko; compatible; Amazonbot/0.1; +https://developer.amazon.com/support/amazonbot) Chrome/119.0.6045.214 Safari/537.36"
66.249.79.226 - - [12/Dec/2025:20:26:36 +0100] "\x16\x03\x01\x02" 403 265 "-" "-"
34.224.9.144 - - [12/Dec/2025:20:26:39 +0100] "GET /platby/aohwuyx/moto-g-power-camera-lens-cover HTTP/1.1" 200 9809 "-" "Mozilla/5.0 AppleWebKit/537.36 (KHTML, like Gecko; compatible; Amazonbot/0.1; +https://developer.amazon.com/support/amazonbot) Chrome/119.0.6045.214 Safari/537.36"
54.204.12.115 - - [12/Dec/2025:20:26:40 +0100] "GET /platby/qqap/catawba-college-baseball-field HTTP/1.1" 200 4956 "-" "Mozilla/5.0 AppleWebKit/537.36 (KHTML, like Gecko; compatible; Amazonbot/0.1; +https://developer.amazon.com/support/amazonbot) Chrome/119.0.6045.214 Safari/537.36"
44.205.192.249 - - [12/Dec/2025:20:26:45 +0100] "GET /platby/qqap/utility-bill-assistance-for-low-income-families HTTP/1.1" 200 7840 "-" "Mozilla/5.0 AppleWebKit/537.36 (KHTML, like Gecko; compatible; Amazonbot/0.1; +https://developer.amazon.com/support/amazonbot) Chrome/119.0.6045.214 Safari/537.36"
23.21.204.95 - - [12/Dec/2025:20:26:50 +0100] "GET /platby/qqap/lacazette---stats-17%2F18 HTTP/1.1" 404 809 "-" "Mozilla/5.0 AppleWebKit/537.36 (KHTML, like Gecko; compatible; Amazonbot/0.1; +https://developer.amazon.com/support/amazonbot) Chrome/119.0.6045.214 Safari/537.36"
114.119.149.2 - - [12/Dec/2025:20:26:50 +0100] "GET /platby/article.php?5d4c26=medicine-lake-idaho HTTP/1.1" 200 6918 "http://ispc.klape.eu/platby/article.php?5d4c26=as-long-as-i-have-you-elvis-lyrics" "Mozilla/5.0 (Linux; Android 7.0;) AppleWebKit/537.36 (KHTML, like Gecko) Mobile Safari/537.36 (compatible; PetalBot;+https://webmaster.petalsearch.com/site/petalbot)"
34.205.170.13 - - [12/Dec/2025:20:26:52 +0100] "GET /platby/qqap/strange-animals-in-mississippi HTTP/1.1" 200 7932 "-" "Mozilla/5.0 AppleWebKit/537.36 (KHTML, like Gecko; compatible; Amazonbot/0.1; +https://developer.amazon.com/support/amazonbot) Chrome/119.0.6045.214 Safari/537.36"
18.235.158.19 - - [12/Dec/2025:20:26:56 +0100] "GET /platby/aohwuyx/netherlands-vs-australia-prediction HTTP/1.1" 200 13433 "-" "Mozilla/5.0 AppleWebKit/537.36 (KHTML, like Gecko; compatible; Amazonbot/0.1; +https://developer.amazon.com/support/amazonbot) Chrome/119.0.6045.214 Safari/537.36"
54.86.59.155 - - [12/Dec/2025:20:27:00 +0100] "GET /platby/qqap/anushka-sharma-and-virat-kohli-net-worth HTTP/1.1" 200 8318 "-" "Mozilla/5.0 AppleWebKit/537.36 (KHTML, like Gecko; compatible; Amazonbot/0.1; +https://developer.amazon.com/support/amazonbot) Chrome/119.0.6045.214 Safari/537.36"
54.90.8.255 - - [12/Dec/2025:20:27:05 +0100] "GET /platby/72zbxoz/flower-delivery-mesa,-az HTTP/1.1" 200 9205 "-" "Mozilla/5.0 AppleWebKit/537.36 (KHTML, like Gecko; compatible; Amazonbot/0.1; +https://developer.amazon.com/support/amazonbot) Chrome/119.0.6045.214 Safari/537.36"
114.119.139.112 - - [12/Dec/2025:20:28:14 +0100] "GET /platby/article.php?5d4c26=mcbride-the-ride---going-out-of-my-mind HTTP/1.1" 200 7247 "http://ispc.klape.eu/platby/article.php?5d4c26=What-does-NOS4A2-mean" "Mozilla/5.0 (Linux; Android 7.0;) AppleWebKit/537.36 (KHTML, like Gecko) Mobile Safari/537.36 (compatible; PetalBot;+https://webmaster.petalsearch.com/site/petalbot)"
114.119.128.6 - - [12/Dec/2025:20:29:39 +0100] "GET /platby/article.php?5d4c26=luke-parker-college HTTP/1.1" 200 6247 "http://ispc.klape.eu/platby/article.php?5d4c26=the-looney-tunes-show-%3A-best-friends-redux" "Mozilla/5.0 (Linux; Android 7.0;) AppleWebKit/537.36 (KHTML, like Gecko) Mobile Safari/537.36 (compatible; PetalBot;+https://webmaster.petalsearch.com/site/petalbot)"
114.119.140.102 - - [12/Dec/2025:20:31:26 +0100] "GET /platby/uwoy9/heartbreak-anthem-little-mix-wiki HTTP/1.1" 200 14493 "http://ispc.klape.eu/platby/uwoy9/sony-wf-1000xm3-case-spigen" "Mozilla/5.0 (Linux; Android 7.0;) AppleWebKit/537.36 (KHTML, like Gecko) Mobile Safari/537.36 (compatible; PetalBot;+https://webmaster.petalsearch.com/site/petalbot)"
114.119.152.142 - - [12/Dec/2025:20:32:26 +0100] "GET /platby/uwoy9/federation-of-chamber-of-commerce-and-industry HTTP/1.1" 200 13169 "http://ispc.klape.eu/platby/uwoy9/federation-of-chamber-of-commerce-and-industry" "Mozilla/5.0 (Linux; Android 7.0;) AppleWebKit/537.36 (KHTML, like Gecko) Mobile Safari/537.36 (compatible; PetalBot;+https://webmaster.petalsearch.com/site/petalbot)"
114.119.128.6 - - [12/Dec/2025:20:33:50 +0100] "GET /platby/article.php?5d4c26=nike-sb-t-shirt-dri-fit HTTP/1.1" 200 6032 "http://ispc.klape.eu/platby/article.php?5d4c26=total-quality-control" "Mozilla/5.0 (Linux; Android 7.0;) AppleWebKit/537.36 (KHTML, like Gecko) Mobile Safari/537.36 (compatible; PetalBot;+https://webmaster.petalsearch.com/site/petalbot)"
114.119.152.142 - - [12/Dec/2025:20:35:11 +0100] "GET /platby/article.php?5d4c26=lg-monitors-reddit HTTP/1.1" 200 6103 "http://ispc.klape.eu/platby/article.php?5d4c26=joan-templeman-age" "Mozilla/5.0 (Linux; Android 7.0;) AppleWebKit/537.36 (KHTML, like Gecko) Mobile Safari/537.36 (compatible; PetalBot;+https://webmaster.petalsearch.com/site/petalbot)"
114.119.140.102 - - [12/Dec/2025:20:36:35 +0100] "GET /platby/article.php?5d4c26=kesha-sunday-service HTTP/1.1" 200 5293 "http://ispc.klape.eu/platby/article.php?5d4c26=leather-quote-bracelets" "Mozilla/5.0 (Linux; Android 7.0;) AppleWebKit/537.36 (KHTML, like Gecko) Mobile Safari/537.36 (compatible; PetalBot;+https://webmaster.petalsearch.com/site/petalbot)"
87.120.191.100 - - [12/Dec/2025:20:37:27 +0100] "\x16\x03\x01\x05\xc6\x01" 403 265 "-" "-"
114.119.129.163 - - [12/Dec/2025:20:38:00 +0100] "GET /platby/article.php?5d4c26=john-young-astronaut-biography HTTP/1.1" 200 6245 "http://ispc.klape.eu/platby/article.php?5d4c26=sinar-harian-politik" "Mozilla/5.0 (Linux; Android 7.0;) AppleWebKit/537.36 (KHTML, like Gecko) Mobile Safari/537.36 (compatible; PetalBot;+https://webmaster.petalsearch.com/site/petalbot)"
204.76.203.206 - - [12/Dec/2025:20:38:25 +0100] "GET /" 400 468 "-" "-"
20.64.105.251 - - [12/Dec/2025:20:39:19 +0100] "\x16\x03\x01" 403 265 "-" "-"
114.119.152.142 - - [12/Dec/2025:20:39:22 +0100] "GET /platby/article.php?5d4c26=jobs-in-channel-92 HTTP/1.1" 200 7286 "http://ispc.klape.eu/platby/article.php?5d4c26=Fred-The-Fugitive" "Mozilla/5.0 (Linux; Android 7.0;) AppleWebKit/537.36 (KHTML, like Gecko) Mobile Safari/537.36 (compatible; PetalBot;+https://webmaster.petalsearch.com/site/petalbot)"
204.76.203.206 - - [12/Dec/2025:20:39:36 +0100] "GET / HTTP/1.1" 200 316 "-" "Mozilla/5.0 (Windows NT 10.0; Win64; x64) AppleWebKit/537.36 (KHTML, like Gecko) Chrome/90.0.4430.85 Safari/537.36 Edg/90.0.818.46"
205.210.31.30 - - [12/Dec/2025:20:39:51 +0100] "\x16\x03\x01\x01" 403 265 "-" "-"
205.210.31.30 - - [12/Dec/2025:20:39:52 +0100] "\x16\x03\x01" 403 265 "-" "-"
204.76.203.212 - - [12/Dec/2025:20:40:45 +0100] "GET /" 400 468 "-" "-"
114.119.139.112 - - [12/Dec/2025:20:40:46 +0100] "GET /platby/hca/pull-ups-benefits-muscles HTTP/1.1" 200 10161 "http://ispc.klape.eu/platby/hca/what-rhymes-with-wind-for-a-poem" "Mozilla/5.0 (Linux; Android 7.0;) AppleWebKit/537.36 (KHTML, like Gecko) Mobile Safari/537.36 (compatible; PetalBot;+https://webmaster.petalsearch.com/site/petalbot)"
216.244.66.239 - - [12/Dec/2025:20:41:31 +0100] "GET /robots.txt HTTP/1.1" 200 34 "-" "Mozilla/5.0 (compatible; DotBot/1.2; +https://opensiteexplorer.org/dotbot; help@moz.com)"
114.119.149.2 - - [12/Dec/2025:20:42:10 +0100] "GET /platby/article.php?5d4c26=jessie-reyez-ethnic-background HTTP/1.1" 200 7609 "http://ispc.klape.eu/platby/article.php?5d4c26=sinar-harian-politik" "Mozilla/5.0 (Linux; Android 7.0;) AppleWebKit/537.36 (KHTML, like Gecko) Mobile Safari/537.36 (compatible; PetalBot;+https://webmaster.petalsearch.com/site/petalbot)"
114.119.152.142 - - [12/Dec/2025:20:43:35 +0100] "GET /platby/article.php?5d4c26=instagram-sneaker-groups HTTP/1.1" 200 6788 "http://ispc.klape.eu/platby/article.php?5d4c26=mini-churros-recipe" "Mozilla/5.0 (Linux; Android 7.0;) AppleWebKit/537.36 (KHTML, like Gecko) Mobile Safari/537.36 (compatible; PetalBot;+https://webmaster.petalsearch.com/site/petalbot)"
114.119.139.112 - - [12/Dec/2025:20:45:05 +0100] "GET /platby/article.php?5d4c26=i-just-wanna-let-you-know-i-love-you-i'll-never-stop-loving-you HTTP/1.1" 200 5422 "http://ispc.klape.eu/platby/article.php?5d4c26=tom-papley-contract" "Mozilla/5.0 (Linux; Android 7.0;) AppleWebKit/537.36 (KHTML, like Gecko) Mobile Safari/537.36 (compatible; PetalBot;+https://webmaster.petalsearch.com/site/petalbot)"
20.40.218.197 - - [12/Dec/2025:20:45:38 +0100] "\x16\x03\x01" 403 265 "-" "-"
47.128.29.170 - - [12/Dec/2025:20:45:49 +0100] "\x16\x03\x01\x07\x1a\x01" 403 265 "-" "-"
47.128.29.170 - - [12/Dec/2025:20:45:50 +0100] "\x16\x03\x01\x06\xda\x01" 403 265 "-" "-"
114.119.149.2 - - [12/Dec/2025:20:47:46 +0100] "GET /platby/article.php?5d4c26=how-strong-is-kakuzu HTTP/1.1" 200 7378 "http://ispc.klape.eu/platby/article.php?5d4c26=lunar-rover-schematics" "Mozilla/5.0 (Linux; Android 7.0;) AppleWebKit/537.36 (KHTML, like Gecko) Mobile Safari/537.36 (compatible; PetalBot;+https://webmaster.petalsearch.com/site/petalbot)"
216.244.66.239 - - [12/Dec/2025:20:47:53 +0100] "GET /platby/article.php?5d4c26=seeu-hide-and-seek HTTP/1.1" 200 25706 "-" "Mozilla/5.0 (compatible; DotBot/1.2; +https://opensiteexplorer.org/dotbot; help@moz.com)"
216.244.66.239 - - [12/Dec/2025:20:48:02 +0100] "GET /platby/article.php?5d4c26=Geo-News-today HTTP/1.1" 200 17193 "-" "Mozilla/5.0 (compatible; DotBot/1.2; +https://opensiteexplorer.org/dotbot; help@moz.com)"
216.244.66.239 - - [12/Dec/2025:20:48:06 +0100] "GET /platby/article.php?5d4c26=astronaut-hall-of-fame HTTP/1.1" 200 21339 "-" "Mozilla/5.0 (compatible; DotBot/1.2; +https://opensiteexplorer.org/dotbot; help@moz.com)"
216.244.66.239 - - [12/Dec/2025:20:48:10 +0100] "GET /platby/article.php?5d4c26=fc-copenhagen-transfers HTTP/1.1" 200 19865 "-" "Mozilla/5.0 (compatible; DotBot/1.2; +https://opensiteexplorer.org/dotbot; help@moz.com)"
216.244.66.239 - - [12/Dec/2025:20:48:13 +0100] "GET /platby/article.php?5d4c26=gslv-mk3-full-form HTTP/1.1" 200 22928 "-" "Mozilla/5.0 (compatible; DotBot/1.2; +https://opensiteexplorer.org/dotbot; help@moz.com)"
216.244.66.239 - - [12/Dec/2025:20:48:16 +0100] "GET /platby/article.php?5d4c26=malawi-weather-july HTTP/1.1" 200 15896 "-" "Mozilla/5.0 (compatible; DotBot/1.2; +https://opensiteexplorer.org/dotbot; help@moz.com)"
216.244.66.239 - - [12/Dec/2025:20:48:18 +0100] "GET /platby/article.php?5d4c26=papercuts-brkn-love-lyrics HTTP/1.1" 200 24875 "-" "Mozilla/5.0 (compatible; DotBot/1.2; +https://opensiteexplorer.org/dotbot; help@moz.com)"
216.244.66.239 - - [12/Dec/2025:20:48:20 +0100] "GET /platby/article.php?5d4c26=powder-blue-color HTTP/1.1" 200 17186 "-" "Mozilla/5.0 (compatible; DotBot/1.2; +https://opensiteexplorer.org/dotbot; help@moz.com)"
216.244.66.239 - - [12/Dec/2025:20:48:22 +0100] "GET /platby/article.php?5d4c26=Chanel-mission-statement HTTP/1.1" 200 20553 "-" "Mozilla/5.0 (compatible; DotBot/1.2; +https://opensiteexplorer.org/dotbot; help@moz.com)"
216.244.66.239 - - [12/Dec/2025:20:48:24 +0100] "GET /platby/article.php?5d4c26=Dark-Horse-Comics HTTP/1.1" 200 25087 "-" "Mozilla/5.0 (compatible; DotBot/1.2; +https://opensiteexplorer.org/dotbot; help@moz.com)"
216.244.66.239 - - [12/Dec/2025:20:48:26 +0100] "GET /platby/article.php?5d4c26=Frequency-of-light HTTP/1.1" 200 17867 "-" "Mozilla/5.0 (compatible; DotBot/1.2; +https://opensiteexplorer.org/dotbot; help@moz.com)"
216.244.66.239 - - [12/Dec/2025:20:48:27 +0100] "GET /platby/article.php?5d4c26=Mt-Taranaki-deaths HTTP/1.1" 200 15983 "-" "Mozilla/5.0 (compatible; DotBot/1.2; +https://opensiteexplorer.org/dotbot; help@moz.com)"
216.244.66.239 - - [12/Dec/2025:20:48:30 +0100] "GET /platby/article.php?5d4c26=air-max-98-stockx HTTP/1.1" 200 20588 "-" "Mozilla/5.0 (compatible; DotBot/1.2; +https://opensiteexplorer.org/dotbot; help@moz.com)"
216.244.66.239 - - [12/Dec/2025:20:48:34 +0100] "GET /platby/article.php?5d4c26=avenged-sevenfold-2014 HTTP/1.1" 200 19652 "-" "Mozilla/5.0 (compatible; DotBot/1.2; +https://opensiteexplorer.org/dotbot; help@moz.com)"
114.119.129.163 - - [12/Dec/2025:20:46:21 +0100] "GET /platby/article.php?5d4c26=how-to-train-your-brain-to-think-faster HTTP/1.1" 200 5544 "http://ispc.klape.eu/platby/article.php?5d4c26=physarum-polycephalum-google-scholar" "Mozilla/5.0 (Linux; Android 7.0;) AppleWebKit/537.36 (KHTML, like Gecko) Mobile Safari/537.36 (compatible; PetalBot;+https://webmaster.petalsearch.com/site/petalbot)"
216.244.66.239 - - [12/Dec/2025:20:48:37 +0100] "GET /platby/article.php?5d4c26=global-leadership-challenges HTTP/1.1" 200 20586 "-" "Mozilla/5.0 (compatible; DotBot/1.2; +https://opensiteexplorer.org/dotbot; help@moz.com)"
216.244.66.239 - - [12/Dec/2025:20:48:40 +0100] "GET /platby/article.php?5d4c26=grant-name-meaning HTTP/1.1" 200 17528 "-" "Mozilla/5.0 (compatible; DotBot/1.2; +https://opensiteexplorer.org/dotbot; help@moz.com)"
216.244.66.239 - - [12/Dec/2025:20:48:43 +0100] "GET /platby/article.php?5d4c26=heroes-evolved-offline HTTP/1.1" 200 19510 "-" "Mozilla/5.0 (compatible; DotBot/1.2; +https://opensiteexplorer.org/dotbot; help@moz.com)"
216.244.66.239 - - [12/Dec/2025:20:48:46 +0100] "GET /platby/article.php?5d4c26=john-lewis-cuchet HTTP/1.1" 200 14698 "-" "Mozilla/5.0 (compatible; DotBot/1.2; +https://opensiteexplorer.org/dotbot; help@moz.com)"
216.244.66.239 - - [12/Dec/2025:20:48:48 +0100] "GET /platby/article.php?5d4c26=lima-time-zone-military HTTP/1.1" 200 16484 "-" "Mozilla/5.0 (compatible; DotBot/1.2; +https://opensiteexplorer.org/dotbot; help@moz.com)"
216.244.66.239 - - [12/Dec/2025:20:48:51 +0100] "GET /platby/article.php?5d4c26=network-10-news HTTP/1.1" 200 23404 "-" "Mozilla/5.0 (compatible; DotBot/1.2; +https://opensiteexplorer.org/dotbot; help@moz.com)"
216.244.66.239 - - [12/Dec/2025:20:48:53 +0100] "GET /platby/article.php?5d4c26=other-names-for-peter HTTP/1.1" 200 24765 "-" "Mozilla/5.0 (compatible; DotBot/1.2; +https://opensiteexplorer.org/dotbot; help@moz.com)"
216.244.66.239 - - [12/Dec/2025:20:48:55 +0100] "GET /platby/article.php?5d4c26=pancake-rocks-death HTTP/1.1" 200 20004 "-" "Mozilla/5.0 (compatible; DotBot/1.2; +https://opensiteexplorer.org/dotbot; help@moz.com)"
216.244.66.239 - - [12/Dec/2025:20:48:56 +0100] "GET /platby/article.php?5d4c26=pets-united-llc HTTP/1.1" 200 18485 "-" "Mozilla/5.0 (compatible; DotBot/1.2; +https://opensiteexplorer.org/dotbot; help@moz.com)"
216.244.66.239 - - [12/Dec/2025:20:48:57 +0100] "GET /platby/article.php?5d4c26=red-pencil-heels HTTP/1.1" 200 20505 "-" "Mozilla/5.0 (compatible; DotBot/1.2; +https://opensiteexplorer.org/dotbot; help@moz.com)"
216.244.66.239 - - [12/Dec/2025:20:48:59 +0100] "GET /platby/article.php?5d4c26=super-prefix-words HTTP/1.1" 200 26701 "-" "Mozilla/5.0 (compatible; DotBot/1.2; +https://opensiteexplorer.org/dotbot; help@moz.com)"
216.244.66.239 - - [12/Dec/2025:20:49:00 +0100] "GET /platby/article.php?5d4c26=surya-siddhanta-pdf HTTP/1.1" 200 20431 "-" "Mozilla/5.0 (compatible; DotBot/1.2; +https://opensiteexplorer.org/dotbot; help@moz.com)"
216.244.66.239 - - [12/Dec/2025:20:49:01 +0100] "GET /platby/article.php?5d4c26=warframe-lich-elements HTTP/1.1" 200 18371 "-" "Mozilla/5.0 (compatible; DotBot/1.2; +https://opensiteexplorer.org/dotbot; help@moz.com)"
216.244.66.239 - - [12/Dec/2025:20:49:02 +0100] "GET /platby/article.php?5d4c26=windsor-high-school-hours HTTP/1.1" 200 19820 "-" "Mozilla/5.0 (compatible; DotBot/1.2; +https://opensiteexplorer.org/dotbot; help@moz.com)"
216.244.66.239 - - [12/Dec/2025:20:49:03 +0100] "GET /platby/article.php?5d4c26=yelawolf---radio HTTP/1.1" 200 14022 "-" "Mozilla/5.0 (compatible; DotBot/1.2; +https://opensiteexplorer.org/dotbot; help@moz.com)"
216.244.66.239 - - [12/Dec/2025:20:49:04 +0100] "GET /platby/article.php?5d4c26=zillow-st-george-utah HTTP/1.1" 200 21207 "-" "Mozilla/5.0 (compatible; DotBot/1.2; +https://opensiteexplorer.org/dotbot; help@moz.com)"
216.244.66.239 - - [12/Dec/2025:20:49:06 +0100] "GET /platby/article.php?5d4c26=zwift-workouts-running HTTP/1.1" 200 21732 "-" "Mozilla/5.0 (compatible; DotBot/1.2; +https://opensiteexplorer.org/dotbot; help@moz.com)"
216.244.66.239 - - [12/Dec/2025:20:49:07 +0100] "GET /platby/article.php?5d4c26=8th-Grade-English-worksheets HTTP/1.1" 200 21512 "-" "Mozilla/5.0 (compatible; DotBot/1.2; +https://opensiteexplorer.org/dotbot; help@moz.com)"
216.244.66.239 - - [12/Dec/2025:20:49:08 +0100] "GET /platby/article.php?5d4c26=What-is-the-mass-of-Pluto HTTP/1.1" 200 16012 "-" "Mozilla/5.0 (compatible; DotBot/1.2; +https://opensiteexplorer.org/dotbot; help@moz.com)"
216.244.66.239 - - [12/Dec/2025:20:49:09 +0100] "GET /platby/article.php?5d4c26=amazon-profit-2019 HTTP/1.1" 200 21855 "-" "Mozilla/5.0 (compatible; DotBot/1.2; +https://opensiteexplorer.org/dotbot; help@moz.com)"
216.244.66.239 - - [12/Dec/2025:20:49:10 +0100] "GET /platby/article.php?5d4c26=andy%27s-dinosaur-adventure-games-online HTTP/1.1" 200 16879 "-" "Mozilla/5.0 (compatible; DotBot/1.2; +https://opensiteexplorer.org/dotbot; help@moz.com)"
114.119.128.6 - - [12/Dec/2025:20:49:10 +0100] "GET /platby/article.php?5d4c26=fox-45---school-closings-and-delays HTTP/1.1" 200 6690 "http://ispc.klape.eu/platby/article.php?5d4c26=What-does-NOS4A2-mean" "Mozilla/5.0 (Linux; Android 7.0;) AppleWebKit/537.36 (KHTML, like Gecko) Mobile Safari/537.36 (compatible; PetalBot;+https://webmaster.petalsearch.com/site/petalbot)"
216.244.66.239 - - [12/Dec/2025:20:49:11 +0100] "GET /platby/article.php?5d4c26=apple-operation-management-analysis HTTP/1.1" 200 23863 "-" "Mozilla/5.0 (compatible; DotBot/1.2; +https://opensiteexplorer.org/dotbot; help@moz.com)"
216.244.66.239 - - [12/Dec/2025:20:49:12 +0100] "GET /platby/article.php?5d4c26=aston-villa-players-salary-samatta HTTP/1.1" 200 16563 "-" "Mozilla/5.0 (compatible; DotBot/1.2; +https://opensiteexplorer.org/dotbot; help@moz.com)"
216.244.66.239 - - [12/Dec/2025:20:49:13 +0100] "GET /platby/article.php?5d4c26=blood-knights-warhammer-2 HTTP/1.1" 200 15381 "-" "Mozilla/5.0 (compatible; DotBot/1.2; +https://opensiteexplorer.org/dotbot; help@moz.com)"
216.244.66.239 - - [12/Dec/2025:20:49:14 +0100] "GET /platby/article.php?5d4c26=boeing-phantom-works-jobs HTTP/1.1" 200 23089 "-" "Mozilla/5.0 (compatible; DotBot/1.2; +https://opensiteexplorer.org/dotbot; help@moz.com)"
216.244.66.239 - - [12/Dec/2025:20:49:15 +0100] "GET /platby/article.php?5d4c26=casimiro-name-meaning HTTP/1.1" 200 18922 "-" "Mozilla/5.0 (compatible; DotBot/1.2; +https://opensiteexplorer.org/dotbot; help@moz.com)"
216.244.66.239 - - [12/Dec/2025:20:49:16 +0100] "GET /platby/article.php?5d4c26=chris-webby---wednesday-after-next HTTP/1.1" 200 18424 "-" "Mozilla/5.0 (compatible; DotBot/1.2; +https://opensiteexplorer.org/dotbot; help@moz.com)"
216.244.66.239 - - [12/Dec/2025:20:49:17 +0100] "GET /platby/article.php?5d4c26=december-marathons-2019 HTTP/1.1" 200 21533 "-" "Mozilla/5.0 (compatible; DotBot/1.2; +https://opensiteexplorer.org/dotbot; help@moz.com)"
216.244.66.239 - - [12/Dec/2025:20:49:18 +0100] "GET /platby/article.php?5d4c26=elvis-crespo-imaginarme-sin-ti HTTP/1.1" 200 18285 "-" "Mozilla/5.0 (compatible; DotBot/1.2; +https://opensiteexplorer.org/dotbot; help@moz.com)"
216.244.66.239 - - [12/Dec/2025:20:49:19 +0100] "GET /platby/article.php?5d4c26=florida-climate-by-month HTTP/1.1" 200 19093 "-" "Mozilla/5.0 (compatible; DotBot/1.2; +https://opensiteexplorer.org/dotbot; help@moz.com)"
216.244.66.239 - - [12/Dec/2025:20:49:20 +0100] "GET /platby/article.php?5d4c26=fox-6-news-anchors HTTP/1.1" 200 15893 "-" "Mozilla/5.0 (compatible; DotBot/1.2; +https://opensiteexplorer.org/dotbot; help@moz.com)"
216.244.66.239 - - [12/Dec/2025:20:49:22 +0100] "GET /platby/article.php?5d4c26=general-jack-keane-girlfriend HTTP/1.1" 200 23272 "-" "Mozilla/5.0 (compatible; DotBot/1.2; +https://opensiteexplorer.org/dotbot; help@moz.com)"
216.244.66.239 - - [12/Dec/2025:20:49:24 +0100] "GET /platby/article.php?5d4c26=german-women%27s-tennis-rankings HTTP/1.1" 200 22902 "-" "Mozilla/5.0 (compatible; DotBot/1.2; +https://opensiteexplorer.org/dotbot; help@moz.com)"
216.244.66.239 - - [12/Dec/2025:20:49:25 +0100] "GET /platby/article.php?5d4c26=goldstar-customer-service HTTP/1.1" 200 15137 "-" "Mozilla/5.0 (compatible; DotBot/1.2; +https://opensiteexplorer.org/dotbot; help@moz.com)"
216.244.66.239 - - [12/Dec/2025:20:49:26 +0100] "GET /platby/article.php?5d4c26=hapoel-beer-sheva-u19 HTTP/1.1" 200 18811 "-" "Mozilla/5.0 (compatible; DotBot/1.2; +https://opensiteexplorer.org/dotbot; help@moz.com)"
216.244.66.239 - - [12/Dec/2025:20:49:28 +0100] "GET /platby/article.php?5d4c26=heide-museum-of-modern-art HTTP/1.1" 200 16136 "-" "Mozilla/5.0 (compatible; DotBot/1.2; +https://opensiteexplorer.org/dotbot; help@moz.com)"
216.244.66.239 - - [12/Dec/2025:20:49:30 +0100] "GET /platby/article.php?5d4c26=how-do-i-renew-my-telegraph-subscription%3F HTTP/1.1" 200 23069 "-" "Mozilla/5.0 (compatible; DotBot/1.2; +https://opensiteexplorer.org/dotbot; help@moz.com)"
216.244.66.239 - - [12/Dec/2025:20:49:31 +0100] "GET /platby/article.php?5d4c26=indonesia-climate-now HTTP/1.1" 200 24801 "-" "Mozilla/5.0 (compatible; DotBot/1.2; +https://opensiteexplorer.org/dotbot; help@moz.com)"
216.244.66.239 - - [12/Dec/2025:20:49:32 +0100] "GET /platby/article.php?5d4c26=jos%C3%A9-carreras-wedding HTTP/1.1" 200 20156 "-" "Mozilla/5.0 (compatible; DotBot/1.2; +https://opensiteexplorer.org/dotbot; help@moz.com)"
216.244.66.239 - - [12/Dec/2025:20:49:34 +0100] "GET /platby/article.php?5d4c26=moon-illustration-tattoo HTTP/1.1" 200 23147 "-" "Mozilla/5.0 (compatible; DotBot/1.2; +https://opensiteexplorer.org/dotbot; help@moz.com)"
216.244.66.239 - - [12/Dec/2025:20:49:35 +0100] "GET /platby/article.php?5d4c26=opposite-of-sweetheart HTTP/1.1" 200 23757 "-" "Mozilla/5.0 (compatible; DotBot/1.2; +https://opensiteexplorer.org/dotbot; help@moz.com)"
216.244.66.239 - - [12/Dec/2025:20:49:36 +0100] "GET /platby/article.php?5d4c26=pakistan-history-books-quora HTTP/1.1" 200 23201 "-" "Mozilla/5.0 (compatible; DotBot/1.2; +https://opensiteexplorer.org/dotbot; help@moz.com)"
216.244.66.239 - - [12/Dec/2025:20:49:38 +0100] "GET /platby/article.php?5d4c26=rangers-scarf-2019 HTTP/1.1" 200 22883 "-" "Mozilla/5.0 (compatible; DotBot/1.2; +https://opensiteexplorer.org/dotbot; help@moz.com)"
216.244.66.239 - - [12/Dec/2025:20:49:39 +0100] "GET /platby/article.php?5d4c26=school-and-district-navigator HTTP/1.1" 200 21511 "-" "Mozilla/5.0 (compatible; DotBot/1.2; +https://opensiteexplorer.org/dotbot; help@moz.com)"
216.244.66.239 - - [12/Dec/2025:20:49:41 +0100] "GET /platby/article.php?5d4c26=starling-murmuration-anglesey HTTP/1.1" 200 15500 "-" "Mozilla/5.0 (compatible; DotBot/1.2; +https://opensiteexplorer.org/dotbot; help@moz.com)"
216.244.66.239 - - [12/Dec/2025:20:49:42 +0100] "GET /platby/article.php?5d4c26=tamil-calendar-2013-april HTTP/1.1" 200 23584 "-" "Mozilla/5.0 (compatible; DotBot/1.2; +https://opensiteexplorer.org/dotbot; help@moz.com)"
216.244.66.239 - - [12/Dec/2025:20:49:43 +0100] "GET /platby/article.php?5d4c26=versace-sale-men%27s HTTP/1.1" 200 23547 "-" "Mozilla/5.0 (compatible; DotBot/1.2; +https://opensiteexplorer.org/dotbot; help@moz.com)"
216.244.66.239 - - [12/Dec/2025:20:49:44 +0100] "GET /platby/article.php?5d4c26=west-maui-forest-reserve-directions HTTP/1.1" 200 20127 "-" "Mozilla/5.0 (compatible; DotBot/1.2; +https://opensiteexplorer.org/dotbot; help@moz.com)"
216.244.66.239 - - [12/Dec/2025:20:49:45 +0100] "GET /platby/article.php?5d4c26=youtube-genesis-live-at-wembley HTTP/1.1" 200 21651 "-" "Mozilla/5.0 (compatible; DotBot/1.2; +https://opensiteexplorer.org/dotbot; help@moz.com)"
216.244.66.239 - - [12/Dec/2025:20:49:47 +0100] "GET /platby/article.php?5d4c26=6-month-body-transformation-female-plan HTTP/1.1" 200 19553 "-" "Mozilla/5.0 (compatible; DotBot/1.2; +https://opensiteexplorer.org/dotbot; help@moz.com)"
216.244.66.239 - - [12/Dec/2025:20:49:48 +0100] "GET /platby/article.php?5d4c26=Microsoft-revenue-by-country HTTP/1.1" 200 16263 "-" "Mozilla/5.0 (compatible; DotBot/1.2; +https://opensiteexplorer.org/dotbot; help@moz.com)"
216.244.66.239 - - [12/Dec/2025:20:49:49 +0100] "GET /platby/article.php?5d4c26=accuweather-wellington-ontario HTTP/1.1" 200 22194 "-" "Mozilla/5.0 (compatible; DotBot/1.2; +https://opensiteexplorer.org/dotbot; help@moz.com)"
216.244.66.239 - - [12/Dec/2025:20:49:50 +0100] "GET /platby/article.php?5d4c26=ciox-health-subsidiaries HTTP/1.1" 200 16361 "-" "Mozilla/5.0 (compatible; DotBot/1.2; +https://opensiteexplorer.org/dotbot; help@moz.com)"
216.244.66.239 - - [12/Dec/2025:20:49:51 +0100] "GET /platby/article.php?5d4c26=congressman-david-scott-health HTTP/1.1" 200 18292 "-" "Mozilla/5.0 (compatible; DotBot/1.2; +https://opensiteexplorer.org/dotbot; help@moz.com)"
216.244.66.239 - - [12/Dec/2025:20:49:52 +0100] "GET /platby/article.php?5d4c26=dls-19-manchester-united-logo HTTP/1.1" 200 21670 "-" "Mozilla/5.0 (compatible; DotBot/1.2; +https://opensiteexplorer.org/dotbot; help@moz.com)"
216.244.66.239 - - [12/Dec/2025:20:49:53 +0100] "GET /platby/article.php?5d4c26=how-long-to-beat-witcher-3-goty HTTP/1.1" 200 22532 "-" "Mozilla/5.0 (compatible; DotBot/1.2; +https://opensiteexplorer.org/dotbot; help@moz.com)"
216.244.66.239 - - [12/Dec/2025:20:49:54 +0100] "GET /platby/article.php?5d4c26=knife-or-death-the-guillotine HTTP/1.1" 200 22199 "-" "Mozilla/5.0 (compatible; DotBot/1.2; +https://opensiteexplorer.org/dotbot; help@moz.com)"
216.244.66.239 - - [12/Dec/2025:20:49:55 +0100] "GET /platby/article.php?5d4c26=latest-government-jobs-in-faisalabad HTTP/1.1" 200 22076 "-" "Mozilla/5.0 (compatible; DotBot/1.2; +https://opensiteexplorer.org/dotbot; help@moz.com)"
216.244.66.239 - - [12/Dec/2025:20:49:56 +0100] "GET /platby/article.php?5d4c26=nikon-image-space-app-windows HTTP/1.1" 200 25822 "-" "Mozilla/5.0 (compatible; DotBot/1.2; +https://opensiteexplorer.org/dotbot; help@moz.com)"
216.244.66.239 - - [12/Dec/2025:20:49:57 +0100] "GET /platby/article.php?5d4c26=samsung-epp-promo-code HTTP/1.1" 200 19209 "-" "Mozilla/5.0 (compatible; DotBot/1.2; +https://opensiteexplorer.org/dotbot; help@moz.com)"
216.244.66.239 - - [12/Dec/2025:20:49:58 +0100] "GET /platby/article.php?5d4c26=satellite-footprint-calculation HTTP/1.1" 200 19721 "-" "Mozilla/5.0 (compatible; DotBot/1.2; +https://opensiteexplorer.org/dotbot; help@moz.com)"
216.244.66.239 - - [12/Dec/2025:20:49:59 +0100] "GET /platby/article.php?5d4c26=13-sign-astrology-natal-chart-calculator HTTP/1.1" 200 23604 "-" "Mozilla/5.0 (compatible; DotBot/1.2; +https://opensiteexplorer.org/dotbot; help@moz.com)"
216.244.66.239 - - [12/Dec/2025:20:50:00 +0100] "GET /platby/article.php?5d4c26=application-for-canadian-citizenship-%E2%80%94-adults-%5Bform-cit-0002%5D-2019 HTTP/1.1" 200 19666 "-" "Mozilla/5.0 (compatible; DotBot/1.2; +https://opensiteexplorer.org/dotbot; help@moz.com)"
216.244.66.239 - - [12/Dec/2025:20:50:01 +0100] "GET /platby/article.php?5d4c26=other-than-spanish%2C-what-language-is-spoken-in-nicaragua%3F-english-russian-german-greek HTTP/1.1" 200 19932 "-" "Mozilla/5.0 (compatible; DotBot/1.2; +https://opensiteexplorer.org/dotbot; help@moz.com)"
216.244.66.239 - - [12/Dec/2025:20:50:02 +0100] "GET /platby/uwoy9/jordan-oreo-5-release-date HTTP/1.1" 200 35059 "-" "Mozilla/5.0 (compatible; DotBot/1.2; +https://opensiteexplorer.org/dotbot; help@moz.com)"
216.244.66.239 - - [12/Dec/2025:20:50:03 +0100] "GET /platby/aohwuyx/flower-delivery-minneapolis-minnesota HTTP/1.1" 200 36056 "-" "Mozilla/5.0 (compatible; DotBot/1.2; +https://opensiteexplorer.org/dotbot; help@moz.com)"
216.244.66.239 - - [12/Dec/2025:20:50:07 +0100] "GET /platby/aohwuyx/list-of-active-ingredients HTTP/1.1" 200 48344 "-" "Mozilla/5.0 (compatible; DotBot/1.2; +https://opensiteexplorer.org/dotbot; help@moz.com)"
216.244.66.239 - - [12/Dec/2025:20:50:08 +0100] "GET /platby/uwoy9/informal-sanctions-definition-sociology HTTP/1.1" 200 39571 "-" "Mozilla/5.0 (compatible; DotBot/1.2; +https://opensiteexplorer.org/dotbot; help@moz.com)"
216.244.66.239 - - [12/Dec/2025:20:50:09 +0100] "GET /platby/uwoy9/ishpeming-apartments-for-rent HTTP/1.1" 200 46040 "-" "Mozilla/5.0 (compatible; DotBot/1.2; +https://opensiteexplorer.org/dotbot; help@moz.com)"
216.244.66.239 - - [12/Dec/2025:20:50:11 +0100] "GET /platby/uwoy9/mit-aeroastro-application HTTP/1.1" 200 40979 "-" "Mozilla/5.0 (compatible; DotBot/1.2; +https://opensiteexplorer.org/dotbot; help@moz.com)"
114.119.152.142 - - [12/Dec/2025:20:50:31 +0100] "GET /platby/article.php?5d4c26=faraday's-law-slideshare HTTP/1.1" 200 7503 "http://ispc.klape.eu/platby/article.php?5d4c26=five-go-caravanning-cast" "Mozilla/5.0 (Linux; Android 7.0;) AppleWebKit/537.36 (KHTML, like Gecko) Mobile Safari/537.36 (compatible; PetalBot;+https://webmaster.petalsearch.com/site/petalbot)"
216.244.66.239 - - [12/Dec/2025:20:50:54 +0100] "GET /platby/uwoy9/stoke-city-league-table-2020 HTTP/1.1" 200 43965 "-" "Mozilla/5.0 (compatible; DotBot/1.2; +https://opensiteexplorer.org/dotbot; help@moz.com)"
