114.119.130.237 - - [12/Dec/2025:00:45:18 +0100] "GET /platby/qqap/click,-clack,-moo-cows-that-type-activities HTTP/1.1" 200 6995 "http://ispc.klape.eu/platby/qqap/click,-clack,-moo-cows-that-type-activities" "Mozilla/5.0 (Linux; Android 7.0;) AppleWebKit/537.36 (KHTML, like Gecko) Mobile Safari/537.36 (compatible; PetalBot;+https://webmaster.petalsearch.com/site/petalbot)"
216.244.66.239 - - [12/Dec/2025:00:46:20 +0100] "GET /robots.txt HTTP/1.1" 200 34 "-" "Mozilla/5.0 (compatible; DotBot/1.2; +https://opensiteexplorer.org/dotbot; help@moz.com)"
114.119.139.66 - - [12/Dec/2025:00:46:37 +0100] "GET /platby/uwoy9/elements-of-propulsion:-gas-turbines-and-rockets-2016-pdf HTTP/1.1" 200 12545 "http://ispc.klape.eu/platby/uwoy9/imagine-radio-presenters" "Mozilla/5.0 (Linux; Android 7.0;) AppleWebKit/537.36 (KHTML, like Gecko) Mobile Safari/537.36 (compatible; PetalBot;+https://webmaster.petalsearch.com/site/petalbot)"
114.119.130.237 - - [12/Dec/2025:00:48:07 +0100] "GET /platby/qqap/%2B-18morejewelry-storesdiamonds-direct-charlotte,-windsor-jewelers,-and-more HTTP/1.1" 200 7116 "http://ispc.klape.eu/platby/qqap/index-of-mkv-final-destination-5" "Mozilla/5.0 (Linux; Android 7.0;) AppleWebKit/537.36 (KHTML, like Gecko) Mobile Safari/537.36 (compatible; PetalBot;+https://webmaster.petalsearch.com/site/petalbot)"
198.235.24.42 - - [12/Dec/2025:00:48:22 +0100] "GET / HTTP/1.1" 200 513 "-" "Hello from Palo Alto Networks, find out more about our scans in https://docs-cortex.paloaltonetworks.com/r/1/Cortex-Xpanse/Scanning-activity"
85.208.96.199 - - [12/Dec/2025:00:49:29 +0100] "\x16\x03\x01\x018\x01" 403 265 "-" "-"
85.208.96.199 - - [12/Dec/2025:00:49:30 +0100] "\x16\x03\x01\x018\x01" 403 265 "-" "-"
147.185.132.165 - - [12/Dec/2025:00:49:30 +0100] "GET /" 400 468 "-" "-"
114.119.128.6 - - [12/Dec/2025:00:49:31 +0100] "GET /platby/hca/nigeria-vs-spain-u-17-2007-squad HTTP/1.1" 200 10862 "http://ispc.klape.eu/platby/hca/top-100-soccer-players-of-all-time-quiz" "Mozilla/5.0 (Linux; Android 7.0;) AppleWebKit/537.36 (KHTML, like Gecko) Mobile Safari/537.36 (compatible; PetalBot;+https://webmaster.petalsearch.com/site/petalbot)"
216.244.66.239 - - [12/Dec/2025:00:49:51 +0100] "GET /platby/article.php?5d4c26=dan-biggar-pass HTTP/1.1" 200 17820 "-" "Mozilla/5.0 (compatible; DotBot/1.2; +https://opensiteexplorer.org/dotbot; help@moz.com)"
216.244.66.239 - - [12/Dec/2025:00:49:56 +0100] "GET /platby/article.php?5d4c26=dana-air-check-in HTTP/1.1" 200 21866 "-" "Mozilla/5.0 (compatible; DotBot/1.2; +https://opensiteexplorer.org/dotbot; help@moz.com)"
216.244.66.239 - - [12/Dec/2025:00:50:01 +0100] "GET /platby/article.php?5d4c26=how-to-setup-ps4-camera-stand HTTP/1.1" 200 17244 "-" "Mozilla/5.0 (compatible; DotBot/1.2; +https://opensiteexplorer.org/dotbot; help@moz.com)"
216.244.66.239 - - [12/Dec/2025:00:50:05 +0100] "GET /platby/article.php?5d4c26=jazz-dance-tricks HTTP/1.1" 200 24702 "-" "Mozilla/5.0 (compatible; DotBot/1.2; +https://opensiteexplorer.org/dotbot; help@moz.com)"
216.244.66.239 - - [12/Dec/2025:00:50:08 +0100] "GET /platby/article.php?5d4c26=let%27s-sing-2020-ps4 HTTP/1.1" 200 19518 "-" "Mozilla/5.0 (compatible; DotBot/1.2; +https://opensiteexplorer.org/dotbot; help@moz.com)"
216.244.66.239 - - [12/Dec/2025:00:50:11 +0100] "GET /platby/article.php?5d4c26=pokemon-fanon-wiki HTTP/1.1" 200 20908 "-" "Mozilla/5.0 (compatible; DotBot/1.2; +https://opensiteexplorer.org/dotbot; help@moz.com)"
216.244.66.239 - - [12/Dec/2025:00:50:13 +0100] "GET /platby/article.php?5d4c26=tamil-calendar-2014-august HTTP/1.1" 200 19105 "-" "Mozilla/5.0 (compatible; DotBot/1.2; +https://opensiteexplorer.org/dotbot; help@moz.com)"
216.244.66.239 - - [12/Dec/2025:00:50:15 +0100] "GET /platby/article.php?5d4c26=ac-milan-vs-torino-live-stream HTTP/1.1" 200 21865 "-" "Mozilla/5.0 (compatible; DotBot/1.2; +https://opensiteexplorer.org/dotbot; help@moz.com)"
216.244.66.239 - - [12/Dec/2025:00:50:17 +0100] "GET /platby/article.php?5d4c26=american-councils-staff HTTP/1.1" 200 20380 "-" "Mozilla/5.0 (compatible; DotBot/1.2; +https://opensiteexplorer.org/dotbot; help@moz.com)"
216.244.66.239 - - [12/Dec/2025:00:50:19 +0100] "GET /platby/article.php?5d4c26=byd-car-price HTTP/1.1" 200 21235 "-" "Mozilla/5.0 (compatible; DotBot/1.2; +https://opensiteexplorer.org/dotbot; help@moz.com)"
216.244.66.239 - - [12/Dec/2025:00:50:21 +0100] "GET /platby/article.php?5d4c26=dear-zoo-lion HTTP/1.1" 200 21721 "-" "Mozilla/5.0 (compatible; DotBot/1.2; +https://opensiteexplorer.org/dotbot; help@moz.com)"
216.244.66.239 - - [12/Dec/2025:00:50:26 +0100] "GET /platby/article.php?5d4c26=earthquake-iran-live HTTP/1.1" 200 18918 "-" "Mozilla/5.0 (compatible; DotBot/1.2; +https://opensiteexplorer.org/dotbot; help@moz.com)"
216.244.66.239 - - [12/Dec/2025:00:50:29 +0100] "GET /platby/article.php?5d4c26=elements-of-strategic-management HTTP/1.1" 200 18459 "-" "Mozilla/5.0 (compatible; DotBot/1.2; +https://opensiteexplorer.org/dotbot; help@moz.com)"
216.244.66.239 - - [12/Dec/2025:00:50:32 +0100] "GET /platby/article.php?5d4c26=greg-hill-foundation HTTP/1.1" 200 20163 "-" "Mozilla/5.0 (compatible; DotBot/1.2; +https://opensiteexplorer.org/dotbot; help@moz.com)"
216.244.66.239 - - [12/Dec/2025:00:50:34 +0100] "GET /platby/article.php?5d4c26=hecate-wheel-of-the-year HTTP/1.1" 200 17259 "-" "Mozilla/5.0 (compatible; DotBot/1.2; +https://opensiteexplorer.org/dotbot; help@moz.com)"
216.244.66.239 - - [12/Dec/2025:00:50:36 +0100] "GET /platby/article.php?5d4c26=i-hate-my-bathroom-hgtv HTTP/1.1" 200 17540 "-" "Mozilla/5.0 (compatible; DotBot/1.2; +https://opensiteexplorer.org/dotbot; help@moz.com)"
216.244.66.239 - - [12/Dec/2025:00:50:39 +0100] "GET /platby/article.php?5d4c26=janna-levin-wedding HTTP/1.1" 200 17023 "-" "Mozilla/5.0 (compatible; DotBot/1.2; +https://opensiteexplorer.org/dotbot; help@moz.com)"
216.244.66.239 - - [12/Dec/2025:00:50:40 +0100] "GET /platby/article.php?5d4c26=kabhi-bhi-cake-order-online HTTP/1.1" 200 20013 "-" "Mozilla/5.0 (compatible; DotBot/1.2; +https://opensiteexplorer.org/dotbot; help@moz.com)"
216.244.66.239 - - [12/Dec/2025:00:50:42 +0100] "GET /platby/article.php?5d4c26=marshall-monitor-anc-review HTTP/1.1" 200 19612 "-" "Mozilla/5.0 (compatible; DotBot/1.2; +https://opensiteexplorer.org/dotbot; help@moz.com)"
216.244.66.239 - - [12/Dec/2025:00:50:43 +0100] "GET /platby/article.php?5d4c26=mauricio-dubon-news HTTP/1.1" 200 17153 "-" "Mozilla/5.0 (compatible; DotBot/1.2; +https://opensiteexplorer.org/dotbot; help@moz.com)"
216.244.66.239 - - [12/Dec/2025:00:50:45 +0100] "GET /platby/article.php?5d4c26=mega-decks-raleigh-nc HTTP/1.1" 200 24523 "-" "Mozilla/5.0 (compatible; DotBot/1.2; +https://opensiteexplorer.org/dotbot; help@moz.com)"
216.244.66.239 - - [12/Dec/2025:00:50:46 +0100] "GET /platby/article.php?5d4c26=minecraft-good-game HTTP/1.1" 200 20843 "-" "Mozilla/5.0 (compatible; DotBot/1.2; +https://opensiteexplorer.org/dotbot; help@moz.com)"
114.119.149.2 - - [12/Dec/2025:00:50:46 +0100] "GET /platby/qqap/afc-leopards-vs-posta-rangers-results-today HTTP/1.1" 200 10690 "http://ispc.klape.eu/platby/qqap/book-about-a-girl-with-supernatural-powers" "Mozilla/5.0 (Linux; Android 7.0;) AppleWebKit/537.36 (KHTML, like Gecko) Mobile Safari/537.36 (compatible; PetalBot;+https://webmaster.petalsearch.com/site/petalbot)"
216.244.66.239 - - [12/Dec/2025:00:50:48 +0100] "GET /platby/article.php?5d4c26=phish-fans-meme HTTP/1.1" 200 21385 "-" "Mozilla/5.0 (compatible; DotBot/1.2; +https://opensiteexplorer.org/dotbot; help@moz.com)"
216.244.66.239 - - [12/Dec/2025:00:50:51 +0100] "GET /platby/article.php?5d4c26=pittsburgh-steelers-logo HTTP/1.1" 200 15890 "-" "Mozilla/5.0 (compatible; DotBot/1.2; +https://opensiteexplorer.org/dotbot; help@moz.com)"
216.244.66.239 - - [12/Dec/2025:00:50:54 +0100] "GET /platby/article.php?5d4c26=planetary-society-990 HTTP/1.1" 200 23414 "-" "Mozilla/5.0 (compatible; DotBot/1.2; +https://opensiteexplorer.org/dotbot; help@moz.com)"
216.244.66.239 - - [12/Dec/2025:00:50:56 +0100] "GET /platby/article.php?5d4c26=pole-barn-garage HTTP/1.1" 200 20994 "-" "Mozilla/5.0 (compatible; DotBot/1.2; +https://opensiteexplorer.org/dotbot; help@moz.com)"
216.244.66.239 - - [12/Dec/2025:00:50:58 +0100] "GET /platby/article.php?5d4c26=sinister-shades-tv-tropes HTTP/1.1" 200 17978 "-" "Mozilla/5.0 (compatible; DotBot/1.2; +https://opensiteexplorer.org/dotbot; help@moz.com)"
216.244.66.239 - - [12/Dec/2025:00:51:00 +0100] "GET /platby/article.php?5d4c26=south-sandwich-islands HTTP/1.1" 200 24077 "-" "Mozilla/5.0 (compatible; DotBot/1.2; +https://opensiteexplorer.org/dotbot; help@moz.com)"
216.244.66.239 - - [12/Dec/2025:00:51:04 +0100] "GET /platby/article.php?5d4c26=susan-flannery-2020 HTTP/1.1" 200 22022 "-" "Mozilla/5.0 (compatible; DotBot/1.2; +https://opensiteexplorer.org/dotbot; help@moz.com)"
216.244.66.239 - - [12/Dec/2025:00:51:12 +0100] "GET /platby/article.php?5d4c26=titanium-dioxide-in-sunscreen HTTP/1.1" 200 19481 "-" "Mozilla/5.0 (compatible; DotBot/1.2; +https://opensiteexplorer.org/dotbot; help@moz.com)"
216.244.66.239 - - [12/Dec/2025:00:51:20 +0100] "GET /platby/article.php?5d4c26=Earth-magnetic-field-ppt HTTP/1.1" 200 26121 "-" "Mozilla/5.0 (compatible; DotBot/1.2; +https://opensiteexplorer.org/dotbot; help@moz.com)"
216.244.66.239 - - [12/Dec/2025:00:51:28 +0100] "GET /platby/article.php?5d4c26=It%27s-All-in-the-Family HTTP/1.1" 200 20368 "-" "Mozilla/5.0 (compatible; DotBot/1.2; +https://opensiteexplorer.org/dotbot; help@moz.com)"
216.244.66.239 - - [12/Dec/2025:00:51:34 +0100] "GET /platby/article.php?5d4c26=Lawrence-Mooney-Instagram HTTP/1.1" 200 15328 "-" "Mozilla/5.0 (compatible; DotBot/1.2; +https://opensiteexplorer.org/dotbot; help@moz.com)"
216.244.66.239 - - [12/Dec/2025:00:51:39 +0100] "GET /platby/article.php?5d4c26=brody-rose-movies HTTP/1.1" 200 16095 "-" "Mozilla/5.0 (compatible; DotBot/1.2; +https://opensiteexplorer.org/dotbot; help@moz.com)"
216.244.66.239 - - [12/Dec/2025:00:51:43 +0100] "GET /platby/article.php?5d4c26=eddie-bauer-mens-weatheredge-rain-jacket HTTP/1.1" 200 20155 "-" "Mozilla/5.0 (compatible; DotBot/1.2; +https://opensiteexplorer.org/dotbot; help@moz.com)"
216.244.66.239 - - [12/Dec/2025:00:51:47 +0100] "GET /platby/article.php?5d4c26=evidence-of-plate-tectonics HTTP/1.1" 200 23574 "-" "Mozilla/5.0 (compatible; DotBot/1.2; +https://opensiteexplorer.org/dotbot; help@moz.com)"
216.244.66.239 - - [12/Dec/2025:00:51:51 +0100] "GET /platby/article.php?5d4c26=fastest-sea-animal-speed HTTP/1.1" 200 25142 "-" "Mozilla/5.0 (compatible; DotBot/1.2; +https://opensiteexplorer.org/dotbot; help@moz.com)"
216.244.66.239 - - [12/Dec/2025:00:51:53 +0100] "GET /platby/article.php?5d4c26=fort-rodd-hill-camping HTTP/1.1" 200 18869 "-" "Mozilla/5.0 (compatible; DotBot/1.2; +https://opensiteexplorer.org/dotbot; help@moz.com)"
216.244.66.239 - - [12/Dec/2025:00:51:56 +0100] "GET /platby/article.php?5d4c26=goodbye-pork-pie-hat-jeff-beck HTTP/1.1" 200 22584 "-" "Mozilla/5.0 (compatible; DotBot/1.2; +https://opensiteexplorer.org/dotbot; help@moz.com)"
216.244.66.239 - - [12/Dec/2025:00:51:58 +0100] "GET /platby/article.php?5d4c26=hannah%27s-gonna-get-this-full-episode HTTP/1.1" 200 16879 "-" "Mozilla/5.0 (compatible; DotBot/1.2; +https://opensiteexplorer.org/dotbot; help@moz.com)"
216.244.66.239 - - [12/Dec/2025:00:52:00 +0100] "GET /platby/article.php?5d4c26=hometown-key-house HTTP/1.1" 200 24515 "-" "Mozilla/5.0 (compatible; DotBot/1.2; +https://opensiteexplorer.org/dotbot; help@moz.com)"
216.244.66.239 - - [12/Dec/2025:00:52:02 +0100] "GET /platby/article.php?5d4c26=it%27s-a-long-way-to-the-top-chords HTTP/1.1" 200 16420 "-" "Mozilla/5.0 (compatible; DotBot/1.2; +https://opensiteexplorer.org/dotbot; help@moz.com)"
216.244.66.239 - - [12/Dec/2025:00:52:04 +0100] "GET /platby/article.php?5d4c26=keep-talking-and-nobody-explodes-centurion-manual HTTP/1.1" 200 20504 "-" "Mozilla/5.0 (compatible; DotBot/1.2; +https://opensiteexplorer.org/dotbot; help@moz.com)"
216.244.66.239 - - [12/Dec/2025:00:52:06 +0100] "GET /platby/article.php?5d4c26=lal-mai-episode-22 HTTP/1.1" 200 21206 "-" "Mozilla/5.0 (compatible; DotBot/1.2; +https://opensiteexplorer.org/dotbot; help@moz.com)"
216.244.66.239 - - [12/Dec/2025:00:52:07 +0100] "GET /platby/article.php?5d4c26=man-made-objects-in-space HTTP/1.1" 200 16525 "-" "Mozilla/5.0 (compatible; DotBot/1.2; +https://opensiteexplorer.org/dotbot; help@moz.com)"
216.244.66.239 - - [12/Dec/2025:00:52:09 +0100] "GET /platby/article.php?5d4c26=microsoft-word-for-mac-student HTTP/1.1" 200 19900 "-" "Mozilla/5.0 (compatible; DotBot/1.2; +https://opensiteexplorer.org/dotbot; help@moz.com)"
114.119.128.6 - - [12/Dec/2025:00:52:10 +0100] "GET /platby/hca/fingerprint-not-working-in-redmi-note-7-pro HTTP/1.1" 200 12427 "http://ispc.klape.eu/platby/hca/fingerprint-not-working-in-redmi-note-7-pro" "Mozilla/5.0 (Linux; Android 7.0;) AppleWebKit/537.36 (KHTML, like Gecko) Mobile Safari/537.36 (compatible; PetalBot;+https://webmaster.petalsearch.com/site/petalbot)"
216.244.66.239 - - [12/Dec/2025:00:52:10 +0100] "GET /platby/article.php?5d4c26=neighbours-from-hell-game HTTP/1.1" 200 14901 "-" "Mozilla/5.0 (compatible; DotBot/1.2; +https://opensiteexplorer.org/dotbot; help@moz.com)"
216.244.66.239 - - [12/Dec/2025:00:52:11 +0100] "GET /platby/article.php?5d4c26=nintendo-store-florida HTTP/1.1" 200 21555 "-" "Mozilla/5.0 (compatible; DotBot/1.2; +https://opensiteexplorer.org/dotbot; help@moz.com)"
216.244.66.239 - - [12/Dec/2025:00:52:12 +0100] "GET /platby/article.php?5d4c26=open-learning-education HTTP/1.1" 200 20076 "-" "Mozilla/5.0 (compatible; DotBot/1.2; +https://opensiteexplorer.org/dotbot; help@moz.com)"
216.244.66.239 - - [12/Dec/2025:00:52:13 +0100] "GET /platby/article.php?5d4c26=product-recall-procedure-pdf HTTP/1.1" 200 20595 "-" "Mozilla/5.0 (compatible; DotBot/1.2; +https://opensiteexplorer.org/dotbot; help@moz.com)"
216.244.66.239 - - [12/Dec/2025:00:52:14 +0100] "GET /platby/article.php?5d4c26=san-angelo-live-homicide HTTP/1.1" 200 16833 "-" "Mozilla/5.0 (compatible; DotBot/1.2; +https://opensiteexplorer.org/dotbot; help@moz.com)"
216.244.66.239 - - [12/Dec/2025:00:52:15 +0100] "GET /platby/article.php?5d4c26=shehr-e-malal---episode-3 HTTP/1.1" 200 20986 "-" "Mozilla/5.0 (compatible; DotBot/1.2; +https://opensiteexplorer.org/dotbot; help@moz.com)"
216.244.66.239 - - [12/Dec/2025:00:52:16 +0100] "GET /platby/article.php?5d4c26=stronger-activewear-reviews HTTP/1.1" 200 20981 "-" "Mozilla/5.0 (compatible; DotBot/1.2; +https://opensiteexplorer.org/dotbot; help@moz.com)"
216.244.66.239 - - [12/Dec/2025:00:52:18 +0100] "GET /platby/article.php?5d4c26=tanna-volcano-tour-price HTTP/1.1" 200 17069 "-" "Mozilla/5.0 (compatible; DotBot/1.2; +https://opensiteexplorer.org/dotbot; help@moz.com)"
216.244.66.239 - - [12/Dec/2025:00:52:19 +0100] "GET /platby/article.php?5d4c26=tawny-newsome-wedding HTTP/1.1" 200 22899 "-" "Mozilla/5.0 (compatible; DotBot/1.2; +https://opensiteexplorer.org/dotbot; help@moz.com)"
216.244.66.239 - - [12/Dec/2025:00:52:20 +0100] "GET /platby/article.php?5d4c26=the-100-mountain-men HTTP/1.1" 200 18453 "-" "Mozilla/5.0 (compatible; DotBot/1.2; +https://opensiteexplorer.org/dotbot; help@moz.com)"
216.244.66.239 - - [12/Dec/2025:00:52:21 +0100] "GET /platby/article.php?5d4c26=the-accident-episodes HTTP/1.1" 200 18689 "-" "Mozilla/5.0 (compatible; DotBot/1.2; +https://opensiteexplorer.org/dotbot; help@moz.com)"
216.244.66.239 - - [12/Dec/2025:00:52:22 +0100] "GET /platby/article.php?5d4c26=under-armour-workout-tops HTTP/1.1" 200 17061 "-" "Mozilla/5.0 (compatible; DotBot/1.2; +https://opensiteexplorer.org/dotbot; help@moz.com)"
216.244.66.239 - - [12/Dec/2025:00:52:23 +0100] "GET /platby/article.php?5d4c26=visiting-japan-during-rainy-season HTTP/1.1" 200 17943 "-" "Mozilla/5.0 (compatible; DotBot/1.2; +https://opensiteexplorer.org/dotbot; help@moz.com)"
216.244.66.239 - - [12/Dec/2025:00:52:24 +0100] "GET /platby/article.php?5d4c26=watch-this-is-us-season-4-episode-10 HTTP/1.1" 200 18703 "-" "Mozilla/5.0 (compatible; DotBot/1.2; +https://opensiteexplorer.org/dotbot; help@moz.com)"
216.244.66.239 - - [12/Dec/2025:00:52:26 +0100] "GET /platby/article.php?5d4c26=weather-venice%2C-metropolitan-city-of-venice%2C-italy HTTP/1.1" 200 24215 "-" "Mozilla/5.0 (compatible; DotBot/1.2; +https://opensiteexplorer.org/dotbot; help@moz.com)"
216.244.66.239 - - [12/Dec/2025:00:52:28 +0100] "GET /platby/article.php?5d4c26=Said-I-loved-you-but-I-lied-chords HTTP/1.1" 200 17748 "-" "Mozilla/5.0 (compatible; DotBot/1.2; +https://opensiteexplorer.org/dotbot; help@moz.com)"
216.244.66.239 - - [12/Dec/2025:00:52:29 +0100] "GET /platby/article.php?5d4c26=Space-shuttle-Columbia-disaster HTTP/1.1" 200 21091 "-" "Mozilla/5.0 (compatible; DotBot/1.2; +https://opensiteexplorer.org/dotbot; help@moz.com)"
216.244.66.239 - - [12/Dec/2025:00:52:31 +0100] "GET /platby/article.php?5d4c26=grand-island%2C-nebraska-population HTTP/1.1" 200 22433 "-" "Mozilla/5.0 (compatible; DotBot/1.2; +https://opensiteexplorer.org/dotbot; help@moz.com)"
216.244.66.239 - - [12/Dec/2025:00:52:32 +0100] "GET /platby/article.php?5d4c26=how-to-pronounce-constitutional-monarchy HTTP/1.1" 200 23027 "-" "Mozilla/5.0 (compatible; DotBot/1.2; +https://opensiteexplorer.org/dotbot; help@moz.com)"
216.244.66.239 - - [12/Dec/2025:00:52:34 +0100] "GET /platby/article.php?5d4c26=inter-milan-away-kit-19%2F20-for-sale HTTP/1.1" 200 23297 "-" "Mozilla/5.0 (compatible; DotBot/1.2; +https://opensiteexplorer.org/dotbot; help@moz.com)"
216.244.66.239 - - [12/Dec/2025:00:52:35 +0100] "GET /platby/article.php?5d4c26=is-melissa-o%27neil-leaving-the-rookie HTTP/1.1" 200 23336 "-" "Mozilla/5.0 (compatible; DotBot/1.2; +https://opensiteexplorer.org/dotbot; help@moz.com)"
216.244.66.239 - - [12/Dec/2025:00:52:36 +0100] "GET /platby/article.php?5d4c26=kaysville-utah-water-hardness HTTP/1.1" 200 19827 "-" "Mozilla/5.0 (compatible; DotBot/1.2; +https://opensiteexplorer.org/dotbot; help@moz.com)"
216.244.66.239 - - [12/Dec/2025:00:52:37 +0100] "GET /platby/article.php?5d4c26=siegecraft-commander-trophy-guide HTTP/1.1" 200 21662 "-" "Mozilla/5.0 (compatible; DotBot/1.2; +https://opensiteexplorer.org/dotbot; help@moz.com)"
216.244.66.239 - - [12/Dec/2025:00:52:38 +0100] "GET /platby/article.php?5d4c26=stand-up-comedy-funny-comedians HTTP/1.1" 200 25452 "-" "Mozilla/5.0 (compatible; DotBot/1.2; +https://opensiteexplorer.org/dotbot; help@moz.com)"
216.244.66.239 - - [12/Dec/2025:00:52:39 +0100] "GET /platby/article.php?5d4c26=tallest-nrl-player-in-history HTTP/1.1" 200 22399 "-" "Mozilla/5.0 (compatible; DotBot/1.2; +https://opensiteexplorer.org/dotbot; help@moz.com)"
216.244.66.239 - - [12/Dec/2025:00:52:40 +0100] "GET /platby/article.php?5d4c26=the-completionist-dragon-quest-heroes-2 HTTP/1.1" 200 19342 "-" "Mozilla/5.0 (compatible; DotBot/1.2; +https://opensiteexplorer.org/dotbot; help@moz.com)"
216.244.66.239 - - [12/Dec/2025:00:52:41 +0100] "GET /platby/article.php?5d4c26=uranus-in-taurus-retrograde HTTP/1.1" 200 24106 "-" "Mozilla/5.0 (compatible; DotBot/1.2; +https://opensiteexplorer.org/dotbot; help@moz.com)"
216.244.66.239 - - [12/Dec/2025:00:52:42 +0100] "GET /platby/article.php?5d4c26=walt-disney-television-logopedia HTTP/1.1" 200 16058 "-" "Mozilla/5.0 (compatible; DotBot/1.2; +https://opensiteexplorer.org/dotbot; help@moz.com)"
216.244.66.239 - - [12/Dec/2025:00:52:44 +0100] "GET /platby/article.php?5d4c26=water-restrictions-whakat%C4%81ne-2020 HTTP/1.1" 200 25344 "-" "Mozilla/5.0 (compatible; DotBot/1.2; +https://opensiteexplorer.org/dotbot; help@moz.com)"
216.244.66.239 - - [12/Dec/2025:00:52:45 +0100] "GET /platby/article.php?5d4c26=why-the-two-party-system-is-good HTTP/1.1" 200 16314 "-" "Mozilla/5.0 (compatible; DotBot/1.2; +https://opensiteexplorer.org/dotbot; help@moz.com)"
216.244.66.239 - - [12/Dec/2025:00:52:46 +0100] "GET /platby/article.php?5d4c26=jehovah-witness-documentary-netflix HTTP/1.1" 200 21454 "-" "Mozilla/5.0 (compatible; DotBot/1.2; +https://opensiteexplorer.org/dotbot; help@moz.com)"
216.244.66.239 - - [12/Dec/2025:00:52:47 +0100] "GET /platby/article.php?5d4c26=raising-the-uss-monitor-national-geographic HTTP/1.1" 200 21585 "-" "Mozilla/5.0 (compatible; DotBot/1.2; +https://opensiteexplorer.org/dotbot; help@moz.com)"
216.244.66.239 - - [12/Dec/2025:00:52:48 +0100] "GET /platby/article.php?5d4c26=things-to-do-in-kahurangi-national-park HTTP/1.1" 200 21117 "-" "Mozilla/5.0 (compatible; DotBot/1.2; +https://opensiteexplorer.org/dotbot; help@moz.com)"
216.244.66.239 - - [12/Dec/2025:00:52:49 +0100] "GET /platby/article.php?5d4c26=%2B-18moreChinese-restaurantsChopstixpress%2C-Ming-City-Restaurant-%26-Bar%2C-and-more HTTP/1.1" 200 24337 "-" "Mozilla/5.0 (compatible; DotBot/1.2; +https://opensiteexplorer.org/dotbot; help@moz.com)"
216.244.66.239 - - [12/Dec/2025:00:52:51 +0100] "GET /platby/uwoy9/conor-mcgregor-cousin HTTP/1.1" 200 37695 "-" "Mozilla/5.0 (compatible; DotBot/1.2; +https://opensiteexplorer.org/dotbot; help@moz.com)"
216.244.66.239 - - [12/Dec/2025:00:52:51 +0100] "GET /platby/uwoy9/pixel-2-fingerprint-sensor-not-working HTTP/1.1" 200 40842 "-" "Mozilla/5.0 (compatible; DotBot/1.2; +https://opensiteexplorer.org/dotbot; help@moz.com)"
216.244.66.239 - - [12/Dec/2025:00:52:52 +0100] "GET /platby/uwoy9/cardboard-rocket-ship-template HTTP/1.1" 200 38187 "-" "Mozilla/5.0 (compatible; DotBot/1.2; +https://opensiteexplorer.org/dotbot; help@moz.com)"
216.244.66.239 - - [12/Dec/2025:00:52:53 +0100] "GET /platby/aohwuyx/berkeley-preparatory-school HTTP/1.1" 200 35675 "-" "Mozilla/5.0 (compatible; DotBot/1.2; +https://opensiteexplorer.org/dotbot; help@moz.com)"
216.244.66.239 - - [12/Dec/2025:00:52:54 +0100] "GET /platby/aohwuyx/orchard-park-lacrosse-schedule HTTP/1.1" 200 34632 "-" "Mozilla/5.0 (compatible; DotBot/1.2; +https://opensiteexplorer.org/dotbot; help@moz.com)"
216.244.66.239 - - [12/Dec/2025:00:52:55 +0100] "GET /platby/uwoy9/salisbury-university-athletics HTTP/1.1" 200 42174 "-" "Mozilla/5.0 (compatible; DotBot/1.2; +https://opensiteexplorer.org/dotbot; help@moz.com)"
216.244.66.239 - - [12/Dec/2025:00:52:56 +0100] "GET /platby/uwoy9/what-should-a-demo-sound-like HTTP/1.1" 200 34444 "-" "Mozilla/5.0 (compatible; DotBot/1.2; +https://opensiteexplorer.org/dotbot; help@moz.com)"
216.244.66.239 - - [12/Dec/2025:00:52:57 +0100] "GET /platby/aohwuyx/levante-vs-real-madrid-2021 HTTP/1.1" 200 32117 "-" "Mozilla/5.0 (compatible; DotBot/1.2; +https://opensiteexplorer.org/dotbot; help@moz.com)"
216.244.66.239 - - [12/Dec/2025:00:52:59 +0100] "GET /platby/uwoy9/exploring-lifespan-development-4th-edition-citation HTTP/1.1" 200 33632 "-" "Mozilla/5.0 (compatible; DotBot/1.2; +https://opensiteexplorer.org/dotbot; help@moz.com)"
216.244.66.239 - - [12/Dec/2025:00:53:01 +0100] "GET /platby/aohwuyx/training-day-damect-dominguez-pdf HTTP/1.1" 200 36091 "-" "Mozilla/5.0 (compatible; DotBot/1.2; +https://opensiteexplorer.org/dotbot; help@moz.com)"
216.244.66.239 - - [12/Dec/2025:00:53:02 +0100] "GET /platby/uwoy9/public-speaking-definition-oxford-dictionary HTTP/1.1" 200 46534 "-" "Mozilla/5.0 (compatible; DotBot/1.2; +https://opensiteexplorer.org/dotbot; help@moz.com)"
216.244.66.239 - - [12/Dec/2025:00:53:04 +0100] "GET /platby/aohwuyx/tyler-rogers%27-twin-brother HTTP/1.1" 200 39176 "-" "Mozilla/5.0 (compatible; DotBot/1.2; +https://opensiteexplorer.org/dotbot; help@moz.com)"
216.244.66.239 - - [12/Dec/2025:00:53:05 +0100] "GET /platby/uwoy9/timberwolves-most-points-in-a-game HTTP/1.1" 200 39871 "-" "Mozilla/5.0 (compatible; DotBot/1.2; +https://opensiteexplorer.org/dotbot; help@moz.com)"
204.76.203.206 - - [12/Dec/2025:00:53:17 +0100] "GET /" 400 468 "-" "-"
114.119.139.112 - - [12/Dec/2025:00:53:33 +0100] "GET /platby/qqap/3501-university-blvd-east-adelphi-maryland-20783 HTTP/1.1" 200 7059 "http://ispc.klape.eu/platby/qqap/3501-university-blvd-east-adelphi-maryland-20783" "Mozilla/5.0 (Linux; Android 7.0;) AppleWebKit/537.36 (KHTML, like Gecko) Mobile Safari/537.36 (compatible; PetalBot;+https://webmaster.petalsearch.com/site/petalbot)"
204.76.203.206 - - [12/Dec/2025:00:54:38 +0100] "GET / HTTP/1.1" 200 316 "-" "Mozilla/5.0 (Windows NT 10.0; Win64; x64) AppleWebKit/537.36 (KHTML, like Gecko) Chrome/90.0.4430.85 Safari/537.36 Edg/90.0.818.46"
114.119.140.102 - - [12/Dec/2025:00:54:56 +0100] "GET /platby/hca/serie-a-tots-guaranteed-sbc-fifa-21 HTTP/1.1" 200 9570 "http://ispc.klape.eu/platby/hca/serie-a-tots-guaranteed-sbc-fifa-21" "Mozilla/5.0 (Linux; Android 7.0;) AppleWebKit/537.36 (KHTML, like Gecko) Mobile Safari/537.36 (compatible; PetalBot;+https://webmaster.petalsearch.com/site/petalbot)"
79.124.40.174 - - [12/Dec/2025:00:55:49 +0100] "\x16\x03\x01\x05\xa8\x01" 403 265 "-" "-"
185.191.171.13 - - [12/Dec/2025:00:56:43 +0100] "\x16\x03\x01\x01<\x01" 403 265 "-" "-"
185.191.171.13 - - [12/Dec/2025:00:56:44 +0100] "\x16\x03\x01\x01<\x01" 403 265 "-" "-"
114.119.128.6 - - [12/Dec/2025:00:56:45 +0100] "GET /platby/hca/chest-pain-when-lying-on-left-side HTTP/1.1" 200 7156 "http://ispc.klape.eu/platby/hca/chest-pain-when-lying-on-left-side" "Mozilla/5.0 (Linux; Android 7.0;) AppleWebKit/537.36 (KHTML, like Gecko) Mobile Safari/537.36 (compatible; PetalBot;+https://webmaster.petalsearch.com/site/petalbot)"
216.244.66.239 - - [12/Dec/2025:00:57:04 +0100] "GET /platby/uwoy9/akiva-academy-tuition HTTP/1.1" 200 41450 "-" "Mozilla/5.0 (compatible; DotBot/1.2; +https://opensiteexplorer.org/dotbot; help@moz.com)"
114.119.128.6 - - [12/Dec/2025:00:58:05 +0100] "GET /platby/article.php?5d4c26=words-for-full-moon-in-other-languages HTTP/1.1" 200 6923 "http://ispc.klape.eu/platby/article.php?5d4c26=ubs-greek-new-testament-4th-edition-pdf" "Mozilla/5.0 (Linux; Android 7.0;) AppleWebKit/537.36 (KHTML, like Gecko) Mobile Safari/537.36 (compatible; PetalBot;+https://webmaster.petalsearch.com/site/petalbot)"
45.38.44.221 - - [12/Dec/2025:00:58:17 +0100] "GET /" 400 468 "-" "-"
114.119.139.66 - - [12/Dec/2025:00:59:07 +0100] "GET /platby/hca/physical-science-lesson-plan-for-class-9 HTTP/1.1" 200 13482 "http://ispc.klape.eu/platby/hca/apartments-for-rent-perkiomen-ave,-reading,-pa" "Mozilla/5.0 (Linux; Android 7.0;) AppleWebKit/537.36 (KHTML, like Gecko) Mobile Safari/537.36 (compatible; PetalBot;+https://webmaster.petalsearch.com/site/petalbot)"
114.119.139.66 - - [12/Dec/2025:01:00:31 +0100] "GET /platby/article.php?5d4c26=the-national-museum-of-african-american-history-and-culture-washington-dc HTTP/1.1" 200 5134 "http://ispc.klape.eu/platby/article.php?5d4c26=hollywood-pictures/spyglass-entertainment" "Mozilla/5.0 (Linux; Android 7.0;) AppleWebKit/537.36 (KHTML, like Gecko) Mobile Safari/537.36 (compatible; PetalBot;+https://webmaster.petalsearch.com/site/petalbot)"
216.244.66.239 - - [12/Dec/2025:01:01:22 +0100] "GET /platby/72zbxoz/netherlands-vs-australia-2014 HTTP/1.1" 200 43415 "-" "Mozilla/5.0 (compatible; DotBot/1.2; +https://opensiteexplorer.org/dotbot; help@moz.com)"
216.244.66.239 - - [12/Dec/2025:01:01:51 +0100] "GET /platby/72zbxoz/yellow-jacket-sting-won%27t-stop-hurting HTTP/1.1" 200 33973 "-" "Mozilla/5.0 (compatible; DotBot/1.2; +https://opensiteexplorer.org/dotbot; help@moz.com)"
114.119.128.6 - - [12/Dec/2025:01:01:54 +0100] "GET /platby/uwoy9/purple-robe-locust-wiki HTTP/1.1" 200 11384 "http://ispc.klape.eu/platby/uwoy9/purple-robe-locust-wiki" "Mozilla/5.0 (Linux; Android 7.0;) AppleWebKit/537.36 (KHTML, like Gecko) Mobile Safari/537.36 (compatible; PetalBot;+https://webmaster.petalsearch.com/site/petalbot)"
216.244.66.239 - - [12/Dec/2025:01:02:20 +0100] "GET /platby/aohwuyx/keep-your-crown-up-quotes HTTP/1.1" 200 37898 "-" "Mozilla/5.0 (compatible; DotBot/1.2; +https://opensiteexplorer.org/dotbot; help@moz.com)"
216.244.66.239 - - [12/Dec/2025:01:02:48 +0100] "GET /platby/uwoy9/best-fat-burner-for-beginners HTTP/1.1" 200 39733 "-" "Mozilla/5.0 (compatible; DotBot/1.2; +https://opensiteexplorer.org/dotbot; help@moz.com)"
15.235.59.82 - - [12/Dec/2025:01:02:59 +0100] "\x16\x03\x01\x02" 403 265 "-" "-"
216.244.66.239 - - [12/Dec/2025:01:03:14 +0100] "GET /platby/uwoy9/why-are-houses-so-cheap-in-johnstown%2C-pa HTTP/1.1" 200 45233 "-" "Mozilla/5.0 (compatible; DotBot/1.2; +https://opensiteexplorer.org/dotbot; help@moz.com)"
114.119.152.142 - - [12/Dec/2025:01:03:17 +0100] "GET /platby/article.php?5d4c26=physarum-polycephalum-google-scholar HTTP/1.1" 200 6993 "http://ispc.klape.eu/platby/article.php?5d4c26=nike-running-shorts-singapore" "Mozilla/5.0 (Linux; Android 7.0;) AppleWebKit/537.36 (KHTML, like Gecko) Mobile Safari/537.36 (compatible; PetalBot;+https://webmaster.petalsearch.com/site/petalbot)"
103.9.77.141 - - [12/Dec/2025:01:04:21 +0100] "\x16\x03\x01\x05\xc4\x01" 403 265 "-" "-"
103.9.77.141 - - [12/Dec/2025:01:04:32 +0100] "\x16\x03\x01\x05\xc4\x01" 403 265 "-" "-"
114.119.139.66 - - [12/Dec/2025:01:04:40 +0100] "GET /platby/article.php?5d4c26=match-of-the-day-2-live-stream HTTP/1.1" 200 4493 "http://ispc.klape.eu/platby/article.php?5d4c26=australian-immigration-for-doctors" "Mozilla/5.0 (Linux; Android 7.0;) AppleWebKit/537.36 (KHTML, like Gecko) Mobile Safari/537.36 (compatible; PetalBot;+https://webmaster.petalsearch.com/site/petalbot)"
114.119.152.142 - - [12/Dec/2025:01:06:05 +0100] "GET /platby/article.php?5d4c26=flying-pegasus-railroad-stampede HTTP/1.1" 200 6568 "http://ispc.klape.eu/platby/article.php?5d4c26=delta-customer-service-24/7" "Mozilla/5.0 (Linux; Android 7.0;) AppleWebKit/537.36 (KHTML, like Gecko) Mobile Safari/537.36 (compatible; PetalBot;+https://webmaster.petalsearch.com/site/petalbot)"
216.244.66.239 - - [12/Dec/2025:01:07:18 +0100] "GET /platby/72zbxoz/another-word-for-service-provider HTTP/1.1" 200 41549 "-" "Mozilla/5.0 (compatible; DotBot/1.2; +https://opensiteexplorer.org/dotbot; help@moz.com)"
114.119.130.237 - - [12/Dec/2025:01:07:32 +0100] "GET /platby/hca/food-city-friday-food-ads-for-today HTTP/1.1" 200 10926 "http://ispc.klape.eu/platby/hca/best-time-to-sleep-according-to-ayurveda" "Mozilla/5.0 (Linux; Android 7.0;) AppleWebKit/537.36 (KHTML, like Gecko) Mobile Safari/537.36 (compatible; PetalBot;+https://webmaster.petalsearch.com/site/petalbot)"
216.244.66.239 - - [12/Dec/2025:01:07:43 +0100] "GET /platby/72zbxoz/encyclopedia-of-birth-control HTTP/1.1" 200 48734 "-" "Mozilla/5.0 (compatible; DotBot/1.2; +https://opensiteexplorer.org/dotbot; help@moz.com)"
51.68.111.214 - - [12/Dec/2025:01:07:57 +0100] "\x16\x03\x01\x01N\x01" 403 265 "-" "-"
216.244.66.239 - - [12/Dec/2025:01:08:07 +0100] "GET /platby/72zbxoz/science-lessons-for-preschoolers HTTP/1.1" 200 43942 "-" "Mozilla/5.0 (compatible; DotBot/1.2; +https://opensiteexplorer.org/dotbot; help@moz.com)"
44.223.115.10 - - [12/Dec/2025:01:08:20 +0100] "GET /platby/hca/best-cheap-premier-league-strikers-fifa-21-ultimate-team HTTP/1.1" 200 7382 "-" "Mozilla/5.0 AppleWebKit/537.36 (KHTML, like Gecko; compatible; Amazonbot/0.1; +https://developer.amazon.com/support/amazonbot) Chrome/119.0.6045.214 Safari/537.36"
54.157.84.74 - - [12/Dec/2025:01:08:24 +0100] "GET /platby/uwoy9/stay-with-me-drama-ending HTTP/1.1" 200 10744 "-" "Mozilla/5.0 AppleWebKit/537.36 (KHTML, like Gecko; compatible; Amazonbot/0.1; +https://developer.amazon.com/support/amazonbot) Chrome/119.0.6045.214 Safari/537.36"
34.235.239.240 - - [12/Dec/2025:01:08:29 +0100] "GET /platby/qqap/how-to-knit-a-sweater-for-beginners HTTP/1.1" 200 10639 "-" "Mozilla/5.0 AppleWebKit/537.36 (KHTML, like Gecko; compatible; Amazonbot/0.1; +https://developer.amazon.com/support/amazonbot) Chrome/119.0.6045.214 Safari/537.36"
216.244.66.239 - - [12/Dec/2025:01:08:30 +0100] "GET /platby/72zbxoz/stinging-nettle-scientific-name HTTP/1.1" 200 39171 "-" "Mozilla/5.0 (compatible; DotBot/1.2; +https://opensiteexplorer.org/dotbot; help@moz.com)"
34.206.193.60 - - [12/Dec/2025:01:08:32 +0100] "GET /platby/72zbxoz/south-carolina-state-football-recruiting HTTP/1.1" 200 11123 "-" "Mozilla/5.0 AppleWebKit/537.36 (KHTML, like Gecko; compatible; Amazonbot/0.1; +https://developer.amazon.com/support/amazonbot) Chrome/119.0.6045.214 Safari/537.36"
52.3.104.214 - - [12/Dec/2025:01:08:36 +0100] "GET /platby/72zbxoz/vikings-2020-schedule HTTP/1.1" 200 11611 "-" "Mozilla/5.0 AppleWebKit/537.36 (KHTML, like Gecko; compatible; Amazonbot/0.1; +https://developer.amazon.com/support/amazonbot) Chrome/119.0.6045.214 Safari/537.36"
216.244.66.239 - - [12/Dec/2025:01:08:51 +0100] "GET /platby/72zbxoz/william-avery-photography HTTP/1.1" 200 31956 "-" "Mozilla/5.0 (compatible; DotBot/1.2; +https://opensiteexplorer.org/dotbot; help@moz.com)"
79.124.40.174 - - [12/Dec/2025:01:08:52 +0100] "\x16\x03\x01\x05\xa8\x01" 403 265 "-" "-"
114.119.152.142 - - [12/Dec/2025:01:08:55 +0100] "GET /platby/uwoy9/linux-compare-two-files-byte-by-byte HTTP/1.1" 200 12686 "http://ispc.klape.eu/platby/uwoy9/linux-compare-two-files-byte-by-byte" "Mozilla/5.0 (Linux; Android 7.0;) AppleWebKit/537.36 (KHTML, like Gecko) Mobile Safari/537.36 (compatible; PetalBot;+https://webmaster.petalsearch.com/site/petalbot)"
216.244.66.239 - - [12/Dec/2025:01:09:12 +0100] "GET /platby/uwoy9/alcatel-phone-screen-replacement HTTP/1.1" 200 43908 "-" "Mozilla/5.0 (compatible; DotBot/1.2; +https://opensiteexplorer.org/dotbot; help@moz.com)"
216.244.66.239 - - [12/Dec/2025:01:09:32 +0100] "GET /platby/uwoy9/george-washington-university-gpa HTTP/1.1" 200 39101 "-" "Mozilla/5.0 (compatible; DotBot/1.2; +https://opensiteexplorer.org/dotbot; help@moz.com)"
216.244.66.239 - - [12/Dec/2025:01:09:51 +0100] "GET /platby/uwoy9/umass-boston-curriculum HTTP/1.1" 200 47734 "-" "Mozilla/5.0 (compatible; DotBot/1.2; +https://opensiteexplorer.org/dotbot; help@moz.com)"
114.119.139.66 - - [12/Dec/2025:01:10:21 +0100] "GET /platby/uwoy9/dermalogica-active-moist-100-ml HTTP/1.1" 200 8215 "http://ispc.klape.eu/platby/uwoy9/what-is-zion-williamson-40-yard-dash" "Mozilla/5.0 (Linux; Android 7.0;) AppleWebKit/537.36 (KHTML, like Gecko) Mobile Safari/537.36 (compatible; PetalBot;+https://webmaster.petalsearch.com/site/petalbot)"
204.76.203.206 - - [12/Dec/2025:01:10:37 +0100] "GET /" 400 468 "-" "-"
204.76.203.212 - - [12/Dec/2025:01:10:56 +0100] "GET /" 400 468 "-" "-"
204.76.203.206 - - [12/Dec/2025:01:11:32 +0100] "GET / HTTP/1.1" 200 316 "-" "Mozilla/5.0 (Windows NT 10.0; Win64; x64) AppleWebKit/537.36 (KHTML, like Gecko) Chrome/90.0.4430.85 Safari/537.36 Edg/90.0.818.46"
114.119.140.102 - - [12/Dec/2025:01:11:41 +0100] "GET /platby/article.php?5d4c26=q1-journals-in-computer-science HTTP/1.1" 200 3989 "http://ispc.klape.eu/platby/article.php?5d4c26=Fiesta-Online-Gameplay" "Mozilla/5.0 (Linux; Android 7.0;) AppleWebKit/537.36 (KHTML, like Gecko) Mobile Safari/537.36 (compatible; PetalBot;+https://webmaster.petalsearch.com/site/petalbot)"
80.248.225.154 - - [12/Dec/2025:01:11:47 +0100] "\x16\x03\x01\x01" 403 265 "-" "-"
114.119.152.142 - - [12/Dec/2025:01:13:05 +0100] "GET /platby/article.php?5d4c26=five-go-caravanning-cast HTTP/1.1" 200 7103 "http://ispc.klape.eu/platby/article.php?5d4c26=meaning-of-wondered" "Mozilla/5.0 (Linux; Android 7.0;) AppleWebKit/537.36 (KHTML, like Gecko) Mobile Safari/537.36 (compatible; PetalBot;+https://webmaster.petalsearch.com/site/petalbot)"
114.119.128.6 - - [12/Dec/2025:01:14:35 +0100] "GET /platby/uwoy9/you're-not-elected,-charlie-brown-quotes HTTP/1.1" 200 8679 "http://ispc.klape.eu/platby/uwoy9/final-fantasy-7-advent-children-complete-4k-remastered" "Mozilla/5.0 (Linux; Android 7.0;) AppleWebKit/537.36 (KHTML, like Gecko) Mobile Safari/537.36 (compatible; PetalBot;+https://webmaster.petalsearch.com/site/petalbot)"
106.222.224.164 - - [12/Dec/2025:01:14:43 +0100] "\x16\x03\x01\x01\xb9\x01" 403 265 "-" "-"
106.222.224.164 - - [12/Dec/2025:01:14:43 +0100] "\x16\x03\x03" 403 265 "-" "-"
114.119.149.2 - - [12/Dec/2025:01:15:54 +0100] "GET /platby/article.php?5d4c26=regulus-black-depressed-fanfiction HTTP/1.1" 200 5534 "http://ispc.klape.eu/platby/article.php?5d4c26=nestl%C3%A9-strategic-plan-pdf" "Mozilla/5.0 (Linux; Android 7.0;) AppleWebKit/537.36 (KHTML, like Gecko) Mobile Safari/537.36 (compatible; PetalBot;+https://webmaster.petalsearch.com/site/petalbot)"
114.119.149.2 - - [12/Dec/2025:01:17:16 +0100] "GET /platby/qqap/citizen-soldier-band-merch HTTP/1.1" 200 6124 "http://ispc.klape.eu/platby/qqap/citizen-soldier-band-merch" "Mozilla/5.0 (Linux; Android 7.0;) AppleWebKit/537.36 (KHTML, like Gecko) Mobile Safari/537.36 (compatible; PetalBot;+https://webmaster.petalsearch.com/site/petalbot)"
104.210.140.140 - - [12/Dec/2025:01:17:31 +0100] "\x16\x03\x01\x02" 403 265 "-" "-"
104.210.140.143 - - [12/Dec/2025:01:17:31 +0100] "\x16\x03\x01\x02" 403 265 "-" "-"
104.210.140.134 - - [12/Dec/2025:01:17:32 +0100] "\x16\x03\x01\x02" 403 265 "-" "-"
104.210.140.140 - - [12/Dec/2025:01:17:32 +0100] "\x16\x03\x01\x02" 403 265 "-" "-"
104.210.140.137 - - [12/Dec/2025:01:17:36 +0100] "\x16\x03\x01\x02" 403 265 "-" "-"
104.210.140.131 - - [12/Dec/2025:01:17:37 +0100] "\x16\x03\x01\x02" 403 265 "-" "-"
104.210.140.141 - - [12/Dec/2025:01:17:38 +0100] "\x16\x03\x01\x02" 403 265 "-" "-"
104.210.140.139 - - [12/Dec/2025:01:17:38 +0100] "\x16\x03\x01\x02" 403 265 "-" "-"
104.210.140.137 - - [12/Dec/2025:01:17:38 +0100] "\x16\x03\x01\x02\x03\x01" 403 265 "-" "-"
114.119.140.102 - - [12/Dec/2025:01:18:44 +0100] "GET /platby/article.php?5d4c26=most-silicate-minerals-found-in-florida-are HTTP/1.1" 200 6791 "http://ispc.klape.eu/platby/article.php?5d4c26=berita-indonesia-hari-ini" "Mozilla/5.0 (Linux; Android 7.0;) AppleWebKit/537.36 (KHTML, like Gecko) Mobile Safari/537.36 (compatible; PetalBot;+https://webmaster.petalsearch.com/site/petalbot)"
34.226.89.140 - - [12/Dec/2025:01:18:56 +0100] "GET /platby/72zbxoz/lgbtq+-business-awards HTTP/1.1" 200 10773 "-" "Mozilla/5.0 AppleWebKit/537.36 (KHTML, like Gecko; compatible; Amazonbot/0.1; +https://developer.amazon.com/support/amazonbot) Chrome/119.0.6045.214 Safari/537.36"
114.119.128.6 - - [12/Dec/2025:01:19:59 +0100] "GET /platby/article.php?5d4c26=late-august-early-september-(1998)-trailer HTTP/1.1" 200 5566 "http://ispc.klape.eu/platby/article.php?5d4c26=late-august-early-september-%281998%29-trailer" "Mozilla/5.0 (Linux; Android 7.0;) AppleWebKit/537.36 (KHTML, like Gecko) Mobile Safari/537.36 (compatible; PetalBot;+https://webmaster.petalsearch.com/site/petalbot)"
114.119.130.237 - - [12/Dec/2025:01:21:23 +0100] "GET /platby/qqap/how-many-rings-does-tyson-chandler-have HTTP/1.1" 200 12739 "http://ispc.klape.eu/platby/qqap/gcps-salary-schedule-2021-2022" "Mozilla/5.0 (Linux; Android 7.0;) AppleWebKit/537.36 (KHTML, like Gecko) Mobile Safari/537.36 (compatible; PetalBot;+https://webmaster.petalsearch.com/site/petalbot)"
100.30.248.17 - - [12/Dec/2025:01:22:48 +0100] "\x16\x03\x01\x02" 403 265 "-" "-"
114.119.152.142 - - [12/Dec/2025:01:22:50 +0100] "GET /platby/article.php?5d4c26=setting-up-a-co-operative-in-singapore HTTP/1.1" 200 5505 "http://ispc.klape.eu/platby/article.php?5d4c26=don%27t-starve-wx-78-adventure-mode" "Mozilla/5.0 (Linux; Android 7.0;) AppleWebKit/537.36 (KHTML, like Gecko) Mobile Safari/537.36 (compatible; PetalBot;+https://webmaster.petalsearch.com/site/petalbot)"
149.50.103.48 - - [12/Dec/2025:01:23:49 +0100] "GET /" 400 468 "-" "-"
114.119.139.112 - - [12/Dec/2025:01:24:10 +0100] "GET /platby/hca/driving-schools-that-issue-license-near-me HTTP/1.1" 200 9978 "http://ispc.klape.eu/platby/hca/potbelly-mediterranean" "Mozilla/5.0 (Linux; Android 7.0;) AppleWebKit/537.36 (KHTML, like Gecko) Mobile Safari/537.36 (compatible; PetalBot;+https://webmaster.petalsearch.com/site/petalbot)"
114.119.129.163 - - [12/Dec/2025:01:25:35 +0100] "GET /platby/article.php?5d4c26=liberty-or-death-flag-meaning HTTP/1.1" 200 7393 "http://ispc.klape.eu/platby/article.php?5d4c26=how-to-become-a-black-hat-hacker" "Mozilla/5.0 (Linux; Android 7.0;) AppleWebKit/537.36 (KHTML, like Gecko) Mobile Safari/537.36 (compatible; PetalBot;+https://webmaster.petalsearch.com/site/petalbot)"
114.119.129.163 - - [12/Dec/2025:01:26:56 +0100] "GET /platby/article.php?5d4c26=breaking-the-space-time-continuum HTTP/1.1" 200 7387 "http://ispc.klape.eu/platby/article.php?5d4c26=growth-rpg-game" "Mozilla/5.0 (Linux; Android 7.0;) AppleWebKit/537.36 (KHTML, like Gecko) Mobile Safari/537.36 (compatible; PetalBot;+https://webmaster.petalsearch.com/site/petalbot)"
204.76.203.206 - - [12/Dec/2025:01:27:33 +0100] "GET /" 400 468 "-" "-"
114.119.152.142 - - [12/Dec/2025:01:28:20 +0100] "GET /platby/article.php?5d4c26=smite-set-build-joust HTTP/1.1" 200 6029 "http://ispc.klape.eu/platby/article.php?5d4c26=joe-marler-alun-wyn-jones" "Mozilla/5.0 (Linux; Android 7.0;) AppleWebKit/537.36 (KHTML, like Gecko) Mobile Safari/537.36 (compatible; PetalBot;+https://webmaster.petalsearch.com/site/petalbot)"
204.76.203.206 - - [12/Dec/2025:01:28:54 +0100] "GET / HTTP/1.1" 200 316 "-" "Mozilla/5.0 (Windows NT 10.0; Win64; x64) AppleWebKit/537.36 (KHTML, like Gecko) Chrome/90.0.4430.85 Safari/537.36 Edg/90.0.818.46"
114.119.149.2 - - [12/Dec/2025:01:29:44 +0100] "GET /platby/article.php?5d4c26=best-police-scanner-app-for-iphone-2019 HTTP/1.1" 200 5998 "http://ispc.klape.eu/platby/article.php?5d4c26=toddler-refusing-sleeping-bag" "Mozilla/5.0 (Linux; Android 7.0;) AppleWebKit/537.36 (KHTML, like Gecko) Mobile Safari/537.36 (compatible; PetalBot;+https://webmaster.petalsearch.com/site/petalbot)"
114.119.128.6 - - [12/Dec/2025:01:31:08 +0100] "GET /platby/article.php?5d4c26=tom-gleeson----joy HTTP/1.1" 200 6727 "http://ispc.klape.eu/platby/article.php?5d4c26=millennium-drought-quotes" "Mozilla/5.0 (Linux; Android 7.0;) AppleWebKit/537.36 (KHTML, like Gecko) Mobile Safari/537.36 (compatible; PetalBot;+https://webmaster.petalsearch.com/site/petalbot)"
104.210.140.139 - - [12/Dec/2025:01:31:24 +0100] "\x16\x03\x01\x02" 403 265 "-" "-"
104.210.140.129 - - [12/Dec/2025:01:31:26 +0100] "\x16\x03\x01\x02" 403 265 "-" "-"
104.210.140.137 - - [12/Dec/2025:01:31:26 +0100] "\x16\x03\x01\x02" 403 265 "-" "-"
104.210.140.141 - - [12/Dec/2025:01:31:29 +0100] "\x16\x03\x01\x02" 403 265 "-" "-"
104.210.140.134 - - [12/Dec/2025:01:31:29 +0100] "\x16\x03\x01\x02" 403 265 "-" "-"
104.210.140.140 - - [12/Dec/2025:01:31:31 +0100] "\x16\x03\x01\x02" 403 265 "-" "-"
104.210.140.130 - - [12/Dec/2025:01:31:32 +0100] "\x16\x03\x01\x02" 403 265 "-" "-"
114.119.140.102 - - [12/Dec/2025:01:32:31 +0100] "GET /platby/article.php?5d4c26=alcohol-ban-nz-coronavirus HTTP/1.1" 200 6664 "http://ispc.klape.eu/platby/article.php?5d4c26=360-assessment-questions" "Mozilla/5.0 (Linux; Android 7.0;) AppleWebKit/537.36 (KHTML, like Gecko) Mobile Safari/537.36 (compatible; PetalBot;+https://webmaster.petalsearch.com/site/petalbot)"
114.119.130.237 - - [12/Dec/2025:01:33:55 +0100] "GET /platby/uwoy9/beaufort-gazette-e-edition HTTP/1.1" 200 9024 "http://ispc.klape.eu/platby/uwoy9/beaufort-gazette-e-edition" "Mozilla/5.0 (Linux; Android 7.0;) AppleWebKit/537.36 (KHTML, like Gecko) Mobile Safari/537.36 (compatible; PetalBot;+https://webmaster.petalsearch.com/site/petalbot)"
114.119.139.112 - - [12/Dec/2025:01:35:24 +0100] "GET /platby/article.php?5d4c26=taiwan-weather-august HTTP/1.1" 200 7310 "http://ispc.klape.eu/platby/article.php?5d4c26=Opposite-of-ewe" "Mozilla/5.0 (Linux; Android 7.0;) AppleWebKit/537.36 (KHTML, like Gecko) Mobile Safari/537.36 (compatible; PetalBot;+https://webmaster.petalsearch.com/site/petalbot)"
213.209.143.82 - - [12/Dec/2025:01:35:52 +0100] "CONNECT www.cloudflare.com:443 HTTP/1.1" 405 294 "-" "Go-http-client/1.1"
213.209.143.82 - - [12/Dec/2025:01:35:52 +0100] "CONNECT www.google.com:443 HTTP/1.1" 405 290 "-" "Go-http-client/1.1"
128.203.200.235 - - [12/Dec/2025:01:36:22 +0100] "\x16\x03\x01" 403 265 "-" "-"
114.119.139.66 - - [12/Dec/2025:01:36:51 +0100] "GET /platby/article.php?5d4c26=sesame-street---youtube HTTP/1.1" 200 6089 "http://ispc.klape.eu/platby/article.php?5d4c26=as-long-as-i-have-you-elvis-lyrics" "Mozilla/5.0 (Linux; Android 7.0;) AppleWebKit/537.36 (KHTML, like Gecko) Mobile Safari/537.36 (compatible; PetalBot;+https://webmaster.petalsearch.com/site/petalbot)"
114.119.130.237 - - [12/Dec/2025:01:38:11 +0100] "GET /platby/article.php?5d4c26=adil-aouchiche-whoscored HTTP/1.1" 200 6108 "http://ispc.klape.eu/platby/article.php?5d4c26=path-of-exile-passive-skill-point-quest-rewards" "Mozilla/5.0 (Linux; Android 7.0;) AppleWebKit/537.36 (KHTML, like Gecko) Mobile Safari/537.36 (compatible; PetalBot;+https://webmaster.petalsearch.com/site/petalbot)"
79.124.40.174 - - [12/Dec/2025:01:38:23 +0100] "\x16\x03\x01\x05\xa8\x01" 403 265 "-" "-"
20.163.15.130 - - [12/Dec/2025:01:39:26 +0100] "\x16\x03\x01" 403 265 "-" "-"
114.119.129.163 - - [12/Dec/2025:01:39:34 +0100] "GET /platby/article.php?5d4c26=Terraria-Hardmode-Guide HTTP/1.1" 200 6904 "http://ispc.klape.eu/platby/article.php?5d4c26=someone-who-always-talks-about-the-past" "Mozilla/5.0 (Linux; Android 7.0;) AppleWebKit/537.36 (KHTML, like Gecko) Mobile Safari/537.36 (compatible; PetalBot;+https://webmaster.petalsearch.com/site/petalbot)"
114.119.128.6 - - [12/Dec/2025:01:40:52 +0100] "GET /platby/aohwuyx/similarities-and-differences-between-scrum-and-kanban HTTP/1.1" 200 9604 "http://ispc.klape.eu/platby/aohwuyx/similarities-and-differences-between-scrum-and-kanban" "Mozilla/5.0 (Linux; Android 7.0;) AppleWebKit/537.36 (KHTML, like Gecko) Mobile Safari/537.36 (compatible; PetalBot;+https://webmaster.petalsearch.com/site/petalbot)"
216.244.66.239 - - [12/Dec/2025:01:42:05 +0100] "GET /robots.txt HTTP/1.1" 200 34 "-" "Mozilla/5.0 (compatible; DotBot/1.2; +https://opensiteexplorer.org/dotbot; help@moz.com)"
114.119.139.66 - - [12/Dec/2025:01:42:17 +0100] "GET /platby/qqap/how-to-develop-cultural-competence-in-the-workplace HTTP/1.1" 200 12324 "http://ispc.klape.eu/platby/qqap/succubi-pronunciation" "Mozilla/5.0 (Linux; Android 7.0;) AppleWebKit/537.36 (KHTML, like Gecko) Mobile Safari/537.36 (compatible; PetalBot;+https://webmaster.petalsearch.com/site/petalbot)"
114.119.128.6 - - [12/Dec/2025:01:43:44 +0100] "GET /platby/qqap/springerlink-database HTTP/1.1" 200 8459 "http://ispc.klape.eu/platby/qqap/the-sign-of-the-seahorse-summary" "Mozilla/5.0 (Linux; Android 7.0;) AppleWebKit/537.36 (KHTML, like Gecko) Mobile Safari/537.36 (compatible; PetalBot;+https://webmaster.petalsearch.com/site/petalbot)"
204.76.203.206 - - [12/Dec/2025:01:44:14 +0100] "GET /" 400 468 "-" "-"
114.119.128.6 - - [12/Dec/2025:01:45:03 +0100] "GET /platby/article.php?5d4c26=the-ai-institute-careers HTTP/1.1" 200 6800 "http://ispc.klape.eu/platby/article.php?5d4c26=gather-together-scripture" "Mozilla/5.0 (Linux; Android 7.0;) AppleWebKit/537.36 (KHTML, like Gecko) Mobile Safari/537.36 (compatible; PetalBot;+https://webmaster.petalsearch.com/site/petalbot)"
204.76.203.206 - - [12/Dec/2025:01:45:14 +0100] "GET / HTTP/1.1" 200 316 "-" "Mozilla/5.0 (Windows NT 10.0; Win64; x64) AppleWebKit/537.36 (KHTML, like Gecko) Chrome/90.0.4430.85 Safari/537.36 Edg/90.0.818.46"
216.244.66.239 - - [12/Dec/2025:01:45:51 +0100] "GET /platby/article.php?5d4c26=Deathtrap-Dungeon-Trilogy HTTP/1.1" 200 16874 "-" "Mozilla/5.0 (compatible; DotBot/1.2; +https://opensiteexplorer.org/dotbot; help@moz.com)"
216.244.66.239 - - [12/Dec/2025:01:45:55 +0100] "GET /platby/article.php?5d4c26=Gwent-card-types HTTP/1.1" 200 24972 "-" "Mozilla/5.0 (compatible; DotBot/1.2; +https://opensiteexplorer.org/dotbot; help@moz.com)"
216.244.66.239 - - [12/Dec/2025:01:45:59 +0100] "GET /platby/article.php?5d4c26=Korean-rude-words HTTP/1.1" 200 16642 "-" "Mozilla/5.0 (compatible; DotBot/1.2; +https://opensiteexplorer.org/dotbot; help@moz.com)"
216.244.66.239 - - [12/Dec/2025:01:46:03 +0100] "GET /platby/article.php?5d4c26=Max-Payne-novel HTTP/1.1" 200 17255 "-" "Mozilla/5.0 (compatible; DotBot/1.2; +https://opensiteexplorer.org/dotbot; help@moz.com)"
216.244.66.239 - - [12/Dec/2025:01:46:06 +0100] "GET /platby/article.php?5d4c26=Success-in-Sanskrit HTTP/1.1" 200 22742 "-" "Mozilla/5.0 (compatible; DotBot/1.2; +https://opensiteexplorer.org/dotbot; help@moz.com)"
216.244.66.239 - - [12/Dec/2025:01:46:09 +0100] "GET /platby/article.php?5d4c26=cho-seung-youn-songs HTTP/1.1" 200 18811 "-" "Mozilla/5.0 (compatible; DotBot/1.2; +https://opensiteexplorer.org/dotbot; help@moz.com)"
216.244.66.239 - - [12/Dec/2025:01:46:11 +0100] "GET /platby/article.php?5d4c26=dock-a-tot-reviews HTTP/1.1" 200 19604 "-" "Mozilla/5.0 (compatible; DotBot/1.2; +https://opensiteexplorer.org/dotbot; help@moz.com)"
216.244.66.239 - - [12/Dec/2025:01:46:13 +0100] "GET /platby/article.php?5d4c26=filemaker-pro-16 HTTP/1.1" 200 23887 "-" "Mozilla/5.0 (compatible; DotBot/1.2; +https://opensiteexplorer.org/dotbot; help@moz.com)"
216.244.66.239 - - [12/Dec/2025:01:46:15 +0100] "GET /platby/article.php?5d4c26=gu-kailai-son HTTP/1.1" 200 17488 "-" "Mozilla/5.0 (compatible; DotBot/1.2; +https://opensiteexplorer.org/dotbot; help@moz.com)"
216.244.66.239 - - [12/Dec/2025:01:46:18 +0100] "GET /platby/article.php?5d4c26=kusi-news-vista HTTP/1.1" 200 17104 "-" "Mozilla/5.0 (compatible; DotBot/1.2; +https://opensiteexplorer.org/dotbot; help@moz.com)"
216.244.66.239 - - [12/Dec/2025:01:46:21 +0100] "GET /platby/article.php?5d4c26=love-someone-chords-jason-mraz HTTP/1.1" 200 22186 "-" "Mozilla/5.0 (compatible; DotBot/1.2; +https://opensiteexplorer.org/dotbot; help@moz.com)"
216.244.66.239 - - [12/Dec/2025:01:46:22 +0100] "GET /platby/article.php?5d4c26=pubg-amazon-pc HTTP/1.1" 200 24607 "-" "Mozilla/5.0 (compatible; DotBot/1.2; +https://opensiteexplorer.org/dotbot; help@moz.com)"
216.244.66.239 - - [12/Dec/2025:01:46:24 +0100] "GET /platby/article.php?5d4c26=thomas-aquinas-timeline HTTP/1.1" 200 22999 "-" "Mozilla/5.0 (compatible; DotBot/1.2; +https://opensiteexplorer.org/dotbot; help@moz.com)"
216.244.66.239 - - [12/Dec/2025:01:46:26 +0100] "GET /platby/article.php?5d4c26=urn-in-spanish HTTP/1.1" 200 17759 "-" "Mozilla/5.0 (compatible; DotBot/1.2; +https://opensiteexplorer.org/dotbot; help@moz.com)"
