216.244.66.239 - - [12/Dec/2025:08:36:24 +0100] "GET /platby/aohwuyx/cornell-transfer-college-confidential HTTP/1.1" 200 32329 "-" "Mozilla/5.0 (compatible; DotBot/1.2; +https://opensiteexplorer.org/dotbot; help@moz.com)"
216.244.66.239 - - [12/Dec/2025:08:36:26 +0100] "GET /platby/uwoy9/unique-couple-nicknames HTTP/1.1" 200 38462 "-" "Mozilla/5.0 (compatible; DotBot/1.2; +https://opensiteexplorer.org/dotbot; help@moz.com)"
216.244.66.239 - - [12/Dec/2025:08:36:28 +0100] "GET /platby/aohwuyx/smartsheet-attachment-column HTTP/1.1" 200 38454 "-" "Mozilla/5.0 (compatible; DotBot/1.2; +https://opensiteexplorer.org/dotbot; help@moz.com)"
216.244.66.239 - - [12/Dec/2025:08:36:29 +0100] "GET /platby/aohwuyx/where-to-buy-mountain-laurel HTTP/1.1" 200 37083 "-" "Mozilla/5.0 (compatible; DotBot/1.2; +https://opensiteexplorer.org/dotbot; help@moz.com)"
216.244.66.239 - - [12/Dec/2025:08:36:31 +0100] "GET /platby/uwoy9/when-does-mountain-laurel-bloom-in-pennsylvania HTTP/1.1" 200 39991 "-" "Mozilla/5.0 (compatible; DotBot/1.2; +https://opensiteexplorer.org/dotbot; help@moz.com)"
216.244.66.239 - - [12/Dec/2025:08:36:33 +0100] "GET /platby/aohwuyx/endeavor-content-sale HTTP/1.1" 200 22308 "-" "Mozilla/5.0 (compatible; DotBot/1.2; +https://opensiteexplorer.org/dotbot; help@moz.com)"
216.244.66.239 - - [12/Dec/2025:08:36:37 +0100] "GET /platby/aohwuyx/philosophical-sagacity%3A-problems HTTP/1.1" 200 27118 "-" "Mozilla/5.0 (compatible; DotBot/1.2; +https://opensiteexplorer.org/dotbot; help@moz.com)"
216.244.66.239 - - [12/Dec/2025:08:36:40 +0100] "GET /platby/aohwuyx/teeter-rowing-machine HTTP/1.1" 200 42389 "-" "Mozilla/5.0 (compatible; DotBot/1.2; +https://opensiteexplorer.org/dotbot; help@moz.com)"
216.244.66.239 - - [12/Dec/2025:08:36:43 +0100] "GET /platby/uwoy9/duke-basketball-campout HTTP/1.1" 200 35595 "-" "Mozilla/5.0 (compatible; DotBot/1.2; +https://opensiteexplorer.org/dotbot; help@moz.com)"
216.244.66.239 - - [12/Dec/2025:08:36:46 +0100] "GET /platby/uwoy9/flexible-jobs-for-college-students HTTP/1.1" 200 52456 "-" "Mozilla/5.0 (compatible; DotBot/1.2; +https://opensiteexplorer.org/dotbot; help@moz.com)"
216.244.66.239 - - [12/Dec/2025:08:36:49 +0100] "GET /platby/uwoy9/zion-williamson-high-school HTTP/1.1" 200 34635 "-" "Mozilla/5.0 (compatible; DotBot/1.2; +https://opensiteexplorer.org/dotbot; help@moz.com)"
216.244.66.239 - - [12/Dec/2025:08:36:51 +0100] "GET /platby/aohwuyx/oakland-community-college-email HTTP/1.1" 200 40494 "-" "Mozilla/5.0 (compatible; DotBot/1.2; +https://opensiteexplorer.org/dotbot; help@moz.com)"
216.244.66.239 - - [12/Dec/2025:08:36:53 +0100] "GET /platby/aohwuyx/in-the-heights-broadway-recording HTTP/1.1" 200 36698 "-" "Mozilla/5.0 (compatible; DotBot/1.2; +https://opensiteexplorer.org/dotbot; help@moz.com)"
216.244.66.239 - - [12/Dec/2025:08:36:55 +0100] "GET /platby/aohwuyx/why-was-stephenson%27s-rocket-important HTTP/1.1" 200 32307 "-" "Mozilla/5.0 (compatible; DotBot/1.2; +https://opensiteexplorer.org/dotbot; help@moz.com)"
79.124.40.174 - - [12/Dec/2025:08:38:02 +0100] "GET /" 400 468 "-" "-"
216.244.66.239 - - [12/Dec/2025:08:38:02 +0100] "GET /platby/aohwuyx/annette-o-toole-health-issues HTTP/1.1" 200 44429 "-" "Mozilla/5.0 (compatible; DotBot/1.2; +https://opensiteexplorer.org/dotbot; help@moz.com)"
216.244.66.239 - - [12/Dec/2025:08:38:04 +0100] "GET /platby/uwoy9/trees-in-the-southeast-region HTTP/1.1" 200 36139 "-" "Mozilla/5.0 (compatible; DotBot/1.2; +https://opensiteexplorer.org/dotbot; help@moz.com)"
138.246.253.24 - - [12/Dec/2025:08:40:00 +0100] "\x16\x03\x01\x01\r\x01" 400 289 "-" "-"
138.246.253.24 - - [12/Dec/2025:08:40:09 +0100] "\x16\x03\x01\x01\x12\x01" 403 265 "-" "-"
147.185.132.60 - - [12/Dec/2025:08:40:41 +0100] "\x16\x03\x01\x01\x05\x01" 403 265 "-" "-"
147.185.132.60 - - [12/Dec/2025:08:40:42 +0100] "\x16\x03\x01" 403 265 "-" "-"
66.249.79.64 - - [12/Dec/2025:08:42:22 +0100] "\x16\x03\x01\x02" 403 265 "-" "-"
204.76.203.8 - - [12/Dec/2025:08:42:42 +0100] "\x16\x03\x01" 403 265 "-" "-"
98.81.107.110 - - [12/Dec/2025:08:42:46 +0100] "\x16\x03\x01\x02" 403 265 "-" "-"
204.76.203.206 - - [12/Dec/2025:08:43:03 +0100] "GET /" 400 468 "-" "-"
18.213.70.100 - - [12/Dec/2025:08:43:36 +0100] "GET /platby/qqap/side-saturday-market-times HTTP/1.1" 200 10541 "-" "Mozilla/5.0 AppleWebKit/537.36 (KHTML, like Gecko; compatible; Amazonbot/0.1; +https://developer.amazon.com/support/amazonbot) Chrome/119.0.6045.214 Safari/537.36"
98.84.131.195 - - [12/Dec/2025:08:43:40 +0100] "GET /platby/qqap/fingerprint-hardware-for-gionee-5005 HTTP/1.1" 200 10406 "-" "Mozilla/5.0 AppleWebKit/537.36 (KHTML, like Gecko; compatible; Amazonbot/0.1; +https://developer.amazon.com/support/amazonbot) Chrome/119.0.6045.214 Safari/537.36"
34.231.77.232 - - [12/Dec/2025:08:43:44 +0100] "GET /platby/72zbxoz/institutional-investor-vote HTTP/1.1" 200 10508 "-" "Mozilla/5.0 AppleWebKit/537.36 (KHTML, like Gecko; compatible; Amazonbot/0.1; +https://developer.amazon.com/support/amazonbot) Chrome/119.0.6045.214 Safari/537.36"
44.215.231.15 - - [12/Dec/2025:08:43:49 +0100] "GET /platby/uwoy9/difference-between-equity-and-equality-in-education-pdf HTTP/1.1" 200 13910 "-" "Mozilla/5.0 AppleWebKit/537.36 (KHTML, like Gecko; compatible; Amazonbot/0.1; +https://developer.amazon.com/support/amazonbot) Chrome/119.0.6045.214 Safari/537.36"
204.76.203.206 - - [12/Dec/2025:08:43:52 +0100] "GET / HTTP/1.1" 200 316 "-" "Mozilla/5.0 (Windows NT 10.0; Win64; x64) AppleWebKit/537.36 (KHTML, like Gecko) Chrome/90.0.4430.85 Safari/537.36 Edg/90.0.818.46"
18.210.58.238 - - [12/Dec/2025:08:43:52 +0100] "GET /platby/aohwuyx/walmart-webcam-with-microphone HTTP/1.1" 200 12636 "-" "Mozilla/5.0 AppleWebKit/537.36 (KHTML, like Gecko; compatible; Amazonbot/0.1; +https://developer.amazon.com/support/amazonbot) Chrome/119.0.6045.214 Safari/537.36"
44.215.235.20 - - [12/Dec/2025:08:43:57 +0100] "GET /platby/72zbxoz/graham-taylor-psychologist HTTP/1.1" 200 12878 "-" "Mozilla/5.0 AppleWebKit/537.36 (KHTML, like Gecko; compatible; Amazonbot/0.1; +https://developer.amazon.com/support/amazonbot) Chrome/119.0.6045.214 Safari/537.36"
3.215.59.93 - - [12/Dec/2025:08:44:01 +0100] "GET /platby/aohwuyx/blade-runner-2049-in-depth-analysis HTTP/1.1" 200 11899 "-" "Mozilla/5.0 AppleWebKit/537.36 (KHTML, like Gecko; compatible; Amazonbot/0.1; +https://developer.amazon.com/support/amazonbot) Chrome/119.0.6045.214 Safari/537.36"
204.76.203.8 - - [12/Dec/2025:08:45:47 +0100] "\x16\x03\x01" 403 265 "-" "-"
114.119.139.66 - - [12/Dec/2025:08:46:34 +0100] "GET /platby/uwoy9/how-many-hours-of-sleep-do-adults-need HTTP/1.1" 200 9196 "http://ispc.klape.eu/platby/uwoy9/how-many-hours-of-sleep-do-adults-need" "Mozilla/5.0 (Linux; Android 7.0;) AppleWebKit/537.36 (KHTML, like Gecko) Mobile Safari/537.36 (compatible; PetalBot;+https://webmaster.petalsearch.com/site/petalbot)"
91.224.92.118 - - [12/Dec/2025:08:46:57 +0100] "GET /" 400 468 "-" "-"
114.119.140.102 - - [12/Dec/2025:08:47:57 +0100] "GET /platby/uwoy9/force-and-motion-lesson-plan-grade-3 HTTP/1.1" 200 13322 "http://ispc.klape.eu/platby/uwoy9/living-in-the-planet-of-apes-summary" "Mozilla/5.0 (Linux; Android 7.0;) AppleWebKit/537.36 (KHTML, like Gecko) Mobile Safari/537.36 (compatible; PetalBot;+https://webmaster.petalsearch.com/site/petalbot)"
216.244.66.239 - - [12/Dec/2025:08:48:38 +0100] "GET /platby/72zbxoz/eagles-tour-dates-2022 HTTP/1.1" 200 34761 "-" "Mozilla/5.0 (compatible; DotBot/1.2; +https://opensiteexplorer.org/dotbot; help@moz.com)"
216.244.66.239 - - [12/Dec/2025:08:48:40 +0100] "GET /platby/aohwuyx/newton-county-jail-roster HTTP/1.1" 200 44731 "-" "Mozilla/5.0 (compatible; DotBot/1.2; +https://opensiteexplorer.org/dotbot; help@moz.com)"
79.124.40.174 - - [12/Dec/2025:08:48:54 +0100] "GET /" 400 468 "-" "-"
114.119.152.142 - - [12/Dec/2025:08:49:33 +0100] "GET /platby/qqap/what-plants-grow-well-in-pots-in-arizona HTTP/1.1" 200 12721 "http://ispc.klape.eu/platby/qqap/what-plants-grow-well-in-pots-in-arizona" "Mozilla/5.0 (Linux; Android 7.0;) AppleWebKit/537.36 (KHTML, like Gecko) Mobile Safari/537.36 (compatible; PetalBot;+https://webmaster.petalsearch.com/site/petalbot)"
79.124.40.174 - - [12/Dec/2025:08:50:14 +0100] "GET /" 400 468 "-" "-"
114.119.152.142 - - [12/Dec/2025:08:50:49 +0100] "GET /platby/article.php?5d4c26=360-assessment-questions HTTP/1.1" 200 7754 "http://ispc.klape.eu/platby/article.php?5d4c26=doctors%27-association-uk-twitter" "Mozilla/5.0 (Linux; Android 7.0;) AppleWebKit/537.36 (KHTML, like Gecko) Mobile Safari/537.36 (compatible; PetalBot;+https://webmaster.petalsearch.com/site/petalbot)"
114.119.140.102 - - [12/Dec/2025:08:52:12 +0100] "GET /platby/72zbxoz/sympathize-adjective-form HTTP/1.1" 200 8052 "http://ispc.klape.eu/platby/72zbxoz/sympathize-adjective-form" "Mozilla/5.0 (Linux; Android 7.0;) AppleWebKit/537.36 (KHTML, like Gecko) Mobile Safari/537.36 (compatible; PetalBot;+https://webmaster.petalsearch.com/site/petalbot)"
185.16.39.52 - - [12/Dec/2025:08:52:15 +0100] "\x16\x03\x01" 403 265 "-" "-"
114.119.129.163 - - [12/Dec/2025:08:53:31 +0100] "GET /platby/72zbxoz/how-good-is-the-2021-nba-draft-class HTTP/1.1" 200 10734 "http://ispc.klape.eu/platby/72zbxoz/where-are-roseate-spoonbills-found-in-florida" "Mozilla/5.0 (Linux; Android 7.0;) AppleWebKit/537.36 (KHTML, like Gecko) Mobile Safari/537.36 (compatible; PetalBot;+https://webmaster.petalsearch.com/site/petalbot)"
45.195.29.2 - - [12/Dec/2025:08:55:17 +0100] "\x16\x03\x01\x01\xbc\x01" 403 265 "-" "-"
45.195.29.2 - - [12/Dec/2025:08:55:17 +0100] "\x16\x03\x03" 403 265 "-" "-"
216.244.66.239 - - [12/Dec/2025:08:56:10 +0100] "GET /platby/72zbxoz/crossover-health-services HTTP/1.1" 200 42695 "-" "Mozilla/5.0 (compatible; DotBot/1.2; +https://opensiteexplorer.org/dotbot; help@moz.com)"
216.244.66.239 - - [12/Dec/2025:08:56:12 +0100] "GET /platby/72zbxoz/talent-development-skills HTTP/1.1" 200 34584 "-" "Mozilla/5.0 (compatible; DotBot/1.2; +https://opensiteexplorer.org/dotbot; help@moz.com)"
216.244.66.239 - - [12/Dec/2025:08:56:13 +0100] "GET /platby/aohwuyx/butterfly-outline-to-color HTTP/1.1" 200 34662 "-" "Mozilla/5.0 (compatible; DotBot/1.2; +https://opensiteexplorer.org/dotbot; help@moz.com)"
216.244.66.239 - - [12/Dec/2025:08:56:14 +0100] "GET /platby/uwoy9/affordable-meal-prep-services HTTP/1.1" 200 48149 "-" "Mozilla/5.0 (compatible; DotBot/1.2; +https://opensiteexplorer.org/dotbot; help@moz.com)"
216.244.66.239 - - [12/Dec/2025:08:56:16 +0100] "GET /platby/uwoy9/construction-trends-post-covid HTTP/1.1" 200 45904 "-" "Mozilla/5.0 (compatible; DotBot/1.2; +https://opensiteexplorer.org/dotbot; help@moz.com)"
204.76.203.8 - - [12/Dec/2025:08:59:15 +0100] "\x16\x03\x01" 403 265 "-" "-"
204.76.203.206 - - [12/Dec/2025:09:00:07 +0100] "GET /" 400 468 "-" "-"
204.76.203.206 - - [12/Dec/2025:09:00:48 +0100] "GET / HTTP/1.1" 200 316 "-" "Mozilla/5.0 (Windows NT 10.0; Win64; x64) AppleWebKit/537.36 (KHTML, like Gecko) Chrome/90.0.4430.85 Safari/537.36 Edg/90.0.818.46"
87.120.191.100 - - [12/Dec/2025:09:01:02 +0100] "GET /" 400 468 "-" "-"
149.50.103.48 - - [12/Dec/2025:09:01:30 +0100] "GET /" 400 468 "-" "-"
114.119.140.102 - - [12/Dec/2025:09:02:23 +0100] "GET /platby/qqap/windsor-castle-mailing-address HTTP/1.1" 200 7300 "http://ispc.klape.eu/platby/qqap/windsor-castle-mailing-address" "Mozilla/5.0 (Linux; Android 7.0;) AppleWebKit/537.36 (KHTML, like Gecko) Mobile Safari/537.36 (compatible; PetalBot;+https://webmaster.petalsearch.com/site/petalbot)"
79.124.40.174 - - [12/Dec/2025:09:03:06 +0100] "GET /" 400 468 "-" "-"
114.119.139.66 - - [12/Dec/2025:09:03:46 +0100] "GET /platby/qqap/please-be-advised-synonym HTTP/1.1" 200 6878 "http://ispc.klape.eu/platby/qqap/best-horror-vr-games-oculus-quest-2" "Mozilla/5.0 (Linux; Android 7.0;) AppleWebKit/537.36 (KHTML, like Gecko) Mobile Safari/537.36 (compatible; PetalBot;+https://webmaster.petalsearch.com/site/petalbot)"
47.128.57.78 - - [12/Dec/2025:09:04:55 +0100] "\x16\x03\x01\x06\xfd\x01" 403 265 "-" "-"
47.128.57.78 - - [12/Dec/2025:09:04:56 +0100] "\x16\x03\x01\x06\xbd\x01" 403 265 "-" "-"
114.119.140.102 - - [12/Dec/2025:09:05:11 +0100] "GET /platby/qqap/huawei-y9-prime-fingerprint-sensor-not-working HTTP/1.1" 200 12670 "http://ispc.klape.eu/platby/qqap/login-and-logout-using-session-in-php-and-mysqli" "Mozilla/5.0 (Linux; Android 7.0;) AppleWebKit/537.36 (KHTML, like Gecko) Mobile Safari/537.36 (compatible; PetalBot;+https://webmaster.petalsearch.com/site/petalbot)"
114.119.129.163 - - [12/Dec/2025:09:06:33 +0100] "GET /platby/hca/bridges-in-mathematics-grade-5-student-book-pdf HTTP/1.1" 200 8268 "http://ispc.klape.eu/platby/hca/seatgeek-stadium-drive-in-concert" "Mozilla/5.0 (Linux; Android 7.0;) AppleWebKit/537.36 (KHTML, like Gecko) Mobile Safari/537.36 (compatible; PetalBot;+https://webmaster.petalsearch.com/site/petalbot)"
79.124.40.174 - - [12/Dec/2025:09:07:05 +0100] "GET /" 400 468 "-" "-"
204.76.203.8 - - [12/Dec/2025:09:07:32 +0100] "\x16\x03\x01" 403 265 "-" "-"
114.119.130.237 - - [12/Dec/2025:09:07:56 +0100] "GET /platby/article.php?5d4c26=enter-the-dungeon-mtg HTTP/1.1" 200 5623 "http://ispc.klape.eu/platby/article.php?5d4c26=Wheelers-Hill-VIC" "Mozilla/5.0 (Linux; Android 7.0;) AppleWebKit/537.36 (KHTML, like Gecko) Mobile Safari/537.36 (compatible; PetalBot;+https://webmaster.petalsearch.com/site/petalbot)"
114.119.130.237 - - [12/Dec/2025:09:09:22 +0100] "GET /platby/uwoy9/matthew-alexander-moncrieffe HTTP/1.1" 200 10859 "http://ispc.klape.eu/platby/uwoy9/matthew-alexander-moncrieffe" "Mozilla/5.0 (Linux; Android 7.0;) AppleWebKit/537.36 (KHTML, like Gecko) Mobile Safari/537.36 (compatible; PetalBot;+https://webmaster.petalsearch.com/site/petalbot)"
34.231.195.239 - - [12/Dec/2025:09:10:40 +0100] "\x16\x03\x01\x02" 403 265 "-" "-"
114.119.152.142 - - [12/Dec/2025:09:10:45 +0100] "GET /platby/hca/huwag-matakot-chords-this-band HTTP/1.1" 200 8405 "http://ispc.klape.eu/platby/hca/huwag-matakot-chords-this-band" "Mozilla/5.0 (Linux; Android 7.0;) AppleWebKit/537.36 (KHTML, like Gecko) Mobile Safari/537.36 (compatible; PetalBot;+https://webmaster.petalsearch.com/site/petalbot)"
47.128.116.132 - - [12/Dec/2025:09:11:00 +0100] "\x16\x03\x01\x07\x1e\x01" 403 265 "-" "-"
47.128.116.132 - - [12/Dec/2025:09:11:01 +0100] "\x16\x03\x01\x06\xde\x01" 403 265 "-" "-"
147.185.132.46 - - [12/Dec/2025:09:12:56 +0100] "GET /" 400 468 "-" "-"
204.76.203.212 - - [12/Dec/2025:09:14:41 +0100] "GET /" 400 468 "-" "-"
91.224.92.118 - - [12/Dec/2025:09:14:53 +0100] "GET / HTTP/1.1" 200 316 "-" "Mozilla/5.0 (Windows NT 10.0; Win64; x64) AppleWebKit/537.36 (KHTML, like Gecko) Chrome/90.0.4430.85 Safari/537.36 Edg/90.0.818.46"
216.244.66.239 - - [12/Dec/2025:09:15:45 +0100] "GET /robots.txt HTTP/1.1" 200 34 "-" "Mozilla/5.0 (compatible; DotBot/1.2; +https://opensiteexplorer.org/dotbot; help@moz.com)"
196.127.100.183 - - [12/Dec/2025:09:15:48 +0100] "\x16\x03\x01\x02" 403 265 "-" "-"
196.127.100.183 - - [12/Dec/2025:09:15:48 +0100] "\x16\x03\x01\x02" 403 265 "-" "-"
196.127.100.183 - - [12/Dec/2025:09:15:49 +0100] "\x16\x03\x01\x02" 403 265 "-" "-"
196.127.100.183 - - [12/Dec/2025:09:15:50 +0100] "\x16\x03\x01\x02" 403 265 "-" "-"
196.127.100.183 - - [12/Dec/2025:09:15:51 +0100] "\x16\x03\x01\x02" 403 265 "-" "-"
196.127.100.183 - - [12/Dec/2025:09:15:51 +0100] "\x16\x03\x01\x02" 403 265 "-" "-"
196.127.100.183 - - [12/Dec/2025:09:15:52 +0100] "\x16\x03\x01\x02" 403 265 "-" "-"
196.127.100.183 - - [12/Dec/2025:09:15:53 +0100] "\x16\x03\x01\x02" 403 265 "-" "-"
196.127.100.183 - - [12/Dec/2025:09:15:54 +0100] "\x16\x03\x01\x02" 403 265 "-" "-"
196.127.100.183 - - [12/Dec/2025:09:15:54 +0100] "\x16\x03\x01\x02" 403 265 "-" "-"
196.127.100.183 - - [12/Dec/2025:09:15:55 +0100] "\x16\x03\x01\x02" 403 265 "-" "-"
196.127.100.183 - - [12/Dec/2025:09:15:55 +0100] "\x16\x03\x01\x02" 403 265 "-" "-"
196.127.100.183 - - [12/Dec/2025:09:15:56 +0100] "\x16\x03\x01\x02" 403 265 "-" "-"
196.127.100.183 - - [12/Dec/2025:09:15:56 +0100] "\x16\x03\x01\x02" 403 265 "-" "-"
196.127.100.183 - - [12/Dec/2025:09:15:57 +0100] "\x16\x03\x01\x02" 403 265 "-" "-"
196.127.100.183 - - [12/Dec/2025:09:15:58 +0100] "\x16\x03\x01\x02" 403 265 "-" "-"
196.127.100.183 - - [12/Dec/2025:09:15:58 +0100] "\x16\x03\x01\x02" 403 265 "-" "-"
196.127.100.183 - - [12/Dec/2025:09:15:59 +0100] "\x16\x03\x01\x02" 403 265 "-" "-"
198.235.24.230 - - [12/Dec/2025:09:16:06 +0100] "GET /" 400 468 "-" "-"
46.101.113.51 - - [12/Dec/2025:09:16:11 +0100] "\x16\x03\x01\x02" 403 265 "-" "-"
34.231.195.239 - - [12/Dec/2025:09:16:37 +0100] "\x16\x03\x01\x02" 403 265 "-" "-"
204.76.203.206 - - [12/Dec/2025:09:16:55 +0100] "GET /" 400 468 "-" "-"
47.79.0.139 - - [12/Dec/2025:09:17:43 +0100] "\x16\x03\x01\x06\x07\x01" 403 265 "-" "-"
204.76.203.206 - - [12/Dec/2025:09:17:46 +0100] "GET / HTTP/1.1" 200 316 "-" "Mozilla/5.0 (Windows NT 10.0; Win64; x64) AppleWebKit/537.36 (KHTML, like Gecko) Chrome/90.0.4430.85 Safari/537.36 Edg/90.0.818.46"
114.119.149.2 - - [12/Dec/2025:09:18:16 +0100] "GET /platby/article.php?5d4c26=inter-milan-away-kit-19/20-for-sale HTTP/1.1" 200 7337 "http://ispc.klape.eu/platby/article.php?5d4c26=healthy-nibbles-for-entertaining" "Mozilla/5.0 (Linux; Android 7.0;) AppleWebKit/537.36 (KHTML, like Gecko) Mobile Safari/537.36 (compatible; PetalBot;+https://webmaster.petalsearch.com/site/petalbot)"
54.147.182.90 - - [12/Dec/2025:09:19:12 +0100] "GET /platby/qqap/browns-broncos-tickets HTTP/1.1" 200 10970 "-" "Mozilla/5.0 AppleWebKit/537.36 (KHTML, like Gecko; compatible; Amazonbot/0.1; +https://developer.amazon.com/support/amazonbot) Chrome/119.0.6045.214 Safari/537.36"
3.94.40.182 - - [12/Dec/2025:09:19:13 +0100] "GET /platby/qqap/deliberative-listening HTTP/1.1" 200 8210 "-" "Mozilla/5.0 AppleWebKit/537.36 (KHTML, like Gecko; compatible; Amazonbot/0.1; +https://developer.amazon.com/support/amazonbot) Chrome/119.0.6045.214 Safari/537.36"
54.157.84.74 - - [12/Dec/2025:09:19:18 +0100] "GET /platby/aohwuyx/no-name-in-the-street-audiobook HTTP/1.1" 200 8119 "-" "Mozilla/5.0 AppleWebKit/537.36 (KHTML, like Gecko; compatible; Amazonbot/0.1; +https://developer.amazon.com/support/amazonbot) Chrome/119.0.6045.214 Safari/537.36"
44.215.210.112 - - [12/Dec/2025:09:19:24 +0100] "GET /platby/aohwuyx/horace-mann-elementary HTTP/1.1" 200 8025 "-" "Mozilla/5.0 AppleWebKit/537.36 (KHTML, like Gecko; compatible; Amazonbot/0.1; +https://developer.amazon.com/support/amazonbot) Chrome/119.0.6045.214 Safari/537.36"
44.217.255.167 - - [12/Dec/2025:09:19:30 +0100] "GET /platby/qqap/highbush-blueberry-varieties HTTP/1.1" 200 12809 "-" "Mozilla/5.0 AppleWebKit/537.36 (KHTML, like Gecko; compatible; Amazonbot/0.1; +https://developer.amazon.com/support/amazonbot) Chrome/119.0.6045.214 Safari/537.36"
34.193.2.57 - - [12/Dec/2025:09:19:38 +0100] "GET /platby/aohwuyx/st-patrick's-day-in-ireland-vs-america HTTP/1.1" 200 11663 "-" "Mozilla/5.0 AppleWebKit/537.36 (KHTML, like Gecko; compatible; Amazonbot/0.1; +https://developer.amazon.com/support/amazonbot) Chrome/119.0.6045.214 Safari/537.36"
114.119.129.163 - - [12/Dec/2025:09:19:39 +0100] "GET /platby/hca/trial-of-the-chicago-7-for-your-consideration HTTP/1.1" 200 11462 "http://ispc.klape.eu/platby/hca/big-chickens-with-feathers-on-their-feet" "Mozilla/5.0 (Linux; Android 7.0;) AppleWebKit/537.36 (KHTML, like Gecko) Mobile Safari/537.36 (compatible; PetalBot;+https://webmaster.petalsearch.com/site/petalbot)"
23.21.179.27 - - [12/Dec/2025:09:20:09 +0100] "GET /platby/72zbxoz/harold-wilson-alzheimer's HTTP/1.1" 200 7832 "-" "Mozilla/5.0 AppleWebKit/537.36 (KHTML, like Gecko; compatible; Amazonbot/0.1; +https://developer.amazon.com/support/amazonbot) Chrome/119.0.6045.214 Safari/537.36"
100.24.167.60 - - [12/Dec/2025:09:20:23 +0100] "GET /platby/qqap/air-jordan-1-zoom-comfort-psg-release-date HTTP/1.1" 200 11541 "-" "Mozilla/5.0 AppleWebKit/537.36 (KHTML, like Gecko; compatible; Amazonbot/0.1; +https://developer.amazon.com/support/amazonbot) Chrome/119.0.6045.214 Safari/537.36"
216.244.66.239 - - [12/Dec/2025:09:20:24 +0100] "GET /platby/article.php?5d4c26=chris-eubank-voice HTTP/1.1" 200 17213 "-" "Mozilla/5.0 (compatible; DotBot/1.2; +https://opensiteexplorer.org/dotbot; help@moz.com)"
216.244.66.239 - - [12/Dec/2025:09:20:33 +0100] "GET /platby/article.php?5d4c26=Toni-Kroos-salary HTTP/1.1" 200 22283 "-" "Mozilla/5.0 (compatible; DotBot/1.2; +https://opensiteexplorer.org/dotbot; help@moz.com)"
54.92.171.106 - - [12/Dec/2025:09:20:36 +0100] "GET /platby/aohwuyx/dermalogica-toner,-clear-start HTTP/1.1" 200 8700 "-" "Mozilla/5.0 AppleWebKit/537.36 (KHTML, like Gecko; compatible; Amazonbot/0.1; +https://developer.amazon.com/support/amazonbot) Chrome/119.0.6045.214 Safari/537.36"
216.244.66.239 - - [12/Dec/2025:09:20:37 +0100] "GET /platby/article.php?5d4c26=douglas-dos-santos HTTP/1.1" 200 20930 "-" "Mozilla/5.0 (compatible; DotBot/1.2; +https://opensiteexplorer.org/dotbot; help@moz.com)"
216.244.66.239 - - [12/Dec/2025:09:20:40 +0100] "GET /platby/article.php?5d4c26=feast-brunch-menu HTTP/1.1" 200 24276 "-" "Mozilla/5.0 (compatible; DotBot/1.2; +https://opensiteexplorer.org/dotbot; help@moz.com)"
216.244.66.239 - - [12/Dec/2025:09:20:43 +0100] "GET /platby/article.php?5d4c26=luzon-strait-on-map HTTP/1.1" 200 19532 "-" "Mozilla/5.0 (compatible; DotBot/1.2; +https://opensiteexplorer.org/dotbot; help@moz.com)"
216.244.66.239 - - [12/Dec/2025:09:20:46 +0100] "GET /platby/article.php?5d4c26=measure-what-matters-okr-timeline HTTP/1.1" 200 18205 "-" "Mozilla/5.0 (compatible; DotBot/1.2; +https://opensiteexplorer.org/dotbot; help@moz.com)"
52.200.251.20 - - [12/Dec/2025:09:20:46 +0100] "GET /platby/qqap/fashion-killa-synonym HTTP/1.1" 200 9111 "-" "Mozilla/5.0 AppleWebKit/537.36 (KHTML, like Gecko; compatible; Amazonbot/0.1; +https://developer.amazon.com/support/amazonbot) Chrome/119.0.6045.214 Safari/537.36"
216.244.66.239 - - [12/Dec/2025:09:20:48 +0100] "GET /platby/article.php?5d4c26=ossie-ardiles-song HTTP/1.1" 200 18990 "-" "Mozilla/5.0 (compatible; DotBot/1.2; +https://opensiteexplorer.org/dotbot; help@moz.com)"
54.156.124.2 - - [12/Dec/2025:09:20:50 +0100] "GET /platby/aohwuyx/520-blackshear-navasota,-tx-zillow HTTP/1.1" 200 9891 "-" "Mozilla/5.0 AppleWebKit/537.36 (KHTML, like Gecko; compatible; Amazonbot/0.1; +https://developer.amazon.com/support/amazonbot) Chrome/119.0.6045.214 Safari/537.36"
216.244.66.239 - - [12/Dec/2025:09:20:51 +0100] "GET /platby/article.php?5d4c26=rainey-qualley-instagram HTTP/1.1" 200 22016 "-" "Mozilla/5.0 (compatible; DotBot/1.2; +https://opensiteexplorer.org/dotbot; help@moz.com)"
216.244.66.239 - - [12/Dec/2025:09:20:53 +0100] "GET /platby/article.php?5d4c26=%3A-yang-hong-seok HTTP/1.1" 200 20492 "-" "Mozilla/5.0 (compatible; DotBot/1.2; +https://opensiteexplorer.org/dotbot; help@moz.com)"
216.244.66.239 - - [12/Dec/2025:09:20:55 +0100] "GET /platby/article.php?5d4c26=3D-graphic-design HTTP/1.1" 200 19568 "-" "Mozilla/5.0 (compatible; DotBot/1.2; +https://opensiteexplorer.org/dotbot; help@moz.com)"
216.244.66.239 - - [12/Dec/2025:09:20:57 +0100] "GET /platby/article.php?5d4c26=Capitals-of-Mexico-map HTTP/1.1" 200 23465 "-" "Mozilla/5.0 (compatible; DotBot/1.2; +https://opensiteexplorer.org/dotbot; help@moz.com)"
216.244.66.239 - - [12/Dec/2025:09:20:58 +0100] "GET /platby/article.php?5d4c26=Rick-and-Andrea HTTP/1.1" 200 20742 "-" "Mozilla/5.0 (compatible; DotBot/1.2; +https://opensiteexplorer.org/dotbot; help@moz.com)"
79.124.40.174 - - [12/Dec/2025:09:21:01 +0100] "GET /" 400 468 "-" "-"
216.244.66.239 - - [12/Dec/2025:09:21:01 +0100] "GET /platby/article.php?5d4c26=Umagang-Kay-Ganda HTTP/1.1" 200 18708 "-" "Mozilla/5.0 (compatible; DotBot/1.2; +https://opensiteexplorer.org/dotbot; help@moz.com)"
114.119.139.66 - - [12/Dec/2025:09:21:03 +0100] "GET /platby/aohwuyx/is-car-masculine-or-feminine-in-french HTTP/1.1" 200 10310 "http://ispc.klape.eu/platby/aohwuyx/world-population-by-race-pie-chart-2021" "Mozilla/5.0 (Linux; Android 7.0;) AppleWebKit/537.36 (KHTML, like Gecko) Mobile Safari/537.36 (compatible; PetalBot;+https://webmaster.petalsearch.com/site/petalbot)"
216.244.66.239 - - [12/Dec/2025:09:21:03 +0100] "GET /platby/article.php?5d4c26=aj-dillon-salary HTTP/1.1" 200 22209 "-" "Mozilla/5.0 (compatible; DotBot/1.2; +https://opensiteexplorer.org/dotbot; help@moz.com)"
216.244.66.239 - - [12/Dec/2025:09:21:07 +0100] "GET /platby/article.php?5d4c26=amy-bruce-steve-bruce HTTP/1.1" 200 16432 "-" "Mozilla/5.0 (compatible; DotBot/1.2; +https://opensiteexplorer.org/dotbot; help@moz.com)"
216.244.66.239 - - [12/Dec/2025:09:21:11 +0100] "GET /platby/article.php?5d4c26=axa-gulf-careers HTTP/1.1" 200 20675 "-" "Mozilla/5.0 (compatible; DotBot/1.2; +https://opensiteexplorer.org/dotbot; help@moz.com)"
216.244.66.239 - - [12/Dec/2025:09:21:15 +0100] "GET /platby/article.php?5d4c26=bali-weather-in-february-2019 HTTP/1.1" 200 17386 "-" "Mozilla/5.0 (compatible; DotBot/1.2; +https://opensiteexplorer.org/dotbot; help@moz.com)"
216.244.66.239 - - [12/Dec/2025:09:21:18 +0100] "GET /platby/article.php?5d4c26=bbc-streaming-radio HTTP/1.1" 200 18470 "-" "Mozilla/5.0 (compatible; DotBot/1.2; +https://opensiteexplorer.org/dotbot; help@moz.com)"
216.244.66.239 - - [12/Dec/2025:09:21:21 +0100] "GET /platby/article.php?5d4c26=brands-rappers-wear-2019 HTTP/1.1" 200 23593 "-" "Mozilla/5.0 (compatible; DotBot/1.2; +https://opensiteexplorer.org/dotbot; help@moz.com)"
216.244.66.239 - - [12/Dec/2025:09:21:23 +0100] "GET /platby/article.php?5d4c26=drill-dozer-speedrun HTTP/1.1" 200 20404 "-" "Mozilla/5.0 (compatible; DotBot/1.2; +https://opensiteexplorer.org/dotbot; help@moz.com)"
216.244.66.239 - - [12/Dec/2025:09:21:26 +0100] "GET /platby/article.php?5d4c26=elin-zetterstrand-age HTTP/1.1" 200 18220 "-" "Mozilla/5.0 (compatible; DotBot/1.2; +https://opensiteexplorer.org/dotbot; help@moz.com)"
216.244.66.239 - - [12/Dec/2025:09:21:27 +0100] "GET /platby/article.php?5d4c26=eric-thomas-new-videos HTTP/1.1" 200 16762 "-" "Mozilla/5.0 (compatible; DotBot/1.2; +https://opensiteexplorer.org/dotbot; help@moz.com)"
216.244.66.239 - - [12/Dec/2025:09:21:29 +0100] "GET /platby/article.php?5d4c26=first-light-optics HTTP/1.1" 200 17560 "-" "Mozilla/5.0 (compatible; DotBot/1.2; +https://opensiteexplorer.org/dotbot; help@moz.com)"
216.244.66.239 - - [12/Dec/2025:09:21:31 +0100] "GET /platby/article.php?5d4c26=globus-tours-usa HTTP/1.1" 200 16643 "-" "Mozilla/5.0 (compatible; DotBot/1.2; +https://opensiteexplorer.org/dotbot; help@moz.com)"
216.244.66.239 - - [12/Dec/2025:09:21:32 +0100] "GET /platby/article.php?5d4c26=hilton-seychelles-labriz HTTP/1.1" 200 21997 "-" "Mozilla/5.0 (compatible; DotBot/1.2; +https://opensiteexplorer.org/dotbot; help@moz.com)"
216.244.66.239 - - [12/Dec/2025:09:21:35 +0100] "GET /platby/article.php?5d4c26=hot-yoga-and-running HTTP/1.1" 200 17375 "-" "Mozilla/5.0 (compatible; DotBot/1.2; +https://opensiteexplorer.org/dotbot; help@moz.com)"
216.244.66.239 - - [12/Dec/2025:09:21:37 +0100] "GET /platby/article.php?5d4c26=joan-templeman-images HTTP/1.1" 200 15195 "-" "Mozilla/5.0 (compatible; DotBot/1.2; +https://opensiteexplorer.org/dotbot; help@moz.com)"
216.244.66.239 - - [12/Dec/2025:09:21:39 +0100] "GET /platby/article.php?5d4c26=john-laws-cars HTTP/1.1" 200 23630 "-" "Mozilla/5.0 (compatible; DotBot/1.2; +https://opensiteexplorer.org/dotbot; help@moz.com)"
216.244.66.239 - - [12/Dec/2025:09:21:40 +0100] "GET /platby/article.php?5d4c26=kesha-sunday-service HTTP/1.1" 200 18229 "-" "Mozilla/5.0 (compatible; DotBot/1.2; +https://opensiteexplorer.org/dotbot; help@moz.com)"
216.244.66.239 - - [12/Dec/2025:09:21:43 +0100] "GET /platby/article.php?5d4c26=let-me%2C-got7 HTTP/1.1" 200 16385 "-" "Mozilla/5.0 (compatible; DotBot/1.2; +https://opensiteexplorer.org/dotbot; help@moz.com)"
216.244.66.239 - - [12/Dec/2025:09:21:45 +0100] "GET /platby/article.php?5d4c26=mount-yasur-deaths HTTP/1.1" 200 19934 "-" "Mozilla/5.0 (compatible; DotBot/1.2; +https://opensiteexplorer.org/dotbot; help@moz.com)"
216.244.66.239 - - [12/Dec/2025:09:21:47 +0100] "GET /platby/article.php?5d4c26=nike-fleece-shorts-3xl HTTP/1.1" 200 18808 "-" "Mozilla/5.0 (compatible; DotBot/1.2; +https://opensiteexplorer.org/dotbot; help@moz.com)"
216.244.66.239 - - [12/Dec/2025:09:21:49 +0100] "GET /platby/article.php?5d4c26=premier-league-salary-cap HTTP/1.1" 200 20202 "-" "Mozilla/5.0 (compatible; DotBot/1.2; +https://opensiteexplorer.org/dotbot; help@moz.com)"
216.244.66.239 - - [12/Dec/2025:09:21:51 +0100] "GET /platby/article.php?5d4c26=revelation-1-nasb HTTP/1.1" 200 21593 "-" "Mozilla/5.0 (compatible; DotBot/1.2; +https://opensiteexplorer.org/dotbot; help@moz.com)"
216.244.66.239 - - [12/Dec/2025:09:21:53 +0100] "GET /platby/article.php?5d4c26=sade-baderinwa-salary HTTP/1.1" 200 17680 "-" "Mozilla/5.0 (compatible; DotBot/1.2; +https://opensiteexplorer.org/dotbot; help@moz.com)"
216.244.66.239 - - [12/Dec/2025:09:21:55 +0100] "GET /platby/article.php?5d4c26=shane-smith-2019 HTTP/1.1" 200 17582 "-" "Mozilla/5.0 (compatible; DotBot/1.2; +https://opensiteexplorer.org/dotbot; help@moz.com)"
216.244.66.239 - - [12/Dec/2025:09:21:56 +0100] "GET /platby/article.php?5d4c26=viking-board-games HTTP/1.1" 200 17640 "-" "Mozilla/5.0 (compatible; DotBot/1.2; +https://opensiteexplorer.org/dotbot; help@moz.com)"
216.244.66.239 - - [12/Dec/2025:09:21:57 +0100] "GET /platby/article.php?5d4c26=what-do-step-ups-work HTTP/1.1" 200 20458 "-" "Mozilla/5.0 (compatible; DotBot/1.2; +https://opensiteexplorer.org/dotbot; help@moz.com)"
216.244.66.239 - - [12/Dec/2025:09:21:58 +0100] "GET /platby/article.php?5d4c26=world-bank-zimbabwe HTTP/1.1" 200 15835 "-" "Mozilla/5.0 (compatible; DotBot/1.2; +https://opensiteexplorer.org/dotbot; help@moz.com)"
216.244.66.239 - - [12/Dec/2025:09:21:59 +0100] "GET /platby/article.php?5d4c26=afognak-island-elk HTTP/1.1" 200 19288 "-" "Mozilla/5.0 (compatible; DotBot/1.2; +https://opensiteexplorer.org/dotbot; help@moz.com)"
216.244.66.239 - - [12/Dec/2025:09:22:00 +0100] "GET /platby/article.php?5d4c26=aged-parent-visa-australia HTTP/1.1" 200 22948 "-" "Mozilla/5.0 (compatible; DotBot/1.2; +https://opensiteexplorer.org/dotbot; help@moz.com)"
216.244.66.239 - - [12/Dec/2025:09:22:01 +0100] "GET /platby/article.php?5d4c26=animal-crossing%3A-amiibo-festival-switch HTTP/1.1" 200 16608 "-" "Mozilla/5.0 (compatible; DotBot/1.2; +https://opensiteexplorer.org/dotbot; help@moz.com)"
216.244.66.239 - - [12/Dec/2025:09:22:03 +0100] "GET /platby/article.php?5d4c26=are-flat-head-pillows-safe-for-babies HTTP/1.1" 200 22095 "-" "Mozilla/5.0 (compatible; DotBot/1.2; +https://opensiteexplorer.org/dotbot; help@moz.com)"
216.244.66.239 - - [12/Dec/2025:09:22:04 +0100] "GET /platby/article.php?5d4c26=are-rick-and-michonne-together-in-real-life HTTP/1.1" 200 22790 "-" "Mozilla/5.0 (compatible; DotBot/1.2; +https://opensiteexplorer.org/dotbot; help@moz.com)"
216.244.66.239 - - [12/Dec/2025:09:22:07 +0100] "GET /platby/article.php?5d4c26=auckland-events-tomorrow HTTP/1.1" 200 22118 "-" "Mozilla/5.0 (compatible; DotBot/1.2; +https://opensiteexplorer.org/dotbot; help@moz.com)"
216.244.66.239 - - [12/Dec/2025:09:22:08 +0100] "GET /platby/article.php?5d4c26=best-long-grain-white-rice HTTP/1.1" 200 16909 "-" "Mozilla/5.0 (compatible; DotBot/1.2; +https://opensiteexplorer.org/dotbot; help@moz.com)"
216.244.66.239 - - [12/Dec/2025:09:22:10 +0100] "GET /platby/article.php?5d4c26=big-hero-6-disney-wiki HTTP/1.1" 200 23614 "-" "Mozilla/5.0 (compatible; DotBot/1.2; +https://opensiteexplorer.org/dotbot; help@moz.com)"
216.244.66.239 - - [12/Dec/2025:09:22:11 +0100] "GET /platby/article.php?5d4c26=dell-segmented-supply-chain HTTP/1.1" 200 25690 "-" "Mozilla/5.0 (compatible; DotBot/1.2; +https://opensiteexplorer.org/dotbot; help@moz.com)"
216.244.66.239 - - [12/Dec/2025:09:22:12 +0100] "GET /platby/article.php?5d4c26=department-of-environment-and-energy-nsw HTTP/1.1" 200 20458 "-" "Mozilla/5.0 (compatible; DotBot/1.2; +https://opensiteexplorer.org/dotbot; help@moz.com)"
216.244.66.239 - - [12/Dec/2025:09:22:13 +0100] "GET /platby/article.php?5d4c26=eggs-benedict-allrecipes HTTP/1.1" 200 20116 "-" "Mozilla/5.0 (compatible; DotBot/1.2; +https://opensiteexplorer.org/dotbot; help@moz.com)"
216.244.66.239 - - [12/Dec/2025:09:22:15 +0100] "GET /platby/article.php?5d4c26=enterprise-architect-license-key HTTP/1.1" 200 15724 "-" "Mozilla/5.0 (compatible; DotBot/1.2; +https://opensiteexplorer.org/dotbot; help@moz.com)"
216.244.66.239 - - [12/Dec/2025:09:22:17 +0100] "GET /platby/article.php?5d4c26=expedition-62-crew HTTP/1.1" 200 23104 "-" "Mozilla/5.0 (compatible; DotBot/1.2; +https://opensiteexplorer.org/dotbot; help@moz.com)"
216.244.66.239 - - [12/Dec/2025:09:22:18 +0100] "GET /platby/article.php?5d4c26=goldeneye-64-source-code HTTP/1.1" 200 18534 "-" "Mozilla/5.0 (compatible; DotBot/1.2; +https://opensiteexplorer.org/dotbot; help@moz.com)"
216.244.66.239 - - [12/Dec/2025:09:22:19 +0100] "GET /platby/article.php?5d4c26=google-drive-movies-unblocked-at-school HTTP/1.1" 200 17937 "-" "Mozilla/5.0 (compatible; DotBot/1.2; +https://opensiteexplorer.org/dotbot; help@moz.com)"
216.244.66.239 - - [12/Dec/2025:09:22:20 +0100] "GET /platby/article.php?5d4c26=harry-is-regulus%27-son-fanfiction HTTP/1.1" 200 18027 "-" "Mozilla/5.0 (compatible; DotBot/1.2; +https://opensiteexplorer.org/dotbot; help@moz.com)"
216.244.66.239 - - [12/Dec/2025:09:22:21 +0100] "GET /platby/article.php?5d4c26=hiking-capsule-wardrobe HTTP/1.1" 200 20516 "-" "Mozilla/5.0 (compatible; DotBot/1.2; +https://opensiteexplorer.org/dotbot; help@moz.com)"
216.244.66.239 - - [12/Dec/2025:09:22:22 +0100] "GET /platby/article.php?5d4c26=infamous%3A-first-light-characters HTTP/1.1" 200 20263 "-" "Mozilla/5.0 (compatible; DotBot/1.2; +https://opensiteexplorer.org/dotbot; help@moz.com)"
216.244.66.239 - - [12/Dec/2025:09:22:23 +0100] "GET /platby/article.php?5d4c26=is-no-name-brand-good HTTP/1.1" 200 23931 "-" "Mozilla/5.0 (compatible; DotBot/1.2; +https://opensiteexplorer.org/dotbot; help@moz.com)"
216.244.66.239 - - [12/Dec/2025:09:22:25 +0100] "GET /platby/article.php?5d4c26=jonathan-brandis-%26-tatyana-ali HTTP/1.1" 200 14128 "-" "Mozilla/5.0 (compatible; DotBot/1.2; +https://opensiteexplorer.org/dotbot; help@moz.com)"
216.244.66.239 - - [12/Dec/2025:09:22:26 +0100] "GET /platby/article.php?5d4c26=lil-baby-grace-producer HTTP/1.1" 200 21066 "-" "Mozilla/5.0 (compatible; DotBot/1.2; +https://opensiteexplorer.org/dotbot; help@moz.com)"
216.244.66.239 - - [12/Dec/2025:09:22:27 +0100] "GET /platby/article.php?5d4c26=mir-robot-docking HTTP/1.1" 200 18457 "-" "Mozilla/5.0 (compatible; DotBot/1.2; +https://opensiteexplorer.org/dotbot; help@moz.com)"
216.244.66.239 - - [12/Dec/2025:09:22:29 +0100] "GET /platby/article.php?5d4c26=ngai-tahu-tourism-subsidiaries HTTP/1.1" 200 19568 "-" "Mozilla/5.0 (compatible; DotBot/1.2; +https://opensiteexplorer.org/dotbot; help@moz.com)"
216.244.66.239 - - [12/Dec/2025:09:22:30 +0100] "GET /platby/article.php?5d4c26=nike-shoes-for-running HTTP/1.1" 200 19479 "-" "Mozilla/5.0 (compatible; DotBot/1.2; +https://opensiteexplorer.org/dotbot; help@moz.com)"
216.244.66.239 - - [12/Dec/2025:09:22:31 +0100] "GET /platby/article.php?5d4c26=oneplus-6t-canada HTTP/1.1" 200 24060 "-" "Mozilla/5.0 (compatible; DotBot/1.2; +https://opensiteexplorer.org/dotbot; help@moz.com)"
216.244.66.239 - - [12/Dec/2025:09:22:32 +0100] "GET /platby/article.php?5d4c26=simple-simon%27s-pizza-locations HTTP/1.1" 200 20396 "-" "Mozilla/5.0 (compatible; DotBot/1.2; +https://opensiteexplorer.org/dotbot; help@moz.com)"
216.244.66.239 - - [12/Dec/2025:09:22:33 +0100] "GET /platby/article.php?5d4c26=singstar-microphone-lag HTTP/1.1" 200 23947 "-" "Mozilla/5.0 (compatible; DotBot/1.2; +https://opensiteexplorer.org/dotbot; help@moz.com)"
216.244.66.239 - - [12/Dec/2025:09:22:34 +0100] "GET /platby/article.php?5d4c26=stromboli-filling-ideas HTTP/1.1" 200 18533 "-" "Mozilla/5.0 (compatible; DotBot/1.2; +https://opensiteexplorer.org/dotbot; help@moz.com)"
216.244.66.239 - - [12/Dec/2025:09:22:35 +0100] "GET /platby/article.php?5d4c26=who-is-joe-lando-father HTTP/1.1" 200 18900 "-" "Mozilla/5.0 (compatible; DotBot/1.2; +https://opensiteexplorer.org/dotbot; help@moz.com)"
216.244.66.239 - - [12/Dec/2025:09:22:37 +0100] "GET /platby/article.php?5d4c26=woody-woodpecker-trailer HTTP/1.1" 200 23060 "-" "Mozilla/5.0 (compatible; DotBot/1.2; +https://opensiteexplorer.org/dotbot; help@moz.com)"
216.244.66.239 - - [12/Dec/2025:09:22:40 +0100] "GET /platby/article.php?5d4c26=youth-under-armour-shorts HTTP/1.1" 200 22728 "-" "Mozilla/5.0 (compatible; DotBot/1.2; +https://opensiteexplorer.org/dotbot; help@moz.com)"
216.244.66.239 - - [12/Dec/2025:09:22:42 +0100] "GET /platby/article.php?5d4c26=Apple-operating-systems HTTP/1.1" 200 23479 "-" "Mozilla/5.0 (compatible; DotBot/1.2; +https://opensiteexplorer.org/dotbot; help@moz.com)"
216.244.66.239 - - [12/Dec/2025:09:22:45 +0100] "GET /platby/article.php?5d4c26=IPhone-for-Seniors-QuickSteps HTTP/1.1" 200 18217 "-" "Mozilla/5.0 (compatible; DotBot/1.2; +https://opensiteexplorer.org/dotbot; help@moz.com)"
216.244.66.239 - - [12/Dec/2025:09:22:47 +0100] "GET /platby/article.php?5d4c26=Role-of-mission-statement HTTP/1.1" 200 18234 "-" "Mozilla/5.0 (compatible; DotBot/1.2; +https://opensiteexplorer.org/dotbot; help@moz.com)"
216.244.66.239 - - [12/Dec/2025:09:22:49 +0100] "GET /platby/article.php?5d4c26=azure-load-balancer-security HTTP/1.1" 200 21919 "-" "Mozilla/5.0 (compatible; DotBot/1.2; +https://opensiteexplorer.org/dotbot; help@moz.com)"
216.244.66.239 - - [12/Dec/2025:09:22:50 +0100] "GET /platby/article.php?5d4c26=canadian-expeditionary-force-book HTTP/1.1" 200 17049 "-" "Mozilla/5.0 (compatible; DotBot/1.2; +https://opensiteexplorer.org/dotbot; help@moz.com)"
216.244.66.239 - - [12/Dec/2025:09:22:52 +0100] "GET /platby/article.php?5d4c26=dream-league-soccer-kits-barcelona-2018 HTTP/1.1" 200 20539 "-" "Mozilla/5.0 (compatible; DotBot/1.2; +https://opensiteexplorer.org/dotbot; help@moz.com)"
216.244.66.239 - - [12/Dec/2025:09:22:53 +0100] "GET /platby/article.php?5d4c26=dynasty-warriors-4%3A-xtreme-legends HTTP/1.1" 200 15004 "-" "Mozilla/5.0 (compatible; DotBot/1.2; +https://opensiteexplorer.org/dotbot; help@moz.com)"
216.244.66.239 - - [12/Dec/2025:09:22:54 +0100] "GET /platby/article.php?5d4c26=earthquake-fault-lines-usa HTTP/1.1" 200 18077 "-" "Mozilla/5.0 (compatible; DotBot/1.2; +https://opensiteexplorer.org/dotbot; help@moz.com)"
216.244.66.239 - - [12/Dec/2025:09:22:55 +0100] "GET /platby/article.php?5d4c26=endurance-meaning-in-malayalam HTTP/1.1" 200 21187 "-" "Mozilla/5.0 (compatible; DotBot/1.2; +https://opensiteexplorer.org/dotbot; help@moz.com)"
216.244.66.239 - - [12/Dec/2025:09:22:56 +0100] "GET /platby/article.php?5d4c26=equivalence-class-modulo HTTP/1.1" 200 19098 "-" "Mozilla/5.0 (compatible; DotBot/1.2; +https://opensiteexplorer.org/dotbot; help@moz.com)"
216.244.66.239 - - [12/Dec/2025:09:22:58 +0100] "GET /platby/article.php?5d4c26=how-did-the-1998-earthquake-harm-nicaragua-most HTTP/1.1" 200 18709 "-" "Mozilla/5.0 (compatible; DotBot/1.2; +https://opensiteexplorer.org/dotbot; help@moz.com)"
216.244.66.239 - - [12/Dec/2025:09:23:00 +0100] "GET /platby/article.php?5d4c26=how-do-led-lights-work-for-dummies HTTP/1.1" 200 17663 "-" "Mozilla/5.0 (compatible; DotBot/1.2; +https://opensiteexplorer.org/dotbot; help@moz.com)"
216.244.66.239 - - [12/Dec/2025:09:23:05 +0100] "GET /platby/article.php?5d4c26=ist-fee-structure-2020 HTTP/1.1" 200 21795 "-" "Mozilla/5.0 (compatible; DotBot/1.2; +https://opensiteexplorer.org/dotbot; help@moz.com)"
216.244.66.239 - - [12/Dec/2025:09:23:09 +0100] "GET /platby/article.php?5d4c26=joni-mitchell---goodbye-pork-pie-hat HTTP/1.1" 200 24059 "-" "Mozilla/5.0 (compatible; DotBot/1.2; +https://opensiteexplorer.org/dotbot; help@moz.com)"
216.244.66.239 - - [12/Dec/2025:09:23:12 +0100] "GET /platby/article.php?5d4c26=king-air-100-for-sale HTTP/1.1" 200 20195 "-" "Mozilla/5.0 (compatible; DotBot/1.2; +https://opensiteexplorer.org/dotbot; help@moz.com)"
34.234.200.207 - - [12/Dec/2025:09:23:14 +0100] "GET /platby/qqap/mexican-american-disambiguation HTTP/1.1" 200 11136 "-" "Mozilla/5.0 AppleWebKit/537.36 (KHTML, like Gecko; compatible; Amazonbot/0.1; +https://developer.amazon.com/support/amazonbot) Chrome/119.0.6045.214 Safari/537.36"
216.244.66.239 - - [12/Dec/2025:09:23:15 +0100] "GET /platby/article.php?5d4c26=kodak-camera-history-timeline HTTP/1.1" 200 23082 "-" "Mozilla/5.0 (compatible; DotBot/1.2; +https://opensiteexplorer.org/dotbot; help@moz.com)"
216.244.66.239 - - [12/Dec/2025:09:23:18 +0100] "GET /platby/article.php?5d4c26=modern-talking-no-face-no-name-no-number-320 HTTP/1.1" 200 19012 "-" "Mozilla/5.0 (compatible; DotBot/1.2; +https://opensiteexplorer.org/dotbot; help@moz.com)"
216.244.66.239 - - [12/Dec/2025:09:23:20 +0100] "GET /platby/article.php?5d4c26=northrop-grumman-career-site HTTP/1.1" 200 20271 "-" "Mozilla/5.0 (compatible; DotBot/1.2; +https://opensiteexplorer.org/dotbot; help@moz.com)"
216.244.66.239 - - [12/Dec/2025:09:23:23 +0100] "GET /platby/article.php?5d4c26=nrl-heritage-jerseys HTTP/1.1" 200 21354 "-" "Mozilla/5.0 (compatible; DotBot/1.2; +https://opensiteexplorer.org/dotbot; help@moz.com)"
216.244.66.239 - - [12/Dec/2025:09:23:25 +0100] "GET /platby/article.php?5d4c26=speciation-definition-biology HTTP/1.1" 200 23268 "-" "Mozilla/5.0 (compatible; DotBot/1.2; +https://opensiteexplorer.org/dotbot; help@moz.com)"
216.244.66.239 - - [12/Dec/2025:09:23:26 +0100] "GET /platby/article.php?5d4c26=aliens-love-underpants-save-the-world HTTP/1.1" 200 19732 "-" "Mozilla/5.0 (compatible; DotBot/1.2; +https://opensiteexplorer.org/dotbot; help@moz.com)"
216.244.66.239 - - [12/Dec/2025:09:23:28 +0100] "GET /platby/article.php?5d4c26=gamefaqs-character-battle-l-block HTTP/1.1" 200 23897 "-" "Mozilla/5.0 (compatible; DotBot/1.2; +https://opensiteexplorer.org/dotbot; help@moz.com)"
216.244.66.239 - - [12/Dec/2025:09:23:30 +0100] "GET /platby/aohwuyx/baby-came-home-chords HTTP/1.1" 200 35190 "-" "Mozilla/5.0 (compatible; DotBot/1.2; +https://opensiteexplorer.org/dotbot; help@moz.com)"
216.244.66.239 - - [12/Dec/2025:09:23:32 +0100] "GET /platby/uwoy9/oppo-support-pakistan HTTP/1.1" 200 32480 "-" "Mozilla/5.0 (compatible; DotBot/1.2; +https://opensiteexplorer.org/dotbot; help@moz.com)"
216.244.66.239 - - [12/Dec/2025:09:23:35 +0100] "GET /platby/uwoy9/will-sony-xperia-1-ii-work-on-verizon HTTP/1.1" 200 42761 "-" "Mozilla/5.0 (compatible; DotBot/1.2; +https://opensiteexplorer.org/dotbot; help@moz.com)"
216.244.66.239 - - [12/Dec/2025:09:23:37 +0100] "GET /platby/aohwuyx/1958-webster-dictionary HTTP/1.1" 200 41679 "-" "Mozilla/5.0 (compatible; DotBot/1.2; +https://opensiteexplorer.org/dotbot; help@moz.com)"
216.244.66.239 - - [12/Dec/2025:09:23:38 +0100] "GET /platby/aohwuyx/christian-wolanin-dobber HTTP/1.1" 200 44761 "-" "Mozilla/5.0 (compatible; DotBot/1.2; +https://opensiteexplorer.org/dotbot; help@moz.com)"
216.244.66.239 - - [12/Dec/2025:09:23:40 +0100] "GET /platby/aohwuyx/great-lakes-hockey-camp HTTP/1.1" 200 40197 "-" "Mozilla/5.0 (compatible; DotBot/1.2; +https://opensiteexplorer.org/dotbot; help@moz.com)"
216.244.66.239 - - [12/Dec/2025:09:23:41 +0100] "GET /platby/uwoy9/subsidized-housing-with-no-income HTTP/1.1" 200 47692 "-" "Mozilla/5.0 (compatible; DotBot/1.2; +https://opensiteexplorer.org/dotbot; help@moz.com)"
216.244.66.239 - - [12/Dec/2025:09:23:43 +0100] "GET /platby/aohwuyx/how-old-was-sophie-scholl-when-she-died HTTP/1.1" 200 38231 "-" "Mozilla/5.0 (compatible; DotBot/1.2; +https://opensiteexplorer.org/dotbot; help@moz.com)"
216.244.66.239 - - [12/Dec/2025:09:23:44 +0100] "GET /platby/aohwuyx/italy-minimum-wage-per-hour-2020 HTTP/1.1" 200 36480 "-" "Mozilla/5.0 (compatible; DotBot/1.2; +https://opensiteexplorer.org/dotbot; help@moz.com)"
216.244.66.239 - - [12/Dec/2025:09:23:45 +0100] "GET /platby/aohwuyx/maple-leaf-frozen-duck HTTP/1.1" 200 37637 "-" "Mozilla/5.0 (compatible; DotBot/1.2; +https://opensiteexplorer.org/dotbot; help@moz.com)"
216.244.66.239 - - [12/Dec/2025:09:23:46 +0100] "GET /platby/aohwuyx/better-excel-exporter-for-jira HTTP/1.1" 200 37591 "-" "Mozilla/5.0 (compatible; DotBot/1.2; +https://opensiteexplorer.org/dotbot; help@moz.com)"
216.244.66.239 - - [12/Dec/2025:09:23:48 +0100] "GET /platby/uwoy9/johns-hopkins-space-systems-engineering-cost HTTP/1.1" 200 37891 "-" "Mozilla/5.0 (compatible; DotBot/1.2; +https://opensiteexplorer.org/dotbot; help@moz.com)"
79.124.40.174 - - [12/Dec/2025:09:23:48 +0100] "GET /" 400 468 "-" "-"
216.244.66.239 - - [12/Dec/2025:09:23:50 +0100] "GET /platby/aohwuyx/west-ham-fifa-21-career-mode-guide HTTP/1.1" 200 36112 "-" "Mozilla/5.0 (compatible; DotBot/1.2; +https://opensiteexplorer.org/dotbot; help@moz.com)"
216.244.66.239 - - [12/Dec/2025:09:23:51 +0100] "GET /platby/uwoy9/what-is-natural-knowledge-in-education HTTP/1.1" 200 45604 "-" "Mozilla/5.0 (compatible; DotBot/1.2; +https://opensiteexplorer.org/dotbot; help@moz.com)"
216.244.66.239 - - [12/Dec/2025:09:23:52 +0100] "GET /platby/aohwuyx/a-young-doctor%27s-notebook HTTP/1.1" 200 37432 "-" "Mozilla/5.0 (compatible; DotBot/1.2; +https://opensiteexplorer.org/dotbot; help@moz.com)"
104.210.140.135 - - [12/Dec/2025:09:24:53 +0100] "\x16\x03\x01\x02\x03\x01" 403 265 "-" "-"
104.210.140.130 - - [12/Dec/2025:09:24:54 +0100] "\x16\x03\x01\x02" 403 265 "-" "-"
198.235.24.6 - - [12/Dec/2025:09:25:11 +0100] "\x16\x03\x01\x01\x04\x01" 403 265 "-" "-"
198.235.24.6 - - [12/Dec/2025:09:25:12 +0100] "\x16\x03\x01" 403 265 "-" "-"
216.244.66.239 - - [12/Dec/2025:09:25:29 +0100] "GET /platby/72zbxoz/everything-wrong-with-cats HTTP/1.1" 200 41252 "-" "Mozilla/5.0 (compatible; DotBot/1.2; +https://opensiteexplorer.org/dotbot; help@moz.com)"
204.76.203.8 - - [12/Dec/2025:09:25:54 +0100] "\x16\x03\x01" 403 265 "-" "-"
147.185.132.249 - - [12/Dec/2025:09:27:39 +0100] "\x16\x03\x01" 501 270 "-" "-"
147.185.132.249 - - [12/Dec/2025:09:27:39 +0100] "\x16\x03\x01" 501 270 "-" "-"
195.177.94.189 - - [12/Dec/2025:09:29:03 +0100] "GET /phpmyadmin/scripts/setup.php HTTP/1.1" 200 11106 "-" "Mozilla/4.0 (compatible; MSIE 6.0; MSIE 5.5; Windows NT 5.1) Opera 7.01 [en]"
195.177.94.189 - - [12/Dec/2025:09:29:03 +0100] "POST /phpmyadmin/scripts/setup.php HTTP/1.1" 200 18608 "http://109.105.49.240:8081/phpmyadmin/scripts/setup.php" "Mozilla/4.0 (compatible; MSIE 6.0; MSIE 5.5; Windows NT 5.1) Opera 7.01 [en]"
195.177.94.189 - - [12/Dec/2025:09:30:09 +0100] "GET /phpmyadmin/scripts/setup.php HTTP/1.1" 200 11105 "-" "Mozilla/4.0 (compatible; MSIE 6.0; MSIE 5.5; Windows NT 5.1) Opera 7.01 [en]"
195.177.94.189 - - [12/Dec/2025:09:30:09 +0100] "POST /phpmyadmin/scripts/setup.php HTTP/1.1" 200 18608 "http://109.105.49.240:443/phpmyadmin/scripts/setup.php" "Mozilla/4.0 (compatible; MSIE 6.0; MSIE 5.5; Windows NT 5.1) Opera 7.01 [en]"
204.76.203.8 - - [12/Dec/2025:09:31:51 +0100] "\x16\x03\x01" 403 265 "-" "-"
147.185.132.240 - - [12/Dec/2025:09:32:00 +0100] "\x16\x03\x01\x01\x10\x01" 403 265 "-" "-"
147.185.132.240 - - [12/Dec/2025:09:32:02 +0100] "\x16\x03\x01" 403 265 "-" "-"
188.146.156.237 - - [12/Dec/2025:09:33:20 +0100] "\x16\x03\x01\x01\x01\x01" 403 265 "-" "-"
188.146.156.237 - - [12/Dec/2025:09:33:21 +0100] "\x16\x03\x01\x01\x01\x01" 403 265 "-" "-"
204.76.203.206 - - [12/Dec/2025:09:33:37 +0100] "GET /" 400 468 "-" "-"
204.76.203.206 - - [12/Dec/2025:09:34:21 +0100] "GET / HTTP/1.1" 200 316 "-" "Mozilla/5.0 (Windows NT 10.0; Win64; x64) AppleWebKit/537.36 (KHTML, like Gecko) Chrome/90.0.4430.85 Safari/537.36 Edg/90.0.818.46"
216.244.66.239 - - [12/Dec/2025:09:34:41 +0100] "GET /platby/72zbxoz/responsive-web-design-strategies HTTP/1.1" 200 48828 "-" "Mozilla/5.0 (compatible; DotBot/1.2; +https://opensiteexplorer.org/dotbot; help@moz.com)"
216.244.66.239 - - [12/Dec/2025:09:34:42 +0100] "GET /platby/uwoy9/parking-lot-safety-toolbox-talk HTTP/1.1" 200 52790 "-" "Mozilla/5.0 (compatible; DotBot/1.2; +https://opensiteexplorer.org/dotbot; help@moz.com)"
173.252.70.26 - - [12/Dec/2025:09:34:49 +0100] "\x16\x03\x01\x01S\x01" 403 265 "-" "-"
13.219.121.241 - - [12/Dec/2025:09:35:31 +0100] "\x16\x03\x01\x05\xa8\x01" 403 265 "-" "-"
66.249.79.193 - - [12/Dec/2025:09:36:03 +0100] "\x16\x03\x01\x02" 403 265 "-" "-"
114.119.129.163 - - [12/Dec/2025:09:36:10 +0100] "GET /platby/uwoy9/milkshakes-near-me-drive-thru HTTP/1.1" 200 7642 "http://ispc.klape.eu/platby/uwoy9/best-music-videos-of-all-time-list" "Mozilla/5.0 (Linux; Android 7.0;) AppleWebKit/537.36 (KHTML, like Gecko) Mobile Safari/537.36 (compatible; PetalBot;+https://webmaster.petalsearch.com/site/petalbot)"
114.119.129.163 - - [12/Dec/2025:09:37:33 +0100] "GET /platby/uwoy9/love-with-your-heart-not-your-head HTTP/1.1" 200 14741 "http://ispc.klape.eu/platby/uwoy9/love-with-your-heart-not-your-head" "Mozilla/5.0 (Linux; Android 7.0;) AppleWebKit/537.36 (KHTML, like Gecko) Mobile Safari/537.36 (compatible; PetalBot;+https://webmaster.petalsearch.com/site/petalbot)"
79.124.40.174 - - [12/Dec/2025:09:37:50 +0100] "GET /" 400 468 "-" "-"
114.119.139.112 - - [12/Dec/2025:09:38:57 +0100] "GET /platby/qqap/when-do-path-to-glory-cards-get-upgraded HTTP/1.1" 200 7478 "http://ispc.klape.eu/platby/qqap/%2B-4moregreat-cocktailszenbarn,-the-reservoir,-and-more" "Mozilla/5.0 (Linux; Android 7.0;) AppleWebKit/537.36 (KHTML, like Gecko) Mobile Safari/537.36 (compatible; PetalBot;+https://webmaster.petalsearch.com/site/petalbot)"
114.119.139.66 - - [12/Dec/2025:09:40:20 +0100] "GET /platby/72zbxoz/tailgate-guys-careers HTTP/1.1" 200 9557 "http://ispc.klape.eu/platby/72zbxoz/the-hook-menu-jacksonville%2C-ar" "Mozilla/5.0 (Linux; Android 7.0;) AppleWebKit/537.36 (KHTML, like Gecko) Mobile Safari/537.36 (compatible; PetalBot;+https://webmaster.petalsearch.com/site/petalbot)"
216.244.66.239 - - [12/Dec/2025:09:40:45 +0100] "GET /platby/72zbxoz/accenture-interactive-locations HTTP/1.1" 200 45037 "-" "Mozilla/5.0 (compatible; DotBot/1.2; +https://opensiteexplorer.org/dotbot; help@moz.com)"
