216.244.66.239 - - [12/Dec/2025:11:54:56 +0100] "GET /platby/article.php?5d4c26=believe-me-quotes-for-her HTTP/1.1" 200 17649 "-" "Mozilla/5.0 (compatible; DotBot/1.2; +https://opensiteexplorer.org/dotbot; help@moz.com)"
216.244.66.239 - - [12/Dec/2025:11:54:57 +0100] "GET /platby/article.php?5d4c26=clearance-model-kits HTTP/1.1" 200 19241 "-" "Mozilla/5.0 (compatible; DotBot/1.2; +https://opensiteexplorer.org/dotbot; help@moz.com)"
216.244.66.239 - - [12/Dec/2025:11:54:58 +0100] "GET /platby/article.php?5d4c26=dhoop-kinare-episode-13 HTTP/1.1" 200 15346 "-" "Mozilla/5.0 (compatible; DotBot/1.2; +https://opensiteexplorer.org/dotbot; help@moz.com)"
216.244.66.239 - - [12/Dec/2025:11:54:59 +0100] "GET /platby/article.php?5d4c26=english-letter-to-friend HTTP/1.1" 200 15639 "-" "Mozilla/5.0 (compatible; DotBot/1.2; +https://opensiteexplorer.org/dotbot; help@moz.com)"
216.244.66.239 - - [12/Dec/2025:11:55:00 +0100] "GET /platby/article.php?5d4c26=facts-about-fundamentalism HTTP/1.1" 200 21637 "-" "Mozilla/5.0 (compatible; DotBot/1.2; +https://opensiteexplorer.org/dotbot; help@moz.com)"
216.244.66.239 - - [12/Dec/2025:11:55:01 +0100] "GET /platby/article.php?5d4c26=fateless-%282005%29-full-movie-english HTTP/1.1" 200 14799 "-" "Mozilla/5.0 (compatible; DotBot/1.2; +https://opensiteexplorer.org/dotbot; help@moz.com)"
216.244.66.239 - - [12/Dec/2025:11:55:02 +0100] "GET /platby/article.php?5d4c26=fredericksburg-deer-lease HTTP/1.1" 200 19998 "-" "Mozilla/5.0 (compatible; DotBot/1.2; +https://opensiteexplorer.org/dotbot; help@moz.com)"
216.244.66.239 - - [12/Dec/2025:11:55:03 +0100] "GET /platby/article.php?5d4c26=ghalti-episode-13-dailymotion HTTP/1.1" 200 21418 "-" "Mozilla/5.0 (compatible; DotBot/1.2; +https://opensiteexplorer.org/dotbot; help@moz.com)"
216.244.66.239 - - [12/Dec/2025:11:55:04 +0100] "GET /platby/article.php?5d4c26=greenhouse-effect-facts HTTP/1.1" 200 13787 "-" "Mozilla/5.0 (compatible; DotBot/1.2; +https://opensiteexplorer.org/dotbot; help@moz.com)"
216.244.66.239 - - [12/Dec/2025:11:55:05 +0100] "GET /platby/article.php?5d4c26=hay-day-valley-map-fish-shop HTTP/1.1" 200 20584 "-" "Mozilla/5.0 (compatible; DotBot/1.2; +https://opensiteexplorer.org/dotbot; help@moz.com)"
216.244.66.239 - - [12/Dec/2025:11:55:06 +0100] "GET /platby/article.php?5d4c26=hinkik---invaders HTTP/1.1" 200 18745 "-" "Mozilla/5.0 (compatible; DotBot/1.2; +https://opensiteexplorer.org/dotbot; help@moz.com)"
216.244.66.239 - - [12/Dec/2025:11:55:07 +0100] "GET /platby/article.php?5d4c26=joan-templeman-age HTTP/1.1" 200 22491 "-" "Mozilla/5.0 (compatible; DotBot/1.2; +https://opensiteexplorer.org/dotbot; help@moz.com)"
216.244.66.239 - - [12/Dec/2025:11:55:08 +0100] "GET /platby/article.php?5d4c26=john-deere-e130-oil-change-interval HTTP/1.1" 200 22055 "-" "Mozilla/5.0 (compatible; DotBot/1.2; +https://opensiteexplorer.org/dotbot; help@moz.com)"
216.244.66.239 - - [12/Dec/2025:11:55:09 +0100] "GET /platby/article.php?5d4c26=kitty-flanagan-interview HTTP/1.1" 200 21164 "-" "Mozilla/5.0 (compatible; DotBot/1.2; +https://opensiteexplorer.org/dotbot; help@moz.com)"
141.98.11.111 - - [12/Dec/2025:11:55:10 +0100] "\x16\x03\x01\x02" 403 265 "-" "-"
141.98.11.111 - - [12/Dec/2025:11:55:11 +0100] "\x16\x03\x01\x02" 403 265 "-" "-"
141.98.11.111 - - [12/Dec/2025:11:55:11 +0100] "\x16\x03\x01\x02" 403 265 "-" "-"
216.244.66.239 - - [12/Dec/2025:11:55:11 +0100] "GET /platby/article.php?5d4c26=mac-keyboard-not-working-in-recovery-mode HTTP/1.1" 200 17719 "-" "Mozilla/5.0 (compatible; DotBot/1.2; +https://opensiteexplorer.org/dotbot; help@moz.com)"
141.98.11.111 - - [12/Dec/2025:11:55:11 +0100] "\x16\x03\x01\x02" 403 265 "-" "-"
216.244.66.239 - - [12/Dec/2025:11:55:12 +0100] "GET /platby/article.php?5d4c26=morgan-county-schools-wv HTTP/1.1" 200 19159 "-" "Mozilla/5.0 (compatible; DotBot/1.2; +https://opensiteexplorer.org/dotbot; help@moz.com)"
141.98.11.111 - - [12/Dec/2025:11:55:12 +0100] "\x16\x03\x01\x02" 403 265 "-" "-"
141.98.11.111 - - [12/Dec/2025:11:55:12 +0100] "\x16\x03\x01\x02" 403 265 "-" "-"
216.244.66.239 - - [12/Dec/2025:11:55:13 +0100] "GET /platby/article.php?5d4c26=peter-drucker-theory HTTP/1.1" 200 20563 "-" "Mozilla/5.0 (compatible; DotBot/1.2; +https://opensiteexplorer.org/dotbot; help@moz.com)"
216.244.66.239 - - [12/Dec/2025:11:55:14 +0100] "GET /platby/article.php?5d4c26=roms-nds-espa%C3%B1ol HTTP/1.1" 200 21885 "-" "Mozilla/5.0 (compatible; DotBot/1.2; +https://opensiteexplorer.org/dotbot; help@moz.com)"
216.244.66.239 - - [12/Dec/2025:11:55:15 +0100] "GET /platby/article.php?5d4c26=terraria-spawn-items-server HTTP/1.1" 200 21070 "-" "Mozilla/5.0 (compatible; DotBot/1.2; +https://opensiteexplorer.org/dotbot; help@moz.com)"
216.244.66.239 - - [12/Dec/2025:11:55:16 +0100] "GET /platby/article.php?5d4c26=what-does-dark-matter-have-to-do-with-the-critical-density-of-the-universe HTTP/1.1" 200 22215 "-" "Mozilla/5.0 (compatible; DotBot/1.2; +https://opensiteexplorer.org/dotbot; help@moz.com)"
216.244.66.239 - - [12/Dec/2025:11:55:17 +0100] "GET /platby/article.php?5d4c26=what-is-nasa%27s-new-robot-called HTTP/1.1" 200 21684 "-" "Mozilla/5.0 (compatible; DotBot/1.2; +https://opensiteexplorer.org/dotbot; help@moz.com)"
216.244.66.239 - - [12/Dec/2025:11:55:18 +0100] "GET /platby/article.php?5d4c26=why-a-baseball-curves HTTP/1.1" 200 25331 "-" "Mozilla/5.0 (compatible; DotBot/1.2; +https://opensiteexplorer.org/dotbot; help@moz.com)"
216.244.66.239 - - [12/Dec/2025:11:55:19 +0100] "GET /platby/article.php?5d4c26=Timberland-clothing-size-Chart HTTP/1.1" 200 24306 "-" "Mozilla/5.0 (compatible; DotBot/1.2; +https://opensiteexplorer.org/dotbot; help@moz.com)"
216.244.66.239 - - [12/Dec/2025:11:55:20 +0100] "GET /platby/article.php?5d4c26=anarchy-burger-lyrics-meaning HTTP/1.1" 200 16093 "-" "Mozilla/5.0 (compatible; DotBot/1.2; +https://opensiteexplorer.org/dotbot; help@moz.com)"
216.244.66.239 - - [12/Dec/2025:11:55:23 +0100] "GET /platby/article.php?5d4c26=assassin-archer---modern-day-robin-hood-mod-apk HTTP/1.1" 200 24078 "-" "Mozilla/5.0 (compatible; DotBot/1.2; +https://opensiteexplorer.org/dotbot; help@moz.com)"
216.244.66.239 - - [12/Dec/2025:11:55:24 +0100] "GET /platby/article.php?5d4c26=calculate-moisture-content-of-air-from-relative-humidity HTTP/1.1" 200 22266 "-" "Mozilla/5.0 (compatible; DotBot/1.2; +https://opensiteexplorer.org/dotbot; help@moz.com)"
216.244.66.239 - - [12/Dec/2025:11:55:26 +0100] "GET /platby/article.php?5d4c26=characteristics-of-humility-in-the-bible HTTP/1.1" 200 22148 "-" "Mozilla/5.0 (compatible; DotBot/1.2; +https://opensiteexplorer.org/dotbot; help@moz.com)"
216.244.66.239 - - [12/Dec/2025:11:55:27 +0100] "GET /platby/article.php?5d4c26=dragon-quest-builders-2-thunderbolt-blade HTTP/1.1" 200 17694 "-" "Mozilla/5.0 (compatible; DotBot/1.2; +https://opensiteexplorer.org/dotbot; help@moz.com)"
141.98.11.111 - - [12/Dec/2025:11:55:28 +0100] "\x16\x03\x01\x02" 403 265 "-" "-"
141.98.11.111 - - [12/Dec/2025:11:55:28 +0100] "\x16\x03\x01\x02" 403 265 "-" "-"
216.244.66.239 - - [12/Dec/2025:11:55:28 +0100] "GET /platby/article.php?5d4c26=fire-blanket-use HTTP/1.1" 200 19270 "-" "Mozilla/5.0 (compatible; DotBot/1.2; +https://opensiteexplorer.org/dotbot; help@moz.com)"
141.98.11.111 - - [12/Dec/2025:11:55:29 +0100] "\x16\x03\x01\x02" 403 265 "-" "-"
141.98.11.111 - - [12/Dec/2025:11:55:29 +0100] "\x16\x03\x01\x02" 403 265 "-" "-"
216.244.66.239 - - [12/Dec/2025:11:55:29 +0100] "GET /platby/article.php?5d4c26=how-to-do-gymnastics-for-beginners-at-home-level-1 HTTP/1.1" 200 24193 "-" "Mozilla/5.0 (compatible; DotBot/1.2; +https://opensiteexplorer.org/dotbot; help@moz.com)"
216.244.66.239 - - [12/Dec/2025:11:55:30 +0100] "GET /platby/article.php?5d4c26=i-just-wanna-let-you-know-i-love-you-i%27ll-never-stop-loving-you HTTP/1.1" 200 16654 "-" "Mozilla/5.0 (compatible; DotBot/1.2; +https://opensiteexplorer.org/dotbot; help@moz.com)"
216.244.66.239 - - [12/Dec/2025:11:55:31 +0100] "GET /platby/article.php?5d4c26=luzhniki-stadium-events HTTP/1.1" 200 18041 "-" "Mozilla/5.0 (compatible; DotBot/1.2; +https://opensiteexplorer.org/dotbot; help@moz.com)"
216.244.66.239 - - [12/Dec/2025:11:55:33 +0100] "GET /platby/article.php?5d4c26=mariequita%2C-the-awakening HTTP/1.1" 200 19635 "-" "Mozilla/5.0 (compatible; DotBot/1.2; +https://opensiteexplorer.org/dotbot; help@moz.com)"
216.244.66.239 - - [12/Dec/2025:11:55:34 +0100] "GET /platby/article.php?5d4c26=minecraft-zombie-rap-song HTTP/1.1" 200 23013 "-" "Mozilla/5.0 (compatible; DotBot/1.2; +https://opensiteexplorer.org/dotbot; help@moz.com)"
216.244.66.239 - - [12/Dec/2025:11:55:35 +0100] "GET /platby/article.php?5d4c26=paleo-hebrew-interlinear-bible-pdf HTTP/1.1" 200 20818 "-" "Mozilla/5.0 (compatible; DotBot/1.2; +https://opensiteexplorer.org/dotbot; help@moz.com)"
216.244.66.239 - - [12/Dec/2025:11:55:36 +0100] "GET /platby/article.php?5d4c26=russian-cup-women%27s-basketball HTTP/1.1" 200 15397 "-" "Mozilla/5.0 (compatible; DotBot/1.2; +https://opensiteexplorer.org/dotbot; help@moz.com)"
216.244.66.239 - - [12/Dec/2025:11:55:37 +0100] "GET /platby/article.php?5d4c26=spells-and-charms-book HTTP/1.1" 200 15862 "-" "Mozilla/5.0 (compatible; DotBot/1.2; +https://opensiteexplorer.org/dotbot; help@moz.com)"
216.244.66.239 - - [12/Dec/2025:11:55:38 +0100] "GET /platby/article.php?5d4c26=to-kill-a-mockingbird-annotations-chapter-4 HTTP/1.1" 200 18051 "-" "Mozilla/5.0 (compatible; DotBot/1.2; +https://opensiteexplorer.org/dotbot; help@moz.com)"
216.244.66.239 - - [12/Dec/2025:11:55:39 +0100] "GET /platby/article.php?5d4c26=top-hbr-articles-2019 HTTP/1.1" 200 15579 "-" "Mozilla/5.0 (compatible; DotBot/1.2; +https://opensiteexplorer.org/dotbot; help@moz.com)"
216.244.66.239 - - [12/Dec/2025:11:55:40 +0100] "GET /platby/article.php?5d4c26=transformers-rescue-bots-season-2-episode-3 HTTP/1.1" 200 24308 "-" "Mozilla/5.0 (compatible; DotBot/1.2; +https://opensiteexplorer.org/dotbot; help@moz.com)"
216.244.66.239 - - [12/Dec/2025:11:55:42 +0100] "GET /platby/article.php?5d4c26=university-of-michigan-oos-scholarships HTTP/1.1" 200 22133 "-" "Mozilla/5.0 (compatible; DotBot/1.2; +https://opensiteexplorer.org/dotbot; help@moz.com)"
216.244.66.239 - - [12/Dec/2025:11:55:44 +0100] "GET /platby/article.php?5d4c26=o%27day-daysailer-parts HTTP/1.1" 200 25787 "-" "Mozilla/5.0 (compatible; DotBot/1.2; +https://opensiteexplorer.org/dotbot; help@moz.com)"
216.244.66.239 - - [12/Dec/2025:11:55:45 +0100] "GET /platby/article.php?5d4c26=organizational-management-examples HTTP/1.1" 200 24215 "-" "Mozilla/5.0 (compatible; DotBot/1.2; +https://opensiteexplorer.org/dotbot; help@moz.com)"
216.244.66.239 - - [12/Dec/2025:11:55:46 +0100] "GET /platby/article.php?5d4c26=you-are-eligible-for-the-payment-once-we-have-your-payment-date%2C-we-will-update-this-page HTTP/1.1" 200 18321 "-" "Mozilla/5.0 (compatible; DotBot/1.2; +https://opensiteexplorer.org/dotbot; help@moz.com)"
216.244.66.239 - - [12/Dec/2025:11:55:47 +0100] "GET /platby/aohwuyx/european-nba-players-2021 HTTP/1.1" 200 43859 "-" "Mozilla/5.0 (compatible; DotBot/1.2; +https://opensiteexplorer.org/dotbot; help@moz.com)"
216.244.66.239 - - [12/Dec/2025:11:55:49 +0100] "GET /platby/aohwuyx/fallout-76-companions-follow HTTP/1.1" 200 42171 "-" "Mozilla/5.0 (compatible; DotBot/1.2; +https://opensiteexplorer.org/dotbot; help@moz.com)"
216.244.66.239 - - [12/Dec/2025:11:55:50 +0100] "GET /platby/aohwuyx/which-sans-au-would-date-you HTTP/1.1" 200 35432 "-" "Mozilla/5.0 (compatible; DotBot/1.2; +https://opensiteexplorer.org/dotbot; help@moz.com)"
216.244.66.239 - - [12/Dec/2025:11:55:51 +0100] "GET /platby/uwoy9/oklahoma-city-university-athletics HTTP/1.1" 200 37085 "-" "Mozilla/5.0 (compatible; DotBot/1.2; +https://opensiteexplorer.org/dotbot; help@moz.com)"
216.244.66.239 - - [12/Dec/2025:11:56:00 +0100] "GET /platby/uwoy9/what-rhymes-with-heart HTTP/1.1" 200 40759 "-" "Mozilla/5.0 (compatible; DotBot/1.2; +https://opensiteexplorer.org/dotbot; help@moz.com)"
216.244.66.239 - - [12/Dec/2025:11:56:34 +0100] "GET /platby/uwoy9/allowed-sentence-for-class-3 HTTP/1.1" 200 35565 "-" "Mozilla/5.0 (compatible; DotBot/1.2; +https://opensiteexplorer.org/dotbot; help@moz.com)"
66.132.153.123 - - [12/Dec/2025:12:00:53 +0100] "\x16\x03\x01" 501 270 "-" "-"
66.132.153.123 - - [12/Dec/2025:12:00:54 +0100] "GET / HTTP/1.1" 200 316 "-" "Mozilla/5.0 (compatible; CensysInspect/1.1; +https://about.censys.io/)"
66.132.153.123 - - [12/Dec/2025:12:00:54 +0100] "PRI * HTTP/2.0" 400 291 "-" "-"
66.132.153.123 - - [12/Dec/2025:12:00:55 +0100] "GET /favicon.ico HTTP/1.1" 404 229 "-" "Mozilla/5.0 (compatible; CensysInspect/1.1; +https://about.censys.io/)"
66.132.153.123 - - [12/Dec/2025:12:01:00 +0100] "GET / HTTP/1.1" 200 316 "-" "Mozilla/5.0 (compatible; CensysInspect/1.1; +https://about.censys.io/)"
66.132.153.123 - - [12/Dec/2025:12:01:08 +0100] "\x16\x03\x01" 501 270 "-" "-"
66.132.153.123 - - [12/Dec/2025:12:01:09 +0100] "GET /robots.txt HTTP/1.1" 404 229 "-" "Mozilla/5.0 (compatible; CensysInspect/1.1; +https://about.censys.io/)"
204.76.203.8 - - [12/Dec/2025:12:01:56 +0100] "\x16\x03\x01" 403 265 "-" "-"
195.177.94.189 - - [12/Dec/2025:12:03:54 +0100] "GET /phpmyadmin/scripts/setup.php HTTP/1.1" 200 11106 "-" "Mozilla/4.0 (compatible; MSIE 6.0; MSIE 5.5; Windows NT 5.1) Opera 7.01 [en]"
195.177.94.189 - - [12/Dec/2025:12:03:54 +0100] "POST /phpmyadmin/scripts/setup.php HTTP/1.1" 200 18608 "http://109.105.49.240:8081/phpmyadmin/scripts/setup.php" "Mozilla/4.0 (compatible; MSIE 6.0; MSIE 5.5; Windows NT 5.1) Opera 7.01 [en]"
195.177.94.189 - - [12/Dec/2025:12:05:00 +0100] "GET /phpmyadmin/scripts/setup.php HTTP/1.1" 200 11105 "-" "Mozilla/4.0 (compatible; MSIE 6.0; MSIE 5.5; Windows NT 5.1) Opera 7.01 [en]"
195.177.94.189 - - [12/Dec/2025:12:05:01 +0100] "POST /phpmyadmin/scripts/setup.php HTTP/1.1" 200 18608 "http://109.105.49.240:443/phpmyadmin/scripts/setup.php" "Mozilla/4.0 (compatible; MSIE 6.0; MSIE 5.5; Windows NT 5.1) Opera 7.01 [en]"
204.76.203.206 - - [12/Dec/2025:12:05:14 +0100] "GET /" 400 468 "-" "-"
216.244.66.239 - - [12/Dec/2025:12:05:56 +0100] "GET /platby/72zbxoz/basketball-shorts-damen HTTP/1.1" 200 35216 "-" "Mozilla/5.0 (compatible; DotBot/1.2; +https://opensiteexplorer.org/dotbot; help@moz.com)"
216.244.66.239 - - [12/Dec/2025:12:05:57 +0100] "GET /platby/72zbxoz/tiffin-girls%27-school-ranking-2020 HTTP/1.1" 200 33948 "-" "Mozilla/5.0 (compatible; DotBot/1.2; +https://opensiteexplorer.org/dotbot; help@moz.com)"
216.244.66.239 - - [12/Dec/2025:12:05:57 +0100] "GET /platby/72zbxoz/trampoline-park-richmond HTTP/1.1" 200 37129 "-" "Mozilla/5.0 (compatible; DotBot/1.2; +https://opensiteexplorer.org/dotbot; help@moz.com)"
216.244.66.239 - - [12/Dec/2025:12:05:58 +0100] "GET /platby/aohwuyx/2pac-hoodie-me-against-the-world HTTP/1.1" 200 39988 "-" "Mozilla/5.0 (compatible; DotBot/1.2; +https://opensiteexplorer.org/dotbot; help@moz.com)"
216.244.66.239 - - [12/Dec/2025:12:06:00 +0100] "GET /platby/aohwuyx/dating-start-walkthrough HTTP/1.1" 200 30937 "-" "Mozilla/5.0 (compatible; DotBot/1.2; +https://opensiteexplorer.org/dotbot; help@moz.com)"
216.244.66.239 - - [12/Dec/2025:12:06:01 +0100] "GET /platby/aohwuyx/west-reading-fireworks-2021 HTTP/1.1" 200 45845 "-" "Mozilla/5.0 (compatible; DotBot/1.2; +https://opensiteexplorer.org/dotbot; help@moz.com)"
5.133.192.160 - - [12/Dec/2025:12:06:21 +0100] "\x16\x03\x01\x01\x1c\x01" 403 265 "-" "-"
114.119.139.112 - - [12/Dec/2025:12:06:37 +0100] "GET /platby/uwoy9/arsenal-camera-settings-rocket-league-2021 HTTP/1.1" 200 7822 "http://ispc.klape.eu/platby/uwoy9/arsenal-camera-settings-rocket-league-2021" "Mozilla/5.0 (Linux; Android 7.0;) AppleWebKit/537.36 (KHTML, like Gecko) Mobile Safari/537.36 (compatible; PetalBot;+https://webmaster.petalsearch.com/site/petalbot)"
204.76.203.206 - - [12/Dec/2025:12:06:47 +0100] "GET / HTTP/1.1" 200 316 "-" "Mozilla/5.0 (Windows NT 10.0; Win64; x64) AppleWebKit/537.36 (KHTML, like Gecko) Chrome/90.0.4430.85 Safari/537.36 Edg/90.0.818.46"
114.119.128.6 - - [12/Dec/2025:12:08:04 +0100] "GET /platby/qqap/solitary-and-gregarious-dragonfly HTTP/1.1" 200 8894 "http://ispc.klape.eu/platby/qqap/australia-npl-women%27s-league" "Mozilla/5.0 (Linux; Android 7.0;) AppleWebKit/537.36 (KHTML, like Gecko) Mobile Safari/537.36 (compatible; PetalBot;+https://webmaster.petalsearch.com/site/petalbot)"
114.119.152.142 - - [12/Dec/2025:12:09:25 +0100] "GET /platby/qqap/best-collections-to-complete-in-nba-2k20 HTTP/1.1" 200 8875 "http://ispc.klape.eu/platby/qqap/where-do-nightingales-live" "Mozilla/5.0 (Linux; Android 7.0;) AppleWebKit/537.36 (KHTML, like Gecko) Mobile Safari/537.36 (compatible; PetalBot;+https://webmaster.petalsearch.com/site/petalbot)"
185.16.39.52 - - [12/Dec/2025:12:09:55 +0100] "GET /" 400 468 "-" "-"
114.119.129.163 - - [12/Dec/2025:12:10:50 +0100] "GET /platby/qqap/benefits-for-low-income-single-person HTTP/1.1" 200 11132 "http://ispc.klape.eu/platby/qqap/session-cookies-vs-persistent-cookies" "Mozilla/5.0 (Linux; Android 7.0;) AppleWebKit/537.36 (KHTML, like Gecko) Mobile Safari/537.36 (compatible; PetalBot;+https://webmaster.petalsearch.com/site/petalbot)"
114.119.139.112 - - [12/Dec/2025:12:12:12 +0100] "GET /platby/article.php?5d4c26=animal-crossing:-new-horizons-furniture-series HTTP/1.1" 200 6087 "http://ispc.klape.eu/platby/article.php?5d4c26=monsters%2C-inc-123movies" "Mozilla/5.0 (Linux; Android 7.0;) AppleWebKit/537.36 (KHTML, like Gecko) Mobile Safari/537.36 (compatible; PetalBot;+https://webmaster.petalsearch.com/site/petalbot)"
204.76.203.8 - - [12/Dec/2025:12:15:10 +0100] "\x16\x03\x01" 403 265 "-" "-"
157.245.147.138 - - [12/Dec/2025:12:15:13 +0100] "\x16\x03\x01\x02" 403 265 "-" "-"
129.226.197.207 - - [12/Dec/2025:12:15:22 +0100] "\x16\x03\x01\x07\x13\x01" 403 265 "-" "-"
87.120.191.100 - - [12/Dec/2025:12:17:17 +0100] "\x16\x03\x01\x05\xc2\x01" 403 265 "-" "-"
34.231.77.232 - - [12/Dec/2025:12:17:28 +0100] "GET /platby/72zbxoz/bard-college-berlin-size HTTP/1.1" 200 7412 "-" "Mozilla/5.0 AppleWebKit/537.36 (KHTML, like Gecko; compatible; Amazonbot/0.1; +https://developer.amazon.com/support/amazonbot) Chrome/119.0.6045.214 Safari/537.36"
98.83.10.183 - - [12/Dec/2025:12:17:32 +0100] "GET /platby/aohwuyx/secrets-of-the-venetian-las-vegas HTTP/1.1" 200 10933 "-" "Mozilla/5.0 AppleWebKit/537.36 (KHTML, like Gecko; compatible; Amazonbot/0.1; +https://developer.amazon.com/support/amazonbot) Chrome/119.0.6045.214 Safari/537.36"
52.4.229.9 - - [12/Dec/2025:12:17:36 +0100] "GET /platby/72zbxoz/holiday-rentals-mykonos HTTP/1.1" 200 9900 "-" "Mozilla/5.0 AppleWebKit/537.36 (KHTML, like Gecko; compatible; Amazonbot/0.1; +https://developer.amazon.com/support/amazonbot) Chrome/119.0.6045.214 Safari/537.36"
54.243.63.52 - - [12/Dec/2025:12:17:40 +0100] "GET /platby/aohwuyx/saskatchewan-indigenous HTTP/1.1" 200 8024 "-" "Mozilla/5.0 AppleWebKit/537.36 (KHTML, like Gecko; compatible; Amazonbot/0.1; +https://developer.amazon.com/support/amazonbot) Chrome/119.0.6045.214 Safari/537.36"
3.81.253.213 - - [12/Dec/2025:12:17:45 +0100] "GET /platby/aohwuyx/cucumber-emailable-report HTTP/1.1" 200 10749 "-" "Mozilla/5.0 AppleWebKit/537.36 (KHTML, like Gecko; compatible; Amazonbot/0.1; +https://developer.amazon.com/support/amazonbot) Chrome/119.0.6045.214 Safari/537.36"
35.169.119.108 - - [12/Dec/2025:12:17:48 +0100] "GET /platby/aohwuyx/is-cecil-gaines-still-alive HTTP/1.1" 200 12723 "-" "Mozilla/5.0 AppleWebKit/537.36 (KHTML, like Gecko; compatible; Amazonbot/0.1; +https://developer.amazon.com/support/amazonbot) Chrome/119.0.6045.214 Safari/537.36"
3.220.148.166 - - [12/Dec/2025:12:17:52 +0100] "GET /platby/qqap/community-health-link-jobs HTTP/1.1" 200 9825 "-" "Mozilla/5.0 AppleWebKit/537.36 (KHTML, like Gecko; compatible; Amazonbot/0.1; +https://developer.amazon.com/support/amazonbot) Chrome/119.0.6045.214 Safari/537.36"
54.225.81.20 - - [12/Dec/2025:12:17:56 +0100] "GET /platby/qqap/st-paul's-girls'-school-ofsted HTTP/1.1" 200 12714 "-" "Mozilla/5.0 AppleWebKit/537.36 (KHTML, like Gecko; compatible; Amazonbot/0.1; +https://developer.amazon.com/support/amazonbot) Chrome/119.0.6045.214 Safari/537.36"
98.82.39.241 - - [12/Dec/2025:12:18:01 +0100] "GET /platby/72zbxoz/godrej-refrigerator-spare-parts-shop-near-me HTTP/1.1" 200 15014 "-" "Mozilla/5.0 AppleWebKit/537.36 (KHTML, like Gecko; compatible; Amazonbot/0.1; +https://developer.amazon.com/support/amazonbot) Chrome/119.0.6045.214 Safari/537.36"
54.156.248.117 - - [12/Dec/2025:12:18:04 +0100] "GET /platby/aohwuyx/houston-astros-players HTTP/1.1" 200 11910 "-" "Mozilla/5.0 AppleWebKit/537.36 (KHTML, like Gecko; compatible; Amazonbot/0.1; +https://developer.amazon.com/support/amazonbot) Chrome/119.0.6045.214 Safari/537.36"
98.83.177.42 - - [12/Dec/2025:12:18:10 +0100] "GET /platby/72zbxoz/black-barber-shops-lansing,-mi HTTP/1.1" 200 12540 "-" "Mozilla/5.0 AppleWebKit/537.36 (KHTML, like Gecko; compatible; Amazonbot/0.1; +https://developer.amazon.com/support/amazonbot) Chrome/119.0.6045.214 Safari/537.36"
54.197.178.107 - - [12/Dec/2025:12:18:14 +0100] "GET /platby/72zbxoz/marmot-never-summer-weight HTTP/1.1" 200 11007 "-" "Mozilla/5.0 AppleWebKit/537.36 (KHTML, like Gecko; compatible; Amazonbot/0.1; +https://developer.amazon.com/support/amazonbot) Chrome/119.0.6045.214 Safari/537.36"
205.210.31.111 - - [12/Dec/2025:12:19:19 +0100] "GET / HTTP/1.1" 200 515 "-" "Hello from Palo Alto Networks, find out more about our scans in https://docs-cortex.paloaltonetworks.com/r/1/Cortex-Xpanse/Scanning-activity"
204.76.203.206 - - [12/Dec/2025:12:21:46 +0100] "GET /" 400 468 "-" "-"
204.76.203.206 - - [12/Dec/2025:12:23:25 +0100] "GET / HTTP/1.1" 200 316 "-" "Mozilla/5.0 (Windows NT 10.0; Win64; x64) AppleWebKit/537.36 (KHTML, like Gecko) Chrome/90.0.4430.85 Safari/537.36 Edg/90.0.818.46"
204.76.203.8 - - [12/Dec/2025:12:26:41 +0100] "\x16\x03\x01" 403 265 "-" "-"
114.119.152.142 - - [12/Dec/2025:12:27:23 +0100] "GET /platby/uwoy9/what-is-dr-travis-stork-doing-now HTTP/1.1" 200 11689 "http://ispc.klape.eu/platby/uwoy9/what-is-dr-travis-stork-doing-now" "Mozilla/5.0 (Linux; Android 7.0;) AppleWebKit/537.36 (KHTML, like Gecko) Mobile Safari/537.36 (compatible; PetalBot;+https://webmaster.petalsearch.com/site/petalbot)"
146.88.240.72 - - [12/Dec/2025:12:27:36 +0100] "\x16\x03\x01" 403 265 "-" "-"
114.119.129.163 - - [12/Dec/2025:12:28:44 +0100] "GET /platby/aohwuyx/most-receiving-yards-all-time HTTP/1.1" 200 12678 "http://ispc.klape.eu/platby/aohwuyx/most-receiving-yards-all-time" "Mozilla/5.0 (Linux; Android 7.0;) AppleWebKit/537.36 (KHTML, like Gecko) Mobile Safari/537.36 (compatible; PetalBot;+https://webmaster.petalsearch.com/site/petalbot)"
204.76.203.212 - - [12/Dec/2025:12:32:09 +0100] "GET /" 400 468 "-" "-"
45.115.191.166 - - [12/Dec/2025:12:33:17 +0100] "\x16\x03\x03" 403 265 "-" "-"
87.120.191.100 - - [12/Dec/2025:12:35:38 +0100] "GET /" 400 468 "-" "-"
204.76.203.8 - - [12/Dec/2025:12:36:19 +0100] "\x16\x03\x01" 403 265 "-" "-"
216.244.66.239 - - [12/Dec/2025:12:37:10 +0100] "GET /robots.txt HTTP/1.1" 200 34 "-" "Mozilla/5.0 (compatible; DotBot/1.2; +https://opensiteexplorer.org/dotbot; help@moz.com)"
204.76.203.206 - - [12/Dec/2025:12:38:38 +0100] "GET /" 400 468 "-" "-"
134.209.10.199 - - [12/Dec/2025:12:39:08 +0100] "\x16\x03\x01" 403 265 "-" "-"
134.209.10.199 - - [12/Dec/2025:12:39:08 +0100] "\x16\x03\x01" 403 265 "-" "-"
134.209.10.199 - - [12/Dec/2025:12:39:09 +0100] "\x16\x03\x01" 403 265 "-" "-"
134.209.10.199 - - [12/Dec/2025:12:39:10 +0100] "\x16\x03\x01" 403 265 "-" "-"
204.76.203.206 - - [12/Dec/2025:12:40:17 +0100] "GET / HTTP/1.1" 200 316 "-" "Mozilla/5.0 (Windows NT 10.0; Win64; x64) AppleWebKit/537.36 (KHTML, like Gecko) Chrome/90.0.4430.85 Safari/537.36 Edg/90.0.818.46"
114.119.128.6 - - [12/Dec/2025:12:40:56 +0100] "GET /platby/qqap/how-to-downscale-4k-to-1080p-on-iphone HTTP/1.1" 200 7058 "http://ispc.klape.eu/platby/qqap/succubi-pronunciation" "Mozilla/5.0 (Linux; Android 7.0;) AppleWebKit/537.36 (KHTML, like Gecko) Mobile Safari/537.36 (compatible; PetalBot;+https://webmaster.petalsearch.com/site/petalbot)"
217.119.139.38 - - [12/Dec/2025:12:41:17 +0100] "\x16\x03\x01\x02" 403 265 "-" "-"
217.119.139.38 - - [12/Dec/2025:12:41:17 +0100] "GET / HTTP/1.1" 403 224 "-" "Mozilla/5.0 (Windows NT 10.0; Win64; x64) AppleWebKit/537.36 (KHTML, like Gecko) Chrome/140.0.0.0 Safari/537.36"
216.244.66.239 - - [12/Dec/2025:12:41:37 +0100] "GET /platby/article.php?5d4c26=warframe-market-api HTTP/1.1" 200 24805 "-" "Mozilla/5.0 (compatible; DotBot/1.2; +https://opensiteexplorer.org/dotbot; help@moz.com)"
216.244.66.239 - - [12/Dec/2025:12:41:45 +0100] "GET /platby/article.php?5d4c26=Falcon-2000-price HTTP/1.1" 200 22038 "-" "Mozilla/5.0 (compatible; DotBot/1.2; +https://opensiteexplorer.org/dotbot; help@moz.com)"
216.244.66.239 - - [12/Dec/2025:12:41:49 +0100] "GET /platby/article.php?5d4c26=The-Broken-Jug HTTP/1.1" 200 22960 "-" "Mozilla/5.0 (compatible; DotBot/1.2; +https://opensiteexplorer.org/dotbot; help@moz.com)"
216.244.66.239 - - [12/Dec/2025:12:41:53 +0100] "GET /platby/article.php?5d4c26=diligence-in-greek HTTP/1.1" 200 21086 "-" "Mozilla/5.0 (compatible; DotBot/1.2; +https://opensiteexplorer.org/dotbot; help@moz.com)"
216.244.66.239 - - [12/Dec/2025:12:41:56 +0100] "GET /platby/article.php?5d4c26=smart-goals-for-a-wedding HTTP/1.1" 200 18534 "-" "Mozilla/5.0 (compatible; DotBot/1.2; +https://opensiteexplorer.org/dotbot; help@moz.com)"
216.244.66.239 - - [12/Dec/2025:12:41:59 +0100] "GET /platby/article.php?5d4c26=sonic-mania-sprites HTTP/1.1" 200 18311 "-" "Mozilla/5.0 (compatible; DotBot/1.2; +https://opensiteexplorer.org/dotbot; help@moz.com)"
216.244.66.239 - - [12/Dec/2025:12:42:01 +0100] "GET /platby/article.php?5d4c26=storm-dennis---wales HTTP/1.1" 200 18659 "-" "Mozilla/5.0 (compatible; DotBot/1.2; +https://opensiteexplorer.org/dotbot; help@moz.com)"
216.244.66.239 - - [12/Dec/2025:12:42:03 +0100] "GET /platby/article.php?5d4c26=4-kbs-world-radio HTTP/1.1" 200 19919 "-" "Mozilla/5.0 (compatible; DotBot/1.2; +https://opensiteexplorer.org/dotbot; help@moz.com)"
196.127.100.183 - - [12/Dec/2025:12:42:05 +0100] "\x16\x03\x01\x02" 403 265 "-" "-"
196.127.100.183 - - [12/Dec/2025:12:42:06 +0100] "\x16\x03\x01\x02" 403 265 "-" "-"
216.244.66.239 - - [12/Dec/2025:12:42:06 +0100] "GET /platby/article.php?5d4c26=Franz-Josef-Land HTTP/1.1" 200 17708 "-" "Mozilla/5.0 (compatible; DotBot/1.2; +https://opensiteexplorer.org/dotbot; help@moz.com)"
196.127.100.183 - - [12/Dec/2025:12:42:07 +0100] "\x16\x03\x01\x02" 403 265 "-" "-"
216.244.66.239 - - [12/Dec/2025:12:42:07 +0100] "GET /platby/article.php?5d4c26=Order-of-Victory HTTP/1.1" 200 22858 "-" "Mozilla/5.0 (compatible; DotBot/1.2; +https://opensiteexplorer.org/dotbot; help@moz.com)"
196.127.100.183 - - [12/Dec/2025:12:42:07 +0100] "\x16\x03\x01\x02" 403 265 "-" "-"
196.127.100.183 - - [12/Dec/2025:12:42:08 +0100] "\x16\x03\x01\x02" 403 265 "-" "-"
216.244.66.239 - - [12/Dec/2025:12:42:09 +0100] "GET /platby/article.php?5d4c26=What-to-wear-in-Laos HTTP/1.1" 200 16857 "-" "Mozilla/5.0 (compatible; DotBot/1.2; +https://opensiteexplorer.org/dotbot; help@moz.com)"
196.127.100.183 - - [12/Dec/2025:12:42:10 +0100] "\x16\x03\x01\x02" 403 265 "-" "-"
216.244.66.239 - - [12/Dec/2025:12:42:10 +0100] "GET /platby/article.php?5d4c26=aotea-track-review HTTP/1.1" 200 14522 "-" "Mozilla/5.0 (compatible; DotBot/1.2; +https://opensiteexplorer.org/dotbot; help@moz.com)"
196.127.100.183 - - [12/Dec/2025:12:42:11 +0100] "\x16\x03\x01\x02" 403 265 "-" "-"
216.244.66.239 - - [12/Dec/2025:12:42:12 +0100] "GET /platby/article.php?5d4c26=boktai-2-walkthrough HTTP/1.1" 200 22246 "-" "Mozilla/5.0 (compatible; DotBot/1.2; +https://opensiteexplorer.org/dotbot; help@moz.com)"
196.127.100.183 - - [12/Dec/2025:12:42:12 +0100] "\x16\x03\x01\x02" 403 265 "-" "-"
196.127.100.183 - - [12/Dec/2025:12:42:13 +0100] "\x16\x03\x01\x02" 403 265 "-" "-"
196.127.100.183 - - [12/Dec/2025:12:42:14 +0100] "\x16\x03\x01\x02" 403 265 "-" "-"
216.244.66.239 - - [12/Dec/2025:12:42:13 +0100] "GET /platby/article.php?5d4c26=brittney-griner-kids HTTP/1.1" 200 25092 "-" "Mozilla/5.0 (compatible; DotBot/1.2; +https://opensiteexplorer.org/dotbot; help@moz.com)"
196.127.100.183 - - [12/Dec/2025:12:42:15 +0100] "\x16\x03\x01\x02" 403 265 "-" "-"
196.127.100.183 - - [12/Dec/2025:12:42:15 +0100] "\x16\x03\x01\x02" 403 265 "-" "-"
216.244.66.239 - - [12/Dec/2025:12:42:16 +0100] "GET /platby/article.php?5d4c26=cloud-peak-glacier HTTP/1.1" 200 17003 "-" "Mozilla/5.0 (compatible; DotBot/1.2; +https://opensiteexplorer.org/dotbot; help@moz.com)"
196.127.100.183 - - [12/Dec/2025:12:42:17 +0100] "\x16\x03\x01\x02" 403 265 "-" "-"
196.127.100.183 - - [12/Dec/2025:12:42:17 +0100] "\x16\x03\x01\x02" 403 265 "-" "-"
216.244.66.239 - - [12/Dec/2025:12:42:17 +0100] "GET /platby/article.php?5d4c26=geospace-pump-rocket HTTP/1.1" 200 20592 "-" "Mozilla/5.0 (compatible; DotBot/1.2; +https://opensiteexplorer.org/dotbot; help@moz.com)"
196.127.100.183 - - [12/Dec/2025:12:42:18 +0100] "\x16\x03\x01\x02" 403 265 "-" "-"
216.244.66.239 - - [12/Dec/2025:12:42:19 +0100] "GET /platby/article.php?5d4c26=hertha-berlin-manager HTTP/1.1" 200 20226 "-" "Mozilla/5.0 (compatible; DotBot/1.2; +https://opensiteexplorer.org/dotbot; help@moz.com)"
196.127.100.183 - - [12/Dec/2025:12:42:19 +0100] "\x16\x03\x01\x02" 403 265 "-" "-"
114.119.139.66 - - [12/Dec/2025:12:42:19 +0100] "GET /platby/uwoy9/who-wrote-was-it-a-morning-like-this HTTP/1.1" 200 14973 "http://ispc.klape.eu/platby/uwoy9/best-books-for-toddlers-on-racial-diversity" "Mozilla/5.0 (Linux; Android 7.0;) AppleWebKit/537.36 (KHTML, like Gecko) Mobile Safari/537.36 (compatible; PetalBot;+https://webmaster.petalsearch.com/site/petalbot)"
196.127.100.183 - - [12/Dec/2025:12:42:20 +0100] "\x16\x03\x01\x02" 403 265 "-" "-"
216.244.66.239 - - [12/Dec/2025:12:42:20 +0100] "GET /platby/article.php?5d4c26=how-to-write-a-midrash HTTP/1.1" 200 20177 "-" "Mozilla/5.0 (compatible; DotBot/1.2; +https://opensiteexplorer.org/dotbot; help@moz.com)"
196.127.100.183 - - [12/Dec/2025:12:42:21 +0100] "\x16\x03\x01\x02" 403 265 "-" "-"
216.244.66.239 - - [12/Dec/2025:12:42:22 +0100] "GET /platby/article.php?5d4c26=i-just-know HTTP/1.1" 200 23464 "-" "Mozilla/5.0 (compatible; DotBot/1.2; +https://opensiteexplorer.org/dotbot; help@moz.com)"
216.244.66.239 - - [12/Dec/2025:12:42:23 +0100] "GET /platby/article.php?5d4c26=kitty-baby-shop HTTP/1.1" 200 14653 "-" "Mozilla/5.0 (compatible; DotBot/1.2; +https://opensiteexplorer.org/dotbot; help@moz.com)"
216.244.66.239 - - [12/Dec/2025:12:42:24 +0100] "GET /platby/article.php?5d4c26=legos-for-sale HTTP/1.1" 200 18564 "-" "Mozilla/5.0 (compatible; DotBot/1.2; +https://opensiteexplorer.org/dotbot; help@moz.com)"
216.244.66.239 - - [12/Dec/2025:12:42:25 +0100] "GET /platby/article.php?5d4c26=motogp-20-vs-ride-3 HTTP/1.1" 200 24035 "-" "Mozilla/5.0 (compatible; DotBot/1.2; +https://opensiteexplorer.org/dotbot; help@moz.com)"
216.244.66.239 - - [12/Dec/2025:12:42:26 +0100] "GET /platby/article.php?5d4c26=myst-online-mac HTTP/1.1" 200 21110 "-" "Mozilla/5.0 (compatible; DotBot/1.2; +https://opensiteexplorer.org/dotbot; help@moz.com)"
216.244.66.239 - - [12/Dec/2025:12:42:30 +0100] "GET /platby/article.php?5d4c26=nushrat-bharucha-father HTTP/1.1" 200 19112 "-" "Mozilla/5.0 (compatible; DotBot/1.2; +https://opensiteexplorer.org/dotbot; help@moz.com)"
216.244.66.239 - - [12/Dec/2025:12:42:32 +0100] "GET /platby/article.php?5d4c26=peti-uncut-packer HTTP/1.1" 200 16443 "-" "Mozilla/5.0 (compatible; DotBot/1.2; +https://opensiteexplorer.org/dotbot; help@moz.com)"
216.244.66.239 - - [12/Dec/2025:12:42:34 +0100] "GET /platby/article.php?5d4c26=platform-sneakers-nike HTTP/1.1" 200 20380 "-" "Mozilla/5.0 (compatible; DotBot/1.2; +https://opensiteexplorer.org/dotbot; help@moz.com)"
216.244.66.239 - - [12/Dec/2025:12:42:36 +0100] "GET /platby/article.php?5d4c26=saint-cecilia-family HTTP/1.1" 200 18278 "-" "Mozilla/5.0 (compatible; DotBot/1.2; +https://opensiteexplorer.org/dotbot; help@moz.com)"
216.244.66.239 - - [12/Dec/2025:12:42:37 +0100] "GET /platby/article.php?5d4c26=sales-gravy-podcast HTTP/1.1" 200 13339 "-" "Mozilla/5.0 (compatible; DotBot/1.2; +https://opensiteexplorer.org/dotbot; help@moz.com)"
216.244.66.239 - - [12/Dec/2025:12:42:39 +0100] "GET /platby/article.php?5d4c26=set-assassin-smite HTTP/1.1" 200 18549 "-" "Mozilla/5.0 (compatible; DotBot/1.2; +https://opensiteexplorer.org/dotbot; help@moz.com)"
216.244.66.239 - - [12/Dec/2025:12:42:40 +0100] "GET /platby/article.php?5d4c26=skarloey-railway-coaches HTTP/1.1" 200 19567 "-" "Mozilla/5.0 (compatible; DotBot/1.2; +https://opensiteexplorer.org/dotbot; help@moz.com)"
216.244.66.239 - - [12/Dec/2025:12:42:41 +0100] "GET /platby/article.php?5d4c26=space-story-for-kids HTTP/1.1" 200 21016 "-" "Mozilla/5.0 (compatible; DotBot/1.2; +https://opensiteexplorer.org/dotbot; help@moz.com)"
216.244.66.239 - - [12/Dec/2025:12:42:43 +0100] "GET /platby/article.php?5d4c26=weather-radar-10010 HTTP/1.1" 200 18093 "-" "Mozilla/5.0 (compatible; DotBot/1.2; +https://opensiteexplorer.org/dotbot; help@moz.com)"
216.244.66.239 - - [12/Dec/2025:12:42:44 +0100] "GET /platby/article.php?5d4c26=wilmington%2C-de-shooting-map HTTP/1.1" 200 16734 "-" "Mozilla/5.0 (compatible; DotBot/1.2; +https://opensiteexplorer.org/dotbot; help@moz.com)"
216.244.66.239 - - [12/Dec/2025:12:42:45 +0100] "GET /platby/article.php?5d4c26=Get-Inside-%E2%80%91-Live HTTP/1.1" 200 23296 "-" "Mozilla/5.0 (compatible; DotBot/1.2; +https://opensiteexplorer.org/dotbot; help@moz.com)"
216.244.66.239 - - [12/Dec/2025:12:42:47 +0100] "GET /platby/article.php?5d4c26=JUnit-Pocket-Guide HTTP/1.1" 200 16023 "-" "Mozilla/5.0 (compatible; DotBot/1.2; +https://opensiteexplorer.org/dotbot; help@moz.com)"
216.244.66.239 - - [12/Dec/2025:12:42:48 +0100] "GET /platby/article.php?5d4c26=aircraft-engineer-jobs-nz HTTP/1.1" 200 17002 "-" "Mozilla/5.0 (compatible; DotBot/1.2; +https://opensiteexplorer.org/dotbot; help@moz.com)"
216.244.66.239 - - [12/Dec/2025:12:42:49 +0100] "GET /platby/article.php?5d4c26=animal-crossing%3A-new-horizons-fish HTTP/1.1" 200 15046 "-" "Mozilla/5.0 (compatible; DotBot/1.2; +https://opensiteexplorer.org/dotbot; help@moz.com)"
216.244.66.239 - - [12/Dec/2025:12:42:50 +0100] "GET /platby/article.php?5d4c26=canadian-citizenship-ceremony-cancelled HTTP/1.1" 200 24045 "-" "Mozilla/5.0 (compatible; DotBot/1.2; +https://opensiteexplorer.org/dotbot; help@moz.com)"
216.244.66.239 - - [12/Dec/2025:12:42:51 +0100] "GET /platby/article.php?5d4c26=canaveral-national-seashore-map HTTP/1.1" 200 24983 "-" "Mozilla/5.0 (compatible; DotBot/1.2; +https://opensiteexplorer.org/dotbot; help@moz.com)"
216.244.66.239 - - [12/Dec/2025:12:42:52 +0100] "GET /platby/article.php?5d4c26=disney-plus-trial HTTP/1.1" 200 24600 "-" "Mozilla/5.0 (compatible; DotBot/1.2; +https://opensiteexplorer.org/dotbot; help@moz.com)"
216.244.66.239 - - [12/Dec/2025:12:42:54 +0100] "GET /platby/article.php?5d4c26=dls-leicester-city-logo HTTP/1.1" 200 17518 "-" "Mozilla/5.0 (compatible; DotBot/1.2; +https://opensiteexplorer.org/dotbot; help@moz.com)"
216.244.66.239 - - [12/Dec/2025:12:42:55 +0100] "GET /platby/article.php?5d4c26=givenchy-slides-men%27s HTTP/1.1" 200 17761 "-" "Mozilla/5.0 (compatible; DotBot/1.2; +https://opensiteexplorer.org/dotbot; help@moz.com)"
216.244.66.239 - - [12/Dec/2025:12:42:58 +0100] "GET /platby/article.php?5d4c26=grand-designs-mike-and-megan HTTP/1.1" 200 21108 "-" "Mozilla/5.0 (compatible; DotBot/1.2; +https://opensiteexplorer.org/dotbot; help@moz.com)"
216.244.66.239 - - [12/Dec/2025:12:43:00 +0100] "GET /platby/article.php?5d4c26=hennepin-county-fire-dispatch HTTP/1.1" 200 18518 "-" "Mozilla/5.0 (compatible; DotBot/1.2; +https://opensiteexplorer.org/dotbot; help@moz.com)"
216.244.66.239 - - [12/Dec/2025:12:43:01 +0100] "GET /platby/article.php?5d4c26=how-to-read-newspaper-for-competitive-exams HTTP/1.1" 200 16953 "-" "Mozilla/5.0 (compatible; DotBot/1.2; +https://opensiteexplorer.org/dotbot; help@moz.com)"
216.244.66.239 - - [12/Dec/2025:12:43:03 +0100] "GET /platby/article.php?5d4c26=how-to-thread-a-brother-sewing-machine-jx2517 HTTP/1.1" 200 20761 "-" "Mozilla/5.0 (compatible; DotBot/1.2; +https://opensiteexplorer.org/dotbot; help@moz.com)"
216.244.66.239 - - [12/Dec/2025:12:43:04 +0100] "GET /platby/article.php?5d4c26=iphone-spotlight-search-settings HTTP/1.1" 200 23619 "-" "Mozilla/5.0 (compatible; DotBot/1.2; +https://opensiteexplorer.org/dotbot; help@moz.com)"
216.244.66.239 - - [12/Dec/2025:12:43:07 +0100] "GET /platby/article.php?5d4c26=journey-1986-album HTTP/1.1" 200 16926 "-" "Mozilla/5.0 (compatible; DotBot/1.2; +https://opensiteexplorer.org/dotbot; help@moz.com)"
216.244.66.239 - - [12/Dec/2025:12:43:09 +0100] "GET /platby/article.php?5d4c26=kimberley-nixon-tv-shows HTTP/1.1" 200 21182 "-" "Mozilla/5.0 (compatible; DotBot/1.2; +https://opensiteexplorer.org/dotbot; help@moz.com)"
216.244.66.239 - - [12/Dec/2025:12:43:12 +0100] "GET /platby/article.php?5d4c26=radiant-historia-3ds-buy HTTP/1.1" 200 19358 "-" "Mozilla/5.0 (compatible; DotBot/1.2; +https://opensiteexplorer.org/dotbot; help@moz.com)"
216.244.66.239 - - [12/Dec/2025:12:43:14 +0100] "GET /platby/article.php?5d4c26=radiant-historia-battle-system HTTP/1.1" 200 20592 "-" "Mozilla/5.0 (compatible; DotBot/1.2; +https://opensiteexplorer.org/dotbot; help@moz.com)"
216.244.66.239 - - [12/Dec/2025:12:43:16 +0100] "GET /platby/article.php?5d4c26=sheep-fleece-definition HTTP/1.1" 200 20813 "-" "Mozilla/5.0 (compatible; DotBot/1.2; +https://opensiteexplorer.org/dotbot; help@moz.com)"
216.244.66.239 - - [12/Dec/2025:12:43:18 +0100] "GET /platby/article.php?5d4c26=sin-miedo-lyrics-english HTTP/1.1" 200 18555 "-" "Mozilla/5.0 (compatible; DotBot/1.2; +https://opensiteexplorer.org/dotbot; help@moz.com)"
216.244.66.239 - - [12/Dec/2025:12:43:19 +0100] "GET /platby/article.php?5d4c26=sinar-harian-terkini HTTP/1.1" 200 13727 "-" "Mozilla/5.0 (compatible; DotBot/1.2; +https://opensiteexplorer.org/dotbot; help@moz.com)"
216.244.66.239 - - [12/Dec/2025:12:43:21 +0100] "GET /platby/article.php?5d4c26=sol-trigger-farel HTTP/1.1" 200 21700 "-" "Mozilla/5.0 (compatible; DotBot/1.2; +https://opensiteexplorer.org/dotbot; help@moz.com)"
216.244.66.239 - - [12/Dec/2025:12:43:22 +0100] "GET /platby/article.php?5d4c26=thomson-reuters-consulting HTTP/1.1" 200 25015 "-" "Mozilla/5.0 (compatible; DotBot/1.2; +https://opensiteexplorer.org/dotbot; help@moz.com)"
216.244.66.239 - - [12/Dec/2025:12:43:23 +0100] "GET /platby/article.php?5d4c26=titania-prime-blueprint-price HTTP/1.1" 200 17998 "-" "Mozilla/5.0 (compatible; DotBot/1.2; +https://opensiteexplorer.org/dotbot; help@moz.com)"
216.244.66.239 - - [12/Dec/2025:12:43:24 +0100] "GET /platby/article.php?5d4c26=wgbh-passport-apple-tv HTTP/1.1" 200 19923 "-" "Mozilla/5.0 (compatible; DotBot/1.2; +https://opensiteexplorer.org/dotbot; help@moz.com)"
216.244.66.239 - - [12/Dec/2025:12:43:26 +0100] "GET /platby/article.php?5d4c26=baba-jani-episode-3 HTTP/1.1" 200 20470 "-" "Mozilla/5.0 (compatible; DotBot/1.2; +https://opensiteexplorer.org/dotbot; help@moz.com)"
216.244.66.239 - - [12/Dec/2025:12:43:27 +0100] "GET /platby/article.php?5d4c26=baby-polo-shirts-ralph-lauren HTTP/1.1" 200 18926 "-" "Mozilla/5.0 (compatible; DotBot/1.2; +https://opensiteexplorer.org/dotbot; help@moz.com)"
216.244.66.239 - - [12/Dec/2025:12:43:28 +0100] "GET /platby/article.php?5d4c26=dawn-aerospace-wikipedia HTTP/1.1" 200 19113 "-" "Mozilla/5.0 (compatible; DotBot/1.2; +https://opensiteexplorer.org/dotbot; help@moz.com)"
216.244.66.239 - - [12/Dec/2025:12:43:29 +0100] "GET /platby/article.php?5d4c26=functions-of-national-consumer-disputes-redressal-commission HTTP/1.1" 200 21593 "-" "Mozilla/5.0 (compatible; DotBot/1.2; +https://opensiteexplorer.org/dotbot; help@moz.com)"
216.244.66.239 - - [12/Dec/2025:12:43:30 +0100] "GET /platby/article.php?5d4c26=gaia-project-beginner-tips HTTP/1.1" 200 20703 "-" "Mozilla/5.0 (compatible; DotBot/1.2; +https://opensiteexplorer.org/dotbot; help@moz.com)"
216.244.66.239 - - [12/Dec/2025:12:43:31 +0100] "GET /platby/article.php?5d4c26=google-drive-no-connection-retry HTTP/1.1" 200 17962 "-" "Mozilla/5.0 (compatible; DotBot/1.2; +https://opensiteexplorer.org/dotbot; help@moz.com)"
216.244.66.239 - - [12/Dec/2025:12:43:32 +0100] "GET /platby/article.php?5d4c26=importance-of-system-development-life-cycle HTTP/1.1" 200 18886 "-" "Mozilla/5.0 (compatible; DotBot/1.2; +https://opensiteexplorer.org/dotbot; help@moz.com)"
216.244.66.239 - - [12/Dec/2025:12:43:33 +0100] "GET /platby/article.php?5d4c26=ipad-mini-won%27t-update-software HTTP/1.1" 200 20913 "-" "Mozilla/5.0 (compatible; DotBot/1.2; +https://opensiteexplorer.org/dotbot; help@moz.com)"
216.244.66.239 - - [12/Dec/2025:12:43:35 +0100] "GET /platby/article.php?5d4c26=marco-skies-of-arcadia HTTP/1.1" 200 21745 "-" "Mozilla/5.0 (compatible; DotBot/1.2; +https://opensiteexplorer.org/dotbot; help@moz.com)"
216.244.66.239 - - [12/Dec/2025:12:43:36 +0100] "GET /platby/article.php?5d4c26=matarangi-beach-tides HTTP/1.1" 200 23065 "-" "Mozilla/5.0 (compatible; DotBot/1.2; +https://opensiteexplorer.org/dotbot; help@moz.com)"
216.244.66.239 - - [12/Dec/2025:12:43:37 +0100] "GET /platby/article.php?5d4c26=munafiq-episode-44-dailymotion HTTP/1.1" 200 17546 "-" "Mozilla/5.0 (compatible; DotBot/1.2; +https://opensiteexplorer.org/dotbot; help@moz.com)"
216.244.66.239 - - [12/Dec/2025:12:43:38 +0100] "GET /platby/article.php?5d4c26=new-bible-translation-2020 HTTP/1.1" 200 22629 "-" "Mozilla/5.0 (compatible; DotBot/1.2; +https://opensiteexplorer.org/dotbot; help@moz.com)"
216.244.66.239 - - [12/Dec/2025:12:43:39 +0100] "GET /platby/article.php?5d4c26=one-card-ohio-university HTTP/1.1" 200 22275 "-" "Mozilla/5.0 (compatible; DotBot/1.2; +https://opensiteexplorer.org/dotbot; help@moz.com)"
216.244.66.239 - - [12/Dec/2025:12:43:40 +0100] "GET /platby/article.php?5d4c26=pok%C3%A9mon-sword-and-shield-double-pack-pre-order HTTP/1.1" 200 27102 "-" "Mozilla/5.0 (compatible; DotBot/1.2; +https://opensiteexplorer.org/dotbot; help@moz.com)"
114.119.139.66 - - [12/Dec/2025:12:43:41 +0100] "GET /platby/article.php?5d4c26=2017-typhoon-in-the-philippines HTTP/1.1" 200 6272 "http://ispc.klape.eu/platby/article.php?5d4c26=slowpoke-rodriguez-pothead" "Mozilla/5.0 (Linux; Android 7.0;) AppleWebKit/537.36 (KHTML, like Gecko) Mobile Safari/537.36 (compatible; PetalBot;+https://webmaster.petalsearch.com/site/petalbot)"
216.244.66.239 - - [12/Dec/2025:12:43:41 +0100] "GET /platby/article.php?5d4c26=projectile-motion-in-soccer HTTP/1.1" 200 23871 "-" "Mozilla/5.0 (compatible; DotBot/1.2; +https://opensiteexplorer.org/dotbot; help@moz.com)"
216.244.66.239 - - [12/Dec/2025:12:43:42 +0100] "GET /platby/article.php?5d4c26=solomon-islands-civil-war HTTP/1.1" 200 18478 "-" "Mozilla/5.0 (compatible; DotBot/1.2; +https://opensiteexplorer.org/dotbot; help@moz.com)"
216.244.66.239 - - [12/Dec/2025:12:43:43 +0100] "GET /platby/article.php?5d4c26=st-helens-v-warrington-prediction HTTP/1.1" 200 17224 "-" "Mozilla/5.0 (compatible; DotBot/1.2; +https://opensiteexplorer.org/dotbot; help@moz.com)"
216.244.66.239 - - [12/Dec/2025:12:43:44 +0100] "GET /platby/article.php?5d4c26=travis-scott-friends-and-family-jordan-4 HTTP/1.1" 200 24985 "-" "Mozilla/5.0 (compatible; DotBot/1.2; +https://opensiteexplorer.org/dotbot; help@moz.com)"
216.244.66.239 - - [12/Dec/2025:12:43:46 +0100] "GET /platby/article.php?5d4c26=virtual-tutoring-middle-school HTTP/1.1" 200 20058 "-" "Mozilla/5.0 (compatible; DotBot/1.2; +https://opensiteexplorer.org/dotbot; help@moz.com)"
216.244.66.239 - - [12/Dec/2025:12:43:48 +0100] "GET /platby/article.php?5d4c26=automation-testing-engineer-course-%28linkedin-learning-%E2%80%93-lynda%29 HTTP/1.1" 200 19449 "-" "Mozilla/5.0 (compatible; DotBot/1.2; +https://opensiteexplorer.org/dotbot; help@moz.com)"
216.244.66.239 - - [12/Dec/2025:12:43:49 +0100] "GET /platby/uwoy9/canada-goose-men%27s-hybridge-lite-jacket HTTP/1.1" 200 35460 "-" "Mozilla/5.0 (compatible; DotBot/1.2; +https://opensiteexplorer.org/dotbot; help@moz.com)"
216.244.66.239 - - [12/Dec/2025:12:43:51 +0100] "GET /platby/aohwuyx/roosevelt-university-basketball HTTP/1.1" 200 34289 "-" "Mozilla/5.0 (compatible; DotBot/1.2; +https://opensiteexplorer.org/dotbot; help@moz.com)"
216.244.66.239 - - [12/Dec/2025:12:43:52 +0100] "GET /platby/uwoy9/snow-geese-migration-map-2021 HTTP/1.1" 200 35890 "-" "Mozilla/5.0 (compatible; DotBot/1.2; +https://opensiteexplorer.org/dotbot; help@moz.com)"
216.244.66.239 - - [12/Dec/2025:12:43:53 +0100] "GET /platby/aohwuyx/10-most-valuable-1996-baseball-cards HTTP/1.1" 200 44379 "-" "Mozilla/5.0 (compatible; DotBot/1.2; +https://opensiteexplorer.org/dotbot; help@moz.com)"
216.244.66.239 - - [12/Dec/2025:12:43:55 +0100] "GET /platby/aohwuyx/hero-wars-ad-compilation HTTP/1.1" 200 36717 "-" "Mozilla/5.0 (compatible; DotBot/1.2; +https://opensiteexplorer.org/dotbot; help@moz.com)"
216.244.66.239 - - [12/Dec/2025:12:43:56 +0100] "GET /platby/uwoy9/deena-martin-dazed-and-confused-age HTTP/1.1" 200 37412 "-" "Mozilla/5.0 (compatible; DotBot/1.2; +https://opensiteexplorer.org/dotbot; help@moz.com)"
216.244.66.239 - - [12/Dec/2025:12:44:00 +0100] "GET /platby/aohwuyx/vacation-rental-websites-to-avoid HTTP/1.1" 200 32802 "-" "Mozilla/5.0 (compatible; DotBot/1.2; +https://opensiteexplorer.org/dotbot; help@moz.com)"
216.244.66.239 - - [12/Dec/2025:12:44:02 +0100] "GET /platby/uwoy9/kingsglaive%3A-final-fantasy-xv HTTP/1.1" 200 42136 "-" "Mozilla/5.0 (compatible; DotBot/1.2; +https://opensiteexplorer.org/dotbot; help@moz.com)"
216.244.66.239 - - [12/Dec/2025:12:44:05 +0100] "GET /platby/aohwuyx/how-to-livestream-with-good-audio HTTP/1.1" 200 38550 "-" "Mozilla/5.0 (compatible; DotBot/1.2; +https://opensiteexplorer.org/dotbot; help@moz.com)"
216.244.66.239 - - [12/Dec/2025:12:44:07 +0100] "GET /platby/aohwuyx/shooting-in-santa-cruz-today HTTP/1.1" 200 40160 "-" "Mozilla/5.0 (compatible; DotBot/1.2; +https://opensiteexplorer.org/dotbot; help@moz.com)"
216.244.66.239 - - [12/Dec/2025:12:44:09 +0100] "GET /platby/uwoy9/daejeon-world-cup-stadium HTTP/1.1" 200 46305 "-" "Mozilla/5.0 (compatible; DotBot/1.2; +https://opensiteexplorer.org/dotbot; help@moz.com)"
216.244.66.239 - - [12/Dec/2025:12:44:11 +0100] "GET /platby/aohwuyx/land-degradation-in-a-sentence HTTP/1.1" 200 46292 "-" "Mozilla/5.0 (compatible; DotBot/1.2; +https://opensiteexplorer.org/dotbot; help@moz.com)"
216.244.66.239 - - [12/Dec/2025:12:44:13 +0100] "GET /platby/uwoy9/guillermo-jimmy-kimmel-salary HTTP/1.1" 200 41634 "-" "Mozilla/5.0 (compatible; DotBot/1.2; +https://opensiteexplorer.org/dotbot; help@moz.com)"
114.119.152.142 - - [12/Dec/2025:12:45:06 +0100] "GET /platby/article.php?5d4c26=20/20-abc-hosts HTTP/1.1" 200 6315 "http://ispc.klape.eu/platby/article.php?5d4c26=tecalitl%C3%A1n-jalisco-zip-code" "Mozilla/5.0 (Linux; Android 7.0;) AppleWebKit/537.36 (KHTML, like Gecko) Mobile Safari/537.36 (compatible; PetalBot;+https://webmaster.petalsearch.com/site/petalbot)"
216.244.66.239 - - [12/Dec/2025:12:48:28 +0100] "GET /platby/72zbxoz/vanguard-stryker-login HTTP/1.1" 200 41118 "-" "Mozilla/5.0 (compatible; DotBot/1.2; +https://opensiteexplorer.org/dotbot; help@moz.com)"
216.244.66.239 - - [12/Dec/2025:12:48:29 +0100] "GET /platby/aohwuyx/rubicon-skill-development-website HTTP/1.1" 200 38206 "-" "Mozilla/5.0 (compatible; DotBot/1.2; +https://opensiteexplorer.org/dotbot; help@moz.com)"
216.244.66.239 - - [12/Dec/2025:12:48:31 +0100] "GET /platby/uwoy9/orangutan-pronunciation HTTP/1.1" 200 33382 "-" "Mozilla/5.0 (compatible; DotBot/1.2; +https://opensiteexplorer.org/dotbot; help@moz.com)"
204.76.203.8 - - [12/Dec/2025:12:48:51 +0100] "\x16\x03\x01" 403 265 "-" "-"
178.22.24.64 - - [12/Dec/2025:12:50:00 +0100] "\x16\x03\x01\x02" 403 265 "-" "-"
178.22.24.64 - - [12/Dec/2025:12:50:00 +0100] "GET / HTTP/1.1" 403 224 "-" "Mozilla/5.0 (Windows NT 10.0; Win64; x64) AppleWebKit/537.36 (KHTML, like Gecko) Chrome/140.0.0.0 Safari/537.36"
195.26.226.160 - - [12/Dec/2025:12:51:23 +0100] "\x16\x03\x01\x01I\x01" 403 265 "-" "-"
195.26.226.160 - - [12/Dec/2025:12:51:23 +0100] "\x16\x03\x01\x01I\x01" 403 265 "-" "-"
195.26.226.160 - - [12/Dec/2025:12:51:23 +0100] "\x16\x03\x01\x01I\x01" 403 265 "-" "-"
34.233.114.237 - - [12/Dec/2025:12:53:52 +0100] "GET /platby/hca/lars-and-the-real-girl-kelli-garner HTTP/1.1" 200 9945 "-" "Mozilla/5.0 AppleWebKit/537.36 (KHTML, like Gecko; compatible; Amazonbot/0.1; +https://developer.amazon.com/support/amazonbot) Chrome/119.0.6045.214 Safari/537.36"
98.83.10.183 - - [12/Dec/2025:12:53:56 +0100] "GET /platby/aohwuyx/kodak-vision3-500t-65mm HTTP/1.1" 200 14314 "-" "Mozilla/5.0 AppleWebKit/537.36 (KHTML, like Gecko; compatible; Amazonbot/0.1; +https://developer.amazon.com/support/amazonbot) Chrome/119.0.6045.214 Safari/537.36"
34.194.165.45 - - [12/Dec/2025:12:54:01 +0100] "GET /platby/qqap/st-anne's-college,-oxford-accommodation-costs HTTP/1.1" 200 10197 "-" "Mozilla/5.0 AppleWebKit/537.36 (KHTML, like Gecko; compatible; Amazonbot/0.1; +https://developer.amazon.com/support/amazonbot) Chrome/119.0.6045.214 Safari/537.36"
44.212.106.171 - - [12/Dec/2025:12:54:05 +0100] "GET /platby/aohwuyx/tiara-princess-disney HTTP/1.1" 200 14738 "-" "Mozilla/5.0 AppleWebKit/537.36 (KHTML, like Gecko; compatible; Amazonbot/0.1; +https://developer.amazon.com/support/amazonbot) Chrome/119.0.6045.214 Safari/537.36"
52.54.249.218 - - [12/Dec/2025:12:54:09 +0100] "GET /platby/hca/tiffany-engagement-ring HTTP/1.1" 200 5240 "-" "Mozilla/5.0 AppleWebKit/537.36 (KHTML, like Gecko; compatible; Amazonbot/0.1; +https://developer.amazon.com/support/amazonbot) Chrome/119.0.6045.214 Safari/537.36"
54.88.84.219 - - [12/Dec/2025:12:54:13 +0100] "GET /platby/aohwuyx/lizard-point,-cornwall HTTP/1.1" 200 13540 "-" "Mozilla/5.0 AppleWebKit/537.36 (KHTML, like Gecko; compatible; Amazonbot/0.1; +https://developer.amazon.com/support/amazonbot) Chrome/119.0.6045.214 Safari/537.36"
