85.208.96.206 - - [13/Dec/2025:09:29:23 +0100] "GET /platby/qqap/cologne-business-school-ranking HTTP/1.1" 200 9981 "-" "Mozilla/5.0 (compatible; SemrushBot/7~bl; +http://www.semrush.com/bot.html)"
85.208.96.200 - - [13/Dec/2025:09:29:40 +0100] "GET /platby/aohwuyx/glossier-solution-before-and-after HTTP/1.1" 200 9116 "-" "Mozilla/5.0 (compatible; SemrushBot/7~bl; +http://www.semrush.com/bot.html)"
185.191.171.11 - - [13/Dec/2025:09:29:42 +0100] "GET /platby/hca/chase-demoor-seahawks-stats HTTP/1.1" 200 9752 "-" "Mozilla/5.0 (compatible; SemrushBot/7~bl; +http://www.semrush.com/bot.html)"
85.208.96.194 - - [13/Dec/2025:09:29:44 +0100] "GET /platby/qqap/army-navy-swim-meet-2020 HTTP/1.1" 200 14534 "-" "Mozilla/5.0 (compatible; SemrushBot/7~bl; +http://www.semrush.com/bot.html)"
204.76.203.206 - - [13/Dec/2025:09:29:46 +0100] "GET /" 400 468 "-" "-"
85.208.96.205 - - [13/Dec/2025:09:29:51 +0100] "GET /platby/aohwuyx/how-far-is-reading-pennsylvania-from-philadelphia-pennsylvania HTTP/1.1" 200 8281 "-" "Mozilla/5.0 (compatible; SemrushBot/7~bl; +http://www.semrush.com/bot.html)"
114.119.149.2 - - [13/Dec/2025:09:30:26 +0100] "GET /platby/hca/dastardly-pronunciation HTTP/1.1" 200 10980 "http://ispc.klape.eu/platby/hca/dastardly-pronunciation" "Mozilla/5.0 (Linux; Android 7.0;) AppleWebKit/537.36 (KHTML, like Gecko) Mobile Safari/537.36 (compatible; PetalBot;+https://webmaster.petalsearch.com/site/petalbot)"
204.76.203.212 - - [13/Dec/2025:09:30:27 +0100] "GET /" 400 468 "-" "-"
168.119.25.12 - - [13/Dec/2025:09:30:36 +0100] "\x16\x03\x01\x01\x0e\x01" 403 265 "-" "-"
168.119.25.12 - - [13/Dec/2025:09:30:36 +0100] "\x16\x03\x01\x01\x0e\x01" 403 265 "-" "-"
185.191.171.12 - - [13/Dec/2025:09:30:40 +0100] "GET /platby/hca/the-brent-primary-school-catchment-area HTTP/1.1" 200 8268 "-" "Mozilla/5.0 (compatible; SemrushBot/7~bl; +http://www.semrush.com/bot.html)"
185.191.171.2 - - [13/Dec/2025:09:30:42 +0100] "GET /platby/uwoy9/love-with-your-heart-not-your-head HTTP/1.1" 200 14741 "-" "Mozilla/5.0 (compatible; SemrushBot/7~bl; +http://www.semrush.com/bot.html)"
204.76.203.206 - - [13/Dec/2025:09:30:48 +0100] "GET / HTTP/1.1" 200 316 "-" "Mozilla/5.0 (Windows NT 10.0; Win64; x64) AppleWebKit/537.36 (KHTML, like Gecko) Chrome/90.0.4430.85 Safari/537.36 Edg/90.0.818.46"
85.208.96.196 - - [13/Dec/2025:09:30:56 +0100] "GET /platby/uwoy9/30-minute-upper-body-dumbbell-workout HTTP/1.1" 200 13169 "-" "Mozilla/5.0 (compatible; SemrushBot/7~bl; +http://www.semrush.com/bot.html)"
114.119.139.66 - - [13/Dec/2025:09:31:51 +0100] "GET /platby/uwoy9/virtual-science-get-to-know-you-activities HTTP/1.1" 200 10440 "http://ispc.klape.eu/platby/uwoy9/virtual-science-get-to-know-you-activities" "Mozilla/5.0 (Linux; Android 7.0;) AppleWebKit/537.36 (KHTML, like Gecko) Mobile Safari/537.36 (compatible; PetalBot;+https://webmaster.petalsearch.com/site/petalbot)"
85.208.96.196 - - [13/Dec/2025:09:32:17 +0100] "GET /platby/qqap/who-controls-the-transmission-of-this-message HTTP/1.1" 200 11724 "-" "Mozilla/5.0 (compatible; SemrushBot/7~bl; +http://www.semrush.com/bot.html)"
40.124.175.131 - - [13/Dec/2025:09:32:31 +0100] "\x16\x03\x01" 403 265 "-" "-"
216.244.66.239 - - [13/Dec/2025:09:32:35 +0100] "GET /platby/article.php?5d4c26=coverdell-esa-providers HTTP/1.1" 200 17227 "-" "Mozilla/5.0 (compatible; DotBot/1.2; +https://opensiteexplorer.org/dotbot; help@moz.com)"
216.244.66.239 - - [13/Dec/2025:09:32:40 +0100] "GET /platby/article.php?5d4c26=brian-cooper-golf HTTP/1.1" 200 18256 "-" "Mozilla/5.0 (compatible; DotBot/1.2; +https://opensiteexplorer.org/dotbot; help@moz.com)"
216.244.66.239 - - [13/Dec/2025:09:32:44 +0100] "GET /platby/article.php?5d4c26=mike-colter-luke-cage HTTP/1.1" 200 22641 "-" "Mozilla/5.0 (compatible; DotBot/1.2; +https://opensiteexplorer.org/dotbot; help@moz.com)"
216.244.66.239 - - [13/Dec/2025:09:32:48 +0100] "GET /platby/article.php?5d4c26=starbound-raptor-race HTTP/1.1" 200 17013 "-" "Mozilla/5.0 (compatible; DotBot/1.2; +https://opensiteexplorer.org/dotbot; help@moz.com)"
216.244.66.239 - - [13/Dec/2025:09:32:52 +0100] "GET /platby/article.php?5d4c26=wjr-radio-app HTTP/1.1" 200 16161 "-" "Mozilla/5.0 (compatible; DotBot/1.2; +https://opensiteexplorer.org/dotbot; help@moz.com)"
216.244.66.239 - - [13/Dec/2025:09:32:55 +0100] "GET /platby/article.php?5d4c26=worst-mine-disaster HTTP/1.1" 200 20791 "-" "Mozilla/5.0 (compatible; DotBot/1.2; +https://opensiteexplorer.org/dotbot; help@moz.com)"
216.244.66.239 - - [13/Dec/2025:09:32:58 +0100] "GET /platby/article.php?5d4c26=5-types-of-volcanoes HTTP/1.1" 200 21506 "-" "Mozilla/5.0 (compatible; DotBot/1.2; +https://opensiteexplorer.org/dotbot; help@moz.com)"
216.244.66.239 - - [13/Dec/2025:09:33:01 +0100] "GET /platby/article.php?5d4c26=Down-with-Disease HTTP/1.1" 200 22696 "-" "Mozilla/5.0 (compatible; DotBot/1.2; +https://opensiteexplorer.org/dotbot; help@moz.com)"
216.244.66.239 - - [13/Dec/2025:09:33:03 +0100] "GET /platby/article.php?5d4c26=Space-travel-posters HTTP/1.1" 200 19241 "-" "Mozilla/5.0 (compatible; DotBot/1.2; +https://opensiteexplorer.org/dotbot; help@moz.com)"
216.244.66.239 - - [13/Dec/2025:09:33:05 +0100] "GET /platby/article.php?5d4c26=alcohol-used-in-perfumes HTTP/1.1" 200 23339 "-" "Mozilla/5.0 (compatible; DotBot/1.2; +https://opensiteexplorer.org/dotbot; help@moz.com)"
216.244.66.239 - - [13/Dec/2025:09:33:07 +0100] "GET /platby/article.php?5d4c26=aws-security-groups-terraform HTTP/1.1" 200 22847 "-" "Mozilla/5.0 (compatible; DotBot/1.2; +https://opensiteexplorer.org/dotbot; help@moz.com)"
216.244.66.239 - - [13/Dec/2025:09:33:08 +0100] "GET /platby/article.php?5d4c26=best-icon-pack-for-windows-7 HTTP/1.1" 200 20767 "-" "Mozilla/5.0 (compatible; DotBot/1.2; +https://opensiteexplorer.org/dotbot; help@moz.com)"
216.244.66.239 - - [13/Dec/2025:09:33:11 +0100] "GET /platby/article.php?5d4c26=change-app-language-ios HTTP/1.1" 200 23206 "-" "Mozilla/5.0 (compatible; DotBot/1.2; +https://opensiteexplorer.org/dotbot; help@moz.com)"
216.244.66.239 - - [13/Dec/2025:09:33:13 +0100] "GET /platby/article.php?5d4c26=convert-odt-to-docx HTTP/1.1" 200 15948 "-" "Mozilla/5.0 (compatible; DotBot/1.2; +https://opensiteexplorer.org/dotbot; help@moz.com)"
114.119.129.163 - - [13/Dec/2025:09:33:14 +0100] "GET /platby/article.php?5d4c26=application-for-canadian-citizenship-minors-(cit-0003) HTTP/1.1" 200 7693 "http://ispc.klape.eu/platby/article.php?5d4c26=gulf-islands-national-seashore-cabins" "Mozilla/5.0 (Linux; Android 7.0;) AppleWebKit/537.36 (KHTML, like Gecko) Mobile Safari/537.36 (compatible; PetalBot;+https://webmaster.petalsearch.com/site/petalbot)"
79.124.40.174 - - [13/Dec/2025:09:33:15 +0100] "GET /" 400 468 "-" "-"
216.244.66.239 - - [13/Dec/2025:09:33:17 +0100] "GET /platby/article.php?5d4c26=family-movies-trailers HTTP/1.1" 200 15306 "-" "Mozilla/5.0 (compatible; DotBot/1.2; +https://opensiteexplorer.org/dotbot; help@moz.com)"
216.244.66.239 - - [13/Dec/2025:09:33:19 +0100] "GET /platby/article.php?5d4c26=gatwick-express-oyster HTTP/1.1" 200 19118 "-" "Mozilla/5.0 (compatible; DotBot/1.2; +https://opensiteexplorer.org/dotbot; help@moz.com)"
216.244.66.239 - - [13/Dec/2025:09:33:22 +0100] "GET /platby/article.php?5d4c26=hi-viz-shotgun-sights HTTP/1.1" 200 22918 "-" "Mozilla/5.0 (compatible; DotBot/1.2; +https://opensiteexplorer.org/dotbot; help@moz.com)"
185.191.171.8 - - [13/Dec/2025:09:33:22 +0100] "GET /platby/hca/charles-allen-son-of-eugene-allen HTTP/1.1" 200 12148 "-" "Mozilla/5.0 (compatible; SemrushBot/7~bl; +http://www.semrush.com/bot.html)"
216.244.66.239 - - [13/Dec/2025:09:33:24 +0100] "GET /platby/article.php?5d4c26=isn%27t-anything-rym HTTP/1.1" 200 17793 "-" "Mozilla/5.0 (compatible; DotBot/1.2; +https://opensiteexplorer.org/dotbot; help@moz.com)"
216.244.66.239 - - [13/Dec/2025:09:33:26 +0100] "GET /platby/article.php?5d4c26=keven-undergaro-height HTTP/1.1" 200 22309 "-" "Mozilla/5.0 (compatible; DotBot/1.2; +https://opensiteexplorer.org/dotbot; help@moz.com)"
216.244.66.239 - - [13/Dec/2025:09:33:28 +0100] "GET /platby/article.php?5d4c26=new-madrid-fault-waking-up HTTP/1.1" 200 20325 "-" "Mozilla/5.0 (compatible; DotBot/1.2; +https://opensiteexplorer.org/dotbot; help@moz.com)"
216.244.66.239 - - [13/Dec/2025:09:33:29 +0100] "GET /platby/article.php?5d4c26=paladins-crossplay-ranked HTTP/1.1" 200 20194 "-" "Mozilla/5.0 (compatible; DotBot/1.2; +https://opensiteexplorer.org/dotbot; help@moz.com)"
85.208.96.207 - - [13/Dec/2025:09:33:30 +0100] "GET /platby/72zbxoz/list-of-power-plants-in-texas HTTP/1.1" 200 10943 "-" "Mozilla/5.0 (compatible; SemrushBot/7~bl; +http://www.semrush.com/bot.html)"
216.244.66.239 - - [13/Dec/2025:09:33:31 +0100] "GET /platby/article.php?5d4c26=point-of-service-plan HTTP/1.1" 200 16072 "-" "Mozilla/5.0 (compatible; DotBot/1.2; +https://opensiteexplorer.org/dotbot; help@moz.com)"
185.191.171.10 - - [13/Dec/2025:09:33:32 +0100] "GET /platby/aohwuyx/police-grenade-launcher HTTP/1.1" 200 11582 "-" "Mozilla/5.0 (compatible; SemrushBot/7~bl; +http://www.semrush.com/bot.html)"
216.244.66.239 - - [13/Dec/2025:09:33:32 +0100] "GET /platby/article.php?5d4c26=racing-lagoon-engine-list HTTP/1.1" 200 18119 "-" "Mozilla/5.0 (compatible; DotBot/1.2; +https://opensiteexplorer.org/dotbot; help@moz.com)"
216.244.66.239 - - [13/Dec/2025:09:33:33 +0100] "GET /platby/article.php?5d4c26=rift-server-status HTTP/1.1" 200 16358 "-" "Mozilla/5.0 (compatible; DotBot/1.2; +https://opensiteexplorer.org/dotbot; help@moz.com)"
85.208.96.196 - - [13/Dec/2025:09:33:33 +0100] "GET /platby/qqap/how-to-make-scrambled-eggs-for-beginners HTTP/1.1" 200 7414 "-" "Mozilla/5.0 (compatible; SemrushBot/7~bl; +http://www.semrush.com/bot.html)"
216.244.66.239 - - [13/Dec/2025:09:33:36 +0100] "GET /platby/article.php?5d4c26=riga-upcoming-events HTTP/1.1" 200 19779 "-" "Mozilla/5.0 (compatible; DotBot/1.2; +https://opensiteexplorer.org/dotbot; help@moz.com)"
216.244.66.239 - - [13/Dec/2025:09:33:39 +0100] "GET /platby/article.php?5d4c26=sama-syria-tv-live HTTP/1.1" 200 21090 "-" "Mozilla/5.0 (compatible; DotBot/1.2; +https://opensiteexplorer.org/dotbot; help@moz.com)"
216.244.66.239 - - [13/Dec/2025:09:33:42 +0100] "GET /platby/article.php?5d4c26=starling-bank-comparison HTTP/1.1" 200 19254 "-" "Mozilla/5.0 (compatible; DotBot/1.2; +https://opensiteexplorer.org/dotbot; help@moz.com)"
216.244.66.239 - - [13/Dec/2025:09:33:44 +0100] "GET /platby/article.php?5d4c26=weather-iran-cities HTTP/1.1" 200 18579 "-" "Mozilla/5.0 (compatible; DotBot/1.2; +https://opensiteexplorer.org/dotbot; help@moz.com)"
216.244.66.239 - - [13/Dec/2025:09:33:46 +0100] "GET /platby/article.php?5d4c26=what-did-the-hubble-telescope-see-on-my-birthday HTTP/1.1" 200 18329 "-" "Mozilla/5.0 (compatible; DotBot/1.2; +https://opensiteexplorer.org/dotbot; help@moz.com)"
216.244.66.239 - - [13/Dec/2025:09:33:48 +0100] "GET /platby/article.php?5d4c26=wii-sports-switch HTTP/1.1" 200 18926 "-" "Mozilla/5.0 (compatible; DotBot/1.2; +https://opensiteexplorer.org/dotbot; help@moz.com)"
185.16.39.52 - - [13/Dec/2025:09:33:49 +0100] "GET /" 400 468 "-" "-"
185.16.39.52 - - [13/Dec/2025:09:33:49 +0100] "GET /" 400 468 "-" "-"
216.244.66.239 - - [13/Dec/2025:09:33:51 +0100] "GET /platby/article.php?5d4c26=20th-century-fox-television-contact HTTP/1.1" 200 19008 "-" "Mozilla/5.0 (compatible; DotBot/1.2; +https://opensiteexplorer.org/dotbot; help@moz.com)"
216.244.66.239 - - [13/Dec/2025:09:33:55 +0100] "GET /platby/article.php?5d4c26=Cat-wearing-sunglasses HTTP/1.1" 200 23013 "-" "Mozilla/5.0 (compatible; DotBot/1.2; +https://opensiteexplorer.org/dotbot; help@moz.com)"
216.244.66.239 - - [13/Dec/2025:09:33:57 +0100] "GET /platby/article.php?5d4c26=Section-3-of-the-Charter HTTP/1.1" 200 23835 "-" "Mozilla/5.0 (compatible; DotBot/1.2; +https://opensiteexplorer.org/dotbot; help@moz.com)"
85.208.96.211 - - [13/Dec/2025:09:33:59 +0100] "GET /platby/hca/confluence-vs-sharepoint-2020 HTTP/1.1" 200 11933 "-" "Mozilla/5.0 (compatible; SemrushBot/7~bl; +http://www.semrush.com/bot.html)"
216.244.66.239 - - [13/Dec/2025:09:34:00 +0100] "GET /platby/article.php?5d4c26=Soccer-Manager-2019 HTTP/1.1" 200 17102 "-" "Mozilla/5.0 (compatible; DotBot/1.2; +https://opensiteexplorer.org/dotbot; help@moz.com)"
185.191.171.4 - - [13/Dec/2025:09:34:02 +0100] "GET /platby/hca/argentina-vs-new-zealand-2020 HTTP/1.1" 200 10220 "-" "Mozilla/5.0 (compatible; SemrushBot/7~bl; +http://www.semrush.com/bot.html)"
216.244.66.239 - - [13/Dec/2025:09:34:03 +0100] "GET /platby/article.php?5d4c26=adventure-time-explained HTTP/1.1" 200 20579 "-" "Mozilla/5.0 (compatible; DotBot/1.2; +https://opensiteexplorer.org/dotbot; help@moz.com)"
216.244.66.239 - - [13/Dec/2025:09:34:06 +0100] "GET /platby/article.php?5d4c26=alfredo-morelos-transfer-news HTTP/1.1" 200 16276 "-" "Mozilla/5.0 (compatible; DotBot/1.2; +https://opensiteexplorer.org/dotbot; help@moz.com)"
85.208.96.202 - - [13/Dec/2025:09:34:09 +0100] "GET /platby/hca/institutional-banking-examples HTTP/1.1" 200 12904 "-" "Mozilla/5.0 (compatible; SemrushBot/7~bl; +http://www.semrush.com/bot.html)"
216.244.66.239 - - [13/Dec/2025:09:34:09 +0100] "GET /platby/article.php?5d4c26=apple-employee-resources HTTP/1.1" 200 23466 "-" "Mozilla/5.0 (compatible; DotBot/1.2; +https://opensiteexplorer.org/dotbot; help@moz.com)"
85.208.96.212 - - [13/Dec/2025:09:34:11 +0100] "GET /platby/72zbxoz/basketball-academy-in-usa-for-international-students HTTP/1.1" 200 13561 "-" "Mozilla/5.0 (compatible; SemrushBot/7~bl; +http://www.semrush.com/bot.html)"
216.244.66.239 - - [13/Dec/2025:09:34:11 +0100] "GET /platby/article.php?5d4c26=atlanta-festivals-2020 HTTP/1.1" 200 17190 "-" "Mozilla/5.0 (compatible; DotBot/1.2; +https://opensiteexplorer.org/dotbot; help@moz.com)"
216.244.66.239 - - [13/Dec/2025:09:34:15 +0100] "GET /platby/article.php?5d4c26=blasphemous-double-jump HTTP/1.1" 200 21009 "-" "Mozilla/5.0 (compatible; DotBot/1.2; +https://opensiteexplorer.org/dotbot; help@moz.com)"
216.244.66.239 - - [13/Dec/2025:09:34:17 +0100] "GET /platby/article.php?5d4c26=cervantes-spanish-school-malaga HTTP/1.1" 200 18294 "-" "Mozilla/5.0 (compatible; DotBot/1.2; +https://opensiteexplorer.org/dotbot; help@moz.com)"
216.244.66.239 - - [13/Dec/2025:09:34:19 +0100] "GET /platby/article.php?5d4c26=colorado-police-scanner HTTP/1.1" 200 24786 "-" "Mozilla/5.0 (compatible; DotBot/1.2; +https://opensiteexplorer.org/dotbot; help@moz.com)"
216.244.66.239 - - [13/Dec/2025:09:34:21 +0100] "GET /platby/article.php?5d4c26=eddie-bauer-rain-jacket-folds-into-pocket HTTP/1.1" 200 22874 "-" "Mozilla/5.0 (compatible; DotBot/1.2; +https://opensiteexplorer.org/dotbot; help@moz.com)"
216.244.66.239 - - [13/Dec/2025:09:34:23 +0100] "GET /platby/article.php?5d4c26=fidelity-credit-rating HTTP/1.1" 200 13892 "-" "Mozilla/5.0 (compatible; DotBot/1.2; +https://opensiteexplorer.org/dotbot; help@moz.com)"
216.244.66.239 - - [13/Dec/2025:09:34:25 +0100] "GET /platby/article.php?5d4c26=gabby-duran-and-the-unsittables-jeremy HTTP/1.1" 200 21357 "-" "Mozilla/5.0 (compatible; DotBot/1.2; +https://opensiteexplorer.org/dotbot; help@moz.com)"
216.244.66.239 - - [13/Dec/2025:09:34:26 +0100] "GET /platby/article.php?5d4c26=game-design-tutorial HTTP/1.1" 200 20907 "-" "Mozilla/5.0 (compatible; DotBot/1.2; +https://opensiteexplorer.org/dotbot; help@moz.com)"
216.244.66.239 - - [13/Dec/2025:09:34:28 +0100] "GET /platby/article.php?5d4c26=ghost-trick%3A-phantom-detective-android HTTP/1.1" 200 23402 "-" "Mozilla/5.0 (compatible; DotBot/1.2; +https://opensiteexplorer.org/dotbot; help@moz.com)"
216.244.66.239 - - [13/Dec/2025:09:34:30 +0100] "GET /platby/article.php?5d4c26=guildford-news-police HTTP/1.1" 200 23303 "-" "Mozilla/5.0 (compatible; DotBot/1.2; +https://opensiteexplorer.org/dotbot; help@moz.com)"
185.191.171.15 - - [13/Dec/2025:09:34:30 +0100] "GET /platby/aohwuyx/powershell-mount-vhd-assign-drive-letter HTTP/1.1" 200 12596 "-" "Mozilla/5.0 (compatible; SemrushBot/7~bl; +http://www.semrush.com/bot.html)"
216.244.66.239 - - [13/Dec/2025:09:34:32 +0100] "GET /platby/article.php?5d4c26=hurricane-floyd-wind-speed HTTP/1.1" 200 23616 "-" "Mozilla/5.0 (compatible; DotBot/1.2; +https://opensiteexplorer.org/dotbot; help@moz.com)"
216.244.66.239 - - [13/Dec/2025:09:34:33 +0100] "GET /platby/article.php?5d4c26=jonathan-bartley-car HTTP/1.1" 200 22595 "-" "Mozilla/5.0 (compatible; DotBot/1.2; +https://opensiteexplorer.org/dotbot; help@moz.com)"
216.244.66.239 - - [13/Dec/2025:09:34:34 +0100] "GET /platby/article.php?5d4c26=kanchanaburi%2C-thailand-hotels HTTP/1.1" 200 20650 "-" "Mozilla/5.0 (compatible; DotBot/1.2; +https://opensiteexplorer.org/dotbot; help@moz.com)"
216.244.66.239 - - [13/Dec/2025:09:34:36 +0100] "GET /platby/article.php?5d4c26=penta-sports-divina-victoria HTTP/1.1" 200 26236 "-" "Mozilla/5.0 (compatible; DotBot/1.2; +https://opensiteexplorer.org/dotbot; help@moz.com)"
216.244.66.239 - - [13/Dec/2025:09:34:38 +0100] "GET /platby/article.php?5d4c26=persona-4%3A-the-animation-episode-1 HTTP/1.1" 200 21954 "-" "Mozilla/5.0 (compatible; DotBot/1.2; +https://opensiteexplorer.org/dotbot; help@moz.com)"
114.119.149.2 - - [13/Dec/2025:09:34:40 +0100] "GET /platby/article.php?5d4c26=Hannah-Montana-Jake-or-Jesse HTTP/1.1" 200 7213 "http://ispc.klape.eu/platby/article.php?5d4c26=smite-set-build-joust" "Mozilla/5.0 (Linux; Android 7.0;) AppleWebKit/537.36 (KHTML, like Gecko) Mobile Safari/537.36 (compatible; PetalBot;+https://webmaster.petalsearch.com/site/petalbot)"
216.244.66.239 - - [13/Dec/2025:09:34:42 +0100] "GET /platby/article.php?5d4c26=peserta-lida-2019 HTTP/1.1" 200 23450 "-" "Mozilla/5.0 (compatible; DotBot/1.2; +https://opensiteexplorer.org/dotbot; help@moz.com)"
85.208.96.212 - - [13/Dec/2025:09:34:45 +0100] "GET /platby/uwoy9/cumberland-county-nc-register-of-deeds HTTP/1.1" 200 10244 "-" "Mozilla/5.0 (compatible; SemrushBot/7~bl; +http://www.semrush.com/bot.html)"
216.244.66.239 - - [13/Dec/2025:09:34:45 +0100] "GET /platby/article.php?5d4c26=population-of-south-florida HTTP/1.1" 200 15073 "-" "Mozilla/5.0 (compatible; DotBot/1.2; +https://opensiteexplorer.org/dotbot; help@moz.com)"
216.244.66.239 - - [13/Dec/2025:09:34:48 +0100] "GET /platby/article.php?5d4c26=proxima-midnight%2C-corvus-glaive HTTP/1.1" 200 17026 "-" "Mozilla/5.0 (compatible; DotBot/1.2; +https://opensiteexplorer.org/dotbot; help@moz.com)"
216.244.66.239 - - [13/Dec/2025:09:34:52 +0100] "GET /platby/article.php?5d4c26=rugby-world-cup-2035 HTTP/1.1" 200 23155 "-" "Mozilla/5.0 (compatible; DotBot/1.2; +https://opensiteexplorer.org/dotbot; help@moz.com)"
216.244.66.239 - - [13/Dec/2025:09:34:56 +0100] "GET /platby/article.php?5d4c26=spoken-english-teacher-near-me HTTP/1.1" 200 17482 "-" "Mozilla/5.0 (compatible; DotBot/1.2; +https://opensiteexplorer.org/dotbot; help@moz.com)"
216.244.66.239 - - [13/Dec/2025:09:34:59 +0100] "GET /platby/article.php?5d4c26=stardust-in-different-languages HTTP/1.1" 200 25359 "-" "Mozilla/5.0 (compatible; DotBot/1.2; +https://opensiteexplorer.org/dotbot; help@moz.com)"
216.244.66.239 - - [13/Dec/2025:09:35:01 +0100] "GET /platby/article.php?5d4c26=what-are-tectonic-plates-for-kids HTTP/1.1" 200 14148 "-" "Mozilla/5.0 (compatible; DotBot/1.2; +https://opensiteexplorer.org/dotbot; help@moz.com)"
85.208.96.196 - - [13/Dec/2025:09:35:02 +0100] "GET /platby/aohwuyx/bruce-springsteen-the-river HTTP/1.1" 200 13246 "-" "Mozilla/5.0 (compatible; SemrushBot/7~bl; +http://www.semrush.com/bot.html)"
216.244.66.239 - - [13/Dec/2025:09:35:04 +0100] "GET /platby/article.php?5d4c26=Lightning-McQueen-Song HTTP/1.1" 200 15860 "-" "Mozilla/5.0 (compatible; DotBot/1.2; +https://opensiteexplorer.org/dotbot; help@moz.com)"
216.244.66.239 - - [13/Dec/2025:09:35:06 +0100] "GET /platby/article.php?5d4c26=birthday-personality-compatibility HTTP/1.1" 200 20956 "-" "Mozilla/5.0 (compatible; DotBot/1.2; +https://opensiteexplorer.org/dotbot; help@moz.com)"
216.244.66.239 - - [13/Dec/2025:09:35:08 +0100] "GET /platby/article.php?5d4c26=dark-reunion---fire-emblem HTTP/1.1" 200 22482 "-" "Mozilla/5.0 (compatible; DotBot/1.2; +https://opensiteexplorer.org/dotbot; help@moz.com)"
216.244.66.239 - - [13/Dec/2025:09:35:10 +0100] "GET /platby/article.php?5d4c26=google-maps-change-temperature-unit-iphone HTTP/1.1" 200 22104 "-" "Mozilla/5.0 (compatible; DotBot/1.2; +https://opensiteexplorer.org/dotbot; help@moz.com)"
216.244.66.239 - - [13/Dec/2025:09:35:11 +0100] "GET /platby/article.php?5d4c26=hootie-and-the-blowfish---musical-chairs HTTP/1.1" 200 20037 "-" "Mozilla/5.0 (compatible; DotBot/1.2; +https://opensiteexplorer.org/dotbot; help@moz.com)"
216.244.66.239 - - [13/Dec/2025:09:35:13 +0100] "GET /platby/article.php?5d4c26=how-big-is-saturn-compared-to-earth HTTP/1.1" 200 19711 "-" "Mozilla/5.0 (compatible; DotBot/1.2; +https://opensiteexplorer.org/dotbot; help@moz.com)"
216.244.66.239 - - [13/Dec/2025:09:35:14 +0100] "GET /platby/article.php?5d4c26=how-to-verify-rpm-package HTTP/1.1" 200 25094 "-" "Mozilla/5.0 (compatible; DotBot/1.2; +https://opensiteexplorer.org/dotbot; help@moz.com)"
216.244.66.239 - - [13/Dec/2025:09:35:15 +0100] "GET /platby/article.php?5d4c26=importance-of-total-quality-management HTTP/1.1" 200 17749 "-" "Mozilla/5.0 (compatible; DotBot/1.2; +https://opensiteexplorer.org/dotbot; help@moz.com)"
216.244.66.239 - - [13/Dec/2025:09:35:16 +0100] "GET /platby/article.php?5d4c26=maya-moore-documentary HTTP/1.1" 200 19829 "-" "Mozilla/5.0 (compatible; DotBot/1.2; +https://opensiteexplorer.org/dotbot; help@moz.com)"
85.208.96.207 - - [13/Dec/2025:09:35:18 +0100] "GET /platby/aohwuyx/chin-basketball-player HTTP/1.1" 200 13787 "-" "Mozilla/5.0 (compatible; SemrushBot/7~bl; +http://www.semrush.com/bot.html)"
216.244.66.239 - - [13/Dec/2025:09:35:18 +0100] "GET /platby/article.php?5d4c26=patagonia-boys%27-better-sweater HTTP/1.1" 200 18188 "-" "Mozilla/5.0 (compatible; DotBot/1.2; +https://opensiteexplorer.org/dotbot; help@moz.com)"
216.244.66.239 - - [13/Dec/2025:09:35:19 +0100] "GET /platby/article.php?5d4c26=reaper-drone-vs-predator-drone HTTP/1.1" 200 18609 "-" "Mozilla/5.0 (compatible; DotBot/1.2; +https://opensiteexplorer.org/dotbot; help@moz.com)"
216.244.66.239 - - [13/Dec/2025:09:35:20 +0100] "GET /platby/article.php?5d4c26=satellite-internet-connection HTTP/1.1" 200 21838 "-" "Mozilla/5.0 (compatible; DotBot/1.2; +https://opensiteexplorer.org/dotbot; help@moz.com)"
216.244.66.239 - - [13/Dec/2025:09:35:21 +0100] "GET /platby/article.php?5d4c26=section-administrator-network-rail HTTP/1.1" 200 20477 "-" "Mozilla/5.0 (compatible; DotBot/1.2; +https://opensiteexplorer.org/dotbot; help@moz.com)"
216.244.66.239 - - [13/Dec/2025:09:35:22 +0100] "GET /platby/article.php?5d4c26=smoke-screen-and-mirrors HTTP/1.1" 200 21280 "-" "Mozilla/5.0 (compatible; DotBot/1.2; +https://opensiteexplorer.org/dotbot; help@moz.com)"
216.244.66.239 - - [13/Dec/2025:09:35:24 +0100] "GET /platby/article.php?5d4c26=someone-who-takes-power-by-force-illegally HTTP/1.1" 200 19773 "-" "Mozilla/5.0 (compatible; DotBot/1.2; +https://opensiteexplorer.org/dotbot; help@moz.com)"
216.244.66.239 - - [13/Dec/2025:09:35:25 +0100] "GET /platby/article.php?5d4c26=star-trek%3A-the-original-series-season-1-episode-9 HTTP/1.1" 200 23085 "-" "Mozilla/5.0 (compatible; DotBot/1.2; +https://opensiteexplorer.org/dotbot; help@moz.com)"
216.244.66.239 - - [13/Dec/2025:09:35:26 +0100] "GET /platby/article.php?5d4c26=stephen%27s-sausage-roll-speedrun HTTP/1.1" 200 16695 "-" "Mozilla/5.0 (compatible; DotBot/1.2; +https://opensiteexplorer.org/dotbot; help@moz.com)"
216.244.66.239 - - [13/Dec/2025:09:35:27 +0100] "GET /platby/article.php?5d4c26=Andy%27s-Dinosaur-Adventures-Games HTTP/1.1" 200 17374 "-" "Mozilla/5.0 (compatible; DotBot/1.2; +https://opensiteexplorer.org/dotbot; help@moz.com)"
216.244.66.239 - - [13/Dec/2025:09:35:28 +0100] "GET /platby/article.php?5d4c26=how-might-reproductive-isolation-lead-to-even-stronger-reproductive-isolation HTTP/1.1" 200 19334 "-" "Mozilla/5.0 (compatible; DotBot/1.2; +https://opensiteexplorer.org/dotbot; help@moz.com)"
216.244.66.239 - - [13/Dec/2025:09:35:29 +0100] "GET /platby/article.php?5d4c26=nike-high-impact-sports-bras HTTP/1.1" 200 13966 "-" "Mozilla/5.0 (compatible; DotBot/1.2; +https://opensiteexplorer.org/dotbot; help@moz.com)"
216.244.66.239 - - [13/Dec/2025:09:35:31 +0100] "GET /platby/article.php?5d4c26=xenoblade-chronicles%3A-definitive-edition-collector%27s-set-pre-order HTTP/1.1" 200 15403 "-" "Mozilla/5.0 (compatible; DotBot/1.2; +https://opensiteexplorer.org/dotbot; help@moz.com)"
216.244.66.239 - - [13/Dec/2025:09:35:32 +0100] "GET /platby/aohwuyx/2020-nfl-draft-prospects-by-position HTTP/1.1" 200 42840 "-" "Mozilla/5.0 (compatible; DotBot/1.2; +https://opensiteexplorer.org/dotbot; help@moz.com)"
216.244.66.239 - - [13/Dec/2025:09:35:33 +0100] "GET /platby/uwoy9/1992-gold-leaf-baseball-cards HTTP/1.1" 200 46981 "-" "Mozilla/5.0 (compatible; DotBot/1.2; +https://opensiteexplorer.org/dotbot; help@moz.com)"
216.244.66.239 - - [13/Dec/2025:09:35:34 +0100] "GET /platby/uwoy9/gospel-of-wealth-in-a-sentence HTTP/1.1" 200 35007 "-" "Mozilla/5.0 (compatible; DotBot/1.2; +https://opensiteexplorer.org/dotbot; help@moz.com)"
216.244.66.239 - - [13/Dec/2025:09:35:35 +0100] "GET /platby/uwoy9/there-are-no-goodbyes-quotes HTTP/1.1" 200 37701 "-" "Mozilla/5.0 (compatible; DotBot/1.2; +https://opensiteexplorer.org/dotbot; help@moz.com)"
216.244.66.239 - - [13/Dec/2025:09:35:36 +0100] "GET /platby/uwoy9/fritos-honey-bbq-twists-canada HTTP/1.1" 200 44744 "-" "Mozilla/5.0 (compatible; DotBot/1.2; +https://opensiteexplorer.org/dotbot; help@moz.com)"
216.244.66.239 - - [13/Dec/2025:09:35:38 +0100] "GET /platby/uwoy9/prince-paul-prince-among-thieves-vinyl HTTP/1.1" 200 44726 "-" "Mozilla/5.0 (compatible; DotBot/1.2; +https://opensiteexplorer.org/dotbot; help@moz.com)"
216.244.66.239 - - [13/Dec/2025:09:35:39 +0100] "GET /platby/uwoy9/things-to-do-in-georgia-with-kids HTTP/1.1" 200 39380 "-" "Mozilla/5.0 (compatible; DotBot/1.2; +https://opensiteexplorer.org/dotbot; help@moz.com)"
216.244.66.239 - - [13/Dec/2025:09:35:40 +0100] "GET /platby/uwoy9/zephyrus-g14-update-drivers HTTP/1.1" 200 35751 "-" "Mozilla/5.0 (compatible; DotBot/1.2; +https://opensiteexplorer.org/dotbot; help@moz.com)"
114.119.128.6 - - [13/Dec/2025:09:36:01 +0100] "GET /platby/qqap/how-to-make-a-spaceship-in-minecraft HTTP/1.1" 200 11977 "http://ispc.klape.eu/platby/qqap/corporate-philanthropy" "Mozilla/5.0 (Linux; Android 7.0;) AppleWebKit/537.36 (KHTML, like Gecko) Mobile Safari/537.36 (compatible; PetalBot;+https://webmaster.petalsearch.com/site/petalbot)"
185.191.171.17 - - [13/Dec/2025:09:36:27 +0100] "GET /platby/hca/rescue-yellowjacket-trap HTTP/1.1" 200 7711 "-" "Mozilla/5.0 (compatible; SemrushBot/7~bl; +http://www.semrush.com/bot.html)"
216.244.66.239 - - [13/Dec/2025:09:36:39 +0100] "GET /platby/uwoy9/convergent-plate-boundary-in-a-sentence HTTP/1.1" 200 44381 "-" "Mozilla/5.0 (compatible; DotBot/1.2; +https://opensiteexplorer.org/dotbot; help@moz.com)"
185.191.171.4 - - [13/Dec/2025:09:37:21 +0100] "GET /platby/hca/canada-goose-egg-addling-protocol HTTP/1.1" 200 7579 "-" "Mozilla/5.0 (compatible; SemrushBot/7~bl; +http://www.semrush.com/bot.html)"
114.119.128.6 - - [13/Dec/2025:09:37:25 +0100] "GET /platby/hca/midsomer-murders''-a-talent-for-life-killer HTTP/1.1" 200 7932 "http://ispc.klape.eu/platby/hca/midsomer-murders%27%27-a-talent-for-life-killer" "Mozilla/5.0 (Linux; Android 7.0;) AppleWebKit/537.36 (KHTML, like Gecko) Mobile Safari/537.36 (compatible; PetalBot;+https://webmaster.petalsearch.com/site/petalbot)"
85.208.96.208 - - [13/Dec/2025:09:37:30 +0100] "GET /platby/72zbxoz/university-of-east-anglia HTTP/1.1" 200 6700 "-" "Mozilla/5.0 (compatible; SemrushBot/7~bl; +http://www.semrush.com/bot.html)"
85.208.96.205 - - [13/Dec/2025:09:37:50 +0100] "GET /platby/qqap/patriots'-quarterback-2020 HTTP/1.1" 200 9463 "-" "Mozilla/5.0 (compatible; SemrushBot/7~bl; +http://www.semrush.com/bot.html)"
185.191.171.9 - - [13/Dec/2025:09:37:59 +0100] "GET /platby/qqap/true-definition-of-a-woman HTTP/1.1" 200 11328 "-" "Mozilla/5.0 (compatible; SemrushBot/7~bl; +http://www.semrush.com/bot.html)"
85.208.96.211 - - [13/Dec/2025:09:38:11 +0100] "GET /platby/qqap/acrobatic-gymnastics-classes-near-me HTTP/1.1" 200 8867 "-" "Mozilla/5.0 (compatible; SemrushBot/7~bl; +http://www.semrush.com/bot.html)"
185.191.171.3 - - [13/Dec/2025:09:38:17 +0100] "GET /platby/aohwuyx/valley-girl-2020-logan-paul HTTP/1.1" 200 8180 "-" "Mozilla/5.0 (compatible; SemrushBot/7~bl; +http://www.semrush.com/bot.html)"
85.208.96.205 - - [13/Dec/2025:09:38:42 +0100] "GET /platby/hca/summer-school-application-2021 HTTP/1.1" 200 10967 "-" "Mozilla/5.0 (compatible; SemrushBot/7~bl; +http://www.semrush.com/bot.html)"
114.119.130.237 - - [13/Dec/2025:09:38:50 +0100] "GET /platby/article.php?5d4c26=star-wars-battlefront-2-co-op-offline HTTP/1.1" 200 7646 "http://ispc.klape.eu/platby/article.php?5d4c26=a-homeowner-lives-in-a-150-year-old-adobe-building" "Mozilla/5.0 (Linux; Android 7.0;) AppleWebKit/537.36 (KHTML, like Gecko) Mobile Safari/537.36 (compatible; PetalBot;+https://webmaster.petalsearch.com/site/petalbot)"
185.191.171.14 - - [13/Dec/2025:09:38:57 +0100] "GET /platby/72zbxoz/coffee-in-french-masculine-or-feminine HTTP/1.1" 200 9498 "-" "Mozilla/5.0 (compatible; SemrushBot/7~bl; +http://www.semrush.com/bot.html)"
85.208.96.202 - - [13/Dec/2025:09:39:19 +0100] "GET /platby/aohwuyx/edwin-diaz-programmer HTTP/1.1" 200 15116 "-" "Mozilla/5.0 (compatible; SemrushBot/7~bl; +http://www.semrush.com/bot.html)"
114.119.152.142 - - [13/Dec/2025:09:40:14 +0100] "GET /platby/article.php?5d4c26=7-days-to-die-update-alpha-18 HTTP/1.1" 200 7051 "http://ispc.klape.eu/platby/article.php?5d4c26=application-for-canadian-citizenship-%E2%80%94-adults-%5Bform-cit-0002%5D-2019" "Mozilla/5.0 (Linux; Android 7.0;) AppleWebKit/537.36 (KHTML, like Gecko) Mobile Safari/537.36 (compatible; PetalBot;+https://webmaster.petalsearch.com/site/petalbot)"
185.191.171.19 - - [13/Dec/2025:09:40:27 +0100] "GET /platby/qqap/confluence-tutorial-for-beginners-2020 HTTP/1.1" 200 7714 "-" "Mozilla/5.0 (compatible; SemrushBot/7~bl; +http://www.semrush.com/bot.html)"
176.65.149.45 - - [13/Dec/2025:09:41:05 +0100] "GET / HTTP/1.1" 200 316 "-" "Go-http-client/1.1"
85.208.96.195 - - [13/Dec/2025:09:41:18 +0100] "GET /platby/aohwuyx/who-is-jimmy-woo-looking-for-in-wandavision HTTP/1.1" 200 8963 "-" "Mozilla/5.0 (compatible; SemrushBot/7~bl; +http://www.semrush.com/bot.html)"
114.119.140.102 - - [13/Dec/2025:09:41:38 +0100] "GET /platby/article.php?5d4c26=2-peter-1:5-15 HTTP/1.1" 200 5423 "http://ispc.klape.eu/platby/article.php?5d4c26=Terraria-Hardmode-Guide" "Mozilla/5.0 (Linux; Android 7.0;) AppleWebKit/537.36 (KHTML, like Gecko) Mobile Safari/537.36 (compatible; PetalBot;+https://webmaster.petalsearch.com/site/petalbot)"
85.208.96.212 - - [13/Dec/2025:09:41:47 +0100] "GET /platby/hca/brooklyn-tech-soccer-team HTTP/1.1" 200 6600 "-" "Mozilla/5.0 (compatible; SemrushBot/7~bl; +http://www.semrush.com/bot.html)"
85.208.96.195 - - [13/Dec/2025:09:42:12 +0100] "GET /platby/qqap/fallen-down-undertale-ranboo HTTP/1.1" 200 9468 "-" "Mozilla/5.0 (compatible; SemrushBot/7~bl; +http://www.semrush.com/bot.html)"
185.191.171.10 - - [13/Dec/2025:09:42:18 +0100] "GET /platby/hca/san-jose-barber-shop-reopen HTTP/1.1" 200 10574 "-" "Mozilla/5.0 (compatible; SemrushBot/7~bl; +http://www.semrush.com/bot.html)"
185.191.171.4 - - [13/Dec/2025:09:42:20 +0100] "GET /platby/hca/my-brother-jordan-cause-of-death HTTP/1.1" 200 9675 "-" "Mozilla/5.0 (compatible; SemrushBot/7~bl; +http://www.semrush.com/bot.html)"
104.210.140.135 - - [13/Dec/2025:09:42:26 +0100] "\x16\x03\x01\x02Q\x01" 403 265 "-" "-"
104.210.140.142 - - [13/Dec/2025:09:42:32 +0100] "\x16\x03\x01\x02" 403 265 "-" "-"
104.210.140.128 - - [13/Dec/2025:09:42:37 +0100] "\x16\x03\x01\x02" 403 265 "-" "-"
85.208.96.197 - - [13/Dec/2025:09:42:41 +0100] "GET /platby/uwoy9/diversity-conference-themes HTTP/1.1" 200 16349 "-" "Mozilla/5.0 (compatible; SemrushBot/7~bl; +http://www.semrush.com/bot.html)"
114.119.140.102 - - [13/Dec/2025:09:42:59 +0100] "GET /platby/aohwuyx/why-is-my-laptop-camera-showing-a-black-screen HTTP/1.1" 200 14972 "http://ispc.klape.eu/platby/aohwuyx/flowers-that-bloom-in-may-in-ohio" "Mozilla/5.0 (Linux; Android 7.0;) AppleWebKit/537.36 (KHTML, like Gecko) Mobile Safari/537.36 (compatible; PetalBot;+https://webmaster.petalsearch.com/site/petalbot)"
85.208.96.199 - - [13/Dec/2025:09:43:09 +0100] "GET /platby/uwoy9/real-estate-value-in-turkey HTTP/1.1" 200 9025 "-" "Mozilla/5.0 (compatible; SemrushBot/7~bl; +http://www.semrush.com/bot.html)"
185.191.171.2 - - [13/Dec/2025:09:43:23 +0100] "GET /platby/uwoy9/brookfield-property-partners-news HTTP/1.1" 200 11519 "-" "Mozilla/5.0 (compatible; SemrushBot/7~bl; +http://www.semrush.com/bot.html)"
85.208.96.197 - - [13/Dec/2025:09:43:36 +0100] "GET /platby/hca/whipped-cream-powder-near-me HTTP/1.1" 200 13823 "-" "Mozilla/5.0 (compatible; SemrushBot/7~bl; +http://www.semrush.com/bot.html)"
79.124.40.174 - - [13/Dec/2025:09:44:01 +0100] "GET /" 400 468 "-" "-"
114.119.140.102 - - [13/Dec/2025:09:44:23 +0100] "GET /platby/aohwuyx/well-educated-synonym HTTP/1.1" 200 12286 "http://ispc.klape.eu/platby/aohwuyx/well-educated-synonym" "Mozilla/5.0 (Linux; Android 7.0;) AppleWebKit/537.36 (KHTML, like Gecko) Mobile Safari/537.36 (compatible; PetalBot;+https://webmaster.petalsearch.com/site/petalbot)"
79.124.40.174 - - [13/Dec/2025:09:44:47 +0100] "GET /" 400 468 "-" "-"
114.119.139.66 - - [13/Dec/2025:09:45:49 +0100] "GET /platby/aohwuyx/things-to-do-in-the-berkshires-during-covid HTTP/1.1" 200 13570 "http://ispc.klape.eu/platby/aohwuyx/before-you-can-say-jack-robinson-sentence" "Mozilla/5.0 (Linux; Android 7.0;) AppleWebKit/537.36 (KHTML, like Gecko) Mobile Safari/537.36 (compatible; PetalBot;+https://webmaster.petalsearch.com/site/petalbot)"
185.191.171.7 - - [13/Dec/2025:09:45:53 +0100] "GET /platby/hca/tatcha-dewy-skin-cream-non-comedogenic HTTP/1.1" 200 12229 "-" "Mozilla/5.0 (compatible; SemrushBot/7~bl; +http://www.semrush.com/bot.html)"
185.191.171.2 - - [13/Dec/2025:09:46:03 +0100] "GET /platby/qqap/how-to-set-samesite-cookie-attribute-in-javascript HTTP/1.1" 200 7181 "-" "Mozilla/5.0 (compatible; SemrushBot/7~bl; +http://www.semrush.com/bot.html)"
85.208.96.196 - - [13/Dec/2025:09:46:11 +0100] "GET /platby/qqap/why-does-nick-nolte-sound-like-that HTTP/1.1" 200 11247 "-" "Mozilla/5.0 (compatible; SemrushBot/7~bl; +http://www.semrush.com/bot.html)"
85.208.96.197 - - [13/Dec/2025:09:46:19 +0100] "GET /platby/uwoy9/4th-grade-science-curriculum-common-core HTTP/1.1" 200 7726 "-" "Mozilla/5.0 (compatible; SemrushBot/7~bl; +http://www.semrush.com/bot.html)"
85.208.96.202 - - [13/Dec/2025:09:46:21 +0100] "GET /platby/uwoy9/you'll-always-find-your-way-back-home-chords HTTP/1.1" 200 9486 "-" "Mozilla/5.0 (compatible; SemrushBot/7~bl; +http://www.semrush.com/bot.html)"
85.208.96.210 - - [13/Dec/2025:09:46:39 +0100] "GET /platby/uwoy9/components-of-empathic-listening HTTP/1.1" 200 8711 "-" "Mozilla/5.0 (compatible; SemrushBot/7~bl; +http://www.semrush.com/bot.html)"
85.208.96.207 - - [13/Dec/2025:09:46:44 +0100] "GET /platby/hca/how-to-set-cookie-in-response-header-in-java HTTP/1.1" 200 9561 "-" "Mozilla/5.0 (compatible; SemrushBot/7~bl; +http://www.semrush.com/bot.html)"
204.76.203.206 - - [13/Dec/2025:09:46:44 +0100] "GET /" 400 468 "-" "-"
85.208.96.198 - - [13/Dec/2025:09:46:55 +0100] "GET /platby/qqap/mit-operating-systems-video-lectures HTTP/1.1" 200 7012 "-" "Mozilla/5.0 (compatible; SemrushBot/7~bl; +http://www.semrush.com/bot.html)"
50.19.221.48 - - [13/Dec/2025:09:47:08 +0100] "GET /platby/aohwuyx/show-that-second-order-wave-equation-is-hyperbolic HTTP/1.1" 200 10505 "-" "Mozilla/5.0 AppleWebKit/537.36 (KHTML, like Gecko; compatible; Amazonbot/0.1; +https://developer.amazon.com/support/amazonbot) Chrome/119.0.6045.214 Safari/537.36"
114.119.139.66 - - [13/Dec/2025:09:47:11 +0100] "GET /platby/aohwuyx/sly-and-the-family-stone-fresh-discogs HTTP/1.1" 200 13335 "http://ispc.klape.eu/platby/aohwuyx/sly-and-the-family-stone-fresh-discogs" "Mozilla/5.0 (Linux; Android 7.0;) AppleWebKit/537.36 (KHTML, like Gecko) Mobile Safari/537.36 (compatible; PetalBot;+https://webmaster.petalsearch.com/site/petalbot)"
3.230.224.6 - - [13/Dec/2025:09:47:13 +0100] "GET /platby/aohwuyx/hd-nice-color-desktop-wallpaper HTTP/1.1" 200 14229 "-" "Mozilla/5.0 AppleWebKit/537.36 (KHTML, like Gecko; compatible; Amazonbot/0.1; +https://developer.amazon.com/support/amazonbot) Chrome/119.0.6045.214 Safari/537.36"
54.83.56.1 - - [13/Dec/2025:09:47:16 +0100] "GET /platby/aohwuyx/bard-student-services HTTP/1.1" 200 9941 "-" "Mozilla/5.0 AppleWebKit/537.36 (KHTML, like Gecko; compatible; Amazonbot/0.1; +https://developer.amazon.com/support/amazonbot) Chrome/119.0.6045.214 Safari/537.36"
173.252.70.18 - - [13/Dec/2025:09:47:17 +0100] "\x16\x03\x01\x01K\x01" 403 265 "-" "-"
34.226.89.140 - - [13/Dec/2025:09:47:20 +0100] "GET /platby/aohwuyx/landing-page-html-code-w3schools HTTP/1.1" 200 13527 "-" "Mozilla/5.0 AppleWebKit/537.36 (KHTML, like Gecko; compatible; Amazonbot/0.1; +https://developer.amazon.com/support/amazonbot) Chrome/119.0.6045.214 Safari/537.36"
54.145.82.217 - - [13/Dec/2025:09:47:25 +0100] "GET /platby/aohwuyx/live-mallard-ducks-for-sale-near-me HTTP/1.1" 200 11500 "-" "Mozilla/5.0 AppleWebKit/537.36 (KHTML, like Gecko; compatible; Amazonbot/0.1; +https://developer.amazon.com/support/amazonbot) Chrome/119.0.6045.214 Safari/537.36"
35.171.141.42 - - [13/Dec/2025:09:47:28 +0100] "GET /platby/qqap/lonely-hearts-clothing HTTP/1.1" 200 9345 "-" "Mozilla/5.0 AppleWebKit/537.36 (KHTML, like Gecko; compatible; Amazonbot/0.1; +https://developer.amazon.com/support/amazonbot) Chrome/119.0.6045.214 Safari/537.36"
3.216.86.144 - - [13/Dec/2025:09:47:32 +0100] "GET /platby/aohwuyx/modern-roman-clothing HTTP/1.1" 200 10936 "-" "Mozilla/5.0 AppleWebKit/537.36 (KHTML, like Gecko; compatible; Amazonbot/0.1; +https://developer.amazon.com/support/amazonbot) Chrome/119.0.6045.214 Safari/537.36"
34.194.226.74 - - [13/Dec/2025:09:47:36 +0100] "GET /platby/qqap/hydroxycut-fat-burning-pills HTTP/1.1" 200 7114 "-" "Mozilla/5.0 AppleWebKit/537.36 (KHTML, like Gecko; compatible; Amazonbot/0.1; +https://developer.amazon.com/support/amazonbot) Chrome/119.0.6045.214 Safari/537.36"
52.3.104.214 - - [13/Dec/2025:09:47:41 +0100] "GET /platby/aohwuyx/kiewit-executive-team HTTP/1.1" 200 9668 "-" "Mozilla/5.0 AppleWebKit/537.36 (KHTML, like Gecko; compatible; Amazonbot/0.1; +https://developer.amazon.com/support/amazonbot) Chrome/119.0.6045.214 Safari/537.36"
185.191.171.7 - - [13/Dec/2025:09:47:41 +0100] "GET /platby/qqap/what-happened-to-betty-in-them HTTP/1.1" 200 6293 "-" "Mozilla/5.0 (compatible; SemrushBot/7~bl; +http://www.semrush.com/bot.html)"
54.156.124.2 - - [13/Dec/2025:09:47:45 +0100] "GET /platby/aohwuyx/when-do-african-grey-parrots-start-talking HTTP/1.1" 200 14534 "-" "Mozilla/5.0 AppleWebKit/537.36 (KHTML, like Gecko; compatible; Amazonbot/0.1; +https://developer.amazon.com/support/amazonbot) Chrome/119.0.6045.214 Safari/537.36"
52.4.238.8 - - [13/Dec/2025:09:47:48 +0100] "GET /platby/aohwuyx/you're-my-hero-ferris-bueller HTTP/1.1" 200 9025 "-" "Mozilla/5.0 AppleWebKit/537.36 (KHTML, like Gecko; compatible; Amazonbot/0.1; +https://developer.amazon.com/support/amazonbot) Chrome/119.0.6045.214 Safari/537.36"
98.84.60.17 - - [13/Dec/2025:09:47:54 +0100] "GET /platby/aohwuyx/my-brother-jordan-documentary-what-happened HTTP/1.1" 200 9843 "-" "Mozilla/5.0 AppleWebKit/537.36 (KHTML, like Gecko; compatible; Amazonbot/0.1; +https://developer.amazon.com/support/amazonbot) Chrome/119.0.6045.214 Safari/537.36"
52.202.233.37 - - [13/Dec/2025:09:47:57 +0100] "GET /platby/aohwuyx/stevie-nicks-stand-back-release-date HTTP/1.1" 200 9864 "-" "Mozilla/5.0 AppleWebKit/537.36 (KHTML, like Gecko; compatible; Amazonbot/0.1; +https://developer.amazon.com/support/amazonbot) Chrome/119.0.6045.214 Safari/537.36"
23.23.214.190 - - [13/Dec/2025:09:48:00 +0100] "GET /platby/aohwuyx/netherlands-women's-national-cricket-team-players HTTP/1.1" 200 11907 "-" "Mozilla/5.0 AppleWebKit/537.36 (KHTML, like Gecko; compatible; Amazonbot/0.1; +https://developer.amazon.com/support/amazonbot) Chrome/119.0.6045.214 Safari/537.36"
52.2.83.227 - - [13/Dec/2025:09:48:04 +0100] "GET /platby/aohwuyx/when-was-oklahoma-state-university-founded HTTP/1.1" 200 10195 "-" "Mozilla/5.0 AppleWebKit/537.36 (KHTML, like Gecko; compatible; Amazonbot/0.1; +https://developer.amazon.com/support/amazonbot) Chrome/119.0.6045.214 Safari/537.36"
204.76.203.206 - - [13/Dec/2025:09:48:14 +0100] "GET / HTTP/1.1" 200 316 "-" "Mozilla/5.0 (Windows NT 10.0; Win64; x64) AppleWebKit/537.36 (KHTML, like Gecko) Chrome/90.0.4430.85 Safari/537.36 Edg/90.0.818.46"
114.119.139.112 - - [13/Dec/2025:09:48:34 +0100] "GET /platby/aohwuyx/scientific-explanations HTTP/1.1" 200 8612 "http://ispc.klape.eu/platby/aohwuyx/scientific-explanations" "Mozilla/5.0 (Linux; Android 7.0;) AppleWebKit/537.36 (KHTML, like Gecko) Mobile Safari/537.36 (compatible; PetalBot;+https://webmaster.petalsearch.com/site/petalbot)"
85.11.183.6 - - [13/Dec/2025:09:48:44 +0100] "GET /" 400 468 "-" "-"
85.208.96.212 - - [13/Dec/2025:09:48:50 +0100] "GET /platby/uwoy9/salisbury-university-myclasses HTTP/1.1" 200 13943 "-" "Mozilla/5.0 (compatible; SemrushBot/7~bl; +http://www.semrush.com/bot.html)"
85.208.96.212 - - [13/Dec/2025:09:49:37 +0100] "GET /platby/uwoy9/reading-eagle-newspaper-delivery-jobs HTTP/1.1" 200 10763 "-" "Mozilla/5.0 (compatible; SemrushBot/7~bl; +http://www.semrush.com/bot.html)"
185.191.171.3 - - [13/Dec/2025:09:49:49 +0100] "GET /platby/72zbxoz/shakti-kapoor-marriage HTTP/1.1" 200 11931 "-" "Mozilla/5.0 (compatible; SemrushBot/7~bl; +http://www.semrush.com/bot.html)"
114.119.152.142 - - [13/Dec/2025:09:49:57 +0100] "GET /platby/qqap/best-cheap-cb-fifa-21-ultimate-team-premier-league HTTP/1.1" 200 5949 "http://ispc.klape.eu/platby/qqap/swann-v-charlotte-mecklenburg-decision" "Mozilla/5.0 (Linux; Android 7.0;) AppleWebKit/537.36 (KHTML, like Gecko) Mobile Safari/537.36 (compatible; PetalBot;+https://webmaster.petalsearch.com/site/petalbot)"
85.208.96.198 - - [13/Dec/2025:09:50:03 +0100] "GET /platby/hca/boston-university-wrestling HTTP/1.1" 200 5543 "-" "Mozilla/5.0 (compatible; SemrushBot/7~bl; +http://www.semrush.com/bot.html)"
85.208.96.198 - - [13/Dec/2025:09:50:31 +0100] "GET /platby/aohwuyx/boston-university-hockey-camp-2021 HTTP/1.1" 200 15077 "-" "Mozilla/5.0 (compatible; SemrushBot/7~bl; +http://www.semrush.com/bot.html)"
185.191.171.9 - - [13/Dec/2025:09:50:41 +0100] "GET /platby/aohwuyx/yankees-top-50-prospects-2021 HTTP/1.1" 200 13378 "-" "Mozilla/5.0 (compatible; SemrushBot/7~bl; +http://www.semrush.com/bot.html)"
85.208.96.205 - - [13/Dec/2025:09:50:45 +0100] "GET /platby/hca/google-diversity-problem-2021 HTTP/1.1" 200 11791 "-" "Mozilla/5.0 (compatible; SemrushBot/7~bl; +http://www.semrush.com/bot.html)"
85.208.96.199 - - [13/Dec/2025:09:50:58 +0100] "GET /platby/hca/michael-carter-williams-mother HTTP/1.1" 200 12851 "-" "Mozilla/5.0 (compatible; SemrushBot/7~bl; +http://www.semrush.com/bot.html)"
185.191.171.18 - - [13/Dec/2025:09:51:17 +0100] "GET /platby/hca/real-vs-fake-jordan-4-off-white HTTP/1.1" 200 11135 "-" "Mozilla/5.0 (compatible; SemrushBot/7~bl; +http://www.semrush.com/bot.html)"
114.119.152.142 - - [13/Dec/2025:09:51:22 +0100] "GET /platby/aohwuyx/point-nine-capital-internship HTTP/1.1" 200 9353 "http://ispc.klape.eu/platby/aohwuyx/point-nine-capital-internship" "Mozilla/5.0 (Linux; Android 7.0;) AppleWebKit/537.36 (KHTML, like Gecko) Mobile Safari/537.36 (compatible; PetalBot;+https://webmaster.petalsearch.com/site/petalbot)"
185.191.171.17 - - [13/Dec/2025:09:52:20 +0100] "GET /platby/hca/how-long-has-method-man-been-married HTTP/1.1" 200 10275 "-" "Mozilla/5.0 (compatible; SemrushBot/7~bl; +http://www.semrush.com/bot.html)"
114.119.140.102 - - [13/Dec/2025:09:52:44 +0100] "GET /platby/aohwuyx/methods-of-cross-cultural-training-in-hrm HTTP/1.1" 200 15181 "http://ispc.klape.eu/platby/aohwuyx/methods-of-cross-cultural-training-in-hrm" "Mozilla/5.0 (Linux; Android 7.0;) AppleWebKit/537.36 (KHTML, like Gecko) Mobile Safari/537.36 (compatible; PetalBot;+https://webmaster.petalsearch.com/site/petalbot)"
185.191.171.11 - - [13/Dec/2025:09:52:52 +0100] "GET /platby/aohwuyx/mechanic-resurrection-box-office HTTP/1.1" 200 7348 "-" "Mozilla/5.0 (compatible; SemrushBot/7~bl; +http://www.semrush.com/bot.html)"
77.74.177.114 - - [13/Dec/2025:09:53:11 +0100] "\x16\x03\x01" 403 265 "-" "-"
77.74.177.118 - - [13/Dec/2025:09:53:11 +0100] "\x16\x03\x01\x01\x03\x01" 403 265 "-" "-"
85.208.96.208 - - [13/Dec/2025:09:53:32 +0100] "GET /platby/aohwuyx/what-is-a-human-person-in-philosophy HTTP/1.1" 200 13941 "-" "Mozilla/5.0 (compatible; SemrushBot/7~bl; +http://www.semrush.com/bot.html)"
46.105.42.96 - - [13/Dec/2025:09:53:32 +0100] "\x16\x03\x01\x01G\x01" 403 265 "-" "-"
185.191.171.18 - - [13/Dec/2025:09:53:36 +0100] "GET /platby/aohwuyx/release-synonym-medical HTTP/1.1" 200 11726 "-" "Mozilla/5.0 (compatible; SemrushBot/7~bl; +http://www.semrush.com/bot.html)"
85.208.96.197 - - [13/Dec/2025:09:54:00 +0100] "GET /platby/72zbxoz/idfc-salary-account-credit-card HTTP/1.1" 200 14567 "-" "Mozilla/5.0 (compatible; SemrushBot/7~bl; +http://www.semrush.com/bot.html)"
85.208.96.200 - - [13/Dec/2025:09:54:04 +0100] "GET /platby/72zbxoz/jordan-1-mid---preschool-shoes HTTP/1.1" 200 11209 "-" "Mozilla/5.0 (compatible; SemrushBot/7~bl; +http://www.semrush.com/bot.html)"
85.208.96.206 - - [13/Dec/2025:09:54:05 +0100] "GET /platby/aohwuyx/mike-trout-rookie-card-auction HTTP/1.1" 200 12603 "-" "Mozilla/5.0 (compatible; SemrushBot/7~bl; +http://www.semrush.com/bot.html)"
114.119.128.6 - - [13/Dec/2025:09:54:08 +0100] "GET /platby/qqap/keshia-gerrits-guy-berryman-wife HTTP/1.1" 200 7787 "http://ispc.klape.eu/platby/qqap/cambridgeside-shuttle" "Mozilla/5.0 (Linux; Android 7.0;) AppleWebKit/537.36 (KHTML, like Gecko) Mobile Safari/537.36 (compatible; PetalBot;+https://webmaster.petalsearch.com/site/petalbot)"
185.191.171.9 - - [13/Dec/2025:09:54:33 +0100] "GET /platby/aohwuyx/candle-melting-quotes HTTP/1.1" 200 9733 "-" "Mozilla/5.0 (compatible; SemrushBot/7~bl; +http://www.semrush.com/bot.html)"
79.124.40.174 - - [13/Dec/2025:09:54:45 +0100] "GET /" 400 468 "-" "-"
85.208.96.199 - - [13/Dec/2025:09:54:59 +0100] "GET /platby/qqap/dan-lawrence-current-teams HTTP/1.1" 200 10262 "-" "Mozilla/5.0 (compatible; SemrushBot/7~bl; +http://www.semrush.com/bot.html)"
85.208.96.200 - - [13/Dec/2025:09:55:05 +0100] "GET /platby/qqap/sharepoint-vs-teams-vs-onedrive HTTP/1.1" 200 6584 "-" "Mozilla/5.0 (compatible; SemrushBot/7~bl; +http://www.semrush.com/bot.html)"
85.208.96.194 - - [13/Dec/2025:09:55:22 +0100] "GET /platby/qqap/where-to-buy-dried-lavender-buds HTTP/1.1" 200 9248 "-" "Mozilla/5.0 (compatible; SemrushBot/7~bl; +http://www.semrush.com/bot.html)"
114.119.128.6 - - [13/Dec/2025:09:55:31 +0100] "GET /platby/aohwuyx/how-to-use-github-extension-for-visual-studio HTTP/1.1" 200 9703 "http://ispc.klape.eu/platby/aohwuyx/in-order-to-achieve-my-dream-i-should-not" "Mozilla/5.0 (Linux; Android 7.0;) AppleWebKit/537.36 (KHTML, like Gecko) Mobile Safari/537.36 (compatible; PetalBot;+https://webmaster.petalsearch.com/site/petalbot)"
34.222.83.111 - - [13/Dec/2025:09:56:00 +0100] "\x16\x03\x01\x01&\x01" 403 265 "-" "-"
85.208.96.200 - - [13/Dec/2025:09:56:01 +0100] "GET /platby/72zbxoz/nigeria-men's-national-basketball-team-players-roster HTTP/1.1" 200 9520 "-" "Mozilla/5.0 (compatible; SemrushBot/7~bl; +http://www.semrush.com/bot.html)"
114.119.152.142 - - [13/Dec/2025:09:56:55 +0100] "GET /platby/aohwuyx/how-much-cracked-corn-to-feed-geese HTTP/1.1" 200 15917 "http://ispc.klape.eu/platby/aohwuyx/how-to-create-multiple-boards-in-jira" "Mozilla/5.0 (Linux; Android 7.0;) AppleWebKit/537.36 (KHTML, like Gecko) Mobile Safari/537.36 (compatible; PetalBot;+https://webmaster.petalsearch.com/site/petalbot)"
185.12.59.118 - - [13/Dec/2025:09:57:09 +0100] "GET / HTTP/1.1" 403 224 "-" "Mozilla/5.0 (Windows NT 10.0; Win64; x64; rv:132.0) Gecko/20100101 Firefox/132.0"
195.178.110.25 - - [13/Dec/2025:09:57:25 +0100] "\x16\x03\x01" 403 265 "-" "-"
185.191.171.13 - - [13/Dec/2025:09:57:35 +0100] "GET /platby/hca/interior-design-institute-complaints HTTP/1.1" 200 12651 "-" "Mozilla/5.0 (compatible; SemrushBot/7~bl; +http://www.semrush.com/bot.html)"
85.208.96.211 - - [13/Dec/2025:09:57:40 +0100] "GET /platby/aohwuyx/biblical-examples-of-silence-and-solitude HTTP/1.1" 200 7959 "-" "Mozilla/5.0 (compatible; SemrushBot/7~bl; +http://www.semrush.com/bot.html)"
85.208.96.193 - - [13/Dec/2025:09:57:57 +0100] "GET /platby/qqap/lawrence-school-ohio-teacher-salary HTTP/1.1" 200 6279 "-" "Mozilla/5.0 (compatible; SemrushBot/7~bl; +http://www.semrush.com/bot.html)"
114.119.140.102 - - [13/Dec/2025:09:58:19 +0100] "GET /platby/uwoy9/how-to-cancel-a-pending-vrbo-reservation HTTP/1.1" 200 10040 "http://ispc.klape.eu/platby/uwoy9/moody%27s-subscription-cost" "Mozilla/5.0 (Linux; Android 7.0;) AppleWebKit/537.36 (KHTML, like Gecko) Mobile Safari/537.36 (compatible; PetalBot;+https://webmaster.petalsearch.com/site/petalbot)"
85.208.96.206 - - [13/Dec/2025:09:58:24 +0100] "GET /platby/qqap/paul-wesley-wife-2020 HTTP/1.1" 200 9774 "-" "Mozilla/5.0 (compatible; SemrushBot/7~bl; +http://www.semrush.com/bot.html)"
85.208.96.212 - - [13/Dec/2025:09:58:29 +0100] "GET /platby/aohwuyx/merino-wool-socks-men's HTTP/1.1" 200 9152 "-" "Mozilla/5.0 (compatible; SemrushBot/7~bl; +http://www.semrush.com/bot.html)"
85.208.96.209 - - [13/Dec/2025:09:58:34 +0100] "GET /platby/uwoy9/california-flower-disease-symptoms HTTP/1.1" 200 12000 "-" "Mozilla/5.0 (compatible; SemrushBot/7~bl; +http://www.semrush.com/bot.html)"
