185.191.171.2 - - [13/Dec/2025:06:51:35 +0100] "GET /platby/hca/fundamentals-of-applied-dynamics-solutions-manual-pdf HTTP/1.1" 200 9567 "-" "Mozilla/5.0 (compatible; SemrushBot/7~bl; +http://www.semrush.com/bot.html)"
185.191.171.4 - - [13/Dec/2025:06:51:42 +0100] "GET /platby/aohwuyx/kate-walsh-adopted-daughter HTTP/1.1" 200 13186 "-" "Mozilla/5.0 (compatible; SemrushBot/7~bl; +http://www.semrush.com/bot.html)"
85.208.96.200 - - [13/Dec/2025:06:52:26 +0100] "GET /platby/uwoy9/bitlife-100-baby-achievement HTTP/1.1" 200 13651 "-" "Mozilla/5.0 (compatible; SemrushBot/7~bl; +http://www.semrush.com/bot.html)"
20.61.232.211 - - [13/Dec/2025:06:52:36 +0100] "\x16\x03\x01\x02" 403 265 "-" "-"
185.191.171.16 - - [13/Dec/2025:06:52:38 +0100] "GET /platby/hca/washington-state-human-resources HTTP/1.1" 200 13196 "-" "Mozilla/5.0 (compatible; SemrushBot/7~bl; +http://www.semrush.com/bot.html)"
8.217.4.186 - - [13/Dec/2025:06:52:47 +0100] "\x16\x03\x01\x02-\x01" 403 265 "-" "-"
216.244.66.239 - - [13/Dec/2025:06:53:24 +0100] "GET /robots.txt HTTP/1.1" 200 34 "-" "Mozilla/5.0 (compatible; DotBot/1.2; +https://opensiteexplorer.org/dotbot; help@moz.com)"
85.208.96.205 - - [13/Dec/2025:06:53:27 +0100] "GET /platby/qqap/simba-vs-kaizer-chiefs-head-to-head HTTP/1.1" 200 9028 "-" "Mozilla/5.0 (compatible; SemrushBot/7~bl; +http://www.semrush.com/bot.html)"
85.208.96.193 - - [13/Dec/2025:06:53:28 +0100] "GET /platby/72zbxoz/used-washer-and-dryer-near-me HTTP/1.1" 200 10617 "-" "Mozilla/5.0 (compatible; SemrushBot/7~bl; +http://www.semrush.com/bot.html)"
85.208.96.210 - - [13/Dec/2025:06:53:38 +0100] "GET /platby/hca/leiden-university-ranking-2021 HTTP/1.1" 200 6809 "-" "Mozilla/5.0 (compatible; SemrushBot/7~bl; +http://www.semrush.com/bot.html)"
85.208.96.202 - - [13/Dec/2025:06:53:40 +0100] "GET /platby/uwoy9/find-mobile-model-by-phone-number HTTP/1.1" 200 15605 "-" "Mozilla/5.0 (compatible; SemrushBot/7~bl; +http://www.semrush.com/bot.html)"
185.191.171.5 - - [13/Dec/2025:06:54:14 +0100] "GET /platby/hca/julia-gardiner-tyler-wilson HTTP/1.1" 200 5923 "-" "Mozilla/5.0 (compatible; SemrushBot/7~bl; +http://www.semrush.com/bot.html)"
34.91.100.7 - - [13/Dec/2025:06:54:15 +0100] "\x16\x03\x01\x06\r\x01" 400 289 "-" "-"
47.76.96.159 - - [13/Dec/2025:06:54:23 +0100] "\x16\x03\x01\x02" 403 265 "-" "-"
44.252.131.174 - - [13/Dec/2025:06:55:00 +0100] "\x16\x03\x01\x01i\x01" 403 265 "-" "-"
44.252.131.174 - - [13/Dec/2025:06:55:06 +0100] "\x16\x03\x01\x01m\x01" 403 265 "-" "-"
85.208.96.195 - - [13/Dec/2025:06:55:07 +0100] "GET /platby/qqap/infinix-front-fingerprint-mobile HTTP/1.1" 200 5845 "-" "Mozilla/5.0 (compatible; SemrushBot/7~bl; +http://www.semrush.com/bot.html)"
3.149.59.26 - - [13/Dec/2025:06:55:35 +0100] "GET /" 400 468 "-" "-"
85.208.96.195 - - [13/Dec/2025:06:55:39 +0100] "GET /platby/hca/reach-multnomah-county HTTP/1.1" 200 11512 "-" "Mozilla/5.0 (compatible; SemrushBot/7~bl; +http://www.semrush.com/bot.html)"
204.76.203.206 - - [13/Dec/2025:06:57:17 +0100] "GET /" 400 468 "-" "-"
103.144.64.109 - - [13/Dec/2025:06:57:22 +0100] "\x16\x03\x01\x01\xbd\x01" 403 265 "-" "-"
103.144.64.109 - - [13/Dec/2025:06:57:23 +0100] "\x16\x03\x03" 403 265 "-" "-"
85.208.96.205 - - [13/Dec/2025:06:57:23 +0100] "GET /platby/hca/what-does-sans-stand-for-in-french HTTP/1.1" 200 9000 "-" "Mozilla/5.0 (compatible; SemrushBot/7~bl; +http://www.semrush.com/bot.html)"
3.131.215.38 - - [13/Dec/2025:06:57:39 +0100] "GET / HTTP/1.1" 403 224 "-" "cypex.ai/scanning Mozilla/5.0 (Macintosh; Intel Mac OS X 10_15_7) Chrome/126.0.0.0 Safari/537.36"
185.191.171.18 - - [13/Dec/2025:06:57:47 +0100] "GET /platby/qqap/greatest-hits-radio-east HTTP/1.1" 200 11756 "-" "Mozilla/5.0 (compatible; SemrushBot/7~bl; +http://www.semrush.com/bot.html)"
85.208.96.197 - - [13/Dec/2025:06:57:55 +0100] "GET /platby/72zbxoz/southport-primary-school HTTP/1.1" 200 9349 "-" "Mozilla/5.0 (compatible; SemrushBot/7~bl; +http://www.semrush.com/bot.html)"
85.208.96.201 - - [13/Dec/2025:06:57:57 +0100] "GET /platby/72zbxoz/is-train-masculine-or-feminine-in-french HTTP/1.1" 200 9921 "-" "Mozilla/5.0 (compatible; SemrushBot/7~bl; +http://www.semrush.com/bot.html)"
27.147.202.77 - - [13/Dec/2025:06:58:29 +0100] "\x16\x03\x01\x06\xd3\x01" 403 265 "-" "-"
204.76.203.206 - - [13/Dec/2025:06:59:01 +0100] "GET / HTTP/1.1" 200 316 "-" "Mozilla/5.0 (Windows NT 10.0; Win64; x64) AppleWebKit/537.36 (KHTML, like Gecko) Chrome/90.0.4430.85 Safari/537.36 Edg/90.0.818.46"
38.250.158.65 - - [13/Dec/2025:06:59:02 +0100] "\x16\x03\x01\x02" 403 265 "-" "-"
85.208.96.202 - - [13/Dec/2025:06:59:14 +0100] "GET /platby/qqap/how-to-tell-male-from-female-chickadee HTTP/1.1" 200 14115 "-" "Mozilla/5.0 (compatible; SemrushBot/7~bl; +http://www.semrush.com/bot.html)"
3.149.59.26 - - [13/Dec/2025:06:59:19 +0100] "GET /" 400 468 "-" "-"
216.244.66.239 - - [13/Dec/2025:06:59:37 +0100] "GET /platby/article.php?5d4c26=car-io-games HTTP/1.1" 200 25441 "-" "Mozilla/5.0 (compatible; DotBot/1.2; +https://opensiteexplorer.org/dotbot; help@moz.com)"
216.244.66.239 - - [13/Dec/2025:06:59:51 +0100] "GET /platby/article.php?5d4c26=Pull-up-rings HTTP/1.1" 200 18662 "-" "Mozilla/5.0 (compatible; DotBot/1.2; +https://opensiteexplorer.org/dotbot; help@moz.com)"
216.244.66.239 - - [13/Dec/2025:07:00:01 +0100] "GET /platby/article.php?5d4c26=auckland-in-may HTTP/1.1" 200 16700 "-" "Mozilla/5.0 (compatible; DotBot/1.2; +https://opensiteexplorer.org/dotbot; help@moz.com)"
85.208.96.196 - - [13/Dec/2025:07:00:03 +0100] "GET /platby/hca/tottenham-court-road-station-postcode HTTP/1.1" 200 12710 "-" "Mozilla/5.0 (compatible; SemrushBot/7~bl; +http://www.semrush.com/bot.html)"
216.244.66.239 - - [13/Dec/2025:07:00:05 +0100] "GET /platby/article.php?5d4c26=city-beach-brands HTTP/1.1" 200 24089 "-" "Mozilla/5.0 (compatible; DotBot/1.2; +https://opensiteexplorer.org/dotbot; help@moz.com)"
216.244.66.239 - - [13/Dec/2025:07:00:08 +0100] "GET /platby/article.php?5d4c26=ps4-camera-specs HTTP/1.1" 200 15414 "-" "Mozilla/5.0 (compatible; DotBot/1.2; +https://opensiteexplorer.org/dotbot; help@moz.com)"
216.244.66.239 - - [13/Dec/2025:07:00:14 +0100] "GET /platby/article.php?5d4c26=2020-toyota-camry-brochure HTTP/1.1" 200 19132 "-" "Mozilla/5.0 (compatible; DotBot/1.2; +https://opensiteexplorer.org/dotbot; help@moz.com)"
216.244.66.239 - - [13/Dec/2025:07:00:16 +0100] "GET /platby/article.php?5d4c26=Hi-Rez-new-game HTTP/1.1" 200 20255 "-" "Mozilla/5.0 (compatible; DotBot/1.2; +https://opensiteexplorer.org/dotbot; help@moz.com)"
216.244.66.239 - - [13/Dec/2025:07:00:18 +0100] "GET /platby/article.php?5d4c26=Oleg-Grigoryevich-Makarov HTTP/1.1" 200 24083 "-" "Mozilla/5.0 (compatible; DotBot/1.2; +https://opensiteexplorer.org/dotbot; help@moz.com)"
216.244.66.239 - - [13/Dec/2025:07:00:20 +0100] "GET /platby/article.php?5d4c26=Sources-of-ozone HTTP/1.1" 200 18521 "-" "Mozilla/5.0 (compatible; DotBot/1.2; +https://opensiteexplorer.org/dotbot; help@moz.com)"
216.244.66.239 - - [13/Dec/2025:07:00:22 +0100] "GET /platby/article.php?5d4c26=abs-2-haircut HTTP/1.1" 200 21026 "-" "Mozilla/5.0 (compatible; DotBot/1.2; +https://opensiteexplorer.org/dotbot; help@moz.com)"
3.131.215.38 - - [13/Dec/2025:07:00:22 +0100] "GET / HTTP/1.1" 403 224 "-" "cypex.ai/scanning Mozilla/5.0 (Macintosh; Intel Mac OS X 10_15_7) Chrome/126.0.0.0 Safari/537.36"
216.244.66.239 - - [13/Dec/2025:07:00:23 +0100] "GET /platby/article.php?5d4c26=air-europa-reviews HTTP/1.1" 200 25529 "-" "Mozilla/5.0 (compatible; DotBot/1.2; +https://opensiteexplorer.org/dotbot; help@moz.com)"
216.244.66.239 - - [13/Dec/2025:07:00:25 +0100] "GET /platby/article.php?5d4c26=ark-mobile-pursuits HTTP/1.1" 200 22013 "-" "Mozilla/5.0 (compatible; DotBot/1.2; +https://opensiteexplorer.org/dotbot; help@moz.com)"
85.208.96.208 - - [13/Dec/2025:07:00:25 +0100] "GET /platby/qqap/llama-llama-life-lessons HTTP/1.1" 200 8109 "-" "Mozilla/5.0 (compatible; SemrushBot/7~bl; +http://www.semrush.com/bot.html)"
185.191.171.18 - - [13/Dec/2025:07:00:28 +0100] "GET /platby/uwoy9/mission:-space-epcot-how-it-works HTTP/1.1" 200 14213 "-" "Mozilla/5.0 (compatible; SemrushBot/7~bl; +http://www.semrush.com/bot.html)"
216.244.66.239 - - [13/Dec/2025:07:00:28 +0100] "GET /platby/article.php?5d4c26=earthquake-vatican-israel HTTP/1.1" 200 22109 "-" "Mozilla/5.0 (compatible; DotBot/1.2; +https://opensiteexplorer.org/dotbot; help@moz.com)"
216.244.66.239 - - [13/Dec/2025:07:00:30 +0100] "GET /platby/article.php?5d4c26=environmental-law-video HTTP/1.1" 200 17673 "-" "Mozilla/5.0 (compatible; DotBot/1.2; +https://opensiteexplorer.org/dotbot; help@moz.com)"
216.244.66.239 - - [13/Dec/2025:07:00:32 +0100] "GET /platby/article.php?5d4c26=european-activities-on-macquarie-island HTTP/1.1" 200 21992 "-" "Mozilla/5.0 (compatible; DotBot/1.2; +https://opensiteexplorer.org/dotbot; help@moz.com)"
216.244.66.239 - - [13/Dec/2025:07:00:34 +0100] "GET /platby/article.php?5d4c26=fifa-18-cheap-strikers HTTP/1.1" 200 16462 "-" "Mozilla/5.0 (compatible; DotBot/1.2; +https://opensiteexplorer.org/dotbot; help@moz.com)"
216.244.66.239 - - [13/Dec/2025:07:00:36 +0100] "GET /platby/article.php?5d4c26=final-fantasy-x-for-mac HTTP/1.1" 200 25702 "-" "Mozilla/5.0 (compatible; DotBot/1.2; +https://opensiteexplorer.org/dotbot; help@moz.com)"
216.244.66.239 - - [13/Dec/2025:07:00:37 +0100] "GET /platby/article.php?5d4c26=lest-we-forget-anzac-day HTTP/1.1" 200 22309 "-" "Mozilla/5.0 (compatible; DotBot/1.2; +https://opensiteexplorer.org/dotbot; help@moz.com)"
216.244.66.239 - - [13/Dec/2025:07:00:38 +0100] "GET /platby/article.php?5d4c26=northeastern-computer-science-courses HTTP/1.1" 200 23712 "-" "Mozilla/5.0 (compatible; DotBot/1.2; +https://opensiteexplorer.org/dotbot; help@moz.com)"
216.244.66.239 - - [13/Dec/2025:07:00:39 +0100] "GET /platby/article.php?5d4c26=raid-meaning-in-telugu HTTP/1.1" 200 21792 "-" "Mozilla/5.0 (compatible; DotBot/1.2; +https://opensiteexplorer.org/dotbot; help@moz.com)"
216.244.66.239 - - [13/Dec/2025:07:00:41 +0100] "GET /platby/article.php?5d4c26=red-velvet-chocolate HTTP/1.1" 200 16553 "-" "Mozilla/5.0 (compatible; DotBot/1.2; +https://opensiteexplorer.org/dotbot; help@moz.com)"
216.244.66.239 - - [13/Dec/2025:07:00:42 +0100] "GET /platby/article.php?5d4c26=sesame-street---youtube HTTP/1.1" 200 20057 "-" "Mozilla/5.0 (compatible; DotBot/1.2; +https://opensiteexplorer.org/dotbot; help@moz.com)"
216.244.66.239 - - [13/Dec/2025:07:00:43 +0100] "GET /platby/article.php?5d4c26=sony-kdl-40we665-specs HTTP/1.1" 200 25325 "-" "Mozilla/5.0 (compatible; DotBot/1.2; +https://opensiteexplorer.org/dotbot; help@moz.com)"
216.244.66.239 - - [13/Dec/2025:07:00:44 +0100] "GET /platby/article.php?5d4c26=sun-and-moon-wall-art HTTP/1.1" 200 21120 "-" "Mozilla/5.0 (compatible; DotBot/1.2; +https://opensiteexplorer.org/dotbot; help@moz.com)"
216.244.66.239 - - [13/Dec/2025:07:00:45 +0100] "GET /platby/article.php?5d4c26=terraria-spider-man HTTP/1.1" 200 23396 "-" "Mozilla/5.0 (compatible; DotBot/1.2; +https://opensiteexplorer.org/dotbot; help@moz.com)"
216.244.66.239 - - [13/Dec/2025:07:00:46 +0100] "GET /platby/article.php?5d4c26=tushar-pandey-age HTTP/1.1" 200 20728 "-" "Mozilla/5.0 (compatible; DotBot/1.2; +https://opensiteexplorer.org/dotbot; help@moz.com)"
216.244.66.239 - - [13/Dec/2025:07:00:47 +0100] "GET /platby/article.php?5d4c26=uag-apple-watch-band HTTP/1.1" 200 18981 "-" "Mozilla/5.0 (compatible; DotBot/1.2; +https://opensiteexplorer.org/dotbot; help@moz.com)"
216.244.66.239 - - [13/Dec/2025:07:00:48 +0100] "GET /platby/article.php?5d4c26=we-r-who-we-r HTTP/1.1" 200 18597 "-" "Mozilla/5.0 (compatible; DotBot/1.2; +https://opensiteexplorer.org/dotbot; help@moz.com)"
216.244.66.239 - - [13/Dec/2025:07:00:49 +0100] "GET /platby/article.php?5d4c26=what-is-a-statutory-body-nz HTTP/1.1" 200 25541 "-" "Mozilla/5.0 (compatible; DotBot/1.2; +https://opensiteexplorer.org/dotbot; help@moz.com)"
216.244.66.239 - - [13/Dec/2025:07:00:50 +0100] "GET /platby/article.php?5d4c26=wii-games-price HTTP/1.1" 200 16006 "-" "Mozilla/5.0 (compatible; DotBot/1.2; +https://opensiteexplorer.org/dotbot; help@moz.com)"
216.244.66.239 - - [13/Dec/2025:07:00:51 +0100] "GET /platby/article.php?5d4c26=Sophia-name-meaning HTTP/1.1" 200 24323 "-" "Mozilla/5.0 (compatible; DotBot/1.2; +https://opensiteexplorer.org/dotbot; help@moz.com)"
216.244.66.239 - - [13/Dec/2025:07:00:52 +0100] "GET /platby/article.php?5d4c26=Volkswagen-quantum-computing HTTP/1.1" 200 15112 "-" "Mozilla/5.0 (compatible; DotBot/1.2; +https://opensiteexplorer.org/dotbot; help@moz.com)"
216.244.66.239 - - [13/Dec/2025:07:00:53 +0100] "GET /platby/article.php?5d4c26=amalfi-coast-weather-june HTTP/1.1" 200 22285 "-" "Mozilla/5.0 (compatible; DotBot/1.2; +https://opensiteexplorer.org/dotbot; help@moz.com)"
216.244.66.239 - - [13/Dec/2025:07:00:55 +0100] "GET /platby/article.php?5d4c26=ben-and-jerry-dunks-raffle HTTP/1.1" 200 17967 "-" "Mozilla/5.0 (compatible; DotBot/1.2; +https://opensiteexplorer.org/dotbot; help@moz.com)"
216.244.66.239 - - [13/Dec/2025:07:00:56 +0100] "GET /platby/article.php?5d4c26=blue-mountains-attractions HTTP/1.1" 200 25700 "-" "Mozilla/5.0 (compatible; DotBot/1.2; +https://opensiteexplorer.org/dotbot; help@moz.com)"
216.244.66.239 - - [13/Dec/2025:07:00:57 +0100] "GET /platby/article.php?5d4c26=boeing-707-john-travolta HTTP/1.1" 200 17283 "-" "Mozilla/5.0 (compatible; DotBot/1.2; +https://opensiteexplorer.org/dotbot; help@moz.com)"
216.244.66.239 - - [13/Dec/2025:07:00:58 +0100] "GET /platby/article.php?5d4c26=canada-dry-company HTTP/1.1" 200 15274 "-" "Mozilla/5.0 (compatible; DotBot/1.2; +https://opensiteexplorer.org/dotbot; help@moz.com)"
216.244.66.239 - - [13/Dec/2025:07:00:59 +0100] "GET /platby/article.php?5d4c26=chat-10-looks-3-meaning HTTP/1.1" 200 23185 "-" "Mozilla/5.0 (compatible; DotBot/1.2; +https://opensiteexplorer.org/dotbot; help@moz.com)"
216.244.66.239 - - [13/Dec/2025:07:01:00 +0100] "GET /platby/article.php?5d4c26=china-merchants-bank-english-hotline HTTP/1.1" 200 22483 "-" "Mozilla/5.0 (compatible; DotBot/1.2; +https://opensiteexplorer.org/dotbot; help@moz.com)"
216.244.66.239 - - [13/Dec/2025:07:01:01 +0100] "GET /platby/article.php?5d4c26=claudius-ptolemy-family HTTP/1.1" 200 21317 "-" "Mozilla/5.0 (compatible; DotBot/1.2; +https://opensiteexplorer.org/dotbot; help@moz.com)"
216.244.66.239 - - [13/Dec/2025:07:01:02 +0100] "GET /platby/article.php?5d4c26=debris-removal-endorsement HTTP/1.1" 200 20560 "-" "Mozilla/5.0 (compatible; DotBot/1.2; +https://opensiteexplorer.org/dotbot; help@moz.com)"
216.244.66.239 - - [13/Dec/2025:07:01:04 +0100] "GET /platby/article.php?5d4c26=did-coyote-catch-roadrunner HTTP/1.1" 200 21248 "-" "Mozilla/5.0 (compatible; DotBot/1.2; +https://opensiteexplorer.org/dotbot; help@moz.com)"
185.191.171.14 - - [13/Dec/2025:07:01:05 +0100] "GET /platby/uwoy9/how-php-session-work-without-browser-cookies HTTP/1.1" 200 13733 "-" "Mozilla/5.0 (compatible; SemrushBot/7~bl; +http://www.semrush.com/bot.html)"
216.244.66.239 - - [13/Dec/2025:07:01:06 +0100] "GET /platby/article.php?5d4c26=dubai-airport-news HTTP/1.1" 200 22341 "-" "Mozilla/5.0 (compatible; DotBot/1.2; +https://opensiteexplorer.org/dotbot; help@moz.com)"
216.244.66.239 - - [13/Dec/2025:07:01:08 +0100] "GET /platby/article.php?5d4c26=farm-and-fantastic-off-grid HTTP/1.1" 200 21906 "-" "Mozilla/5.0 (compatible; DotBot/1.2; +https://opensiteexplorer.org/dotbot; help@moz.com)"
216.244.66.239 - - [13/Dec/2025:07:01:10 +0100] "GET /platby/article.php?5d4c26=french-rugby-tickets-6-nations HTTP/1.1" 200 19175 "-" "Mozilla/5.0 (compatible; DotBot/1.2; +https://opensiteexplorer.org/dotbot; help@moz.com)"
216.244.66.239 - - [13/Dec/2025:07:01:12 +0100] "GET /platby/article.php?5d4c26=furmark-gpu-benchmark HTTP/1.1" 200 16229 "-" "Mozilla/5.0 (compatible; DotBot/1.2; +https://opensiteexplorer.org/dotbot; help@moz.com)"
216.244.66.239 - - [13/Dec/2025:07:01:13 +0100] "GET /platby/article.php?5d4c26=guanacaste-de-costa-rica HTTP/1.1" 200 18303 "-" "Mozilla/5.0 (compatible; DotBot/1.2; +https://opensiteexplorer.org/dotbot; help@moz.com)"
216.244.66.239 - - [13/Dec/2025:07:01:14 +0100] "GET /platby/article.php?5d4c26=hacker-groups-to-join HTTP/1.1" 200 25188 "-" "Mozilla/5.0 (compatible; DotBot/1.2; +https://opensiteexplorer.org/dotbot; help@moz.com)"
216.244.66.239 - - [13/Dec/2025:07:01:15 +0100] "GET /platby/article.php?5d4c26=is-it-legal-to-grow-cbd-plants HTTP/1.1" 200 24044 "-" "Mozilla/5.0 (compatible; DotBot/1.2; +https://opensiteexplorer.org/dotbot; help@moz.com)"
216.244.66.239 - - [13/Dec/2025:07:01:16 +0100] "GET /platby/article.php?5d4c26=jeff-allen-tim-allen-brothers HTTP/1.1" 200 18491 "-" "Mozilla/5.0 (compatible; DotBot/1.2; +https://opensiteexplorer.org/dotbot; help@moz.com)"
216.244.66.239 - - [13/Dec/2025:07:01:18 +0100] "GET /platby/article.php?5d4c26=jefferson-county-schools-colorado HTTP/1.1" 200 21309 "-" "Mozilla/5.0 (compatible; DotBot/1.2; +https://opensiteexplorer.org/dotbot; help@moz.com)"
216.244.66.239 - - [13/Dec/2025:07:01:19 +0100] "GET /platby/article.php?5d4c26=leadership-in-group-work-pdf HTTP/1.1" 200 16421 "-" "Mozilla/5.0 (compatible; DotBot/1.2; +https://opensiteexplorer.org/dotbot; help@moz.com)"
216.244.66.239 - - [13/Dec/2025:07:01:20 +0100] "GET /platby/article.php?5d4c26=mega-feraligatr-serebii HTTP/1.1" 200 22575 "-" "Mozilla/5.0 (compatible; DotBot/1.2; +https://opensiteexplorer.org/dotbot; help@moz.com)"
216.244.66.239 - - [13/Dec/2025:07:01:21 +0100] "GET /platby/article.php?5d4c26=nautilus-pompilius-band HTTP/1.1" 200 22494 "-" "Mozilla/5.0 (compatible; DotBot/1.2; +https://opensiteexplorer.org/dotbot; help@moz.com)"
216.244.66.239 - - [13/Dec/2025:07:01:22 +0100] "GET /platby/article.php?5d4c26=nike-t-shirts-women%27s HTTP/1.1" 200 17964 "-" "Mozilla/5.0 (compatible; DotBot/1.2; +https://opensiteexplorer.org/dotbot; help@moz.com)"
216.244.66.239 - - [13/Dec/2025:07:01:23 +0100] "GET /platby/article.php?5d4c26=overwhelmed-by-remodel HTTP/1.1" 200 18689 "-" "Mozilla/5.0 (compatible; DotBot/1.2; +https://opensiteexplorer.org/dotbot; help@moz.com)"
85.208.96.206 - - [13/Dec/2025:07:01:23 +0100] "GET /platby/qqap/form-over-function-synonym HTTP/1.1" 200 7182 "-" "Mozilla/5.0 (compatible; SemrushBot/7~bl; +http://www.semrush.com/bot.html)"
216.244.66.239 - - [13/Dec/2025:07:01:24 +0100] "GET /platby/article.php?5d4c26=patagonia-chile-weather-november HTTP/1.1" 200 24381 "-" "Mozilla/5.0 (compatible; DotBot/1.2; +https://opensiteexplorer.org/dotbot; help@moz.com)"
216.244.66.239 - - [13/Dec/2025:07:01:25 +0100] "GET /platby/article.php?5d4c26=plantar-flexion-swimming HTTP/1.1" 200 16702 "-" "Mozilla/5.0 (compatible; DotBot/1.2; +https://opensiteexplorer.org/dotbot; help@moz.com)"
216.244.66.239 - - [13/Dec/2025:07:01:26 +0100] "GET /platby/article.php?5d4c26=poland-spring-water-lawsuit HTTP/1.1" 200 19730 "-" "Mozilla/5.0 (compatible; DotBot/1.2; +https://opensiteexplorer.org/dotbot; help@moz.com)"
216.244.66.239 - - [13/Dec/2025:07:01:27 +0100] "GET /platby/article.php?5d4c26=powerade-mountain-blast-ingredients HTTP/1.1" 200 25038 "-" "Mozilla/5.0 (compatible; DotBot/1.2; +https://opensiteexplorer.org/dotbot; help@moz.com)"
216.244.66.239 - - [13/Dec/2025:07:01:28 +0100] "GET /platby/article.php?5d4c26=rba-exchange-rate-calculator HTTP/1.1" 200 23268 "-" "Mozilla/5.0 (compatible; DotBot/1.2; +https://opensiteexplorer.org/dotbot; help@moz.com)"
216.244.66.239 - - [13/Dec/2025:07:01:29 +0100] "GET /platby/article.php?5d4c26=screen-used-the-stuff HTTP/1.1" 200 26562 "-" "Mozilla/5.0 (compatible; DotBot/1.2; +https://opensiteexplorer.org/dotbot; help@moz.com)"
216.244.66.239 - - [13/Dec/2025:07:01:30 +0100] "GET /platby/article.php?5d4c26=spiritual-qualities-of-king-david HTTP/1.1" 200 17328 "-" "Mozilla/5.0 (compatible; DotBot/1.2; +https://opensiteexplorer.org/dotbot; help@moz.com)"
216.244.66.239 - - [13/Dec/2025:07:01:31 +0100] "GET /platby/article.php?5d4c26=backstage-sound-effects HTTP/1.1" 200 22712 "-" "Mozilla/5.0 (compatible; DotBot/1.2; +https://opensiteexplorer.org/dotbot; help@moz.com)"
216.244.66.239 - - [13/Dec/2025:07:01:32 +0100] "GET /platby/article.php?5d4c26=blue%27s-clues-uk%3A-we-just-got-a-letter HTTP/1.1" 200 22024 "-" "Mozilla/5.0 (compatible; DotBot/1.2; +https://opensiteexplorer.org/dotbot; help@moz.com)"
216.244.66.239 - - [13/Dec/2025:07:01:33 +0100] "GET /platby/article.php?5d4c26=famous-serial-killers-on-netflix HTTP/1.1" 200 15513 "-" "Mozilla/5.0 (compatible; DotBot/1.2; +https://opensiteexplorer.org/dotbot; help@moz.com)"
216.244.66.239 - - [13/Dec/2025:07:01:34 +0100] "GET /platby/article.php?5d4c26=gal%2Agun-2-video HTTP/1.1" 200 21961 "-" "Mozilla/5.0 (compatible; DotBot/1.2; +https://opensiteexplorer.org/dotbot; help@moz.com)"
216.244.66.239 - - [13/Dec/2025:07:01:35 +0100] "GET /platby/article.php?5d4c26=garfield-county%2C-utah-ordinances HTTP/1.1" 200 17716 "-" "Mozilla/5.0 (compatible; DotBot/1.2; +https://opensiteexplorer.org/dotbot; help@moz.com)"
216.244.66.239 - - [13/Dec/2025:07:01:36 +0100] "GET /platby/article.php?5d4c26=hey%27%27-julio-iglesias-lyrics-english-translation HTTP/1.1" 200 21278 "-" "Mozilla/5.0 (compatible; DotBot/1.2; +https://opensiteexplorer.org/dotbot; help@moz.com)"
216.244.66.239 - - [13/Dec/2025:07:01:37 +0100] "GET /platby/article.php?5d4c26=hi-i%27m-listening HTTP/1.1" 200 16131 "-" "Mozilla/5.0 (compatible; DotBot/1.2; +https://opensiteexplorer.org/dotbot; help@moz.com)"
216.244.66.239 - - [13/Dec/2025:07:01:38 +0100] "GET /platby/article.php?5d4c26=how-to-analyze-people-with-psychology-pdf HTTP/1.1" 200 24482 "-" "Mozilla/5.0 (compatible; DotBot/1.2; +https://opensiteexplorer.org/dotbot; help@moz.com)"
216.244.66.239 - - [13/Dec/2025:07:01:39 +0100] "GET /platby/article.php?5d4c26=is-octopath-traveler-worth-it HTTP/1.1" 200 21738 "-" "Mozilla/5.0 (compatible; DotBot/1.2; +https://opensiteexplorer.org/dotbot; help@moz.com)"
216.244.66.239 - - [13/Dec/2025:07:01:40 +0100] "GET /platby/article.php?5d4c26=lord-of-magna%3A-maiden-heaven-walkthrough HTTP/1.1" 200 22051 "-" "Mozilla/5.0 (compatible; DotBot/1.2; +https://opensiteexplorer.org/dotbot; help@moz.com)"
216.244.66.239 - - [13/Dec/2025:07:01:42 +0100] "GET /platby/article.php?5d4c26=nike%2B-run-club-keeps-crashing-android HTTP/1.1" 200 21471 "-" "Mozilla/5.0 (compatible; DotBot/1.2; +https://opensiteexplorer.org/dotbot; help@moz.com)"
216.244.66.239 - - [13/Dec/2025:07:01:43 +0100] "GET /platby/article.php?5d4c26=open-chrome-in-incognito-mode HTTP/1.1" 200 22768 "-" "Mozilla/5.0 (compatible; DotBot/1.2; +https://opensiteexplorer.org/dotbot; help@moz.com)"
216.244.66.239 - - [13/Dec/2025:07:01:44 +0100] "GET /platby/article.php?5d4c26=problems-faced-by-astronauts-in-space HTTP/1.1" 200 19276 "-" "Mozilla/5.0 (compatible; DotBot/1.2; +https://opensiteexplorer.org/dotbot; help@moz.com)"
216.244.66.239 - - [13/Dec/2025:07:01:45 +0100] "GET /platby/article.php?5d4c26=republic-records-james-graham HTTP/1.1" 200 20867 "-" "Mozilla/5.0 (compatible; DotBot/1.2; +https://opensiteexplorer.org/dotbot; help@moz.com)"
216.244.66.239 - - [13/Dec/2025:07:01:46 +0100] "GET /platby/article.php?5d4c26=roosters-vs-knights-trial-match-team-list HTTP/1.1" 200 18134 "-" "Mozilla/5.0 (compatible; DotBot/1.2; +https://opensiteexplorer.org/dotbot; help@moz.com)"
216.244.66.239 - - [13/Dec/2025:07:01:47 +0100] "GET /platby/article.php?5d4c26=simple-instrumental-music HTTP/1.1" 200 22570 "-" "Mozilla/5.0 (compatible; DotBot/1.2; +https://opensiteexplorer.org/dotbot; help@moz.com)"
216.244.66.239 - - [13/Dec/2025:07:01:48 +0100] "GET /platby/article.php?5d4c26=tattoos-of-music-notes-symbols HTTP/1.1" 200 17316 "-" "Mozilla/5.0 (compatible; DotBot/1.2; +https://opensiteexplorer.org/dotbot; help@moz.com)"
216.244.66.239 - - [13/Dec/2025:07:01:49 +0100] "GET /platby/article.php?5d4c26=tianwen-1-mars-mission HTTP/1.1" 200 18949 "-" "Mozilla/5.0 (compatible; DotBot/1.2; +https://opensiteexplorer.org/dotbot; help@moz.com)"
216.244.66.239 - - [13/Dec/2025:07:01:50 +0100] "GET /platby/article.php?5d4c26=valkyria-chronicles-character-guide HTTP/1.1" 200 18762 "-" "Mozilla/5.0 (compatible; DotBot/1.2; +https://opensiteexplorer.org/dotbot; help@moz.com)"
216.244.66.239 - - [13/Dec/2025:07:01:52 +0100] "GET /platby/article.php?5d4c26=what-are-the-ethical-implications-of-artificial-intelligence-according-to-virtue-ethics HTTP/1.1" 200 18552 "-" "Mozilla/5.0 (compatible; DotBot/1.2; +https://opensiteexplorer.org/dotbot; help@moz.com)"
216.244.66.239 - - [13/Dec/2025:07:01:54 +0100] "GET /platby/article.php?5d4c26=trisection-formula-in-coordinate-geometry HTTP/1.1" 200 19751 "-" "Mozilla/5.0 (compatible; DotBot/1.2; +https://opensiteexplorer.org/dotbot; help@moz.com)"
216.244.66.239 - - [13/Dec/2025:07:01:55 +0100] "GET /platby/article.php?5d4c26=what-are-the-costs-associated-with-a-foodborne-illness-outbreak HTTP/1.1" 200 18973 "-" "Mozilla/5.0 (compatible; DotBot/1.2; +https://opensiteexplorer.org/dotbot; help@moz.com)"
216.244.66.239 - - [13/Dec/2025:07:01:56 +0100] "GET /platby/aohwuyx/words-of-appreciation-for-teachers-from-principal HTTP/1.1" 200 43203 "-" "Mozilla/5.0 (compatible; DotBot/1.2; +https://opensiteexplorer.org/dotbot; help@moz.com)"
216.244.66.239 - - [13/Dec/2025:07:01:57 +0100] "GET /platby/uwoy9/jessica-capshaw-in-atlanta HTTP/1.1" 200 43026 "-" "Mozilla/5.0 (compatible; DotBot/1.2; +https://opensiteexplorer.org/dotbot; help@moz.com)"
216.244.66.239 - - [13/Dec/2025:07:01:58 +0100] "GET /platby/uwoy9/water-temperature-egypt HTTP/1.1" 200 35986 "-" "Mozilla/5.0 (compatible; DotBot/1.2; +https://opensiteexplorer.org/dotbot; help@moz.com)"
216.244.66.239 - - [13/Dec/2025:07:01:59 +0100] "GET /platby/uwoy9/addition-and-subtraction-strategies-grade-2 HTTP/1.1" 200 39067 "-" "Mozilla/5.0 (compatible; DotBot/1.2; +https://opensiteexplorer.org/dotbot; help@moz.com)"
216.244.66.239 - - [13/Dec/2025:07:02:00 +0100] "GET /platby/uwoy9/frank-nitty-milwaukee-net-worth HTTP/1.1" 200 39516 "-" "Mozilla/5.0 (compatible; DotBot/1.2; +https://opensiteexplorer.org/dotbot; help@moz.com)"
185.191.171.19 - - [13/Dec/2025:07:02:06 +0100] "GET /platby/qqap/compare-and-contrast-essay-template-word HTTP/1.1" 200 8927 "-" "Mozilla/5.0 (compatible; SemrushBot/7~bl; +http://www.semrush.com/bot.html)"
216.244.66.239 - - [13/Dec/2025:07:02:11 +0100] "GET /platby/uwoy9/rev-david-peterson-biography HTTP/1.1" 200 39517 "-" "Mozilla/5.0 (compatible; DotBot/1.2; +https://opensiteexplorer.org/dotbot; help@moz.com)"
185.191.171.3 - - [13/Dec/2025:07:02:11 +0100] "GET /platby/72zbxoz/swan-swimming-underwater HTTP/1.1" 200 13645 "-" "Mozilla/5.0 (compatible; SemrushBot/7~bl; +http://www.semrush.com/bot.html)"
216.244.66.239 - - [13/Dec/2025:07:02:12 +0100] "GET /platby/uwoy9/what-is-diversity-of-learners HTTP/1.1" 200 35457 "-" "Mozilla/5.0 (compatible; DotBot/1.2; +https://opensiteexplorer.org/dotbot; help@moz.com)"
185.191.171.10 - - [13/Dec/2025:07:02:16 +0100] "GET /platby/72zbxoz/samuel-raymond-clucas-stats HTTP/1.1" 200 11066 "-" "Mozilla/5.0 (compatible; SemrushBot/7~bl; +http://www.semrush.com/bot.html)"
216.244.66.239 - - [13/Dec/2025:07:02:32 +0100] "GET /platby/uwoy9/gabriel-stokes-art-director HTTP/1.1" 200 34856 "-" "Mozilla/5.0 (compatible; DotBot/1.2; +https://opensiteexplorer.org/dotbot; help@moz.com)"
185.191.171.5 - - [13/Dec/2025:07:02:45 +0100] "GET /platby/uwoy9/oakland-athletics-logo-vector HTTP/1.1" 200 11079 "-" "Mozilla/5.0 (compatible; SemrushBot/7~bl; +http://www.semrush.com/bot.html)"
185.191.171.1 - - [13/Dec/2025:07:02:49 +0100] "GET /platby/aohwuyx/best-vivo-phone-under-25000 HTTP/1.1" 200 12122 "-" "Mozilla/5.0 (compatible; SemrushBot/7~bl; +http://www.semrush.com/bot.html)"
216.244.66.239 - - [13/Dec/2025:07:02:54 +0100] "GET /platby/uwoy9/what-is-the-dream-smp-seed-bedrock HTTP/1.1" 200 38004 "-" "Mozilla/5.0 (compatible; DotBot/1.2; +https://opensiteexplorer.org/dotbot; help@moz.com)"
54.174.62.153 - - [13/Dec/2025:07:03:06 +0100] "\x16\x03\x03\x01\xcc\x01" 403 265 "-" "-"
85.208.96.199 - - [13/Dec/2025:07:03:19 +0100] "GET /platby/aohwuyx/upsc-extra-attempt-2021-live-law HTTP/1.1" 200 13465 "-" "Mozilla/5.0 (compatible; SemrushBot/7~bl; +http://www.semrush.com/bot.html)"
3.131.215.38 - - [13/Dec/2025:07:03:39 +0100] "\x16\x03\x01" 403 265 "-" "-"
216.244.66.239 - - [13/Dec/2025:07:03:46 +0100] "GET /platby/uwoy9/air-force-sports-calendar HTTP/1.1" 200 49504 "-" "Mozilla/5.0 (compatible; DotBot/1.2; +https://opensiteexplorer.org/dotbot; help@moz.com)"
85.208.96.204 - - [13/Dec/2025:07:03:53 +0100] "GET /platby/72zbxoz/howard-university-alumni-verification HTTP/1.1" 200 14043 "-" "Mozilla/5.0 (compatible; SemrushBot/7~bl; +http://www.semrush.com/bot.html)"
185.191.171.7 - - [13/Dec/2025:07:04:23 +0100] "GET /platby/hca/depeche-mode---violator-vinyl-1990 HTTP/1.1" 200 10925 "-" "Mozilla/5.0 (compatible; SemrushBot/7~bl; +http://www.semrush.com/bot.html)"
185.191.171.6 - - [13/Dec/2025:07:04:44 +0100] "GET /platby/qqap/munich-business-school HTTP/1.1" 200 6571 "-" "Mozilla/5.0 (compatible; SemrushBot/7~bl; +http://www.semrush.com/bot.html)"
85.208.96.198 - - [13/Dec/2025:07:05:19 +0100] "GET /platby/qqap/tennessee-titans-news-headlines-today HTTP/1.1" 200 5691 "-" "Mozilla/5.0 (compatible; SemrushBot/7~bl; +http://www.semrush.com/bot.html)"
185.191.171.8 - - [13/Dec/2025:07:05:24 +0100] "GET /platby/hca/balogun-fifa-21-potential HTTP/1.1" 200 11150 "-" "Mozilla/5.0 (compatible; SemrushBot/7~bl; +http://www.semrush.com/bot.html)"
185.191.171.18 - - [13/Dec/2025:07:05:32 +0100] "GET /platby/hca/batch-file-to-refresh-desktop-windows-10 HTTP/1.1" 200 7169 "-" "Mozilla/5.0 (compatible; SemrushBot/7~bl; +http://www.semrush.com/bot.html)"
3.131.215.38 - - [13/Dec/2025:07:05:38 +0100] "SSH-2.0-Go" 403 265 "-" "-"
85.208.96.195 - - [13/Dec/2025:07:05:54 +0100] "GET /platby/hca/world-cup-qualifiers-2018-europe-standings HTTP/1.1" 200 7259 "-" "Mozilla/5.0 (compatible; SemrushBot/7~bl; +http://www.semrush.com/bot.html)"
66.249.79.64 - - [13/Dec/2025:07:06:16 +0100] "\x16\x03\x01\x02" 403 265 "-" "-"
185.191.171.2 - - [13/Dec/2025:07:06:25 +0100] "GET /platby/qqap/causal-theory-sociology HTTP/1.1" 200 6079 "-" "Mozilla/5.0 (compatible; SemrushBot/7~bl; +http://www.semrush.com/bot.html)"
185.191.171.13 - - [13/Dec/2025:07:06:45 +0100] "GET /platby/aohwuyx/motor-current-signature-analysis-device HTTP/1.1" 200 12585 "-" "Mozilla/5.0 (compatible; SemrushBot/7~bl; +http://www.semrush.com/bot.html)"
185.191.171.2 - - [13/Dec/2025:07:06:47 +0100] "GET /platby/72zbxoz/what-rhymes-with-media HTTP/1.1" 200 7745 "-" "Mozilla/5.0 (compatible; SemrushBot/7~bl; +http://www.semrush.com/bot.html)"
204.76.203.212 - - [13/Dec/2025:07:06:57 +0100] "GET /" 400 468 "-" "-"
3.131.215.38 - - [13/Dec/2025:07:08:15 +0100] "\x16\x03\x01" 403 265 "-" "-"
85.208.96.197 - - [13/Dec/2025:07:08:17 +0100] "GET /platby/aohwuyx/villa-carmella-riviera HTTP/1.1" 200 9377 "-" "Mozilla/5.0 (compatible; SemrushBot/7~bl; +http://www.semrush.com/bot.html)"
138.197.183.21 - - [13/Dec/2025:07:08:48 +0100] "\x16\x03\x01\x02" 403 265 "-" "-"
185.191.171.12 - - [13/Dec/2025:07:09:24 +0100] "GET /platby/hca/what-is-the-term-for-a-statement-of-purpose HTTP/1.1" 200 7219 "-" "Mozilla/5.0 (compatible; SemrushBot/7~bl; +http://www.semrush.com/bot.html)"
107.170.59.115 - - [13/Dec/2025:07:09:42 +0100] "\x16\x03\x01\x05\xca\x01" 403 265 "-" "-"
185.191.171.8 - - [13/Dec/2025:07:10:09 +0100] "GET /platby/72zbxoz/critique-of-judgment-summary HTTP/1.1" 200 8344 "-" "Mozilla/5.0 (compatible; SemrushBot/7~bl; +http://www.semrush.com/bot.html)"
85.208.96.210 - - [13/Dec/2025:07:10:18 +0100] "GET /platby/aohwuyx/pharrell-human-race-orange HTTP/1.1" 200 12516 "-" "Mozilla/5.0 (compatible; SemrushBot/7~bl; +http://www.semrush.com/bot.html)"
85.208.96.208 - - [13/Dec/2025:07:10:21 +0100] "GET /platby/uwoy9/metallurg-bekabad-sofascore HTTP/1.1" 200 9291 "-" "Mozilla/5.0 (compatible; SemrushBot/7~bl; +http://www.semrush.com/bot.html)"
121.29.51.28 - - [13/Dec/2025:07:10:35 +0100] "\x16\x03\x01\x02" 403 265 "-" "-"
185.191.171.16 - - [13/Dec/2025:07:10:47 +0100] "GET /platby/hca/reverse-peristalsis-occurring-in-the-stomach HTTP/1.1" 200 10881 "-" "Mozilla/5.0 (compatible; SemrushBot/7~bl; +http://www.semrush.com/bot.html)"
185.191.171.16 - - [13/Dec/2025:07:11:27 +0100] "GET /platby/qqap/something-special-whiskey HTTP/1.1" 200 8180 "-" "Mozilla/5.0 (compatible; SemrushBot/7~bl; +http://www.semrush.com/bot.html)"
85.208.96.211 - - [13/Dec/2025:07:12:27 +0100] "GET /platby/hca/pandemic-ebt-michigan-extended-2021 HTTP/1.1" 200 11178 "-" "Mozilla/5.0 (compatible; SemrushBot/7~bl; +http://www.semrush.com/bot.html)"
185.191.171.12 - - [13/Dec/2025:07:12:58 +0100] "GET /platby/uwoy9/city-of-chicago-vacation-days HTTP/1.1" 200 8215 "-" "Mozilla/5.0 (compatible; SemrushBot/7~bl; +http://www.semrush.com/bot.html)"
85.208.96.193 - - [13/Dec/2025:07:13:07 +0100] "GET /platby/hca/zoological-architecture HTTP/1.1" 200 9799 "-" "Mozilla/5.0 (compatible; SemrushBot/7~bl; +http://www.semrush.com/bot.html)"
185.191.171.17 - - [13/Dec/2025:07:13:53 +0100] "GET /platby/qqap/greek-translation-of-ephesians-2 HTTP/1.1" 200 8483 "-" "Mozilla/5.0 (compatible; SemrushBot/7~bl; +http://www.semrush.com/bot.html)"
176.62.233.119 - - [13/Dec/2025:07:13:59 +0100] "\x16\x03\x01\x01\x89\x01" 403 265 "-" "-"
85.208.96.196 - - [13/Dec/2025:07:14:02 +0100] "GET /platby/uwoy9/principles-of-mechanics-griffiths-pdf HTTP/1.1" 200 13760 "-" "Mozilla/5.0 (compatible; SemrushBot/7~bl; +http://www.semrush.com/bot.html)"
204.76.203.206 - - [13/Dec/2025:07:14:02 +0100] "GET /" 400 468 "-" "-"
185.191.171.5 - - [13/Dec/2025:07:14:03 +0100] "GET /platby/hca/meticulosity-or-meticulousness HTTP/1.1" 200 10766 "-" "Mozilla/5.0 (compatible; SemrushBot/7~bl; +http://www.semrush.com/bot.html)"
185.191.171.17 - - [13/Dec/2025:07:14:48 +0100] "GET /platby/hca/marquise-goodwin-son-name HTTP/1.1" 200 10300 "-" "Mozilla/5.0 (compatible; SemrushBot/7~bl; +http://www.semrush.com/bot.html)"
85.208.96.193 - - [13/Dec/2025:07:15:00 +0100] "GET /platby/qqap/is-covid-19-nature's-way-of-reducing-population HTTP/1.1" 200 12704 "-" "Mozilla/5.0 (compatible; SemrushBot/7~bl; +http://www.semrush.com/bot.html)"
85.208.96.196 - - [13/Dec/2025:07:15:05 +0100] "GET /platby/72zbxoz/microblading-vs-powder-brows HTTP/1.1" 200 8798 "-" "Mozilla/5.0 (compatible; SemrushBot/7~bl; +http://www.semrush.com/bot.html)"
185.191.171.11 - - [13/Dec/2025:07:15:42 +0100] "GET /platby/aohwuyx/deloitte-locations-near-me HTTP/1.1" 200 13047 "-" "Mozilla/5.0 (compatible; SemrushBot/7~bl; +http://www.semrush.com/bot.html)"
204.76.203.206 - - [13/Dec/2025:07:16:07 +0100] "GET / HTTP/1.1" 200 316 "-" "Mozilla/5.0 (Windows NT 10.0; Win64; x64) AppleWebKit/537.36 (KHTML, like Gecko) Chrome/90.0.4430.85 Safari/537.36 Edg/90.0.818.46"
185.191.171.12 - - [13/Dec/2025:07:16:17 +0100] "GET /robots.txt HTTP/1.1" 200 54 "-" "Mozilla/5.0 (compatible; SemrushBot/7~bl; +http://www.semrush.com/bot.html)"
185.191.171.15 - - [13/Dec/2025:07:16:18 +0100] "GET /platby/uwoy9/fedex-tracking-mexico HTTP/1.1" 200 11314 "-" "Mozilla/5.0 (compatible; SemrushBot/7~bl; +http://www.semrush.com/bot.html)"
185.191.171.5 - - [13/Dec/2025:07:16:26 +0100] "GET /platby/qqap/bingo-card-generator-excel HTTP/1.1" 200 10803 "-" "Mozilla/5.0 (compatible; SemrushBot/7~bl; +http://www.semrush.com/bot.html)"
64.227.191.46 - - [13/Dec/2025:07:17:12 +0100] "\x16\x03\x01\x02" 403 265 "-" "-"
85.208.96.206 - - [13/Dec/2025:07:17:25 +0100] "GET /platby/qqap/hunter-parrish-godspell HTTP/1.1" 200 8105 "-" "Mozilla/5.0 (compatible; SemrushBot/7~bl; +http://www.semrush.com/bot.html)"
85.208.96.203 - - [13/Dec/2025:07:18:06 +0100] "GET /platby/aohwuyx/birmingham-mayoral-election-2021-candidates HTTP/1.1" 200 9142 "-" "Mozilla/5.0 (compatible; SemrushBot/7~bl; +http://www.semrush.com/bot.html)"
85.208.96.193 - - [13/Dec/2025:07:18:09 +0100] "GET /platby/aohwuyx/nigel-williams-musician HTTP/1.1" 200 14201 "-" "Mozilla/5.0 (compatible; SemrushBot/7~bl; +http://www.semrush.com/bot.html)"
3.230.69.161 - - [13/Dec/2025:07:18:09 +0100] "GET /platby/aohwuyx/devonta-smith-height-and-weight-chart HTTP/1.1" 200 12081 "-" "Mozilla/5.0 AppleWebKit/537.36 (KHTML, like Gecko; compatible; Amazonbot/0.1; +https://developer.amazon.com/support/amazonbot) Chrome/119.0.6045.214 Safari/537.36"
85.208.96.195 - - [13/Dec/2025:07:18:20 +0100] "GET /platby/qqap/present-perfect-tense-of-bring HTTP/1.1" 200 8141 "-" "Mozilla/5.0 (compatible; SemrushBot/7~bl; +http://www.semrush.com/bot.html)"
52.3.102.51 - - [13/Dec/2025:07:18:37 +0100] "GET /platby/qqap/allen's-hummingbird-live-cam HTTP/1.1" 200 7792 "-" "Mozilla/5.0 AppleWebKit/537.36 (KHTML, like Gecko; compatible; Amazonbot/0.1; +https://developer.amazon.com/support/amazonbot) Chrome/119.0.6045.214 Safari/537.36"
3.231.193.38 - - [13/Dec/2025:07:18:45 +0100] "GET /platby/aohwuyx/vintage-aesthetic-outfits-guys HTTP/1.1" 200 12104 "-" "Mozilla/5.0 AppleWebKit/537.36 (KHTML, like Gecko; compatible; Amazonbot/0.1; +https://developer.amazon.com/support/amazonbot) Chrome/119.0.6045.214 Safari/537.36"
85.208.96.206 - - [13/Dec/2025:07:18:48 +0100] "GET /platby/aohwuyx/warner-university-graduation-2021 HTTP/1.1" 200 9349 "-" "Mozilla/5.0 (compatible; SemrushBot/7~bl; +http://www.semrush.com/bot.html)"
185.191.171.9 - - [13/Dec/2025:07:18:49 +0100] "GET /platby/aohwuyx/miles-city-bluegrass-festival-2021 HTTP/1.1" 200 12793 "-" "Mozilla/5.0 (compatible; SemrushBot/7~bl; +http://www.semrush.com/bot.html)"
52.5.232.250 - - [13/Dec/2025:07:19:03 +0100] "GET /platby/aohwuyx/las-vegas-construction-projects-2021 HTTP/1.1" 200 9731 "-" "Mozilla/5.0 AppleWebKit/537.36 (KHTML, like Gecko; compatible; Amazonbot/0.1; +https://developer.amazon.com/support/amazonbot) Chrome/119.0.6045.214 Safari/537.36"
52.0.105.244 - - [13/Dec/2025:07:19:06 +0100] "GET /platby/qqap/stonecrop-ground-cover HTTP/1.1" 200 12042 "-" "Mozilla/5.0 AppleWebKit/537.36 (KHTML, like Gecko; compatible; Amazonbot/0.1; +https://developer.amazon.com/support/amazonbot) Chrome/119.0.6045.214 Safari/537.36"
52.7.33.248 - - [13/Dec/2025:07:19:17 +0100] "GET /platby/hca/highgate-school-scandal HTTP/1.1" 200 11419 "-" "Mozilla/5.0 AppleWebKit/537.36 (KHTML, like Gecko; compatible; Amazonbot/0.1; +https://developer.amazon.com/support/amazonbot) Chrome/119.0.6045.214 Safari/537.36"
185.191.171.14 - - [13/Dec/2025:07:19:22 +0100] "GET /platby/qqap/colony-rotten-tomatoes HTTP/1.1" 200 9464 "-" "Mozilla/5.0 (compatible; SemrushBot/7~bl; +http://www.semrush.com/bot.html)"
185.191.171.12 - - [13/Dec/2025:07:19:24 +0100] "GET /platby/aohwuyx/boston-sports-tattoo-sleeve HTTP/1.1" 200 15338 "-" "Mozilla/5.0 (compatible; SemrushBot/7~bl; +http://www.semrush.com/bot.html)"
50.16.248.61 - - [13/Dec/2025:07:19:26 +0100] "GET /platby/aohwuyx/words-that-rhyme-with-miss-you HTTP/1.1" 200 10771 "-" "Mozilla/5.0 AppleWebKit/537.36 (KHTML, like Gecko; compatible; Amazonbot/0.1; +https://developer.amazon.com/support/amazonbot) Chrome/119.0.6045.214 Safari/537.36"
52.4.76.156 - - [13/Dec/2025:07:19:31 +0100] "GET /platby/aohwuyx/rhian-brewster-parents HTTP/1.1" 200 12526 "-" "Mozilla/5.0 AppleWebKit/537.36 (KHTML, like Gecko; compatible; Amazonbot/0.1; +https://developer.amazon.com/support/amazonbot) Chrome/119.0.6045.214 Safari/537.36"
85.208.96.212 - - [13/Dec/2025:07:19:34 +0100] "GET /platby/hca/pre-departure-training-methods HTTP/1.1" 200 12465 "-" "Mozilla/5.0 (compatible; SemrushBot/7~bl; +http://www.semrush.com/bot.html)"
18.232.12.157 - - [13/Dec/2025:07:19:38 +0100] "GET /platby/72zbxoz/psychology-of-friendship HTTP/1.1" 200 13826 "-" "Mozilla/5.0 AppleWebKit/537.36 (KHTML, like Gecko; compatible; Amazonbot/0.1; +https://developer.amazon.com/support/amazonbot) Chrome/119.0.6045.214 Safari/537.36"
18.209.137.234 - - [13/Dec/2025:07:19:47 +0100] "GET /platby/qqap/samsung-a21s-won't-turn-off HTTP/1.1" 200 6554 "-" "Mozilla/5.0 AppleWebKit/537.36 (KHTML, like Gecko; compatible; Amazonbot/0.1; +https://developer.amazon.com/support/amazonbot) Chrome/119.0.6045.214 Safari/537.36"
185.191.171.7 - - [13/Dec/2025:07:19:54 +0100] "GET /platby/72zbxoz/moon-phase-today-karachi HTTP/1.1" 200 11887 "-" "Mozilla/5.0 (compatible; SemrushBot/7~bl; +http://www.semrush.com/bot.html)"
100.29.160.53 - - [13/Dec/2025:07:20:24 +0100] "GET /platby/aohwuyx/buffalo-bills-all-time-win-loss-record HTTP/1.1" 200 9988 "-" "Mozilla/5.0 AppleWebKit/537.36 (KHTML, like Gecko; compatible; Amazonbot/0.1; +https://developer.amazon.com/support/amazonbot) Chrome/119.0.6045.214 Safari/537.36"
185.191.171.14 - - [13/Dec/2025:07:20:27 +0100] "GET /platby/aohwuyx/jordan-1-mid---preschool-shoes HTTP/1.1" 200 8527 "-" "Mozilla/5.0 (compatible; SemrushBot/7~bl; +http://www.semrush.com/bot.html)"
85.208.96.193 - - [13/Dec/2025:07:21:44 +0100] "GET /platby/qqap/desmume-core-retroarch-android HTTP/1.1" 200 6518 "-" "Mozilla/5.0 (compatible; SemrushBot/7~bl; +http://www.semrush.com/bot.html)"
138.246.253.24 - - [13/Dec/2025:07:22:52 +0100] "\x16\x03\x01\x01" 403 265 "-" "-"
85.208.96.206 - - [13/Dec/2025:07:22:58 +0100] "GET /platby/hca/kristen-hamilton-guild HTTP/1.1" 200 8943 "-" "Mozilla/5.0 (compatible; SemrushBot/7~bl; +http://www.semrush.com/bot.html)"
85.208.96.198 - - [13/Dec/2025:07:23:06 +0100] "GET /platby/qqap/south-uptown-minneapolis-crime-rate HTTP/1.1" 200 11577 "-" "Mozilla/5.0 (compatible; SemrushBot/7~bl; +http://www.semrush.com/bot.html)"
185.191.171.13 - - [13/Dec/2025:07:23:43 +0100] "GET /platby/qqap/healthy-restaurant-london HTTP/1.1" 200 12503 "-" "Mozilla/5.0 (compatible; SemrushBot/7~bl; +http://www.semrush.com/bot.html)"
185.191.171.12 - - [13/Dec/2025:07:24:01 +0100] "GET /platby/72zbxoz/why-is-the-brown-thrasher-georgia's-state-bird HTTP/1.1" 200 11880 "-" "Mozilla/5.0 (compatible; SemrushBot/7~bl; +http://www.semrush.com/bot.html)"
185.191.171.9 - - [13/Dec/2025:07:24:28 +0100] "GET /platby/qqap/used-appliances-woodstock HTTP/1.1" 200 6089 "-" "Mozilla/5.0 (compatible; SemrushBot/7~bl; +http://www.semrush.com/bot.html)"
185.191.171.19 - - [13/Dec/2025:07:24:34 +0100] "GET /platby/aohwuyx/pro-football-focus-top-50-players-2021 HTTP/1.1" 200 12859 "-" "Mozilla/5.0 (compatible; SemrushBot/7~bl; +http://www.semrush.com/bot.html)"
185.191.171.13 - - [13/Dec/2025:07:24:39 +0100] "GET /platby/72zbxoz/nike-release-dates-2021 HTTP/1.1" 200 11599 "-" "Mozilla/5.0 (compatible; SemrushBot/7~bl; +http://www.semrush.com/bot.html)"
85.208.96.202 - - [13/Dec/2025:07:25:36 +0100] "GET /platby/qqap/s21-ultra-power-button-loose HTTP/1.1" 200 10498 "-" "Mozilla/5.0 (compatible; SemrushBot/7~bl; +http://www.semrush.com/bot.html)"
185.191.171.6 - - [13/Dec/2025:07:26:20 +0100] "GET /platby/72zbxoz/lakeville-elementary-school-blm HTTP/1.1" 200 7065 "-" "Mozilla/5.0 (compatible; SemrushBot/7~bl; +http://www.semrush.com/bot.html)"
104.210.140.142 - - [13/Dec/2025:07:26:39 +0100] "\x16\x03\x01\x02" 403 265 "-" "-"
104.210.140.141 - - [13/Dec/2025:07:26:39 +0100] "\x16\x03\x01\x02" 403 265 "-" "-"
104.210.140.142 - - [13/Dec/2025:07:26:45 +0100] "\x16\x03\x01\x02" 403 265 "-" "-"
104.210.140.140 - - [13/Dec/2025:07:26:46 +0100] "\x16\x03\x01\x02" 403 265 "-" "-"
104.210.140.128 - - [13/Dec/2025:07:26:46 +0100] "\x16\x03\x01\x02" 403 265 "-" "-"
104.210.140.143 - - [13/Dec/2025:07:26:46 +0100] "\x16\x03\x01\x02" 403 265 "-" "-"
185.191.171.14 - - [13/Dec/2025:07:26:48 +0100] "GET /platby/aohwuyx/johnny-depp-net-worth-2012 HTTP/1.1" 200 7962 "-" "Mozilla/5.0 (compatible; SemrushBot/7~bl; +http://www.semrush.com/bot.html)"
85.208.96.202 - - [13/Dec/2025:07:26:50 +0100] "GET /platby/uwoy9/china-rocket-live-tracking HTTP/1.1" 200 11005 "-" "Mozilla/5.0 (compatible; SemrushBot/7~bl; +http://www.semrush.com/bot.html)"
185.191.171.16 - - [13/Dec/2025:07:27:06 +0100] "GET /platby/qqap/marvel-characters-names-for-pubg HTTP/1.1" 200 6063 "-" "Mozilla/5.0 (compatible; SemrushBot/7~bl; +http://www.semrush.com/bot.html)"
185.191.171.8 - - [13/Dec/2025:07:27:18 +0100] "GET /platby/72zbxoz/rusd-2021-to-2022-calendar HTTP/1.1" 200 8943 "-" "Mozilla/5.0 (compatible; SemrushBot/7~bl; +http://www.semrush.com/bot.html)"
85.208.96.211 - - [13/Dec/2025:07:27:27 +0100] "GET /platby/72zbxoz/indori-ishq-kamna-real-name HTTP/1.1" 200 13924 "-" "Mozilla/5.0 (compatible; SemrushBot/7~bl; +http://www.semrush.com/bot.html)"
152.32.247.22 - - [13/Dec/2025:07:27:52 +0100] "GET / HTTP/1.1" 200 516 "-" "curl/7.29.0"
152.32.247.22 - - [13/Dec/2025:07:27:53 +0100] "\x16\x03\x01" 501 270 "-" "-"
152.32.247.22 - - [13/Dec/2025:07:27:53 +0100] "t3 12.1.2" 400 291 "-" "-"
85.208.96.202 - - [13/Dec/2025:07:28:06 +0100] "GET /platby/uwoy9/black-and-yellow-duckling-grown-up HTTP/1.1" 200 10358 "-" "Mozilla/5.0 (compatible; SemrushBot/7~bl; +http://www.semrush.com/bot.html)"
185.191.171.3 - - [13/Dec/2025:07:28:30 +0100] "GET /platby/hca/another-word-for-sometime-or-another HTTP/1.1" 200 10761 "-" "Mozilla/5.0 (compatible; SemrushBot/7~bl; +http://www.semrush.com/bot.html)"
165.154.172.72 - - [13/Dec/2025:07:28:42 +0100] "GET / HTTP/1.1" 200 316 "-" "Mozilla/5.0 (Windows NT 9_1; Win64; x64) AppleWebKit/586.42 (KHTML, like Gecko) Chrome/53.0.789 Safari/537.36"
165.154.172.72 - - [13/Dec/2025:07:28:43 +0100] "GET /favicon.ico HTTP/1.1" 404 229 "-" "Go-http-client/1.1"
165.154.172.72 - - [13/Dec/2025:07:28:43 +0100] "GET /sitemap.xml HTTP/1.1" 404 230 "-" "Go-http-client/1.1"
165.154.172.72 - - [13/Dec/2025:07:28:43 +0100] "GET /robots.txt HTTP/1.1" 404 229 "-" "Go-http-client/1.1"
185.191.171.12 - - [13/Dec/2025:07:28:50 +0100] "GET /platby/qqap/old-farmers'-almanac-best-days-2021 HTTP/1.1" 200 9498 "-" "Mozilla/5.0 (compatible; SemrushBot/7~bl; +http://www.semrush.com/bot.html)"
185.191.171.8 - - [13/Dec/2025:07:29:13 +0100] "GET /platby/hca/advantage-of-neoprene-waders HTTP/1.1" 200 6242 "-" "Mozilla/5.0 (compatible; SemrushBot/7~bl; +http://www.semrush.com/bot.html)"
172.236.228.245 - - [13/Dec/2025:07:30:18 +0100] "GET / HTTP/1.1" 200 2492 "-" "Mozilla/5.0 (Macintosh; Intel Mac OS X 13_1) AppleWebKit/537.36 (KHTML, like Gecko) Chrome/108.0.0.0 Safari/537.36"
185.191.171.11 - - [13/Dec/2025:07:30:24 +0100] "GET /platby/hca/anthony-parker-shannon HTTP/1.1" 200 11787 "-" "Mozilla/5.0 (compatible; SemrushBot/7~bl; +http://www.semrush.com/bot.html)"
185.191.171.17 - - [13/Dec/2025:07:30:39 +0100] "GET /platby/qqap/nike-dunk-high-strawberry-cough-release-date HTTP/1.1" 200 8771 "-" "Mozilla/5.0 (compatible; SemrushBot/7~bl; +http://www.semrush.com/bot.html)"
85.208.96.203 - - [13/Dec/2025:07:30:49 +0100] "GET /platby/72zbxoz/chris-d'elia-response HTTP/1.1" 200 11728 "-" "Mozilla/5.0 (compatible; SemrushBot/7~bl; +http://www.semrush.com/bot.html)"
204.76.203.206 - - [13/Dec/2025:07:30:50 +0100] "GET /" 400 468 "-" "-"
85.208.96.204 - - [13/Dec/2025:07:31:37 +0100] "GET /platby/aohwuyx/dog-friendly-restaurants-north-park HTTP/1.1" 200 9391 "-" "Mozilla/5.0 (compatible; SemrushBot/7~bl; +http://www.semrush.com/bot.html)"
185.191.171.7 - - [13/Dec/2025:07:31:45 +0100] "GET /platby/hca/renewable-energy-system HTTP/1.1" 200 10697 "-" "Mozilla/5.0 (compatible; SemrushBot/7~bl; +http://www.semrush.com/bot.html)"
204.76.203.206 - - [13/Dec/2025:07:32:06 +0100] "GET / HTTP/1.1" 200 316 "-" "Mozilla/5.0 (Windows NT 10.0; Win64; x64) AppleWebKit/537.36 (KHTML, like Gecko) Chrome/90.0.4430.85 Safari/537.36 Edg/90.0.818.46"
85.208.96.206 - - [13/Dec/2025:07:32:31 +0100] "GET /platby/qqap/summer-hill-furniture HTTP/1.1" 200 9964 "-" "Mozilla/5.0 (compatible; SemrushBot/7~bl; +http://www.semrush.com/bot.html)"
185.191.171.15 - - [13/Dec/2025:07:33:06 +0100] "GET /platby/qqap/trevor's-girlfriend-travelers HTTP/1.1" 200 12074 "-" "Mozilla/5.0 (compatible; SemrushBot/7~bl; +http://www.semrush.com/bot.html)"
185.191.171.18 - - [13/Dec/2025:07:33:26 +0100] "GET /platby/hca/air-jordan-1-edge-glow-women's HTTP/1.1" 200 11064 "-" "Mozilla/5.0 (compatible; SemrushBot/7~bl; +http://www.semrush.com/bot.html)"
185.191.171.19 - - [13/Dec/2025:07:33:48 +0100] "GET /platby/aohwuyx/isaiah-simmons-madden-21-franchise HTTP/1.1" 200 12650 "-" "Mozilla/5.0 (compatible; SemrushBot/7~bl; +http://www.semrush.com/bot.html)"
85.208.96.200 - - [13/Dec/2025:07:34:06 +0100] "GET /platby/72zbxoz/is-candice-patton-married-to-grant-gustin HTTP/1.1" 200 9770 "-" "Mozilla/5.0 (compatible; SemrushBot/7~bl; +http://www.semrush.com/bot.html)"
185.191.171.11 - - [13/Dec/2025:07:34:08 +0100] "GET /platby/hca/bridge-engineering-salary HTTP/1.1" 200 8005 "-" "Mozilla/5.0 (compatible; SemrushBot/7~bl; +http://www.semrush.com/bot.html)"
85.208.96.194 - - [13/Dec/2025:07:34:23 +0100] "GET /platby/qqap/rosa-laevigata-kingdom HTTP/1.1" 200 11391 "-" "Mozilla/5.0 (compatible; SemrushBot/7~bl; +http://www.semrush.com/bot.html)"
195.177.94.189 - - [13/Dec/2025:07:35:05 +0100] "GET /phpmyadmin/scripts/setup.php HTTP/1.1" 200 11106 "-" "Mozilla/4.0 (compatible; MSIE 6.0; MSIE 5.5; Windows NT 5.1) Opera 7.01 [en]"
195.177.94.189 - - [13/Dec/2025:07:35:05 +0100] "POST /phpmyadmin/scripts/setup.php HTTP/1.1" 200 18608 "http://109.105.49.240:8081/phpmyadmin/scripts/setup.php" "Mozilla/4.0 (compatible; MSIE 6.0; MSIE 5.5; Windows NT 5.1) Opera 7.01 [en]"
193.34.212.94 - - [13/Dec/2025:07:35:13 +0100] "\x16\x03\x03" 403 265 "-" "-"
193.34.212.94 - - [13/Dec/2025:07:35:13 +0100] "\x16\x03\x03" 403 265 "-" "-"
185.191.171.2 - - [13/Dec/2025:07:35:28 +0100] "GET /platby/uwoy9/ritz-carlton,-st-thomas-shop HTTP/1.1" 200 11062 "-" "Mozilla/5.0 (compatible; SemrushBot/7~bl; +http://www.semrush.com/bot.html)"
185.191.171.13 - - [13/Dec/2025:07:35:30 +0100] "GET /platby/aohwuyx/arcjet-systems-how-to-turn-on-power HTTP/1.1" 200 10113 "-" "Mozilla/5.0 (compatible; SemrushBot/7~bl; +http://www.semrush.com/bot.html)"
185.191.171.10 - - [13/Dec/2025:07:35:58 +0100] "GET /platby/aohwuyx/todd-gurley-2020-highlights HTTP/1.1" 200 11898 "-" "Mozilla/5.0 (compatible; SemrushBot/7~bl; +http://www.semrush.com/bot.html)"
