85.208.96.200 - - [13/Dec/2025:09:58:42 +0100] "GET /platby/qqap/mckinsey-diversity-report-2020 HTTP/1.1" 200 10007 "-" "Mozilla/5.0 (compatible; SemrushBot/7~bl; +http://www.semrush.com/bot.html)"
185.191.171.5 - - [13/Dec/2025:09:58:59 +0100] "GET /platby/uwoy9/michigan-state-football-national-championships HTTP/1.1" 200 13055 "-" "Mozilla/5.0 (compatible; SemrushBot/7~bl; +http://www.semrush.com/bot.html)"
74.7.228.5 - - [13/Dec/2025:09:59:15 +0100] "\x16\x03\x01\x01\x03\x01" 403 265 "-" "-"
74.7.228.5 - - [13/Dec/2025:09:59:15 +0100] "\x16\x03\x01\x02" 403 265 "-" "-"
74.7.228.5 - - [13/Dec/2025:09:59:15 +0100] "\x16\x03\x01\x02" 403 265 "-" "-"
185.191.171.14 - - [13/Dec/2025:09:59:38 +0100] "GET /robots.txt HTTP/1.1" 200 54 "-" "Mozilla/5.0 (compatible; SemrushBot/7~bl; +http://www.semrush.com/bot.html)"
185.191.171.18 - - [13/Dec/2025:09:59:38 +0100] "GET /platby/qqap/canadian-solar-austin-tx HTTP/1.1" 200 6010 "-" "Mozilla/5.0 (compatible; SemrushBot/7~bl; +http://www.semrush.com/bot.html)"
114.119.130.237 - - [13/Dec/2025:09:59:44 +0100] "GET /platby/aohwuyx/furnished-short-term-rentals-st-john's-nl HTTP/1.1" 200 10284 "http://ispc.klape.eu/platby/aohwuyx/furnished-short-term-rentals-st-john%27s-nl" "Mozilla/5.0 (Linux; Android 7.0;) AppleWebKit/537.36 (KHTML, like Gecko) Mobile Safari/537.36 (compatible; PetalBot;+https://webmaster.petalsearch.com/site/petalbot)"
85.208.96.202 - - [13/Dec/2025:10:00:53 +0100] "GET /platby/uwoy9/positive-effects-on-the-environment HTTP/1.1" 200 12341 "-" "Mozilla/5.0 (compatible; SemrushBot/7~bl; +http://www.semrush.com/bot.html)"
114.119.129.163 - - [13/Dec/2025:10:01:06 +0100] "GET /platby/aohwuyx/fifa-21-career-mode-hidden-gems-cb HTTP/1.1" 200 8062 "http://ispc.klape.eu/platby/aohwuyx/why-is-the-principles-of-management-necessary" "Mozilla/5.0 (Linux; Android 7.0;) AppleWebKit/537.36 (KHTML, like Gecko) Mobile Safari/537.36 (compatible; PetalBot;+https://webmaster.petalsearch.com/site/petalbot)"
85.208.96.200 - - [13/Dec/2025:10:01:18 +0100] "GET /platby/uwoy9/shadow-moses-island-real HTTP/1.1" 200 8914 "-" "Mozilla/5.0 (compatible; SemrushBot/7~bl; +http://www.semrush.com/bot.html)"
85.208.96.206 - - [13/Dec/2025:10:01:38 +0100] "GET /platby/hca/film-cameras-for-beginners HTTP/1.1" 200 8414 "-" "Mozilla/5.0 (compatible; SemrushBot/7~bl; +http://www.semrush.com/bot.html)"
185.191.171.14 - - [13/Dec/2025:10:02:05 +0100] "GET /platby/qqap/introduction-to-general-relativity-book HTTP/1.1" 200 7485 "-" "Mozilla/5.0 (compatible; SemrushBot/7~bl; +http://www.semrush.com/bot.html)"
185.191.171.18 - - [13/Dec/2025:10:02:15 +0100] "GET /platby/uwoy9/council-bluffs-police-department-arrests HTTP/1.1" 200 9132 "-" "Mozilla/5.0 (compatible; SemrushBot/7~bl; +http://www.semrush.com/bot.html)"
185.191.171.12 - - [13/Dec/2025:10:02:24 +0100] "GET /platby/72zbxoz/american-geese-breeds HTTP/1.1" 200 8758 "-" "Mozilla/5.0 (compatible; SemrushBot/7~bl; +http://www.semrush.com/bot.html)"
114.119.152.142 - - [13/Dec/2025:10:02:29 +0100] "GET /platby/aohwuyx/atlassian-founders-house HTTP/1.1" 200 8238 "http://ispc.klape.eu/platby/aohwuyx/atlassian-founders-house" "Mozilla/5.0 (Linux; Android 7.0;) AppleWebKit/537.36 (KHTML, like Gecko) Mobile Safari/537.36 (compatible; PetalBot;+https://webmaster.petalsearch.com/site/petalbot)"
204.76.203.206 - - [13/Dec/2025:10:03:05 +0100] "GET /" 400 468 "-" "-"
85.208.96.197 - - [13/Dec/2025:10:03:05 +0100] "GET /platby/qqap/imposter-syndrome-examples HTTP/1.1" 200 9927 "-" "Mozilla/5.0 (compatible; SemrushBot/7~bl; +http://www.semrush.com/bot.html)"
185.191.171.12 - - [13/Dec/2025:10:03:10 +0100] "GET /platby/uwoy9/dakota-college-at-bottineau-women's-hockey HTTP/1.1" 200 9083 "-" "Mozilla/5.0 (compatible; SemrushBot/7~bl; +http://www.semrush.com/bot.html)"
91.199.82.162 - - [13/Dec/2025:10:03:10 +0100] "GET /" 400 468 "-" "-"
85.208.96.198 - - [13/Dec/2025:10:03:17 +0100] "GET /platby/uwoy9/robert-goulet-and-carol-lawrence HTTP/1.1" 200 9514 "-" "Mozilla/5.0 (compatible; SemrushBot/7~bl; +http://www.semrush.com/bot.html)"
85.208.96.212 - - [13/Dec/2025:10:03:18 +0100] "GET /platby/hca/daily-herald-carmel-football HTTP/1.1" 200 8602 "-" "Mozilla/5.0 (compatible; SemrushBot/7~bl; +http://www.semrush.com/bot.html)"
104.248.189.165 - - [13/Dec/2025:10:03:31 +0100] "\x16\x03\x01" 403 265 "-" "-"
185.191.171.11 - - [13/Dec/2025:10:03:38 +0100] "GET /platby/72zbxoz/eu-reverse-charge-vat-brexit HTTP/1.1" 200 12504 "-" "Mozilla/5.0 (compatible; SemrushBot/7~bl; +http://www.semrush.com/bot.html)"
114.119.149.2 - - [13/Dec/2025:10:03:54 +0100] "GET /platby/hca/youngest-player-to-play-in-premier-league HTTP/1.1" 200 11034 "http://ispc.klape.eu/platby/hca/youngest-player-to-play-in-premier-league" "Mozilla/5.0 (Linux; Android 7.0;) AppleWebKit/537.36 (KHTML, like Gecko) Mobile Safari/537.36 (compatible; PetalBot;+https://webmaster.petalsearch.com/site/petalbot)"
45.135.193.3 - - [13/Dec/2025:10:03:58 +0100] "\x16\x03\x01" 403 265 "-" "-"
45.135.193.3 - - [13/Dec/2025:10:03:58 +0100] "\x16\x03\x01" 403 265 "-" "-"
178.17.3.251 - - [13/Dec/2025:10:03:58 +0100] "GET /" 400 468 "-" "-"
185.191.171.8 - - [13/Dec/2025:10:04:04 +0100] "GET /platby/aohwuyx/numerical-solution-of-parabolic-partial-differential-equations HTTP/1.1" 200 8540 "-" "Mozilla/5.0 (compatible; SemrushBot/7~bl; +http://www.semrush.com/bot.html)"
185.191.171.5 - - [13/Dec/2025:10:04:09 +0100] "GET /platby/uwoy9/what-grades-are-grammar-school HTTP/1.1" 200 15024 "-" "Mozilla/5.0 (compatible; SemrushBot/7~bl; +http://www.semrush.com/bot.html)"
79.124.40.174 - - [13/Dec/2025:10:04:29 +0100] "GET /" 400 468 "-" "-"
85.208.96.196 - - [13/Dec/2025:10:05:00 +0100] "GET /platby/aohwuyx/frank-lampard-transfermarkt HTTP/1.1" 200 10714 "-" "Mozilla/5.0 (compatible; SemrushBot/7~bl; +http://www.semrush.com/bot.html)"
197.193.7.93 - - [13/Dec/2025:10:05:04 +0100] "\x16\x03\x01\x01\x04\x01" 403 265 "-" "-"
197.193.7.93 - - [13/Dec/2025:10:05:05 +0100] "\x16\x03\x03" 403 265 "-" "-"
204.76.203.206 - - [13/Dec/2025:10:05:05 +0100] "GET / HTTP/1.1" 200 316 "-" "Mozilla/5.0 (Windows NT 10.0; Win64; x64) AppleWebKit/537.36 (KHTML, like Gecko) Chrome/90.0.4430.85 Safari/537.36 Edg/90.0.818.46"
185.191.171.12 - - [13/Dec/2025:10:05:07 +0100] "GET /platby/aohwuyx/falling-in-love-for-the-night-charlie HTTP/1.1" 200 8479 "-" "Mozilla/5.0 (compatible; SemrushBot/7~bl; +http://www.semrush.com/bot.html)"
114.119.152.142 - - [13/Dec/2025:10:05:16 +0100] "GET /platby/aohwuyx/apple-iphone-11-silicone-case-pink-sand HTTP/1.1" 200 8859 "http://ispc.klape.eu/platby/aohwuyx/apple-iphone-11-silicone-case-pink-sand" "Mozilla/5.0 (Linux; Android 7.0;) AppleWebKit/537.36 (KHTML, like Gecko) Mobile Safari/537.36 (compatible; PetalBot;+https://webmaster.petalsearch.com/site/petalbot)"
185.191.171.17 - - [13/Dec/2025:10:06:04 +0100] "GET /platby/hca/sans-forensics-cheat-sheet HTTP/1.1" 200 11535 "-" "Mozilla/5.0 (compatible; SemrushBot/7~bl; +http://www.semrush.com/bot.html)"
85.208.96.210 - - [13/Dec/2025:10:06:07 +0100] "GET /platby/aohwuyx/hyland-software-net-worth HTTP/1.1" 200 8326 "-" "Mozilla/5.0 (compatible; SemrushBot/7~bl; +http://www.semrush.com/bot.html)"
185.191.171.12 - - [13/Dec/2025:10:06:11 +0100] "GET /platby/hca/chamber-of-commerce-members HTTP/1.1" 200 13442 "-" "Mozilla/5.0 (compatible; SemrushBot/7~bl; +http://www.semrush.com/bot.html)"
185.191.171.11 - - [13/Dec/2025:10:06:21 +0100] "GET /platby/hca/carolina-panthers-super-bowl-roster HTTP/1.1" 200 11438 "-" "Mozilla/5.0 (compatible; SemrushBot/7~bl; +http://www.semrush.com/bot.html)"
114.119.139.112 - - [13/Dec/2025:10:06:43 +0100] "GET /platby/72zbxoz/where-did-henry-hill-live-on-long-island HTTP/1.1" 200 13358 "http://ispc.klape.eu/platby/72zbxoz/how-to-defend-yourself-against-false-accusations" "Mozilla/5.0 (Linux; Android 7.0;) AppleWebKit/537.36 (KHTML, like Gecko) Mobile Safari/537.36 (compatible; PetalBot;+https://webmaster.petalsearch.com/site/petalbot)"
185.191.171.14 - - [13/Dec/2025:10:06:59 +0100] "GET /platby/hca/pixel-3-xl-fingerprint-hardware-not-available HTTP/1.1" 200 6576 "-" "Mozilla/5.0 (compatible; SemrushBot/7~bl; +http://www.semrush.com/bot.html)"
85.208.96.205 - - [13/Dec/2025:10:07:13 +0100] "GET /platby/hca/regional-municipality-of-niagara HTTP/1.1" 200 8152 "-" "Mozilla/5.0 (compatible; SemrushBot/7~bl; +http://www.semrush.com/bot.html)"
85.208.96.193 - - [13/Dec/2025:10:07:24 +0100] "GET /platby/hca/affordable-hair-transplant-singapore HTTP/1.1" 200 9342 "-" "Mozilla/5.0 (compatible; SemrushBot/7~bl; +http://www.semrush.com/bot.html)"
114.119.139.112 - - [13/Dec/2025:10:08:04 +0100] "GET /platby/72zbxoz/sourcetree-alternative HTTP/1.1" 200 12671 "http://ispc.klape.eu/platby/72zbxoz/one-man-can-make-a-difference-knight-rider" "Mozilla/5.0 (Linux; Android 7.0;) AppleWebKit/537.36 (KHTML, like Gecko) Mobile Safari/537.36 (compatible; PetalBot;+https://webmaster.petalsearch.com/site/petalbot)"
185.191.171.14 - - [13/Dec/2025:10:08:29 +0100] "GET /platby/uwoy9/grove-school-teachers HTTP/1.1" 200 8021 "-" "Mozilla/5.0 (compatible; SemrushBot/7~bl; +http://www.semrush.com/bot.html)"
85.208.96.206 - - [13/Dec/2025:10:08:58 +0100] "GET /platby/uwoy9/how-to-lace-jordan-1-with-2-laces HTTP/1.1" 200 9450 "-" "Mozilla/5.0 (compatible; SemrushBot/7~bl; +http://www.semrush.com/bot.html)"
85.208.96.193 - - [13/Dec/2025:10:09:08 +0100] "GET /platby/72zbxoz/bidco-vs-gor-mahia-live-score HTTP/1.1" 200 12302 "-" "Mozilla/5.0 (compatible; SemrushBot/7~bl; +http://www.semrush.com/bot.html)"
114.119.152.142 - - [13/Dec/2025:10:09:29 +0100] "GET /platby/72zbxoz/law-and-order-vaya-con-dios-supreme-court-decision HTTP/1.1" 200 12883 "http://ispc.klape.eu/platby/72zbxoz/law-and-order-vaya-con-dios-supreme-court-decision" "Mozilla/5.0 (Linux; Android 7.0;) AppleWebKit/537.36 (KHTML, like Gecko) Mobile Safari/537.36 (compatible; PetalBot;+https://webmaster.petalsearch.com/site/petalbot)"
85.208.96.208 - - [13/Dec/2025:10:10:05 +0100] "GET /platby/aohwuyx/circuit-breaker-replacement-cost HTTP/1.1" 200 12197 "-" "Mozilla/5.0 (compatible; SemrushBot/7~bl; +http://www.semrush.com/bot.html)"
85.208.96.208 - - [13/Dec/2025:10:10:08 +0100] "GET /platby/aohwuyx/confluence-workflow-diagram HTTP/1.1" 200 12279 "-" "Mozilla/5.0 (compatible; SemrushBot/7~bl; +http://www.semrush.com/bot.html)"
195.177.94.189 - - [13/Dec/2025:10:10:14 +0100] "GET /phpmyadmin/scripts/setup.php HTTP/1.1" 200 11106 "-" "Mozilla/4.0 (compatible; MSIE 6.0; MSIE 5.5; Windows NT 5.1) Opera 7.01 [en]"
195.177.94.189 - - [13/Dec/2025:10:10:15 +0100] "POST /phpmyadmin/scripts/setup.php HTTP/1.1" 200 18608 "http://109.105.49.240:8081/phpmyadmin/scripts/setup.php" "Mozilla/4.0 (compatible; MSIE 6.0; MSIE 5.5; Windows NT 5.1) Opera 7.01 [en]"
85.208.96.198 - - [13/Dec/2025:10:10:34 +0100] "GET /platby/uwoy9/michael-mcintyre-big-show-series-6 HTTP/1.1" 200 8761 "-" "Mozilla/5.0 (compatible; SemrushBot/7~bl; +http://www.semrush.com/bot.html)"
114.119.139.112 - - [13/Dec/2025:10:10:53 +0100] "GET /platby/qqap/koopmeiners-transfermarkt HTTP/1.1" 200 9708 "http://ispc.klape.eu/platby/qqap/the-social-dilemma-key-points" "Mozilla/5.0 (Linux; Android 7.0;) AppleWebKit/537.36 (KHTML, like Gecko) Mobile Safari/537.36 (compatible; PetalBot;+https://webmaster.petalsearch.com/site/petalbot)"
85.208.96.208 - - [13/Dec/2025:10:10:53 +0100] "GET /platby/aohwuyx/scientific-laws-examples HTTP/1.1" 200 7542 "-" "Mozilla/5.0 (compatible; SemrushBot/7~bl; +http://www.semrush.com/bot.html)"
185.191.171.16 - - [13/Dec/2025:10:11:02 +0100] "GET /platby/72zbxoz/samsung-s9-power-button-not-working HTTP/1.1" 200 8446 "-" "Mozilla/5.0 (compatible; SemrushBot/7~bl; +http://www.semrush.com/bot.html)"
85.208.96.208 - - [13/Dec/2025:10:11:04 +0100] "GET /platby/aohwuyx/fighting-jays-solar-project-address HTTP/1.1" 200 12972 "-" "Mozilla/5.0 (compatible; SemrushBot/7~bl; +http://www.semrush.com/bot.html)"
79.124.40.174 - - [13/Dec/2025:10:11:13 +0100] "GET /" 400 468 "-" "-"
195.177.94.189 - - [13/Dec/2025:10:11:20 +0100] "GET /phpmyadmin/scripts/setup.php HTTP/1.1" 200 11105 "-" "Mozilla/4.0 (compatible; MSIE 6.0; MSIE 5.5; Windows NT 5.1) Opera 7.01 [en]"
195.177.94.189 - - [13/Dec/2025:10:11:20 +0100] "POST /phpmyadmin/scripts/setup.php HTTP/1.1" 200 18608 "http://109.105.49.240:443/phpmyadmin/scripts/setup.php" "Mozilla/4.0 (compatible; MSIE 6.0; MSIE 5.5; Windows NT 5.1) Opera 7.01 [en]"
185.191.171.5 - - [13/Dec/2025:10:11:42 +0100] "GET /platby/aohwuyx/qatar-world-cup-stadiums-deaths HTTP/1.1" 200 10068 "-" "Mozilla/5.0 (compatible; SemrushBot/7~bl; +http://www.semrush.com/bot.html)"
85.208.96.205 - - [13/Dec/2025:10:12:08 +0100] "GET /platby/qqap/best-center-backs-fifa-21 HTTP/1.1" 200 6358 "-" "Mozilla/5.0 (compatible; SemrushBot/7~bl; +http://www.semrush.com/bot.html)"
114.119.140.102 - - [13/Dec/2025:10:12:17 +0100] "GET /platby/72zbxoz/how-to-earn-money-through-whatsapp-status HTTP/1.1" 200 10282 "http://ispc.klape.eu/platby/72zbxoz/fort-mchenry-star-spangled-banner" "Mozilla/5.0 (Linux; Android 7.0;) AppleWebKit/537.36 (KHTML, like Gecko) Mobile Safari/537.36 (compatible; PetalBot;+https://webmaster.petalsearch.com/site/petalbot)"
185.191.171.8 - - [13/Dec/2025:10:12:53 +0100] "GET /platby/hca/manhattan-college-swimming-pool HTTP/1.1" 200 6475 "-" "Mozilla/5.0 (compatible; SemrushBot/7~bl; +http://www.semrush.com/bot.html)"
185.191.171.18 - - [13/Dec/2025:10:13:15 +0100] "GET /platby/aohwuyx/sanzari-construction-net-worth HTTP/1.1" 200 11622 "-" "Mozilla/5.0 (compatible; SemrushBot/7~bl; +http://www.semrush.com/bot.html)"
114.119.129.163 - - [13/Dec/2025:10:13:42 +0100] "GET /platby/72zbxoz/how-to-create-bundle-identifier-in-xcode HTTP/1.1" 200 12659 "http://ispc.klape.eu/platby/72zbxoz/how-to-create-bundle-identifier-in-xcode" "Mozilla/5.0 (Linux; Android 7.0;) AppleWebKit/537.36 (KHTML, like Gecko) Mobile Safari/537.36 (compatible; PetalBot;+https://webmaster.petalsearch.com/site/petalbot)"
185.191.171.4 - - [13/Dec/2025:10:13:51 +0100] "GET /platby/hca/fancy-jewellery-wholesale HTTP/1.1" 200 6809 "-" "Mozilla/5.0 (compatible; SemrushBot/7~bl; +http://www.semrush.com/bot.html)"
85.208.96.200 - - [13/Dec/2025:10:13:58 +0100] "GET /platby/qqap/oklahoma-city-university-outside-scholarships HTTP/1.1" 200 6884 "-" "Mozilla/5.0 (compatible; SemrushBot/7~bl; +http://www.semrush.com/bot.html)"
185.191.171.10 - - [13/Dec/2025:10:14:27 +0100] "GET /platby/hca/fisher-house-foundation HTTP/1.1" 200 11244 "-" "Mozilla/5.0 (compatible; SemrushBot/7~bl; +http://www.semrush.com/bot.html)"
85.208.96.210 - - [13/Dec/2025:10:14:46 +0100] "GET /platby/hca/emotional-evaluation-test HTTP/1.1" 200 8604 "-" "Mozilla/5.0 (compatible; SemrushBot/7~bl; +http://www.semrush.com/bot.html)"
45.156.129.71 - - [13/Dec/2025:10:14:55 +0100] "\x16\x03\x01" 403 265 "-" "-"
45.156.129.70 - - [13/Dec/2025:10:14:58 +0100] "\x16\x03\x01\x01" 403 265 "-" "-"
114.119.129.163 - - [13/Dec/2025:10:15:03 +0100] "GET /platby/article.php?5d4c26=large-group-workouts HTTP/1.1" 200 6997 "http://ispc.klape.eu/platby/article.php?5d4c26=fancy-bear-twitter" "Mozilla/5.0 (Linux; Android 7.0;) AppleWebKit/537.36 (KHTML, like Gecko) Mobile Safari/537.36 (compatible; PetalBot;+https://webmaster.petalsearch.com/site/petalbot)"
185.191.171.6 - - [13/Dec/2025:10:15:15 +0100] "GET /platby/qqap/pre-listening-activities-examples HTTP/1.1" 200 11979 "-" "Mozilla/5.0 (compatible; SemrushBot/7~bl; +http://www.semrush.com/bot.html)"
216.244.66.239 - - [13/Dec/2025:10:15:19 +0100] "GET /robots.txt HTTP/1.1" 200 34 "-" "Mozilla/5.0 (compatible; DotBot/1.2; +https://opensiteexplorer.org/dotbot; help@moz.com)"
185.191.171.16 - - [13/Dec/2025:10:15:22 +0100] "GET /platby/uwoy9/migratory-birds-in-mississippi HTTP/1.1" 200 8803 "-" "Mozilla/5.0 (compatible; SemrushBot/7~bl; +http://www.semrush.com/bot.html)"
100.29.160.53 - - [13/Dec/2025:10:15:49 +0100] "GET /platby/aohwuyx/masters-in-propulsion-engineering-in-usa HTTP/1.1" 200 8712 "-" "Mozilla/5.0 AppleWebKit/537.36 (KHTML, like Gecko; compatible; Amazonbot/0.1; +https://developer.amazon.com/support/amazonbot) Chrome/119.0.6045.214 Safari/537.36"
44.208.223.68 - - [13/Dec/2025:10:15:52 +0100] "GET /platby/aohwuyx/chin-basketball-player HTTP/1.1" 200 13787 "-" "Mozilla/5.0 AppleWebKit/537.36 (KHTML, like Gecko; compatible; Amazonbot/0.1; +https://developer.amazon.com/support/amazonbot) Chrome/119.0.6045.214 Safari/537.36"
3.89.170.186 - - [13/Dec/2025:10:15:52 +0100] "GET /platby/aohwuyx/olympic-athletes-2021-nz HTTP/1.1" 200 7807 "-" "Mozilla/5.0 AppleWebKit/537.36 (KHTML, like Gecko; compatible; Amazonbot/0.1; +https://developer.amazon.com/support/amazonbot) Chrome/119.0.6045.214 Safari/537.36"
185.191.171.6 - - [13/Dec/2025:10:15:54 +0100] "GET /platby/aohwuyx/st-paul-saints-record-2021 HTTP/1.1" 200 10887 "-" "Mozilla/5.0 (compatible; SemrushBot/7~bl; +http://www.semrush.com/bot.html)"
185.191.171.9 - - [13/Dec/2025:10:15:56 +0100] "GET /platby/hca/ebay-discount-code-hotukdeals HTTP/1.1" 200 12333 "-" "Mozilla/5.0 (compatible; SemrushBot/7~bl; +http://www.semrush.com/bot.html)"
23.21.204.95 - - [13/Dec/2025:10:15:56 +0100] "GET /platby/qqap/donovan-smith-sacks-allowed HTTP/1.1" 200 7621 "-" "Mozilla/5.0 AppleWebKit/537.36 (KHTML, like Gecko; compatible; Amazonbot/0.1; +https://developer.amazon.com/support/amazonbot) Chrome/119.0.6045.214 Safari/537.36"
18.204.89.56 - - [13/Dec/2025:10:16:02 +0100] "GET /platby/aohwuyx/youngest-england-football-player-2021 HTTP/1.1" 200 13584 "-" "Mozilla/5.0 AppleWebKit/537.36 (KHTML, like Gecko; compatible; Amazonbot/0.1; +https://developer.amazon.com/support/amazonbot) Chrome/119.0.6045.214 Safari/537.36"
44.220.2.97 - - [13/Dec/2025:10:16:04 +0100] "GET /platby/aohwuyx/giethoorn-weather-year-round HTTP/1.1" 200 9840 "-" "Mozilla/5.0 AppleWebKit/537.36 (KHTML, like Gecko; compatible; Amazonbot/0.1; +https://developer.amazon.com/support/amazonbot) Chrome/119.0.6045.214 Safari/537.36"
52.3.104.214 - - [13/Dec/2025:10:16:09 +0100] "GET /platby/aohwuyx/girls-soccer-teams-near-me HTTP/1.1" 200 9896 "-" "Mozilla/5.0 AppleWebKit/537.36 (KHTML, like Gecko; compatible; Amazonbot/0.1; +https://developer.amazon.com/support/amazonbot) Chrome/119.0.6045.214 Safari/537.36"
3.222.85.38 - - [13/Dec/2025:10:16:12 +0100] "GET /platby/qqap/when-was-don't-worry-be-happy-released HTTP/1.1" 200 12567 "-" "Mozilla/5.0 AppleWebKit/537.36 (KHTML, like Gecko; compatible; Amazonbot/0.1; +https://developer.amazon.com/support/amazonbot) Chrome/119.0.6045.214 Safari/537.36"
52.73.142.41 - - [13/Dec/2025:10:16:16 +0100] "GET /platby/aohwuyx/best-very-short-introductions HTTP/1.1" 200 8975 "-" "Mozilla/5.0 AppleWebKit/537.36 (KHTML, like Gecko; compatible; Amazonbot/0.1; +https://developer.amazon.com/support/amazonbot) Chrome/119.0.6045.214 Safari/537.36"
54.144.185.255 - - [13/Dec/2025:10:16:20 +0100] "GET /platby/qqap/loneliness-is-next-to-godliness HTTP/1.1" 200 10279 "-" "Mozilla/5.0 AppleWebKit/537.36 (KHTML, like Gecko; compatible; Amazonbot/0.1; +https://developer.amazon.com/support/amazonbot) Chrome/119.0.6045.214 Safari/537.36"
23.23.104.107 - - [13/Dec/2025:10:16:26 +0100] "GET /platby/aohwuyx/nick-harris-southampton HTTP/1.1" 200 12707 "-" "Mozilla/5.0 AppleWebKit/537.36 (KHTML, like Gecko; compatible; Amazonbot/0.1; +https://developer.amazon.com/support/amazonbot) Chrome/119.0.6045.214 Safari/537.36"
114.119.139.112 - - [13/Dec/2025:10:16:26 +0100] "GET /platby/aohwuyx/fingerprint-sensor-calibration-needed---samsung-a51 HTTP/1.1" 200 11250 "http://ispc.klape.eu/platby/aohwuyx/how-to-extract-data-from-jira-using-api" "Mozilla/5.0 (Linux; Android 7.0;) AppleWebKit/537.36 (KHTML, like Gecko) Mobile Safari/537.36 (compatible; PetalBot;+https://webmaster.petalsearch.com/site/petalbot)"
54.147.238.89 - - [13/Dec/2025:10:16:29 +0100] "GET /platby/qqap/jefferson-county-wv-chicken-laws HTTP/1.1" 200 12645 "-" "Mozilla/5.0 AppleWebKit/537.36 (KHTML, like Gecko; compatible; Amazonbot/0.1; +https://developer.amazon.com/support/amazonbot) Chrome/119.0.6045.214 Safari/537.36"
23.21.204.95 - - [13/Dec/2025:10:16:32 +0100] "GET /platby/uwoy9/definitions-of-psychology-by-different-authors HTTP/1.1" 200 11916 "-" "Mozilla/5.0 AppleWebKit/537.36 (KHTML, like Gecko; compatible; Amazonbot/0.1; +https://developer.amazon.com/support/amazonbot) Chrome/119.0.6045.214 Safari/537.36"
23.23.137.202 - - [13/Dec/2025:10:16:37 +0100] "GET /platby/aohwuyx/darryl-williams-bullyjuice HTTP/1.1" 200 10202 "-" "Mozilla/5.0 AppleWebKit/537.36 (KHTML, like Gecko; compatible; Amazonbot/0.1; +https://developer.amazon.com/support/amazonbot) Chrome/119.0.6045.214 Safari/537.36"
52.3.156.186 - - [13/Dec/2025:10:16:41 +0100] "GET /platby/aohwuyx/jordan-4-cool-grey-real-vs-fake HTTP/1.1" 200 11567 "-" "Mozilla/5.0 AppleWebKit/537.36 (KHTML, like Gecko; compatible; Amazonbot/0.1; +https://developer.amazon.com/support/amazonbot) Chrome/119.0.6045.214 Safari/537.36"
44.194.134.53 - - [13/Dec/2025:10:16:46 +0100] "GET /platby/qqap/morris-claiborne-wonderlic HTTP/1.1" 200 8247 "-" "Mozilla/5.0 AppleWebKit/537.36 (KHTML, like Gecko; compatible; Amazonbot/0.1; +https://developer.amazon.com/support/amazonbot) Chrome/119.0.6045.214 Safari/537.36"
34.199.252.22 - - [13/Dec/2025:10:16:48 +0100] "GET /platby/aohwuyx/american-wellness-stock HTTP/1.1" 200 8226 "-" "Mozilla/5.0 AppleWebKit/537.36 (KHTML, like Gecko; compatible; Amazonbot/0.1; +https://developer.amazon.com/support/amazonbot) Chrome/119.0.6045.214 Safari/537.36"
34.227.156.153 - - [13/Dec/2025:10:16:53 +0100] "GET /platby/aohwuyx/bill-russell-kobe-bryant HTTP/1.1" 200 7666 "-" "Mozilla/5.0 AppleWebKit/537.36 (KHTML, like Gecko; compatible; Amazonbot/0.1; +https://developer.amazon.com/support/amazonbot) Chrome/119.0.6045.214 Safari/537.36"
44.209.187.99 - - [13/Dec/2025:10:16:57 +0100] "GET /platby/aohwuyx/west-virginia-solar-power HTTP/1.1" 200 12688 "-" "Mozilla/5.0 AppleWebKit/537.36 (KHTML, like Gecko; compatible; Amazonbot/0.1; +https://developer.amazon.com/support/amazonbot) Chrome/119.0.6045.214 Safari/537.36"
54.166.126.132 - - [13/Dec/2025:10:17:00 +0100] "GET /platby/aohwuyx/after-the-love-has-gone-david-foster HTTP/1.1" 200 10614 "-" "Mozilla/5.0 AppleWebKit/537.36 (KHTML, like Gecko; compatible; Amazonbot/0.1; +https://developer.amazon.com/support/amazonbot) Chrome/119.0.6045.214 Safari/537.36"
54.91.122.193 - - [13/Dec/2025:10:17:05 +0100] "GET /platby/aohwuyx/khaki-campbell-ducks-as-pets HTTP/1.1" 200 9274 "-" "Mozilla/5.0 AppleWebKit/537.36 (KHTML, like Gecko; compatible; Amazonbot/0.1; +https://developer.amazon.com/support/amazonbot) Chrome/119.0.6045.214 Safari/537.36"
34.194.165.45 - - [13/Dec/2025:10:17:10 +0100] "GET /platby/qqap/nba-schedule-release-date-2021-22 HTTP/1.1" 200 9639 "-" "Mozilla/5.0 AppleWebKit/537.36 (KHTML, like Gecko; compatible; Amazonbot/0.1; +https://developer.amazon.com/support/amazonbot) Chrome/119.0.6045.214 Safari/537.36"
44.221.180.179 - - [13/Dec/2025:10:17:12 +0100] "GET /platby/aohwuyx/isaiah-simmons-madden-21-franchise HTTP/1.1" 200 12650 "-" "Mozilla/5.0 AppleWebKit/537.36 (KHTML, like Gecko; compatible; Amazonbot/0.1; +https://developer.amazon.com/support/amazonbot) Chrome/119.0.6045.214 Safari/537.36"
34.233.114.237 - - [13/Dec/2025:10:17:16 +0100] "GET /platby/aohwuyx/villarreal-vs-real-sociedad-prediction HTTP/1.1" 200 13354 "-" "Mozilla/5.0 AppleWebKit/537.36 (KHTML, like Gecko; compatible; Amazonbot/0.1; +https://developer.amazon.com/support/amazonbot) Chrome/119.0.6045.214 Safari/537.36"
85.208.96.196 - - [13/Dec/2025:10:17:18 +0100] "GET /platby/aohwuyx/chicago-bears-2019-record HTTP/1.1" 200 12324 "-" "Mozilla/5.0 (compatible; SemrushBot/7~bl; +http://www.semrush.com/bot.html)"
85.208.96.201 - - [13/Dec/2025:10:17:22 +0100] "GET /platby/uwoy9/vilayati-sharaab-cast-name HTTP/1.1" 200 11966 "-" "Mozilla/5.0 (compatible; SemrushBot/7~bl; +http://www.semrush.com/bot.html)"
185.191.171.13 - - [13/Dec/2025:10:17:24 +0100] "GET /platby/qqap/is-college-park-a-city-in-maryland HTTP/1.1" 200 6433 "-" "Mozilla/5.0 (compatible; SemrushBot/7~bl; +http://www.semrush.com/bot.html)"
114.119.140.102 - - [13/Dec/2025:10:17:50 +0100] "GET /platby/72zbxoz/all-right,-all-right,-all-right-meme HTTP/1.1" 200 13009 "http://ispc.klape.eu/platby/72zbxoz/things-to-do-in-mystic%2C-ct-this-weekend" "Mozilla/5.0 (Linux; Android 7.0;) AppleWebKit/537.36 (KHTML, like Gecko) Mobile Safari/537.36 (compatible; PetalBot;+https://webmaster.petalsearch.com/site/petalbot)"
185.191.171.19 - - [13/Dec/2025:10:18:00 +0100] "GET /platby/hca/texas-thistle-benefits HTTP/1.1" 200 12895 "-" "Mozilla/5.0 (compatible; SemrushBot/7~bl; +http://www.semrush.com/bot.html)"
85.208.96.211 - - [13/Dec/2025:10:18:05 +0100] "GET /platby/uwoy9/las-vegas-raiders-club-seats HTTP/1.1" 200 13308 "-" "Mozilla/5.0 (compatible; SemrushBot/7~bl; +http://www.semrush.com/bot.html)"
85.208.96.195 - - [13/Dec/2025:10:18:07 +0100] "GET /platby/hca/university-of-maryland-enrollment-2020 HTTP/1.1" 200 7692 "-" "Mozilla/5.0 (compatible; SemrushBot/7~bl; +http://www.semrush.com/bot.html)"
204.76.203.212 - - [13/Dec/2025:10:18:24 +0100] "GET /" 400 468 "-" "-"
79.124.40.174 - - [13/Dec/2025:10:18:41 +0100] "GET /" 400 468 "-" "-"
185.191.171.9 - - [13/Dec/2025:10:18:46 +0100] "GET /platby/qqap/carlos-watkins-college-stats HTTP/1.1" 200 9639 "-" "Mozilla/5.0 (compatible; SemrushBot/7~bl; +http://www.semrush.com/bot.html)"
85.208.96.193 - - [13/Dec/2025:10:18:48 +0100] "GET /platby/72zbxoz/sunpower-maxeon-3-400w-for-sale HTTP/1.1" 200 13872 "-" "Mozilla/5.0 (compatible; SemrushBot/7~bl; +http://www.semrush.com/bot.html)"
5.182.209.113 - - [13/Dec/2025:10:18:53 +0100] "\x16\x03\x01" 403 265 "-" "-"
5.182.209.113 - - [13/Dec/2025:10:18:53 +0100] "\x16\x03\x01" 403 265 "-" "-"
5.182.209.113 - - [13/Dec/2025:10:18:53 +0100] "\x16\x03\x01" 403 265 "-" "-"
5.182.209.113 - - [13/Dec/2025:10:18:53 +0100] "\x16\x03\x01" 403 265 "-" "-"
114.119.130.237 - - [13/Dec/2025:10:19:15 +0100] "GET /platby/qqap/cause-of-covid-19-pandemic HTTP/1.1" 200 7594 "http://ispc.klape.eu/platby/qqap/cause-of-covid-19-pandemic" "Mozilla/5.0 (Linux; Android 7.0;) AppleWebKit/537.36 (KHTML, like Gecko) Mobile Safari/537.36 (compatible; PetalBot;+https://webmaster.petalsearch.com/site/petalbot)"
185.191.171.12 - - [13/Dec/2025:10:19:20 +0100] "GET /platby/hca/rocket-nozzle-equations HTTP/1.1" 200 5815 "-" "Mozilla/5.0 (compatible; SemrushBot/7~bl; +http://www.semrush.com/bot.html)"
85.208.96.197 - - [13/Dec/2025:10:19:22 +0100] "GET /platby/aohwuyx/lindsay-duncan-merlin HTTP/1.1" 200 7393 "-" "Mozilla/5.0 (compatible; SemrushBot/7~bl; +http://www.semrush.com/bot.html)"
85.208.96.209 - - [13/Dec/2025:10:19:24 +0100] "GET /platby/72zbxoz/describe-the-executive-offices-that-support-the-president HTTP/1.1" 200 8363 "-" "Mozilla/5.0 (compatible; SemrushBot/7~bl; +http://www.semrush.com/bot.html)"
185.191.171.8 - - [13/Dec/2025:10:19:47 +0100] "GET /platby/hca/are-thresher-sharks-endangered HTTP/1.1" 200 10852 "-" "Mozilla/5.0 (compatible; SemrushBot/7~bl; +http://www.semrush.com/bot.html)"
85.208.96.205 - - [13/Dec/2025:10:19:59 +0100] "GET /platby/aohwuyx/high-roller-urban-dictionary HTTP/1.1" 200 11370 "-" "Mozilla/5.0 (compatible; SemrushBot/7~bl; +http://www.semrush.com/bot.html)"
185.191.171.19 - - [13/Dec/2025:10:20:14 +0100] "GET /platby/aohwuyx/atlassian-founders-house HTTP/1.1" 200 8238 "-" "Mozilla/5.0 (compatible; SemrushBot/7~bl; +http://www.semrush.com/bot.html)"
204.76.203.206 - - [13/Dec/2025:10:20:55 +0100] "GET /" 400 468 "-" "-"
85.208.96.207 - - [13/Dec/2025:10:21:04 +0100] "GET /platby/aohwuyx/topnotch-resort-stowe HTTP/1.1" 200 12333 "-" "Mozilla/5.0 (compatible; SemrushBot/7~bl; +http://www.semrush.com/bot.html)"
85.208.96.198 - - [13/Dec/2025:10:21:24 +0100] "GET /platby/aohwuyx/prep-stars-basketball-camp HTTP/1.1" 200 14562 "-" "Mozilla/5.0 (compatible; SemrushBot/7~bl; +http://www.semrush.com/bot.html)"
216.244.66.239 - - [13/Dec/2025:10:21:36 +0100] "GET /platby/article.php?5d4c26=agile-coach-objectives HTTP/1.1" 200 24777 "-" "Mozilla/5.0 (compatible; DotBot/1.2; +https://opensiteexplorer.org/dotbot; help@moz.com)"
216.244.66.239 - - [13/Dec/2025:10:21:41 +0100] "GET /platby/article.php?5d4c26=lyft-ipo-price HTTP/1.1" 200 23355 "-" "Mozilla/5.0 (compatible; DotBot/1.2; +https://opensiteexplorer.org/dotbot; help@moz.com)"
216.244.66.239 - - [13/Dec/2025:10:21:45 +0100] "GET /platby/article.php?5d4c26=madden-17-ps3-ebay HTTP/1.1" 200 23335 "-" "Mozilla/5.0 (compatible; DotBot/1.2; +https://opensiteexplorer.org/dotbot; help@moz.com)"
216.244.66.239 - - [13/Dec/2025:10:21:48 +0100] "GET /platby/article.php?5d4c26=mixing-beer-and-whiskey HTTP/1.1" 200 18576 "-" "Mozilla/5.0 (compatible; DotBot/1.2; +https://opensiteexplorer.org/dotbot; help@moz.com)"
216.244.66.239 - - [13/Dec/2025:10:21:52 +0100] "GET /platby/article.php?5d4c26=pashto-musafar-drama HTTP/1.1" 200 17341 "-" "Mozilla/5.0 (compatible; DotBot/1.2; +https://opensiteexplorer.org/dotbot; help@moz.com)"
216.244.66.239 - - [13/Dec/2025:10:21:55 +0100] "GET /platby/article.php?5d4c26=pbs-passport-app HTTP/1.1" 200 22035 "-" "Mozilla/5.0 (compatible; DotBot/1.2; +https://opensiteexplorer.org/dotbot; help@moz.com)"
216.244.66.239 - - [13/Dec/2025:10:21:58 +0100] "GET /platby/article.php?5d4c26=tigers-vs-raiders HTTP/1.1" 200 20884 "-" "Mozilla/5.0 (compatible; DotBot/1.2; +https://opensiteexplorer.org/dotbot; help@moz.com)"
216.244.66.239 - - [13/Dec/2025:10:22:00 +0100] "GET /platby/article.php?5d4c26=wow-customer-service HTTP/1.1" 200 22233 "-" "Mozilla/5.0 (compatible; DotBot/1.2; +https://opensiteexplorer.org/dotbot; help@moz.com)"
216.244.66.239 - - [13/Dec/2025:10:22:02 +0100] "GET /platby/article.php?5d4c26=Armavia-Flight-967 HTTP/1.1" 200 24907 "-" "Mozilla/5.0 (compatible; DotBot/1.2; +https://opensiteexplorer.org/dotbot; help@moz.com)"
216.244.66.239 - - [13/Dec/2025:10:22:03 +0100] "GET /platby/article.php?5d4c26=World-War-Hulk HTTP/1.1" 200 15874 "-" "Mozilla/5.0 (compatible; DotBot/1.2; +https://opensiteexplorer.org/dotbot; help@moz.com)"
216.244.66.239 - - [13/Dec/2025:10:22:05 +0100] "GET /platby/article.php?5d4c26=bard%27s-tale-1-maps HTTP/1.1" 200 18363 "-" "Mozilla/5.0 (compatible; DotBot/1.2; +https://opensiteexplorer.org/dotbot; help@moz.com)"
204.76.203.206 - - [13/Dec/2025:10:22:06 +0100] "GET / HTTP/1.1" 200 316 "-" "Mozilla/5.0 (Windows NT 10.0; Win64; x64) AppleWebKit/537.36 (KHTML, like Gecko) Chrome/90.0.4430.85 Safari/537.36 Edg/90.0.818.46"
216.244.66.239 - - [13/Dec/2025:10:22:06 +0100] "GET /platby/article.php?5d4c26=chamber-of-commerce-purpose HTTP/1.1" 200 20010 "-" "Mozilla/5.0 (compatible; DotBot/1.2; +https://opensiteexplorer.org/dotbot; help@moz.com)"
216.244.66.239 - - [13/Dec/2025:10:22:08 +0100] "GET /platby/article.php?5d4c26=emuaid-nail-fungus-walgreens HTTP/1.1" 200 24286 "-" "Mozilla/5.0 (compatible; DotBot/1.2; +https://opensiteexplorer.org/dotbot; help@moz.com)"
216.244.66.239 - - [13/Dec/2025:10:22:10 +0100] "GET /platby/article.php?5d4c26=half-life-2%3A-downfall-review HTTP/1.1" 200 20677 "-" "Mozilla/5.0 (compatible; DotBot/1.2; +https://opensiteexplorer.org/dotbot; help@moz.com)"
216.244.66.239 - - [13/Dec/2025:10:22:11 +0100] "GET /platby/article.php?5d4c26=lois-rice-brampton HTTP/1.1" 200 25822 "-" "Mozilla/5.0 (compatible; DotBot/1.2; +https://opensiteexplorer.org/dotbot; help@moz.com)"
216.244.66.239 - - [13/Dec/2025:10:22:12 +0100] "GET /platby/article.php?5d4c26=lords-of-dogtown-movie HTTP/1.1" 200 24667 "-" "Mozilla/5.0 (compatible; DotBot/1.2; +https://opensiteexplorer.org/dotbot; help@moz.com)"
216.244.66.239 - - [13/Dec/2025:10:22:13 +0100] "GET /platby/article.php?5d4c26=minecraft-dungeons-18 HTTP/1.1" 200 17908 "-" "Mozilla/5.0 (compatible; DotBot/1.2; +https://opensiteexplorer.org/dotbot; help@moz.com)"
85.208.96.199 - - [13/Dec/2025:10:22:13 +0100] "GET /platby/uwoy9/baseball-font-with-outline HTTP/1.1" 200 9753 "-" "Mozilla/5.0 (compatible; SemrushBot/7~bl; +http://www.semrush.com/bot.html)"
216.244.66.239 - - [13/Dec/2025:10:22:15 +0100] "GET /platby/article.php?5d4c26=mt-hood-elevation-gain HTTP/1.1" 200 19913 "-" "Mozilla/5.0 (compatible; DotBot/1.2; +https://opensiteexplorer.org/dotbot; help@moz.com)"
216.244.66.239 - - [13/Dec/2025:10:22:16 +0100] "GET /platby/article.php?5d4c26=optus-stadium-tours HTTP/1.1" 200 17761 "-" "Mozilla/5.0 (compatible; DotBot/1.2; +https://opensiteexplorer.org/dotbot; help@moz.com)"
216.244.66.239 - - [13/Dec/2025:10:22:17 +0100] "GET /platby/article.php?5d4c26=peoples-temple-website HTTP/1.1" 200 17848 "-" "Mozilla/5.0 (compatible; DotBot/1.2; +https://opensiteexplorer.org/dotbot; help@moz.com)"
216.244.66.239 - - [13/Dec/2025:10:22:18 +0100] "GET /platby/article.php?5d4c26=plab-exam-requirements HTTP/1.1" 200 18277 "-" "Mozilla/5.0 (compatible; DotBot/1.2; +https://opensiteexplorer.org/dotbot; help@moz.com)"
216.244.66.239 - - [13/Dec/2025:10:22:19 +0100] "GET /platby/article.php?5d4c26=ps4-camera-v2-stand HTTP/1.1" 200 20542 "-" "Mozilla/5.0 (compatible; DotBot/1.2; +https://opensiteexplorer.org/dotbot; help@moz.com)"
216.244.66.239 - - [13/Dec/2025:10:22:20 +0100] "GET /platby/article.php?5d4c26=puma-cali-sport HTTP/1.1" 200 25806 "-" "Mozilla/5.0 (compatible; DotBot/1.2; +https://opensiteexplorer.org/dotbot; help@moz.com)"
216.244.66.239 - - [13/Dec/2025:10:22:21 +0100] "GET /platby/article.php?5d4c26=rock-band-4-drums HTTP/1.1" 200 17107 "-" "Mozilla/5.0 (compatible; DotBot/1.2; +https://opensiteexplorer.org/dotbot; help@moz.com)"
216.244.66.239 - - [13/Dec/2025:10:22:25 +0100] "GET /platby/article.php?5d4c26=s3-vs-lightsail HTTP/1.1" 200 21793 "-" "Mozilla/5.0 (compatible; DotBot/1.2; +https://opensiteexplorer.org/dotbot; help@moz.com)"
216.244.66.239 - - [13/Dec/2025:10:22:27 +0100] "GET /platby/article.php?5d4c26=spacelords-steam-charts HTTP/1.1" 200 19882 "-" "Mozilla/5.0 (compatible; DotBot/1.2; +https://opensiteexplorer.org/dotbot; help@moz.com)"
85.208.96.195 - - [13/Dec/2025:10:22:28 +0100] "GET /platby/hca/calories-burned-in-1-hour-gym-workout HTTP/1.1" 200 12705 "-" "Mozilla/5.0 (compatible; SemrushBot/7~bl; +http://www.semrush.com/bot.html)"
216.244.66.239 - - [13/Dec/2025:10:22:30 +0100] "GET /platby/article.php?5d4c26=state-of-origin-afl HTTP/1.1" 200 24544 "-" "Mozilla/5.0 (compatible; DotBot/1.2; +https://opensiteexplorer.org/dotbot; help@moz.com)"
216.244.66.239 - - [13/Dec/2025:10:22:32 +0100] "GET /platby/article.php?5d4c26=stephanie-mills-height HTTP/1.1" 200 23134 "-" "Mozilla/5.0 (compatible; DotBot/1.2; +https://opensiteexplorer.org/dotbot; help@moz.com)"
185.191.171.19 - - [13/Dec/2025:10:22:33 +0100] "GET /platby/uwoy9/augusta-georgia-to-atlanta-georgia HTTP/1.1" 200 8615 "-" "Mozilla/5.0 (compatible; SemrushBot/7~bl; +http://www.semrush.com/bot.html)"
216.244.66.239 - - [13/Dec/2025:10:22:35 +0100] "GET /platby/article.php?5d4c26=supported-bridge-pose HTTP/1.1" 200 23062 "-" "Mozilla/5.0 (compatible; DotBot/1.2; +https://opensiteexplorer.org/dotbot; help@moz.com)"
216.244.66.239 - - [13/Dec/2025:10:22:38 +0100] "GET /platby/article.php?5d4c26=treble-reunion-match HTTP/1.1" 200 21539 "-" "Mozilla/5.0 (compatible; DotBot/1.2; +https://opensiteexplorer.org/dotbot; help@moz.com)"
216.244.66.239 - - [13/Dec/2025:10:22:40 +0100] "GET /platby/article.php?5d4c26=walmart-women%27s-clothes HTTP/1.1" 200 17019 "-" "Mozilla/5.0 (compatible; DotBot/1.2; +https://opensiteexplorer.org/dotbot; help@moz.com)"
216.244.66.239 - - [13/Dec/2025:10:22:42 +0100] "GET /platby/article.php?5d4c26=yeezy-serial-number-check HTTP/1.1" 200 15623 "-" "Mozilla/5.0 (compatible; DotBot/1.2; +https://opensiteexplorer.org/dotbot; help@moz.com)"
216.244.66.239 - - [13/Dec/2025:10:22:44 +0100] "GET /platby/article.php?5d4c26=Average-rainfall-Vancouver HTTP/1.1" 200 24078 "-" "Mozilla/5.0 (compatible; DotBot/1.2; +https://opensiteexplorer.org/dotbot; help@moz.com)"
85.208.96.201 - - [13/Dec/2025:10:22:45 +0100] "GET /platby/aohwuyx/shane-warne-ball-of-the-century HTTP/1.1" 200 8185 "-" "Mozilla/5.0 (compatible; SemrushBot/7~bl; +http://www.semrush.com/bot.html)"
216.244.66.239 - - [13/Dec/2025:10:22:46 +0100] "GET /platby/article.php?5d4c26=Mongolian-fried-rice HTTP/1.1" 200 22727 "-" "Mozilla/5.0 (compatible; DotBot/1.2; +https://opensiteexplorer.org/dotbot; help@moz.com)"
216.244.66.239 - - [13/Dec/2025:10:22:47 +0100] "GET /platby/article.php?5d4c26=Soufriere-Hills-eruption HTTP/1.1" 200 17373 "-" "Mozilla/5.0 (compatible; DotBot/1.2; +https://opensiteexplorer.org/dotbot; help@moz.com)"
216.244.66.239 - - [13/Dec/2025:10:22:48 +0100] "GET /platby/article.php?5d4c26=citizen-kane-laura-mulvey HTTP/1.1" 200 18771 "-" "Mozilla/5.0 (compatible; DotBot/1.2; +https://opensiteexplorer.org/dotbot; help@moz.com)"
216.244.66.239 - - [13/Dec/2025:10:22:50 +0100] "GET /platby/article.php?5d4c26=clearance-reclining-loveseat HTTP/1.1" 200 23043 "-" "Mozilla/5.0 (compatible; DotBot/1.2; +https://opensiteexplorer.org/dotbot; help@moz.com)"
216.244.66.239 - - [13/Dec/2025:10:22:51 +0100] "GET /platby/article.php?5d4c26=create-play-store-account-without-gmail HTTP/1.1" 200 19665 "-" "Mozilla/5.0 (compatible; DotBot/1.2; +https://opensiteexplorer.org/dotbot; help@moz.com)"
216.244.66.239 - - [13/Dec/2025:10:22:52 +0100] "GET /platby/article.php?5d4c26=criterion-collection-westerns HTTP/1.1" 200 16760 "-" "Mozilla/5.0 (compatible; DotBot/1.2; +https://opensiteexplorer.org/dotbot; help@moz.com)"
216.244.66.239 - - [13/Dec/2025:10:22:53 +0100] "GET /platby/article.php?5d4c26=easiest-cat-eye HTTP/1.1" 200 14915 "-" "Mozilla/5.0 (compatible; DotBot/1.2; +https://opensiteexplorer.org/dotbot; help@moz.com)"
216.244.66.239 - - [13/Dec/2025:10:22:54 +0100] "GET /platby/article.php?5d4c26=england-australia-world-cup-2019 HTTP/1.1" 200 22588 "-" "Mozilla/5.0 (compatible; DotBot/1.2; +https://opensiteexplorer.org/dotbot; help@moz.com)"
216.244.66.239 - - [13/Dec/2025:10:22:56 +0100] "GET /platby/article.php?5d4c26=family-brain-games---youtube HTTP/1.1" 200 21858 "-" "Mozilla/5.0 (compatible; DotBot/1.2; +https://opensiteexplorer.org/dotbot; help@moz.com)"
216.244.66.239 - - [13/Dec/2025:10:22:57 +0100] "GET /platby/article.php?5d4c26=group-activities-for-kindergarten HTTP/1.1" 200 17660 "-" "Mozilla/5.0 (compatible; DotBot/1.2; +https://opensiteexplorer.org/dotbot; help@moz.com)"
216.244.66.239 - - [13/Dec/2025:10:22:58 +0100] "GET /platby/article.php?5d4c26=hope-road-cl-rotor HTTP/1.1" 200 25837 "-" "Mozilla/5.0 (compatible; DotBot/1.2; +https://opensiteexplorer.org/dotbot; help@moz.com)"
216.244.66.239 - - [13/Dec/2025:10:22:59 +0100] "GET /platby/article.php?5d4c26=hr-complaint-filed-against-me HTTP/1.1" 200 19874 "-" "Mozilla/5.0 (compatible; DotBot/1.2; +https://opensiteexplorer.org/dotbot; help@moz.com)"
216.244.66.239 - - [13/Dec/2025:10:23:01 +0100] "GET /platby/article.php?5d4c26=industrial-light-and-magic-london HTTP/1.1" 200 17083 "-" "Mozilla/5.0 (compatible; DotBot/1.2; +https://opensiteexplorer.org/dotbot; help@moz.com)"
216.244.66.239 - - [13/Dec/2025:10:23:02 +0100] "GET /platby/article.php?5d4c26=insight-credit-union-near-me HTTP/1.1" 200 18011 "-" "Mozilla/5.0 (compatible; DotBot/1.2; +https://opensiteexplorer.org/dotbot; help@moz.com)"
216.244.66.239 - - [13/Dec/2025:10:23:03 +0100] "GET /platby/article.php?5d4c26=jayden-bogle-whoscored HTTP/1.1" 200 19545 "-" "Mozilla/5.0 (compatible; DotBot/1.2; +https://opensiteexplorer.org/dotbot; help@moz.com)"
216.244.66.239 - - [13/Dec/2025:10:23:04 +0100] "GET /platby/article.php?5d4c26=list-of-helicopter-crashes-in-new-zealand HTTP/1.1" 200 22037 "-" "Mozilla/5.0 (compatible; DotBot/1.2; +https://opensiteexplorer.org/dotbot; help@moz.com)"
216.244.66.239 - - [13/Dec/2025:10:23:05 +0100] "GET /platby/article.php?5d4c26=masjid-al-haram-meaning HTTP/1.1" 200 20869 "-" "Mozilla/5.0 (compatible; DotBot/1.2; +https://opensiteexplorer.org/dotbot; help@moz.com)"
216.244.66.239 - - [13/Dec/2025:10:23:06 +0100] "GET /platby/article.php?5d4c26=nba-on-tnt-dwyane-wade HTTP/1.1" 200 21789 "-" "Mozilla/5.0 (compatible; DotBot/1.2; +https://opensiteexplorer.org/dotbot; help@moz.com)"
216.244.66.239 - - [13/Dec/2025:10:23:07 +0100] "GET /platby/article.php?5d4c26=pacifica-marine-parade%2C-napier HTTP/1.1" 200 18762 "-" "Mozilla/5.0 (compatible; DotBot/1.2; +https://opensiteexplorer.org/dotbot; help@moz.com)"
216.244.66.239 - - [13/Dec/2025:10:23:08 +0100] "GET /platby/article.php?5d4c26=ralph-lauren-sizes-run-small HTTP/1.1" 200 16822 "-" "Mozilla/5.0 (compatible; DotBot/1.2; +https://opensiteexplorer.org/dotbot; help@moz.com)"
216.244.66.239 - - [13/Dec/2025:10:23:09 +0100] "GET /platby/article.php?5d4c26=rhinestone-hair-claw-clips HTTP/1.1" 200 22520 "-" "Mozilla/5.0 (compatible; DotBot/1.2; +https://opensiteexplorer.org/dotbot; help@moz.com)"
216.244.66.239 - - [13/Dec/2025:10:23:10 +0100] "GET /platby/article.php?5d4c26=singapore-weather-forecast-30-days HTTP/1.1" 200 18037 "-" "Mozilla/5.0 (compatible; DotBot/1.2; +https://opensiteexplorer.org/dotbot; help@moz.com)"
216.244.66.239 - - [13/Dec/2025:10:23:11 +0100] "GET /platby/article.php?5d4c26=smog-check-folsom%2C-ca HTTP/1.1" 200 19327 "-" "Mozilla/5.0 (compatible; DotBot/1.2; +https://opensiteexplorer.org/dotbot; help@moz.com)"
216.244.66.239 - - [13/Dec/2025:10:23:13 +0100] "GET /platby/article.php?5d4c26=spider-man-sues-j-jonah-jameson HTTP/1.1" 200 22977 "-" "Mozilla/5.0 (compatible; DotBot/1.2; +https://opensiteexplorer.org/dotbot; help@moz.com)"
216.244.66.239 - - [13/Dec/2025:10:23:14 +0100] "GET /platby/article.php?5d4c26=spring-boot-add-external-jar-to-classpath HTTP/1.1" 200 22056 "-" "Mozilla/5.0 (compatible; DotBot/1.2; +https://opensiteexplorer.org/dotbot; help@moz.com)"
216.244.66.239 - - [13/Dec/2025:10:23:15 +0100] "GET /platby/article.php?5d4c26=start-your-engines-sam-briggs HTTP/1.1" 200 22220 "-" "Mozilla/5.0 (compatible; DotBot/1.2; +https://opensiteexplorer.org/dotbot; help@moz.com)"
216.244.66.239 - - [13/Dec/2025:10:23:16 +0100] "GET /platby/article.php?5d4c26=torino-vs-inter-milan HTTP/1.1" 200 17313 "-" "Mozilla/5.0 (compatible; DotBot/1.2; +https://opensiteexplorer.org/dotbot; help@moz.com)"
216.244.66.239 - - [13/Dec/2025:10:23:17 +0100] "GET /platby/article.php?5d4c26=unity-web-player-firefox HTTP/1.1" 200 17623 "-" "Mozilla/5.0 (compatible; DotBot/1.2; +https://opensiteexplorer.org/dotbot; help@moz.com)"
216.244.66.239 - - [13/Dec/2025:10:23:19 +0100] "GET /platby/article.php?5d4c26=uss-defiant-shuttlecraft HTTP/1.1" 200 17367 "-" "Mozilla/5.0 (compatible; DotBot/1.2; +https://opensiteexplorer.org/dotbot; help@moz.com)"
216.244.66.239 - - [13/Dec/2025:10:23:20 +0100] "GET /platby/article.php?5d4c26=wedding-dress-quotes-goodreads HTTP/1.1" 200 16633 "-" "Mozilla/5.0 (compatible; DotBot/1.2; +https://opensiteexplorer.org/dotbot; help@moz.com)"
216.244.66.239 - - [13/Dec/2025:10:23:21 +0100] "GET /platby/article.php?5d4c26=what-is-a-numeral HTTP/1.1" 200 17510 "-" "Mozilla/5.0 (compatible; DotBot/1.2; +https://opensiteexplorer.org/dotbot; help@moz.com)"
85.208.96.203 - - [13/Dec/2025:10:23:23 +0100] "GET /platby/aohwuyx/powder-eyebrows-tattoo HTTP/1.1" 200 10220 "-" "Mozilla/5.0 (compatible; SemrushBot/7~bl; +http://www.semrush.com/bot.html)"
216.244.66.239 - - [13/Dec/2025:10:23:23 +0100] "GET /platby/article.php?5d4c26=australia-2011-world-cup-squad HTTP/1.1" 200 17155 "-" "Mozilla/5.0 (compatible; DotBot/1.2; +https://opensiteexplorer.org/dotbot; help@moz.com)"
185.191.171.18 - - [13/Dec/2025:10:23:24 +0100] "GET /platby/qqap/cycle-of-socialization-worksheet HTTP/1.1" 200 10940 "-" "Mozilla/5.0 (compatible; SemrushBot/7~bl; +http://www.semrush.com/bot.html)"
216.244.66.239 - - [13/Dec/2025:10:23:26 +0100] "GET /platby/article.php?5d4c26=ca-medical-abbreviation HTTP/1.1" 200 23791 "-" "Mozilla/5.0 (compatible; DotBot/1.2; +https://opensiteexplorer.org/dotbot; help@moz.com)"
185.191.171.15 - - [13/Dec/2025:10:23:27 +0100] "GET /platby/aohwuyx/problems-facing-aerospace-industry HTTP/1.1" 200 10609 "-" "Mozilla/5.0 (compatible; SemrushBot/7~bl; +http://www.semrush.com/bot.html)"
216.244.66.239 - - [13/Dec/2025:10:23:28 +0100] "GET /platby/article.php?5d4c26=dolce-and-gabbana-shoes-cheap HTTP/1.1" 200 17706 "-" "Mozilla/5.0 (compatible; DotBot/1.2; +https://opensiteexplorer.org/dotbot; help@moz.com)"
216.244.66.239 - - [13/Dec/2025:10:23:30 +0100] "GET /platby/article.php?5d4c26=dragon%27s-dogma%3A-dark-arisen-tiara-of-enlightenment HTTP/1.1" 200 23829 "-" "Mozilla/5.0 (compatible; DotBot/1.2; +https://opensiteexplorer.org/dotbot; help@moz.com)"
216.244.66.239 - - [13/Dec/2025:10:23:32 +0100] "GET /platby/article.php?5d4c26=edge-of-extinction-2020-rotten-tomatoes HTTP/1.1" 200 21678 "-" "Mozilla/5.0 (compatible; DotBot/1.2; +https://opensiteexplorer.org/dotbot; help@moz.com)"
216.244.66.239 - - [13/Dec/2025:10:23:34 +0100] "GET /platby/article.php?5d4c26=embraer-lineage-1000-cabin-dimensions HTTP/1.1" 200 23170 "-" "Mozilla/5.0 (compatible; DotBot/1.2; +https://opensiteexplorer.org/dotbot; help@moz.com)"
216.244.66.239 - - [13/Dec/2025:10:23:35 +0100] "GET /platby/article.php?5d4c26=general-dynamics-land-systems-benefits HTTP/1.1" 200 18748 "-" "Mozilla/5.0 (compatible; DotBot/1.2; +https://opensiteexplorer.org/dotbot; help@moz.com)"
216.244.66.239 - - [13/Dec/2025:10:23:36 +0100] "GET /platby/article.php?5d4c26=good-cheap-whiskey-for-beginners HTTP/1.1" 200 18768 "-" "Mozilla/5.0 (compatible; DotBot/1.2; +https://opensiteexplorer.org/dotbot; help@moz.com)"
216.244.66.239 - - [13/Dec/2025:10:23:38 +0100] "GET /platby/article.php?5d4c26=grand-designs-australia-season-8-episode-9 HTTP/1.1" 200 17426 "-" "Mozilla/5.0 (compatible; DotBot/1.2; +https://opensiteexplorer.org/dotbot; help@moz.com)"
216.244.66.239 - - [13/Dec/2025:10:23:39 +0100] "GET /platby/article.php?5d4c26=greater-meaning-in-telugu HTTP/1.1" 200 19407 "-" "Mozilla/5.0 (compatible; DotBot/1.2; +https://opensiteexplorer.org/dotbot; help@moz.com)"
216.244.66.239 - - [13/Dec/2025:10:23:40 +0100] "GET /platby/article.php?5d4c26=how-to-check-if-you-have-a-warrant-online HTTP/1.1" 200 18873 "-" "Mozilla/5.0 (compatible; DotBot/1.2; +https://opensiteexplorer.org/dotbot; help@moz.com)"
216.244.66.239 - - [13/Dec/2025:10:23:41 +0100] "GET /platby/article.php?5d4c26=igloo-noisy-books HTTP/1.1" 200 23705 "-" "Mozilla/5.0 (compatible; DotBot/1.2; +https://opensiteexplorer.org/dotbot; help@moz.com)"
216.244.66.239 - - [13/Dec/2025:10:23:42 +0100] "GET /platby/article.php?5d4c26=let%27s-sing-2019-ps4-song-list HTTP/1.1" 200 21474 "-" "Mozilla/5.0 (compatible; DotBot/1.2; +https://opensiteexplorer.org/dotbot; help@moz.com)"
216.244.66.239 - - [13/Dec/2025:10:23:43 +0100] "GET /platby/article.php?5d4c26=meredith-school-catchment-homes-for-sale HTTP/1.1" 200 17215 "-" "Mozilla/5.0 (compatible; DotBot/1.2; +https://opensiteexplorer.org/dotbot; help@moz.com)"
216.244.66.239 - - [13/Dec/2025:10:23:45 +0100] "GET /platby/article.php?5d4c26=optical-coherence-tomography-machine HTTP/1.1" 200 17314 "-" "Mozilla/5.0 (compatible; DotBot/1.2; +https://opensiteexplorer.org/dotbot; help@moz.com)"
216.244.66.239 - - [13/Dec/2025:10:23:46 +0100] "GET /platby/article.php?5d4c26=taal-volcano-tour-blog HTTP/1.1" 200 14961 "-" "Mozilla/5.0 (compatible; DotBot/1.2; +https://opensiteexplorer.org/dotbot; help@moz.com)"
216.244.66.239 - - [13/Dec/2025:10:23:47 +0100] "GET /platby/article.php?5d4c26=taksim-square-hotels HTTP/1.1" 200 22495 "-" "Mozilla/5.0 (compatible; DotBot/1.2; +https://opensiteexplorer.org/dotbot; help@moz.com)"
216.244.66.239 - - [13/Dec/2025:10:23:47 +0100] "GET /platby/article.php?5d4c26=thomas-district-9 HTTP/1.1" 200 20223 "-" "Mozilla/5.0 (compatible; DotBot/1.2; +https://opensiteexplorer.org/dotbot; help@moz.com)"
216.244.66.239 - - [13/Dec/2025:10:23:49 +0100] "GET /platby/article.php?5d4c26=vampire%3A-the-masquerade-audiobook HTTP/1.1" 200 21647 "-" "Mozilla/5.0 (compatible; DotBot/1.2; +https://opensiteexplorer.org/dotbot; help@moz.com)"
216.244.66.239 - - [13/Dec/2025:10:23:50 +0100] "GET /platby/article.php?5d4c26=vivitar-ipc-113-troubleshooting HTTP/1.1" 200 22616 "-" "Mozilla/5.0 (compatible; DotBot/1.2; +https://opensiteexplorer.org/dotbot; help@moz.com)"
216.244.66.239 - - [13/Dec/2025:10:23:51 +0100] "GET /platby/article.php?5d4c26=cara-screenshot-macbook-windows HTTP/1.1" 200 23550 "-" "Mozilla/5.0 (compatible; DotBot/1.2; +https://opensiteexplorer.org/dotbot; help@moz.com)"
216.244.66.239 - - [13/Dec/2025:10:23:52 +0100] "GET /platby/article.php?5d4c26=why-is-hydrogen-the-most-abundant-element-in-the-universe HTTP/1.1" 200 22477 "-" "Mozilla/5.0 (compatible; DotBot/1.2; +https://opensiteexplorer.org/dotbot; help@moz.com)"
216.244.66.239 - - [13/Dec/2025:10:23:53 +0100] "GET /platby/uwoy9/gwelup-croatia-perth-glory-youth HTTP/1.1" 200 44592 "-" "Mozilla/5.0 (compatible; DotBot/1.2; +https://opensiteexplorer.org/dotbot; help@moz.com)"
216.244.66.239 - - [13/Dec/2025:10:23:54 +0100] "GET /platby/uwoy9/vrbo-property-id-search-by-number HTTP/1.1" 200 36787 "-" "Mozilla/5.0 (compatible; DotBot/1.2; +https://opensiteexplorer.org/dotbot; help@moz.com)"
216.244.66.239 - - [13/Dec/2025:10:23:55 +0100] "GET /platby/aohwuyx/what-county-is-lehigh-valley%2C-pa-in HTTP/1.1" 200 34252 "-" "Mozilla/5.0 (compatible; DotBot/1.2; +https://opensiteexplorer.org/dotbot; help@moz.com)"
216.244.66.239 - - [13/Dec/2025:10:23:56 +0100] "GET /platby/uwoy9/iit-kanpur-aerospace-engineering-packages HTTP/1.1" 200 36973 "-" "Mozilla/5.0 (compatible; DotBot/1.2; +https://opensiteexplorer.org/dotbot; help@moz.com)"
185.191.171.8 - - [13/Dec/2025:10:23:58 +0100] "GET /platby/uwoy9/kansas-city-chiefs-emoji-app HTTP/1.1" 200 12143 "-" "Mozilla/5.0 (compatible; SemrushBot/7~bl; +http://www.semrush.com/bot.html)"
216.244.66.239 - - [13/Dec/2025:10:24:10 +0100] "GET /platby/aohwuyx/real-sociedad-vs-real-madrid-h2h HTTP/1.1" 200 45424 "-" "Mozilla/5.0 (compatible; DotBot/1.2; +https://opensiteexplorer.org/dotbot; help@moz.com)"
