216.244.66.239 - - [13/Dec/2025:10:24:11 +0100] "GET /platby/uwoy9/construction-project-execution-plan-template-word HTTP/1.1" 200 49168 "-" "Mozilla/5.0 (compatible; DotBot/1.2; +https://opensiteexplorer.org/dotbot; help@moz.com)"
216.244.66.239 - - [13/Dec/2025:10:24:12 +0100] "GET /platby/uwoy9/mica-acceptance-rate-2020 HTTP/1.1" 200 38429 "-" "Mozilla/5.0 (compatible; DotBot/1.2; +https://opensiteexplorer.org/dotbot; help@moz.com)"
185.191.171.7 - - [13/Dec/2025:10:24:23 +0100] "GET /platby/aohwuyx/make-sentence-using-word-confuse HTTP/1.1" 200 10165 "-" "Mozilla/5.0 (compatible; SemrushBot/7~bl; +http://www.semrush.com/bot.html)"
185.191.171.12 - - [13/Dec/2025:10:24:33 +0100] "GET /platby/uwoy9/south-australia-state-league-2 HTTP/1.1" 200 10857 "-" "Mozilla/5.0 (compatible; SemrushBot/7~bl; +http://www.semrush.com/bot.html)"
216.244.66.239 - - [13/Dec/2025:10:25:02 +0100] "GET /platby/aohwuyx/ovis-ark%3A-crystal-isles HTTP/1.1" 200 34937 "-" "Mozilla/5.0 (compatible; DotBot/1.2; +https://opensiteexplorer.org/dotbot; help@moz.com)"
216.244.66.239 - - [13/Dec/2025:10:25:03 +0100] "GET /platby/aohwuyx/safest-place-to-raise-a-family-in-california HTTP/1.1" 200 36468 "-" "Mozilla/5.0 (compatible; DotBot/1.2; +https://opensiteexplorer.org/dotbot; help@moz.com)"
216.244.66.239 - - [13/Dec/2025:10:25:05 +0100] "GET /platby/uwoy9/directions-to-west-memphis-arkansas HTTP/1.1" 200 37854 "-" "Mozilla/5.0 (compatible; DotBot/1.2; +https://opensiteexplorer.org/dotbot; help@moz.com)"
216.244.66.239 - - [13/Dec/2025:10:25:06 +0100] "GET /platby/uwoy9/district-10-baseball-playoffs HTTP/1.1" 200 45198 "-" "Mozilla/5.0 (compatible; DotBot/1.2; +https://opensiteexplorer.org/dotbot; help@moz.com)"
216.244.66.239 - - [13/Dec/2025:10:25:07 +0100] "GET /platby/uwoy9/ryan-mccarthy-never-back-down-weight HTTP/1.1" 200 37961 "-" "Mozilla/5.0 (compatible; DotBot/1.2; +https://opensiteexplorer.org/dotbot; help@moz.com)"
185.191.171.14 - - [13/Dec/2025:10:25:19 +0100] "GET /platby/qqap/first-nations-charities-canada HTTP/1.1" 200 6525 "-" "Mozilla/5.0 (compatible; SemrushBot/7~bl; +http://www.semrush.com/bot.html)"
185.191.171.7 - - [13/Dec/2025:10:25:23 +0100] "GET /platby/aohwuyx/whispering-smith-western HTTP/1.1" 200 8658 "-" "Mozilla/5.0 (compatible; SemrushBot/7~bl; +http://www.semrush.com/bot.html)"
79.124.40.174 - - [13/Dec/2025:10:25:47 +0100] "GET /" 400 468 "-" "-"
216.244.66.239 - - [13/Dec/2025:10:25:57 +0100] "GET /platby/aohwuyx/s10-facial-recognition-not-working HTTP/1.1" 200 38114 "-" "Mozilla/5.0 (compatible; DotBot/1.2; +https://opensiteexplorer.org/dotbot; help@moz.com)"
216.244.66.239 - - [13/Dec/2025:10:25:58 +0100] "GET /platby/uwoy9/california-high-school-basketball-state-championship-2021 HTTP/1.1" 200 36189 "-" "Mozilla/5.0 (compatible; DotBot/1.2; +https://opensiteexplorer.org/dotbot; help@moz.com)"
185.191.171.16 - - [13/Dec/2025:10:26:37 +0100] "GET /platby/uwoy9/corey-sevier-spouse-kate HTTP/1.1" 200 11572 "-" "Mozilla/5.0 (compatible; SemrushBot/7~bl; +http://www.semrush.com/bot.html)"
85.208.96.207 - - [13/Dec/2025:10:26:45 +0100] "GET /platby/aohwuyx/leke-pehla-pehla-pyar HTTP/1.1" 200 11699 "-" "Mozilla/5.0 (compatible; SemrushBot/7~bl; +http://www.semrush.com/bot.html)"
85.208.96.202 - - [13/Dec/2025:10:26:51 +0100] "GET /platby/aohwuyx/agribusiness-supply-chain-management-pdf HTTP/1.1" 200 10930 "-" "Mozilla/5.0 (compatible; SemrushBot/7~bl; +http://www.semrush.com/bot.html)"
85.208.96.205 - - [13/Dec/2025:10:26:55 +0100] "GET /platby/uwoy9/discuss-the-need-for-the-principles-of-management HTTP/1.1" 200 9110 "-" "Mozilla/5.0 (compatible; SemrushBot/7~bl; +http://www.semrush.com/bot.html)"
185.191.171.8 - - [13/Dec/2025:10:27:27 +0100] "GET /platby/72zbxoz/tepper-sports-and-entertainment-jobs HTTP/1.1" 200 12508 "-" "Mozilla/5.0 (compatible; SemrushBot/7~bl; +http://www.semrush.com/bot.html)"
85.208.96.204 - - [13/Dec/2025:10:27:44 +0100] "GET /platby/aohwuyx/baguette-in-french-translation HTTP/1.1" 200 13331 "-" "Mozilla/5.0 (compatible; SemrushBot/7~bl; +http://www.semrush.com/bot.html)"
185.191.171.12 - - [13/Dec/2025:10:28:08 +0100] "GET /platby/hca/best-filter-coffee-in-hyderabad HTTP/1.1" 200 8177 "-" "Mozilla/5.0 (compatible; SemrushBot/7~bl; +http://www.semrush.com/bot.html)"
185.191.171.12 - - [13/Dec/2025:10:28:25 +0100] "GET /platby/72zbxoz/japanese-mugwort-seeds HTTP/1.1" 200 12678 "-" "Mozilla/5.0 (compatible; SemrushBot/7~bl; +http://www.semrush.com/bot.html)"
185.191.171.13 - - [13/Dec/2025:10:28:58 +0100] "GET /platby/hca/university-of-southern-california HTTP/1.1" 200 10152 "-" "Mozilla/5.0 (compatible; SemrushBot/7~bl; +http://www.semrush.com/bot.html)"
85.208.96.209 - - [13/Dec/2025:10:29:03 +0100] "GET /platby/qqap/cheap-cdm-fifa-21-ultimate-team HTTP/1.1" 200 11581 "-" "Mozilla/5.0 (compatible; SemrushBot/7~bl; +http://www.semrush.com/bot.html)"
185.191.171.5 - - [13/Dec/2025:10:29:07 +0100] "GET /platby/aohwuyx/cheap-$600-apartments-for-rent-broward-county,-florida HTTP/1.1" 200 13780 "-" "Mozilla/5.0 (compatible; SemrushBot/7~bl; +http://www.semrush.com/bot.html)"
85.208.96.200 - - [13/Dec/2025:10:29:45 +0100] "GET /platby/hca/underdog-synonym-adjective HTTP/1.1" 200 7873 "-" "Mozilla/5.0 (compatible; SemrushBot/7~bl; +http://www.semrush.com/bot.html)"
85.208.96.212 - - [13/Dec/2025:10:30:19 +0100] "GET /platby/hca/teaching-strategies-in-science-elementary-pdf HTTP/1.1" 200 11762 "-" "Mozilla/5.0 (compatible; SemrushBot/7~bl; +http://www.semrush.com/bot.html)"
79.124.40.174 - - [13/Dec/2025:10:30:38 +0100] "GET /" 400 468 "-" "-"
185.191.171.16 - - [13/Dec/2025:10:30:46 +0100] "GET /platby/aohwuyx/best-universities-for-media-production-uk HTTP/1.1" 200 14611 "-" "Mozilla/5.0 (compatible; SemrushBot/7~bl; +http://www.semrush.com/bot.html)"
185.191.171.14 - - [13/Dec/2025:10:30:47 +0100] "GET /platby/hca/list-of-somerset-overseas-players HTTP/1.1" 200 11321 "-" "Mozilla/5.0 (compatible; SemrushBot/7~bl; +http://www.semrush.com/bot.html)"
85.208.96.212 - - [13/Dec/2025:10:31:03 +0100] "GET /platby/aohwuyx/east-west-school-of-international-studies HTTP/1.1" 200 12406 "-" "Mozilla/5.0 (compatible; SemrushBot/7~bl; +http://www.semrush.com/bot.html)"
185.191.171.5 - - [13/Dec/2025:10:31:22 +0100] "GET /platby/qqap/stefania-greece-eurovision-2021 HTTP/1.1" 200 11764 "-" "Mozilla/5.0 (compatible; SemrushBot/7~bl; +http://www.semrush.com/bot.html)"
185.191.171.14 - - [13/Dec/2025:10:31:34 +0100] "GET /platby/aohwuyx/pagtingin-chords-ukulele HTTP/1.1" 200 10071 "-" "Mozilla/5.0 (compatible; SemrushBot/7~bl; +http://www.semrush.com/bot.html)"
85.208.96.194 - - [13/Dec/2025:10:32:36 +0100] "GET /platby/72zbxoz/kurt-benkert-fortnite HTTP/1.1" 200 10248 "-" "Mozilla/5.0 (compatible; SemrushBot/7~bl; +http://www.semrush.com/bot.html)"
185.191.171.12 - - [13/Dec/2025:10:32:53 +0100] "GET /platby/hca/illinois-basketball-roster-2021-22 HTTP/1.1" 200 9843 "-" "Mozilla/5.0 (compatible; SemrushBot/7~bl; +http://www.semrush.com/bot.html)"
85.208.96.197 - - [13/Dec/2025:10:33:12 +0100] "GET /platby/uwoy9/accidentally-in-love-ukulele HTTP/1.1" 200 9503 "-" "Mozilla/5.0 (compatible; SemrushBot/7~bl; +http://www.semrush.com/bot.html)"
85.208.96.199 - - [13/Dec/2025:10:33:22 +0100] "GET /platby/72zbxoz/john-williams-the-imperial-march HTTP/1.1" 200 12716 "-" "Mozilla/5.0 (compatible; SemrushBot/7~bl; +http://www.semrush.com/bot.html)"
85.208.96.207 - - [13/Dec/2025:10:33:34 +0100] "GET /platby/hca/how-to-build-a-shipping-container-home HTTP/1.1" 200 7048 "-" "Mozilla/5.0 (compatible; SemrushBot/7~bl; +http://www.semrush.com/bot.html)"
20.163.32.0 - - [13/Dec/2025:10:33:38 +0100] "GET /" 400 468 "-" "-"
185.191.171.13 - - [13/Dec/2025:10:33:55 +0100] "GET /platby/72zbxoz/blade-runner-2049-box-office-mojo HTTP/1.1" 200 12624 "-" "Mozilla/5.0 (compatible; SemrushBot/7~bl; +http://www.semrush.com/bot.html)"
85.208.96.197 - - [13/Dec/2025:10:34:19 +0100] "GET /platby/hca/sars-2003-affected-countries HTTP/1.1" 200 6454 "-" "Mozilla/5.0 (compatible; SemrushBot/7~bl; +http://www.semrush.com/bot.html)"
85.208.96.202 - - [13/Dec/2025:10:34:28 +0100] "GET /platby/72zbxoz/dhs-provider-enrollment-phone-number HTTP/1.1" 200 11610 "-" "Mozilla/5.0 (compatible; SemrushBot/7~bl; +http://www.semrush.com/bot.html)"
85.208.96.209 - - [13/Dec/2025:10:35:28 +0100] "GET /platby/qqap/michigan-quarterbacks-2019 HTTP/1.1" 200 6689 "-" "Mozilla/5.0 (compatible; SemrushBot/7~bl; +http://www.semrush.com/bot.html)"
85.208.96.205 - - [13/Dec/2025:10:35:38 +0100] "GET /platby/uwoy9/big-10-rowing-championships-2021 HTTP/1.1" 200 8379 "-" "Mozilla/5.0 (compatible; SemrushBot/7~bl; +http://www.semrush.com/bot.html)"
85.208.96.195 - - [13/Dec/2025:10:36:03 +0100] "GET /platby/qqap/university-of-lincoln-blackboard HTTP/1.1" 200 11104 "-" "Mozilla/5.0 (compatible; SemrushBot/7~bl; +http://www.semrush.com/bot.html)"
185.191.171.12 - - [13/Dec/2025:10:36:36 +0100] "GET /platby/aohwuyx/johns-hopkins-organizational-equity HTTP/1.1" 200 8492 "-" "Mozilla/5.0 (compatible; SemrushBot/7~bl; +http://www.semrush.com/bot.html)"
185.191.171.12 - - [13/Dec/2025:10:36:55 +0100] "GET /robots.txt HTTP/1.1" 200 54 "-" "Mozilla/5.0 (compatible; SemrushBot/7~bl; +http://www.semrush.com/bot.html)"
85.208.96.212 - - [13/Dec/2025:10:36:55 +0100] "GET /platby/aohwuyx/trenton-new-jersey-real-estate HTTP/1.1" 200 13434 "-" "Mozilla/5.0 (compatible; SemrushBot/7~bl; +http://www.semrush.com/bot.html)"
85.208.96.195 - - [13/Dec/2025:10:36:57 +0100] "GET /platby/72zbxoz/sherwood-arkansas-news HTTP/1.1" 200 7250 "-" "Mozilla/5.0 (compatible; SemrushBot/7~bl; +http://www.semrush.com/bot.html)"
185.191.171.12 - - [13/Dec/2025:10:37:27 +0100] "GET /platby/72zbxoz/how-many-deloitte-offices-in-the-world HTTP/1.1" 200 13961 "-" "Mozilla/5.0 (compatible; SemrushBot/7~bl; +http://www.semrush.com/bot.html)"
204.76.203.206 - - [13/Dec/2025:10:37:35 +0100] "GET /" 400 468 "-" "-"
185.191.171.1 - - [13/Dec/2025:10:37:43 +0100] "GET /platby/uwoy9/racial-sensitivity-training-effectiveness HTTP/1.1" 200 14197 "-" "Mozilla/5.0 (compatible; SemrushBot/7~bl; +http://www.semrush.com/bot.html)"
204.76.203.206 - - [13/Dec/2025:10:38:29 +0100] "GET / HTTP/1.1" 200 316 "-" "Mozilla/5.0 (Windows NT 10.0; Win64; x64) AppleWebKit/537.36 (KHTML, like Gecko) Chrome/90.0.4430.85 Safari/537.36 Edg/90.0.818.46"
85.208.96.204 - - [13/Dec/2025:10:38:40 +0100] "GET /platby/aohwuyx/newton-county-sheriff-department HTTP/1.1" 200 11597 "-" "Mozilla/5.0 (compatible; SemrushBot/7~bl; +http://www.semrush.com/bot.html)"
185.191.171.16 - - [13/Dec/2025:10:38:57 +0100] "GET /platby/qqap/where-do-nightingales-live HTTP/1.1" 200 8948 "-" "Mozilla/5.0 (compatible; SemrushBot/7~bl; +http://www.semrush.com/bot.html)"
85.208.96.210 - - [13/Dec/2025:10:39:37 +0100] "GET /platby/72zbxoz/1992-upper-deck-football-cards-most-valuable HTTP/1.1" 200 15193 "-" "Mozilla/5.0 (compatible; SemrushBot/7~bl; +http://www.semrush.com/bot.html)"
85.208.96.198 - - [13/Dec/2025:10:39:39 +0100] "GET /platby/qqap/battle-of-the-bulge-combatants HTTP/1.1" 200 10188 "-" "Mozilla/5.0 (compatible; SemrushBot/7~bl; +http://www.semrush.com/bot.html)"
43.166.237.57 - - [13/Dec/2025:10:39:42 +0100] "GET / HTTP/1.1" 403 224 "-" "Mozilla/5.0 (iPhone; CPU iPhone OS 13_2_3 like Mac OS X) AppleWebKit/605.1.15 (KHTML, like Gecko) Version/13.0.3 Mobile/15E148 Safari/604.1"
185.191.171.12 - - [13/Dec/2025:10:39:55 +0100] "GET /platby/hca/sharepoint-document-management-training HTTP/1.1" 200 12759 "-" "Mozilla/5.0 (compatible; SemrushBot/7~bl; +http://www.semrush.com/bot.html)"
85.208.96.209 - - [13/Dec/2025:10:41:06 +0100] "GET /platby/uwoy9/michael-mcintyre's-big-show-2020 HTTP/1.1" 200 11637 "-" "Mozilla/5.0 (compatible; SemrushBot/7~bl; +http://www.semrush.com/bot.html)"
79.124.40.174 - - [13/Dec/2025:10:41:07 +0100] "GET /" 400 468 "-" "-"
85.208.96.205 - - [13/Dec/2025:10:41:17 +0100] "GET /platby/72zbxoz/microsoft-project-plan-3-tutorial HTTP/1.1" 200 8010 "-" "Mozilla/5.0 (compatible; SemrushBot/7~bl; +http://www.semrush.com/bot.html)"
85.208.96.210 - - [13/Dec/2025:10:41:19 +0100] "GET /platby/uwoy9/ryan-arcidiacono-family HTTP/1.1" 200 10509 "-" "Mozilla/5.0 (compatible; SemrushBot/7~bl; +http://www.semrush.com/bot.html)"
216.244.66.239 - - [13/Dec/2025:10:41:20 +0100] "GET /platby/aohwuyx/bluebonnet-news-obituaries HTTP/1.1" 200 43072 "-" "Mozilla/5.0 (compatible; DotBot/1.2; +https://opensiteexplorer.org/dotbot; help@moz.com)"
216.244.66.239 - - [13/Dec/2025:10:41:21 +0100] "GET /platby/uwoy9/pirates-trade-rumors-2020 HTTP/1.1" 200 39576 "-" "Mozilla/5.0 (compatible; DotBot/1.2; +https://opensiteexplorer.org/dotbot; help@moz.com)"
185.191.171.1 - - [13/Dec/2025:10:41:26 +0100] "GET /platby/72zbxoz/schwarzkopf-simply-color-vs-keratin-color HTTP/1.1" 200 8406 "-" "Mozilla/5.0 (compatible; SemrushBot/7~bl; +http://www.semrush.com/bot.html)"
185.191.171.3 - - [13/Dec/2025:10:41:46 +0100] "GET /platby/uwoy9/forensic-psychology-court-cases HTTP/1.1" 200 13891 "-" "Mozilla/5.0 (compatible; SemrushBot/7~bl; +http://www.semrush.com/bot.html)"
34.194.95.99 - - [13/Dec/2025:10:42:18 +0100] "GET /platby/qqap/kalidou-koulibaly-liverpool HTTP/1.1" 200 10161 "-" "Mozilla/5.0 AppleWebKit/537.36 (KHTML, like Gecko; compatible; Amazonbot/0.1; +https://developer.amazon.com/support/amazonbot) Chrome/119.0.6045.214 Safari/537.36"
23.23.213.182 - - [13/Dec/2025:10:42:21 +0100] "GET /platby/aohwuyx/is-car-masculine-or-feminine-in-french HTTP/1.1" 200 10310 "-" "Mozilla/5.0 AppleWebKit/537.36 (KHTML, like Gecko; compatible; Amazonbot/0.1; +https://developer.amazon.com/support/amazonbot) Chrome/119.0.6045.214 Safari/537.36"
23.21.228.180 - - [13/Dec/2025:10:42:24 +0100] "GET /platby/aohwuyx/chamber-of-commerce-california HTTP/1.1" 200 13539 "-" "Mozilla/5.0 AppleWebKit/537.36 (KHTML, like Gecko; compatible; Amazonbot/0.1; +https://developer.amazon.com/support/amazonbot) Chrome/119.0.6045.214 Safari/537.36"
23.21.148.226 - - [13/Dec/2025:10:42:28 +0100] "GET /platby/aohwuyx/solar-companies-looking-to-lease-land-in-sc HTTP/1.1" 200 8566 "-" "Mozilla/5.0 AppleWebKit/537.36 (KHTML, like Gecko; compatible; Amazonbot/0.1; +https://developer.amazon.com/support/amazonbot) Chrome/119.0.6045.214 Safari/537.36"
98.82.214.73 - - [13/Dec/2025:10:42:32 +0100] "GET /platby/aohwuyx/cleveland-browns-playoffs-2020 HTTP/1.1" 200 13365 "-" "Mozilla/5.0 AppleWebKit/537.36 (KHTML, like Gecko; compatible; Amazonbot/0.1; +https://developer.amazon.com/support/amazonbot) Chrome/119.0.6045.214 Safari/537.36"
23.21.148.226 - - [13/Dec/2025:10:42:37 +0100] "GET /platby/qqap/custom-birthday-yard-signs-near-me HTTP/1.1" 200 12284 "-" "Mozilla/5.0 AppleWebKit/537.36 (KHTML, like Gecko; compatible; Amazonbot/0.1; +https://developer.amazon.com/support/amazonbot) Chrome/119.0.6045.214 Safari/537.36"
50.19.102.70 - - [13/Dec/2025:10:42:41 +0100] "GET /platby/72zbxoz/two-way-road-with-center-lane HTTP/1.1" 200 7685 "-" "Mozilla/5.0 AppleWebKit/537.36 (KHTML, like Gecko; compatible; Amazonbot/0.1; +https://developer.amazon.com/support/amazonbot) Chrome/119.0.6045.214 Safari/537.36"
3.93.98.99 - - [13/Dec/2025:10:42:45 +0100] "GET /platby/qqap/best-acrylic-nail-salon-charlotte,-nc HTTP/1.1" 200 9712 "-" "Mozilla/5.0 AppleWebKit/537.36 (KHTML, like Gecko; compatible; Amazonbot/0.1; +https://developer.amazon.com/support/amazonbot) Chrome/119.0.6045.214 Safari/537.36"
3.211.181.86 - - [13/Dec/2025:10:42:49 +0100] "GET /platby/aohwuyx/cleveland-stadium-baseball HTTP/1.1" 200 7721 "-" "Mozilla/5.0 AppleWebKit/537.36 (KHTML, like Gecko; compatible; Amazonbot/0.1; +https://developer.amazon.com/support/amazonbot) Chrome/119.0.6045.214 Safari/537.36"
52.6.232.201 - - [13/Dec/2025:10:42:52 +0100] "GET /platby/aohwuyx/comic-book-news-websites HTTP/1.1" 200 14708 "-" "Mozilla/5.0 AppleWebKit/537.36 (KHTML, like Gecko; compatible; Amazonbot/0.1; +https://developer.amazon.com/support/amazonbot) Chrome/119.0.6045.214 Safari/537.36"
3.217.82.254 - - [13/Dec/2025:10:42:56 +0100] "GET /platby/aohwuyx/montclair-pasta-company HTTP/1.1" 200 14937 "-" "Mozilla/5.0 AppleWebKit/537.36 (KHTML, like Gecko; compatible; Amazonbot/0.1; +https://developer.amazon.com/support/amazonbot) Chrome/119.0.6045.214 Safari/537.36"
185.191.171.7 - - [13/Dec/2025:10:42:59 +0100] "GET /platby/qqap/does-cameron-university-have-a-football-team HTTP/1.1" 200 13165 "-" "Mozilla/5.0 (compatible; SemrushBot/7~bl; +http://www.semrush.com/bot.html)"
54.225.98.148 - - [13/Dec/2025:10:43:02 +0100] "GET /platby/aohwuyx/falling-in-love-for-the-night-charlie HTTP/1.1" 200 8479 "-" "Mozilla/5.0 AppleWebKit/537.36 (KHTML, like Gecko; compatible; Amazonbot/0.1; +https://developer.amazon.com/support/amazonbot) Chrome/119.0.6045.214 Safari/537.36"
54.235.125.129 - - [13/Dec/2025:10:43:04 +0100] "GET /platby/qqap/20-words-associated-with-cultural-entertainment HTTP/1.1" 200 9129 "-" "Mozilla/5.0 AppleWebKit/537.36 (KHTML, like Gecko; compatible; Amazonbot/0.1; +https://developer.amazon.com/support/amazonbot) Chrome/119.0.6045.214 Safari/537.36"
44.212.145.46 - - [13/Dec/2025:10:43:08 +0100] "GET /platby/aohwuyx/baby-finch-bird-mouth HTTP/1.1" 200 10115 "-" "Mozilla/5.0 AppleWebKit/537.36 (KHTML, like Gecko; compatible; Amazonbot/0.1; +https://developer.amazon.com/support/amazonbot) Chrome/119.0.6045.214 Safari/537.36"
54.152.163.42 - - [13/Dec/2025:10:43:12 +0100] "GET /platby/qqap/jordan-13-bred-release-date HTTP/1.1" 200 6904 "-" "Mozilla/5.0 AppleWebKit/537.36 (KHTML, like Gecko; compatible; Amazonbot/0.1; +https://developer.amazon.com/support/amazonbot) Chrome/119.0.6045.214 Safari/537.36"
18.235.81.246 - - [13/Dec/2025:10:43:16 +0100] "GET /platby/qqap/black-locust-tree-for-sale HTTP/1.1" 200 8652 "-" "Mozilla/5.0 AppleWebKit/537.36 (KHTML, like Gecko; compatible; Amazonbot/0.1; +https://developer.amazon.com/support/amazonbot) Chrome/119.0.6045.214 Safari/537.36"
35.173.18.61 - - [13/Dec/2025:10:43:21 +0100] "GET /platby/aohwuyx/simba-vs-yanga-kigoma-livescore HTTP/1.1" 200 12634 "-" "Mozilla/5.0 AppleWebKit/537.36 (KHTML, like Gecko; compatible; Amazonbot/0.1; +https://developer.amazon.com/support/amazonbot) Chrome/119.0.6045.214 Safari/537.36"
18.205.91.101 - - [13/Dec/2025:10:43:25 +0100] "GET /platby/aohwuyx/1986-mlb-draft-signing-bonuses HTTP/1.1" 200 9017 "-" "Mozilla/5.0 AppleWebKit/537.36 (KHTML, like Gecko; compatible; Amazonbot/0.1; +https://developer.amazon.com/support/amazonbot) Chrome/119.0.6045.214 Safari/537.36"
185.191.171.1 - - [13/Dec/2025:10:43:46 +0100] "GET /platby/uwoy9/sebastopol-geese-temperament HTTP/1.1" 200 10742 "-" "Mozilla/5.0 (compatible; SemrushBot/7~bl; +http://www.semrush.com/bot.html)"
185.191.171.18 - - [13/Dec/2025:10:44:00 +0100] "GET /platby/qqap/nc-state-baseball-camps-2021 HTTP/1.1" 200 6693 "-" "Mozilla/5.0 (compatible; SemrushBot/7~bl; +http://www.semrush.com/bot.html)"
185.191.171.5 - - [13/Dec/2025:10:45:07 +0100] "GET /platby/hca/smashing-magazine-april-2021-wallpaper HTTP/1.1" 200 7278 "-" "Mozilla/5.0 (compatible; SemrushBot/7~bl; +http://www.semrush.com/bot.html)"
85.208.96.196 - - [13/Dec/2025:10:45:25 +0100] "GET /platby/qqap/huawei-nova-3i-auto-restart-problem HTTP/1.1" 200 15063 "-" "Mozilla/5.0 (compatible; SemrushBot/7~bl; +http://www.semrush.com/bot.html)"
85.208.96.196 - - [13/Dec/2025:10:45:29 +0100] "GET /platby/hca/michelle-phan-ethnicity HTTP/1.1" 200 10620 "-" "Mozilla/5.0 (compatible; SemrushBot/7~bl; +http://www.semrush.com/bot.html)"
85.208.96.198 - - [13/Dec/2025:10:45:34 +0100] "GET /platby/aohwuyx/carolina-panthers-record-holders HTTP/1.1" 200 6907 "-" "Mozilla/5.0 (compatible; SemrushBot/7~bl; +http://www.semrush.com/bot.html)"
185.191.171.15 - - [13/Dec/2025:10:45:48 +0100] "GET /platby/uwoy9/why-is-juneteenth-important-in-the-united-states HTTP/1.1" 200 7866 "-" "Mozilla/5.0 (compatible; SemrushBot/7~bl; +http://www.semrush.com/bot.html)"
195.177.94.189 - - [13/Dec/2025:10:45:51 +0100] "GET /phpmyadmin/scripts/setup.php HTTP/1.1" 200 11106 "-" "Mozilla/4.0 (compatible; MSIE 6.0; MSIE 5.5; Windows NT 5.1) Opera 7.01 [en]"
195.177.94.189 - - [13/Dec/2025:10:45:52 +0100] "POST /phpmyadmin/scripts/setup.php HTTP/1.1" 200 18608 "http://109.105.49.240:8081/phpmyadmin/scripts/setup.php" "Mozilla/4.0 (compatible; MSIE 6.0; MSIE 5.5; Windows NT 5.1) Opera 7.01 [en]"
185.191.171.6 - - [13/Dec/2025:10:46:02 +0100] "GET /platby/hca/luxury-cottages-south-devon HTTP/1.1" 200 10825 "-" "Mozilla/5.0 (compatible; SemrushBot/7~bl; +http://www.semrush.com/bot.html)"
85.208.96.200 - - [13/Dec/2025:10:46:04 +0100] "GET /platby/qqap/another-word-for-stealing-something HTTP/1.1" 200 10738 "-" "Mozilla/5.0 (compatible; SemrushBot/7~bl; +http://www.semrush.com/bot.html)"
85.208.96.209 - - [13/Dec/2025:10:46:05 +0100] "GET /platby/qqap/fifa-08-manchester-united HTTP/1.1" 200 7047 "-" "Mozilla/5.0 (compatible; SemrushBot/7~bl; +http://www.semrush.com/bot.html)"
85.208.96.207 - - [13/Dec/2025:10:46:33 +0100] "GET /platby/aohwuyx/code-documentation-generator HTTP/1.1" 200 9513 "-" "Mozilla/5.0 (compatible; SemrushBot/7~bl; +http://www.semrush.com/bot.html)"
195.177.94.189 - - [13/Dec/2025:10:46:57 +0100] "GET /phpmyadmin/scripts/setup.php HTTP/1.1" 200 11105 "-" "Mozilla/4.0 (compatible; MSIE 6.0; MSIE 5.5; Windows NT 5.1) Opera 7.01 [en]"
195.177.94.189 - - [13/Dec/2025:10:46:57 +0100] "POST /phpmyadmin/scripts/setup.php HTTP/1.1" 200 18608 "http://109.105.49.240:443/phpmyadmin/scripts/setup.php" "Mozilla/4.0 (compatible; MSIE 6.0; MSIE 5.5; Windows NT 5.1) Opera 7.01 [en]"
149.50.103.48 - - [13/Dec/2025:10:46:58 +0100] "GET /" 400 468 "-" "-"
85.208.96.199 - - [13/Dec/2025:10:47:04 +0100] "GET /platby/72zbxoz/jira-sprint-report-in-confluence HTTP/1.1" 200 11239 "-" "Mozilla/5.0 (compatible; SemrushBot/7~bl; +http://www.semrush.com/bot.html)"
85.208.96.207 - - [13/Dec/2025:10:47:21 +0100] "GET /platby/hca/confluent-definition-dermatology HTTP/1.1" 200 6073 "-" "Mozilla/5.0 (compatible; SemrushBot/7~bl; +http://www.semrush.com/bot.html)"
79.124.40.174 - - [13/Dec/2025:10:47:28 +0100] "GET /" 400 468 "-" "-"
185.191.171.3 - - [13/Dec/2025:10:47:50 +0100] "GET /platby/uwoy9/hydroelectric-power-how-it-works HTTP/1.1" 200 7961 "-" "Mozilla/5.0 (compatible; SemrushBot/7~bl; +http://www.semrush.com/bot.html)"
85.208.96.210 - - [13/Dec/2025:10:48:03 +0100] "GET /platby/72zbxoz/ennio-morricone,-oscar-award HTTP/1.1" 200 9230 "-" "Mozilla/5.0 (compatible; SemrushBot/7~bl; +http://www.semrush.com/bot.html)"
85.208.96.197 - - [13/Dec/2025:10:49:08 +0100] "GET /platby/hca/orbital-mechanics-mooc HTTP/1.1" 200 13573 "-" "Mozilla/5.0 (compatible; SemrushBot/7~bl; +http://www.semrush.com/bot.html)"
185.191.171.2 - - [13/Dec/2025:10:49:10 +0100] "GET /platby/aohwuyx/waking-life-explained HTTP/1.1" 200 11857 "-" "Mozilla/5.0 (compatible; SemrushBot/7~bl; +http://www.semrush.com/bot.html)"
85.208.96.210 - - [13/Dec/2025:10:49:29 +0100] "GET /platby/aohwuyx/sb0200-driver-windows-98 HTTP/1.1" 200 12995 "-" "Mozilla/5.0 (compatible; SemrushBot/7~bl; +http://www.semrush.com/bot.html)"
185.191.171.15 - - [13/Dec/2025:10:49:47 +0100] "GET /platby/aohwuyx/always-on-display-xiaomi-themes HTTP/1.1" 200 14874 "-" "Mozilla/5.0 (compatible; SemrushBot/7~bl; +http://www.semrush.com/bot.html)"
85.208.96.211 - - [13/Dec/2025:10:49:48 +0100] "GET /platby/uwoy9/why-are-houses-so-cheap-in-johnstown,-pa HTTP/1.1" 200 14554 "-" "Mozilla/5.0 (compatible; SemrushBot/7~bl; +http://www.semrush.com/bot.html)"
188.166.217.11 - - [13/Dec/2025:10:50:25 +0100] "\x16\x03\x01\x02" 403 265 "-" "-"
185.191.171.6 - - [13/Dec/2025:10:50:27 +0100] "GET /platby/qqap/memorial-blood-center-minneapolis HTTP/1.1" 200 5961 "-" "Mozilla/5.0 (compatible; SemrushBot/7~bl; +http://www.semrush.com/bot.html)"
85.208.96.198 - - [13/Dec/2025:10:50:33 +0100] "GET /platby/aohwuyx/apoel-nicosia-team-news HTTP/1.1" 200 7435 "-" "Mozilla/5.0 (compatible; SemrushBot/7~bl; +http://www.semrush.com/bot.html)"
85.208.96.209 - - [13/Dec/2025:10:51:08 +0100] "GET /platby/aohwuyx/kiss-bar,-side-turkey HTTP/1.1" 200 15780 "-" "Mozilla/5.0 (compatible; SemrushBot/7~bl; +http://www.semrush.com/bot.html)"
185.191.171.13 - - [13/Dec/2025:10:51:17 +0100] "GET /platby/hca/al-arabi-sports-club-location HTTP/1.1" 200 11899 "-" "Mozilla/5.0 (compatible; SemrushBot/7~bl; +http://www.semrush.com/bot.html)"
185.191.171.2 - - [13/Dec/2025:10:51:44 +0100] "GET /platby/aohwuyx/blake-swihart-rangers HTTP/1.1" 200 10113 "-" "Mozilla/5.0 (compatible; SemrushBot/7~bl; +http://www.semrush.com/bot.html)"
185.191.171.3 - - [13/Dec/2025:10:51:55 +0100] "GET /platby/uwoy9/male-brain-vs-female-brain-weight HTTP/1.1" 200 8657 "-" "Mozilla/5.0 (compatible; SemrushBot/7~bl; +http://www.semrush.com/bot.html)"
85.208.96.193 - - [13/Dec/2025:10:53:00 +0100] "GET /platby/uwoy9/notre-dame-summer-camps-2021 HTTP/1.1" 200 11107 "-" "Mozilla/5.0 (compatible; SemrushBot/7~bl; +http://www.semrush.com/bot.html)"
185.191.171.12 - - [13/Dec/2025:10:53:10 +0100] "GET /platby/72zbxoz/market-analysis-of-solar-panels HTTP/1.1" 200 9282 "-" "Mozilla/5.0 (compatible; SemrushBot/7~bl; +http://www.semrush.com/bot.html)"
185.191.171.5 - - [13/Dec/2025:10:53:49 +0100] "GET /platby/aohwuyx/matokeo-ya-simba-vs-namungo-leo HTTP/1.1" 200 12993 "-" "Mozilla/5.0 (compatible; SemrushBot/7~bl; +http://www.semrush.com/bot.html)"
85.208.96.210 - - [13/Dec/2025:10:53:51 +0100] "GET /platby/qqap/pileated-woodpecker-male-vs-female-size HTTP/1.1" 200 11588 "-" "Mozilla/5.0 (compatible; SemrushBot/7~bl; +http://www.semrush.com/bot.html)"
204.76.203.206 - - [13/Dec/2025:10:54:07 +0100] "GET /" 400 468 "-" "-"
85.208.96.193 - - [13/Dec/2025:10:54:21 +0100] "GET /platby/aohwuyx/wildflower-capital-of-texas HTTP/1.1" 200 13989 "-" "Mozilla/5.0 (compatible; SemrushBot/7~bl; +http://www.semrush.com/bot.html)"
85.208.96.193 - - [13/Dec/2025:10:54:43 +0100] "GET /platby/qqap/allright-szkola-jezykowa HTTP/1.1" 200 11609 "-" "Mozilla/5.0 (compatible; SemrushBot/7~bl; +http://www.semrush.com/bot.html)"
85.208.96.202 - - [13/Dec/2025:10:54:51 +0100] "GET /platby/qqap/motor-current-signature-analysis-python HTTP/1.1" 200 11390 "-" "Mozilla/5.0 (compatible; SemrushBot/7~bl; +http://www.semrush.com/bot.html)"
74.82.47.2 - - [13/Dec/2025:10:55:32 +0100] "GET / HTTP/1.1" 200 2492 "-" "Mozilla/5.0 (Windows NT 6.1; Win64; x64; ) AppleWebKit/537.36 (KHTML, like Gecko) Chrome/122.0.6261.156 Not(A:Brand/24 YaBrowser/24.4.1.899 Yowser/2.5 Safari/537.36"
185.191.171.16 - - [13/Dec/2025:10:55:34 +0100] "GET /platby/aohwuyx/richard-schultz-obituary HTTP/1.1" 200 10903 "-" "Mozilla/5.0 (compatible; SemrushBot/7~bl; +http://www.semrush.com/bot.html)"
74.82.47.2 - - [13/Dec/2025:10:55:39 +0100] "GET / HTTP/1.1" 200 9163 "-" "-"
85.208.96.193 - - [13/Dec/2025:10:55:50 +0100] "GET /platby/qqap/andrew-gregory-mcdonald's HTTP/1.1" 200 9938 "-" "Mozilla/5.0 (compatible; SemrushBot/7~bl; +http://www.semrush.com/bot.html)"
74.82.47.14 - - [13/Dec/2025:10:55:56 +0100] "GET /favicon.ico HTTP/1.1" 200 18478 "-" "Mozilla/5.0 (Macintosh; Intel Mac OS X 10_15_7) AppleWebKit/537.36 (KHTML, like Gecko) Chrome/140.0.0.0 Safari/537.36"
185.191.171.1 - - [13/Dec/2025:10:55:59 +0100] "GET /platby/qqap/houston-astros-lineup-2021 HTTP/1.1" 200 6377 "-" "Mozilla/5.0 (compatible; SemrushBot/7~bl; +http://www.semrush.com/bot.html)"
204.76.203.206 - - [13/Dec/2025:10:56:06 +0100] "GET / HTTP/1.1" 200 316 "-" "Mozilla/5.0 (Windows NT 10.0; Win64; x64) AppleWebKit/537.36 (KHTML, like Gecko) Chrome/90.0.4430.85 Safari/537.36 Edg/90.0.818.46"
66.249.68.2 - - [13/Dec/2025:10:56:21 +0100] "\x16\x03\x01\x02" 403 265 "-" "-"
85.208.96.203 - - [13/Dec/2025:10:57:01 +0100] "GET /platby/qqap/july-events-in-colorado-2021 HTTP/1.1" 200 8106 "-" "Mozilla/5.0 (compatible; SemrushBot/7~bl; +http://www.semrush.com/bot.html)"
185.191.171.15 - - [13/Dec/2025:10:57:10 +0100] "GET /platby/72zbxoz/teenage-fanclub-hang-on-chords HTTP/1.1" 200 13642 "-" "Mozilla/5.0 (compatible; SemrushBot/7~bl; +http://www.semrush.com/bot.html)"
85.208.96.202 - - [13/Dec/2025:10:57:50 +0100] "GET /platby/uwoy9/sharepoint-records-management-file-plan HTTP/1.1" 200 9510 "-" "Mozilla/5.0 (compatible; SemrushBot/7~bl; +http://www.semrush.com/bot.html)"
185.191.171.13 - - [13/Dec/2025:10:58:26 +0100] "GET /platby/hca/restaurants-open-in-reading,-pa HTTP/1.1" 200 12579 "-" "Mozilla/5.0 (compatible; SemrushBot/7~bl; +http://www.semrush.com/bot.html)"
185.191.171.16 - - [13/Dec/2025:10:58:31 +0100] "GET /platby/qqap/seoul-temperature-in-summer HTTP/1.1" 200 12844 "-" "Mozilla/5.0 (compatible; SemrushBot/7~bl; +http://www.semrush.com/bot.html)"
85.208.96.197 - - [13/Dec/2025:10:58:33 +0100] "GET /platby/uwoy9/diversity-of-learners-reflection HTTP/1.1" 200 11448 "-" "Mozilla/5.0 (compatible; SemrushBot/7~bl; +http://www.semrush.com/bot.html)"
79.124.40.174 - - [13/Dec/2025:10:58:44 +0100] "GET /" 400 468 "-" "-"
85.208.96.198 - - [13/Dec/2025:10:59:06 +0100] "GET /platby/hca/what-are-the-purple-trees-blooming-now-in-nc HTTP/1.1" 200 7612 "-" "Mozilla/5.0 (compatible; SemrushBot/7~bl; +http://www.semrush.com/bot.html)"
85.208.96.203 - - [13/Dec/2025:10:59:29 +0100] "GET /platby/qqap/bucs-vs-saints-2020-playoffs HTTP/1.1" 200 9636 "-" "Mozilla/5.0 (compatible; SemrushBot/7~bl; +http://www.semrush.com/bot.html)"
185.191.171.12 - - [13/Dec/2025:11:00:01 +0100] "GET /platby/hca/how-to-grow-queen-of-the-prairie-from-seed HTTP/1.1" 200 7477 "-" "Mozilla/5.0 (compatible; SemrushBot/7~bl; +http://www.semrush.com/bot.html)"
185.191.171.7 - - [13/Dec/2025:11:00:09 +0100] "GET /platby/uwoy9/real-madrid---valencia-basket HTTP/1.1" 200 9868 "-" "Mozilla/5.0 (compatible; SemrushBot/7~bl; +http://www.semrush.com/bot.html)"
45.135.193.3 - - [13/Dec/2025:11:00:21 +0100] "\x16\x03\x01" 403 265 "-" "-"
45.135.193.3 - - [13/Dec/2025:11:00:21 +0100] "\x16\x03\x01" 403 265 "-" "-"
85.208.96.211 - - [13/Dec/2025:11:00:26 +0100] "GET /platby/hca/sherman-the-verman-girlfriend-leslie HTTP/1.1" 200 11710 "-" "Mozilla/5.0 (compatible; SemrushBot/7~bl; +http://www.semrush.com/bot.html)"
162.142.125.214 - - [13/Dec/2025:11:00:47 +0100] "GET /robots.txt HTTP/1.1" 200 45 "-" "Mozilla/5.0 (compatible; CensysInspect/1.1; +https://about.censys.io/)"
185.191.171.4 - - [13/Dec/2025:11:00:55 +0100] "GET /platby/72zbxoz/diversity-summer-internship-program HTTP/1.1" 200 12111 "-" "Mozilla/5.0 (compatible; SemrushBot/7~bl; +http://www.semrush.com/bot.html)"
85.208.96.212 - - [13/Dec/2025:11:01:21 +0100] "GET /platby/hca/highmark-stadium-buffalo-bills HTTP/1.1" 200 5760 "-" "Mozilla/5.0 (compatible; SemrushBot/7~bl; +http://www.semrush.com/bot.html)"
85.208.96.209 - - [13/Dec/2025:11:01:51 +0100] "GET /platby/hca/most-dangerous-amusement-park-rides HTTP/1.1" 200 7280 "-" "Mozilla/5.0 (compatible; SemrushBot/7~bl; +http://www.semrush.com/bot.html)"
185.191.171.18 - - [13/Dec/2025:11:02:11 +0100] "GET /platby/qqap/hancock-whitney-lost-debit-card HTTP/1.1" 200 6169 "-" "Mozilla/5.0 (compatible; SemrushBot/7~bl; +http://www.semrush.com/bot.html)"
47.79.122.22 - - [13/Dec/2025:11:02:25 +0100] "\x16\x03\x01\x06\x02\x01" 403 265 "-" "-"
85.208.96.212 - - [13/Dec/2025:11:02:42 +0100] "GET /platby/qqap/pet-shop-boys-always-on-my-mind HTTP/1.1" 200 10132 "-" "Mozilla/5.0 (compatible; SemrushBot/7~bl; +http://www.semrush.com/bot.html)"
85.208.96.195 - - [13/Dec/2025:11:02:55 +0100] "GET /platby/uwoy9/brandon-lowe-scouting-report HTTP/1.1" 200 7470 "-" "Mozilla/5.0 (compatible; SemrushBot/7~bl; +http://www.semrush.com/bot.html)"
85.208.96.212 - - [13/Dec/2025:11:02:56 +0100] "GET /platby/hca/livingston-city-police-department HTTP/1.1" 200 9917 "-" "Mozilla/5.0 (compatible; SemrushBot/7~bl; +http://www.semrush.com/bot.html)"
85.208.96.212 - - [13/Dec/2025:11:02:59 +0100] "GET /platby/aohwuyx/720p-webcam-resolution HTTP/1.1" 200 7872 "-" "Mozilla/5.0 (compatible; SemrushBot/7~bl; +http://www.semrush.com/bot.html)"
185.191.171.2 - - [13/Dec/2025:11:03:19 +0100] "GET /platby/hca/another-word-for-statutory-discrimination HTTP/1.1" 200 7016 "-" "Mozilla/5.0 (compatible; SemrushBot/7~bl; +http://www.semrush.com/bot.html)"
85.208.96.197 - - [13/Dec/2025:11:03:20 +0100] "GET /platby/72zbxoz/alamo-drafthouse-cinema-zoominfo HTTP/1.1" 200 11400 "-" "Mozilla/5.0 (compatible; SemrushBot/7~bl; +http://www.semrush.com/bot.html)"
185.191.171.17 - - [13/Dec/2025:11:03:23 +0100] "GET /platby/aohwuyx/newton's-method-vs-gradient-descent HTTP/1.1" 200 12338 "-" "Mozilla/5.0 (compatible; SemrushBot/7~bl; +http://www.semrush.com/bot.html)"
185.191.171.2 - - [13/Dec/2025:11:04:23 +0100] "GET /platby/hca/ghana-under-17-squad-2020 HTTP/1.1" 200 8824 "-" "Mozilla/5.0 (compatible; SemrushBot/7~bl; +http://www.semrush.com/bot.html)"
85.208.96.201 - - [13/Dec/2025:11:04:51 +0100] "GET /platby/uwoy9/chicago-soccer-academy HTTP/1.1" 200 8945 "-" "Mozilla/5.0 (compatible; SemrushBot/7~bl; +http://www.semrush.com/bot.html)"
185.191.171.2 - - [13/Dec/2025:11:05:00 +0100] "GET /platby/hca/merlin-entertainments-revenue-2020 HTTP/1.1" 200 11492 "-" "Mozilla/5.0 (compatible; SemrushBot/7~bl; +http://www.semrush.com/bot.html)"
185.191.171.2 - - [13/Dec/2025:11:05:24 +0100] "GET /platby/qqap/renewable-energy-reading-comprehension-pdf HTTP/1.1" 200 9208 "-" "Mozilla/5.0 (compatible; SemrushBot/7~bl; +http://www.semrush.com/bot.html)"
85.208.96.207 - - [13/Dec/2025:11:05:53 +0100] "GET /platby/aohwuyx/fast-growing-market-synonym HTTP/1.1" 200 9774 "-" "Mozilla/5.0 (compatible; SemrushBot/7~bl; +http://www.semrush.com/bot.html)"
85.208.96.206 - - [13/Dec/2025:11:06:10 +0100] "GET /platby/aohwuyx/300-watt-flexible-solar-panel HTTP/1.1" 200 15365 "-" "Mozilla/5.0 (compatible; SemrushBot/7~bl; +http://www.semrush.com/bot.html)"
216.244.66.239 - - [13/Dec/2025:11:06:38 +0100] "GET /robots.txt HTTP/1.1" 200 34 "-" "Mozilla/5.0 (compatible; DotBot/1.2; +https://opensiteexplorer.org/dotbot; help@moz.com)"
85.208.96.198 - - [13/Dec/2025:11:06:47 +0100] "GET /platby/72zbxoz/jira-reporting-plugins HTTP/1.1" 200 8103 "-" "Mozilla/5.0 (compatible; SemrushBot/7~bl; +http://www.semrush.com/bot.html)"
204.76.203.212 - - [13/Dec/2025:11:07:06 +0100] "GET /" 400 468 "-" "-"
85.208.96.194 - - [13/Dec/2025:11:07:13 +0100] "GET /platby/uwoy9/beasts-clawing-at-straws HTTP/1.1" 200 11762 "-" "Mozilla/5.0 (compatible; SemrushBot/7~bl; +http://www.semrush.com/bot.html)"
85.208.96.199 - - [13/Dec/2025:11:07:14 +0100] "GET /platby/qqap/merino-wool-hoodie-canada HTTP/1.1" 200 14273 "-" "Mozilla/5.0 (compatible; SemrushBot/7~bl; +http://www.semrush.com/bot.html)"
85.208.96.206 - - [13/Dec/2025:11:07:16 +0100] "GET /platby/72zbxoz/rogue-resistance-bands HTTP/1.1" 200 9989 "-" "Mozilla/5.0 (compatible; SemrushBot/7~bl; +http://www.semrush.com/bot.html)"
85.208.96.200 - - [13/Dec/2025:11:07:40 +0100] "GET /platby/72zbxoz/giant-brahma-chickens-for-sale HTTP/1.1" 200 14462 "-" "Mozilla/5.0 (compatible; SemrushBot/7~bl; +http://www.semrush.com/bot.html)"
185.191.171.7 - - [13/Dec/2025:11:07:46 +0100] "GET /platby/qqap/motorola-edge-plus-overheating HTTP/1.1" 200 4721 "-" "Mozilla/5.0 (compatible; SemrushBot/7~bl; +http://www.semrush.com/bot.html)"
85.208.96.194 - - [13/Dec/2025:11:08:07 +0100] "GET /platby/hca/what-rhymes-with-never HTTP/1.1" 200 6947 "-" "Mozilla/5.0 (compatible; SemrushBot/7~bl; +http://www.semrush.com/bot.html)"
185.191.171.9 - - [13/Dec/2025:11:08:34 +0100] "GET /platby/hca/presidential-scholarship-deadline HTTP/1.1" 200 10348 "-" "Mozilla/5.0 (compatible; SemrushBot/7~bl; +http://www.semrush.com/bot.html)"
64.62.197.77 - - [13/Dec/2025:11:08:39 +0100] "\x16\x03\x01" 501 270 "-" "-"
85.208.96.196 - - [13/Dec/2025:11:09:25 +0100] "GET /platby/uwoy9/long-term-effects-of-clubfoot HTTP/1.1" 200 12192 "-" "Mozilla/5.0 (compatible; SemrushBot/7~bl; +http://www.semrush.com/bot.html)"
85.208.96.208 - - [13/Dec/2025:11:09:51 +0100] "GET /platby/qqap/a-series-of-unfortunate-events HTTP/1.1" 200 6339 "-" "Mozilla/5.0 (compatible; SemrushBot/7~bl; +http://www.semrush.com/bot.html)"
85.208.96.208 - - [13/Dec/2025:11:10:27 +0100] "GET /platby/hca/strength-and-agility-workout HTTP/1.1" 200 8588 "-" "Mozilla/5.0 (compatible; SemrushBot/7~bl; +http://www.semrush.com/bot.html)"
85.208.96.208 - - [13/Dec/2025:11:10:31 +0100] "GET /platby/aohwuyx/butler-graduation-2021-live-stream HTTP/1.1" 200 9454 "-" "Mozilla/5.0 (compatible; SemrushBot/7~bl; +http://www.semrush.com/bot.html)"
185.191.171.8 - - [13/Dec/2025:11:10:56 +0100] "GET /platby/72zbxoz/what-is-a-scholarship-for-university HTTP/1.1" 200 9442 "-" "Mozilla/5.0 (compatible; SemrushBot/7~bl; +http://www.semrush.com/bot.html)"
204.76.203.206 - - [13/Dec/2025:11:11:16 +0100] "GET /" 400 468 "-" "-"
185.191.171.17 - - [13/Dec/2025:11:11:27 +0100] "GET /platby/hca/ian-anderson-guitar-technique HTTP/1.1" 200 9379 "-" "Mozilla/5.0 (compatible; SemrushBot/7~bl; +http://www.semrush.com/bot.html)"
85.208.96.203 - - [13/Dec/2025:11:11:33 +0100] "GET /platby/uwoy9/sean-manaea-no-hitter-box-score HTTP/1.1" 200 12901 "-" "Mozilla/5.0 (compatible; SemrushBot/7~bl; +http://www.semrush.com/bot.html)"
64.62.156.222 - - [13/Dec/2025:11:11:34 +0100] "GET / HTTP/1.1" 200 316 "-" "Mozilla/5.0 (Windows NT 10.0; Win64; x64) AppleWebKit/537.36 (KHTML, like Gecko) Chrome/125.0.0.0 Safari/537.36 Edg/125.0.0.0"
64.62.156.231 - - [13/Dec/2025:11:11:52 +0100] "GET /favicon.ico HTTP/1.1" 404 229 "-" "Mozilla/5.0 (Windows NT 10.0; Win64; x64) AppleWebKit/537.36 (KHTML, like Gecko) Chrome/110.0.0.0 Safari/537.36 Edg/110.0.1587.41"
185.191.171.6 - - [13/Dec/2025:11:11:55 +0100] "GET /platby/qqap/ut-austin-aerospace-engineering-courses HTTP/1.1" 200 5848 "-" "Mozilla/5.0 (compatible; SemrushBot/7~bl; +http://www.semrush.com/bot.html)"
64.62.156.225 - - [13/Dec/2025:11:11:57 +0100] "GET http://api.ipify.org/?format=json HTTP/1.1" 200 515 "-" "Mozilla/5.0 (X11; Ubuntu; Linux x86_64; rv:124.0) Gecko/20100101 Firefox/124.0"
64.62.156.225 - - [13/Dec/2025:11:11:59 +0100] "CONNECT www.shadowserver.org:443 HTTP/1.1" 405 296 "-" "Mozilla/5.0 (X11; Ubuntu; Linux x86_64; rv:124.0) Gecko/20100101 Firefox/124.0"
85.208.96.205 - - [13/Dec/2025:11:12:09 +0100] "GET /platby/qqap/jamaican-scrambled-eggs-recipe HTTP/1.1" 200 5982 "-" "Mozilla/5.0 (compatible; SemrushBot/7~bl; +http://www.semrush.com/bot.html)"
185.191.171.18 - - [13/Dec/2025:11:12:11 +0100] "GET /platby/uwoy9/where-was-dan-in-real-life-filmed HTTP/1.1" 200 8452 "-" "Mozilla/5.0 (compatible; SemrushBot/7~bl; +http://www.semrush.com/bot.html)"
204.76.203.206 - - [13/Dec/2025:11:12:14 +0100] "GET / HTTP/1.1" 200 316 "-" "Mozilla/5.0 (Windows NT 10.0; Win64; x64) AppleWebKit/537.36 (KHTML, like Gecko) Chrome/90.0.4430.85 Safari/537.36 Edg/90.0.818.46"
79.124.40.174 - - [13/Dec/2025:11:12:19 +0100] "GET /" 400 468 "-" "-"
216.244.66.239 - - [13/Dec/2025:11:12:22 +0100] "GET /platby/article.php?5d4c26=how-to-mine-in-wow HTTP/1.1" 200 16714 "-" "Mozilla/5.0 (compatible; DotBot/1.2; +https://opensiteexplorer.org/dotbot; help@moz.com)"
216.244.66.239 - - [13/Dec/2025:11:12:27 +0100] "GET /platby/article.php?5d4c26=levia-stella-glow HTTP/1.1" 200 20645 "-" "Mozilla/5.0 (compatible; DotBot/1.2; +https://opensiteexplorer.org/dotbot; help@moz.com)"
216.244.66.239 - - [13/Dec/2025:11:12:31 +0100] "GET /platby/article.php?5d4c26=Chin-meaning-in-English HTTP/1.1" 200 23973 "-" "Mozilla/5.0 (compatible; DotBot/1.2; +https://opensiteexplorer.org/dotbot; help@moz.com)"
216.244.66.239 - - [13/Dec/2025:11:12:35 +0100] "GET /platby/article.php?5d4c26=lynx-kitten-sound HTTP/1.1" 200 22891 "-" "Mozilla/5.0 (compatible; DotBot/1.2; +https://opensiteexplorer.org/dotbot; help@moz.com)"
216.244.66.239 - - [13/Dec/2025:11:12:38 +0100] "GET /platby/article.php?5d4c26=marshal-yanda-now HTTP/1.1" 200 19819 "-" "Mozilla/5.0 (compatible; DotBot/1.2; +https://opensiteexplorer.org/dotbot; help@moz.com)"
216.244.66.239 - - [13/Dec/2025:11:12:41 +0100] "GET /platby/article.php?5d4c26=mini-simon-game HTTP/1.1" 200 18260 "-" "Mozilla/5.0 (compatible; DotBot/1.2; +https://opensiteexplorer.org/dotbot; help@moz.com)"
216.244.66.239 - - [13/Dec/2025:11:12:43 +0100] "GET /platby/article.php?5d4c26=Strangers-from-the-Sky HTTP/1.1" 200 21391 "-" "Mozilla/5.0 (compatible; DotBot/1.2; +https://opensiteexplorer.org/dotbot; help@moz.com)"
216.244.66.239 - - [13/Dec/2025:11:12:45 +0100] "GET /platby/article.php?5d4c26=The-Dunk-King HTTP/1.1" 200 23621 "-" "Mozilla/5.0 (compatible; DotBot/1.2; +https://opensiteexplorer.org/dotbot; help@moz.com)"
216.244.66.239 - - [13/Dec/2025:11:12:47 +0100] "GET /platby/article.php?5d4c26=ander-herrera-injury HTTP/1.1" 200 21240 "-" "Mozilla/5.0 (compatible; DotBot/1.2; +https://opensiteexplorer.org/dotbot; help@moz.com)"
216.244.66.239 - - [13/Dec/2025:11:12:49 +0100] "GET /platby/article.php?5d4c26=chandrayaan-2-images HTTP/1.1" 200 21460 "-" "Mozilla/5.0 (compatible; DotBot/1.2; +https://opensiteexplorer.org/dotbot; help@moz.com)"
216.244.66.239 - - [13/Dec/2025:11:12:50 +0100] "GET /platby/article.php?5d4c26=cougar-life-app-review HTTP/1.1" 200 18918 "-" "Mozilla/5.0 (compatible; DotBot/1.2; +https://opensiteexplorer.org/dotbot; help@moz.com)"
216.244.66.239 - - [13/Dec/2025:11:12:52 +0100] "GET /platby/article.php?5d4c26=crazy-fast-brat HTTP/1.1" 200 23703 "-" "Mozilla/5.0 (compatible; DotBot/1.2; +https://opensiteexplorer.org/dotbot; help@moz.com)"
216.244.66.239 - - [13/Dec/2025:11:12:53 +0100] "GET /platby/article.php?5d4c26=datausa-omaha-ne HTTP/1.1" 200 22663 "-" "Mozilla/5.0 (compatible; DotBot/1.2; +https://opensiteexplorer.org/dotbot; help@moz.com)"
216.244.66.239 - - [13/Dec/2025:11:12:54 +0100] "GET /platby/article.php?5d4c26=hd-wallpaper-new HTTP/1.1" 200 23896 "-" "Mozilla/5.0 (compatible; DotBot/1.2; +https://opensiteexplorer.org/dotbot; help@moz.com)"
216.244.66.239 - - [13/Dec/2025:11:12:56 +0100] "GET /platby/article.php?5d4c26=i-know-you-still HTTP/1.1" 200 19464 "-" "Mozilla/5.0 (compatible; DotBot/1.2; +https://opensiteexplorer.org/dotbot; help@moz.com)"
216.244.66.239 - - [13/Dec/2025:11:12:57 +0100] "GET /platby/article.php?5d4c26=isro-live-earth HTTP/1.1" 200 22770 "-" "Mozilla/5.0 (compatible; DotBot/1.2; +https://opensiteexplorer.org/dotbot; help@moz.com)"
216.244.66.239 - - [13/Dec/2025:11:12:58 +0100] "GET /platby/article.php?5d4c26=james-acaster-instagram HTTP/1.1" 200 19545 "-" "Mozilla/5.0 (compatible; DotBot/1.2; +https://opensiteexplorer.org/dotbot; help@moz.com)"
216.244.66.239 - - [13/Dec/2025:11:12:59 +0100] "GET /platby/article.php?5d4c26=john-robinson-wife HTTP/1.1" 200 16071 "-" "Mozilla/5.0 (compatible; DotBot/1.2; +https://opensiteexplorer.org/dotbot; help@moz.com)"
216.244.66.239 - - [13/Dec/2025:11:13:00 +0100] "GET /platby/article.php?5d4c26=lg-e9-oled-55 HTTP/1.1" 200 22161 "-" "Mozilla/5.0 (compatible; DotBot/1.2; +https://opensiteexplorer.org/dotbot; help@moz.com)"
216.244.66.239 - - [13/Dec/2025:11:13:01 +0100] "GET /platby/article.php?5d4c26=manly-vs-storm HTTP/1.1" 200 20211 "-" "Mozilla/5.0 (compatible; DotBot/1.2; +https://opensiteexplorer.org/dotbot; help@moz.com)"
216.244.66.239 - - [13/Dec/2025:11:13:02 +0100] "GET /platby/article.php?5d4c26=mount-maunganui-volcano HTTP/1.1" 200 18558 "-" "Mozilla/5.0 (compatible; DotBot/1.2; +https://opensiteexplorer.org/dotbot; help@moz.com)"
216.244.66.239 - - [13/Dec/2025:11:13:03 +0100] "GET /platby/article.php?5d4c26=nasa-history-office HTTP/1.1" 200 20346 "-" "Mozilla/5.0 (compatible; DotBot/1.2; +https://opensiteexplorer.org/dotbot; help@moz.com)"
216.244.66.239 - - [13/Dec/2025:11:13:04 +0100] "GET /platby/article.php?5d4c26=nba-2k16-cover HTTP/1.1" 200 21349 "-" "Mozilla/5.0 (compatible; DotBot/1.2; +https://opensiteexplorer.org/dotbot; help@moz.com)"
216.244.66.239 - - [13/Dec/2025:11:13:05 +0100] "GET /platby/article.php?5d4c26=non-filers-stimulus-reddit HTTP/1.1" 200 18868 "-" "Mozilla/5.0 (compatible; DotBot/1.2; +https://opensiteexplorer.org/dotbot; help@moz.com)"
216.244.66.239 - - [13/Dec/2025:11:13:06 +0100] "GET /platby/article.php?5d4c26=paula-cole-i-don%27t-want-to-wait-lyrics HTTP/1.1" 200 22138 "-" "Mozilla/5.0 (compatible; DotBot/1.2; +https://opensiteexplorer.org/dotbot; help@moz.com)"
216.244.66.239 - - [13/Dec/2025:11:13:07 +0100] "GET /platby/article.php?5d4c26=plab-1-dates-2020 HTTP/1.1" 200 21876 "-" "Mozilla/5.0 (compatible; DotBot/1.2; +https://opensiteexplorer.org/dotbot; help@moz.com)"
216.244.66.239 - - [13/Dec/2025:11:13:08 +0100] "GET /platby/article.php?5d4c26=pluggi-de-legit HTTP/1.1" 200 15529 "-" "Mozilla/5.0 (compatible; DotBot/1.2; +https://opensiteexplorer.org/dotbot; help@moz.com)"
216.244.66.239 - - [13/Dec/2025:11:13:09 +0100] "GET /platby/article.php?5d4c26=primary-wave-local HTTP/1.1" 200 22061 "-" "Mozilla/5.0 (compatible; DotBot/1.2; +https://opensiteexplorer.org/dotbot; help@moz.com)"
216.244.66.239 - - [13/Dec/2025:11:13:11 +0100] "GET /platby/article.php?5d4c26=ptv-news-live-kashmir HTTP/1.1" 200 24051 "-" "Mozilla/5.0 (compatible; DotBot/1.2; +https://opensiteexplorer.org/dotbot; help@moz.com)"
216.244.66.239 - - [13/Dec/2025:11:13:12 +0100] "GET /platby/article.php?5d4c26=start-1-treaty-text HTTP/1.1" 200 18574 "-" "Mozilla/5.0 (compatible; DotBot/1.2; +https://opensiteexplorer.org/dotbot; help@moz.com)"
216.244.66.239 - - [13/Dec/2025:11:13:13 +0100] "GET /platby/article.php?5d4c26=the-block-2019-facebook HTTP/1.1" 200 23578 "-" "Mozilla/5.0 (compatible; DotBot/1.2; +https://opensiteexplorer.org/dotbot; help@moz.com)"
216.244.66.239 - - [13/Dec/2025:11:13:14 +0100] "GET /platby/article.php?5d4c26=tsunami-prone-areas HTTP/1.1" 200 24127 "-" "Mozilla/5.0 (compatible; DotBot/1.2; +https://opensiteexplorer.org/dotbot; help@moz.com)"
216.244.66.239 - - [13/Dec/2025:11:13:15 +0100] "GET /platby/article.php?5d4c26=Abu-Dhabi-climate-graph HTTP/1.1" 200 22737 "-" "Mozilla/5.0 (compatible; DotBot/1.2; +https://opensiteexplorer.org/dotbot; help@moz.com)"
216.244.66.239 - - [13/Dec/2025:11:13:18 +0100] "GET /platby/article.php?5d4c26=Balmain-Tigers-logo HTTP/1.1" 200 21569 "-" "Mozilla/5.0 (compatible; DotBot/1.2; +https://opensiteexplorer.org/dotbot; help@moz.com)"
216.244.66.239 - - [13/Dec/2025:11:13:20 +0100] "GET /platby/article.php?5d4c26=Be-Alright-Forever HTTP/1.1" 200 15185 "-" "Mozilla/5.0 (compatible; DotBot/1.2; +https://opensiteexplorer.org/dotbot; help@moz.com)"
216.244.66.239 - - [13/Dec/2025:11:13:22 +0100] "GET /platby/article.php?5d4c26=Predator%3A-If-It-Bleeds HTTP/1.1" 200 21894 "-" "Mozilla/5.0 (compatible; DotBot/1.2; +https://opensiteexplorer.org/dotbot; help@moz.com)"
216.244.66.239 - - [13/Dec/2025:11:13:23 +0100] "GET /platby/article.php?5d4c26=Sanford-Stadium-Seating HTTP/1.1" 200 22967 "-" "Mozilla/5.0 (compatible; DotBot/1.2; +https://opensiteexplorer.org/dotbot; help@moz.com)"
216.244.66.239 - - [13/Dec/2025:11:13:25 +0100] "GET /platby/article.php?5d4c26=Where-is-uterus-in-body HTTP/1.1" 200 18771 "-" "Mozilla/5.0 (compatible; DotBot/1.2; +https://opensiteexplorer.org/dotbot; help@moz.com)"
216.244.66.239 - - [13/Dec/2025:11:13:26 +0100] "GET /platby/article.php?5d4c26=abc-newcastle-radio HTTP/1.1" 200 17525 "-" "Mozilla/5.0 (compatible; DotBot/1.2; +https://opensiteexplorer.org/dotbot; help@moz.com)"
216.244.66.239 - - [13/Dec/2025:11:13:27 +0100] "GET /platby/article.php?5d4c26=air-nz-flight-schedule HTTP/1.1" 200 25548 "-" "Mozilla/5.0 (compatible; DotBot/1.2; +https://opensiteexplorer.org/dotbot; help@moz.com)"
216.244.66.239 - - [13/Dec/2025:11:13:28 +0100] "GET /platby/article.php?5d4c26=best-time-to-visit-poland HTTP/1.1" 200 18589 "-" "Mozilla/5.0 (compatible; DotBot/1.2; +https://opensiteexplorer.org/dotbot; help@moz.com)"
216.244.66.239 - - [13/Dec/2025:11:13:29 +0100] "GET /platby/article.php?5d4c26=big-time-rush-surprise HTTP/1.1" 200 19128 "-" "Mozilla/5.0 (compatible; DotBot/1.2; +https://opensiteexplorer.org/dotbot; help@moz.com)"
216.244.66.239 - - [13/Dec/2025:11:13:31 +0100] "GET /platby/article.php?5d4c26=cash-dividends-calculator HTTP/1.1" 200 16518 "-" "Mozilla/5.0 (compatible; DotBot/1.2; +https://opensiteexplorer.org/dotbot; help@moz.com)"
216.244.66.239 - - [13/Dec/2025:11:13:32 +0100] "GET /platby/article.php?5d4c26=cat-cow-pose-sanskrit HTTP/1.1" 200 22731 "-" "Mozilla/5.0 (compatible; DotBot/1.2; +https://opensiteexplorer.org/dotbot; help@moz.com)"
216.244.66.239 - - [13/Dec/2025:11:13:32 +0100] "GET /platby/article.php?5d4c26=coca-cola-cultural-intelligence HTTP/1.1" 200 21247 "-" "Mozilla/5.0 (compatible; DotBot/1.2; +https://opensiteexplorer.org/dotbot; help@moz.com)"
216.244.66.239 - - [13/Dec/2025:11:13:34 +0100] "GET /platby/article.php?5d4c26=daniel-smith-skylar-diggins-smith HTTP/1.1" 200 17733 "-" "Mozilla/5.0 (compatible; DotBot/1.2; +https://opensiteexplorer.org/dotbot; help@moz.com)"
216.244.66.239 - - [13/Dec/2025:11:13:35 +0100] "GET /platby/article.php?5d4c26=david-baker-forged-in-fire HTTP/1.1" 200 18864 "-" "Mozilla/5.0 (compatible; DotBot/1.2; +https://opensiteexplorer.org/dotbot; help@moz.com)"
216.244.66.239 - - [13/Dec/2025:11:13:35 +0100] "GET /platby/article.php?5d4c26=dead-skunk-in-the-middle-of-the-road-ukulele-chords HTTP/1.1" 200 15847 "-" "Mozilla/5.0 (compatible; DotBot/1.2; +https://opensiteexplorer.org/dotbot; help@moz.com)"
216.244.66.239 - - [13/Dec/2025:11:13:36 +0100] "GET /platby/article.php?5d4c26=dinosaur-train-conductor-hat HTTP/1.1" 200 16880 "-" "Mozilla/5.0 (compatible; DotBot/1.2; +https://opensiteexplorer.org/dotbot; help@moz.com)"
216.244.66.239 - - [13/Dec/2025:11:13:37 +0100] "GET /platby/article.php?5d4c26=ellen-ochoa-primary-sources HTTP/1.1" 200 25027 "-" "Mozilla/5.0 (compatible; DotBot/1.2; +https://opensiteexplorer.org/dotbot; help@moz.com)"
216.244.66.239 - - [13/Dec/2025:11:13:38 +0100] "GET /platby/article.php?5d4c26=enterprise-car-club-prices HTTP/1.1" 200 16900 "-" "Mozilla/5.0 (compatible; DotBot/1.2; +https://opensiteexplorer.org/dotbot; help@moz.com)"
216.244.66.239 - - [13/Dec/2025:11:13:39 +0100] "GET /platby/article.php?5d4c26=fallout%3A-new-vegas-melee-weapons HTTP/1.1" 200 24367 "-" "Mozilla/5.0 (compatible; DotBot/1.2; +https://opensiteexplorer.org/dotbot; help@moz.com)"
