85.208.96.200 - - [13/Dec/2025:07:36:05 +0100] "GET /platby/aohwuyx/biggie-wallpaper-phone HTTP/1.1" 200 12938 "-" "Mozilla/5.0 (compatible; SemrushBot/7~bl; +http://www.semrush.com/bot.html)"
195.177.94.189 - - [13/Dec/2025:07:36:12 +0100] "GET /phpmyadmin/scripts/setup.php HTTP/1.1" 200 11105 "-" "Mozilla/4.0 (compatible; MSIE 6.0; MSIE 5.5; Windows NT 5.1) Opera 7.01 [en]"
195.177.94.189 - - [13/Dec/2025:07:36:12 +0100] "POST /phpmyadmin/scripts/setup.php HTTP/1.1" 200 18608 "http://109.105.49.240:443/phpmyadmin/scripts/setup.php" "Mozilla/4.0 (compatible; MSIE 6.0; MSIE 5.5; Windows NT 5.1) Opera 7.01 [en]"
185.191.171.8 - - [13/Dec/2025:07:36:33 +0100] "GET /platby/uwoy9/garmin-venu-sleep-tracking-accuracy HTTP/1.1" 200 11911 "-" "Mozilla/5.0 (compatible; SemrushBot/7~bl; +http://www.semrush.com/bot.html)"
85.208.96.202 - - [13/Dec/2025:07:37:16 +0100] "GET /platby/uwoy9/tristan-harris-ted-talk-summary HTTP/1.1" 200 13452 "-" "Mozilla/5.0 (compatible; SemrushBot/7~bl; +http://www.semrush.com/bot.html)"
45.156.128.43 - - [13/Dec/2025:07:37:25 +0100] "GET / HTTP/1.1" 200 316 "-" "Mozilla/5.0 (Windows NT 10.0; Win64; x64) AppleWebKit/537.36 (KHTML, like Gecko) Chrome/60.0.3112.113 Safari/537.36"
85.208.96.194 - - [13/Dec/2025:07:37:56 +0100] "GET /platby/hca/dean-paul-martin-plane-crash HTTP/1.1" 200 8822 "-" "Mozilla/5.0 (compatible; SemrushBot/7~bl; +http://www.semrush.com/bot.html)"
185.191.171.15 - - [13/Dec/2025:07:38:05 +0100] "GET /platby/qqap/app-to-turn-on-phone-without-power-button HTTP/1.1" 200 7537 "-" "Mozilla/5.0 (compatible; SemrushBot/7~bl; +http://www.semrush.com/bot.html)"
176.65.149.34 - - [13/Dec/2025:07:38:07 +0100] "GET / HTTP/1.1" 200 516 "-" "-"
176.65.149.34 - - [13/Dec/2025:07:38:07 +0100] "GET /index.htm HTTP/1.1" 404 273 "-" "Mozilla/5.0"
176.65.149.34 - - [13/Dec/2025:07:38:07 +0100] "1111\x0c\x01" 400 291 "-" "-"
176.65.149.34 - - [13/Dec/2025:07:38:07 +0100] "\x16\x03\x01\x05\xac\x01" 501 273 "-" "-"
176.65.149.34 - - [13/Dec/2025:07:38:07 +0100] "1111\x88" 501 272 "-" "-"
176.65.149.34 - - [13/Dec/2025:07:38:08 +0100] "1111\x88" 501 272 "-" "-"
176.65.149.34 - - [13/Dec/2025:07:38:09 +0100] "1111\x88" 501 272 "-" "-"
185.191.171.19 - - [13/Dec/2025:07:38:18 +0100] "GET /platby/aohwuyx/is-bc-hydro-publicly-traded HTTP/1.1" 200 13058 "-" "Mozilla/5.0 (compatible; SemrushBot/7~bl; +http://www.semrush.com/bot.html)"
85.208.96.201 - - [13/Dec/2025:07:38:25 +0100] "GET /platby/72zbxoz/list-of-current-social-movements-2021 HTTP/1.1" 200 12602 "-" "Mozilla/5.0 (compatible; SemrushBot/7~bl; +http://www.semrush.com/bot.html)"
185.191.171.2 - - [13/Dec/2025:07:39:15 +0100] "GET /platby/qqap/snapper-bait-presentation HTTP/1.1" 200 8055 "-" "Mozilla/5.0 (compatible; SemrushBot/7~bl; +http://www.semrush.com/bot.html)"
65.49.1.182 - - [13/Dec/2025:07:39:30 +0100] "GET /" 400 468 "-" "-"
85.208.96.196 - - [13/Dec/2025:07:39:31 +0100] "GET /platby/aohwuyx/left-handed-bettinardi-putters HTTP/1.1" 200 8056 "-" "Mozilla/5.0 (compatible; SemrushBot/7~bl; +http://www.semrush.com/bot.html)"
85.208.96.208 - - [13/Dec/2025:07:39:50 +0100] "GET /platby/qqap/california-poppy-color HTTP/1.1" 200 8664 "-" "Mozilla/5.0 (compatible; SemrushBot/7~bl; +http://www.semrush.com/bot.html)"
85.208.96.194 - - [13/Dec/2025:07:39:54 +0100] "GET /platby/hca/this-present-darkness-scripture HTTP/1.1" 200 6877 "-" "Mozilla/5.0 (compatible; SemrushBot/7~bl; +http://www.semrush.com/bot.html)"
185.191.171.2 - - [13/Dec/2025:07:40:11 +0100] "GET /platby/aohwuyx/muse-please-please-please HTTP/1.1" 200 8177 "-" "Mozilla/5.0 (compatible; SemrushBot/7~bl; +http://www.semrush.com/bot.html)"
85.208.96.205 - - [13/Dec/2025:07:40:19 +0100] "GET /platby/hca/atlanta-falcons-signings-2021 HTTP/1.1" 200 5685 "-" "Mozilla/5.0 (compatible; SemrushBot/7~bl; +http://www.semrush.com/bot.html)"
85.208.96.197 - - [13/Dec/2025:07:40:37 +0100] "GET /platby/aohwuyx/confluence-rest-api-browser HTTP/1.1" 200 9139 "-" "Mozilla/5.0 (compatible; SemrushBot/7~bl; +http://www.semrush.com/bot.html)"
85.208.96.208 - - [13/Dec/2025:07:40:47 +0100] "GET /platby/aohwuyx/1-year-breakeven-inflation-rate HTTP/1.1" 200 10507 "-" "Mozilla/5.0 (compatible; SemrushBot/7~bl; +http://www.semrush.com/bot.html)"
185.191.171.10 - - [13/Dec/2025:07:41:08 +0100] "GET /platby/qqap/what-rhymes-with-skinny HTTP/1.1" 200 13391 "-" "Mozilla/5.0 (compatible; SemrushBot/7~bl; +http://www.semrush.com/bot.html)"
103.70.36.88 - - [13/Dec/2025:07:41:32 +0100] "GET /platby/qqap/anime-themed-restaurant HTTP/1.1" 200 14792 "-" "Mozilla/5.0 (iPod; U; CPU iPhone OS 4_2 like Mac OS X; ti-ET) AppleWebKit/535.19.1 (KHTML, like Gecko) Version/3.0.5 Mobile/8B119 Safari/6535.19.1"
85.208.96.206 - - [13/Dec/2025:07:42:17 +0100] "GET /platby/qqap/the-krays-mad-axeman-rotten-tomatoes HTTP/1.1" 200 9080 "-" "Mozilla/5.0 (compatible; SemrushBot/7~bl; +http://www.semrush.com/bot.html)"
85.208.96.211 - - [13/Dec/2025:07:42:25 +0100] "GET /platby/72zbxoz/chicago-bears-facility-address HTTP/1.1" 200 20 "-" "Mozilla/5.0 (compatible; SemrushBot/7~bl; +http://www.semrush.com/bot.html)"
185.191.171.1 - - [13/Dec/2025:07:42:57 +0100] "GET /platby/aohwuyx/inspirational-quotes-by-famous-authors-and-poets HTTP/1.1" 200 8901 "-" "Mozilla/5.0 (compatible; SemrushBot/7~bl; +http://www.semrush.com/bot.html)"
85.208.96.210 - - [13/Dec/2025:07:43:35 +0100] "GET /platby/hca/phone-repairs-plaza-palmerston-north HTTP/1.1" 200 7440 "-" "Mozilla/5.0 (compatible; SemrushBot/7~bl; +http://www.semrush.com/bot.html)"
52.2.83.227 - - [13/Dec/2025:07:43:48 +0100] "GET /platby/qqap/weston-workers-fc-sofascore HTTP/1.1" 200 13883 "-" "Mozilla/5.0 AppleWebKit/537.36 (KHTML, like Gecko; compatible; Amazonbot/0.1; +https://developer.amazon.com/support/amazonbot) Chrome/119.0.6045.214 Safari/537.36"
100.25.120.246 - - [13/Dec/2025:07:43:52 +0100] "GET /platby/aohwuyx/process-engineering-group HTTP/1.1" 200 11159 "-" "Mozilla/5.0 AppleWebKit/537.36 (KHTML, like Gecko; compatible; Amazonbot/0.1; +https://developer.amazon.com/support/amazonbot) Chrome/119.0.6045.214 Safari/537.36"
85.208.96.200 - - [13/Dec/2025:07:43:55 +0100] "GET /platby/qqap/houston-airport-closed-due-to-coronavirus HTTP/1.1" 200 11763 "-" "Mozilla/5.0 (compatible; SemrushBot/7~bl; +http://www.semrush.com/bot.html)"
3.212.86.97 - - [13/Dec/2025:07:43:58 +0100] "GET /platby/aohwuyx/visit-make-sentence-for-class-1 HTTP/1.1" 200 14684 "-" "Mozilla/5.0 AppleWebKit/537.36 (KHTML, like Gecko; compatible; Amazonbot/0.1; +https://developer.amazon.com/support/amazonbot) Chrome/119.0.6045.214 Safari/537.36"
34.231.156.59 - - [13/Dec/2025:07:44:01 +0100] "GET /platby/aohwuyx/vendetta-fortnite-all-styles HTTP/1.1" 200 10076 "-" "Mozilla/5.0 AppleWebKit/537.36 (KHTML, like Gecko; compatible; Amazonbot/0.1; +https://developer.amazon.com/support/amazonbot) Chrome/119.0.6045.214 Safari/537.36"
34.194.226.74 - - [13/Dec/2025:07:44:05 +0100] "GET /platby/aohwuyx/how-to-teach-science-effectively HTTP/1.1" 200 15183 "-" "Mozilla/5.0 AppleWebKit/537.36 (KHTML, like Gecko; compatible; Amazonbot/0.1; +https://developer.amazon.com/support/amazonbot) Chrome/119.0.6045.214 Safari/537.36"
18.214.124.6 - - [13/Dec/2025:07:44:09 +0100] "GET /platby/aohwuyx/subsequent-to-our-discussion HTTP/1.1" 200 9675 "-" "Mozilla/5.0 AppleWebKit/537.36 (KHTML, like Gecko; compatible; Amazonbot/0.1; +https://developer.amazon.com/support/amazonbot) Chrome/119.0.6045.214 Safari/537.36"
85.208.96.210 - - [13/Dec/2025:07:44:09 +0100] "GET /platby/uwoy9/best-looking-mlb-jerseys-of-all-time HTTP/1.1" 200 12984 "-" "Mozilla/5.0 (compatible; SemrushBot/7~bl; +http://www.semrush.com/bot.html)"
18.205.213.231 - - [13/Dec/2025:07:44:12 +0100] "GET /platby/aohwuyx/phone-number-for-iheartradio-customer-service HTTP/1.1" 200 8928 "-" "Mozilla/5.0 AppleWebKit/537.36 (KHTML, like Gecko; compatible; Amazonbot/0.1; +https://developer.amazon.com/support/amazonbot) Chrome/119.0.6045.214 Safari/537.36"
85.208.96.198 - - [13/Dec/2025:07:44:15 +0100] "GET /platby/uwoy9/divergent-boundary-synonym HTTP/1.1" 200 12339 "-" "Mozilla/5.0 (compatible; SemrushBot/7~bl; +http://www.semrush.com/bot.html)"
100.29.155.89 - - [13/Dec/2025:07:44:18 +0100] "GET /platby/qqap/nicholas-gioacchini-father HTTP/1.1" 200 10571 "-" "Mozilla/5.0 AppleWebKit/537.36 (KHTML, like Gecko; compatible; Amazonbot/0.1; +https://developer.amazon.com/support/amazonbot) Chrome/119.0.6045.214 Safari/537.36"
3.226.106.93 - - [13/Dec/2025:07:44:20 +0100] "GET /platby/qqap/south-dakota-state-softball HTTP/1.1" 200 6076 "-" "Mozilla/5.0 AppleWebKit/537.36 (KHTML, like Gecko; compatible; Amazonbot/0.1; +https://developer.amazon.com/support/amazonbot) Chrome/119.0.6045.214 Safari/537.36"
52.44.148.203 - - [13/Dec/2025:07:44:25 +0100] "GET /platby/qqap/oklahoma-state-women's-track-and-field-roster HTTP/1.1" 200 9870 "-" "Mozilla/5.0 AppleWebKit/537.36 (KHTML, like Gecko; compatible; Amazonbot/0.1; +https://developer.amazon.com/support/amazonbot) Chrome/119.0.6045.214 Safari/537.36"
107.20.255.194 - - [13/Dec/2025:07:44:29 +0100] "GET /platby/aohwuyx/respecting-others'-opinions-quotes HTTP/1.1" 200 13117 "-" "Mozilla/5.0 AppleWebKit/537.36 (KHTML, like Gecko; compatible; Amazonbot/0.1; +https://developer.amazon.com/support/amazonbot) Chrome/119.0.6045.214 Safari/537.36"
98.83.72.38 - - [13/Dec/2025:07:44:33 +0100] "GET /platby/aohwuyx/welcome-to-jurassic-world-piano HTTP/1.1" 200 8930 "-" "Mozilla/5.0 AppleWebKit/537.36 (KHTML, like Gecko; compatible; Amazonbot/0.1; +https://developer.amazon.com/support/amazonbot) Chrome/119.0.6045.214 Safari/537.36"
184.73.47.24 - - [13/Dec/2025:07:44:37 +0100] "GET /platby/aohwuyx/whitecaps-player-salaries-2020 HTTP/1.1" 200 13626 "-" "Mozilla/5.0 AppleWebKit/537.36 (KHTML, like Gecko; compatible; Amazonbot/0.1; +https://developer.amazon.com/support/amazonbot) Chrome/119.0.6045.214 Safari/537.36"
18.232.11.247 - - [13/Dec/2025:07:44:40 +0100] "GET /platby/aohwuyx/+-1moreupscale-drinksdexter's-windermere,-the-vineyard,-and-more HTTP/1.1" 200 9265 "-" "Mozilla/5.0 AppleWebKit/537.36 (KHTML, like Gecko; compatible; Amazonbot/0.1; +https://developer.amazon.com/support/amazonbot) Chrome/119.0.6045.214 Safari/537.36"
85.208.96.203 - - [13/Dec/2025:07:44:40 +0100] "GET /platby/uwoy9/butterfly-outline-to-color HTTP/1.1" 200 9297 "-" "Mozilla/5.0 (compatible; SemrushBot/7~bl; +http://www.semrush.com/bot.html)"
85.208.96.204 - - [13/Dec/2025:07:45:20 +0100] "GET /platby/aohwuyx/how-much-time-18w-charger-take-to-charge-6000mah HTTP/1.1" 200 13069 "-" "Mozilla/5.0 (compatible; SemrushBot/7~bl; +http://www.semrush.com/bot.html)"
185.191.171.1 - - [13/Dec/2025:07:45:26 +0100] "GET /platby/qqap/jordan-fitness-treadmill HTTP/1.1" 200 7657 "-" "Mozilla/5.0 (compatible; SemrushBot/7~bl; +http://www.semrush.com/bot.html)"
185.191.171.14 - - [13/Dec/2025:07:46:26 +0100] "GET /platby/aohwuyx/upper-body-workout-at-home-female HTTP/1.1" 200 12229 "-" "Mozilla/5.0 (compatible; SemrushBot/7~bl; +http://www.semrush.com/bot.html)"
85.208.96.211 - - [13/Dec/2025:07:46:29 +0100] "GET /platby/hca/always-on-display-huawei HTTP/1.1" 200 8053 "-" "Mozilla/5.0 (compatible; SemrushBot/7~bl; +http://www.semrush.com/bot.html)"
85.208.96.205 - - [13/Dec/2025:07:46:47 +0100] "GET /platby/qqap/leghorn-rooster-chick HTTP/1.1" 200 7493 "-" "Mozilla/5.0 (compatible; SemrushBot/7~bl; +http://www.semrush.com/bot.html)"
185.191.171.8 - - [13/Dec/2025:07:47:33 +0100] "GET /platby/uwoy9/same-day-delivery-flowers-near-me HTTP/1.1" 200 9692 "-" "Mozilla/5.0 (compatible; SemrushBot/7~bl; +http://www.semrush.com/bot.html)"
185.191.171.14 - - [13/Dec/2025:07:47:42 +0100] "GET /platby/aohwuyx/chicago-international-film-festival HTTP/1.1" 200 10330 "-" "Mozilla/5.0 (compatible; SemrushBot/7~bl; +http://www.semrush.com/bot.html)"
85.208.96.209 - - [13/Dec/2025:07:47:52 +0100] "GET /platby/uwoy9/paying-the-piper-looney-tunes HTTP/1.1" 200 12834 "-" "Mozilla/5.0 (compatible; SemrushBot/7~bl; +http://www.semrush.com/bot.html)"
198.235.24.34 - - [13/Dec/2025:07:47:57 +0100] "\x16\x03\x01\x01\x03\x01" 403 265 "-" "-"
198.235.24.34 - - [13/Dec/2025:07:47:58 +0100] "\x16\x03\x01" 403 265 "-" "-"
185.191.171.18 - - [13/Dec/2025:07:47:59 +0100] "GET /platby/qqap/inmate-phone-calls-canada HTTP/1.1" 200 7054 "-" "Mozilla/5.0 (compatible; SemrushBot/7~bl; +http://www.semrush.com/bot.html)"
204.76.203.206 - - [13/Dec/2025:07:48:18 +0100] "GET /" 400 468 "-" "-"
85.208.96.202 - - [13/Dec/2025:07:48:18 +0100] "GET /platby/hca/texas-tough-variety-pack-drawer-dispenser HTTP/1.1" 200 5910 "-" "Mozilla/5.0 (compatible; SemrushBot/7~bl; +http://www.semrush.com/bot.html)"
85.208.96.199 - - [13/Dec/2025:07:48:53 +0100] "GET /platby/hca/anything-you-want-in-spanish HTTP/1.1" 200 7932 "-" "Mozilla/5.0 (compatible; SemrushBot/7~bl; +http://www.semrush.com/bot.html)"
185.247.137.2 - - [13/Dec/2025:07:48:55 +0100] "GET /" 400 468 "-" "-"
87.236.176.3 - - [13/Dec/2025:07:49:12 +0100] "GET / HTTP/1.1" 200 2492 "-" "Mozilla/5.0 (compatible; InternetMeasurement/1.0; +https://internet-measurement.com/)"
204.76.203.206 - - [13/Dec/2025:07:49:17 +0100] "GET / HTTP/1.1" 200 316 "-" "Mozilla/5.0 (Windows NT 10.0; Win64; x64) AppleWebKit/537.36 (KHTML, like Gecko) Chrome/90.0.4430.85 Safari/537.36 Edg/90.0.818.46"
185.191.171.9 - - [13/Dec/2025:07:49:39 +0100] "GET /platby/hca/what-tv-channel-is-the-steve-harvey-show-on HTTP/1.1" 200 10393 "-" "Mozilla/5.0 (compatible; SemrushBot/7~bl; +http://www.semrush.com/bot.html)"
85.208.96.195 - - [13/Dec/2025:07:49:48 +0100] "GET /platby/qqap/how-to-join-basketball-academy HTTP/1.1" 200 11737 "-" "Mozilla/5.0 (compatible; SemrushBot/7~bl; +http://www.semrush.com/bot.html)"
185.191.171.6 - - [13/Dec/2025:07:50:35 +0100] "GET /platby/aohwuyx/cbu-women's-basketball-score HTTP/1.1" 200 10340 "-" "Mozilla/5.0 (compatible; SemrushBot/7~bl; +http://www.semrush.com/bot.html)"
185.191.171.17 - - [13/Dec/2025:07:51:14 +0100] "GET /platby/aohwuyx/characteristics-of-a-philosophical-person HTTP/1.1" 200 7861 "-" "Mozilla/5.0 (compatible; SemrushBot/7~bl; +http://www.semrush.com/bot.html)"
216.244.66.239 - - [13/Dec/2025:07:51:34 +0100] "GET /robots.txt HTTP/1.1" 200 34 "-" "Mozilla/5.0 (compatible; DotBot/1.2; +https://opensiteexplorer.org/dotbot; help@moz.com)"
185.191.171.12 - - [13/Dec/2025:07:51:44 +0100] "GET /platby/72zbxoz/battle-of-the-bulge-combatants HTTP/1.1" 200 11708 "-" "Mozilla/5.0 (compatible; SemrushBot/7~bl; +http://www.semrush.com/bot.html)"
185.191.171.9 - - [13/Dec/2025:07:52:00 +0100] "GET /platby/qqap/cackling-goose-maryland HTTP/1.1" 200 12065 "-" "Mozilla/5.0 (compatible; SemrushBot/7~bl; +http://www.semrush.com/bot.html)"
185.191.171.3 - - [13/Dec/2025:07:52:01 +0100] "GET /platby/aohwuyx/active-vs-passive-listening-music HTTP/1.1" 200 8947 "-" "Mozilla/5.0 (compatible; SemrushBot/7~bl; +http://www.semrush.com/bot.html)"
85.208.96.209 - - [13/Dec/2025:07:52:45 +0100] "GET /platby/hca/long-term-effects-of-chromium-on-human-health HTTP/1.1" 200 7451 "-" "Mozilla/5.0 (compatible; SemrushBot/7~bl; +http://www.semrush.com/bot.html)"
185.191.171.9 - - [13/Dec/2025:07:52:53 +0100] "GET /platby/qqap/alien,-predator-terminator-timeline HTTP/1.1" 200 8110 "-" "Mozilla/5.0 (compatible; SemrushBot/7~bl; +http://www.semrush.com/bot.html)"
185.191.171.17 - - [13/Dec/2025:07:53:24 +0100] "GET /platby/hca/what-anime-has-the-highest-death-count HTTP/1.1" 200 8068 "-" "Mozilla/5.0 (compatible; SemrushBot/7~bl; +http://www.semrush.com/bot.html)"
85.208.96.198 - - [13/Dec/2025:07:53:32 +0100] "GET /platby/aohwuyx/the-mountain-between-us-novel HTTP/1.1" 200 12783 "-" "Mozilla/5.0 (compatible; SemrushBot/7~bl; +http://www.semrush.com/bot.html)"
185.191.171.16 - - [13/Dec/2025:07:53:34 +0100] "GET /platby/hca/convert-email-to-jira-ticket HTTP/1.1" 200 8788 "-" "Mozilla/5.0 (compatible; SemrushBot/7~bl; +http://www.semrush.com/bot.html)"
85.208.96.198 - - [13/Dec/2025:07:54:16 +0100] "GET /platby/aohwuyx/minneapolis-urban-league HTTP/1.1" 200 11253 "-" "Mozilla/5.0 (compatible; SemrushBot/7~bl; +http://www.semrush.com/bot.html)"
204.76.203.212 - - [13/Dec/2025:07:55:08 +0100] "GET /" 400 468 "-" "-"
138.246.253.24 - - [13/Dec/2025:07:55:20 +0100] "\x16\x03\x01\x01\r\x01" 400 289 "-" "-"
85.208.96.198 - - [13/Dec/2025:07:55:34 +0100] "GET /platby/aohwuyx/is-the-hotel-yorba-still-open HTTP/1.1" 200 12651 "-" "Mozilla/5.0 (compatible; SemrushBot/7~bl; +http://www.semrush.com/bot.html)"
85.208.96.196 - - [13/Dec/2025:07:55:52 +0100] "GET /platby/hca/periodic-videos-brady HTTP/1.1" 200 9527 "-" "Mozilla/5.0 (compatible; SemrushBot/7~bl; +http://www.semrush.com/bot.html)"
85.208.96.194 - - [13/Dec/2025:07:55:59 +0100] "GET /platby/qqap/lindsey-vecchione-and-jonathan-toews HTTP/1.1" 200 11867 "-" "Mozilla/5.0 (compatible; SemrushBot/7~bl; +http://www.semrush.com/bot.html)"
223.228.3.22 - - [13/Dec/2025:07:56:15 +0100] "\x16\x03\x01\x06\xb3\x01" 403 265 "-" "-"
223.228.3.22 - - [13/Dec/2025:07:56:15 +0100] "\x16\x03\x01\x07\x13\x01" 403 265 "-" "-"
223.228.3.22 - - [13/Dec/2025:07:56:16 +0100] "\x16\x03\x01\x06\xd3\x01" 403 265 "-" "-"
223.228.3.22 - - [13/Dec/2025:07:56:16 +0100] "\x16\x03\x01\x06\xf3\x01" 403 265 "-" "-"
185.191.171.10 - - [13/Dec/2025:07:56:46 +0100] "GET /platby/hca/north-alabama-football-score HTTP/1.1" 200 10066 "-" "Mozilla/5.0 (compatible; SemrushBot/7~bl; +http://www.semrush.com/bot.html)"
85.208.96.204 - - [13/Dec/2025:07:56:54 +0100] "GET /platby/aohwuyx/anna's-hummingbird-feeder HTTP/1.1" 200 13494 "-" "Mozilla/5.0 (compatible; SemrushBot/7~bl; +http://www.semrush.com/bot.html)"
185.191.171.10 - - [13/Dec/2025:07:56:55 +0100] "GET /platby/qqap/which-of-the-following-is-not-a-comparison-operator HTTP/1.1" 200 7810 "-" "Mozilla/5.0 (compatible; SemrushBot/7~bl; +http://www.semrush.com/bot.html)"
216.180.246.20 - - [13/Dec/2025:07:57:20 +0100] "\x16\x03\x01" 403 265 "-" "-"
216.244.66.239 - - [13/Dec/2025:07:57:25 +0100] "GET /platby/article.php?5d4c26=the-alien-cube HTTP/1.1" 200 21246 "-" "Mozilla/5.0 (compatible; DotBot/1.2; +https://opensiteexplorer.org/dotbot; help@moz.com)"
216.244.66.239 - - [13/Dec/2025:07:57:30 +0100] "GET /platby/article.php?5d4c26=Jones-%2B-Co HTTP/1.1" 200 16757 "-" "Mozilla/5.0 (compatible; DotBot/1.2; +https://opensiteexplorer.org/dotbot; help@moz.com)"
216.244.66.239 - - [13/Dec/2025:07:57:35 +0100] "GET /platby/article.php?5d4c26=because-in-asl HTTP/1.1" 200 22661 "-" "Mozilla/5.0 (compatible; DotBot/1.2; +https://opensiteexplorer.org/dotbot; help@moz.com)"
85.208.96.193 - - [13/Dec/2025:07:57:38 +0100] "GET /platby/hca/latest-news-about-sars HTTP/1.1" 200 10774 "-" "Mozilla/5.0 (compatible; SemrushBot/7~bl; +http://www.semrush.com/bot.html)"
216.244.66.239 - - [13/Dec/2025:07:57:39 +0100] "GET /platby/article.php?5d4c26=cach%C3%A9-movie-explained HTTP/1.1" 200 22595 "-" "Mozilla/5.0 (compatible; DotBot/1.2; +https://opensiteexplorer.org/dotbot; help@moz.com)"
216.180.246.20 - - [13/Dec/2025:07:57:39 +0100] "\x16\x03\x01" 403 265 "-" "-"
216.244.66.239 - - [13/Dec/2025:07:57:42 +0100] "GET /platby/article.php?5d4c26=maker%27s-mark-review HTTP/1.1" 200 25370 "-" "Mozilla/5.0 (compatible; DotBot/1.2; +https://opensiteexplorer.org/dotbot; help@moz.com)"
216.244.66.239 - - [13/Dec/2025:07:57:45 +0100] "GET /platby/article.php?5d4c26=mark-antony-facts HTTP/1.1" 200 18086 "-" "Mozilla/5.0 (compatible; DotBot/1.2; +https://opensiteexplorer.org/dotbot; help@moz.com)"
85.208.96.200 - - [13/Dec/2025:07:57:47 +0100] "GET /robots.txt HTTP/1.1" 200 54 "-" "Mozilla/5.0 (compatible; SemrushBot/7~bl; +http://www.semrush.com/bot.html)"
85.208.96.194 - - [13/Dec/2025:07:57:47 +0100] "GET /platby/hca/horace-mann-roadside-assistance HTTP/1.1" 200 10837 "-" "Mozilla/5.0 (compatible; SemrushBot/7~bl; +http://www.semrush.com/bot.html)"
216.244.66.239 - - [13/Dec/2025:07:57:48 +0100] "GET /platby/article.php?5d4c26=nyc-to-aruba HTTP/1.1" 200 24005 "-" "Mozilla/5.0 (compatible; DotBot/1.2; +https://opensiteexplorer.org/dotbot; help@moz.com)"
216.244.66.239 - - [13/Dec/2025:07:57:50 +0100] "GET /platby/article.php?5d4c26=paris-in-september HTTP/1.1" 200 17914 "-" "Mozilla/5.0 (compatible; DotBot/1.2; +https://opensiteexplorer.org/dotbot; help@moz.com)"
185.191.171.5 - - [13/Dec/2025:07:57:51 +0100] "GET /platby/uwoy9/basis-oro-valley-calendar-2021-2022 HTTP/1.1" 200 8262 "-" "Mozilla/5.0 (compatible; SemrushBot/7~bl; +http://www.semrush.com/bot.html)"
216.244.66.239 - - [13/Dec/2025:07:57:52 +0100] "GET /platby/article.php?5d4c26=Awaji-Island-food HTTP/1.1" 200 21059 "-" "Mozilla/5.0 (compatible; DotBot/1.2; +https://opensiteexplorer.org/dotbot; help@moz.com)"
216.244.66.239 - - [13/Dec/2025:07:57:54 +0100] "GET /platby/article.php?5d4c26=The-Plastic-Bank HTTP/1.1" 200 19857 "-" "Mozilla/5.0 (compatible; DotBot/1.2; +https://opensiteexplorer.org/dotbot; help@moz.com)"
216.244.66.239 - - [13/Dec/2025:07:57:56 +0100] "GET /platby/article.php?5d4c26=andres-iniesta-net-worth HTTP/1.1" 200 22415 "-" "Mozilla/5.0 (compatible; DotBot/1.2; +https://opensiteexplorer.org/dotbot; help@moz.com)"
216.244.66.239 - - [13/Dec/2025:07:57:57 +0100] "GET /platby/article.php?5d4c26=baby-shark-movie-2019 HTTP/1.1" 200 15297 "-" "Mozilla/5.0 (compatible; DotBot/1.2; +https://opensiteexplorer.org/dotbot; help@moz.com)"
216.244.66.239 - - [13/Dec/2025:07:57:59 +0100] "GET /platby/article.php?5d4c26=bars-in-cologne HTTP/1.1" 200 25794 "-" "Mozilla/5.0 (compatible; DotBot/1.2; +https://opensiteexplorer.org/dotbot; help@moz.com)"
216.244.66.239 - - [13/Dec/2025:07:58:02 +0100] "GET /platby/article.php?5d4c26=bbc-world-news-america HTTP/1.1" 200 23174 "-" "Mozilla/5.0 (compatible; DotBot/1.2; +https://opensiteexplorer.org/dotbot; help@moz.com)"
216.244.66.239 - - [13/Dec/2025:07:58:04 +0100] "GET /platby/article.php?5d4c26=best-hotels-in-costa-adeje-for-families HTTP/1.1" 200 26092 "-" "Mozilla/5.0 (compatible; DotBot/1.2; +https://opensiteexplorer.org/dotbot; help@moz.com)"
216.244.66.239 - - [13/Dec/2025:07:58:06 +0100] "GET /platby/article.php?5d4c26=cpm-stands-for HTTP/1.1" 200 23298 "-" "Mozilla/5.0 (compatible; DotBot/1.2; +https://opensiteexplorer.org/dotbot; help@moz.com)"
216.244.66.239 - - [13/Dec/2025:07:58:12 +0100] "GET /platby/article.php?5d4c26=dylan-moran-russia HTTP/1.1" 200 18842 "-" "Mozilla/5.0 (compatible; DotBot/1.2; +https://opensiteexplorer.org/dotbot; help@moz.com)"
216.244.66.239 - - [13/Dec/2025:07:58:15 +0100] "GET /platby/article.php?5d4c26=family-visa-uk HTTP/1.1" 200 18379 "-" "Mozilla/5.0 (compatible; DotBot/1.2; +https://opensiteexplorer.org/dotbot; help@moz.com)"
216.244.66.239 - - [13/Dec/2025:07:58:18 +0100] "GET /platby/article.php?5d4c26=ottawa-earthquake-twitter HTTP/1.1" 200 20060 "-" "Mozilla/5.0 (compatible; DotBot/1.2; +https://opensiteexplorer.org/dotbot; help@moz.com)"
203.75.213.2 - - [13/Dec/2025:07:58:20 +0100] "\x16\x03\x03\x01\xa7\x01" 403 265 "-" "-"
203.75.213.2 - - [13/Dec/2025:07:58:20 +0100] "\x16\x03\x03\x01\xa7\x01" 403 265 "-" "-"
216.244.66.239 - - [13/Dec/2025:07:58:21 +0100] "GET /platby/article.php?5d4c26=purpose-of-telescope HTTP/1.1" 200 24277 "-" "Mozilla/5.0 (compatible; DotBot/1.2; +https://opensiteexplorer.org/dotbot; help@moz.com)"
203.75.213.2 - - [13/Dec/2025:07:58:21 +0100] "\x16\x03\x03\x01X\x01" 403 265 "-" "-"
203.75.213.2 - - [13/Dec/2025:07:58:21 +0100] "\x16\x03\x03\x01J\x01" 403 265 "-" "-"
203.75.213.2 - - [13/Dec/2025:07:58:22 +0100] "\x16\x03\x03\x01\x9b\x01" 403 265 "-" "-"
203.75.213.2 - - [13/Dec/2025:07:58:23 +0100] "\x16\x03\x02\x01\x9c\x01" 403 265 "-" "-"
216.244.66.239 - - [13/Dec/2025:07:58:23 +0100] "GET /platby/article.php?5d4c26=refined-grain-definition HTTP/1.1" 200 19178 "-" "Mozilla/5.0 (compatible; DotBot/1.2; +https://opensiteexplorer.org/dotbot; help@moz.com)"
216.244.66.239 - - [13/Dec/2025:07:58:25 +0100] "GET /platby/article.php?5d4c26=te-arai-surf-report HTTP/1.1" 200 21652 "-" "Mozilla/5.0 (compatible; DotBot/1.2; +https://opensiteexplorer.org/dotbot; help@moz.com)"
203.75.213.2 - - [13/Dec/2025:07:58:27 +0100] "\x16\x03\x01\x01\xa9\x01" 403 265 "-" "-"
203.75.213.2 - - [13/Dec/2025:07:58:27 +0100] "\x16\x03\x01\x01\xa9\x01" 403 265 "-" "-"
203.75.213.2 - - [13/Dec/2025:07:58:28 +0100] "\x16\x03\x01\x01\x9f\x01" 403 265 "-" "-"
216.244.66.239 - - [13/Dec/2025:07:58:28 +0100] "GET /platby/article.php?5d4c26=tube-attack-london-today HTTP/1.1" 200 20257 "-" "Mozilla/5.0 (compatible; DotBot/1.2; +https://opensiteexplorer.org/dotbot; help@moz.com)"
185.191.171.5 - - [13/Dec/2025:07:58:28 +0100] "GET /platby/hca/catawba-college-basketball-roster HTTP/1.1" 200 5847 "-" "Mozilla/5.0 (compatible; SemrushBot/7~bl; +http://www.semrush.com/bot.html)"
203.75.213.2 - - [13/Dec/2025:07:58:29 +0100] "\x16\x03\x01\x01\xb6\x01" 403 265 "-" "-"
216.244.66.239 - - [13/Dec/2025:07:58:35 +0100] "GET /platby/article.php?5d4c26=www-atlas-net HTTP/1.1" 200 22378 "-" "Mozilla/5.0 (compatible; DotBot/1.2; +https://opensiteexplorer.org/dotbot; help@moz.com)"
185.191.171.12 - - [13/Dec/2025:07:58:39 +0100] "GET /platby/qqap/nfl-potential-trades-2021 HTTP/1.1" 200 11055 "-" "Mozilla/5.0 (compatible; SemrushBot/7~bl; +http://www.semrush.com/bot.html)"
216.244.66.239 - - [13/Dec/2025:07:58:40 +0100] "GET /platby/article.php?5d4c26=Action-Game-hd-wallpaper HTTP/1.1" 200 16828 "-" "Mozilla/5.0 (compatible; DotBot/1.2; +https://opensiteexplorer.org/dotbot; help@moz.com)"
216.244.66.239 - - [13/Dec/2025:07:58:44 +0100] "GET /platby/article.php?5d4c26=Dam-that-broke-in-California HTTP/1.1" 200 23083 "-" "Mozilla/5.0 (compatible; DotBot/1.2; +https://opensiteexplorer.org/dotbot; help@moz.com)"
216.244.66.239 - - [13/Dec/2025:07:58:49 +0100] "GET /platby/article.php?5d4c26=De-Los-Besos-Que-Te-Di HTTP/1.1" 200 21726 "-" "Mozilla/5.0 (compatible; DotBot/1.2; +https://opensiteexplorer.org/dotbot; help@moz.com)"
216.244.66.239 - - [13/Dec/2025:07:58:52 +0100] "GET /platby/article.php?5d4c26=Nicole-Paradis-Grindle HTTP/1.1" 200 21933 "-" "Mozilla/5.0 (compatible; DotBot/1.2; +https://opensiteexplorer.org/dotbot; help@moz.com)"
216.244.66.239 - - [13/Dec/2025:07:58:56 +0100] "GET /platby/article.php?5d4c26=Prada-shoe-size-guide HTTP/1.1" 200 23435 "-" "Mozilla/5.0 (compatible; DotBot/1.2; +https://opensiteexplorer.org/dotbot; help@moz.com)"
216.244.66.239 - - [13/Dec/2025:07:58:58 +0100] "GET /platby/article.php?5d4c26=Taichung-weather-forecast-30-days HTTP/1.1" 200 22475 "-" "Mozilla/5.0 (compatible; DotBot/1.2; +https://opensiteexplorer.org/dotbot; help@moz.com)"
216.180.246.20 - - [13/Dec/2025:07:58:58 +0100] "\x16\x03\x01" 403 265 "-" "-"
216.244.66.239 - - [13/Dec/2025:07:59:01 +0100] "GET /platby/article.php?5d4c26=andy-davis-death HTTP/1.1" 200 17160 "-" "Mozilla/5.0 (compatible; DotBot/1.2; +https://opensiteexplorer.org/dotbot; help@moz.com)"
216.244.66.239 - - [13/Dec/2025:07:59:05 +0100] "GET /platby/article.php?5d4c26=apple-headquarters-cupertino HTTP/1.1" 200 16294 "-" "Mozilla/5.0 (compatible; DotBot/1.2; +https://opensiteexplorer.org/dotbot; help@moz.com)"
216.244.66.239 - - [13/Dec/2025:07:59:09 +0100] "GET /platby/article.php?5d4c26=aspects-of-health HTTP/1.1" 200 15204 "-" "Mozilla/5.0 (compatible; DotBot/1.2; +https://opensiteexplorer.org/dotbot; help@moz.com)"
216.244.66.239 - - [13/Dec/2025:07:59:11 +0100] "GET /platby/article.php?5d4c26=baby-attachment-phase HTTP/1.1" 200 18153 "-" "Mozilla/5.0 (compatible; DotBot/1.2; +https://opensiteexplorer.org/dotbot; help@moz.com)"
216.244.66.239 - - [13/Dec/2025:07:59:14 +0100] "GET /platby/article.php?5d4c26=bathurst-rsl-weddings HTTP/1.1" 200 17989 "-" "Mozilla/5.0 (compatible; DotBot/1.2; +https://opensiteexplorer.org/dotbot; help@moz.com)"
216.244.66.239 - - [13/Dec/2025:07:59:16 +0100] "GET /platby/article.php?5d4c26=canadian-citizenship-by-descent-application HTTP/1.1" 200 20348 "-" "Mozilla/5.0 (compatible; DotBot/1.2; +https://opensiteexplorer.org/dotbot; help@moz.com)"
216.244.66.239 - - [13/Dec/2025:07:59:19 +0100] "GET /platby/article.php?5d4c26=cosmic-background-radiation-indicates-what HTTP/1.1" 200 25234 "-" "Mozilla/5.0 (compatible; DotBot/1.2; +https://opensiteexplorer.org/dotbot; help@moz.com)"
216.244.66.239 - - [13/Dec/2025:07:59:21 +0100] "GET /platby/article.php?5d4c26=crossfit-arthritis-knees HTTP/1.1" 200 17577 "-" "Mozilla/5.0 (compatible; DotBot/1.2; +https://opensiteexplorer.org/dotbot; help@moz.com)"
216.244.66.239 - - [13/Dec/2025:07:59:23 +0100] "GET /platby/article.php?5d4c26=csgo-hacker-report HTTP/1.1" 200 18518 "-" "Mozilla/5.0 (compatible; DotBot/1.2; +https://opensiteexplorer.org/dotbot; help@moz.com)"
216.244.66.239 - - [13/Dec/2025:07:59:24 +0100] "GET /platby/article.php?5d4c26=daily-record---wooster-drug-bust HTTP/1.1" 200 17784 "-" "Mozilla/5.0 (compatible; DotBot/1.2; +https://opensiteexplorer.org/dotbot; help@moz.com)"
216.244.66.239 - - [13/Dec/2025:07:59:28 +0100] "GET /platby/article.php?5d4c26=digimon-digital-card-battle-fusion HTTP/1.1" 200 16025 "-" "Mozilla/5.0 (compatible; DotBot/1.2; +https://opensiteexplorer.org/dotbot; help@moz.com)"
216.244.66.239 - - [13/Dec/2025:07:59:30 +0100] "GET /platby/article.php?5d4c26=easy-stromboli-dough HTTP/1.1" 200 20386 "-" "Mozilla/5.0 (compatible; DotBot/1.2; +https://opensiteexplorer.org/dotbot; help@moz.com)"
216.244.66.239 - - [13/Dec/2025:07:59:32 +0100] "GET /platby/article.php?5d4c26=eos-lip-balm-stick HTTP/1.1" 200 19609 "-" "Mozilla/5.0 (compatible; DotBot/1.2; +https://opensiteexplorer.org/dotbot; help@moz.com)"
216.244.66.239 - - [13/Dec/2025:07:59:33 +0100] "GET /platby/article.php?5d4c26=eric-reid-colin-kaepernick HTTP/1.1" 200 22275 "-" "Mozilla/5.0 (compatible; DotBot/1.2; +https://opensiteexplorer.org/dotbot; help@moz.com)"
216.244.66.239 - - [13/Dec/2025:07:59:37 +0100] "GET /platby/article.php?5d4c26=euroleague-basketball-analytics HTTP/1.1" 200 20083 "-" "Mozilla/5.0 (compatible; DotBot/1.2; +https://opensiteexplorer.org/dotbot; help@moz.com)"
216.244.66.239 - - [13/Dec/2025:07:59:39 +0100] "GET /platby/article.php?5d4c26=fujifilm-x-t3-specs HTTP/1.1" 200 21213 "-" "Mozilla/5.0 (compatible; DotBot/1.2; +https://opensiteexplorer.org/dotbot; help@moz.com)"
216.244.66.239 - - [13/Dec/2025:07:59:41 +0100] "GET /platby/article.php?5d4c26=hunter-pence-2019-stats HTTP/1.1" 200 18140 "-" "Mozilla/5.0 (compatible; DotBot/1.2; +https://opensiteexplorer.org/dotbot; help@moz.com)"
216.244.66.239 - - [13/Dec/2025:07:59:42 +0100] "GET /platby/article.php?5d4c26=i-won%27t-forget-you-meaning HTTP/1.1" 200 18777 "-" "Mozilla/5.0 (compatible; DotBot/1.2; +https://opensiteexplorer.org/dotbot; help@moz.com)"
216.244.66.239 - - [13/Dec/2025:07:59:44 +0100] "GET /platby/article.php?5d4c26=khalil-ur-rehman-qamar-interview-neo-news HTTP/1.1" 200 21148 "-" "Mozilla/5.0 (compatible; DotBot/1.2; +https://opensiteexplorer.org/dotbot; help@moz.com)"
216.244.66.239 - - [13/Dec/2025:07:59:46 +0100] "GET /platby/article.php?5d4c26=khopesh-forged-in-fire HTTP/1.1" 200 17242 "-" "Mozilla/5.0 (compatible; DotBot/1.2; +https://opensiteexplorer.org/dotbot; help@moz.com)"
216.244.66.239 - - [13/Dec/2025:07:59:48 +0100] "GET /platby/article.php?5d4c26=leonhard-euler-presentation HTTP/1.1" 200 22203 "-" "Mozilla/5.0 (compatible; DotBot/1.2; +https://opensiteexplorer.org/dotbot; help@moz.com)"
216.244.66.239 - - [13/Dec/2025:07:59:49 +0100] "GET /platby/article.php?5d4c26=london-scottish-v-yorkshire-carnegie HTTP/1.1" 200 17345 "-" "Mozilla/5.0 (compatible; DotBot/1.2; +https://opensiteexplorer.org/dotbot; help@moz.com)"
216.244.66.239 - - [13/Dec/2025:07:59:51 +0100] "GET /platby/article.php?5d4c26=machine-gun-kelly---hollywood-horror-meaning HTTP/1.1" 200 19648 "-" "Mozilla/5.0 (compatible; DotBot/1.2; +https://opensiteexplorer.org/dotbot; help@moz.com)"
216.244.66.239 - - [13/Dec/2025:07:59:52 +0100] "GET /platby/article.php?5d4c26=marketing-agencies-nottingham HTTP/1.1" 200 18975 "-" "Mozilla/5.0 (compatible; DotBot/1.2; +https://opensiteexplorer.org/dotbot; help@moz.com)"
216.244.66.239 - - [13/Dec/2025:07:59:53 +0100] "GET /platby/article.php?5d4c26=nancy-drew-cw-quotes HTTP/1.1" 200 24839 "-" "Mozilla/5.0 (compatible; DotBot/1.2; +https://opensiteexplorer.org/dotbot; help@moz.com)"
216.244.66.239 - - [13/Dec/2025:07:59:55 +0100] "GET /platby/article.php?5d4c26=nike-girls-therma-shine-hoodie HTTP/1.1" 200 17217 "-" "Mozilla/5.0 (compatible; DotBot/1.2; +https://opensiteexplorer.org/dotbot; help@moz.com)"
216.244.66.239 - - [13/Dec/2025:07:59:56 +0100] "GET /platby/article.php?5d4c26=online-games-for-stroke-patients HTTP/1.1" 200 19365 "-" "Mozilla/5.0 (compatible; DotBot/1.2; +https://opensiteexplorer.org/dotbot; help@moz.com)"
216.244.66.239 - - [13/Dec/2025:07:59:59 +0100] "GET /platby/article.php?5d4c26=philippines-volcano-youtube HTTP/1.1" 200 24573 "-" "Mozilla/5.0 (compatible; DotBot/1.2; +https://opensiteexplorer.org/dotbot; help@moz.com)"
216.244.66.239 - - [13/Dec/2025:08:00:00 +0100] "GET /platby/article.php?5d4c26=pillsbury-french-bread-pizza HTTP/1.1" 200 20695 "-" "Mozilla/5.0 (compatible; DotBot/1.2; +https://opensiteexplorer.org/dotbot; help@moz.com)"
216.244.66.239 - - [13/Dec/2025:08:00:03 +0100] "GET /platby/article.php?5d4c26=reddit-programming-languages HTTP/1.1" 200 22912 "-" "Mozilla/5.0 (compatible; DotBot/1.2; +https://opensiteexplorer.org/dotbot; help@moz.com)"
216.244.66.239 - - [13/Dec/2025:08:00:04 +0100] "GET /platby/article.php?5d4c26=scp%3A-secret-laboratory-kill-command HTTP/1.1" 200 21431 "-" "Mozilla/5.0 (compatible; DotBot/1.2; +https://opensiteexplorer.org/dotbot; help@moz.com)"
216.244.66.239 - - [13/Dec/2025:08:00:06 +0100] "GET /platby/article.php?5d4c26=seismic-software-news HTTP/1.1" 200 18559 "-" "Mozilla/5.0 (compatible; DotBot/1.2; +https://opensiteexplorer.org/dotbot; help@moz.com)"
216.244.66.239 - - [13/Dec/2025:08:00:08 +0100] "GET /platby/article.php?5d4c26=shadowverse-thoth-deck HTTP/1.1" 200 18395 "-" "Mozilla/5.0 (compatible; DotBot/1.2; +https://opensiteexplorer.org/dotbot; help@moz.com)"
216.244.66.239 - - [13/Dec/2025:08:00:09 +0100] "GET /platby/article.php?5d4c26=suburban-homestead-etsy HTTP/1.1" 200 16580 "-" "Mozilla/5.0 (compatible; DotBot/1.2; +https://opensiteexplorer.org/dotbot; help@moz.com)"
216.244.66.239 - - [13/Dec/2025:08:00:10 +0100] "GET /platby/article.php?5d4c26=symbolism-history-of-art HTTP/1.1" 200 23747 "-" "Mozilla/5.0 (compatible; DotBot/1.2; +https://opensiteexplorer.org/dotbot; help@moz.com)"
216.244.66.239 - - [13/Dec/2025:08:00:11 +0100] "GET /platby/article.php?5d4c26=the-miraculous-of-the-snake HTTP/1.1" 200 18823 "-" "Mozilla/5.0 (compatible; DotBot/1.2; +https://opensiteexplorer.org/dotbot; help@moz.com)"
216.244.66.239 - - [13/Dec/2025:08:00:12 +0100] "GET /platby/article.php?5d4c26=train-line-auckland-to-wellington HTTP/1.1" 200 18243 "-" "Mozilla/5.0 (compatible; DotBot/1.2; +https://opensiteexplorer.org/dotbot; help@moz.com)"
216.244.66.239 - - [13/Dec/2025:08:00:14 +0100] "GET /platby/article.php?5d4c26=weather-in-madrid-in-march-2020 HTTP/1.1" 200 15655 "-" "Mozilla/5.0 (compatible; DotBot/1.2; +https://opensiteexplorer.org/dotbot; help@moz.com)"
216.244.66.239 - - [13/Dec/2025:08:00:15 +0100] "GET /platby/article.php?5d4c26=weather-in-stevens-pass-ski HTTP/1.1" 200 15700 "-" "Mozilla/5.0 (compatible; DotBot/1.2; +https://opensiteexplorer.org/dotbot; help@moz.com)"
216.244.66.239 - - [13/Dec/2025:08:00:16 +0100] "GET /platby/article.php?5d4c26=what-muscles-do-step-ups-work HTTP/1.1" 200 23964 "-" "Mozilla/5.0 (compatible; DotBot/1.2; +https://opensiteexplorer.org/dotbot; help@moz.com)"
216.244.66.239 - - [13/Dec/2025:08:00:17 +0100] "GET /platby/article.php?5d4c26=7-train-service-now HTTP/1.1" 200 22482 "-" "Mozilla/5.0 (compatible; DotBot/1.2; +https://opensiteexplorer.org/dotbot; help@moz.com)"
216.244.66.239 - - [13/Dec/2025:08:00:19 +0100] "GET /platby/article.php?5d4c26=Origin-of-the-name-Uranus HTTP/1.1" 200 17442 "-" "Mozilla/5.0 (compatible; DotBot/1.2; +https://opensiteexplorer.org/dotbot; help@moz.com)"
216.244.66.239 - - [13/Dec/2025:08:00:21 +0100] "GET /platby/article.php?5d4c26=canada%27s-hidden-history HTTP/1.1" 200 18463 "-" "Mozilla/5.0 (compatible; DotBot/1.2; +https://opensiteexplorer.org/dotbot; help@moz.com)"
216.244.66.239 - - [13/Dec/2025:08:00:24 +0100] "GET /platby/article.php?5d4c26=cat-in-the-hat-can-map-this-and-that HTTP/1.1" 200 16881 "-" "Mozilla/5.0 (compatible; DotBot/1.2; +https://opensiteexplorer.org/dotbot; help@moz.com)"
216.244.66.239 - - [13/Dec/2025:08:00:26 +0100] "GET /platby/article.php?5d4c26=code-design-in-software-engineering HTTP/1.1" 200 17240 "-" "Mozilla/5.0 (compatible; DotBot/1.2; +https://opensiteexplorer.org/dotbot; help@moz.com)"
216.244.66.239 - - [13/Dec/2025:08:00:28 +0100] "GET /platby/article.php?5d4c26=crossword-quiz-music-level-7 HTTP/1.1" 200 19217 "-" "Mozilla/5.0 (compatible; DotBot/1.2; +https://opensiteexplorer.org/dotbot; help@moz.com)"
216.244.66.239 - - [13/Dec/2025:08:00:30 +0100] "GET /platby/article.php?5d4c26=f%C4%81-in-traditional-chinese-character HTTP/1.1" 200 18594 "-" "Mozilla/5.0 (compatible; DotBot/1.2; +https://opensiteexplorer.org/dotbot; help@moz.com)"
216.244.66.239 - - [13/Dec/2025:08:00:31 +0100] "GET /platby/article.php?5d4c26=fixer-upper-european-cottage-floor-plan HTTP/1.1" 200 15839 "-" "Mozilla/5.0 (compatible; DotBot/1.2; +https://opensiteexplorer.org/dotbot; help@moz.com)"
216.244.66.239 - - [13/Dec/2025:08:00:32 +0100] "GET /platby/article.php?5d4c26=goriya-re-choriya-re-song HTTP/1.1" 200 21296 "-" "Mozilla/5.0 (compatible; DotBot/1.2; +https://opensiteexplorer.org/dotbot; help@moz.com)"
216.244.66.239 - - [13/Dec/2025:08:00:34 +0100] "GET /platby/article.php?5d4c26=how-to-browse-internet-on-element-smart-tv HTTP/1.1" 200 18725 "-" "Mozilla/5.0 (compatible; DotBot/1.2; +https://opensiteexplorer.org/dotbot; help@moz.com)"
216.244.66.239 - - [13/Dec/2025:08:00:35 +0100] "GET /platby/article.php?5d4c26=liberty-or-death-tattoo-3-percent HTTP/1.1" 200 25160 "-" "Mozilla/5.0 (compatible; DotBot/1.2; +https://opensiteexplorer.org/dotbot; help@moz.com)"
216.244.66.239 - - [13/Dec/2025:08:00:36 +0100] "GET /platby/article.php?5d4c26=manti-te%27o-catfish-episode HTTP/1.1" 200 20576 "-" "Mozilla/5.0 (compatible; DotBot/1.2; +https://opensiteexplorer.org/dotbot; help@moz.com)"
216.244.66.239 - - [13/Dec/2025:08:00:37 +0100] "GET /platby/article.php?5d4c26=patrick-mahomes-madden-rating HTTP/1.1" 200 13830 "-" "Mozilla/5.0 (compatible; DotBot/1.2; +https://opensiteexplorer.org/dotbot; help@moz.com)"
216.244.66.239 - - [13/Dec/2025:08:00:38 +0100] "GET /platby/article.php?5d4c26=portimonense-u23-vs-sporting-cp-u23 HTTP/1.1" 200 18135 "-" "Mozilla/5.0 (compatible; DotBot/1.2; +https://opensiteexplorer.org/dotbot; help@moz.com)"
46.105.48.30 - - [13/Dec/2025:08:00:39 +0100] "\x16\x03\x01\x01I\x01" 403 265 "-" "-"
216.244.66.239 - - [13/Dec/2025:08:00:40 +0100] "GET /platby/article.php?5d4c26=pro-football-focus-qb-rankings HTTP/1.1" 200 19501 "-" "Mozilla/5.0 (compatible; DotBot/1.2; +https://opensiteexplorer.org/dotbot; help@moz.com)"
216.244.66.239 - - [13/Dec/2025:08:00:44 +0100] "GET /platby/article.php?5d4c26=sam-smith---promises-video HTTP/1.1" 200 16085 "-" "Mozilla/5.0 (compatible; DotBot/1.2; +https://opensiteexplorer.org/dotbot; help@moz.com)"
216.244.66.239 - - [13/Dec/2025:08:00:46 +0100] "GET /platby/article.php?5d4c26=software-company-levels HTTP/1.1" 200 16098 "-" "Mozilla/5.0 (compatible; DotBot/1.2; +https://opensiteexplorer.org/dotbot; help@moz.com)"
185.191.171.11 - - [13/Dec/2025:08:00:47 +0100] "GET /platby/qqap/samsung-a21s-won't-turn-off HTTP/1.1" 200 6554 "-" "Mozilla/5.0 (compatible; SemrushBot/7~bl; +http://www.semrush.com/bot.html)"
216.244.66.239 - - [13/Dec/2025:08:00:48 +0100] "GET /platby/article.php?5d4c26=the-specialist---trailer HTTP/1.1" 200 23613 "-" "Mozilla/5.0 (compatible; DotBot/1.2; +https://opensiteexplorer.org/dotbot; help@moz.com)"
185.191.171.19 - - [13/Dec/2025:08:00:49 +0100] "GET /platby/uwoy9/public-servants-latest-news HTTP/1.1" 200 8808 "-" "Mozilla/5.0 (compatible; SemrushBot/7~bl; +http://www.semrush.com/bot.html)"
216.244.66.239 - - [13/Dec/2025:08:00:50 +0100] "GET /platby/article.php?5d4c26=victor-meaning-in-telugu HTTP/1.1" 200 23977 "-" "Mozilla/5.0 (compatible; DotBot/1.2; +https://opensiteexplorer.org/dotbot; help@moz.com)"
216.244.66.239 - - [13/Dec/2025:08:00:52 +0100] "GET /platby/article.php?5d4c26=Content-marketing-rate-card HTTP/1.1" 200 20522 "-" "Mozilla/5.0 (compatible; DotBot/1.2; +https://opensiteexplorer.org/dotbot; help@moz.com)"
216.244.66.239 - - [13/Dec/2025:08:00:53 +0100] "GET /platby/article.php?5d4c26=believing-in-the-power-of-the-universe HTTP/1.1" 200 20365 "-" "Mozilla/5.0 (compatible; DotBot/1.2; +https://opensiteexplorer.org/dotbot; help@moz.com)"
185.191.171.7 - - [13/Dec/2025:08:00:54 +0100] "GET /platby/hca/cerave-pm-facial-moisturizing-lotion-ingredients HTTP/1.1" 200 8568 "-" "Mozilla/5.0 (compatible; SemrushBot/7~bl; +http://www.semrush.com/bot.html)"
216.244.66.239 - - [13/Dec/2025:08:00:55 +0100] "GET /platby/article.php?5d4c26=let%27s-go-pikachu-walkthrough HTTP/1.1" 200 23056 "-" "Mozilla/5.0 (compatible; DotBot/1.2; +https://opensiteexplorer.org/dotbot; help@moz.com)"
216.244.66.239 - - [13/Dec/2025:08:00:56 +0100] "GET /platby/uwoy9/best-ifit-trainers-bike HTTP/1.1" 200 47211 "-" "Mozilla/5.0 (compatible; DotBot/1.2; +https://opensiteexplorer.org/dotbot; help@moz.com)"
216.244.66.239 - - [13/Dec/2025:08:00:58 +0100] "GET /platby/uwoy9/highest-agricultural-producing-states-in-nigeria HTTP/1.1" 200 40219 "-" "Mozilla/5.0 (compatible; DotBot/1.2; +https://opensiteexplorer.org/dotbot; help@moz.com)"
216.244.66.239 - - [13/Dec/2025:08:01:07 +0100] "GET /platby/uwoy9/theakstons-crime-festival-2021 HTTP/1.1" 200 31964 "-" "Mozilla/5.0 (compatible; DotBot/1.2; +https://opensiteexplorer.org/dotbot; help@moz.com)"
185.191.171.2 - - [13/Dec/2025:08:01:13 +0100] "GET /platby/uwoy9/welcome-to-jurassic-world HTTP/1.1" 200 12565 "-" "Mozilla/5.0 (compatible; SemrushBot/7~bl; +http://www.semrush.com/bot.html)"
216.244.66.239 - - [13/Dec/2025:08:01:14 +0100] "GET /platby/uwoy9/automatic-egg-incubator-for-sale HTTP/1.1" 200 44326 "-" "Mozilla/5.0 (compatible; DotBot/1.2; +https://opensiteexplorer.org/dotbot; help@moz.com)"
85.208.96.197 - - [13/Dec/2025:08:01:15 +0100] "GET /platby/72zbxoz/ulmus-americana-'princeton' HTTP/1.1" 200 6587 "-" "Mozilla/5.0 (compatible; SemrushBot/7~bl; +http://www.semrush.com/bot.html)"
216.244.66.239 - - [13/Dec/2025:08:01:20 +0100] "GET /platby/uwoy9/jira-time-tracking-button HTTP/1.1" 200 39385 "-" "Mozilla/5.0 (compatible; DotBot/1.2; +https://opensiteexplorer.org/dotbot; help@moz.com)"
216.244.66.239 - - [13/Dec/2025:08:01:26 +0100] "GET /platby/uwoy9/father-son-basketball-camp-2021 HTTP/1.1" 200 35242 "-" "Mozilla/5.0 (compatible; DotBot/1.2; +https://opensiteexplorer.org/dotbot; help@moz.com)"
216.244.66.239 - - [13/Dec/2025:08:01:30 +0100] "GET /platby/uwoy9/how-to-remove-a-tattoo-with-salt-and-ice HTTP/1.1" 200 39011 "-" "Mozilla/5.0 (compatible; DotBot/1.2; +https://opensiteexplorer.org/dotbot; help@moz.com)"
85.208.96.206 - - [13/Dec/2025:08:01:48 +0100] "GET /platby/hca/brian-matthews-hockey HTTP/1.1" 200 10632 "-" "Mozilla/5.0 (compatible; SemrushBot/7~bl; +http://www.semrush.com/bot.html)"
85.208.96.210 - - [13/Dec/2025:08:01:58 +0100] "GET /platby/hca/what-did-charlotte-hawkins-brown-do HTTP/1.1" 200 11686 "-" "Mozilla/5.0 (compatible; SemrushBot/7~bl; +http://www.semrush.com/bot.html)"
85.208.96.197 - - [13/Dec/2025:08:02:07 +0100] "GET /platby/aohwuyx/lay's-lightly-salted-chips-discontinued HTTP/1.1" 200 14319 "-" "Mozilla/5.0 (compatible; SemrushBot/7~bl; +http://www.semrush.com/bot.html)"
185.191.171.6 - - [13/Dec/2025:08:02:33 +0100] "GET /platby/72zbxoz/what-makes-a-good-listener-powerpoint HTTP/1.1" 200 15745 "-" "Mozilla/5.0 (compatible; SemrushBot/7~bl; +http://www.semrush.com/bot.html)"
185.191.171.13 - - [13/Dec/2025:08:02:38 +0100] "GET /platby/hca/boris-brejcha-bandcamp HTTP/1.1" 200 12429 "-" "Mozilla/5.0 (compatible; SemrushBot/7~bl; +http://www.semrush.com/bot.html)"
91.199.82.162 - - [13/Dec/2025:08:02:38 +0100] "GET /" 400 468 "-" "-"
85.208.96.209 - - [13/Dec/2025:08:03:23 +0100] "GET /platby/hca/is-sourceforge-auto-clicker-safe HTTP/1.1" 200 9815 "-" "Mozilla/5.0 (compatible; SemrushBot/7~bl; +http://www.semrush.com/bot.html)"
85.208.96.197 - - [13/Dec/2025:08:04:29 +0100] "GET /platby/uwoy9/archie-goodwin-batman HTTP/1.1" 200 10937 "-" "Mozilla/5.0 (compatible; SemrushBot/7~bl; +http://www.semrush.com/bot.html)"
204.76.203.206 - - [13/Dec/2025:08:04:45 +0100] "GET /" 400 468 "-" "-"
85.208.96.200 - - [13/Dec/2025:08:04:59 +0100] "GET /platby/hca/turn-your-lights-down-low HTTP/1.1" 200 8217 "-" "Mozilla/5.0 (compatible; SemrushBot/7~bl; +http://www.semrush.com/bot.html)"
85.208.96.209 - - [13/Dec/2025:08:05:02 +0100] "GET /platby/uwoy9/bursting-synonym-and-antonym HTTP/1.1" 200 10023 "-" "Mozilla/5.0 (compatible; SemrushBot/7~bl; +http://www.semrush.com/bot.html)"
85.208.96.194 - - [13/Dec/2025:08:05:33 +0100] "GET /platby/hca/where-do-the-socceroos-train HTTP/1.1" 200 6056 "-" "Mozilla/5.0 (compatible; SemrushBot/7~bl; +http://www.semrush.com/bot.html)"
185.191.171.16 - - [13/Dec/2025:08:05:34 +0100] "GET /platby/72zbxoz/what-flowers-are-native-to-oklahoma HTTP/1.1" 200 15732 "-" "Mozilla/5.0 (compatible; SemrushBot/7~bl; +http://www.semrush.com/bot.html)"
85.208.96.203 - - [13/Dec/2025:08:05:44 +0100] "GET /platby/72zbxoz/wolverine-drowns-daken HTTP/1.1" 200 12415 "-" "Mozilla/5.0 (compatible; SemrushBot/7~bl; +http://www.semrush.com/bot.html)"
85.208.96.203 - - [13/Dec/2025:08:05:58 +0100] "GET /platby/hca/jordan-unemployment-rate HTTP/1.1" 200 12264 "-" "Mozilla/5.0 (compatible; SemrushBot/7~bl; +http://www.semrush.com/bot.html)"
85.208.96.202 - - [13/Dec/2025:08:06:16 +0100] "GET /platby/72zbxoz/brooklyn-nets-jersey-2020 HTTP/1.1" 200 8778 "-" "Mozilla/5.0 (compatible; SemrushBot/7~bl; +http://www.semrush.com/bot.html)"
173.252.70.4 - - [13/Dec/2025:08:06:39 +0100] "\x16\x03\x01\x01E\x01" 403 265 "-" "-"
204.76.203.206 - - [13/Dec/2025:08:06:41 +0100] "GET / HTTP/1.1" 200 316 "-" "Mozilla/5.0 (Windows NT 10.0; Win64; x64) AppleWebKit/537.36 (KHTML, like Gecko) Chrome/90.0.4430.85 Safari/537.36 Edg/90.0.818.46"
85.208.96.197 - - [13/Dec/2025:08:06:42 +0100] "GET /platby/uwoy9/shannon-lucio-grey's-anatomy HTTP/1.1" 200 12112 "-" "Mozilla/5.0 (compatible; SemrushBot/7~bl; +http://www.semrush.com/bot.html)"
85.208.96.211 - - [13/Dec/2025:08:06:46 +0100] "GET /platby/uwoy9/hits-radio-breakfast-presenters HTTP/1.1" 200 13999 "-" "Mozilla/5.0 (compatible; SemrushBot/7~bl; +http://www.semrush.com/bot.html)"
85.208.96.205 - - [13/Dec/2025:08:08:13 +0100] "GET /platby/aohwuyx/loughrigg-fell-walking-routes HTTP/1.1" 200 9536 "-" "Mozilla/5.0 (compatible; SemrushBot/7~bl; +http://www.semrush.com/bot.html)"
185.191.171.14 - - [13/Dec/2025:08:08:58 +0100] "GET /platby/hca/presidential-medal-of-freedom HTTP/1.1" 200 10332 "-" "Mozilla/5.0 (compatible; SemrushBot/7~bl; +http://www.semrush.com/bot.html)"
185.191.171.5 - - [13/Dec/2025:08:09:08 +0100] "GET /platby/72zbxoz/before-and-after-wall-sit-benefits HTTP/1.1" 200 9286 "-" "Mozilla/5.0 (compatible; SemrushBot/7~bl; +http://www.semrush.com/bot.html)"
85.208.96.201 - - [13/Dec/2025:08:09:18 +0100] "GET /platby/hca/tree-definition-computer-science HTTP/1.1" 200 6510 "-" "Mozilla/5.0 (compatible; SemrushBot/7~bl; +http://www.semrush.com/bot.html)"
85.208.96.199 - - [13/Dec/2025:08:09:28 +0100] "GET /platby/uwoy9/butterfly-drawing-sketch HTTP/1.1" 200 9475 "-" "Mozilla/5.0 (compatible; SemrushBot/7~bl; +http://www.semrush.com/bot.html)"
85.208.96.201 - - [13/Dec/2025:08:09:34 +0100] "GET /platby/hca/ducks-unlimited-pullover HTTP/1.1" 200 11363 "-" "Mozilla/5.0 (compatible; SemrushBot/7~bl; +http://www.semrush.com/bot.html)"
85.208.96.201 - - [13/Dec/2025:08:09:43 +0100] "GET /platby/qqap/haast's-eagle-size-comparison HTTP/1.1" 200 12561 "-" "Mozilla/5.0 (compatible; SemrushBot/7~bl; +http://www.semrush.com/bot.html)"
85.208.96.207 - - [13/Dec/2025:08:10:05 +0100] "GET /platby/uwoy9/zion-williamson-height-in-high-school HTTP/1.1" 200 12801 "-" "Mozilla/5.0 (compatible; SemrushBot/7~bl; +http://www.semrush.com/bot.html)"
85.208.96.208 - - [13/Dec/2025:08:11:06 +0100] "GET /platby/qqap/king-heralds-sheet-music HTTP/1.1" 200 10217 "-" "Mozilla/5.0 (compatible; SemrushBot/7~bl; +http://www.semrush.com/bot.html)"
85.208.96.196 - - [13/Dec/2025:08:11:15 +0100] "GET /platby/qqap/types-of-sentences:-simple,-compound-complex HTTP/1.1" 200 6738 "-" "Mozilla/5.0 (compatible; SemrushBot/7~bl; +http://www.semrush.com/bot.html)"
35.173.18.61 - - [13/Dec/2025:08:11:32 +0100] "GET /platby/aohwuyx/latest-solar-panel-technology-2021 HTTP/1.1" 200 9453 "-" "Mozilla/5.0 AppleWebKit/537.36 (KHTML, like Gecko; compatible; Amazonbot/0.1; +https://developer.amazon.com/support/amazonbot) Chrome/119.0.6045.214 Safari/537.36"
54.147.182.90 - - [13/Dec/2025:08:11:36 +0100] "GET /platby/qqap/american-kestrel-size HTTP/1.1" 200 6786 "-" "Mozilla/5.0 AppleWebKit/537.36 (KHTML, like Gecko; compatible; Amazonbot/0.1; +https://developer.amazon.com/support/amazonbot) Chrome/119.0.6045.214 Safari/537.36"
52.203.237.170 - - [13/Dec/2025:08:11:41 +0100] "GET /platby/aohwuyx/houses-for-rent-in-berks-county HTTP/1.1" 200 7046 "-" "Mozilla/5.0 AppleWebKit/537.36 (KHTML, like Gecko; compatible; Amazonbot/0.1; +https://developer.amazon.com/support/amazonbot) Chrome/119.0.6045.214 Safari/537.36"
52.23.112.144 - - [13/Dec/2025:08:11:44 +0100] "GET /platby/qqap/it's-a-great-day-to-be-alive-cover HTTP/1.1" 200 12545 "-" "Mozilla/5.0 AppleWebKit/537.36 (KHTML, like Gecko; compatible; Amazonbot/0.1; +https://developer.amazon.com/support/amazonbot) Chrome/119.0.6045.214 Safari/537.36"
