77.88.25.28 - - [28/Mar/2010:00:10:05 +0100] "GET /?q=node/4 HTTP/1.1" 200 1631 "-" "Yandex/1.01.001 (compatible; Win16; I)"
77.88.25.28 - - [28/Mar/2010:01:02:13 +0100] "GET /?q=node/31 HTTP/1.1" 200 5815 "-" "Yandex/1.01.001 (compatible; Win16; I)"
87.244.137.2 - - [28/Mar/2010:01:09:11 +0100] "GET /?q=node/52 HTTP/1.0" 200 17731 "http://www.sermonsforyou.co.uk/?q=node/52" "Mozilla/4.0 (compatible; MSIE 5.5; Windows 98)"
87.244.137.2 - - [28/Mar/2010:01:09:12 +0100] "GET / HTTP/1.0" 200 13604 "http://www.sermonsforyou.co.uk/" "Mozilla/4.0 (compatible; MSIE 5.5; Windows 98)"
77.88.25.28 - - [28/Mar/2010:01:19:26 +0100] "GET /?q=node/40 HTTP/1.1" 200 6066 "-" "Yandex/1.01.001 (compatible; Win16; I)"
77.88.25.28 - - [28/Mar/2010:01:37:31 +0100] "GET /?q=taxonomy_vtn/term/5 HTTP/1.1" 200 1941 "-" "Yandex/1.01.001 (compatible; Win16; I)"
174.129.162.18 - - [28/Mar/2010:01:59:35 +0100] "GET /robots.txt HTTP/1.1" 200 707 "-" "Mozilla/5.0 (compatible; spbot/2.0.2; +http://www.seoprofiler.com/bot/ )"
174.129.162.18 - - [28/Mar/2010:01:59:36 +0100] "GET /?q=node/19 HTTP/1.1" 200 5670 "-" "Mozilla/5.0 (compatible; spbot/2.0.2; +http://www.seoprofiler.com/bot/ )"
174.129.162.18 - - [28/Mar/2010:01:59:40 +0100] "GET /robots.txt HTTP/1.1" 200 707 "-" "Mozilla/5.0 (compatible; spbot/2.0.2; +http://www.seoprofiler.com/bot/ )"
174.129.162.18 - - [28/Mar/2010:01:59:41 +0100] "GET / HTTP/1.1" 200 3551 "-" "Mozilla/5.0 (compatible; spbot/2.0.2; +http://www.seoprofiler.com/bot/ )"
174.129.162.18 - - [28/Mar/2010:01:59:41 +0100] "GET /robots.txt HTTP/1.1" 200 707 "-" "Mozilla/5.0 (compatible; spbot/2.0.2; +http://www.seoprofiler.com/bot/ )"
174.129.162.18 - - [28/Mar/2010:01:59:41 +0100] "GET /?q=taxonomy_vtn/term/6 HTTP/1.1" 200 1897 "-" "Mozilla/5.0 (compatible; spbot/2.0.2; +http://www.seoprofiler.com/bot/ )"
77.88.25.28 - - [28/Mar/2010:03:28:47 +0200] "GET /?q=node/44 HTTP/1.1" 200 5787 "-" "Yandex/1.01.001 (compatible; Win16; I)"
77.88.25.28 - - [28/Mar/2010:04:03:27 +0200] "GET /?q=node/47 HTTP/1.1" 200 4873 "-" "Yandex/1.01.001 (compatible; Win16; I)"
77.88.25.28 - - [28/Mar/2010:04:20:47 +0200] "GET /?q=node/119 HTTP/1.1" 200 5710 "-" "Yandex/1.01.001 (compatible; Win16; I)"
77.88.25.28 - - [28/Mar/2010:04:38:07 +0200] "GET /?q=node/201 HTTP/1.1" 200 2825 "-" "Yandex/1.01.001 (compatible; Win16; I)"
77.88.25.28 - - [28/Mar/2010:04:55:27 +0200] "GET /?q=node/132 HTTP/1.1" 200 4575 "-" "Yandex/1.01.001 (compatible; Win16; I)"
77.88.25.28 - - [28/Mar/2010:05:12:47 +0200] "GET /?q=node/91 HTTP/1.1" 200 5609 "-" "Yandex/1.01.001 (compatible; Win16; I)"
77.88.25.28 - - [28/Mar/2010:05:30:06 +0200] "GET /?q=node/89 HTTP/1.1" 200 5907 "-" "Yandex/1.01.001 (compatible; Win16; I)"
77.88.25.28 - - [28/Mar/2010:05:47:26 +0200] "GET /?q=node/183 HTTP/1.1" 200 2323 "-" "Yandex/1.01.001 (compatible; Win16; I)"
77.88.25.28 - - [28/Mar/2010:06:04:46 +0200] "GET /?q=node/116 HTTP/1.1" 200 5998 "-" "Yandex/1.01.001 (compatible; Win16; I)"
77.88.25.28 - - [28/Mar/2010:06:22:06 +0200] "GET /?q=node/126 HTTP/1.1" 200 5839 "-" "Yandex/1.01.001 (compatible; Win16; I)"
77.88.25.28 - - [28/Mar/2010:06:34:46 +0200] "GET /?q=node/160 HTTP/1.1" 200 4949 "-" "Yandex/1.01.001 (compatible; Win16; I)"
77.88.25.28 - - [28/Mar/2010:06:52:51 +0200] "GET /?q=node/114 HTTP/1.1" 200 5851 "-" "Yandex/1.01.001 (compatible; Win16; I)"
77.88.25.28 - - [28/Mar/2010:07:10:54 +0200] "GET /?q=node/180 HTTP/1.1" 200 2374 "-" "Yandex/1.01.001 (compatible; Win16; I)"
174.93.34.120 - - [28/Mar/2010:07:19:16 +0200] "GET /?q=node/26 HTTP/1.1" 200 6013 "http://www.google.ca/search?hl=en&rlz=1R2SHCN_enCA345&q=Sermon+%22The+Prodigal+Son%22+Luke+15:11-32&start=10&sa=N" "Mozilla/4.0 (compatible; MSIE 7.0; Windows NT 5.1; GTB6.4; .NET CLR 1.1.4322; .NET CLR 2.0.50727; InfoPath.2)"
174.93.34.120 - - [28/Mar/2010:07:19:16 +0200] "GET /sites/all/modules/taxonomy_vtn/taxonomy_vtn/taxonomy_vtn.css?F HTTP/1.1" 200 1540 "http://www.sermonsforyou.co.uk/?q=node/26" "Mozilla/4.0 (compatible; MSIE 7.0; Windows NT 5.1; GTB6.4; .NET CLR 1.1.4322; .NET CLR 2.0.50727; InfoPath.2)"
174.93.34.120 - - [28/Mar/2010:07:19:16 +0200] "GET /modules/node/node.css?F HTTP/1.1" 200 740 "http://www.sermonsforyou.co.uk/?q=node/26" "Mozilla/4.0 (compatible; MSIE 7.0; Windows NT 5.1; GTB6.4; .NET CLR 1.1.4322; .NET CLR 2.0.50727; InfoPath.2)"
174.93.34.120 - - [28/Mar/2010:07:19:16 +0200] "GET /modules/system/defaults.css?F HTTP/1.1" 200 757 "http://www.sermonsforyou.co.uk/?q=node/26" "Mozilla/4.0 (compatible; MSIE 7.0; Windows NT 5.1; GTB6.4; .NET CLR 1.1.4322; .NET CLR 2.0.50727; InfoPath.2)"
174.93.34.120 - - [28/Mar/2010:07:19:16 +0200] "GET /modules/system/system.css?F HTTP/1.1" 200 10020 "http://www.sermonsforyou.co.uk/?q=node/26" "Mozilla/4.0 (compatible; MSIE 7.0; Windows NT 5.1; GTB6.4; .NET CLR 1.1.4322; .NET CLR 2.0.50727; InfoPath.2)"
174.93.34.120 - - [28/Mar/2010:07:19:16 +0200] "GET /modules/system/system-menus.css?F HTTP/1.1" 200 935 "http://www.sermonsforyou.co.uk/?q=node/26" "Mozilla/4.0 (compatible; MSIE 7.0; Windows NT 5.1; GTB6.4; .NET CLR 1.1.4322; .NET CLR 2.0.50727; InfoPath.2)"
174.93.34.120 - - [28/Mar/2010:07:19:16 +0200] "GET /modules/user/user.css?F HTTP/1.1" 200 1127 "http://www.sermonsforyou.co.uk/?q=node/26" "Mozilla/4.0 (compatible; MSIE 7.0; Windows NT 5.1; GTB6.4; .NET CLR 1.1.4322; .NET CLR 2.0.50727; InfoPath.2)"
174.93.34.120 - - [28/Mar/2010:07:19:16 +0200] "GET /sites/all/modules/cck/cck/theme/content-module.css?F HTTP/1.1" 200 2397 "http://www.sermonsforyou.co.uk/?q=node/26" "Mozilla/4.0 (compatible; MSIE 7.0; Windows NT 5.1; GTB6.4; .NET CLR 1.1.4322; .NET CLR 2.0.50727; InfoPath.2)"
174.93.34.120 - - [28/Mar/2010:07:19:16 +0200] "GET /themes/shallowgrunge/shallowgrunge/style.css?F HTTP/1.1" 200 4871 "http://www.sermonsforyou.co.uk/?q=node/26" "Mozilla/4.0 (compatible; MSIE 7.0; Windows NT 5.1; GTB6.4; .NET CLR 1.1.4322; .NET CLR 2.0.50727; InfoPath.2)"
174.93.34.120 - - [28/Mar/2010:07:19:16 +0200] "GET /misc/jquery.js?F HTTP/1.1" 200 31089 "http://www.sermonsforyou.co.uk/?q=node/26" "Mozilla/4.0 (compatible; MSIE 7.0; Windows NT 5.1; GTB6.4; .NET CLR 1.1.4322; .NET CLR 2.0.50727; InfoPath.2)"
174.93.34.120 - - [28/Mar/2010:07:19:17 +0200] "GET /misc/drupal.js?F HTTP/1.1" 200 9745 "http://www.sermonsforyou.co.uk/?q=node/26" "Mozilla/4.0 (compatible; MSIE 7.0; Windows NT 5.1; GTB6.4; .NET CLR 1.1.4322; .NET CLR 2.0.50727; InfoPath.2)"
174.93.34.120 - - [28/Mar/2010:07:19:17 +0200] "GET /sites/all/modules/taxonomy_vtn/taxonomy_vtn/taxonomy_vtn.js?F HTTP/1.1" 200 465 "http://www.sermonsforyou.co.uk/?q=node/26" "Mozilla/4.0 (compatible; MSIE 7.0; Windows NT 5.1; GTB6.4; .NET CLR 1.1.4322; .NET CLR 2.0.50727; InfoPath.2)"
174.93.34.120 - - [28/Mar/2010:07:19:18 +0200] "GET /misc/powered-blue-80x15.png HTTP/1.1" 200 1011 "http://www.sermonsforyou.co.uk/?q=node/26" "Mozilla/4.0 (compatible; MSIE 7.0; Windows NT 5.1; GTB6.4; .NET CLR 1.1.4322; .NET CLR 2.0.50727; InfoPath.2)"
174.93.34.120 - - [28/Mar/2010:07:19:18 +0200] "GET /sites/all/modules/google_analytics/googleanalytics.js?F HTTP/1.1" 200 1725 "http://www.sermonsforyou.co.uk/?q=node/26" "Mozilla/4.0 (compatible; MSIE 7.0; Windows NT 5.1; GTB6.4; .NET CLR 1.1.4322; .NET CLR 2.0.50727; InfoPath.2)"
174.93.34.120 - - [28/Mar/2010:07:19:18 +0200] "GET /themes/shallowgrunge/shallowgrunge/images/img03.jpg HTTP/1.1" 200 10877 "http://www.sermonsforyou.co.uk/?q=node/26" "Mozilla/4.0 (compatible; MSIE 7.0; Windows NT 5.1; GTB6.4; .NET CLR 1.1.4322; .NET CLR 2.0.50727; InfoPath.2)"
174.93.34.120 - - [28/Mar/2010:07:19:18 +0200] "GET /themes/shallowgrunge/shallowgrunge/images/img02.jpg HTTP/1.1" 200 29303 "http://www.sermonsforyou.co.uk/?q=node/26" "Mozilla/4.0 (compatible; MSIE 7.0; Windows NT 5.1; GTB6.4; .NET CLR 1.1.4322; .NET CLR 2.0.50727; InfoPath.2)"
174.93.34.120 - - [28/Mar/2010:07:19:18 +0200] "GET /themes/shallowgrunge/shallowgrunge/images/img01.jpg HTTP/1.1" 200 72355 "http://www.sermonsforyou.co.uk/?q=node/26" "Mozilla/4.0 (compatible; MSIE 7.0; Windows NT 5.1; GTB6.4; .NET CLR 1.1.4322; .NET CLR 2.0.50727; InfoPath.2)"
174.93.34.120 - - [28/Mar/2010:07:19:19 +0200] "GET /misc/favicon.ico HTTP/1.1" 200 5430 "-" "Mozilla/4.0 (compatible; MSIE 7.0; Windows NT 5.1; GTB6.4; .NET CLR 1.1.4322; .NET CLR 2.0.50727; InfoPath.2)"
77.88.25.28 - - [28/Mar/2010:07:35:45 +0200] "GET /?q=node/207 HTTP/1.1" 200 2279 "-" "Yandex/1.01.001 (compatible; Win16; I)"
77.88.25.28 - - [28/Mar/2010:07:58:53 +0200] "GET /?q=taxonomy_vtn/voc/2 HTTP/1.1" 200 1655 "-" "Yandex/1.01.001 (compatible; Win16; I)"
77.88.25.28 - - [28/Mar/2010:08:22:01 +0200] "GET /?q=node/170 HTTP/1.1" 200 2131 "-" "Yandex/1.01.001 (compatible; Win16; I)"
77.88.25.28 - - [28/Mar/2010:08:52:52 +0200] "GET /?q=node/139 HTTP/1.1" 200 4658 "-" "Yandex/1.01.001 (compatible; Win16; I)"
77.88.25.28 - - [28/Mar/2010:09:15:59 +0200] "GET /?q=node/93 HTTP/1.1" 200 5717 "-" "Yandex/1.01.001 (compatible; Win16; I)"
77.88.25.28 - - [28/Mar/2010:09:39:06 +0200] "GET /?q=node/177 HTTP/1.1" 200 2480 "-" "Yandex/1.01.001 (compatible; Win16; I)"
77.88.25.28 - - [28/Mar/2010:10:02:13 +0200] "GET /?q=node/206 HTTP/1.1" 200 1835 "-" "Yandex/1.01.001 (compatible; Win16; I)"
86.142.18.149 - - [28/Mar/2010:10:10:49 +0200] "GET /?q=node/50 HTTP/1.1" 200 5769 "http://www.google.co.uk/search?hl=en&cr=countryUK%7CcountryGB&rlz=1W1GGLL_en-GB&q=pharisees+converted&start=10&sa=N" "Mozilla/4.0 (compatible; MSIE 8.0; Windows NT 6.0; Trident/4.0; GTB6.4; SLCC1; .NET CLR 2.0.50727; Media Center PC 5.0; .NET CLR 3.5.30729; .NET CLR 3.0.30729)"
86.142.18.149 - - [28/Mar/2010:10:10:49 +0200] "GET /sites/all/modules/taxonomy_vtn/taxonomy_vtn/taxonomy_vtn.css?F HTTP/1.1" 200 1540 "http://www.sermonsforyou.co.uk/?q=node/50" "Mozilla/4.0 (compatible; MSIE 8.0; Windows NT 6.0; Trident/4.0; GTB6.4; SLCC1; .NET CLR 2.0.50727; Media Center PC 5.0; .NET CLR 3.5.30729; .NET CLR 3.0.30729)"
86.142.18.149 - - [28/Mar/2010:10:10:49 +0200] "GET /modules/node/node.css?F HTTP/1.1" 200 740 "http://www.sermonsforyou.co.uk/?q=node/50" "Mozilla/4.0 (compatible; MSIE 8.0; Windows NT 6.0; Trident/4.0; GTB6.4; SLCC1; .NET CLR 2.0.50727; Media Center PC 5.0; .NET CLR 3.5.30729; .NET CLR 3.0.30729)"
86.142.18.149 - - [28/Mar/2010:10:10:49 +0200] "GET /sites/all/modules/cck/cck/theme/content-module.css?F HTTP/1.1" 200 2397 "http://www.sermonsforyou.co.uk/?q=node/50" "Mozilla/4.0 (compatible; MSIE 8.0; Windows NT 6.0; Trident/4.0; GTB6.4; SLCC1; .NET CLR 2.0.50727; Media Center PC 5.0; .NET CLR 3.5.30729; .NET CLR 3.0.30729)"
86.142.18.149 - - [28/Mar/2010:10:10:49 +0200] "GET /modules/system/system-menus.css?F HTTP/1.1" 200 935 "http://www.sermonsforyou.co.uk/?q=node/50" "Mozilla/4.0 (compatible; MSIE 8.0; Windows NT 6.0; Trident/4.0; GTB6.4; SLCC1; .NET CLR 2.0.50727; Media Center PC 5.0; .NET CLR 3.5.30729; .NET CLR 3.0.30729)"
86.142.18.149 - - [28/Mar/2010:10:10:49 +0200] "GET /modules/user/user.css?F HTTP/1.1" 200 1127 "http://www.sermonsforyou.co.uk/?q=node/50" "Mozilla/4.0 (compatible; MSIE 8.0; Windows NT 6.0; Trident/4.0; GTB6.4; SLCC1; .NET CLR 2.0.50727; Media Center PC 5.0; .NET CLR 3.5.30729; .NET CLR 3.0.30729)"
86.142.18.149 - - [28/Mar/2010:10:10:49 +0200] "GET /modules/system/defaults.css?F HTTP/1.1" 200 757 "http://www.sermonsforyou.co.uk/?q=node/50" "Mozilla/4.0 (compatible; MSIE 8.0; Windows NT 6.0; Trident/4.0; GTB6.4; SLCC1; .NET CLR 2.0.50727; Media Center PC 5.0; .NET CLR 3.5.30729; .NET CLR 3.0.30729)"
86.142.18.149 - - [28/Mar/2010:10:10:49 +0200] "GET /themes/shallowgrunge/shallowgrunge/style.css?F HTTP/1.1" 200 4871 "http://www.sermonsforyou.co.uk/?q=node/50" "Mozilla/4.0 (compatible; MSIE 8.0; Windows NT 6.0; Trident/4.0; GTB6.4; SLCC1; .NET CLR 2.0.50727; Media Center PC 5.0; .NET CLR 3.5.30729; .NET CLR 3.0.30729)"
86.142.18.149 - - [28/Mar/2010:10:10:49 +0200] "GET /modules/system/system.css?F HTTP/1.1" 200 10020 "http://www.sermonsforyou.co.uk/?q=node/50" "Mozilla/4.0 (compatible; MSIE 8.0; Windows NT 6.0; Trident/4.0; GTB6.4; SLCC1; .NET CLR 2.0.50727; Media Center PC 5.0; .NET CLR 3.5.30729; .NET CLR 3.0.30729)"
86.142.18.149 - - [28/Mar/2010:10:10:49 +0200] "GET /misc/drupal.js?F HTTP/1.1" 200 9745 "http://www.sermonsforyou.co.uk/?q=node/50" "Mozilla/4.0 (compatible; MSIE 8.0; Windows NT 6.0; Trident/4.0; GTB6.4; SLCC1; .NET CLR 2.0.50727; Media Center PC 5.0; .NET CLR 3.5.30729; .NET CLR 3.0.30729)"
86.142.18.149 - - [28/Mar/2010:10:10:49 +0200] "GET /sites/all/modules/taxonomy_vtn/taxonomy_vtn/taxonomy_vtn.js?F HTTP/1.1" 200 465 "http://www.sermonsforyou.co.uk/?q=node/50" "Mozilla/4.0 (compatible; MSIE 8.0; Windows NT 6.0; Trident/4.0; GTB6.4; SLCC1; .NET CLR 2.0.50727; Media Center PC 5.0; .NET CLR 3.5.30729; .NET CLR 3.0.30729)"
86.142.18.149 - - [28/Mar/2010:10:10:49 +0200] "GET /sites/all/modules/google_analytics/googleanalytics.js?F HTTP/1.1" 200 1725 "http://www.sermonsforyou.co.uk/?q=node/50" "Mozilla/4.0 (compatible; MSIE 8.0; Windows NT 6.0; Trident/4.0; GTB6.4; SLCC1; .NET CLR 2.0.50727; Media Center PC 5.0; .NET CLR 3.5.30729; .NET CLR 3.0.30729)"
86.142.18.149 - - [28/Mar/2010:10:10:49 +0200] "GET /misc/jquery.js?F HTTP/1.1" 200 31089 "http://www.sermonsforyou.co.uk/?q=node/50" "Mozilla/4.0 (compatible; MSIE 8.0; Windows NT 6.0; Trident/4.0; GTB6.4; SLCC1; .NET CLR 2.0.50727; Media Center PC 5.0; .NET CLR 3.5.30729; .NET CLR 3.0.30729)"
86.142.18.149 - - [28/Mar/2010:10:10:50 +0200] "GET /misc/powered-blue-80x15.png HTTP/1.1" 200 1011 "http://www.sermonsforyou.co.uk/?q=node/50" "Mozilla/4.0 (compatible; MSIE 8.0; Windows NT 6.0; Trident/4.0; GTB6.4; SLCC1; .NET CLR 2.0.50727; Media Center PC 5.0; .NET CLR 3.5.30729; .NET CLR 3.0.30729)"
86.142.18.149 - - [28/Mar/2010:10:10:50 +0200] "GET /themes/shallowgrunge/shallowgrunge/images/img03.jpg HTTP/1.1" 200 10877 "http://www.sermonsforyou.co.uk/?q=node/50" "Mozilla/4.0 (compatible; MSIE 8.0; Windows NT 6.0; Trident/4.0; GTB6.4; SLCC1; .NET CLR 2.0.50727; Media Center PC 5.0; .NET CLR 3.5.30729; .NET CLR 3.0.30729)"
86.142.18.149 - - [28/Mar/2010:10:10:50 +0200] "GET /themes/shallowgrunge/shallowgrunge/images/img02.jpg HTTP/1.1" 200 29303 "http://www.sermonsforyou.co.uk/?q=node/50" "Mozilla/4.0 (compatible; MSIE 8.0; Windows NT 6.0; Trident/4.0; GTB6.4; SLCC1; .NET CLR 2.0.50727; Media Center PC 5.0; .NET CLR 3.5.30729; .NET CLR 3.0.30729)"
86.142.18.149 - - [28/Mar/2010:10:10:50 +0200] "GET /themes/shallowgrunge/shallowgrunge/images/img01.jpg HTTP/1.1" 200 72355 "http://www.sermonsforyou.co.uk/?q=node/50" "Mozilla/4.0 (compatible; MSIE 8.0; Windows NT 6.0; Trident/4.0; GTB6.4; SLCC1; .NET CLR 2.0.50727; Media Center PC 5.0; .NET CLR 3.5.30729; .NET CLR 3.0.30729)"
86.142.18.149 - - [28/Mar/2010:10:10:50 +0200] "GET /misc/favicon.ico HTTP/1.1" 200 5430 "-" "Mozilla/4.0 (compatible; MSIE 8.0; Windows NT 6.0; Trident/4.0; GTB6.4; SLCC1; .NET CLR 2.0.50727; Media Center PC 5.0; .NET CLR 3.5.30729; .NET CLR 3.0.30729)"
86.142.18.149 - - [28/Mar/2010:10:10:51 +0200] "GET /favicon.ico HTTP/1.1" 200 1406 "-" "Mozilla/5.0 (compatible; Google Desktop/5.9.911.3589; http://desktop.google.com/)"
77.88.25.28 - - [28/Mar/2010:10:33:03 +0200] "GET /?q=node/112 HTTP/1.1" 200 5616 "-" "Yandex/1.01.001 (compatible; Win16; I)"
77.88.25.28 - - [28/Mar/2010:10:57:51 +0200] "GET /?q=node/94 HTTP/1.1" 200 5724 "-" "Yandex/1.01.001 (compatible; Win16; I)"
66.249.65.103 - - [28/Mar/2010:10:58:09 +0200] "GET /robots.txt HTTP/1.1" 200 707 "-" "Mozilla/5.0 (compatible; Googlebot/2.1; +http://www.google.com/bot.html)"
66.249.65.103 - - [28/Mar/2010:10:58:09 +0200] "GET /?q=node/112 HTTP/1.1" 200 5616 "-" "Mozilla/5.0 (compatible; Googlebot/2.1; +http://www.google.com/bot.html)"
216.129.119.12 - - [28/Mar/2010:11:17:46 +0200] "GET /robots.txt HTTP/1.1" 200 707 "-" "Mozilla/5.0 (Twiceler-0.9 http://www.cuil.com/twiceler/robot.html)"
77.88.25.28 - - [28/Mar/2010:11:21:28 +0200] "GET /?q=node/189 HTTP/1.1" 200 2701 "-" "Yandex/1.01.001 (compatible; Win16; I)"
77.88.25.28 - - [28/Mar/2010:11:45:03 +0200] "GET /?q=node/192 HTTP/1.1" 200 2651 "-" "Yandex/1.01.001 (compatible; Win16; I)"
77.88.25.28 - - [28/Mar/2010:12:24:18 +0200] "GET /?q=node/173 HTTP/1.1" 200 2626 "-" "Yandex/1.01.001 (compatible; Win16; I)"
77.88.25.28 - - [28/Mar/2010:12:47:50 +0200] "GET /?q=node/172 HTTP/1.1" 200 2713 "-" "Yandex/1.01.001 (compatible; Win16; I)"
77.88.25.28 - - [28/Mar/2010:13:11:23 +0200] "GET /?q=node/175 HTTP/1.1" 200 2477 "-" "Yandex/1.01.001 (compatible; Win16; I)"
77.88.25.28 - - [28/Mar/2010:13:27:19 +0200] "GET /?q=node/154 HTTP/1.1" 200 4650 "-" "Yandex/1.01.001 (compatible; Win16; I)"
77.88.25.28 - - [28/Mar/2010:13:51:13 +0200] "GET /?q=node/188 HTTP/1.1" 200 2358 "-" "Yandex/1.01.001 (compatible; Win16; I)"
77.88.25.28 - - [28/Mar/2010:14:15:04 +0200] "GET /?q=node/133 HTTP/1.1" 200 4511 "-" "Yandex/1.01.001 (compatible; Win16; I)"
82.94.176.143 - - [28/Mar/2010:14:34:03 +0200] "GET /robots.txt HTTP/1.0" 200 1642 "-" "Mozilla/4.0 (compatible; Vagabondo/4.0; webcrawler at wise-guys dot nl; http://webagent.wise-guys.nl/)"
82.94.176.143 - - [28/Mar/2010:14:34:03 +0200] "GET /?q=forum/12&sort=desc&order=Last+reply HTTP/1.0" 404 3603 "http://www.sermonsforyou.co.uk/?q=forum/12&sort=asc&order=Last+reply" "Mozilla/4.0 (compatible; Vagabondo/4.0; webcrawler at wise-guys dot nl; http://webagent.wise-guys.nl/; http://www.wise-guys.nl/)"
82.94.176.143 - - [28/Mar/2010:14:36:53 +0200] "GET /?q=taxonomy_vtn/term/12 HTTP/1.0" 200 15237 "http://www.sermonsforyou.co.uk/?q=taxonomy_vtn/voc/2" "Mozilla/4.0 (compatible; Vagabondo/4.0; webcrawler at wise-guys dot nl; http://webagent.wise-guys.nl/; http://www.wise-guys.nl/)"
77.88.25.28 - - [28/Mar/2010:14:46:53 +0200] "GET /?q=node/92 HTTP/1.1" 200 5628 "-" "Yandex/1.01.001 (compatible; Win16; I)"
77.88.25.28 - - [28/Mar/2010:15:00:39 +0200] "GET /?q=node/147 HTTP/1.1" 200 4664 "-" "Yandex/1.01.001 (compatible; Win16; I)"
77.88.25.28 - - [28/Mar/2010:15:24:02 +0200] "GET /?q=node/179 HTTP/1.1" 200 2715 "-" "Yandex/1.01.001 (compatible; Win16; I)"
66.249.66.5 - - [28/Mar/2010:15:24:30 +0200] "GET /?q=node/25 HTTP/1.1" 200 6078 "-" "Mozilla/5.0 (compatible; Googlebot/2.1; +http://www.google.com/bot.html)"
67.195.114.51 - - [28/Mar/2010:15:28:59 +0200] "GET /robots.txt HTTP/1.0" 200 707 "-" "Mozilla/5.0 (compatible; Yahoo! Slurp; http://help.yahoo.com/help/us/ysearch/slurp)"
67.195.114.51 - - [28/Mar/2010:15:29:00 +0200] "GET /?q=node/42 HTTP/1.0" 200 6023 "-" "Mozilla/5.0 (compatible; Yahoo! Slurp/3.0; http://help.yahoo.com/help/us/ysearch/slurp)"
66.249.65.103 - - [28/Mar/2010:15:38:41 +0200] "GET /?q=node/8 HTTP/1.1" 200 6146 "-" "Mozilla/5.0 (compatible; Googlebot/2.1; +http://www.google.com/bot.html)"
77.88.25.28 - - [28/Mar/2010:15:48:55 +0200] "GET /?q=node/151 HTTP/1.1" 200 4521 "-" "Yandex/1.01.001 (compatible; Win16; I)"
77.88.25.28 - - [28/Mar/2010:16:13:45 +0200] "GET /?q=node/143 HTTP/1.1" 200 4405 "-" "Yandex/1.01.001 (compatible; Win16; I)"
77.88.25.28 - - [28/Mar/2010:16:30:19 +0200] "GET /?q=node/157 HTTP/1.1" 200 4524 "-" "Yandex/1.01.001 (compatible; Win16; I)"
77.88.25.28 - - [28/Mar/2010:16:47:18 +0200] "GET /?q=node/176 HTTP/1.1" 200 2550 "-" "Yandex/1.01.001 (compatible; Win16; I)"
67.195.114.51 - - [28/Mar/2010:16:55:53 +0200] "GET /?q=node/22 HTTP/1.0" 200 5832 "-" "Mozilla/5.0 (compatible; Yahoo! Slurp/3.0; http://help.yahoo.com/help/us/ysearch/slurp)"
77.88.25.28 - - [28/Mar/2010:17:04:38 +0200] "GET /?q=node/200 HTTP/1.1" 200 2374 "-" "Yandex/1.01.001 (compatible; Win16; I)"
66.249.66.5 - - [28/Mar/2010:17:32:13 +0200] "GET /?q=node/41 HTTP/1.1" 200 5064 "-" "Mozilla/5.0 (compatible; Googlebot/2.1; +http://www.google.com/bot.html)"
74.223.187.122 - - [28/Mar/2010:17:32:33 +0200] "GET /?q=node/58 HTTP/1.1" 200 6061 "-" "Mozilla/5.0 (Windows; U; Windows NT 5.1; en-US) AppleWebKit/532.5 (KHTML, like Gecko) Chrome/4.1.249.1036 Safari/532.5"
74.223.187.122 - - [28/Mar/2010:17:32:33 +0200] "GET /sites/all/modules/taxonomy_vtn/taxonomy_vtn/taxonomy_vtn.css?F HTTP/1.1" 200 1540 "http://www.sermonsforyou.co.uk/?q=node/58" "Mozilla/5.0 (Windows; U; Windows NT 5.1; en-US) AppleWebKit/532.5 (KHTML, like Gecko) Chrome/4.1.249.1036 Safari/532.5"
74.223.187.122 - - [28/Mar/2010:17:32:33 +0200] "GET /modules/node/node.css?F HTTP/1.1" 200 740 "http://www.sermonsforyou.co.uk/?q=node/58" "Mozilla/5.0 (Windows; U; Windows NT 5.1; en-US) AppleWebKit/532.5 (KHTML, like Gecko) Chrome/4.1.249.1036 Safari/532.5"
74.223.187.122 - - [28/Mar/2010:17:32:33 +0200] "GET /modules/system/defaults.css?F HTTP/1.1" 200 757 "http://www.sermonsforyou.co.uk/?q=node/58" "Mozilla/5.0 (Windows; U; Windows NT 5.1; en-US) AppleWebKit/532.5 (KHTML, like Gecko) Chrome/4.1.249.1036 Safari/532.5"
74.223.187.122 - - [28/Mar/2010:17:32:33 +0200] "GET /modules/system/system.css?F HTTP/1.1" 200 10020 "http://www.sermonsforyou.co.uk/?q=node/58" "Mozilla/5.0 (Windows; U; Windows NT 5.1; en-US) AppleWebKit/532.5 (KHTML, like Gecko) Chrome/4.1.249.1036 Safari/532.5"
74.223.187.122 - - [28/Mar/2010:17:32:33 +0200] "GET /modules/system/system-menus.css?F HTTP/1.1" 200 935 "http://www.sermonsforyou.co.uk/?q=node/58" "Mozilla/5.0 (Windows; U; Windows NT 5.1; en-US) AppleWebKit/532.5 (KHTML, like Gecko) Chrome/4.1.249.1036 Safari/532.5"
74.223.187.122 - - [28/Mar/2010:17:32:33 +0200] "GET /modules/user/user.css?F HTTP/1.1" 200 1127 "http://www.sermonsforyou.co.uk/?q=node/58" "Mozilla/5.0 (Windows; U; Windows NT 5.1; en-US) AppleWebKit/532.5 (KHTML, like Gecko) Chrome/4.1.249.1036 Safari/532.5"
74.223.187.122 - - [28/Mar/2010:17:32:33 +0200] "GET /sites/all/modules/cck/cck/theme/content-module.css?F HTTP/1.1" 200 2397 "http://www.sermonsforyou.co.uk/?q=node/58" "Mozilla/5.0 (Windows; U; Windows NT 5.1; en-US) AppleWebKit/532.5 (KHTML, like Gecko) Chrome/4.1.249.1036 Safari/532.5"
74.223.187.122 - - [28/Mar/2010:17:32:34 +0200] "GET /themes/shallowgrunge/shallowgrunge/style.css?F HTTP/1.1" 200 4871 "http://www.sermonsforyou.co.uk/?q=node/58" "Mozilla/5.0 (Windows; U; Windows NT 5.1; en-US) AppleWebKit/532.5 (KHTML, like Gecko) Chrome/4.1.249.1036 Safari/532.5"
74.223.187.122 - - [28/Mar/2010:17:32:34 +0200] "GET /misc/drupal.js?F HTTP/1.1" 200 9745 "http://www.sermonsforyou.co.uk/?q=node/58" "Mozilla/5.0 (Windows; U; Windows NT 5.1; en-US) AppleWebKit/532.5 (KHTML, like Gecko) Chrome/4.1.249.1036 Safari/532.5"
74.223.187.122 - - [28/Mar/2010:17:32:34 +0200] "GET /sites/all/modules/taxonomy_vtn/taxonomy_vtn/taxonomy_vtn.js?F HTTP/1.1" 200 465 "http://www.sermonsforyou.co.uk/?q=node/58" "Mozilla/5.0 (Windows; U; Windows NT 5.1; en-US) AppleWebKit/532.5 (KHTML, like Gecko) Chrome/4.1.249.1036 Safari/532.5"
74.223.187.122 - - [28/Mar/2010:17:32:34 +0200] "GET /misc/jquery.js?F HTTP/1.1" 200 31089 "http://www.sermonsforyou.co.uk/?q=node/58" "Mozilla/5.0 (Windows; U; Windows NT 5.1; en-US) AppleWebKit/532.5 (KHTML, like Gecko) Chrome/4.1.249.1036 Safari/532.5"
74.223.187.122 - - [28/Mar/2010:17:32:34 +0200] "GET /sites/all/modules/google_analytics/googleanalytics.js?F HTTP/1.1" 200 1725 "http://www.sermonsforyou.co.uk/?q=node/58" "Mozilla/5.0 (Windows; U; Windows NT 5.1; en-US) AppleWebKit/532.5 (KHTML, like Gecko) Chrome/4.1.249.1036 Safari/532.5"
74.223.187.122 - - [28/Mar/2010:17:32:34 +0200] "GET /themes/shallowgrunge/shallowgrunge/images/img03.jpg HTTP/1.1" 200 10877 "http://www.sermonsforyou.co.uk/?q=node/58" "Mozilla/5.0 (Windows; U; Windows NT 5.1; en-US) AppleWebKit/532.5 (KHTML, like Gecko) Chrome/4.1.249.1036 Safari/532.5"
74.223.187.122 - - [28/Mar/2010:17:32:34 +0200] "GET /misc/powered-blue-80x15.png HTTP/1.1" 200 1011 "http://www.sermonsforyou.co.uk/?q=node/58" "Mozilla/5.0 (Windows; U; Windows NT 5.1; en-US) AppleWebKit/532.5 (KHTML, like Gecko) Chrome/4.1.249.1036 Safari/532.5"
74.223.187.122 - - [28/Mar/2010:17:32:34 +0200] "GET /themes/shallowgrunge/shallowgrunge/images/img02.jpg HTTP/1.1" 200 29303 "http://www.sermonsforyou.co.uk/?q=node/58" "Mozilla/5.0 (Windows; U; Windows NT 5.1; en-US) AppleWebKit/532.5 (KHTML, like Gecko) Chrome/4.1.249.1036 Safari/532.5"
74.223.187.122 - - [28/Mar/2010:17:32:34 +0200] "GET /themes/shallowgrunge/shallowgrunge/images/img01.jpg HTTP/1.1" 200 72355 "http://www.sermonsforyou.co.uk/?q=node/58" "Mozilla/5.0 (Windows; U; Windows NT 5.1; en-US) AppleWebKit/532.5 (KHTML, like Gecko) Chrome/4.1.249.1036 Safari/532.5"
77.88.25.28 - - [28/Mar/2010:17:41:51 +0200] "GET /?q=node/150 HTTP/1.1" 200 4453 "-" "Yandex/1.01.001 (compatible; Win16; I)"
77.88.25.28 - - [28/Mar/2010:18:09:45 +0200] "GET /?q=node/98 HTTP/1.1" 200 5970 "-" "Yandex/1.01.001 (compatible; Win16; I)"
82.231.148.87 - - [28/Mar/2010:18:43:19 +0200] "GET /?q=node/40 HTTP/1.1" 200 6066 "http://www.google.co.uk/url?sa=t&source=web&ct=res&cd=10&ved=0CCAQFjAJ&url=http%3A%2F%2Fwww.sermonsforyou.co.uk%2F%3Fq%3Dnode%2F40&rct=j&q=%22blessed+are+the+peacemakers%22+%2B+shalom&ei=_H2vS6HyBZOs4QbItOjgDw&usg=AFQjCNHdFKlQS4iVLYg1nzaaDh3XssSNZQ" "Mozilla/5.0 (Windows; U; Windows NT 6.1; en-GB; rv:1.9.2.2) Gecko/20100316 Firefox/3.6.2"
82.231.148.87 - - [28/Mar/2010:18:43:21 +0200] "GET /sites/all/modules/taxonomy_vtn/taxonomy_vtn/taxonomy_vtn.css?F HTTP/1.1" 200 1540 "http://www.sermonsforyou.co.uk/?q=node/40" "Mozilla/5.0 (Windows; U; Windows NT 6.1; en-GB; rv:1.9.2.2) Gecko/20100316 Firefox/3.6.2"
82.231.148.87 - - [28/Mar/2010:18:43:22 +0200] "GET /modules/node/node.css?F HTTP/1.1" 200 740 "http://www.sermonsforyou.co.uk/?q=node/40" "Mozilla/5.0 (Windows; U; Windows NT 6.1; en-GB; rv:1.9.2.2) Gecko/20100316 Firefox/3.6.2"
82.231.148.87 - - [28/Mar/2010:18:43:22 +0200] "GET /modules/system/defaults.css?F HTTP/1.1" 200 757 "http://www.sermonsforyou.co.uk/?q=node/40" "Mozilla/5.0 (Windows; U; Windows NT 6.1; en-GB; rv:1.9.2.2) Gecko/20100316 Firefox/3.6.2"
82.231.148.87 - - [28/Mar/2010:18:43:22 +0200] "GET /modules/system/system-menus.css?F HTTP/1.1" 200 935 "http://www.sermonsforyou.co.uk/?q=node/40" "Mozilla/5.0 (Windows; U; Windows NT 6.1; en-GB; rv:1.9.2.2) Gecko/20100316 Firefox/3.6.2"
82.231.148.87 - - [28/Mar/2010:18:43:22 +0200] "GET /modules/system/system.css?F HTTP/1.1" 200 10020 "http://www.sermonsforyou.co.uk/?q=node/40" "Mozilla/5.0 (Windows; U; Windows NT 6.1; en-GB; rv:1.9.2.2) Gecko/20100316 Firefox/3.6.2"
82.231.148.87 - - [28/Mar/2010:18:43:22 +0200] "GET /modules/user/user.css?F HTTP/1.1" 200 1127 "http://www.sermonsforyou.co.uk/?q=node/40" "Mozilla/5.0 (Windows; U; Windows NT 6.1; en-GB; rv:1.9.2.2) Gecko/20100316 Firefox/3.6.2"
82.231.148.87 - - [28/Mar/2010:18:43:22 +0200] "GET /sites/all/modules/cck/cck/theme/content-module.css?F HTTP/1.1" 200 2397 "http://www.sermonsforyou.co.uk/?q=node/40" "Mozilla/5.0 (Windows; U; Windows NT 6.1; en-GB; rv:1.9.2.2) Gecko/20100316 Firefox/3.6.2"
82.231.148.87 - - [28/Mar/2010:18:43:24 +0200] "GET /themes/shallowgrunge/shallowgrunge/style.css?F HTTP/1.1" 200 4871 "http://www.sermonsforyou.co.uk/?q=node/40" "Mozilla/5.0 (Windows; U; Windows NT 6.1; en-GB; rv:1.9.2.2) Gecko/20100316 Firefox/3.6.2"
82.231.148.87 - - [28/Mar/2010:18:43:24 +0200] "GET /misc/drupal.js?F HTTP/1.1" 200 9745 "http://www.sermonsforyou.co.uk/?q=node/40" "Mozilla/5.0 (Windows; U; Windows NT 6.1; en-GB; rv:1.9.2.2) Gecko/20100316 Firefox/3.6.2"
82.231.148.87 - - [28/Mar/2010:18:43:24 +0200] "GET /sites/all/modules/taxonomy_vtn/taxonomy_vtn/taxonomy_vtn.js?F HTTP/1.1" 200 465 "http://www.sermonsforyou.co.uk/?q=node/40" "Mozilla/5.0 (Windows; U; Windows NT 6.1; en-GB; rv:1.9.2.2) Gecko/20100316 Firefox/3.6.2"
82.231.148.87 - - [28/Mar/2010:18:43:24 +0200] "GET /sites/all/modules/google_analytics/googleanalytics.js?F HTTP/1.1" 200 1725 "http://www.sermonsforyou.co.uk/?q=node/40" "Mozilla/5.0 (Windows; U; Windows NT 6.1; en-GB; rv:1.9.2.2) Gecko/20100316 Firefox/3.6.2"
82.231.148.87 - - [28/Mar/2010:18:43:25 +0200] "GET /misc/favicon.ico HTTP/1.1" 200 5430 "-" "Mozilla/5.0 (Windows; U; Windows NT 6.1; en-GB; rv:1.9.2.2) Gecko/20100316 Firefox/3.6.2"
82.231.148.87 - - [28/Mar/2010:18:43:25 +0200] "GET /misc/powered-blue-80x15.png HTTP/1.1" 200 1011 "http://www.sermonsforyou.co.uk/?q=node/40" "Mozilla/5.0 (Windows; U; Windows NT 6.1; en-GB; rv:1.9.2.2) Gecko/20100316 Firefox/3.6.2"
82.231.148.87 - - [28/Mar/2010:18:43:24 +0200] "GET /misc/jquery.js?F HTTP/1.1" 200 31089 "http://www.sermonsforyou.co.uk/?q=node/40" "Mozilla/5.0 (Windows; U; Windows NT 6.1; en-GB; rv:1.9.2.2) Gecko/20100316 Firefox/3.6.2"
82.231.148.87 - - [28/Mar/2010:18:43:27 +0200] "GET /themes/shallowgrunge/shallowgrunge/images/img03.jpg HTTP/1.1" 200 10877 "http://www.sermonsforyou.co.uk/themes/shallowgrunge/shallowgrunge/style.css?F" "Mozilla/5.0 (Windows; U; Windows NT 6.1; en-GB; rv:1.9.2.2) Gecko/20100316 Firefox/3.6.2"
82.231.148.87 - - [28/Mar/2010:18:43:27 +0200] "GET /themes/shallowgrunge/shallowgrunge/images/img02.jpg HTTP/1.1" 200 29303 "http://www.sermonsforyou.co.uk/themes/shallowgrunge/shallowgrunge/style.css?F" "Mozilla/5.0 (Windows; U; Windows NT 6.1; en-GB; rv:1.9.2.2) Gecko/20100316 Firefox/3.6.2"
82.231.148.87 - - [28/Mar/2010:18:43:27 +0200] "GET /themes/shallowgrunge/shallowgrunge/images/img01.jpg HTTP/1.1" 200 72355 "http://www.sermonsforyou.co.uk/themes/shallowgrunge/shallowgrunge/style.css?F" "Mozilla/5.0 (Windows; U; Windows NT 6.1; en-GB; rv:1.9.2.2) Gecko/20100316 Firefox/3.6.2"
77.88.25.28 - - [28/Mar/2010:18:46:56 +0200] "GET /?q=node/117 HTTP/1.1" 200 5930 "-" "Yandex/1.01.001 (compatible; Win16; I)"
66.249.66.5 - - [28/Mar/2010:18:53:48 +0200] "GET /?q=node/88 HTTP/1.1" 200 5373 "-" "Mozilla/5.0 (compatible; Googlebot/2.1; +http://www.google.com/bot.html)"
82.94.176.143 - - [28/Mar/2010:20:24:23 +0200] "GET /robots.txt HTTP/1.0" 200 1642 "-" "Mozilla/4.0 (compatible; Vagabondo/4.0; webcrawler at wise-guys dot nl; http://webagent.wise-guys.nl/)"
82.94.176.143 - - [28/Mar/2010:20:24:23 +0200] "GET /?q=taxonomy_vtn/term/12 HTTP/1.0" 200 15237 "http://www.sermonsforyou.co.uk/?q=taxonomy_vtn/voc/2" "Mozilla/4.0 (compatible; Vagabondo/4.0; webcrawler at wise-guys dot nl; http://webagent.wise-guys.nl/; http://www.wise-guys.nl/)"
77.88.25.28 - - [28/Mar/2010:22:57:58 +0200] "GET /robots.txt HTTP/1.1" 200 1642 "-" "Yandex/1.01.001 (compatible; Win16; I)"