95.108.217.252 - - [22/Sep/2010:00:14:00 +0200] "GET /?q=node/230 HTTP/1.1" 200 4791 "-" "Mozilla/5.0 (compatible; YandexBot/3.0; +http://yandex.com/bots)"
95.108.217.252 - - [22/Sep/2010:00:33:50 +0200] "GET /?q=user/register&destination=comment/reply/180%23comment-form HTTP/1.1" 200 2490 "-" "Mozilla/5.0 (compatible; YandexBot/3.0; +http://yandex.com/bots)"
94.142.130.192 - - [22/Sep/2010:00:43:57 +0200] "GET /?q=taxonomy_vtn/term/12 HTTP/1.0" 200 15937 "http://www.sermonsforyou.co.uk/?q=taxonomy_vtn/term/12" "Mozilla/4.0 (compatible; MSIE 6.0; Windows NT 5.1; SV1; .NET CLR 1.1.4322)"
94.142.130.192 - - [22/Sep/2010:00:44:03 +0200] "GET /?q=taxonomy_vtn/voc/2 HTTP/1.0" 200 4556 "http://www.sermonsforyou.co.uk/?q=taxonomy_vtn/voc/2" "Mozilla/4.0 (compatible; MSIE 6.0; Windows NT 5.1; SV1; .NET CLR 1.1.4322)"
94.142.130.192 - - [22/Sep/2010:00:44:08 +0200] "GET /?q=taxonomy_vtn/term/12 HTTP/1.0" 200 15937 "http://www.sermonsforyou.co.uk/?q=taxonomy_vtn/term/12" "Mozilla/4.0 (compatible; MSIE 6.0; Windows NT 5.1; SV1; .NET CLR 1.1.4322)"
94.142.130.192 - - [22/Sep/2010:00:44:15 +0200] "GET /?q=node/67 HTTP/1.0" 200 4886 "http://www.sermonsforyou.co.uk/?q=node/67" "Mozilla/4.0 (compatible; MSIE 6.0; Windows NT 5.1; SV1; .NET CLR 1.1.4322)"
94.142.130.192 - - [22/Sep/2010:00:44:19 +0200] "GET /?q=user/register&destination=comment/reply/67%2523comment-form HTTP/1.0" 200 6886 "http://www.sermonsforyou.co.uk/?q=user/register&destination=comment/reply/67%2523comment-form" "Mozilla/4.0 (compatible; MSIE 6.0; Windows NT 5.1; SV1; .NET CLR 1.1.4322)"
94.142.130.192 - - [22/Sep/2010:00:44:23 +0200] "POST /?q=user/register&destination=comment/reply/67%252523comment-form HTTP/1.0" 302 0 "http://www.sermonsforyou.co.uk/?q=user/register&destination=comment/reply/67%2523comment-form" "Mozilla/4.0 (compatible; MSIE 6.0; Windows NT 5.1; SV1; .NET CLR 1.1.4322)"
94.142.130.192 - - [22/Sep/2010:00:44:27 +0200] "GET /?q=comment/reply/67%252523comment-form HTTP/1.0" 404 3717 "http://www.sermonsforyou.co.uk/?q=comment/reply/67%252523comment-form" "Mozilla/4.0 (compatible; MSIE 6.0; Windows NT 5.1; SV1; .NET CLR 1.1.4322)"
94.142.130.192 - - [22/Sep/2010:00:44:46 +0200] "GET /reply/67%252523comment-form HTTP/1.0" 404 1806 "http://www.sermonsforyou.co.uk/reply/67%252523comment-form" "Mozilla/4.0 (compatible; MSIE 6.0; Windows NT 5.1; SV1; .NET CLR 1.1.4322)"
94.142.130.192 - - [22/Sep/2010:00:44:50 +0200] "GET /?q=user/login&destination=comment/reply/67%2523comment-form HTTP/1.0" 200 5480 "http://www.sermonsforyou.co.uk/?q=user/login&destination=comment/reply/67%2523comment-form" "Mozilla/4.0 (compatible; MSIE 6.0; Windows NT 5.1; SV1; .NET CLR 1.1.4322)"
94.142.130.192 - - [22/Sep/2010:00:44:56 +0200] "POST /?q=user/login&destination=comment/reply/67%252523comment-form HTTP/1.0" 200 5642 "http://www.sermonsforyou.co.uk/?q=user/login&destination=comment/reply/67%2523comment-form" "Mozilla/4.0 (compatible; MSIE 6.0; Windows NT 5.1; SV1; .NET CLR 1.1.4322)"
94.142.130.192 - - [22/Sep/2010:00:45:01 +0200] "GET /?q=taxonomy_vtn/term/12 HTTP/1.0" 200 15937 "http://www.sermonsforyou.co.uk/?q=taxonomy_vtn/term/12" "Mozilla/4.0 (compatible; MSIE 6.0; Windows NT 5.1; SV1; .NET CLR 1.1.4322)"
95.108.217.252 - - [22/Sep/2010:01:00:16 +0200] "GET /?q=user/register&destination=comment/reply/143%23comment-form HTTP/1.1" 200 2491 "-" "Mozilla/5.0 (compatible; YandexBot/3.0; +http://yandex.com/bots)"
86.140.43.79 - - [22/Sep/2010:01:09:33 +0200] "GET /?q=node/33 HTTP/1.1" 200 6132 "http://www.google.co.uk/url?sa=t&source=web&cd=25&ved=0CCIQFjAEOBQ&url=http%3A%2F%2Fwww.sermonsforyou.co.uk%2F%3Fq%3Dnode%2F33&rct=j&q=new%20beginnings%20sermon&ei=IzuZTNL0JcON4gawt-RE&usg=AFQjCNFbBvmDd0zWWeg_ZXmd3x89kc5nRQ" "Mozilla/5.0 (Macintosh; U; Intel Mac OS X 10_6_4; en-us) AppleWebKit/533.17.8 (KHTML, like Gecko) Version/5.0.1 Safari/533.17.8"
86.140.43.79 - - [22/Sep/2010:01:09:33 +0200] "GET /modules/system/system-menus.css?F HTTP/1.1" 200 935 "http://www.sermonsforyou.co.uk/?q=node/33" "Mozilla/5.0 (Macintosh; U; Intel Mac OS X 10_6_4; en-us) AppleWebKit/533.17.8 (KHTML, like Gecko) Version/5.0.1 Safari/533.17.8"
86.140.43.79 - - [22/Sep/2010:01:09:33 +0200] "GET /modules/system/system.css?F HTTP/1.1" 200 10020 "http://www.sermonsforyou.co.uk/?q=node/33" "Mozilla/5.0 (Macintosh; U; Intel Mac OS X 10_6_4; en-us) AppleWebKit/533.17.8 (KHTML, like Gecko) Version/5.0.1 Safari/533.17.8"
86.140.43.79 - - [22/Sep/2010:01:09:33 +0200] "GET /modules/node/node.css?F HTTP/1.1" 200 740 "http://www.sermonsforyou.co.uk/?q=node/33" "Mozilla/5.0 (Macintosh; U; Intel Mac OS X 10_6_4; en-us) AppleWebKit/533.17.8 (KHTML, like Gecko) Version/5.0.1 Safari/533.17.8"
86.140.43.79 - - [22/Sep/2010:01:09:33 +0200] "GET /modules/user/user.css?F HTTP/1.1" 200 1127 "http://www.sermonsforyou.co.uk/?q=node/33" "Mozilla/5.0 (Macintosh; U; Intel Mac OS X 10_6_4; en-us) AppleWebKit/533.17.8 (KHTML, like Gecko) Version/5.0.1 Safari/533.17.8"
86.140.43.79 - - [22/Sep/2010:01:09:33 +0200] "GET /sites/all/modules/taxonomy_vtn/taxonomy_vtn/taxonomy_vtn.css?F HTTP/1.1" 200 1540 "http://www.sermonsforyou.co.uk/?q=node/33" "Mozilla/5.0 (Macintosh; U; Intel Mac OS X 10_6_4; en-us) AppleWebKit/533.17.8 (KHTML, like Gecko) Version/5.0.1 Safari/533.17.8"
86.140.43.79 - - [22/Sep/2010:01:09:33 +0200] "GET /modules/system/defaults.css?F HTTP/1.1" 200 757 "http://www.sermonsforyou.co.uk/?q=node/33" "Mozilla/5.0 (Macintosh; U; Intel Mac OS X 10_6_4; en-us) AppleWebKit/533.17.8 (KHTML, like Gecko) Version/5.0.1 Safari/533.17.8"
86.140.43.79 - - [22/Sep/2010:01:09:33 +0200] "GET /sites/all/modules/cck/cck/theme/content-module.css?F HTTP/1.1" 200 2397 "http://www.sermonsforyou.co.uk/?q=node/33" "Mozilla/5.0 (Macintosh; U; Intel Mac OS X 10_6_4; en-us) AppleWebKit/533.17.8 (KHTML, like Gecko) Version/5.0.1 Safari/533.17.8"
86.140.43.79 - - [22/Sep/2010:01:09:33 +0200] "GET /themes/shallowgrunge/shallowgrunge/style.css?F HTTP/1.1" 200 4871 "http://www.sermonsforyou.co.uk/?q=node/33" "Mozilla/5.0 (Macintosh; U; Intel Mac OS X 10_6_4; en-us) AppleWebKit/533.17.8 (KHTML, like Gecko) Version/5.0.1 Safari/533.17.8"
86.140.43.79 - - [22/Sep/2010:01:09:33 +0200] "GET /misc/drupal.js?F HTTP/1.1" 200 9745 "http://www.sermonsforyou.co.uk/?q=node/33" "Mozilla/5.0 (Macintosh; U; Intel Mac OS X 10_6_4; en-us) AppleWebKit/533.17.8 (KHTML, like Gecko) Version/5.0.1 Safari/533.17.8"
86.140.43.79 - - [22/Sep/2010:01:09:33 +0200] "GET /sites/all/modules/taxonomy_vtn/taxonomy_vtn/taxonomy_vtn.js?F HTTP/1.1" 200 465 "http://www.sermonsforyou.co.uk/?q=node/33" "Mozilla/5.0 (Macintosh; U; Intel Mac OS X 10_6_4; en-us) AppleWebKit/533.17.8 (KHTML, like Gecko) Version/5.0.1 Safari/533.17.8"
86.140.43.79 - - [22/Sep/2010:01:09:33 +0200] "GET /misc/jquery.js?F HTTP/1.1" 200 31089 "http://www.sermonsforyou.co.uk/?q=node/33" "Mozilla/5.0 (Macintosh; U; Intel Mac OS X 10_6_4; en-us) AppleWebKit/533.17.8 (KHTML, like Gecko) Version/5.0.1 Safari/533.17.8"
86.140.43.79 - - [22/Sep/2010:01:09:34 +0200] "GET /themes/shallowgrunge/shallowgrunge/images/img03.jpg HTTP/1.1" 200 10877 "http://www.sermonsforyou.co.uk/?q=node/33" "Mozilla/5.0 (Macintosh; U; Intel Mac OS X 10_6_4; en-us) AppleWebKit/533.17.8 (KHTML, like Gecko) Version/5.0.1 Safari/533.17.8"
86.140.43.79 - - [22/Sep/2010:01:09:34 +0200] "GET /sites/all/modules/google_analytics/googleanalytics.js?F HTTP/1.1" 200 1725 "http://www.sermonsforyou.co.uk/?q=node/33" "Mozilla/5.0 (Macintosh; U; Intel Mac OS X 10_6_4; en-us) AppleWebKit/533.17.8 (KHTML, like Gecko) Version/5.0.1 Safari/533.17.8"
86.140.43.79 - - [22/Sep/2010:01:09:34 +0200] "GET /themes/shallowgrunge/shallowgrunge/images/img02.jpg HTTP/1.1" 200 29303 "http://www.sermonsforyou.co.uk/?q=node/33" "Mozilla/5.0 (Macintosh; U; Intel Mac OS X 10_6_4; en-us) AppleWebKit/533.17.8 (KHTML, like Gecko) Version/5.0.1 Safari/533.17.8"
86.140.43.79 - - [22/Sep/2010:01:09:34 +0200] "GET /misc/powered-blue-80x15.png HTTP/1.1" 200 1011 "http://www.sermonsforyou.co.uk/?q=node/33" "Mozilla/5.0 (Macintosh; U; Intel Mac OS X 10_6_4; en-us) AppleWebKit/533.17.8 (KHTML, like Gecko) Version/5.0.1 Safari/533.17.8"
86.140.43.79 - - [22/Sep/2010:01:09:34 +0200] "GET /themes/shallowgrunge/shallowgrunge/images/img01.jpg HTTP/1.1" 200 72355 "http://www.sermonsforyou.co.uk/?q=node/33" "Mozilla/5.0 (Macintosh; U; Intel Mac OS X 10_6_4; en-us) AppleWebKit/533.17.8 (KHTML, like Gecko) Version/5.0.1 Safari/533.17.8"
86.140.43.79 - - [22/Sep/2010:01:09:34 +0200] "GET /misc/favicon.ico HTTP/1.1" 200 5430 "http://www.sermonsforyou.co.uk/?q=node/33" "Mozilla/5.0 (Macintosh; U; Intel Mac OS X 10_6_4; en-us) AppleWebKit/533.17.8 (KHTML, like Gecko) Version/5.0.1 Safari/533.17.8"
95.108.217.252 - - [22/Sep/2010:01:13:29 +0200] "GET /?q=user/register&destination=comment/reply/107%23comment-form HTTP/1.1" 200 2490 "-" "Mozilla/5.0 (compatible; YandexBot/3.0; +http://yandex.com/bots)"
208.80.194.32 - - [22/Sep/2010:01:29:39 +0200] "GET / HTTP/1.0" 200 13604 "-" "Mozilla/4.0 (compatible; MSIE 6.0; Windows NT 5.1; VZ_IE5)"
95.108.217.252 - - [22/Sep/2010:01:39:55 +0200] "GET /?q=user/register&destination=comment/reply/120%23comment-form HTTP/1.1" 200 2490 "-" "Mozilla/5.0 (compatible; YandexBot/3.0; +http://yandex.com/bots)"
95.108.217.252 - - [22/Sep/2010:01:49:41 +0200] "GET /?q=node/200 HTTP/1.1" 200 2374 "-" "Mozilla/5.0 (compatible; YandexBot/3.0; +http://yandex.com/bots)"
95.108.217.252 - - [22/Sep/2010:02:03:04 +0200] "GET /?q=user/register&destination=comment/reply/178%23comment-form HTTP/1.1" 200 2493 "-" "Mozilla/5.0 (compatible; YandexBot/3.0; +http://yandex.com/bots)"
95.108.217.252 - - [22/Sep/2010:02:23:08 +0200] "GET /?q=user/register&destination=comment/reply/162%23comment-form HTTP/1.1" 200 2489 "-" "Mozilla/5.0 (compatible; YandexBot/3.0; +http://yandex.com/bots)"
92.113.18.100 - - [22/Sep/2010:02:41:07 +0200] "GET /?q=taxonomy_vtn/term/12 HTTP/1.0" 200 15937 "http://www.sermonsforyou.co.uk/?q=taxonomy_vtn/term/12" "Mozilla/4.0 (compatible; MSIE 6.0; Windows NT 5.1; SV1; InfoPath.1)"
92.113.18.100 - - [22/Sep/2010:02:41:10 +0200] "GET /?q=taxonomy_vtn/voc/2 HTTP/1.0" 200 4556 "http://www.sermonsforyou.co.uk/?q=taxonomy_vtn/voc/2" "Mozilla/4.0 (compatible; MSIE 6.0; Windows NT 5.1; SV1; InfoPath.1)"
92.113.18.100 - - [22/Sep/2010:02:41:12 +0200] "GET /?q=taxonomy_vtn/term/12 HTTP/1.0" 200 15937 "http://www.sermonsforyou.co.uk/?q=taxonomy_vtn/term/12" "Mozilla/4.0 (compatible; MSIE 6.0; Windows NT 5.1; SV1; InfoPath.1)"
92.113.18.100 - - [22/Sep/2010:02:41:14 +0200] "GET /?q=node/67 HTTP/1.0" 200 4886 "http://www.sermonsforyou.co.uk/?q=node/67" "Mozilla/4.0 (compatible; MSIE 6.0; Windows NT 5.1; SV1; InfoPath.1)"
92.113.18.100 - - [22/Sep/2010:02:41:16 +0200] "GET /?q=user/register&destination=comment/reply/67%2523comment-form HTTP/1.0" 200 6886 "http://www.sermonsforyou.co.uk/?q=user/register&destination=comment/reply/67%2523comment-form" "Mozilla/4.0 (compatible; MSIE 6.0; Windows NT 5.1; SV1; InfoPath.1)"
92.113.18.100 - - [22/Sep/2010:02:41:17 +0200] "POST /?q=user/register&destination=comment/reply/67%252523comment-form HTTP/1.0" 302 0 "http://www.sermonsforyou.co.uk/?q=user/register&destination=comment/reply/67%2523comment-form" "Mozilla/4.0 (compatible; MSIE 6.0; Windows NT 5.1; SV1; InfoPath.1)"
92.113.18.100 - - [22/Sep/2010:02:41:18 +0200] "GET /?q=comment/reply/67%252523comment-form HTTP/1.0" 404 3717 "http://www.sermonsforyou.co.uk/?q=comment/reply/67%252523comment-form" "Mozilla/4.0 (compatible; MSIE 6.0; Windows NT 5.1; SV1; InfoPath.1)"
92.113.18.100 - - [22/Sep/2010:02:41:34 +0200] "GET /reply/67%252523comment-form HTTP/1.0" 404 1806 "http://www.sermonsforyou.co.uk/reply/67%252523comment-form" "Mozilla/4.0 (compatible; MSIE 6.0; Windows NT 5.1; SV1; InfoPath.1)"
92.113.18.100 - - [22/Sep/2010:02:41:35 +0200] "GET /?q=user/login&destination=comment/reply/67%2523comment-form HTTP/1.0" 200 5480 "http://www.sermonsforyou.co.uk/?q=user/login&destination=comment/reply/67%2523comment-form" "Mozilla/4.0 (compatible; MSIE 6.0; Windows NT 5.1; SV1; InfoPath.1)"
92.113.18.100 - - [22/Sep/2010:02:41:38 +0200] "POST /?q=user/login&destination=comment/reply/67%252523comment-form HTTP/1.0" 200 5642 "http://www.sermonsforyou.co.uk/?q=user/login&destination=comment/reply/67%2523comment-form" "Mozilla/4.0 (compatible; MSIE 6.0; Windows NT 5.1; SV1; InfoPath.1)"
92.113.18.100 - - [22/Sep/2010:02:41:40 +0200] "GET /?q=taxonomy_vtn/term/12 HTTP/1.0" 200 15937 "http://www.sermonsforyou.co.uk/?q=taxonomy_vtn/term/12" "Mozilla/4.0 (compatible; MSIE 6.0; Windows NT 5.1; SV1; InfoPath.1)"
95.108.217.252 - - [22/Sep/2010:02:43:13 +0200] "GET /?q=user/register&destination=comment/reply/173%23comment-form HTTP/1.1" 200 2491 "-" "Mozilla/5.0 (compatible; YandexBot/3.0; +http://yandex.com/bots)"
66.249.66.34 - - [22/Sep/2010:02:47:29 +0200] "GET /robots.txt HTTP/1.1" 200 707 "-" "Mozilla/5.0 (compatible; Googlebot/2.1; +http://www.google.com/bot.html)"
66.249.66.34 - - [22/Sep/2010:02:47:29 +0200] "GET /?q=node/33 HTTP/1.1" 200 6132 "-" "Mozilla/5.0 (compatible; Googlebot/2.1; +http://www.google.com/bot.html)"
207.46.199.200 - - [22/Sep/2010:02:51:59 +0200] "GET /robots.txt HTTP/1.1" 200 1642 "-" "msnbot/2.0b (+http://search.msn.com/msnbot.htm)"
92.113.18.100 - - [22/Sep/2010:02:53:09 +0200] "GET /?q=user/reset/364/1285116077/51b373a0b43652edb5892fa06e602bd2 HTTP/1.0" 200 4000 "http://www.sermonsforyou.co.uk/?q=user/reset/364/1285116077/51b373a0b43652edb5892fa06e602bd2" "Mozilla/4.0 (compatible; MSIE 6.0; Windows NT 5.1; SV1; FunWebProducts; .NET CLR 1.1.4322; PeoplePal 6.2)"
92.113.18.100 - - [22/Sep/2010:02:53:11 +0200] "POST /?q=user/reset/364/1285116077/51b373a0b43652edb5892fa06e602bd2/login HTTP/1.0" 302 0 "http://www.sermonsforyou.co.uk/?q=user/reset/364/1285116077/51b373a0b43652edb5892fa06e602bd2" "Mozilla/4.0 (compatible; MSIE 6.0; Windows NT 5.1; SV1; FunWebProducts; .NET CLR 1.1.4322; PeoplePal 6.2)"
92.113.18.100 - - [22/Sep/2010:02:53:12 +0200] "GET /?q=user/364/edit HTTP/1.0" 200 10097 "http://www.sermonsforyou.co.uk/?q=user/364/edit" "Mozilla/4.0 (compatible; MSIE 6.0; Windows NT 5.1; SV1; FunWebProducts; .NET CLR 1.1.4322; PeoplePal 6.2)"
92.113.18.100 - - [22/Sep/2010:02:53:15 +0200] "GET /?q=user/reset/364/1285116077/51b373a0b43652edb5892fa06e602bd2 HTTP/1.0" 302 0 "http://www.sermonsforyou.co.uk/?q=user/reset/364/1285116077/51b373a0b43652edb5892fa06e602bd2" "Mozilla/4.0 (compatible; MSIE 6.0; Windows NT 5.1; SV1; FunWebProducts; .NET CLR 1.1.4322; PeoplePal 6.2)"
95.108.217.252 - - [22/Sep/2010:02:56:36 +0200] "GET /?q=user/register&destination=comment/reply/160%23comment-form HTTP/1.1" 200 2492 "-" "Mozilla/5.0 (compatible; YandexBot/3.0; +http://yandex.com/bots)"
95.108.217.252 - - [22/Sep/2010:03:16:39 +0200] "GET /?q=user/register&destination=comment/reply/94%23comment-form HTTP/1.1" 200 2490 "-" "Mozilla/5.0 (compatible; YandexBot/3.0; +http://yandex.com/bots)"
91.212.226.140 - - [22/Sep/2010:03:24:13 +0200] "GET /?q=taxonomy_vtn/term/12 HTTP/1.0" 200 15937 "http://www.sermonsforyou.co.uk/?q=taxonomy_vtn/term/12" "Mozilla/4.0 (compatible; MSIE 6.0; Windows NT 5.1; MyIE2; Deepnet Explorer)"
91.212.226.140 - - [22/Sep/2010:03:24:13 +0200] "GET /?q=taxonomy_vtn/voc/2 HTTP/1.0" 200 4556 "http://www.sermonsforyou.co.uk/?q=taxonomy_vtn/voc/2" "Mozilla/4.0 (compatible; MSIE 6.0; Windows NT 5.1; MyIE2; Deepnet Explorer)"
91.212.226.140 - - [22/Sep/2010:03:24:14 +0200] "GET /?q=taxonomy_vtn/term/12 HTTP/1.0" 200 15937 "http://www.sermonsforyou.co.uk/?q=taxonomy_vtn/term/12" "Mozilla/4.0 (compatible; MSIE 6.0; Windows NT 5.1; MyIE2; Deepnet Explorer)"
91.212.226.140 - - [22/Sep/2010:03:24:14 +0200] "GET /?q=node/67 HTTP/1.0" 200 4886 "http://www.sermonsforyou.co.uk/?q=node/67" "Mozilla/4.0 (compatible; MSIE 6.0; Windows NT 5.1; MyIE2; Deepnet Explorer)"
91.212.226.140 - - [22/Sep/2010:03:24:14 +0200] "GET /?q=user/register&destination=comment/reply/67%2523comment-form HTTP/1.0" 200 6886 "http://www.sermonsforyou.co.uk/?q=user/register&destination=comment/reply/67%2523comment-form" "Mozilla/4.0 (compatible; MSIE 6.0; Windows NT 5.1; MyIE2; Deepnet Explorer)"
91.212.226.140 - - [22/Sep/2010:03:24:14 +0200] "POST /?q=user/register&destination=comment/reply/67%252523comment-form HTTP/1.0" 302 0 "http://www.sermonsforyou.co.uk/?q=user/register&destination=comment/reply/67%2523comment-form" "Mozilla/4.0 (compatible; MSIE 6.0; Windows NT 5.1; MyIE2; Deepnet Explorer)"
91.212.226.140 - - [22/Sep/2010:03:24:14 +0200] "GET /?q=comment/reply/67%252523comment-form HTTP/1.0" 404 3717 "http://www.sermonsforyou.co.uk/?q=comment/reply/67%252523comment-form" "Mozilla/4.0 (compatible; MSIE 6.0; Windows NT 5.1; MyIE2; Deepnet Explorer)"
91.212.226.140 - - [22/Sep/2010:03:24:30 +0200] "GET /reply/67%252523comment-form HTTP/1.0" 404 1806 "http://www.sermonsforyou.co.uk/reply/67%252523comment-form" "Mozilla/4.0 (compatible; MSIE 6.0; Windows NT 5.1; MyIE2; Deepnet Explorer)"
91.212.226.140 - - [22/Sep/2010:03:24:30 +0200] "GET /?q=taxonomy_vtn/term/12 HTTP/1.0" 200 15937 "http://www.sermonsforyou.co.uk/?q=taxonomy_vtn/term/12" "Mozilla/4.0 (compatible; MSIE 6.0; Windows NT 5.1; MyIE2; Deepnet Explorer)"
91.212.226.140 - - [22/Sep/2010:03:26:30 +0200] "GET /?q=user/reset/365/1285118654/97fdbcec3b3d03a21749e08504ab6f11 HTTP/1.0" 200 4002 "http://www.sermonsforyou.co.uk/?q=user/reset/365/1285118654/97fdbcec3b3d03a21749e08504ab6f11" "Mozilla/4.0 (compatible; MSIE 6.0; Windows NT 5.1; MRA 4.6 (build 01425))"
95.108.217.252 - - [22/Sep/2010:03:43:25 +0200] "GET /?q=node/181 HTTP/1.1" 200 2692 "-" "Mozilla/5.0 (compatible; YandexBot/3.0; +http://yandex.com/bots)"
207.46.199.184 - - [22/Sep/2010:04:01:16 +0200] "GET /robots.txt HTTP/1.1" 200 1642 "-" "msnbot/2.0b (+http://search.msn.com/msnbot.htm)"
95.108.217.252 - - [22/Sep/2010:04:09:18 +0200] "GET /?q=user/register&destination=comment/reply/93%23comment-form HTTP/1.1" 200 2491 "-" "Mozilla/5.0 (compatible; YandexBot/3.0; +http://yandex.com/bots)"
95.108.217.252 - - [22/Sep/2010:04:23:06 +0200] "GET /?q=user/register&destination=comment/reply/161%23comment-form HTTP/1.1" 200 2490 "-" "Mozilla/5.0 (compatible; YandexBot/3.0; +http://yandex.com/bots)"
124.115.4.202 - - [22/Sep/2010:04:33:44 +0200] "GET / HTTP/1.1" 200 3551 "-" "Sosospider+(+http://help.soso.com/webspider.htm)"
124.115.4.202 - - [22/Sep/2010:04:33:57 +0200] "GET /modules/system/defaults.css?F HTTP/1.1" 200 757 "http://www.sermonsforyou.co.uk/" "Sosospider+(+http://help.soso.com/webspider.htm)"
95.108.217.252 - - [22/Sep/2010:04:36:52 +0200] "GET /?q=node/194 HTTP/1.1" 200 2364 "-" "Mozilla/5.0 (compatible; YandexBot/3.0; +http://yandex.com/bots)"
207.46.199.200 - - [22/Sep/2010:04:42:14 +0200] "GET /robots.txt HTTP/1.1" 200 1642 "-" "msnbot/2.0b (+http://search.msn.com/msnbot.htm)"
95.108.217.252 - - [22/Sep/2010:04:57:33 +0200] "GET /?q=user/register&destination=comment/reply/174%23comment-form HTTP/1.1" 200 2491 "-" "Mozilla/5.0 (compatible; YandexBot/3.0; +http://yandex.com/bots)"
95.108.217.252 - - [22/Sep/2010:05:18:12 +0200] "GET /?q=user/register&destination=comment/reply/96%23comment-form HTTP/1.1" 200 2492 "-" "Mozilla/5.0 (compatible; YandexBot/3.0; +http://yandex.com/bots)"
66.249.66.34 - - [22/Sep/2010:05:36:21 +0200] "GET /?q=node/211 HTTP/1.1" 200 3417 "-" "Mozilla/5.0 (compatible; Googlebot/2.1; +http://www.google.com/bot.html)"
95.108.217.252 - - [22/Sep/2010:05:38:53 +0200] "GET /?q=node/217 HTTP/1.1" 200 4806 "-" "Mozilla/5.0 (compatible; YandexBot/3.0; +http://yandex.com/bots)"
76.177.63.5 - - [22/Sep/2010:05:48:15 +0200] "GET /?q=node/26 HTTP/1.1" 200 6013 "http://www.google.com/url?sa=t&source=web&cd=61&ved=0CBEQFjAAODw&url=http%3A%2F%2Fwww.sermonsforyou.co.uk%2F%3Fq%3Dnode%2F26&rct=j&q=prodigal%20son%20sermons&ei=eXyZTJLbK8WclgfN6pxP&usg=AFQjCNGFgc8zky7uboAPNVoy3eJ51c6RrQ" "Mozilla/4.0 (compatible; MSIE 8.0; Windows NT 5.1; Trident/4.0; .NET CLR 1.0.3705; .NET CLR 1.1.4322; Media Center PC 4.0; .NET CLR 2.0.50727; .NET CLR 3.0.4506.2152; .NET CLR 3.5.30729; ShopperReports 3.0.470.0; SRS_IT_E8790271B576545036A092; Hotbar 11.0.175.0)"
76.177.63.5 - - [22/Sep/2010:05:48:15 +0200] "GET /sites/all/modules/taxonomy_vtn/taxonomy_vtn/taxonomy_vtn.css?F HTTP/1.1" 200 1540 "http://www.sermonsforyou.co.uk/?q=node/26" "Mozilla/4.0 (compatible; MSIE 8.0; Windows NT 5.1; Trident/4.0; .NET CLR 1.0.3705; .NET CLR 1.1.4322; Media Center PC 4.0; .NET CLR 2.0.50727; .NET CLR 3.0.4506.2152; .NET CLR 3.5.30729; ShopperReports 3.0.470.0; SRS_IT_E8790271B576545036A092; Hotbar 11.0.175.0)"
76.177.63.5 - - [22/Sep/2010:05:48:15 +0200] "GET /modules/system/defaults.css?F HTTP/1.1" 200 757 "http://www.sermonsforyou.co.uk/?q=node/26" "Mozilla/4.0 (compatible; MSIE 8.0; Windows NT 5.1; Trident/4.0; .NET CLR 1.0.3705; .NET CLR 1.1.4322; Media Center PC 4.0; .NET CLR 2.0.50727; .NET CLR 3.0.4506.2152; .NET CLR 3.5.30729; ShopperReports 3.0.470.0; SRS_IT_E8790271B576545036A092; Hotbar 11.0.175.0)"
76.177.63.5 - - [22/Sep/2010:05:48:15 +0200] "GET /modules/node/node.css?F HTTP/1.1" 200 740 "http://www.sermonsforyou.co.uk/?q=node/26" "Mozilla/4.0 (compatible; MSIE 8.0; Windows NT 5.1; Trident/4.0; .NET CLR 1.0.3705; .NET CLR 1.1.4322; Media Center PC 4.0; .NET CLR 2.0.50727; .NET CLR 3.0.4506.2152; .NET CLR 3.5.30729; ShopperReports 3.0.470.0; SRS_IT_E8790271B576545036A092; Hotbar 11.0.175.0)"
76.177.63.5 - - [22/Sep/2010:05:48:15 +0200] "GET /modules/user/user.css?F HTTP/1.1" 200 1127 "http://www.sermonsforyou.co.uk/?q=node/26" "Mozilla/4.0 (compatible; MSIE 8.0; Windows NT 5.1; Trident/4.0; .NET CLR 1.0.3705; .NET CLR 1.1.4322; Media Center PC 4.0; .NET CLR 2.0.50727; .NET CLR 3.0.4506.2152; .NET CLR 3.5.30729; ShopperReports 3.0.470.0; SRS_IT_E8790271B576545036A092; Hotbar 11.0.175.0)"
76.177.63.5 - - [22/Sep/2010:05:48:15 +0200] "GET /modules/system/system.css?F HTTP/1.1" 200 10020 "http://www.sermonsforyou.co.uk/?q=node/26" "Mozilla/4.0 (compatible; MSIE 8.0; Windows NT 5.1; Trident/4.0; .NET CLR 1.0.3705; .NET CLR 1.1.4322; Media Center PC 4.0; .NET CLR 2.0.50727; .NET CLR 3.0.4506.2152; .NET CLR 3.5.30729; ShopperReports 3.0.470.0; SRS_IT_E8790271B576545036A092; Hotbar 11.0.175.0)"
76.177.63.5 - - [22/Sep/2010:05:48:15 +0200] "GET /modules/system/system-menus.css?F HTTP/1.1" 200 935 "http://www.sermonsforyou.co.uk/?q=node/26" "Mozilla/4.0 (compatible; MSIE 8.0; Windows NT 5.1; Trident/4.0; .NET CLR 1.0.3705; .NET CLR 1.1.4322; Media Center PC 4.0; .NET CLR 2.0.50727; .NET CLR 3.0.4506.2152; .NET CLR 3.5.30729; ShopperReports 3.0.470.0; SRS_IT_E8790271B576545036A092; Hotbar 11.0.175.0)"
76.177.63.5 - - [22/Sep/2010:05:48:16 +0200] "GET /sites/all/modules/cck/cck/theme/content-module.css?F HTTP/1.1" 200 2397 "http://www.sermonsforyou.co.uk/?q=node/26" "Mozilla/4.0 (compatible; MSIE 8.0; Windows NT 5.1; Trident/4.0; .NET CLR 1.0.3705; .NET CLR 1.1.4322; Media Center PC 4.0; .NET CLR 2.0.50727; .NET CLR 3.0.4506.2152; .NET CLR 3.5.30729; ShopperReports 3.0.470.0; SRS_IT_E8790271B576545036A092; Hotbar 11.0.175.0)"
76.177.63.5 - - [22/Sep/2010:05:48:16 +0200] "GET /themes/shallowgrunge/shallowgrunge/style.css?F HTTP/1.1" 200 4871 "http://www.sermonsforyou.co.uk/?q=node/26" "Mozilla/4.0 (compatible; MSIE 8.0; Windows NT 5.1; Trident/4.0; .NET CLR 1.0.3705; .NET CLR 1.1.4322; Media Center PC 4.0; .NET CLR 2.0.50727; .NET CLR 3.0.4506.2152; .NET CLR 3.5.30729; ShopperReports 3.0.470.0; SRS_IT_E8790271B576545036A092; Hotbar 11.0.175.0)"
76.177.63.5 - - [22/Sep/2010:05:48:16 +0200] "GET /sites/all/modules/google_analytics/googleanalytics.js?F HTTP/1.1" 200 1725 "http://www.sermonsforyou.co.uk/?q=node/26" "Mozilla/4.0 (compatible; MSIE 8.0; Windows NT 5.1; Trident/4.0; .NET CLR 1.0.3705; .NET CLR 1.1.4322; Media Center PC 4.0; .NET CLR 2.0.50727; .NET CLR 3.0.4506.2152; .NET CLR 3.5.30729; ShopperReports 3.0.470.0; SRS_IT_E8790271B576545036A092; Hotbar 11.0.175.0)"
76.177.63.5 - - [22/Sep/2010:05:48:16 +0200] "GET /misc/drupal.js?F HTTP/1.1" 200 9745 "http://www.sermonsforyou.co.uk/?q=node/26" "Mozilla/4.0 (compatible; MSIE 8.0; Windows NT 5.1; Trident/4.0; .NET CLR 1.0.3705; .NET CLR 1.1.4322; Media Center PC 4.0; .NET CLR 2.0.50727; .NET CLR 3.0.4506.2152; .NET CLR 3.5.30729; ShopperReports 3.0.470.0; SRS_IT_E8790271B576545036A092; Hotbar 11.0.175.0)"
76.177.63.5 - - [22/Sep/2010:05:48:16 +0200] "GET /sites/all/modules/taxonomy_vtn/taxonomy_vtn/taxonomy_vtn.js?F HTTP/1.1" 200 465 "http://www.sermonsforyou.co.uk/?q=node/26" "Mozilla/4.0 (compatible; MSIE 8.0; Windows NT 5.1; Trident/4.0; .NET CLR 1.0.3705; .NET CLR 1.1.4322; Media Center PC 4.0; .NET CLR 2.0.50727; .NET CLR 3.0.4506.2152; .NET CLR 3.5.30729; ShopperReports 3.0.470.0; SRS_IT_E8790271B576545036A092; Hotbar 11.0.175.0)"
76.177.63.5 - - [22/Sep/2010:05:48:16 +0200] "GET /misc/jquery.js?F HTTP/1.1" 200 31089 "http://www.sermonsforyou.co.uk/?q=node/26" "Mozilla/4.0 (compatible; MSIE 8.0; Windows NT 5.1; Trident/4.0; .NET CLR 1.0.3705; .NET CLR 1.1.4322; Media Center PC 4.0; .NET CLR 2.0.50727; .NET CLR 3.0.4506.2152; .NET CLR 3.5.30729; ShopperReports 3.0.470.0; SRS_IT_E8790271B576545036A092; Hotbar 11.0.175.0)"
76.177.63.5 - - [22/Sep/2010:05:48:17 +0200] "GET /misc/powered-blue-80x15.png HTTP/1.1" 200 1011 "http://www.sermonsforyou.co.uk/?q=node/26" "Mozilla/4.0 (compatible; MSIE 8.0; Windows NT 5.1; Trident/4.0; .NET CLR 1.0.3705; .NET CLR 1.1.4322; Media Center PC 4.0; .NET CLR 2.0.50727; .NET CLR 3.0.4506.2152; .NET CLR 3.5.30729; ShopperReports 3.0.470.0; SRS_IT_E8790271B576545036A092; Hotbar 11.0.175.0)"
76.177.63.5 - - [22/Sep/2010:05:48:17 +0200] "GET /themes/shallowgrunge/shallowgrunge/images/img03.jpg HTTP/1.1" 200 10877 "http://www.sermonsforyou.co.uk/?q=node/26" "Mozilla/4.0 (compatible; MSIE 8.0; Windows NT 5.1; Trident/4.0; .NET CLR 1.0.3705; .NET CLR 1.1.4322; Media Center PC 4.0; .NET CLR 2.0.50727; .NET CLR 3.0.4506.2152; .NET CLR 3.5.30729; ShopperReports 3.0.470.0; SRS_IT_E8790271B576545036A092; Hotbar 11.0.175.0)"
76.177.63.5 - - [22/Sep/2010:05:48:17 +0200] "GET /themes/shallowgrunge/shallowgrunge/images/img02.jpg HTTP/1.1" 200 29303 "http://www.sermonsforyou.co.uk/?q=node/26" "Mozilla/4.0 (compatible; MSIE 8.0; Windows NT 5.1; Trident/4.0; .NET CLR 1.0.3705; .NET CLR 1.1.4322; Media Center PC 4.0; .NET CLR 2.0.50727; .NET CLR 3.0.4506.2152; .NET CLR 3.5.30729; ShopperReports 3.0.470.0; SRS_IT_E8790271B576545036A092; Hotbar 11.0.175.0)"
76.177.63.5 - - [22/Sep/2010:05:48:17 +0200] "GET /themes/shallowgrunge/shallowgrunge/images/img01.jpg HTTP/1.1" 200 72355 "http://www.sermonsforyou.co.uk/?q=node/26" "Mozilla/4.0 (compatible; MSIE 8.0; Windows NT 5.1; Trident/4.0; .NET CLR 1.0.3705; .NET CLR 1.1.4322; Media Center PC 4.0; .NET CLR 2.0.50727; .NET CLR 3.0.4506.2152; .NET CLR 3.5.30729; ShopperReports 3.0.470.0; SRS_IT_E8790271B576545036A092; Hotbar 11.0.175.0)"
76.177.63.5 - - [22/Sep/2010:05:48:18 +0200] "GET /misc/favicon.ico HTTP/1.1" 200 5430 "-" "Mozilla/4.0 (compatible; MSIE 8.0; Windows NT 5.1; Trident/4.0; .NET CLR 1.0.3705; .NET CLR 1.1.4322; Media Center PC 4.0; .NET CLR 2.0.50727; .NET CLR 3.0.4506.2152; .NET CLR 3.5.30729; ShopperReports 3.0.470.0; SRS_IT_E8790271B576545036A092; Hotbar 11.0.175.0)"
95.108.217.252 - - [22/Sep/2010:05:52:39 +0200] "GET /?q=user/register&destination=comment/reply/116%23comment-form HTTP/1.1" 200 2490 "-" "Mozilla/5.0 (compatible; YandexBot/3.0; +http://yandex.com/bots)"
95.108.217.252 - - [22/Sep/2010:06:19:53 +0200] "GET /?q=user/register&destination=comment/reply/193%23comment-form HTTP/1.1" 200 2490 "-" "Mozilla/5.0 (compatible; YandexBot/3.0; +http://yandex.com/bots)"
95.108.217.252 - - [22/Sep/2010:06:40:20 +0200] "GET /?q=node/169 HTTP/1.1" 200 2619 "-" "Mozilla/5.0 (compatible; YandexBot/3.0; +http://yandex.com/bots)"
95.108.217.252 - - [22/Sep/2010:06:53:57 +0200] "GET /?q=user/register&destination=comment/reply/153%23comment-form HTTP/1.1" 200 2491 "-" "Mozilla/5.0 (compatible; YandexBot/3.0; +http://yandex.com/bots)"
95.26.138.95 - - [22/Sep/2010:07:04:32 +0200] "GET /?q=node%2F50 HTTP/1.1" 200 5769 "http://yandex.ru/yandsearch?text=shavings+are+a+mixture" "Mozilla/4.0 (compatible; MSIE 6.0; Windows NT 5.1; SV1)"
95.27.114.35 - - [22/Sep/2010:07:04:32 +0200] "GET /modules/node/node.css?F HTTP/1.1" 200 740 "http://www.sermonsforyou.co.uk/?q=node%2F50" "Mozilla/4.0 (compatible; MSIE 6.0; Windows NT 5.1; SV1)"
95.26.16.78 - - [22/Sep/2010:07:04:32 +0200] "GET /sites/all/modules/cck/cck/theme/content-module.css?F HTTP/1.1" 200 2397 "http://www.sermonsforyou.co.uk/?q=node%2F50" "Mozilla/4.0 (compatible; MSIE 6.0; Windows NT 5.1; SV1)"
95.27.21.112 - - [22/Sep/2010:07:04:32 +0200] "GET /modules/system/system.css?F HTTP/1.1" 200 10020 "http://www.sermonsforyou.co.uk/?q=node%2F50" "Mozilla/4.0 (compatible; MSIE 6.0; Windows NT 5.1; SV1)"
95.26.78.157 - - [22/Sep/2010:07:04:32 +0200] "GET /sites/all/modules/google_analytics/googleanalytics.js?F HTTP/1.1" 200 1725 "http://www.sermonsforyou.co.uk/?q=node%2F50" "Mozilla/4.0 (compatible; MSIE 6.0; Windows NT 5.1; SV1)"
95.25.30.92 - - [22/Sep/2010:07:04:32 +0200] "GET /modules/user/user.css?F HTTP/1.1" 200 1127 "http://www.sermonsforyou.co.uk/?q=node%2F50" "Mozilla/4.0 (compatible; MSIE 6.0; Windows NT 5.1; SV1)"
95.26.229.44 - - [22/Sep/2010:07:04:32 +0200] "GET /misc/drupal.js?F HTTP/1.1" 200 9745 "http://www.sermonsforyou.co.uk/?q=node%2F50" "Mozilla/4.0 (compatible; MSIE 6.0; Windows NT 5.1; SV1)"
95.26.78.49 - - [22/Sep/2010:07:04:32 +0200] "GET /modules/system/system-menus.css?F HTTP/1.1" 200 935 "http://www.sermonsforyou.co.uk/?q=node%2F50" "Mozilla/4.0 (compatible; MSIE 6.0; Windows NT 5.1; SV1)"
95.24.249.4 - - [22/Sep/2010:07:04:32 +0200] "GET /sites/all/modules/taxonomy_vtn/taxonomy_vtn/taxonomy_vtn.css?F HTTP/1.1" 200 1540 "http://www.sermonsforyou.co.uk/?q=node%2F50" "Mozilla/4.0 (compatible; MSIE 6.0; Windows NT 5.1; SV1)"
95.24.244.146 - - [22/Sep/2010:07:04:33 +0200] "GET /modules/system/defaults.css?F HTTP/1.1" 200 757 "http://www.sermonsforyou.co.uk/?q=node%2F50" "Mozilla/4.0 (compatible; MSIE 6.0; Windows NT 5.1; SV1)"
95.27.215.203 - - [22/Sep/2010:07:04:33 +0200] "GET /themes/shallowgrunge/shallowgrunge/style.css?F HTTP/1.1" 200 4871 "http://www.sermonsforyou.co.uk/?q=node%2F50" "Mozilla/4.0 (compatible; MSIE 6.0; Windows NT 5.1; SV1)"
95.24.197.118 - - [22/Sep/2010:07:04:32 +0200] "GET /misc/jquery.js?F HTTP/1.1" 200 31089 "http://www.sermonsforyou.co.uk/?q=node%2F50" "Mozilla/4.0 (compatible; MSIE 6.0; Windows NT 5.1; SV1)"
95.26.201.201 - - [22/Sep/2010:07:04:36 +0200] "GET /sites/all/modules/taxonomy_vtn/taxonomy_vtn/taxonomy_vtn.js?F HTTP/1.1" 200 465 "http://www.sermonsforyou.co.uk/?q=node%2F50" "Mozilla/4.0 (compatible; MSIE 6.0; Windows NT 5.1; SV1)"
93.80.114.59 - - [22/Sep/2010:07:04:36 +0200] "GET /themes/shallowgrunge/shallowgrunge/images/img02.jpg HTTP/1.1" 200 29303 "http://www.sermonsforyou.co.uk/?q=node%2F50" "Mozilla/4.0 (compatible; MSIE 6.0; Windows NT 5.1; SV1)"
95.24.197.203 - - [22/Sep/2010:07:04:36 +0200] "GET /themes/shallowgrunge/shallowgrunge/images/img03.jpg HTTP/1.1" 200 10877 "http://www.sermonsforyou.co.uk/?q=node%2F50" "Mozilla/4.0 (compatible; MSIE 6.0; Windows NT 5.1; SV1)"
95.27.193.222 - - [22/Sep/2010:07:04:36 +0200] "GET /themes/shallowgrunge/shallowgrunge/images/img01.jpg HTTP/1.1" 200 72355 "http://www.sermonsforyou.co.uk/?q=node%2F50" "Mozilla/4.0 (compatible; MSIE 6.0; Windows NT 5.1; SV1)"
95.24.244.146 - - [22/Sep/2010:07:04:36 +0200] "GET /misc/powered-blue-80x15.png HTTP/1.1" 200 1011 "http://www.sermonsforyou.co.uk/?q=node%2F50" "Mozilla/4.0 (compatible; MSIE 6.0; Windows NT 5.1; SV1)"
212.117.183.169 - - [22/Sep/2010:07:12:16 +0200] "GET /?q=taxonomy_vtn/term/12 HTTP/1.0" 200 15937 "http://www.sermonsforyou.co.uk/?q=taxonomy_vtn/term/12" "Mozilla/4.0 (compatible; MSIE 5.5; Windows NT 5.0; T312461)"
212.117.183.169 - - [22/Sep/2010:07:12:17 +0200] "GET /?q=taxonomy_vtn/voc/2 HTTP/1.0" 200 4556 "http://www.sermonsforyou.co.uk/?q=taxonomy_vtn/voc/2" "Mozilla/4.0 (compatible; MSIE 5.5; Windows NT 5.0; T312461)"
212.117.183.169 - - [22/Sep/2010:07:12:17 +0200] "GET /?q=taxonomy_vtn/term/12 HTTP/1.0" 200 15937 "http://www.sermonsforyou.co.uk/?q=taxonomy_vtn/term/12" "Mozilla/4.0 (compatible; MSIE 5.5; Windows NT 5.0; T312461)"
212.117.183.169 - - [22/Sep/2010:07:12:17 +0200] "GET /?q=node/67 HTTP/1.0" 200 4886 "http://www.sermonsforyou.co.uk/?q=node/67" "Mozilla/4.0 (compatible; MSIE 5.5; Windows NT 5.0; T312461)"
212.117.183.169 - - [22/Sep/2010:07:12:18 +0200] "GET /?q=user/register&destination=comment/reply/67%2523comment-form HTTP/1.0" 200 6886 "http://www.sermonsforyou.co.uk/?q=user/register&destination=comment/reply/67%2523comment-form" "Mozilla/4.0 (compatible; MSIE 5.5; Windows NT 5.0; T312461)"
212.117.183.169 - - [22/Sep/2010:07:12:18 +0200] "POST /?q=user/register&destination=comment/reply/67%252523comment-form HTTP/1.0" 302 0 "http://www.sermonsforyou.co.uk/?q=user/register&destination=comment/reply/67%2523comment-form" "Mozilla/4.0 (compatible; MSIE 5.5; Windows NT 5.0; T312461)"
212.117.183.169 - - [22/Sep/2010:07:12:18 +0200] "GET /?q=comment/reply/67%252523comment-form HTTP/1.0" 404 3717 "http://www.sermonsforyou.co.uk/?q=comment/reply/67%252523comment-form" "Mozilla/4.0 (compatible; MSIE 5.5; Windows NT 5.0; T312461)"
212.117.183.169 - - [22/Sep/2010:07:12:34 +0200] "GET /reply/67%252523comment-form HTTP/1.0" 404 1806 "http://www.sermonsforyou.co.uk/reply/67%252523comment-form" "Mozilla/4.0 (compatible; MSIE 5.5; Windows NT 5.0; T312461)"
212.117.183.169 - - [22/Sep/2010:07:12:34 +0200] "GET /?q=user/login&destination=comment/reply/67%2523comment-form HTTP/1.0" 200 5480 "http://www.sermonsforyou.co.uk/?q=user/login&destination=comment/reply/67%2523comment-form" "Mozilla/4.0 (compatible; MSIE 5.5; Windows NT 5.0; T312461)"
212.117.183.169 - - [22/Sep/2010:07:12:34 +0200] "POST /?q=user/login&destination=comment/reply/67%252523comment-form HTTP/1.0" 200 5644 "http://www.sermonsforyou.co.uk/?q=user/login&destination=comment/reply/67%2523comment-form" "Mozilla/4.0 (compatible; MSIE 5.5; Windows NT 5.0; T312461)"
212.117.183.169 - - [22/Sep/2010:07:12:35 +0200] "GET /?q=taxonomy_vtn/term/12 HTTP/1.0" 200 15937 "http://www.sermonsforyou.co.uk/?q=taxonomy_vtn/term/12" "Mozilla/4.0 (compatible; MSIE 5.5; Windows NT 5.0; T312461)"
212.117.183.169 - - [22/Sep/2010:07:13:52 +0200] "GET /?q=user/reset/366/1285132338/3e3c21db5973ea9bafe698f624f0cbd8 HTTP/1.0" 200 4002 "http://www.sermonsforyou.co.uk/?q=user/reset/366/1285132338/3e3c21db5973ea9bafe698f624f0cbd8" "Mozilla/4.0 (compatible; MSIE 6.0; Windows NT 5.1; TheFreeDictionary.com; .NET CLR 1.1.4322; .NET CLR 1.0.3705; .NET CLR 2.0.50727)"
212.117.183.169 - - [22/Sep/2010:07:13:53 +0200] "POST /?q=user/reset/366/1285132338/3e3c21db5973ea9bafe698f624f0cbd8/login HTTP/1.0" 302 0 "http://www.sermonsforyou.co.uk/?q=user/reset/366/1285132338/3e3c21db5973ea9bafe698f624f0cbd8" "Mozilla/4.0 (compatible; MSIE 6.0; Windows NT 5.1; TheFreeDictionary.com; .NET CLR 1.1.4322; .NET CLR 1.0.3705; .NET CLR 2.0.50727)"
212.117.183.169 - - [22/Sep/2010:07:13:53 +0200] "GET /?q=user/366/edit HTTP/1.0" 200 10111 "http://www.sermonsforyou.co.uk/?q=user/366/edit" "Mozilla/4.0 (compatible; MSIE 6.0; Windows NT 5.1; TheFreeDictionary.com; .NET CLR 1.1.4322; .NET CLR 1.0.3705; .NET CLR 2.0.50727)"
212.117.183.169 - - [22/Sep/2010:07:13:53 +0200] "GET /?q=user/reset/366/1285132338/3e3c21db5973ea9bafe698f624f0cbd8 HTTP/1.0" 302 0 "http://www.sermonsforyou.co.uk/?q=user/reset/366/1285132338/3e3c21db5973ea9bafe698f624f0cbd8" "Mozilla/4.0 (compatible; MSIE 6.0; Windows NT 5.1; TheFreeDictionary.com; .NET CLR 1.1.4322; .NET CLR 1.0.3705; .NET CLR 2.0.50727)"
95.108.217.252 - - [22/Sep/2010:07:27:57 +0200] "GET /robots.txt HTTP/1.1" 200 1642 "-" "Mozilla/5.0 (compatible; YandexBot/3.0; +http://yandex.com/bots)"
207.46.199.184 - - [22/Sep/2010:07:36:54 +0200] "GET /robots.txt HTTP/1.1" 200 1642 "-" "msnbot/2.0b (+http://search.msn.com/msnbot.htm)"
95.108.217.252 - - [22/Sep/2010:07:48:06 +0200] "GET /?q=user/register&destination=comment/reply/159%23comment-form HTTP/1.1" 200 2492 "-" "Mozilla/5.0 (compatible; YandexBot/3.0; +http://yandex.com/bots)"
95.108.217.252 - - [22/Sep/2010:08:08:17 +0200] "GET /?q=user/register&destination=comment/reply/104%23comment-form HTTP/1.1" 200 2490 "-" "Mozilla/5.0 (compatible; YandexBot/3.0; +http://yandex.com/bots)"
207.46.199.201 - - [22/Sep/2010:08:16:28 +0200] "GET /robots.txt HTTP/1.1" 200 1642 "-" "msnbot/2.0b (+http://search.msn.com/msnbot.htm)"
123.125.66.88 - - [22/Sep/2010:08:26:31 +0200] "GET / HTTP/1.1" 200 13604 "-" "Baiduspider+(+http://www.baidu.com/search/spider.htm)"
220.181.7.94 - - [22/Sep/2010:08:27:53 +0200] "GET / HTTP/1.1" 200 13604 "-" "Baiduspider+(+http://www.baidu.com/search/spider.htm)"
95.108.217.252 - - [22/Sep/2010:08:28:26 +0200] "GET /?q=user/register&destination=comment/reply/144%23comment-form HTTP/1.1" 200 2491 "-" "Mozilla/5.0 (compatible; YandexBot/3.0; +http://yandex.com/bots)"
95.108.217.252 - - [22/Sep/2010:08:48:36 +0200] "GET /?q=user/register&destination=comment/reply/148%23comment-form HTTP/1.1" 200 2490 "-" "Mozilla/5.0 (compatible; YandexBot/3.0; +http://yandex.com/bots)"
178.162.182.149 - - [22/Sep/2010:08:51:17 +0200] "GET /?q=user/reset/347/1284694613/12c04a6704bbdc3ec5db59350c2ae251 HTTP/1.0" 302 0 "http://www.sermonsforyou.co.uk/?q=user/reset/347/1284694613/12c04a6704bbdc3ec5db59350c2ae251" "Mozilla/4.0 (compatible; MSIE 6.0; Windows NT 5.0; .NET CLR 1.0.3705; .NET CLR 1.1.4322)"
178.162.182.149 - - [22/Sep/2010:08:51:18 +0200] "GET /?q=user/password HTTP/1.0" 200 5233 "http://www.sermonsforyou.co.uk/?q=user/password" "Mozilla/4.0 (compatible; MSIE 6.0; Windows NT 5.0; .NET CLR 1.0.3705; .NET CLR 1.1.4322)"
95.108.217.252 - - [22/Sep/2010:09:02:02 +0200] "GET /?q=user/register&destination=comment/reply/199%23comment-form HTTP/1.1" 200 2489 "-" "Mozilla/5.0 (compatible; YandexBot/3.0; +http://yandex.com/bots)"
67.195.114.51 - - [22/Sep/2010:09:02:06 +0200] "GET /robots.txt HTTP/1.0" 200 707 "-" "Mozilla/5.0 (compatible; Yahoo! Slurp; http://help.yahoo.com/help/us/ysearch/slurp)"
67.195.114.51 - - [22/Sep/2010:09:02:07 +0200] "GET /?q=node/232 HTTP/1.0" 200 3958 "-" "Mozilla/5.0 (compatible; Yahoo! Slurp/3.0; http://help.yahoo.com/help/us/ysearch/slurp)"
95.108.217.252 - - [22/Sep/2010:09:35:39 +0200] "GET /?q=user/register&destination=comment/reply/206%23comment-form HTTP/1.1" 200 2490 "-" "Mozilla/5.0 (compatible; YandexBot/3.0; +http://yandex.com/bots)"
95.108.217.252 - - [22/Sep/2010:09:55:48 +0200] "GET /?q=user/register&destination=comment/reply/157%23comment-form HTTP/1.1" 200 2491 "-" "Mozilla/5.0 (compatible; YandexBot/3.0; +http://yandex.com/bots)"
95.108.217.252 - - [22/Sep/2010:09:59:11 +0200] "GET /?q=node/203 HTTP/1.1" 200 2337 "-" "Mozilla/5.0 (compatible; YandexBot/3.0; +http://yandex.com/bots)"
91.201.66.175 - - [22/Sep/2010:10:07:33 +0200] "GET /?q=user/reset/279/1283563017/251aec12d50939329583a1ad32e85733 HTTP/1.0" 302 0 "http://www.sermonsforyou.co.uk/?q=user/reset/279/1283563017/251aec12d50939329583a1ad32e85733" "Opera/8.00 (Windows NT 5.1; U; en)"
91.201.66.175 - - [22/Sep/2010:10:07:36 +0200] "GET /?q=user/password HTTP/1.0" 200 5233 "http://www.sermonsforyou.co.uk/?q=user/password" "Opera/8.00 (Windows NT 5.1; U; en)"
91.201.66.175 - - [22/Sep/2010:10:07:36 +0200] "GET /?q=user HTTP/1.0" 200 5439 "http://www.sermonsforyou.co.uk/?q=user" "Opera/8.00 (Windows NT 5.1; U; en)"
91.201.66.175 - - [22/Sep/2010:10:07:37 +0200] "POST /?q=user HTTP/1.0" 200 5597 "http://www.sermonsforyou.co.uk/?q=user" "Opera/8.00 (Windows NT 5.1; U; en)"
95.108.217.252 - - [22/Sep/2010:10:13:33 +0200] "GET /?q=user/register&destination=comment/reply/163%23comment-form HTTP/1.1" 200 2493 "-" "Mozilla/5.0 (compatible; YandexBot/3.0; +http://yandex.com/bots)"
95.108.217.252 - - [22/Sep/2010:10:27:55 +0200] "GET /?q=user/register&destination=comment/reply/141%23comment-form HTTP/1.1" 200 2490 "-" "Mozilla/5.0 (compatible; YandexBot/3.0; +http://yandex.com/bots)"
95.108.217.252 - - [22/Sep/2010:10:28:44 +0200] "GET /?q=user/register&destination=comment/reply/132%23comment-form HTTP/1.1" 200 2490 "-" "Mozilla/5.0 (compatible; YandexBot/3.0; +http://yandex.com/bots)"
95.108.217.252 - - [22/Sep/2010:10:33:18 +0200] "GET /?q=user/register&destination=comment/reply/109%23comment-form HTTP/1.1" 200 2492 "-" "Mozilla/5.0 (compatible; YandexBot/3.0; +http://yandex.com/bots)"
150.70.66.179 - - [22/Sep/2010:10:37:14 +0200] "GET /sites/all/modules/google_analytics/googleanalytics.js?F HTTP/1.0" 200 1725 "-" "Mozilla/4.0 (compatible; MSIE 6.0; Windows NT 5.1)"
150.70.66.179 - - [22/Sep/2010:10:37:14 +0200] "GET /sites/all/modules/taxonomy_vtn/taxonomy_vtn/taxonomy_vtn.js?F HTTP/1.0" 200 465 "-" "Mozilla/4.0 (compatible; MSIE 6.0; Windows NT 5.1)"
150.70.66.179 - - [22/Sep/2010:10:37:14 +0200] "GET /misc/drupal.js?F HTTP/1.0" 200 9745 "-" "Mozilla/4.0 (compatible; MSIE 6.0; Windows NT 5.1)"
150.70.66.179 - - [22/Sep/2010:10:37:39 +0200] "GET /favicon.ico HTTP/1.0" 200 1406 "-" "Mozilla/4.0 (compatible; MSIE 6.0; Windows NT 5.1)"
150.70.66.179 - - [22/Sep/2010:10:37:41 +0200] "GET /?q=node/18 HTTP/1.0" 200 15803 "-" "Mozilla/4.0 (compatible; MSIE 6.0; Windows NT 5.1)"
95.108.217.252 - - [22/Sep/2010:10:41:14 +0200] "GET /?q=node/229 HTTP/1.1" 200 4653 "-" "Mozilla/5.0 (compatible; YandexBot/3.0; +http://yandex.com/bots)"
95.108.217.252 - - [22/Sep/2010:10:46:10 +0200] "GET /?q=user/register&destination=comment/reply/115%23comment-form HTTP/1.1" 200 2491 "-" "Mozilla/5.0 (compatible; YandexBot/3.0; +http://yandex.com/bots)"
95.108.217.252 - - [22/Sep/2010:11:12:03 +0200] "GET /?q=node/193 HTTP/1.1" 200 2835 "-" "Mozilla/5.0 (compatible; YandexBot/3.0; +http://yandex.com/bots)"
193.47.80.39 - - [22/Sep/2010:11:13:55 +0200] "GET /robots.txt HTTP/1.1" 200 707 "-" "Mozilla/5.0 (compatible; Exabot/3.0; +http://www.exabot.com/go/robot)"
193.47.80.39 - - [22/Sep/2010:11:13:55 +0200] "GET / HTTP/1.1" 200 3551 "-" "Mozilla/5.0 (compatible; Exabot/3.0; +http://www.exabot.com/go/robot)"
91.201.66.113 - - [22/Sep/2010:11:20:41 +0200] "GET /?q=taxonomy_vtn/term/12 HTTP/1.0" 200 15937 "http://www.sermonsforyou.co.uk/?q=taxonomy_vtn/term/12" "Opera/9.0 (Windows NT 5.1; U; en)"
91.201.66.113 - - [22/Sep/2010:11:20:50 +0200] "GET /?q=taxonomy_vtn/voc/2 HTTP/1.0" 200 4556 "http://www.sermonsforyou.co.uk/?q=taxonomy_vtn/voc/2" "Opera/9.0 (Windows NT 5.1; U; en)"
91.201.66.113 - - [22/Sep/2010:11:20:51 +0200] "GET /?q=taxonomy_vtn/term/12 HTTP/1.0" 200 15937 "http://www.sermonsforyou.co.uk/?q=taxonomy_vtn/term/12" "Opera/9.0 (Windows NT 5.1; U; en)"
91.201.66.113 - - [22/Sep/2010:11:20:57 +0200] "GET /?q=node/67 HTTP/1.0" 200 4886 "http://www.sermonsforyou.co.uk/?q=node/67" "Opera/9.0 (Windows NT 5.1; U; en)"
91.201.66.113 - - [22/Sep/2010:11:20:58 +0200] "GET /?q=user/login&destination=comment/reply/67%2523comment-form HTTP/1.0" 200 5480 "http://www.sermonsforyou.co.uk/?q=user/login&destination=comment/reply/67%2523comment-form" "Opera/9.0 (Windows NT 5.1; U; en)"
91.201.66.113 - - [22/Sep/2010:11:20:59 +0200] "POST /?q=user/login&destination=comment/reply/67%252523comment-form HTTP/1.0" 200 5639 "http://www.sermonsforyou.co.uk/?q=user/login&destination=comment/reply/67%2523comment-form" "Opera/9.0 (Windows NT 5.1; U; en)"
91.201.66.113 - - [22/Sep/2010:11:21:00 +0200] "GET /?q=taxonomy_vtn/term/12 HTTP/1.0" 200 15937 "http://www.sermonsforyou.co.uk/?q=taxonomy_vtn/term/12" "Opera/9.0 (Windows NT 5.1; U; en)"
91.201.66.113 - - [22/Sep/2010:11:21:05 +0200] "GET /?q=taxonomy_vtn/voc/2 HTTP/1.0" 200 4556 "http://www.sermonsforyou.co.uk/?q=taxonomy_vtn/voc/2" "Opera/9.0 (Windows NT 5.1; U; en)"
91.201.66.113 - - [22/Sep/2010:11:21:06 +0200] "GET /?q=taxonomy_vtn/term/12 HTTP/1.0" 200 15937 "http://www.sermonsforyou.co.uk/?q=taxonomy_vtn/term/12" "Opera/9.0 (Windows NT 5.1; U; en)"
91.201.66.113 - - [22/Sep/2010:11:21:12 +0200] "GET /?q=node/67 HTTP/1.0" 200 4886 "http://www.sermonsforyou.co.uk/?q=node/67" "Opera/9.0 (Windows NT 5.1; U; en)"
91.201.66.113 - - [22/Sep/2010:11:21:13 +0200] "GET /index.php HTTP/1.0" 200 13604 "http://www.sermonsforyou.co.uk/index.php" "Opera/9.0 (Windows NT 5.1; U; en)"
95.108.217.252 - - [22/Sep/2010:11:29:18 +0200] "GET /?q=node/62 HTTP/1.1" 200 43848 "-" "Mozilla/5.0 (compatible; YandexBot/3.0; +http://yandex.com/bots)"
95.108.217.252 - - [22/Sep/2010:11:33:41 +0200] "GET /?q=node/234 HTTP/1.1" 200 6735 "-" "Mozilla/5.0 (compatible; YandexBot/3.0; +http://yandex.com/bots)"
95.108.217.252 - - [22/Sep/2010:11:35:22 +0200] "GET /?q=node/220 HTTP/1.1" 200 5169 "-" "Mozilla/5.0 (compatible; YandexBot/3.0; +http://yandex.com/bots)"
95.108.217.252 - - [22/Sep/2010:11:36:54 +0200] "GET /?q=node/180 HTTP/1.1" 200 2374 "-" "Mozilla/5.0 (compatible; YandexBot/3.0; +http://yandex.com/bots)"
95.108.217.252 - - [22/Sep/2010:11:38:16 +0200] "GET /?q=node/198 HTTP/1.1" 200 2655 "-" "Mozilla/5.0 (compatible; YandexBot/3.0; +http://yandex.com/bots)"
124.115.0.110 - - [22/Sep/2010:11:40:17 +0200] "GET / HTTP/1.1" 200 3551 "-" "Sosospider+(+http://help.soso.com/webspider.htm)"
95.108.217.252 - - [22/Sep/2010:11:43:09 +0200] "GET /?q=node/155 HTTP/1.1" 200 2509 "-" "Mozilla/5.0 (compatible; YandexBot/3.0; +http://yandex.com/bots)"
95.108.217.252 - - [22/Sep/2010:11:45:43 +0200] "GET /?q=node/150 HTTP/1.1" 200 4453 "-" "Mozilla/5.0 (compatible; YandexBot/3.0; +http://yandex.com/bots)"
95.108.217.252 - - [22/Sep/2010:11:49:04 +0200] "GET /?q=user/register&destination=comment/reply/140%23comment-form HTTP/1.1" 200 2492 "-" "Mozilla/5.0 (compatible; YandexBot/3.0; +http://yandex.com/bots)"
178.162.182.149 - - [22/Sep/2010:12:12:54 +0200] "GET /?q=user/reset/347/1284694613/12c04a6704bbdc3ec5db59350c2ae251 HTTP/1.0" 302 0 "http://www.sermonsforyou.co.uk/?q=user/reset/347/1284694613/12c04a6704bbdc3ec5db59350c2ae251" "Mozilla/4.0 (compatible; MSIE 6.0; Windows NT 5.1; Crazy Browser 1.0.5)"
178.162.182.149 - - [22/Sep/2010:12:12:54 +0200] "GET /?q=user/password HTTP/1.0" 200 5233 "http://www.sermonsforyou.co.uk/?q=user/password" "Mozilla/4.0 (compatible; MSIE 6.0; Windows NT 5.1; Crazy Browser 1.0.5)"
95.108.217.252 - - [22/Sep/2010:12:24:23 +0200] "GET /?q=user/register&destination=comment/reply/165%23comment-form HTTP/1.1" 200 2490 "-" "Mozilla/5.0 (compatible; YandexBot/3.0; +http://yandex.com/bots)"
94.138.12.245 - - [22/Sep/2010:12:56:58 +0200] "GET /?q=taxonomy_vtn/term/12 HTTP/1.0" 200 15937 "http://www.sermonsforyou.co.uk/?q=taxonomy_vtn/term/12" "Mozilla/4.0 (compatible- MSIE 6.0- Windows NT 5.1- SV1- .NET CLR 1.1.4322"
94.138.12.245 - - [22/Sep/2010:12:56:58 +0200] "GET /?q=taxonomy_vtn/voc/2 HTTP/1.0" 200 4556 "http://www.sermonsforyou.co.uk/?q=taxonomy_vtn/voc/2" "Mozilla/4.0 (compatible- MSIE 6.0- Windows NT 5.1- SV1- .NET CLR 1.1.4322"
94.138.12.245 - - [22/Sep/2010:12:56:59 +0200] "GET /?q=taxonomy_vtn/term/12 HTTP/1.0" 200 15937 "http://www.sermonsforyou.co.uk/?q=taxonomy_vtn/term/12" "Mozilla/4.0 (compatible- MSIE 6.0- Windows NT 5.1- SV1- .NET CLR 1.1.4322"
94.138.12.245 - - [22/Sep/2010:12:56:59 +0200] "GET /?q=node/67 HTTP/1.0" 200 4886 "http://www.sermonsforyou.co.uk/?q=node/67" "Mozilla/4.0 (compatible- MSIE 6.0- Windows NT 5.1- SV1- .NET CLR 1.1.4322"
94.138.12.245 - - [22/Sep/2010:12:57:00 +0200] "GET /?q=user/register&destination=comment/reply/67%2523comment-form HTTP/1.0" 200 6886 "http://www.sermonsforyou.co.uk/?q=user/register&destination=comment/reply/67%2523comment-form" "Mozilla/4.0 (compatible- MSIE 6.0- Windows NT 5.1- SV1- .NET CLR 1.1.4322"
94.138.12.245 - - [22/Sep/2010:12:57:00 +0200] "POST /?q=user/register&destination=comment/reply/67%252523comment-form HTTP/1.0" 302 0 "http://www.sermonsforyou.co.uk/?q=user/register&destination=comment/reply/67%2523comment-form" "Mozilla/4.0 (compatible- MSIE 6.0- Windows NT 5.1- SV1- .NET CLR 1.1.4322"
94.138.12.245 - - [22/Sep/2010:12:57:00 +0200] "GET /?q=comment/reply/67%252523comment-form HTTP/1.0" 404 3717 "http://www.sermonsforyou.co.uk/?q=comment/reply/67%252523comment-form" "Mozilla/4.0 (compatible- MSIE 6.0- Windows NT 5.1- SV1- .NET CLR 1.1.4322"
94.138.12.245 - - [22/Sep/2010:12:57:16 +0200] "GET /reply/67%252523comment-form HTTP/1.0" 404 1806 "http://www.sermonsforyou.co.uk/reply/67%252523comment-form" "Mozilla/4.0 (compatible- MSIE 6.0- Windows NT 5.1- SV1- .NET CLR 1.1.4322"
94.138.12.245 - - [22/Sep/2010:12:57:16 +0200] "GET /?q=taxonomy_vtn/term/12 HTTP/1.0" 200 15937 "http://www.sermonsforyou.co.uk/?q=taxonomy_vtn/term/12" "Mozilla/4.0 (compatible- MSIE 6.0- Windows NT 5.1- SV1- .NET CLR 1.1.4322"
94.138.12.245 - - [22/Sep/2010:13:05:52 +0200] "GET /?q=user/reset/367/1285153020/d0894859723183f61e5f4f31b802b629 HTTP/1.0" 200 4002 "http://www.sermonsforyou.co.uk/?q=user/reset/367/1285153020/d0894859723183f61e5f4f31b802b629" "Mozilla/4.0 (compatible; MSIE 6.0; Windows NT 5.0; T312461)"
86.129.245.82 - - [22/Sep/2010:13:18:13 +0200] "GET /?q=node/18 HTTP/1.1" 200 5601 "http://www.google.co.uk/url?sa=t&source=web&cd=26&ved=0CC4QFjAFOBQ&url=http%3A%2F%2Fwww.sermonsforyou.co.uk%2F%3Fq%3Dnode%2F18&rct=j&q=sermon%20harvest%20festival&ei=PeWZTKDlI5W74ga6h_xh&usg=AFQjCNGMUWpuQ6rzQDvU3cfhoW47IXU3gg" "Mozilla/4.0 (compatible; MSIE 8.0; Windows NT 6.1; WOW64; Trident/4.0; GTB6.5; SLCC2; .NET CLR 2.0.50727; .NET CLR 3.5.30729; .NET CLR 3.0.30729; Media Center PC 6.0; .NET4.0C)"
86.129.245.82 - - [22/Sep/2010:13:18:14 +0200] "GET /modules/node/node.css?F HTTP/1.1" 200 740 "http://www.sermonsforyou.co.uk/?q=node/18" "Mozilla/4.0 (compatible; MSIE 8.0; Windows NT 6.1; WOW64; Trident/4.0; GTB6.5; SLCC2; .NET CLR 2.0.50727; .NET CLR 3.5.30729; .NET CLR 3.0.30729; Media Center PC 6.0; .NET4.0C)"
