95.108.217.252 - - [23/Sep/2010:00:22:02 +0200] "GET /?q=user/login&destination=comment/reply/134%23comment-form HTTP/1.1" 200 1952 "-" "Mozilla/5.0 (compatible; YandexBot/3.0; +http://yandex.com/bots)"
95.108.217.252 - - [23/Sep/2010:00:40:03 +0200] "GET /?q=user/login&destination=comment/reply/127%23comment-form HTTP/1.1" 200 1952 "-" "Mozilla/5.0 (compatible; YandexBot/3.0; +http://yandex.com/bots)"
95.108.217.252 - - [23/Sep/2010:01:06:59 +0200] "GET /?q=user/login&destination=comment/reply/173%23comment-form HTTP/1.1" 200 1951 "-" "Mozilla/5.0 (compatible; YandexBot/3.0; +http://yandex.com/bots)"
178.162.182.149 - - [23/Sep/2010:01:10:27 +0200] "GET /?q=user/reset/347/1284694613/12c04a6704bbdc3ec5db59350c2ae251 HTTP/1.0" 302 0 "http://www.sermonsforyou.co.uk/?q=user/reset/347/1284694613/12c04a6704bbdc3ec5db59350c2ae251" "Mozilla/0.6 Beta (Windows)"
178.162.182.149 - - [23/Sep/2010:01:10:27 +0200] "GET /?q=user/password HTTP/1.0" 200 5233 "http://www.sermonsforyou.co.uk/?q=user/password" "Mozilla/0.6 Beta (Windows)"
95.108.217.252 - - [23/Sep/2010:01:42:54 +0200] "GET /?q=user/login&destination=comment/reply/175%23comment-form HTTP/1.1" 200 1953 "-" "Mozilla/5.0 (compatible; YandexBot/3.0; +http://yandex.com/bots)"
124.115.0.168 - - [23/Sep/2010:01:43:15 +0200] "GET / HTTP/1.1" 200 3551 "-" "Sosospider+(+http://help.soso.com/webspider.htm)"
67.195.114.51 - - [23/Sep/2010:02:14:33 +0200] "GET /robots.txt HTTP/1.0" 200 707 "-" "Mozilla/5.0 (compatible; Yahoo! Slurp; http://help.yahoo.com/help/us/ysearch/slurp)"
67.195.114.51 - - [23/Sep/2010:02:14:34 +0200] "GET /?q=node/58 HTTP/1.0" 200 6061 "-" "Mozilla/5.0 (compatible; Yahoo! Slurp/3.0; http://help.yahoo.com/help/us/ysearch/slurp)"
95.108.217.252 - - [23/Sep/2010:02:18:50 +0200] "GET /?q=user/login&destination=comment/reply/178%23comment-form HTTP/1.1" 200 1951 "-" "Mozilla/5.0 (compatible; YandexBot/3.0; +http://yandex.com/bots)"
95.108.217.252 - - [23/Sep/2010:02:54:45 +0200] "GET /?q=user/login&destination=comment/reply/93%23comment-form HTTP/1.1" 200 1949 "-" "Mozilla/5.0 (compatible; YandexBot/3.0; +http://yandex.com/bots)"
95.108.217.252 - - [23/Sep/2010:03:21:42 +0200] "GET /?q=user/login&destination=comment/reply/108%23comment-form HTTP/1.1" 200 1952 "-" "Mozilla/5.0 (compatible; YandexBot/3.0; +http://yandex.com/bots)"
95.108.217.252 - - [23/Sep/2010:03:30:41 +0200] "GET /?q=user/login&destination=comment/reply/185%23comment-form HTTP/1.1" 200 1951 "-" "Mozilla/5.0 (compatible; YandexBot/3.0; +http://yandex.com/bots)"
95.108.217.252 - - [23/Sep/2010:03:49:00 +0200] "GET /?q=user/login&destination=comment/reply/171%23comment-form HTTP/1.1" 200 1952 "-" "Mozilla/5.0 (compatible; YandexBot/3.0; +http://yandex.com/bots)"
94.23.211.138 - - [23/Sep/2010:03:52:48 +0200] "HEAD / HTTP/1.1" 200 0 "-" "Mozilla/4.0 (compatible; MSIE 5.01; Windows NT 5.0)"
95.108.217.252 - - [23/Sep/2010:04:16:25 +0200] "GET /?q=user/login&destination=comment/reply/110%23comment-form HTTP/1.1" 200 1950 "-" "Mozilla/5.0 (compatible; YandexBot/3.0; +http://yandex.com/bots)"
220.181.7.82 - - [23/Sep/2010:04:27:59 +0200] "GET / HTTP/1.1" 200 13604 "-" "Baiduspider+(+http://www.baidu.com/search/spider.htm)"
123.125.66.76 - - [23/Sep/2010:04:31:28 +0200] "GET / HTTP/1.1" 200 13604 "-" "Baiduspider+(+http://www.baidu.com/search/spider.htm)"
95.108.217.252 - - [23/Sep/2010:04:43:40 +0200] "GET /?q=user/login&destination=comment/reply/130%23comment-form HTTP/1.1" 200 1951 "-" "Mozilla/5.0 (compatible; YandexBot/3.0; +http://yandex.com/bots)"
66.249.66.34 - - [23/Sep/2010:04:50:01 +0200] "GET /robots.txt HTTP/1.1" 200 707 "-" "Mozilla/5.0 (compatible; Googlebot/2.1; +http://www.google.com/bot.html)"
66.249.66.34 - - [23/Sep/2010:04:50:01 +0200] "GET /?q=node/44 HTTP/1.1" 200 5787 "-" "Mozilla/5.0 (compatible; Googlebot/2.1; +http://www.google.com/bot.html)"
75.140.99.39 - - [23/Sep/2010:05:14:06 +0200] "GET /?q=node/26 HTTP/1.1" 200 6013 "http://www.google.com/url?sa=t&source=web&cd=2&ved=0CBwQFjAB&url=http%3A%2F%2Fwww.sermonsforyou.co.uk%2F%3Fq%3Dnode%2F26&rct=j&q=prodigal%20son%20robe%20sandals%20signet%20ring&ei=1sWaTKWrHIaCsQPAlem3BA&usg=AFQjCNGFgc8zky7uboAPNVoy3eJ51c6RrQ&sig2=JAeJ1Yi5PA2p1oZa3HJUVw" "Mozilla/5.0 (Windows; U; Windows NT 6.1; en-US; rv:1.9.2.10) Gecko/20100914 Firefox/3.6.10 GTB7.1"
75.140.99.39 - - [23/Sep/2010:05:14:06 +0200] "GET /sites/all/modules/taxonomy_vtn/taxonomy_vtn/taxonomy_vtn.css?F HTTP/1.1" 200 1540 "http://www.sermonsforyou.co.uk/?q=node/26" "Mozilla/5.0 (Windows; U; Windows NT 6.1; en-US; rv:1.9.2.10) Gecko/20100914 Firefox/3.6.10 GTB7.1"
75.140.99.39 - - [23/Sep/2010:05:14:07 +0200] "GET /modules/node/node.css?F HTTP/1.1" 200 740 "http://www.sermonsforyou.co.uk/?q=node/26" "Mozilla/5.0 (Windows; U; Windows NT 6.1; en-US; rv:1.9.2.10) Gecko/20100914 Firefox/3.6.10 GTB7.1"
75.140.99.39 - - [23/Sep/2010:05:14:07 +0200] "GET /modules/user/user.css?F HTTP/1.1" 200 1127 "http://www.sermonsforyou.co.uk/?q=node/26" "Mozilla/5.0 (Windows; U; Windows NT 6.1; en-US; rv:1.9.2.10) Gecko/20100914 Firefox/3.6.10 GTB7.1"
75.140.99.39 - - [23/Sep/2010:05:14:07 +0200] "GET /sites/all/modules/cck/cck/theme/content-module.css?F HTTP/1.1" 200 2397 "http://www.sermonsforyou.co.uk/?q=node/26" "Mozilla/5.0 (Windows; U; Windows NT 6.1; en-US; rv:1.9.2.10) Gecko/20100914 Firefox/3.6.10 GTB7.1"
75.140.99.39 - - [23/Sep/2010:05:14:07 +0200] "GET /modules/system/defaults.css?F HTTP/1.1" 200 757 "http://www.sermonsforyou.co.uk/?q=node/26" "Mozilla/5.0 (Windows; U; Windows NT 6.1; en-US; rv:1.9.2.10) Gecko/20100914 Firefox/3.6.10 GTB7.1"
75.140.99.39 - - [23/Sep/2010:05:14:07 +0200] "GET /modules/system/system-menus.css?F HTTP/1.1" 200 935 "http://www.sermonsforyou.co.uk/?q=node/26" "Mozilla/5.0 (Windows; U; Windows NT 6.1; en-US; rv:1.9.2.10) Gecko/20100914 Firefox/3.6.10 GTB7.1"
75.140.99.39 - - [23/Sep/2010:05:14:07 +0200] "GET /modules/system/system.css?F HTTP/1.1" 200 10020 "http://www.sermonsforyou.co.uk/?q=node/26" "Mozilla/5.0 (Windows; U; Windows NT 6.1; en-US; rv:1.9.2.10) Gecko/20100914 Firefox/3.6.10 GTB7.1"
75.140.99.39 - - [23/Sep/2010:05:14:07 +0200] "GET /themes/shallowgrunge/shallowgrunge/style.css?F HTTP/1.1" 200 4871 "http://www.sermonsforyou.co.uk/?q=node/26" "Mozilla/5.0 (Windows; U; Windows NT 6.1; en-US; rv:1.9.2.10) Gecko/20100914 Firefox/3.6.10 GTB7.1"
75.140.99.39 - - [23/Sep/2010:05:14:07 +0200] "GET /sites/all/modules/taxonomy_vtn/taxonomy_vtn/taxonomy_vtn.js?F HTTP/1.1" 200 465 "http://www.sermonsforyou.co.uk/?q=node/26" "Mozilla/5.0 (Windows; U; Windows NT 6.1; en-US; rv:1.9.2.10) Gecko/20100914 Firefox/3.6.10 GTB7.1"
75.140.99.39 - - [23/Sep/2010:05:14:07 +0200] "GET /misc/drupal.js?F HTTP/1.1" 200 9745 "http://www.sermonsforyou.co.uk/?q=node/26" "Mozilla/5.0 (Windows; U; Windows NT 6.1; en-US; rv:1.9.2.10) Gecko/20100914 Firefox/3.6.10 GTB7.1"
75.140.99.39 - - [23/Sep/2010:05:14:07 +0200] "GET /sites/all/modules/google_analytics/googleanalytics.js?F HTTP/1.1" 200 1725 "http://www.sermonsforyou.co.uk/?q=node/26" "Mozilla/5.0 (Windows; U; Windows NT 6.1; en-US; rv:1.9.2.10) Gecko/20100914 Firefox/3.6.10 GTB7.1"
75.140.99.39 - - [23/Sep/2010:05:14:07 +0200] "GET /misc/powered-blue-80x15.png HTTP/1.1" 200 1011 "http://www.sermonsforyou.co.uk/?q=node/26" "Mozilla/5.0 (Windows; U; Windows NT 6.1; en-US; rv:1.9.2.10) Gecko/20100914 Firefox/3.6.10 GTB7.1"
75.140.99.39 - - [23/Sep/2010:05:14:07 +0200] "GET /misc/favicon.ico HTTP/1.1" 200 5430 "-" "Mozilla/5.0 (Windows; U; Windows NT 6.1; en-US; rv:1.9.2.10) Gecko/20100914 Firefox/3.6.10 GTB7.1"
75.140.99.39 - - [23/Sep/2010:05:14:07 +0200] "GET /misc/jquery.js?F HTTP/1.1" 200 31089 "http://www.sermonsforyou.co.uk/?q=node/26" "Mozilla/5.0 (Windows; U; Windows NT 6.1; en-US; rv:1.9.2.10) Gecko/20100914 Firefox/3.6.10 GTB7.1"
75.140.99.39 - - [23/Sep/2010:05:14:08 +0200] "GET /themes/shallowgrunge/shallowgrunge/images/img03.jpg HTTP/1.1" 200 10877 "http://www.sermonsforyou.co.uk/themes/shallowgrunge/shallowgrunge/style.css?F" "Mozilla/5.0 (Windows; U; Windows NT 6.1; en-US; rv:1.9.2.10) Gecko/20100914 Firefox/3.6.10 GTB7.1"
75.140.99.39 - - [23/Sep/2010:05:14:08 +0200] "GET /themes/shallowgrunge/shallowgrunge/images/img02.jpg HTTP/1.1" 200 29303 "http://www.sermonsforyou.co.uk/themes/shallowgrunge/shallowgrunge/style.css?F" "Mozilla/5.0 (Windows; U; Windows NT 6.1; en-US; rv:1.9.2.10) Gecko/20100914 Firefox/3.6.10 GTB7.1"
75.140.99.39 - - [23/Sep/2010:05:14:08 +0200] "GET /themes/shallowgrunge/shallowgrunge/images/img01.jpg HTTP/1.1" 200 72355 "http://www.sermonsforyou.co.uk/themes/shallowgrunge/shallowgrunge/style.css?F" "Mozilla/5.0 (Windows; U; Windows NT 6.1; en-US; rv:1.9.2.10) Gecko/20100914 Firefox/3.6.10 GTB7.1"
96.255.169.22 - - [23/Sep/2010:05:14:43 +0200] "GET /?q=node/42 HTTP/1.1" 200 6023 "http://www.google.com/url?sa=t&source=web&cd=18&ved=0CCwQFjAHOAo&url=http%3A%2F%2Fwww.sermonsforyou.co.uk%2F%3Fq%3Dnode%2F42&rct=j&q=sermons%20on%20ephesians%204%201%2016&ei=LsWaTOGaEcGAlAfmuNDTCg&usg=AFQjCNEnb2gCtx-kjxIg_hZrTafAe5IHNg" "Mozilla/4.0 (compatible; MSIE 8.0; Windows NT 5.1; Trident/4.0)"
96.255.169.22 - - [23/Sep/2010:05:14:44 +0200] "GET /modules/node/node.css?F HTTP/1.1" 200 740 "http://www.sermonsforyou.co.uk/?q=node/42" "Mozilla/4.0 (compatible; MSIE 8.0; Windows NT 5.1; Trident/4.0)"
96.255.169.22 - - [23/Sep/2010:05:14:44 +0200] "GET /sites/all/modules/taxonomy_vtn/taxonomy_vtn/taxonomy_vtn.css?F HTTP/1.1" 200 1540 "http://www.sermonsforyou.co.uk/?q=node/42" "Mozilla/4.0 (compatible; MSIE 8.0; Windows NT 5.1; Trident/4.0)"
96.255.169.22 - - [23/Sep/2010:05:14:44 +0200] "GET /modules/system/system.css?F HTTP/1.1" 200 10020 "http://www.sermonsforyou.co.uk/?q=node/42" "Mozilla/4.0 (compatible; MSIE 8.0; Windows NT 5.1; Trident/4.0)"
96.255.169.22 - - [23/Sep/2010:05:14:44 +0200] "GET /themes/shallowgrunge/shallowgrunge/style.css?F HTTP/1.1" 200 4871 "http://www.sermonsforyou.co.uk/?q=node/42" "Mozilla/4.0 (compatible; MSIE 8.0; Windows NT 5.1; Trident/4.0)"
96.255.169.22 - - [23/Sep/2010:05:14:44 +0200] "GET /modules/user/user.css?F HTTP/1.1" 200 1127 "http://www.sermonsforyou.co.uk/?q=node/42" "Mozilla/4.0 (compatible; MSIE 8.0; Windows NT 5.1; Trident/4.0)"
96.255.169.22 - - [23/Sep/2010:05:14:44 +0200] "GET /modules/system/defaults.css?F HTTP/1.1" 200 757 "http://www.sermonsforyou.co.uk/?q=node/42" "Mozilla/4.0 (compatible; MSIE 8.0; Windows NT 5.1; Trident/4.0)"
96.255.169.22 - - [23/Sep/2010:05:14:44 +0200] "GET /sites/all/modules/cck/cck/theme/content-module.css?F HTTP/1.1" 200 2397 "http://www.sermonsforyou.co.uk/?q=node/42" "Mozilla/4.0 (compatible; MSIE 8.0; Windows NT 5.1; Trident/4.0)"
96.255.169.22 - - [23/Sep/2010:05:14:44 +0200] "GET /sites/all/modules/taxonomy_vtn/taxonomy_vtn/taxonomy_vtn.js?F HTTP/1.1" 200 465 "http://www.sermonsforyou.co.uk/?q=node/42" "Mozilla/4.0 (compatible; MSIE 8.0; Windows NT 5.1; Trident/4.0)"
96.255.169.22 - - [23/Sep/2010:05:14:44 +0200] "GET /modules/system/system-menus.css?F HTTP/1.1" 200 935 "http://www.sermonsforyou.co.uk/?q=node/42" "Mozilla/4.0 (compatible; MSIE 8.0; Windows NT 5.1; Trident/4.0)"
96.255.169.22 - - [23/Sep/2010:05:14:44 +0200] "GET /misc/drupal.js?F HTTP/1.1" 200 9745 "http://www.sermonsforyou.co.uk/?q=node/42" "Mozilla/4.0 (compatible; MSIE 8.0; Windows NT 5.1; Trident/4.0)"
96.255.169.22 - - [23/Sep/2010:05:14:44 +0200] "GET /sites/all/modules/google_analytics/googleanalytics.js?F HTTP/1.1" 200 1725 "http://www.sermonsforyou.co.uk/?q=node/42" "Mozilla/4.0 (compatible; MSIE 8.0; Windows NT 5.1; Trident/4.0)"
96.255.169.22 - - [23/Sep/2010:05:14:44 +0200] "GET /misc/jquery.js?F HTTP/1.1" 200 31089 "http://www.sermonsforyou.co.uk/?q=node/42" "Mozilla/4.0 (compatible; MSIE 8.0; Windows NT 5.1; Trident/4.0)"
96.255.169.22 - - [23/Sep/2010:05:14:45 +0200] "GET /misc/powered-blue-80x15.png HTTP/1.1" 200 1011 "http://www.sermonsforyou.co.uk/?q=node/42" "Mozilla/4.0 (compatible; MSIE 8.0; Windows NT 5.1; Trident/4.0)"
96.255.169.22 - - [23/Sep/2010:05:14:45 +0200] "GET /themes/shallowgrunge/shallowgrunge/images/img03.jpg HTTP/1.1" 200 10877 "http://www.sermonsforyou.co.uk/?q=node/42" "Mozilla/4.0 (compatible; MSIE 8.0; Windows NT 5.1; Trident/4.0)"
96.255.169.22 - - [23/Sep/2010:05:14:45 +0200] "GET /themes/shallowgrunge/shallowgrunge/images/img01.jpg HTTP/1.1" 200 72355 "http://www.sermonsforyou.co.uk/?q=node/42" "Mozilla/4.0 (compatible; MSIE 8.0; Windows NT 5.1; Trident/4.0)"
96.255.169.22 - - [23/Sep/2010:05:14:45 +0200] "GET /themes/shallowgrunge/shallowgrunge/images/img02.jpg HTTP/1.1" 200 29303 "http://www.sermonsforyou.co.uk/?q=node/42" "Mozilla/4.0 (compatible; MSIE 8.0; Windows NT 5.1; Trident/4.0)"
212.117.183.169 - - [23/Sep/2010:05:18:03 +0200] "GET /?q=taxonomy_vtn/term/12 HTTP/1.0" 200 15937 "http://www.sermonsforyou.co.uk/?q=taxonomy_vtn/term/12" "Mozilla/4.0 (compatible; MSIE 6.0; Windows NT 5.0; T312461)"
212.117.183.169 - - [23/Sep/2010:05:18:06 +0200] "GET /?q=taxonomy_vtn/voc/2 HTTP/1.0" 200 4556 "http://www.sermonsforyou.co.uk/?q=taxonomy_vtn/voc/2" "Mozilla/4.0 (compatible; MSIE 6.0; Windows NT 5.0; T312461)"
212.117.183.169 - - [23/Sep/2010:05:18:07 +0200] "GET /?q=taxonomy_vtn/term/12 HTTP/1.0" 200 15937 "http://www.sermonsforyou.co.uk/?q=taxonomy_vtn/term/12" "Mozilla/4.0 (compatible; MSIE 6.0; Windows NT 5.0; T312461)"
212.117.183.169 - - [23/Sep/2010:05:18:08 +0200] "GET /?q=node/67 HTTP/1.0" 200 4886 "http://www.sermonsforyou.co.uk/?q=node/67" "Mozilla/4.0 (compatible; MSIE 6.0; Windows NT 5.0; T312461)"
212.117.183.169 - - [23/Sep/2010:05:18:09 +0200] "GET /?q=user/register&destination=comment/reply/67%2523comment-form HTTP/1.0" 200 6886 "http://www.sermonsforyou.co.uk/?q=user/register&destination=comment/reply/67%2523comment-form" "Mozilla/4.0 (compatible; MSIE 6.0; Windows NT 5.0; T312461)"
212.117.183.169 - - [23/Sep/2010:05:18:10 +0200] "POST /?q=user/register&destination=comment/reply/67%252523comment-form HTTP/1.0" 302 0 "http://www.sermonsforyou.co.uk/?q=user/register&destination=comment/reply/67%2523comment-form" "Mozilla/4.0 (compatible; MSIE 6.0; Windows NT 5.0; T312461)"
212.117.183.169 - - [23/Sep/2010:05:18:10 +0200] "GET /?q=comment/reply/67%252523comment-form HTTP/1.0" 404 3717 "http://www.sermonsforyou.co.uk/?q=comment/reply/67%252523comment-form" "Mozilla/4.0 (compatible; MSIE 6.0; Windows NT 5.0; T312461)"
212.117.183.169 - - [23/Sep/2010:05:18:25 +0200] "GET /reply/67%252523comment-form HTTP/1.0" 404 1806 "http://www.sermonsforyou.co.uk/reply/67%252523comment-form" "Mozilla/4.0 (compatible; MSIE 6.0; Windows NT 5.0; T312461)"
212.117.183.169 - - [23/Sep/2010:05:18:25 +0200] "GET /?q=user/login&destination=comment/reply/67%2523comment-form HTTP/1.0" 200 5480 "http://www.sermonsforyou.co.uk/?q=user/login&destination=comment/reply/67%2523comment-form" "Mozilla/4.0 (compatible; MSIE 6.0; Windows NT 5.0; T312461)"
212.117.183.169 - - [23/Sep/2010:05:18:27 +0200] "POST /?q=user/login&destination=comment/reply/67%252523comment-form HTTP/1.0" 200 5644 "http://www.sermonsforyou.co.uk/?q=user/login&destination=comment/reply/67%2523comment-form" "Mozilla/4.0 (compatible; MSIE 6.0; Windows NT 5.0; T312461)"
212.117.183.169 - - [23/Sep/2010:05:18:28 +0200] "GET /?q=taxonomy_vtn/term/12 HTTP/1.0" 200 15937 "http://www.sermonsforyou.co.uk/?q=taxonomy_vtn/term/12" "Mozilla/4.0 (compatible; MSIE 6.0; Windows NT 5.0; T312461)"
212.117.183.169 - - [23/Sep/2010:05:19:07 +0200] "GET /?q=user/reset/370/1285211890/88bf385091225e800d8d2d88fc0428dd HTTP/1.0" 200 4002 "http://www.sermonsforyou.co.uk/?q=user/reset/370/1285211890/88bf385091225e800d8d2d88fc0428dd" "Mozilla/4.0 (compatible; MSIE 5.01; Windows 95; MSIECrawler)"
212.117.183.169 - - [23/Sep/2010:05:19:08 +0200] "POST /?q=user/reset/370/1285211890/88bf385091225e800d8d2d88fc0428dd/login HTTP/1.0" 302 0 "http://www.sermonsforyou.co.uk/?q=user/reset/370/1285211890/88bf385091225e800d8d2d88fc0428dd" "Mozilla/4.0 (compatible; MSIE 5.01; Windows 95; MSIECrawler)"
212.117.183.169 - - [23/Sep/2010:05:19:08 +0200] "GET /?q=user/370/edit HTTP/1.0" 200 10103 "http://www.sermonsforyou.co.uk/?q=user/370/edit" "Mozilla/4.0 (compatible; MSIE 5.01; Windows 95; MSIECrawler)"
212.117.183.169 - - [23/Sep/2010:05:19:12 +0200] "GET /?q=user/reset/370/1285211890/88bf385091225e800d8d2d88fc0428dd HTTP/1.0" 302 0 "http://www.sermonsforyou.co.uk/?q=user/reset/370/1285211890/88bf385091225e800d8d2d88fc0428dd" "Mozilla/4.0 (compatible; MSIE 5.01; Windows 95; MSIECrawler)"
95.108.217.252 - - [23/Sep/2010:05:19:54 +0200] "GET /?q=user/login&destination=comment/reply/157%23comment-form HTTP/1.1" 200 1952 "-" "Mozilla/5.0 (compatible; YandexBot/3.0; +http://yandex.com/bots)"
66.249.66.34 - - [23/Sep/2010:05:21:40 +0200] "GET /?q=node/38 HTTP/1.1" 200 6409 "-" "Mozilla/5.0 (compatible; Googlebot/2.1; +http://www.google.com/bot.html)"
67.195.114.51 - - [23/Sep/2010:05:22:25 +0200] "GET /?q=node/217 HTTP/1.0" 200 4806 "-" "Mozilla/5.0 (compatible; Yahoo! Slurp/3.0; http://help.yahoo.com/help/us/ysearch/slurp)"
66.249.66.34 - - [23/Sep/2010:05:26:55 +0200] "GET /?q=node/19 HTTP/1.1" 200 5670 "-" "Mozilla/5.0 (compatible; Googlebot/2.1; +http://www.google.com/bot.html)"
173.72.144.123 - - [23/Sep/2010:05:36:38 +0200] "GET /?q=node/26 HTTP/1.1" 200 6013 "http://www.google.com/url?sa=t&source=web&cd=60&ved=0CDQQFjAJODI&url=http%3A%2F%2Fwww.sermonsforyou.co.uk%2F%3Fq%3Dnode%2F26&rct=j&q=prodigal%20son%20sermons&ei=LsuaTOaMMoSdlgefw8TVCQ&v6u=http%3A%2F%2Fdualstack.ipv6-exp.l.google.com%2Fgen_204%3Fip%3D173.72.144.123%26ts%3D1285212974980264%26auth%3Dfcs25lh6243olr6ko3s6l6yce7ovbawl%26rndm%3D0.9002611249737155&v6s=2&v6t=19874&usg=AFQjCNGFgc8zky7uboAPNVoy3eJ51c6RrQ" "Mozilla/4.0 (compatible; MSIE 8.0; Windows NT 6.0; Trident/4.0; SLCC1; .NET CLR 2.0.50727; .NET CLR 3.5.30729; .NET CLR 3.0.30729; OfficeLiveConnector.1.5; OfficeLivePatch.1.3; .NET4.0C)"
173.72.144.123 - - [23/Sep/2010:05:36:38 +0200] "GET /sites/all/modules/taxonomy_vtn/taxonomy_vtn/taxonomy_vtn.css?F HTTP/1.1" 200 1540 "http://www.sermonsforyou.co.uk/?q=node/26" "Mozilla/4.0 (compatible; MSIE 8.0; Windows NT 6.0; Trident/4.0; SLCC1; .NET CLR 2.0.50727; .NET CLR 3.5.30729; .NET CLR 3.0.30729; OfficeLiveConnector.1.5; OfficeLivePatch.1.3; .NET4.0C)"
173.72.144.123 - - [23/Sep/2010:05:36:38 +0200] "GET /modules/user/user.css?F HTTP/1.1" 200 1127 "http://www.sermonsforyou.co.uk/?q=node/26" "Mozilla/4.0 (compatible; MSIE 8.0; Windows NT 6.0; Trident/4.0; SLCC1; .NET CLR 2.0.50727; .NET CLR 3.5.30729; .NET CLR 3.0.30729; OfficeLiveConnector.1.5; OfficeLivePatch.1.3; .NET4.0C)"
173.72.144.123 - - [23/Sep/2010:05:36:38 +0200] "GET /sites/all/modules/cck/cck/theme/content-module.css?F HTTP/1.1" 200 2397 "http://www.sermonsforyou.co.uk/?q=node/26" "Mozilla/4.0 (compatible; MSIE 8.0; Windows NT 6.0; Trident/4.0; SLCC1; .NET CLR 2.0.50727; .NET CLR 3.5.30729; .NET CLR 3.0.30729; OfficeLiveConnector.1.5; OfficeLivePatch.1.3; .NET4.0C)"
173.72.144.123 - - [23/Sep/2010:05:36:38 +0200] "GET /modules/system/system.css?F HTTP/1.1" 200 10020 "http://www.sermonsforyou.co.uk/?q=node/26" "Mozilla/4.0 (compatible; MSIE 8.0; Windows NT 6.0; Trident/4.0; SLCC1; .NET CLR 2.0.50727; .NET CLR 3.5.30729; .NET CLR 3.0.30729; OfficeLiveConnector.1.5; OfficeLivePatch.1.3; .NET4.0C)"
173.72.144.123 - - [23/Sep/2010:05:36:38 +0200] "GET /themes/shallowgrunge/shallowgrunge/style.css?F HTTP/1.1" 200 4871 "http://www.sermonsforyou.co.uk/?q=node/26" "Mozilla/4.0 (compatible; MSIE 8.0; Windows NT 6.0; Trident/4.0; SLCC1; .NET CLR 2.0.50727; .NET CLR 3.5.30729; .NET CLR 3.0.30729; OfficeLiveConnector.1.5; OfficeLivePatch.1.3; .NET4.0C)"
173.72.144.123 - - [23/Sep/2010:05:36:38 +0200] "GET /modules/system/system-menus.css?F HTTP/1.1" 200 935 "http://www.sermonsforyou.co.uk/?q=node/26" "Mozilla/4.0 (compatible; MSIE 8.0; Windows NT 6.0; Trident/4.0; SLCC1; .NET CLR 2.0.50727; .NET CLR 3.5.30729; .NET CLR 3.0.30729; OfficeLiveConnector.1.5; OfficeLivePatch.1.3; .NET4.0C)"
173.72.144.123 - - [23/Sep/2010:05:36:38 +0200] "GET /modules/system/defaults.css?F HTTP/1.1" 200 757 "http://www.sermonsforyou.co.uk/?q=node/26" "Mozilla/4.0 (compatible; MSIE 8.0; Windows NT 6.0; Trident/4.0; SLCC1; .NET CLR 2.0.50727; .NET CLR 3.5.30729; .NET CLR 3.0.30729; OfficeLiveConnector.1.5; OfficeLivePatch.1.3; .NET4.0C)"
173.72.144.123 - - [23/Sep/2010:05:36:38 +0200] "GET /sites/all/modules/google_analytics/googleanalytics.js?F HTTP/1.1" 200 1725 "http://www.sermonsforyou.co.uk/?q=node/26" "Mozilla/4.0 (compatible; MSIE 8.0; Windows NT 6.0; Trident/4.0; SLCC1; .NET CLR 2.0.50727; .NET CLR 3.5.30729; .NET CLR 3.0.30729; OfficeLiveConnector.1.5; OfficeLivePatch.1.3; .NET4.0C)"
173.72.144.123 - - [23/Sep/2010:05:36:38 +0200] "GET /modules/node/node.css?F HTTP/1.1" 200 740 "http://www.sermonsforyou.co.uk/?q=node/26" "Mozilla/4.0 (compatible; MSIE 8.0; Windows NT 6.0; Trident/4.0; SLCC1; .NET CLR 2.0.50727; .NET CLR 3.5.30729; .NET CLR 3.0.30729; OfficeLiveConnector.1.5; OfficeLivePatch.1.3; .NET4.0C)"
173.72.144.123 - - [23/Sep/2010:05:36:38 +0200] "GET /misc/jquery.js?F HTTP/1.1" 200 31089 "http://www.sermonsforyou.co.uk/?q=node/26" "Mozilla/4.0 (compatible; MSIE 8.0; Windows NT 6.0; Trident/4.0; SLCC1; .NET CLR 2.0.50727; .NET CLR 3.5.30729; .NET CLR 3.0.30729; OfficeLiveConnector.1.5; OfficeLivePatch.1.3; .NET4.0C)"
173.72.144.123 - - [23/Sep/2010:05:36:39 +0200] "GET /misc/drupal.js?F HTTP/1.1" 200 9745 "http://www.sermonsforyou.co.uk/?q=node/26" "Mozilla/4.0 (compatible; MSIE 8.0; Windows NT 6.0; Trident/4.0; SLCC1; .NET CLR 2.0.50727; .NET CLR 3.5.30729; .NET CLR 3.0.30729; OfficeLiveConnector.1.5; OfficeLivePatch.1.3; .NET4.0C)"
173.72.144.123 - - [23/Sep/2010:05:36:40 +0200] "GET /sites/all/modules/taxonomy_vtn/taxonomy_vtn/taxonomy_vtn.js?F HTTP/1.1" 200 465 "http://www.sermonsforyou.co.uk/?q=node/26" "Mozilla/4.0 (compatible; MSIE 8.0; Windows NT 6.0; Trident/4.0; SLCC1; .NET CLR 2.0.50727; .NET CLR 3.5.30729; .NET CLR 3.0.30729; OfficeLiveConnector.1.5; OfficeLivePatch.1.3; .NET4.0C)"
173.72.144.123 - - [23/Sep/2010:05:36:41 +0200] "GET /themes/shallowgrunge/shallowgrunge/images/img03.jpg HTTP/1.1" 200 10877 "http://www.sermonsforyou.co.uk/?q=node/26" "Mozilla/4.0 (compatible; MSIE 8.0; Windows NT 6.0; Trident/4.0; SLCC1; .NET CLR 2.0.50727; .NET CLR 3.5.30729; .NET CLR 3.0.30729; OfficeLiveConnector.1.5; OfficeLivePatch.1.3; .NET4.0C)"
173.72.144.123 - - [23/Sep/2010:05:36:41 +0200] "GET /misc/powered-blue-80x15.png HTTP/1.1" 200 1011 "http://www.sermonsforyou.co.uk/?q=node/26" "Mozilla/4.0 (compatible; MSIE 8.0; Windows NT 6.0; Trident/4.0; SLCC1; .NET CLR 2.0.50727; .NET CLR 3.5.30729; .NET CLR 3.0.30729; OfficeLiveConnector.1.5; OfficeLivePatch.1.3; .NET4.0C)"
173.72.144.123 - - [23/Sep/2010:05:36:40 +0200] "GET /themes/shallowgrunge/shallowgrunge/images/img02.jpg HTTP/1.1" 200 29303 "http://www.sermonsforyou.co.uk/?q=node/26" "Mozilla/4.0 (compatible; MSIE 8.0; Windows NT 6.0; Trident/4.0; SLCC1; .NET CLR 2.0.50727; .NET CLR 3.5.30729; .NET CLR 3.0.30729; OfficeLiveConnector.1.5; OfficeLivePatch.1.3; .NET4.0C)"
173.72.144.123 - - [23/Sep/2010:05:36:41 +0200] "GET /themes/shallowgrunge/shallowgrunge/images/img01.jpg HTTP/1.1" 200 72355 "http://www.sermonsforyou.co.uk/?q=node/26" "Mozilla/4.0 (compatible; MSIE 8.0; Windows NT 6.0; Trident/4.0; SLCC1; .NET CLR 2.0.50727; .NET CLR 3.5.30729; .NET CLR 3.0.30729; OfficeLiveConnector.1.5; OfficeLivePatch.1.3; .NET4.0C)"
173.72.144.123 - - [23/Sep/2010:05:36:42 +0200] "GET /misc/favicon.ico HTTP/1.1" 200 5430 "-" "Mozilla/4.0 (compatible; MSIE 8.0; Windows NT 6.0; Trident/4.0; SLCC1; .NET CLR 2.0.50727; .NET CLR 3.5.30729; .NET CLR 3.0.30729; OfficeLiveConnector.1.5; OfficeLivePatch.1.3; .NET4.0C)"
173.72.144.123 - - [23/Sep/2010:05:36:42 +0200] "GET /favicon.ico HTTP/1.1" 200 1406 "-" "Mozilla/5.0 (compatible; Google Desktop/5.9.1005.12335; http://desktop.google.com/)"
95.108.217.252 - - [23/Sep/2010:05:47:05 +0200] "GET /?q=user/login&destination=comment/reply/166%23comment-form HTTP/1.1" 200 1952 "-" "Mozilla/5.0 (compatible; YandexBot/3.0; +http://yandex.com/bots)"
95.108.217.252 - - [23/Sep/2010:06:23:18 +0200] "GET /?q=user/register&destination=comment/reply/90%23comment-form HTTP/1.1" 200 2489 "-" "Mozilla/5.0 (compatible; YandexBot/3.0; +http://yandex.com/bots)"
46.118.101.226 - - [23/Sep/2010:06:31:52 +0200] "GET /?q=taxonomy_vtn/term/12 HTTP/1.0" 200 15937 "http://www.sermonsforyou.co.uk/?q=taxonomy_vtn/term/12" "Mozilla/4.0 (compatible; MSIE 6.0; MSIE 5.5; Windows NT 5.0) Opera 7.02 Bork-edition [en]"
46.118.101.226 - - [23/Sep/2010:06:31:53 +0200] "GET /?q=taxonomy_vtn/voc/2 HTTP/1.0" 200 4556 "http://www.sermonsforyou.co.uk/?q=taxonomy_vtn/voc/2" "Mozilla/4.0 (compatible; MSIE 6.0; MSIE 5.5; Windows NT 5.0) Opera 7.02 Bork-edition [en]"
46.118.101.226 - - [23/Sep/2010:06:31:53 +0200] "GET /?q=taxonomy_vtn/term/12 HTTP/1.0" 200 15937 "http://www.sermonsforyou.co.uk/?q=taxonomy_vtn/term/12" "Mozilla/4.0 (compatible; MSIE 6.0; MSIE 5.5; Windows NT 5.0) Opera 7.02 Bork-edition [en]"
46.118.101.226 - - [23/Sep/2010:06:31:53 +0200] "GET /?q=node/67 HTTP/1.0" 200 4886 "http://www.sermonsforyou.co.uk/?q=node/67" "Mozilla/4.0 (compatible; MSIE 6.0; MSIE 5.5; Windows NT 5.0) Opera 7.02 Bork-edition [en]"
46.118.101.226 - - [23/Sep/2010:06:31:54 +0200] "GET /?q=user/register&destination=comment/reply/67%2523comment-form HTTP/1.0" 200 6886 "http://www.sermonsforyou.co.uk/?q=user/register&destination=comment/reply/67%2523comment-form" "Mozilla/4.0 (compatible; MSIE 6.0; MSIE 5.5; Windows NT 5.0) Opera 7.02 Bork-edition [en]"
46.118.101.226 - - [23/Sep/2010:06:31:54 +0200] "POST /?q=user/register&destination=comment/reply/67%252523comment-form HTTP/1.0" 302 0 "http://www.sermonsforyou.co.uk/?q=user/register&destination=comment/reply/67%2523comment-form" "Mozilla/4.0 (compatible; MSIE 6.0; MSIE 5.5; Windows NT 5.0) Opera 7.02 Bork-edition [en]"
46.118.101.226 - - [23/Sep/2010:06:31:55 +0200] "GET /?q=comment/reply/67%252523comment-form HTTP/1.0" 404 3717 "http://www.sermonsforyou.co.uk/?q=comment/reply/67%252523comment-form" "Mozilla/4.0 (compatible; MSIE 6.0; MSIE 5.5; Windows NT 5.0) Opera 7.02 Bork-edition [en]"
46.118.101.226 - - [23/Sep/2010:06:32:10 +0200] "GET /reply/67%252523comment-form HTTP/1.0" 404 1806 "http://www.sermonsforyou.co.uk/reply/67%252523comment-form" "Mozilla/4.0 (compatible; MSIE 6.0; MSIE 5.5; Windows NT 5.0) Opera 7.02 Bork-edition [en]"
46.118.101.226 - - [23/Sep/2010:06:32:10 +0200] "GET /?q=user/login&destination=comment/reply/67%2523comment-form HTTP/1.0" 200 5480 "http://www.sermonsforyou.co.uk/?q=user/login&destination=comment/reply/67%2523comment-form" "Mozilla/4.0 (compatible; MSIE 6.0; MSIE 5.5; Windows NT 5.0) Opera 7.02 Bork-edition [en]"
46.118.101.226 - - [23/Sep/2010:06:32:10 +0200] "POST /?q=user/login&destination=comment/reply/67%252523comment-form HTTP/1.0" 200 5642 "http://www.sermonsforyou.co.uk/?q=user/login&destination=comment/reply/67%2523comment-form" "Mozilla/4.0 (compatible; MSIE 6.0; MSIE 5.5; Windows NT 5.0) Opera 7.02 Bork-edition [en]"
46.118.101.226 - - [23/Sep/2010:06:32:11 +0200] "GET /?q=taxonomy_vtn/term/12 HTTP/1.0" 200 15937 "http://www.sermonsforyou.co.uk/?q=taxonomy_vtn/term/12" "Mozilla/4.0 (compatible; MSIE 6.0; MSIE 5.5; Windows NT 5.0) Opera 7.02 Bork-edition [en]"
95.26.33.167 - - [23/Sep/2010:06:55:28 +0200] "GET /?q=node%2F50 HTTP/1.1" 200 5769 "http://yandex.ru/yandsearch?text=shavings+are+a+mixture" "Mozilla/4.0 (compatible; MSIE 6.0; Windows NT 5.1; SV1)"
95.27.154.114 - - [23/Sep/2010:06:55:28 +0200] "GET /themes/shallowgrunge/shallowgrunge/style.css?F HTTP/1.1" 200 4871 "http://www.sermonsforyou.co.uk/?q=node%2F50" "Mozilla/4.0 (compatible; MSIE 6.0; Windows NT 5.1; SV1)"
95.25.247.174 - - [23/Sep/2010:06:55:28 +0200] "GET /sites/all/modules/google_analytics/googleanalytics.js?F HTTP/1.1" 200 1725 "http://www.sermonsforyou.co.uk/?q=node%2F50" "Mozilla/4.0 (compatible; MSIE 6.0; Windows NT 5.1; SV1)"
95.26.138.204 - - [23/Sep/2010:06:55:28 +0200] "GET /modules/node/node.css?F HTTP/1.1" 200 740 "http://www.sermonsforyou.co.uk/?q=node%2F50" "Mozilla/4.0 (compatible; MSIE 6.0; Windows NT 5.1; SV1)"
95.26.16.5 - - [23/Sep/2010:06:55:28 +0200] "GET /sites/all/modules/taxonomy_vtn/taxonomy_vtn/taxonomy_vtn.js?F HTTP/1.1" 200 465 "http://www.sermonsforyou.co.uk/?q=node%2F50" "Mozilla/4.0 (compatible; MSIE 6.0; Windows NT 5.1; SV1)"
95.26.71.6 - - [23/Sep/2010:06:55:28 +0200] "GET /modules/system/defaults.css?F HTTP/1.1" 200 757 "http://www.sermonsforyou.co.uk/?q=node%2F50" "Mozilla/4.0 (compatible; MSIE 6.0; Windows NT 5.1; SV1)"
95.26.16.12 - - [23/Sep/2010:06:55:28 +0200] "GET /modules/system/system-menus.css?F HTTP/1.1" 200 935 "http://www.sermonsforyou.co.uk/?q=node%2F50" "Mozilla/4.0 (compatible; MSIE 6.0; Windows NT 5.1; SV1)"
95.26.33.167 - - [23/Sep/2010:06:55:28 +0200] "GET /sites/all/modules/cck/cck/theme/content-module.css?F HTTP/1.1" 200 2397 "http://www.sermonsforyou.co.uk/?q=node%2F50" "Mozilla/4.0 (compatible; MSIE 6.0; Windows NT 5.1; SV1)"
89.178.136.162 - - [23/Sep/2010:06:55:29 +0200] "GET /modules/user/user.css?F HTTP/1.1" 200 1127 "http://www.sermonsforyou.co.uk/?q=node%2F50" "Mozilla/4.0 (compatible; MSIE 6.0; Windows NT 5.1; SV1)"
95.27.21.194 - - [23/Sep/2010:06:55:28 +0200] "GET /misc/jquery.js?F HTTP/1.1" 200 31089 "http://www.sermonsforyou.co.uk/?q=node%2F50" "Mozilla/4.0 (compatible; MSIE 6.0; Windows NT 5.1; SV1)"
95.25.169.168 - - [23/Sep/2010:06:55:31 +0200] "GET /modules/system/system.css?F HTTP/1.1" 200 10020 "http://www.sermonsforyou.co.uk/?q=node%2F50" "Mozilla/4.0 (compatible; MSIE 6.0; Windows NT 5.1; SV1)"
95.24.247.196 - - [23/Sep/2010:06:55:31 +0200] "GET /misc/drupal.js?F HTTP/1.1" 200 9745 "http://www.sermonsforyou.co.uk/?q=node%2F50" "Mozilla/4.0 (compatible; MSIE 6.0; Windows NT 5.1; SV1)"
95.27.154.114 - - [23/Sep/2010:06:55:32 +0200] "GET /sites/all/modules/taxonomy_vtn/taxonomy_vtn/taxonomy_vtn.css?F HTTP/1.1" 200 1540 "http://www.sermonsforyou.co.uk/?q=node%2F50" "Mozilla/4.0 (compatible; MSIE 6.0; Windows NT 5.1; SV1)"
95.27.188.102 - - [23/Sep/2010:06:55:33 +0200] "GET /themes/shallowgrunge/shallowgrunge/images/img03.jpg HTTP/1.1" 200 10877 "http://www.sermonsforyou.co.uk/?q=node%2F50" "Mozilla/4.0 (compatible; MSIE 6.0; Windows NT 5.1; SV1)"
89.178.45.73 - - [23/Sep/2010:06:55:33 +0200] "GET /themes/shallowgrunge/shallowgrunge/images/img02.jpg HTTP/1.1" 200 29303 "http://www.sermonsforyou.co.uk/?q=node%2F50" "Mozilla/4.0 (compatible; MSIE 6.0; Windows NT 5.1; SV1)"
95.26.16.5 - - [23/Sep/2010:06:55:33 +0200] "GET /misc/powered-blue-80x15.png HTTP/1.1" 200 1011 "http://www.sermonsforyou.co.uk/?q=node%2F50" "Mozilla/4.0 (compatible; MSIE 6.0; Windows NT 5.1; SV1)"
95.26.16.12 - - [23/Sep/2010:06:55:33 +0200] "GET /themes/shallowgrunge/shallowgrunge/images/img01.jpg HTTP/1.1" 200 72355 "http://www.sermonsforyou.co.uk/?q=node%2F50" "Mozilla/4.0 (compatible; MSIE 6.0; Windows NT 5.1; SV1)"
95.108.217.252 - - [23/Sep/2010:07:08:35 +0200] "GET /?q=node/135 HTTP/1.1" 200 4539 "-" "Mozilla/5.0 (compatible; YandexBot/3.0; +http://yandex.com/bots)"
69.41.14.215 - - [23/Sep/2010:07:27:21 +0200] "GET /?q=node/26 HTTP/1.1" 200 17748 "-" "Mozilla/5.0 (Windows; U; Windows NT 5.1; en-US; rv:1.9.0.1) Gecko/2008070208 Firefox/3.0.1"
66.249.66.34 - - [23/Sep/2010:07:36:27 +0200] "GET /?q=node/64 HTTP/1.1" 200 19679 "-" "Mozilla/5.0 (compatible; Googlebot/2.1; +http://www.google.com/bot.html)"
124.115.6.17 - - [23/Sep/2010:07:49:25 +0200] "GET /robots.txt HTTP/1.1" 200 707 "-" "Sosospider+(+http://help.soso.com/webspider.htm)"
95.108.217.252 - - [23/Sep/2010:08:00:58 +0200] "GET /robots.txt HTTP/1.1" 200 1642 "-" "Mozilla/5.0 (compatible; YandexBot/3.0; +http://yandex.com/bots)"
95.108.217.252 - - [23/Sep/2010:08:10:06 +0200] "GET /?q=user/register&destination=comment/reply/125%23comment-form HTTP/1.1" 200 2490 "-" "Mozilla/5.0 (compatible; YandexBot/3.0; +http://yandex.com/bots)"
66.249.66.34 - - [23/Sep/2010:08:18:01 +0200] "GET /?q=node/103 HTTP/1.1" 200 5826 "-" "Mozilla/5.0 (compatible; Googlebot/2.1; +http://www.google.com/bot.html)"
95.108.217.252 - - [23/Sep/2010:08:28:31 +0200] "GET /?q=user/register&destination=comment/reply/202%23comment-form HTTP/1.1" 200 2487 "-" "Mozilla/5.0 (compatible; YandexBot/3.0; +http://yandex.com/bots)"
220.181.7.77 - - [23/Sep/2010:08:29:00 +0200] "GET / HTTP/1.1" 200 13604 "-" "Baiduspider+(+http://www.baidu.com/search/spider.htm)"
123.125.66.126 - - [23/Sep/2010:08:29:16 +0200] "GET / HTTP/1.1" 200 13604 "-" "Baiduspider+(+http://www.baidu.com/search/spider.htm)"
124.115.0.109 - - [23/Sep/2010:08:31:58 +0200] "GET / HTTP/1.1" 200 3551 "-" "Sosospider+(+http://help.soso.com/webspider.htm)"
124.115.0.109 - - [23/Sep/2010:08:32:08 +0200] "GET /sites/all/modules/taxonomy_vtn/taxonomy_vtn/taxonomy_vtn.js?F HTTP/1.1" 200 465 "http://www.sermonsforyou.co.uk/" "Sosospider+(+http://help.soso.com/webspider.htm)"
95.108.217.252 - - [23/Sep/2010:08:56:05 +0200] "GET /?q=user/register&destination=comment/reply/102%23comment-form HTTP/1.1" 200 2491 "-" "Mozilla/5.0 (compatible; YandexBot/3.0; +http://yandex.com/bots)"
95.108.217.252 - - [23/Sep/2010:09:32:53 +0200] "GET /?q=user/register&destination=comment/reply/177%23comment-form HTTP/1.1" 200 2493 "-" "Mozilla/5.0 (compatible; YandexBot/3.0; +http://yandex.com/bots)"
66.249.66.34 - - [23/Sep/2010:09:43:35 +0200] "GET /?q=node/153 HTTP/1.1" 200 4594 "-" "Mozilla/5.0 (compatible; Googlebot/2.1; +http://www.google.com/bot.html)"
66.249.66.34 - - [23/Sep/2010:09:58:28 +0200] "GET /?q=node/98 HTTP/1.1" 200 5970 "-" "Mozilla/5.0 (compatible; Googlebot/2.1; +http://www.google.com/bot.html)"
95.108.217.252 - - [23/Sep/2010:10:00:27 +0200] "GET /?q=user/register&destination=comment/reply/122%23comment-form HTTP/1.1" 200 2492 "-" "Mozilla/5.0 (compatible; YandexBot/3.0; +http://yandex.com/bots)"
95.108.217.252 - - [23/Sep/2010:10:28:01 +0200] "GET /?q=user/register&destination=comment/reply/92%23comment-form HTTP/1.1" 200 2491 "-" "Mozilla/5.0 (compatible; YandexBot/3.0; +http://yandex.com/bots)"
207.46.199.37 - - [23/Sep/2010:10:44:56 +0200] "GET /robots.txt HTTP/1.1" 200 1642 "-" "msnbot/2.0b (+http://search.msn.com/msnbot.htm)"
95.108.217.252 - - [23/Sep/2010:10:55:34 +0200] "GET /?q=user/register&destination=comment/reply/150%23comment-form HTTP/1.1" 200 2493 "-" "Mozilla/5.0 (compatible; YandexBot/3.0; +http://yandex.com/bots)"
207.46.199.37 - - [23/Sep/2010:11:12:51 +0200] "GET /sitemap.xml HTTP/1.1" 200 11941 "-" "msnbot/2.0b (+http://search.msn.com/msnbot.htm)"
66.249.66.34 - - [23/Sep/2010:11:27:46 +0200] "GET /?q=node/151 HTTP/1.1" 200 4521 "-" "Mozilla/5.0 (compatible; Googlebot/2.1; +http://www.google.com/bot.html)"
95.108.217.252 - - [23/Sep/2010:11:32:20 +0200] "GET /?q=user/register&destination=comment/reply/204%23comment-form HTTP/1.1" 200 2490 "-" "Mozilla/5.0 (compatible; YandexBot/3.0; +http://yandex.com/bots)"
65.52.49.140 - - [23/Sep/2010:11:58:02 +0200] "GET /robots.txt HTTP/1.1" 200 1642 "-" "msnbot/2.0b (+http://search.msn.com/msnbot.htm)"
95.108.217.252 - - [23/Sep/2010:12:18:18 +0200] "GET /?q=node/100 HTTP/1.1" 200 5824 "-" "Mozilla/5.0 (compatible; YandexBot/3.0; +http://yandex.com/bots)"
95.108.217.252 - - [23/Sep/2010:12:36:41 +0200] "GET /?q=user/register&destination=comment/reply/136%23comment-form HTTP/1.1" 200 2492 "-" "Mozilla/5.0 (compatible; YandexBot/3.0; +http://yandex.com/bots)"
66.249.66.34 - - [23/Sep/2010:13:04:29 +0200] "GET /?q=node/136 HTTP/1.1" 200 4545 "-" "Mozilla/5.0 (compatible; Googlebot/2.1; +http://www.google.com/bot.html)"
38.99.96.199 - - [23/Sep/2010:13:24:08 +0200] "GET /robots.txt HTTP/1.1" 200 707 "-" "Mozilla/5.0 (compatible; ScoutJet; +http://www.scoutjet.com/)"
212.117.183.169 - - [23/Sep/2010:13:24:10 +0200] "GET /?q=user/reset/371/1285216315/a5b772b7201151d458c3235b05f063ca HTTP/1.0" 200 4000 "http://www.sermonsforyou.co.uk/?q=user/reset/371/1285216315/a5b772b7201151d458c3235b05f063ca" "Mozilla/4.0 (compatible; MSIE 5.5; Windows NT 5.0; .NET CLR 1.1.4322)"
212.117.183.169 - - [23/Sep/2010:13:24:10 +0200] "POST /?q=user/reset/371/1285216315/a5b772b7201151d458c3235b05f063ca/login HTTP/1.0" 302 0 "http://www.sermonsforyou.co.uk/?q=user/reset/371/1285216315/a5b772b7201151d458c3235b05f063ca" "Mozilla/4.0 (compatible; MSIE 5.5; Windows NT 5.0; .NET CLR 1.1.4322)"
212.117.183.169 - - [23/Sep/2010:13:24:10 +0200] "GET /?q=user/371/edit HTTP/1.0" 200 10069 "http://www.sermonsforyou.co.uk/?q=user/371/edit" "Mozilla/4.0 (compatible; MSIE 5.5; Windows NT 5.0; .NET CLR 1.1.4322)"
212.117.183.169 - - [23/Sep/2010:13:24:11 +0200] "GET /?q=user/reset/371/1285216315/a5b772b7201151d458c3235b05f063ca HTTP/1.0" 302 0 "http://www.sermonsforyou.co.uk/?q=user/reset/371/1285216315/a5b772b7201151d458c3235b05f063ca" "Mozilla/4.0 (compatible; MSIE 5.5; Windows NT 5.0; .NET CLR 1.1.4322)"
38.99.96.199 - - [23/Sep/2010:13:24:21 +0200] "GET / HTTP/1.1" 200 3551 "-" "Mozilla/5.0 (compatible; ScoutJet; +http://www.scoutjet.com/)"
38.99.96.199 - - [23/Sep/2010:13:24:55 +0200] "GET /?q=node/37 HTTP/1.1" 200 5519 "-" "Mozilla/5.0 (compatible; ScoutJet; +http://www.scoutjet.com/)"
38.99.96.199 - - [23/Sep/2010:13:25:19 +0200] "GET /?q=taxonomy_vtn/voc/1 HTTP/1.1" 200 1843 "-" "Mozilla/5.0 (compatible; ScoutJet; +http://www.scoutjet.com/)"
38.99.96.199 - - [23/Sep/2010:13:26:01 +0200] "GET /?q=node/4 HTTP/1.1" 200 1631 "-" "Mozilla/5.0 (compatible; ScoutJet; +http://www.scoutjet.com/)"
38.99.96.199 - - [23/Sep/2010:13:26:35 +0200] "GET /?q=node/5 HTTP/1.1" 200 1859 "-" "Mozilla/5.0 (compatible; ScoutJet; +http://www.scoutjet.com/)"
38.99.96.199 - - [23/Sep/2010:13:27:10 +0200] "GET /?q=node&page=1 HTTP/1.1" 200 3297 "-" "Mozilla/5.0 (compatible; ScoutJet; +http://www.scoutjet.com/)"
38.99.96.199 - - [23/Sep/2010:13:27:39 +0200] "GET /?q=node&page=2 HTTP/1.1" 200 3630 "-" "Mozilla/5.0 (compatible; ScoutJet; +http://www.scoutjet.com/)"
38.99.96.199 - - [23/Sep/2010:13:28:18 +0200] "GET /?q=node&page=3 HTTP/1.1" 200 3491 "-" "Mozilla/5.0 (compatible; ScoutJet; +http://www.scoutjet.com/)"
38.99.96.199 - - [23/Sep/2010:13:28:44 +0200] "GET /?q=node&page=5 HTTP/1.1" 200 2553 "-" "Mozilla/5.0 (compatible; ScoutJet; +http://www.scoutjet.com/)"
38.99.96.199 - - [23/Sep/2010:13:29:17 +0200] "GET /?q=node/51 HTTP/1.1" 200 4886 "-" "Mozilla/5.0 (compatible; ScoutJet; +http://www.scoutjet.com/)"
38.99.96.199 - - [23/Sep/2010:13:29:49 +0200] "GET /?q=node/52 HTTP/1.1" 200 5856 "-" "Mozilla/5.0 (compatible; ScoutJet; +http://www.scoutjet.com/)"
38.99.96.199 - - [23/Sep/2010:13:30:17 +0200] "GET /?q=node/53 HTTP/1.1" 200 5849 "-" "Mozilla/5.0 (compatible; ScoutJet; +http://www.scoutjet.com/)"
38.99.96.199 - - [23/Sep/2010:13:30:55 +0200] "GET /?q=node&page=4 HTTP/1.1" 200 3196 "-" "Mozilla/5.0 (compatible; ScoutJet; +http://www.scoutjet.com/)"
92.243.84.187 - - [23/Sep/2010:13:31:41 +0200] "GET /plugins/editors/tinymce/jscripts/tiny_mce/plugins/tinybrowser/tinybrowser.php?type=file&folder= HTTP/1.0" 404 1806 "http://www.sermonsforyou.co.uk/plugins/editors/tinymce/jscripts/tiny_mce/plugins/tinybrowser/tinybrowser.php?type=file&folder=" "Mozilla/4.0 (compatible; MSIE 6.0; Windows 98; Win 9x 4.90)"
95.108.217.252 - - [23/Sep/2010:13:31:48 +0200] "GET /?q=user/register&destination=comment/reply/151%23comment-form HTTP/1.1" 200 2490 "-" "Mozilla/5.0 (compatible; YandexBot/3.0; +http://yandex.com/bots)"
95.108.217.252 - - [23/Sep/2010:13:59:21 +0200] "GET /?q=user/register&destination=comment/reply/156%23comment-form HTTP/1.1" 200 2489 "-" "Mozilla/5.0 (compatible; YandexBot/3.0; +http://yandex.com/bots)"
178.162.182.149 - - [23/Sep/2010:14:05:57 +0200] "GET /?q=user/reset/134/1279046163/16469474131be1ef1e26dbe7973e2811 HTTP/1.0" 302 0 "http://www.sermonsforyou.co.uk/?q=user/reset/134/1279046163/16469474131be1ef1e26dbe7973e2811" "Mozilla/4.0 (compatible; MSIE 6.0; Windows NT 5.2; WOW64; SV1; .NET CLR 2.0.50727)"
178.162.182.149 - - [23/Sep/2010:14:05:57 +0200] "GET /?q=user/password HTTP/1.0" 200 5233 "http://www.sermonsforyou.co.uk/?q=user/password" "Mozilla/4.0 (compatible; MSIE 6.0; Windows NT 5.2; WOW64; SV1; .NET CLR 2.0.50727)"
178.162.182.149 - - [23/Sep/2010:14:05:58 +0200] "GET /?q=user HTTP/1.0" 200 5439 "http://www.sermonsforyou.co.uk/?q=user" "Mozilla/4.0 (compatible; MSIE 6.0; Windows NT 5.2; WOW64; SV1; .NET CLR 2.0.50727)"
178.162.182.149 - - [23/Sep/2010:14:05:58 +0200] "POST /?q=user HTTP/1.0" 302 0 "http://www.sermonsforyou.co.uk/?q=user" "Mozilla/4.0 (compatible; MSIE 6.0; Windows NT 5.2; WOW64; SV1; .NET CLR 2.0.50727)"
178.162.182.149 - - [23/Sep/2010:14:05:58 +0200] "GET /?q=user/134 HTTP/1.0" 200 5117 "http://www.sermonsforyou.co.uk/?q=user/134" "Mozilla/4.0 (compatible; MSIE 6.0; Windows NT 5.2; WOW64; SV1; .NET CLR 2.0.50727)"
178.162.182.149 - - [23/Sep/2010:14:05:59 +0200] "GET /?q=user/reset/134/1279046163/16469474131be1ef1e26dbe7973e2811 HTTP/1.0" 302 0 "http://www.sermonsforyou.co.uk/?q=user/reset/134/1279046163/16469474131be1ef1e26dbe7973e2811" "Mozilla/4.0 (compatible; MSIE 6.0; Windows NT 5.2; WOW64; SV1; .NET CLR 2.0.50727)"
95.108.217.252 - - [23/Sep/2010:14:08:33 +0200] "GET /?q=user/register&destination=comment/reply/195%23comment-form HTTP/1.1" 200 2489 "-" "Mozilla/5.0 (compatible; YandexBot/3.0; +http://yandex.com/bots)"
95.108.217.252 - - [23/Sep/2010:14:18:14 +0200] "GET /?q=user/register HTTP/1.1" 200 2461 "-" "Mozilla/5.0 (compatible; YandexBot/3.0; +http://yandex.com/bots)"
66.249.66.34 - - [23/Sep/2010:14:22:38 +0200] "GET /?q=node/128 HTTP/1.1" 200 5766 "-" "Mozilla/5.0 (compatible; Googlebot/2.1; +http://www.google.com/bot.html)"
95.108.217.252 - - [23/Sep/2010:14:34:06 +0200] "GET /?q=user/register&destination=comment/reply/89%23comment-form HTTP/1.1" 200 2491 "-" "Mozilla/5.0 (compatible; YandexBot/3.0; +http://yandex.com/bots)"
194.8.75.44 - - [23/Sep/2010:14:40:35 +0200] "GET /?q=node/60 HTTP/1.0" 200 17358 "http://www.sermonsforyou.co.uk/?q=node/60" "Mozilla/4.0 (compatible; MSIE 6.0; Windows NT 5.1; SV1; InfoPath.1"
194.8.75.44 - - [23/Sep/2010:14:40:47 +0200] "GET /?q=user/register&destination=comment/reply/60%2523comment-form HTTP/1.0" 200 6886 "http://www.sermonsforyou.co.uk/?q=user/register&destination=comment/reply/60%2523comment-form" "Mozilla/4.0 (compatible; MSIE 6.0; Windows NT 5.1; SV1; InfoPath.1"
194.8.75.44 - - [23/Sep/2010:14:40:47 +0200] "POST /?q=user/register&destination=comment/reply/60%252523comment-form HTTP/1.0" 302 0 "http://www.sermonsforyou.co.uk/?q=user/register&destination=comment/reply/60%2523comment-form" "Mozilla/4.0 (compatible; MSIE 6.0; Windows NT 5.1; SV1; InfoPath.1"
194.8.75.44 - - [23/Sep/2010:14:40:47 +0200] "GET /?q=comment/reply/60%252523comment-form HTTP/1.0" 404 3717 "http://www.sermonsforyou.co.uk/?q=comment/reply/60%252523comment-form" "Mozilla/4.0 (compatible; MSIE 6.0; Windows NT 5.1; SV1; InfoPath.1"
194.8.75.44 - - [23/Sep/2010:14:41:02 +0200] "GET /reply/60%252523comment-form HTTP/1.0" 404 1806 "http://www.sermonsforyou.co.uk/reply/60%252523comment-form" "Mozilla/4.0 (compatible; MSIE 6.0; Windows NT 5.1; SV1; InfoPath.1"
194.8.75.44 - - [23/Sep/2010:14:41:02 +0200] "GET /?q=user/login&destination=comment/reply/60%2523comment-form HTTP/1.0" 200 5480 "http://www.sermonsforyou.co.uk/?q=user/login&destination=comment/reply/60%2523comment-form" "Mozilla/4.0 (compatible; MSIE 6.0; Windows NT 5.1; SV1; InfoPath.1"
194.8.75.44 - - [23/Sep/2010:14:41:03 +0200] "POST /?q=user/login&destination=comment/reply/60%252523comment-form HTTP/1.0" 200 5644 "http://www.sermonsforyou.co.uk/?q=user/login&destination=comment/reply/60%2523comment-form" "Mozilla/4.0 (compatible; MSIE 6.0; Windows NT 5.1; SV1; InfoPath.1"
194.8.75.44 - - [23/Sep/2010:14:41:03 +0200] "GET /?q=node/60 HTTP/1.0" 200 17358 "http://www.sermonsforyou.co.uk/?q=node/60" "Mozilla/4.0 (compatible; MSIE 6.0; Windows NT 5.1; SV1; InfoPath.1"
194.8.75.44 - - [23/Sep/2010:14:41:03 +0200] "GET /index.php HTTP/1.0" 200 13604 "http://www.sermonsforyou.co.uk/index.php" "Mozilla/4.0 (compatible; MSIE 6.0; Windows NT 5.1; SV1; InfoPath.1"
194.8.75.44 - - [23/Sep/2010:14:42:15 +0200] "GET /?q=user/reset/372/1285245647/b1d8d73f45a0972d8be16ac78c24600f HTTP/1.0" 200 4002 "http://www.sermonsforyou.co.uk/?q=user/reset/372/1285245647/b1d8d73f45a0972d8be16ac78c24600f" "Mozilla/4.0 (compatible; MSIE 6.0; Windows NT 5.2; Win64; x64; SV1; .NET CLR 2.0.50727)"
194.8.75.44 - - [23/Sep/2010:14:42:15 +0200] "GET / HTTP/1.0" 200 13604 "http://www.sermonsforyou.co.uk/" "Mozilla/4.0 (compatible; MSIE 6.0; Windows NT 5.2; Win64; x64; SV1; .NET CLR 2.0.50727)"
194.8.75.44 - - [23/Sep/2010:14:42:35 +0200] "GET /?q=user/reset/372/1285245647/b1d8d73f45a0972d8be16ac78c24600f HTTP/1.0" 200 4002 "http://www.sermonsforyou.co.uk/?q=user/reset/372/1285245647/b1d8d73f45a0972d8be16ac78c24600f" "Mozilla/4.0 (compatible; MSIE 6.0; Windows NT 5.2; Win64; x64; SV1; .NET CLR 2.0.50727)"
95.108.217.252 - - [23/Sep/2010:14:56:03 +0200] "GET /?q=user/register&destination=comment/reply/130%23comment-form HTTP/1.1" 200 2490 "-" "Mozilla/5.0 (compatible; YandexBot/3.0; +http://yandex.com/bots)"
95.108.217.252 - - [23/Sep/2010:15:26:15 +0200] "GET /?q=user/register&destination=comment/reply/197%23comment-form HTTP/1.1" 200 2491 "-" "Mozilla/5.0 (compatible; YandexBot/3.0; +http://yandex.com/bots)"
124.115.4.202 - - [23/Sep/2010:15:39:37 +0200] "GET / HTTP/1.1" 200 3551 "-" "Sosospider+(+http://help.soso.com/webspider.htm)"
91.212.226.56 - - [23/Sep/2010:15:47:14 +0200] "GET /?q=node/37 HTTP/1.1" 200 15447 "-" "Mozilla/4.0 (compatible; MSIE 6.0; Windows NT 5.1; SV1)"
91.212.226.56 - - [23/Sep/2010:15:47:14 +0200] "GET / HTTP/1.1" 200 13604 "-" "Mozilla/4.0 (compatible; MSIE 6.0; Windows NT 5.1; SV1)"
91.212.226.56 - - [23/Sep/2010:15:47:25 +0200] "GET /?q=node/4 HTTP/1.1" 200 4458 "-" "Mozilla/4.0 (compatible; MSIE 6.0; Windows NT 5.1; SV1)"
91.212.226.56 - - [23/Sep/2010:15:47:25 +0200] "GET /?q=taxonomy_vtn/voc/1 HTTP/1.1" 200 5431 "-" "Mozilla/4.0 (compatible; MSIE 6.0; Windows NT 5.1; SV1)"
91.212.226.56 - - [23/Sep/2010:15:47:26 +0200] "GET /?q=node/5 HTTP/1.1" 200 4867 "-" "Mozilla/4.0 (compatible; MSIE 6.0; Windows NT 5.1; SV1)"
91.212.226.56 - - [23/Sep/2010:15:47:28 +0200] "GET /?q=taxonomy_vtn/term/7 HTTP/1.1" 200 7480 "-" "Mozilla/4.0 (compatible; MSIE 6.0; Windows NT 5.1; SV1)"
95.108.217.252 - - [23/Sep/2010:16:00:45 +0200] "GET /?q=user/register&destination=comment/reply/200%23comment-form HTTP/1.1" 200 2493 "-" "Mozilla/5.0 (compatible; YandexBot/3.0; +http://yandex.com/bots)"
66.249.66.34 - - [23/Sep/2010:16:25:23 +0200] "GET /?q=node/196 HTTP/1.1" 200 2514 "-" "Mozilla/5.0 (compatible; Googlebot/2.1; +http://www.google.com/bot.html)"
98.231.32.167 - - [23/Sep/2010:16:30:05 +0200] "GET /?q=node/58 HTTP/1.1" 200 6061 "http://www.google.com/search?q=jesus+friend+sinners+text&sourceid=ie7&rls=com.microsoft:en-us:IE-SearchBox&ie=&oe=" "Mozilla/4.0 (compatible; MSIE 8.0; Windows NT 5.1; Trident/4.0; .NET CLR 1.1.4322; .NET CLR 2.0.50727; .NET CLR 3.0.04506.30; MDDC; .NET CLR 3.0.4506.2152; .NET CLR 3.5.30729; yie8)"
98.231.32.167 - - [23/Sep/2010:16:30:05 +0200] "GET /modules/node/node.css?F HTTP/1.1" 200 740 "http://www.sermonsforyou.co.uk/?q=node/58" "Mozilla/4.0 (compatible; MSIE 8.0; Windows NT 5.1; Trident/4.0; .NET CLR 1.1.4322; .NET CLR 2.0.50727; .NET CLR 3.0.04506.30; MDDC; .NET CLR 3.0.4506.2152; .NET CLR 3.5.30729; yie8)"
98.231.32.167 - - [23/Sep/2010:16:30:06 +0200] "GET /sites/all/modules/taxonomy_vtn/taxonomy_vtn/taxonomy_vtn.css?F HTTP/1.1" 200 1540 "http://www.sermonsforyou.co.uk/?q=node/58" "Mozilla/4.0 (compatible; MSIE 8.0; Windows NT 5.1; Trident/4.0; .NET CLR 1.1.4322; .NET CLR 2.0.50727; .NET CLR 3.0.04506.30; MDDC; .NET CLR 3.0.4506.2152; .NET CLR 3.5.30729; yie8)"
98.231.32.167 - - [23/Sep/2010:16:30:06 +0200] "GET /modules/system/defaults.css?F HTTP/1.1" 200 757 "http://www.sermonsforyou.co.uk/?q=node/58" "Mozilla/4.0 (compatible; MSIE 8.0; Windows NT 5.1; Trident/4.0; .NET CLR 1.1.4322; .NET CLR 2.0.50727; .NET CLR 3.0.04506.30; MDDC; .NET CLR 3.0.4506.2152; .NET CLR 3.5.30729; yie8)"
98.231.32.167 - - [23/Sep/2010:16:30:06 +0200] "GET /modules/system/system.css?F HTTP/1.1" 200 10020 "http://www.sermonsforyou.co.uk/?q=node/58" "Mozilla/4.0 (compatible; MSIE 8.0; Windows NT 5.1; Trident/4.0; .NET CLR 1.1.4322; .NET CLR 2.0.50727; .NET CLR 3.0.04506.30; MDDC; .NET CLR 3.0.4506.2152; .NET CLR 3.5.30729; yie8)"
98.231.32.167 - - [23/Sep/2010:16:30:06 +0200] "GET /modules/system/system-menus.css?F HTTP/1.1" 200 935 "http://www.sermonsforyou.co.uk/?q=node/58" "Mozilla/4.0 (compatible; MSIE 8.0; Windows NT 5.1; Trident/4.0; .NET CLR 1.1.4322; .NET CLR 2.0.50727; .NET CLR 3.0.04506.30; MDDC; .NET CLR 3.0.4506.2152; .NET CLR 3.5.30729; yie8)"
98.231.32.167 - - [23/Sep/2010:16:30:06 +0200] "GET /sites/all/modules/cck/cck/theme/content-module.css?F HTTP/1.1" 200 2397 "http://www.sermonsforyou.co.uk/?q=node/58" "Mozilla/4.0 (compatible; MSIE 8.0; Windows NT 5.1; Trident/4.0; .NET CLR 1.1.4322; .NET CLR 2.0.50727; .NET CLR 3.0.04506.30; MDDC; .NET CLR 3.0.4506.2152; .NET CLR 3.5.30729; yie8)"
98.231.32.167 - - [23/Sep/2010:16:30:06 +0200] "GET /modules/user/user.css?F HTTP/1.1" 200 1127 "http://www.sermonsforyou.co.uk/?q=node/58" "Mozilla/4.0 (compatible; MSIE 8.0; Windows NT 5.1; Trident/4.0; .NET CLR 1.1.4322; .NET CLR 2.0.50727; .NET CLR 3.0.04506.30; MDDC; .NET CLR 3.0.4506.2152; .NET CLR 3.5.30729; yie8)"
98.231.32.167 - - [23/Sep/2010:16:30:06 +0200] "GET /themes/shallowgrunge/shallowgrunge/style.css?F HTTP/1.1" 200 4871 "http://www.sermonsforyou.co.uk/?q=node/58" "Mozilla/4.0 (compatible; MSIE 8.0; Windows NT 5.1; Trident/4.0; .NET CLR 1.1.4322; .NET CLR 2.0.50727; .NET CLR 3.0.04506.30; MDDC; .NET CLR 3.0.4506.2152; .NET CLR 3.5.30729; yie8)"
