95.108.217.252 - - [26/Sep/2010:00:03:19 +0200] "GET /?q=node/60 HTTP/1.1" 200 6125 "-" "Mozilla/5.0 (compatible; YandexBot/3.0; +http://yandex.com/bots)"
95.108.217.252 - - [26/Sep/2010:00:03:49 +0200] "GET /?q=node/58 HTTP/1.1" 200 6061 "-" "Mozilla/5.0 (compatible; YandexBot/3.0; +http://yandex.com/bots)"
95.108.217.252 - - [26/Sep/2010:00:04:07 +0200] "GET /?q=user/register&destination=comment/reply/198%23comment-form HTTP/1.1" 403 1539 "-" "Mozilla/5.0 (compatible; YandexBot/3.0; +http://yandex.com/bots)"
95.108.217.252 - - [26/Sep/2010:00:04:39 +0200] "GET /?q=node/213 HTTP/1.1" 404 1311 "-" "Mozilla/5.0 (compatible; YandexBot/3.0; +http://yandex.com/bots)"
86.28.248.231 - - [26/Sep/2010:00:05:51 +0200] "GET /?q=rss.xml HTTP/1.1" 200 8642 "-" "Mozilla/5.0 (compatible; Google Desktop/5.9.1005.12335; http://desktop.google.com/)"
95.108.217.252 - - [26/Sep/2010:00:07:19 +0200] "GET /?q=node/55 HTTP/1.1" 200 6103 "-" "Mozilla/5.0 (compatible; YandexBot/3.0; +http://yandex.com/bots)"
95.108.217.252 - - [26/Sep/2010:00:12:21 +0200] "GET /?q=node/234 HTTP/1.1" 404 1311 "-" "Mozilla/5.0 (compatible; YandexBot/3.0; +http://yandex.com/bots)"
95.108.217.252 - - [26/Sep/2010:00:20:52 +0200] "GET /?q=user/register&destination=comment/reply/126%23comment-form HTTP/1.1" 403 1539 "-" "Mozilla/5.0 (compatible; YandexBot/3.0; +http://yandex.com/bots)"
86.28.248.231 - - [26/Sep/2010:00:24:52 +0200] "GET /?q=rss.xml HTTP/1.1" 200 8642 "-" "Mozilla/5.0 (compatible; Google Desktop/5.9.1005.12335; http://desktop.google.com/)"
95.108.217.252 - - [26/Sep/2010:00:34:44 +0200] "GET /?q=node/215 HTTP/1.1" 404 1311 "-" "Mozilla/5.0 (compatible; YandexBot/3.0; +http://yandex.com/bots)"
95.108.217.252 - - [26/Sep/2010:00:40:31 +0200] "GET /?q=node/217 HTTP/1.1" 404 1311 "-" "Mozilla/5.0 (compatible; YandexBot/3.0; +http://yandex.com/bots)"
95.108.217.252 - - [26/Sep/2010:00:42:16 +0200] "GET /?q=node/235 HTTP/1.1" 404 1311 "-" "Mozilla/5.0 (compatible; YandexBot/3.0; +http://yandex.com/bots)"
86.28.248.231 - - [26/Sep/2010:00:43:52 +0200] "GET /?q=rss.xml HTTP/1.1" 200 8642 "-" "Mozilla/5.0 (compatible; Google Desktop/5.9.1005.12335; http://desktop.google.com/)"
95.108.217.252 - - [26/Sep/2010:00:48:07 +0200] "GET /?q=user/register&destination=comment/reply/98%23comment-form HTTP/1.1" 403 1539 "-" "Mozilla/5.0 (compatible; YandexBot/3.0; +http://yandex.com/bots)"
86.28.248.231 - - [26/Sep/2010:01:02:53 +0200] "GET /?q=rss.xml HTTP/1.1" 200 8642 "-" "Mozilla/5.0 (compatible; Google Desktop/5.9.1005.12335; http://desktop.google.com/)"
95.108.217.252 - - [26/Sep/2010:01:05:28 +0200] "GET /?q=node/220 HTTP/1.1" 404 1311 "-" "Mozilla/5.0 (compatible; YandexBot/3.0; +http://yandex.com/bots)"
119.63.198.57 - - [26/Sep/2010:01:08:10 +0200] "GET /robots.txt HTTP/1.1" 200 707 "-" "Baiduspider+(+http://www.baidu.com/search/spider.htm)"
95.108.217.252 - - [26/Sep/2010:01:17:26 +0200] "GET /?q=node/15 HTTP/1.1" 200 4754 "-" "Mozilla/5.0 (compatible; YandexBot/3.0; +http://yandex.com/bots)"
95.108.217.252 - - [26/Sep/2010:01:33:41 +0200] "GET /?q=node/229 HTTP/1.1" 404 1311 "-" "Mozilla/5.0 (compatible; YandexBot/3.0; +http://yandex.com/bots)"
66.249.66.34 - - [26/Sep/2010:01:38:38 +0200] "GET /robots.txt HTTP/1.1" 200 707 "-" "Mozilla/5.0 (compatible; Googlebot/2.1; +http://www.google.com/bot.html)"
66.249.66.34 - - [26/Sep/2010:01:38:38 +0200] "GET /?q=node/211 HTTP/1.1" 404 1311 "-" "Mozilla/5.0 (compatible; Googlebot/2.1; +http://www.google.com/bot.html)"
95.108.217.252 - - [26/Sep/2010:01:39:24 +0200] "GET /?q=user/register&destination=comment/reply/144%23comment-form HTTP/1.1" 403 1539 "-" "Mozilla/5.0 (compatible; YandexBot/3.0; +http://yandex.com/bots)"
95.108.217.252 - - [26/Sep/2010:01:39:35 +0200] "GET /?q=user/register&destination=comment/reply/192%23comment-form HTTP/1.1" 403 1539 "-" "Mozilla/5.0 (compatible; YandexBot/3.0; +http://yandex.com/bots)"
95.108.217.252 - - [26/Sep/2010:01:43:59 +0200] "GET /?q=node/135 HTTP/1.1" 200 4461 "-" "Mozilla/5.0 (compatible; YandexBot/3.0; +http://yandex.com/bots)"
95.108.217.252 - - [26/Sep/2010:01:50:01 +0200] "GET /?q=user/register&destination=comment/reply/67%23comment-form HTTP/1.1" 403 1539 "-" "Mozilla/5.0 (compatible; YandexBot/3.0; +http://yandex.com/bots)"
95.108.217.252 - - [26/Sep/2010:02:01:27 +0200] "GET /?q=user/register&destination=comment/reply/140%23comment-form HTTP/1.1" 403 1539 "-" "Mozilla/5.0 (compatible; YandexBot/3.0; +http://yandex.com/bots)"
95.108.217.252 - - [26/Sep/2010:02:06:47 +0200] "GET /?q=user/register&destination=comment/reply/103%23comment-form HTTP/1.1" 403 1539 "-" "Mozilla/5.0 (compatible; YandexBot/3.0; +http://yandex.com/bots)"
95.108.217.252 - - [26/Sep/2010:02:16:12 +0200] "GET /?q=user/register&destination=comment/reply/155%23comment-form HTTP/1.1" 403 1539 "-" "Mozilla/5.0 (compatible; YandexBot/3.0; +http://yandex.com/bots)"
95.108.217.252 - - [26/Sep/2010:02:23:01 +0200] "GET /?q=user/register&destination=comment/reply/107%23comment-form HTTP/1.1" 403 1539 "-" "Mozilla/5.0 (compatible; YandexBot/3.0; +http://yandex.com/bots)"
95.108.217.252 - - [26/Sep/2010:02:25:24 +0200] "GET /?q=user/register&destination=comment/reply/92%23comment-form HTTP/1.1" 403 1539 "-" "Mozilla/5.0 (compatible; YandexBot/3.0; +http://yandex.com/bots)"
95.108.217.252 - - [26/Sep/2010:02:35:01 +0200] "GET /?q=node/162 HTTP/1.1" 200 2490 "-" "Mozilla/5.0 (compatible; YandexBot/3.0; +http://yandex.com/bots)"
95.108.217.252 - - [26/Sep/2010:02:44:33 +0200] "GET /?q=user/register&destination=comment/reply/109%23comment-form HTTP/1.1" 403 1539 "-" "Mozilla/5.0 (compatible; YandexBot/3.0; +http://yandex.com/bots)"
65.52.51.180 - - [26/Sep/2010:02:50:17 +0200] "GET /robots.txt HTTP/1.1" 200 1642 "-" "msnbot/2.0b (+http://search.msn.com/msnbot.htm)"
95.108.217.252 - - [26/Sep/2010:02:56:51 +0200] "GET /?q=user/register&destination=comment/reply/157%23comment-form HTTP/1.1" 403 1539 "-" "Mozilla/5.0 (compatible; YandexBot/3.0; +http://yandex.com/bots)"
95.108.217.252 - - [26/Sep/2010:03:10:45 +0200] "GET /?q=user/register&destination=comment/reply/205%23comment-form HTTP/1.1" 403 1539 "-" "Mozilla/5.0 (compatible; YandexBot/3.0; +http://yandex.com/bots)"
124.115.0.109 - - [26/Sep/2010:03:12:04 +0200] "GET / HTTP/1.1" 200 3599 "-" "Sosospider+(+http://help.soso.com/webspider.htm)"
95.108.217.252 - - [26/Sep/2010:03:23:05 +0200] "GET /?q=user/register&destination=comment/reply/199%23comment-form HTTP/1.1" 403 1539 "-" "Mozilla/5.0 (compatible; YandexBot/3.0; +http://yandex.com/bots)"
220.181.7.87 - - [26/Sep/2010:03:27:35 +0200] "GET / HTTP/1.1" 200 13480 "-" "Baiduspider+(+http://www.baidu.com/search/spider.htm)"
123.125.66.87 - - [26/Sep/2010:03:29:59 +0200] "GET / HTTP/1.1" 200 13480 "-" "Baiduspider+(+http://www.baidu.com/search/spider.htm)"
75.191.141.133 - - [26/Sep/2010:03:33:20 +0200] "GET /?q=node/58 HTTP/1.1" 200 6061 "http://www.google.com/url?sa=t&source=web&cd=33&ved=0CBgQFjACOB4&url=http%3A%2F%2Fwww.sermonsforyou.co.uk%2F%3Fq%3Dnode%2F58&rct=j&q=jesus%20a%20friend%20of%20sinners&ei=oaKeTLG0A8L_lge-zvDhCg&usg=AFQjCNFq_pQP-iBWarVzw-6kAlEB5tliEw" "Mozilla/4.0 (compatible; MSIE 8.0; Windows NT 5.1; Trident/4.0; .NET CLR 1.0.3705; .NET CLR 1.1.4322; Media Center PC 4.0; .NET CLR 2.0.50727; .NET CLR 3.0.4506.2152; .NET CLR 3.5.30729)"
75.191.141.133 - - [26/Sep/2010:03:33:20 +0200] "GET /sites/all/modules/taxonomy_vtn/taxonomy_vtn/taxonomy_vtn.css?F HTTP/1.1" 200 1540 "http://www.sermonsforyou.co.uk/?q=node/58" "Mozilla/4.0 (compatible; MSIE 8.0; Windows NT 5.1; Trident/4.0; .NET CLR 1.0.3705; .NET CLR 1.1.4322; Media Center PC 4.0; .NET CLR 2.0.50727; .NET CLR 3.0.4506.2152; .NET CLR 3.5.30729)"
75.191.141.133 - - [26/Sep/2010:03:33:20 +0200] "GET /modules/system/system.css?F HTTP/1.1" 200 10020 "http://www.sermonsforyou.co.uk/?q=node/58" "Mozilla/4.0 (compatible; MSIE 8.0; Windows NT 5.1; Trident/4.0; .NET CLR 1.0.3705; .NET CLR 1.1.4322; Media Center PC 4.0; .NET CLR 2.0.50727; .NET CLR 3.0.4506.2152; .NET CLR 3.5.30729)"
75.191.141.133 - - [26/Sep/2010:03:33:20 +0200] "GET /modules/node/node.css?F HTTP/1.1" 200 740 "http://www.sermonsforyou.co.uk/?q=node/58" "Mozilla/4.0 (compatible; MSIE 8.0; Windows NT 5.1; Trident/4.0; .NET CLR 1.0.3705; .NET CLR 1.1.4322; Media Center PC 4.0; .NET CLR 2.0.50727; .NET CLR 3.0.4506.2152; .NET CLR 3.5.30729)"
75.191.141.133 - - [26/Sep/2010:03:33:20 +0200] "GET /modules/system/defaults.css?F HTTP/1.1" 200 757 "http://www.sermonsforyou.co.uk/?q=node/58" "Mozilla/4.0 (compatible; MSIE 8.0; Windows NT 5.1; Trident/4.0; .NET CLR 1.0.3705; .NET CLR 1.1.4322; Media Center PC 4.0; .NET CLR 2.0.50727; .NET CLR 3.0.4506.2152; .NET CLR 3.5.30729)"
75.191.141.133 - - [26/Sep/2010:03:33:20 +0200] "GET /sites/all/modules/cck/cck/theme/content-module.css?F HTTP/1.1" 200 2397 "http://www.sermonsforyou.co.uk/?q=node/58" "Mozilla/4.0 (compatible; MSIE 8.0; Windows NT 5.1; Trident/4.0; .NET CLR 1.0.3705; .NET CLR 1.1.4322; Media Center PC 4.0; .NET CLR 2.0.50727; .NET CLR 3.0.4506.2152; .NET CLR 3.5.30729)"
75.191.141.133 - - [26/Sep/2010:03:33:20 +0200] "GET /themes/shallowgrunge/shallowgrunge/style.css?F HTTP/1.1" 200 4871 "http://www.sermonsforyou.co.uk/?q=node/58" "Mozilla/4.0 (compatible; MSIE 8.0; Windows NT 5.1; Trident/4.0; .NET CLR 1.0.3705; .NET CLR 1.1.4322; Media Center PC 4.0; .NET CLR 2.0.50727; .NET CLR 3.0.4506.2152; .NET CLR 3.5.30729)"
75.191.141.133 - - [26/Sep/2010:03:33:20 +0200] "GET /modules/system/system-menus.css?F HTTP/1.1" 200 935 "http://www.sermonsforyou.co.uk/?q=node/58" "Mozilla/4.0 (compatible; MSIE 8.0; Windows NT 5.1; Trident/4.0; .NET CLR 1.0.3705; .NET CLR 1.1.4322; Media Center PC 4.0; .NET CLR 2.0.50727; .NET CLR 3.0.4506.2152; .NET CLR 3.5.30729)"
75.191.141.133 - - [26/Sep/2010:03:33:20 +0200] "GET /modules/user/user.css?F HTTP/1.1" 200 1127 "http://www.sermonsforyou.co.uk/?q=node/58" "Mozilla/4.0 (compatible; MSIE 8.0; Windows NT 5.1; Trident/4.0; .NET CLR 1.0.3705; .NET CLR 1.1.4322; Media Center PC 4.0; .NET CLR 2.0.50727; .NET CLR 3.0.4506.2152; .NET CLR 3.5.30729)"
75.191.141.133 - - [26/Sep/2010:03:33:20 +0200] "GET /misc/drupal.js?F HTTP/1.1" 200 9745 "http://www.sermonsforyou.co.uk/?q=node/58" "Mozilla/4.0 (compatible; MSIE 8.0; Windows NT 5.1; Trident/4.0; .NET CLR 1.0.3705; .NET CLR 1.1.4322; Media Center PC 4.0; .NET CLR 2.0.50727; .NET CLR 3.0.4506.2152; .NET CLR 3.5.30729)"
75.191.141.133 - - [26/Sep/2010:03:33:20 +0200] "GET /sites/all/modules/taxonomy_vtn/taxonomy_vtn/taxonomy_vtn.js?F HTTP/1.1" 200 465 "http://www.sermonsforyou.co.uk/?q=node/58" "Mozilla/4.0 (compatible; MSIE 8.0; Windows NT 5.1; Trident/4.0; .NET CLR 1.0.3705; .NET CLR 1.1.4322; Media Center PC 4.0; .NET CLR 2.0.50727; .NET CLR 3.0.4506.2152; .NET CLR 3.5.30729)"
75.191.141.133 - - [26/Sep/2010:03:33:20 +0200] "GET /sites/all/modules/google_analytics/googleanalytics.js?F HTTP/1.1" 200 1725 "http://www.sermonsforyou.co.uk/?q=node/58" "Mozilla/4.0 (compatible; MSIE 8.0; Windows NT 5.1; Trident/4.0; .NET CLR 1.0.3705; .NET CLR 1.1.4322; Media Center PC 4.0; .NET CLR 2.0.50727; .NET CLR 3.0.4506.2152; .NET CLR 3.5.30729)"
75.191.141.133 - - [26/Sep/2010:03:33:20 +0200] "GET /misc/jquery.js?F HTTP/1.1" 200 31089 "http://www.sermonsforyou.co.uk/?q=node/58" "Mozilla/4.0 (compatible; MSIE 8.0; Windows NT 5.1; Trident/4.0; .NET CLR 1.0.3705; .NET CLR 1.1.4322; Media Center PC 4.0; .NET CLR 2.0.50727; .NET CLR 3.0.4506.2152; .NET CLR 3.5.30729)"
75.191.141.133 - - [26/Sep/2010:03:33:21 +0200] "GET /misc/powered-blue-80x15.png HTTP/1.1" 200 1011 "http://www.sermonsforyou.co.uk/?q=node/58" "Mozilla/4.0 (compatible; MSIE 8.0; Windows NT 5.1; Trident/4.0; .NET CLR 1.0.3705; .NET CLR 1.1.4322; Media Center PC 4.0; .NET CLR 2.0.50727; .NET CLR 3.0.4506.2152; .NET CLR 3.5.30729)"
75.191.141.133 - - [26/Sep/2010:03:33:21 +0200] "GET /themes/shallowgrunge/shallowgrunge/images/img03.jpg HTTP/1.1" 200 10877 "http://www.sermonsforyou.co.uk/?q=node/58" "Mozilla/4.0 (compatible; MSIE 8.0; Windows NT 5.1; Trident/4.0; .NET CLR 1.0.3705; .NET CLR 1.1.4322; Media Center PC 4.0; .NET CLR 2.0.50727; .NET CLR 3.0.4506.2152; .NET CLR 3.5.30729)"
75.191.141.133 - - [26/Sep/2010:03:33:21 +0200] "GET /themes/shallowgrunge/shallowgrunge/images/img02.jpg HTTP/1.1" 200 29303 "http://www.sermonsforyou.co.uk/?q=node/58" "Mozilla/4.0 (compatible; MSIE 8.0; Windows NT 5.1; Trident/4.0; .NET CLR 1.0.3705; .NET CLR 1.1.4322; Media Center PC 4.0; .NET CLR 2.0.50727; .NET CLR 3.0.4506.2152; .NET CLR 3.5.30729)"
75.191.141.133 - - [26/Sep/2010:03:33:21 +0200] "GET /themes/shallowgrunge/shallowgrunge/images/img01.jpg HTTP/1.1" 200 72355 "http://www.sermonsforyou.co.uk/?q=node/58" "Mozilla/4.0 (compatible; MSIE 8.0; Windows NT 5.1; Trident/4.0; .NET CLR 1.0.3705; .NET CLR 1.1.4322; Media Center PC 4.0; .NET CLR 2.0.50727; .NET CLR 3.0.4506.2152; .NET CLR 3.5.30729)"
75.191.141.133 - - [26/Sep/2010:03:33:22 +0200] "GET /misc/favicon.ico HTTP/1.1" 200 5430 "-" "Mozilla/4.0 (compatible; MSIE 8.0; Windows NT 5.1; Trident/4.0; .NET CLR 1.0.3705; .NET CLR 1.1.4322; Media Center PC 4.0; .NET CLR 2.0.50727; .NET CLR 3.0.4506.2152; .NET CLR 3.5.30729)"
150.70.64.194 - - [26/Sep/2010:03:39:22 +0200] "GET /?q=node/58 HTTP/1.0" 200 16828 "-" "Mozilla/4.0 (compatible; MSIE 6.0; Windows NT 5.1)"
150.70.64.194 - - [26/Sep/2010:03:39:26 +0200] "GET /misc/favicon.ico HTTP/1.0" 200 5430 "-" "Mozilla/4.0 (compatible; MSIE 6.0; Windows NT 5.1)"
150.70.64.194 - - [26/Sep/2010:03:40:41 +0200] "GET /?q=node/58 HTTP/1.0" 200 16828 "-" "Mozilla/4.0 (compatible; MSIE 6.0; Windows NT 5.1)"
95.108.217.252 - - [26/Sep/2010:03:44:26 +0200] "GET /?q=node/194 HTTP/1.1" 200 2294 "-" "Mozilla/5.0 (compatible; YandexBot/3.0; +http://yandex.com/bots)"
94.142.130.192 - - [26/Sep/2010:03:47:25 +0200] "GET /?q=taxonomy_vtn/term/12 HTTP/1.0" 200 15937 "http://www.sermonsforyou.co.uk/?q=taxonomy_vtn/term/12" "Opera/7.60 (Windows NT 5.2; U) [en] (IBM EVV/3.0/EAK01AG9/LE)"
94.142.130.192 - - [26/Sep/2010:03:47:32 +0200] "GET /?q=taxonomy_vtn/voc/2 HTTP/1.0" 200 4556 "http://www.sermonsforyou.co.uk/?q=taxonomy_vtn/voc/2" "Opera/7.60 (Windows NT 5.2; U) [en] (IBM EVV/3.0/EAK01AG9/LE)"
94.142.130.192 - - [26/Sep/2010:03:47:44 +0200] "GET /?q=taxonomy_vtn/term/12 HTTP/1.0" 200 15937 "http://www.sermonsforyou.co.uk/?q=taxonomy_vtn/term/12" "Opera/7.60 (Windows NT 5.2; U) [en] (IBM EVV/3.0/EAK01AG9/LE)"
94.142.130.192 - - [26/Sep/2010:03:48:48 +0200] "GET /?q=node/67 HTTP/1.0" 200 4682 "http://www.sermonsforyou.co.uk/?q=node/67" "Opera/7.60 (Windows NT 5.2; U) [en] (IBM EVV/3.0/EAK01AG9/LE)"
94.142.130.192 - - [26/Sep/2010:03:48:53 +0200] "GET /index.php HTTP/1.0" 200 13480 "http://www.sermonsforyou.co.uk/index.php" "Opera/7.60 (Windows NT 5.2; U) [en] (IBM EVV/3.0/EAK01AG9/LE)"
95.108.217.252 - - [26/Sep/2010:03:56:23 +0200] "GET /?q=node/183 HTTP/1.1" 200 2254 "-" "Mozilla/5.0 (compatible; YandexBot/3.0; +http://yandex.com/bots)"
95.108.217.252 - - [26/Sep/2010:04:13:00 +0200] "GET /?q=user/register&destination=comment/reply/150%23comment-form HTTP/1.1" 403 1539 "-" "Mozilla/5.0 (compatible; YandexBot/3.0; +http://yandex.com/bots)"
95.108.217.252 - - [26/Sep/2010:04:26:42 +0200] "GET /?q=user/register&destination=comment/reply/115%23comment-form HTTP/1.1" 403 1539 "-" "Mozilla/5.0 (compatible; YandexBot/3.0; +http://yandex.com/bots)"
124.115.6.17 - - [26/Sep/2010:04:38:46 +0200] "GET /robots.txt HTTP/1.1" 200 707 "-" "Sosospider+(+http://help.soso.com/webspider.htm)"
95.108.217.252 - - [26/Sep/2010:04:40:04 +0200] "GET /?q=node/164 HTTP/1.1" 200 2110 "-" "Mozilla/5.0 (compatible; YandexBot/3.0; +http://yandex.com/bots)"
95.108.217.252 - - [26/Sep/2010:04:59:02 +0200] "GET /?q=node/170 HTTP/1.1" 200 2061 "-" "Mozilla/5.0 (compatible; YandexBot/3.0; +http://yandex.com/bots)"
95.108.217.252 - - [26/Sep/2010:05:11:29 +0200] "GET /?q=user/register&destination=comment/reply/94%23comment-form HTTP/1.1" 403 1539 "-" "Mozilla/5.0 (compatible; YandexBot/3.0; +http://yandex.com/bots)"
95.108.217.252 - - [26/Sep/2010:05:27:21 +0200] "GET /?q=user/register&destination=comment/reply/173%23comment-form HTTP/1.1" 403 1539 "-" "Mozilla/5.0 (compatible; YandexBot/3.0; +http://yandex.com/bots)"
88.198.37.84 - - [26/Sep/2010:05:30:36 +0200] "GET /?q=user/register HTTP/1.1" 403 1539 "-" "Mozilla/4.0 (compatible; MSIE 7.0; Windows NT 6.1; WOW64; Trident/4.0; SLCC2; .NET CLR 2.0.50727; .NET CLR 3.5.30729; .NET CLR 3.0.30729; .NET4.0C; .NET4.0E)"
88.198.37.84 - - [26/Sep/2010:05:30:36 +0200] "GET /sites/all/modules/taxonomy_vtn/taxonomy_vtn/taxonomy_vtn.css?F HTTP/1.1" 200 1540 "http://www.sermonsforyou.co.uk/?q=user/register" "Mozilla/4.0 (compatible; MSIE 7.0; Windows NT 6.1; WOW64; Trident/4.0; SLCC2; .NET CLR 2.0.50727; .NET CLR 3.5.30729; .NET CLR 3.0.30729; .NET4.0C; .NET4.0E)"
88.198.37.84 - - [26/Sep/2010:05:30:36 +0200] "GET /modules/node/node.css?F HTTP/1.1" 200 740 "http://www.sermonsforyou.co.uk/?q=user/register" "Mozilla/4.0 (compatible; MSIE 7.0; Windows NT 6.1; WOW64; Trident/4.0; SLCC2; .NET CLR 2.0.50727; .NET CLR 3.5.30729; .NET CLR 3.0.30729; .NET4.0C; .NET4.0E)"
88.198.37.84 - - [26/Sep/2010:05:30:36 +0200] "GET /modules/system/defaults.css?F HTTP/1.1" 200 757 "http://www.sermonsforyou.co.uk/?q=user/register" "Mozilla/4.0 (compatible; MSIE 7.0; Windows NT 6.1; WOW64; Trident/4.0; SLCC2; .NET CLR 2.0.50727; .NET CLR 3.5.30729; .NET CLR 3.0.30729; .NET4.0C; .NET4.0E)"
88.198.37.84 - - [26/Sep/2010:05:30:36 +0200] "GET /modules/system/system.css?F HTTP/1.1" 200 10020 "http://www.sermonsforyou.co.uk/?q=user/register" "Mozilla/4.0 (compatible; MSIE 7.0; Windows NT 6.1; WOW64; Trident/4.0; SLCC2; .NET CLR 2.0.50727; .NET CLR 3.5.30729; .NET CLR 3.0.30729; .NET4.0C; .NET4.0E)"
88.198.37.84 - - [26/Sep/2010:05:30:36 +0200] "GET /modules/system/system-menus.css?F HTTP/1.1" 200 935 "http://www.sermonsforyou.co.uk/?q=user/register" "Mozilla/4.0 (compatible; MSIE 7.0; Windows NT 6.1; WOW64; Trident/4.0; SLCC2; .NET CLR 2.0.50727; .NET CLR 3.5.30729; .NET CLR 3.0.30729; .NET4.0C; .NET4.0E)"
88.198.37.84 - - [26/Sep/2010:05:30:36 +0200] "GET /modules/user/user.css?F HTTP/1.1" 200 1127 "http://www.sermonsforyou.co.uk/?q=user/register" "Mozilla/4.0 (compatible; MSIE 7.0; Windows NT 6.1; WOW64; Trident/4.0; SLCC2; .NET CLR 2.0.50727; .NET CLR 3.5.30729; .NET CLR 3.0.30729; .NET4.0C; .NET4.0E)"
88.198.37.84 - - [26/Sep/2010:05:30:37 +0200] "GET /sites/all/modules/cck/cck/theme/content-module.css?F HTTP/1.1" 200 2397 "http://www.sermonsforyou.co.uk/?q=user/register" "Mozilla/4.0 (compatible; MSIE 7.0; Windows NT 6.1; WOW64; Trident/4.0; SLCC2; .NET CLR 2.0.50727; .NET CLR 3.5.30729; .NET CLR 3.0.30729; .NET4.0C; .NET4.0E)"
88.198.37.84 - - [26/Sep/2010:05:30:37 +0200] "GET /themes/shallowgrunge/shallowgrunge/style.css?F HTTP/1.1" 200 4871 "http://www.sermonsforyou.co.uk/?q=user/register" "Mozilla/4.0 (compatible; MSIE 7.0; Windows NT 6.1; WOW64; Trident/4.0; SLCC2; .NET CLR 2.0.50727; .NET CLR 3.5.30729; .NET CLR 3.0.30729; .NET4.0C; .NET4.0E)"
88.198.37.84 - - [26/Sep/2010:05:30:37 +0200] "GET /misc/jquery.js?F HTTP/1.1" 200 31089 "http://www.sermonsforyou.co.uk/?q=user/register" "Mozilla/4.0 (compatible; MSIE 7.0; Windows NT 6.1; WOW64; Trident/4.0; SLCC2; .NET CLR 2.0.50727; .NET CLR 3.5.30729; .NET CLR 3.0.30729; .NET4.0C; .NET4.0E)"
88.198.37.84 - - [26/Sep/2010:05:30:37 +0200] "GET /misc/drupal.js?F HTTP/1.1" 200 9745 "http://www.sermonsforyou.co.uk/?q=user/register" "Mozilla/4.0 (compatible; MSIE 7.0; Windows NT 6.1; WOW64; Trident/4.0; SLCC2; .NET CLR 2.0.50727; .NET CLR 3.5.30729; .NET CLR 3.0.30729; .NET4.0C; .NET4.0E)"
88.198.37.84 - - [26/Sep/2010:05:30:37 +0200] "GET /sites/all/modules/taxonomy_vtn/taxonomy_vtn/taxonomy_vtn.js?F HTTP/1.1" 200 465 "http://www.sermonsforyou.co.uk/?q=user/register" "Mozilla/4.0 (compatible; MSIE 7.0; Windows NT 6.1; WOW64; Trident/4.0; SLCC2; .NET CLR 2.0.50727; .NET CLR 3.5.30729; .NET CLR 3.0.30729; .NET4.0C; .NET4.0E)"
88.198.37.84 - - [26/Sep/2010:05:30:37 +0200] "GET /sites/all/modules/google_analytics/googleanalytics.js?F HTTP/1.1" 200 1725 "http://www.sermonsforyou.co.uk/?q=user/register" "Mozilla/4.0 (compatible; MSIE 7.0; Windows NT 6.1; WOW64; Trident/4.0; SLCC2; .NET CLR 2.0.50727; .NET CLR 3.5.30729; .NET CLR 3.0.30729; .NET4.0C; .NET4.0E)"
88.198.37.84 - - [26/Sep/2010:05:30:42 +0200] "GET /?q=user/ HTTP/1.1" 200 1904 "-" "Mozilla/4.0 (compatible; MSIE 7.0; Windows NT 6.1; WOW64; Trident/4.0; SLCC2; .NET CLR 2.0.50727; .NET CLR 3.5.30729; .NET CLR 3.0.30729; .NET4.0C; .NET4.0E)"
88.198.37.84 - - [26/Sep/2010:05:30:48 +0200] "POST /?q=user/ HTTP/1.1" 200 1968 "http://www.sermonsforyou.co.uk/?q=user/" "Mozilla/4.0 (compatible; MSIE 7.0; Windows NT 6.1; WOW64; Trident/4.0; SLCC2; .NET CLR 2.0.50727; .NET CLR 3.5.30729; .NET CLR 3.0.30729; .NET4.0C; .NET4.0E)"
88.198.37.84 - - [26/Sep/2010:05:30:52 +0200] "GET /?q=node/add HTTP/1.1" 403 1151 "-" "Mozilla/4.0 (compatible; MSIE 7.0; Windows NT 6.1; WOW64; Trident/4.0; SLCC2; .NET CLR 2.0.50727; .NET CLR 3.5.30729; .NET CLR 3.0.30729; .NET4.0C; .NET4.0E)"
88.198.37.84 - - [26/Sep/2010:05:30:57 +0200] "GET /?q=node/add/ HTTP/1.1" 403 1151 "-" "Mozilla/4.0 (compatible; MSIE 7.0; Windows NT 6.1; WOW64; Trident/4.0; SLCC2; .NET CLR 2.0.50727; .NET CLR 3.5.30729; .NET CLR 3.0.30729; .NET4.0C; .NET4.0E)"
95.108.217.252 - - [26/Sep/2010:05:45:50 +0200] "GET /?q=user/register&destination=comment/reply/193%23comment-form HTTP/1.1" 403 1539 "-" "Mozilla/5.0 (compatible; YandexBot/3.0; +http://yandex.com/bots)"
78.33.237.147 - - [26/Sep/2010:05:45:54 +0200] "GET / HTTP/1.1" 200 3599 "-" "Mozilla/4.0 (compatible; MSIE 6.0; Windows NT 5.1; SV1)"
76.107.198.81 - - [26/Sep/2010:05:55:03 +0200] "GET /?q=node/30 HTTP/1.1" 200 4965 "http://www.google.com/url?sa=t&source=web&cd=1&sqi=2&ved=0CBIQFjAA&url=http%3A%2F%2Fwww.sermonsforyou.co.uk%2F%3Fq%3Dnode%2F30&rct=j&q=do%20not%20consider%20yourselves%20more%20highly&ei=E8SeTJ_6KcO88gai9KRs&usg=AFQjCNG3sl6OESbsni07DtC9MGhmHlXgdA" "Mozilla/5.0 (Macintosh; U; Intel Mac OS X 10.5; en-US; rv:1.9.2.8) Gecko/20100722 Firefox/3.6.8"
76.107.198.81 - - [26/Sep/2010:05:55:04 +0200] "GET /sites/all/modules/taxonomy_vtn/taxonomy_vtn/taxonomy_vtn.css?F HTTP/1.1" 200 1540 "http://www.sermonsforyou.co.uk/?q=node/30" "Mozilla/5.0 (Macintosh; U; Intel Mac OS X 10.5; en-US; rv:1.9.2.8) Gecko/20100722 Firefox/3.6.8"
76.107.198.81 - - [26/Sep/2010:05:55:04 +0200] "GET /modules/user/user.css?F HTTP/1.1" 200 1127 "http://www.sermonsforyou.co.uk/?q=node/30" "Mozilla/5.0 (Macintosh; U; Intel Mac OS X 10.5; en-US; rv:1.9.2.8) Gecko/20100722 Firefox/3.6.8"
76.107.198.81 - - [26/Sep/2010:05:55:04 +0200] "GET /modules/node/node.css?F HTTP/1.1" 200 740 "http://www.sermonsforyou.co.uk/?q=node/30" "Mozilla/5.0 (Macintosh; U; Intel Mac OS X 10.5; en-US; rv:1.9.2.8) Gecko/20100722 Firefox/3.6.8"
76.107.198.81 - - [26/Sep/2010:05:55:04 +0200] "GET /modules/system/defaults.css?F HTTP/1.1" 200 757 "http://www.sermonsforyou.co.uk/?q=node/30" "Mozilla/5.0 (Macintosh; U; Intel Mac OS X 10.5; en-US; rv:1.9.2.8) Gecko/20100722 Firefox/3.6.8"
76.107.198.81 - - [26/Sep/2010:05:55:04 +0200] "GET /modules/system/system.css?F HTTP/1.1" 200 10020 "http://www.sermonsforyou.co.uk/?q=node/30" "Mozilla/5.0 (Macintosh; U; Intel Mac OS X 10.5; en-US; rv:1.9.2.8) Gecko/20100722 Firefox/3.6.8"
76.107.198.81 - - [26/Sep/2010:05:55:04 +0200] "GET /modules/system/system-menus.css?F HTTP/1.1" 200 935 "http://www.sermonsforyou.co.uk/?q=node/30" "Mozilla/5.0 (Macintosh; U; Intel Mac OS X 10.5; en-US; rv:1.9.2.8) Gecko/20100722 Firefox/3.6.8"
76.107.198.81 - - [26/Sep/2010:05:55:04 +0200] "GET /sites/all/modules/cck/cck/theme/content-module.css?F HTTP/1.1" 200 2397 "http://www.sermonsforyou.co.uk/?q=node/30" "Mozilla/5.0 (Macintosh; U; Intel Mac OS X 10.5; en-US; rv:1.9.2.8) Gecko/20100722 Firefox/3.6.8"
76.107.198.81 - - [26/Sep/2010:05:55:04 +0200] "GET /themes/shallowgrunge/shallowgrunge/style.css?F HTTP/1.1" 200 4871 "http://www.sermonsforyou.co.uk/?q=node/30" "Mozilla/5.0 (Macintosh; U; Intel Mac OS X 10.5; en-US; rv:1.9.2.8) Gecko/20100722 Firefox/3.6.8"
76.107.198.81 - - [26/Sep/2010:05:55:04 +0200] "GET /sites/all/modules/taxonomy_vtn/taxonomy_vtn/taxonomy_vtn.js?F HTTP/1.1" 200 465 "http://www.sermonsforyou.co.uk/?q=node/30" "Mozilla/5.0 (Macintosh; U; Intel Mac OS X 10.5; en-US; rv:1.9.2.8) Gecko/20100722 Firefox/3.6.8"
76.107.198.81 - - [26/Sep/2010:05:55:04 +0200] "GET /misc/drupal.js?F HTTP/1.1" 200 9745 "http://www.sermonsforyou.co.uk/?q=node/30" "Mozilla/5.0 (Macintosh; U; Intel Mac OS X 10.5; en-US; rv:1.9.2.8) Gecko/20100722 Firefox/3.6.8"
76.107.198.81 - - [26/Sep/2010:05:55:04 +0200] "GET /misc/favicon.ico HTTP/1.1" 200 5430 "-" "Mozilla/5.0 (Macintosh; U; Intel Mac OS X 10.5; en-US; rv:1.9.2.8) Gecko/20100722 Firefox/3.6.8"
76.107.198.81 - - [26/Sep/2010:05:55:04 +0200] "GET /misc/jquery.js?F HTTP/1.1" 200 31089 "http://www.sermonsforyou.co.uk/?q=node/30" "Mozilla/5.0 (Macintosh; U; Intel Mac OS X 10.5; en-US; rv:1.9.2.8) Gecko/20100722 Firefox/3.6.8"
76.107.198.81 - - [26/Sep/2010:05:55:04 +0200] "GET /sites/all/modules/google_analytics/googleanalytics.js?F HTTP/1.1" 200 1725 "http://www.sermonsforyou.co.uk/?q=node/30" "Mozilla/5.0 (Macintosh; U; Intel Mac OS X 10.5; en-US; rv:1.9.2.8) Gecko/20100722 Firefox/3.6.8"
76.107.198.81 - - [26/Sep/2010:05:55:04 +0200] "GET /misc/powered-blue-80x15.png HTTP/1.1" 200 1011 "http://www.sermonsforyou.co.uk/?q=node/30" "Mozilla/5.0 (Macintosh; U; Intel Mac OS X 10.5; en-US; rv:1.9.2.8) Gecko/20100722 Firefox/3.6.8"
76.107.198.81 - - [26/Sep/2010:05:55:04 +0200] "GET /themes/shallowgrunge/shallowgrunge/images/img03.jpg HTTP/1.1" 200 10877 "http://www.sermonsforyou.co.uk/themes/shallowgrunge/shallowgrunge/style.css?F" "Mozilla/5.0 (Macintosh; U; Intel Mac OS X 10.5; en-US; rv:1.9.2.8) Gecko/20100722 Firefox/3.6.8"
76.107.198.81 - - [26/Sep/2010:05:55:04 +0200] "GET /themes/shallowgrunge/shallowgrunge/images/img02.jpg HTTP/1.1" 200 29303 "http://www.sermonsforyou.co.uk/themes/shallowgrunge/shallowgrunge/style.css?F" "Mozilla/5.0 (Macintosh; U; Intel Mac OS X 10.5; en-US; rv:1.9.2.8) Gecko/20100722 Firefox/3.6.8"
76.107.198.81 - - [26/Sep/2010:05:55:04 +0200] "GET /themes/shallowgrunge/shallowgrunge/images/img01.jpg HTTP/1.1" 200 72355 "http://www.sermonsforyou.co.uk/themes/shallowgrunge/shallowgrunge/style.css?F" "Mozilla/5.0 (Macintosh; U; Intel Mac OS X 10.5; en-US; rv:1.9.2.8) Gecko/20100722 Firefox/3.6.8"
95.108.217.252 - - [26/Sep/2010:06:01:45 +0200] "GET /?q=user/register&destination=comment/reply/159%23comment-form HTTP/1.1" 403 1539 "-" "Mozilla/5.0 (compatible; YandexBot/3.0; +http://yandex.com/bots)"
207.46.195.232 - - [26/Sep/2010:06:05:44 +0200] "GET /robots.txt HTTP/1.1" 200 1642 "-" "msnbot/2.0b (+http://search.msn.com/msnbot.htm)"
207.46.195.232 - - [26/Sep/2010:06:18:14 +0200] "GET /?q=taxonomy_vtn/term/5 HTTP/1.1" 200 1930 "-" "msnbot/2.0b (+http://search.msn.com/msnbot.htm)"
95.108.217.252 - - [26/Sep/2010:06:19:13 +0200] "GET /?q=user/register&destination=comment/reply/184%23comment-form HTTP/1.1" 403 1539 "-" "Mozilla/5.0 (compatible; YandexBot/3.0; +http://yandex.com/bots)"
95.108.217.252 - - [26/Sep/2010:06:35:16 +0200] "GET /?q=user/register&destination=comment/reply/93%23comment-form HTTP/1.1" 403 1539 "-" "Mozilla/5.0 (compatible; YandexBot/3.0; +http://yandex.com/bots)"
66.249.66.34 - - [26/Sep/2010:06:48:16 +0200] "GET /?q=node/25 HTTP/1.1" 200 6078 "-" "Mozilla/5.0 (compatible; Googlebot/2.1; +http://www.google.com/bot.html)"
95.108.217.252 - - [26/Sep/2010:06:54:07 +0200] "GET /?q=user/register&destination=comment/reply/143%23comment-form HTTP/1.1" 403 1539 "-" "Mozilla/5.0 (compatible; YandexBot/3.0; +http://yandex.com/bots)"
67.80.87.248 - - [26/Sep/2010:06:59:50 +0200] "GET /?q=node/28 HTTP/1.1" 200 5440 "http://www.google.com/search?q=Sermon-women+at+the+cross&hl=en&rlz=1T4SUNA_enUS226US230&ei=lMqeTJDnIYH88Aaj3Z3xDw&start=10&sa=N" "Mozilla/4.0 (compatible; MSIE 7.0; Windows NT 5.1; GTB6.5; .NET CLR 2.0.50727; .NET CLR 3.0.4506.2152; .NET CLR 3.5.30729)"
67.80.87.248 - - [26/Sep/2010:06:59:51 +0200] "GET /modules/node/node.css?F HTTP/1.1" 200 740 "http://www.sermonsforyou.co.uk/?q=node/28" "Mozilla/4.0 (compatible; MSIE 7.0; Windows NT 5.1; GTB6.5; .NET CLR 2.0.50727; .NET CLR 3.0.4506.2152; .NET CLR 3.5.30729)"
67.80.87.248 - - [26/Sep/2010:06:59:51 +0200] "GET /sites/all/modules/taxonomy_vtn/taxonomy_vtn/taxonomy_vtn.css?F HTTP/1.1" 200 1540 "http://www.sermonsforyou.co.uk/?q=node/28" "Mozilla/4.0 (compatible; MSIE 7.0; Windows NT 5.1; GTB6.5; .NET CLR 2.0.50727; .NET CLR 3.0.4506.2152; .NET CLR 3.5.30729)"
67.80.87.248 - - [26/Sep/2010:06:59:51 +0200] "GET /modules/system/defaults.css?F HTTP/1.1" 200 757 "http://www.sermonsforyou.co.uk/?q=node/28" "Mozilla/4.0 (compatible; MSIE 7.0; Windows NT 5.1; GTB6.5; .NET CLR 2.0.50727; .NET CLR 3.0.4506.2152; .NET CLR 3.5.30729)"
67.80.87.248 - - [26/Sep/2010:06:59:51 +0200] "GET /modules/system/system.css?F HTTP/1.1" 200 10020 "http://www.sermonsforyou.co.uk/?q=node/28" "Mozilla/4.0 (compatible; MSIE 7.0; Windows NT 5.1; GTB6.5; .NET CLR 2.0.50727; .NET CLR 3.0.4506.2152; .NET CLR 3.5.30729)"
67.80.87.248 - - [26/Sep/2010:06:59:51 +0200] "GET /modules/system/system-menus.css?F HTTP/1.1" 200 935 "http://www.sermonsforyou.co.uk/?q=node/28" "Mozilla/4.0 (compatible; MSIE 7.0; Windows NT 5.1; GTB6.5; .NET CLR 2.0.50727; .NET CLR 3.0.4506.2152; .NET CLR 3.5.30729)"
67.80.87.248 - - [26/Sep/2010:06:59:51 +0200] "GET /modules/user/user.css?F HTTP/1.1" 200 1127 "http://www.sermonsforyou.co.uk/?q=node/28" "Mozilla/4.0 (compatible; MSIE 7.0; Windows NT 5.1; GTB6.5; .NET CLR 2.0.50727; .NET CLR 3.0.4506.2152; .NET CLR 3.5.30729)"
67.80.87.248 - - [26/Sep/2010:06:59:51 +0200] "GET /sites/all/modules/cck/cck/theme/content-module.css?F HTTP/1.1" 200 2397 "http://www.sermonsforyou.co.uk/?q=node/28" "Mozilla/4.0 (compatible; MSIE 7.0; Windows NT 5.1; GTB6.5; .NET CLR 2.0.50727; .NET CLR 3.0.4506.2152; .NET CLR 3.5.30729)"
67.80.87.248 - - [26/Sep/2010:06:59:51 +0200] "GET /themes/shallowgrunge/shallowgrunge/style.css?F HTTP/1.1" 200 4871 "http://www.sermonsforyou.co.uk/?q=node/28" "Mozilla/4.0 (compatible; MSIE 7.0; Windows NT 5.1; GTB6.5; .NET CLR 2.0.50727; .NET CLR 3.0.4506.2152; .NET CLR 3.5.30729)"
67.80.87.248 - - [26/Sep/2010:06:59:51 +0200] "GET /misc/jquery.js?F HTTP/1.1" 200 31089 "http://www.sermonsforyou.co.uk/?q=node/28" "Mozilla/4.0 (compatible; MSIE 7.0; Windows NT 5.1; GTB6.5; .NET CLR 2.0.50727; .NET CLR 3.0.4506.2152; .NET CLR 3.5.30729)"
67.80.87.248 - - [26/Sep/2010:06:59:52 +0200] "GET /misc/drupal.js?F HTTP/1.1" 200 9745 "http://www.sermonsforyou.co.uk/?q=node/28" "Mozilla/4.0 (compatible; MSIE 7.0; Windows NT 5.1; GTB6.5; .NET CLR 2.0.50727; .NET CLR 3.0.4506.2152; .NET CLR 3.5.30729)"
67.80.87.248 - - [26/Sep/2010:06:59:52 +0200] "GET /sites/all/modules/taxonomy_vtn/taxonomy_vtn/taxonomy_vtn.js?F HTTP/1.1" 200 465 "http://www.sermonsforyou.co.uk/?q=node/28" "Mozilla/4.0 (compatible; MSIE 7.0; Windows NT 5.1; GTB6.5; .NET CLR 2.0.50727; .NET CLR 3.0.4506.2152; .NET CLR 3.5.30729)"
67.80.87.248 - - [26/Sep/2010:06:59:52 +0200] "GET /misc/powered-blue-80x15.png HTTP/1.1" 200 1011 "http://www.sermonsforyou.co.uk/?q=node/28" "Mozilla/4.0 (compatible; MSIE 7.0; Windows NT 5.1; GTB6.5; .NET CLR 2.0.50727; .NET CLR 3.0.4506.2152; .NET CLR 3.5.30729)"
67.80.87.248 - - [26/Sep/2010:06:59:52 +0200] "GET /sites/all/modules/google_analytics/googleanalytics.js?F HTTP/1.1" 200 1725 "http://www.sermonsforyou.co.uk/?q=node/28" "Mozilla/4.0 (compatible; MSIE 7.0; Windows NT 5.1; GTB6.5; .NET CLR 2.0.50727; .NET CLR 3.0.4506.2152; .NET CLR 3.5.30729)"
67.80.87.248 - - [26/Sep/2010:06:59:53 +0200] "GET /themes/shallowgrunge/shallowgrunge/images/img03.jpg HTTP/1.1" 200 10877 "http://www.sermonsforyou.co.uk/?q=node/28" "Mozilla/4.0 (compatible; MSIE 7.0; Windows NT 5.1; GTB6.5; .NET CLR 2.0.50727; .NET CLR 3.0.4506.2152; .NET CLR 3.5.30729)"
67.80.87.248 - - [26/Sep/2010:06:59:53 +0200] "GET /themes/shallowgrunge/shallowgrunge/images/img02.jpg HTTP/1.1" 200 29303 "http://www.sermonsforyou.co.uk/?q=node/28" "Mozilla/4.0 (compatible; MSIE 7.0; Windows NT 5.1; GTB6.5; .NET CLR 2.0.50727; .NET CLR 3.0.4506.2152; .NET CLR 3.5.30729)"
67.80.87.248 - - [26/Sep/2010:06:59:53 +0200] "GET /themes/shallowgrunge/shallowgrunge/images/img01.jpg HTTP/1.1" 200 72355 "http://www.sermonsforyou.co.uk/?q=node/28" "Mozilla/4.0 (compatible; MSIE 7.0; Windows NT 5.1; GTB6.5; .NET CLR 2.0.50727; .NET CLR 3.0.4506.2152; .NET CLR 3.5.30729)"
67.80.87.248 - - [26/Sep/2010:06:59:54 +0200] "GET /misc/favicon.ico HTTP/1.1" 200 5430 "-" "Mozilla/4.0 (compatible; MSIE 7.0; Windows NT 5.1; GTB6.5; .NET CLR 2.0.50727; .NET CLR 3.0.4506.2152; .NET CLR 3.5.30729)"
95.108.217.252 - - [26/Sep/2010:07:17:28 +0200] "GET /?q=node/180 HTTP/1.1" 200 2305 "-" "Mozilla/5.0 (compatible; YandexBot/3.0; +http://yandex.com/bots)"
220.181.7.92 - - [26/Sep/2010:07:29:55 +0200] "GET / HTTP/1.1" 200 13480 "-" "Baiduspider+(+http://www.baidu.com/search/spider.htm)"
123.125.66.119 - - [26/Sep/2010:07:29:58 +0200] "GET / HTTP/1.1" 200 13480 "-" "Baiduspider+(+http://www.baidu.com/search/spider.htm)"
95.108.217.252 - - [26/Sep/2010:07:33:27 +0200] "GET /?q=node/123 HTTP/1.1" 200 5716 "-" "Mozilla/5.0 (compatible; YandexBot/3.0; +http://yandex.com/bots)"
95.108.217.252 - - [26/Sep/2010:07:49:42 +0200] "GET /?q=user/register&destination=comment/reply/153%23comment-form HTTP/1.1" 403 1539 "-" "Mozilla/5.0 (compatible; YandexBot/3.0; +http://yandex.com/bots)"
86.28.248.231 - - [26/Sep/2010:07:58:46 +0200] "GET /?q=rss.xml HTTP/1.1" 200 8642 "-" "Mozilla/5.0 (compatible; Google Desktop/5.9.1005.12335; http://desktop.google.com/)"
95.108.217.252 - - [26/Sep/2010:08:05:56 +0200] "GET /?q=user/register&destination=comment/reply/174%23comment-form HTTP/1.1" 403 1539 "-" "Mozilla/5.0 (compatible; YandexBot/3.0; +http://yandex.com/bots)"
86.28.248.231 - - [26/Sep/2010:08:17:47 +0200] "GET /?q=rss.xml HTTP/1.1" 200 8642 "-" "Mozilla/5.0 (compatible; Google Desktop/5.9.1005.12335; http://desktop.google.com/)"
95.108.217.252 - - [26/Sep/2010:08:24:43 +0200] "GET /?q=user/register&destination=comment/reply/102%23comment-form HTTP/1.1" 403 1539 "-" "Mozilla/5.0 (compatible; YandexBot/3.0; +http://yandex.com/bots)"
84.19.176.28 - - [26/Sep/2010:08:26:15 +0200] "GET /?q=taxonomy_vtn/term/12 HTTP/1.0" 200 15937 "http://www.sermonsforyou.co.uk/?q=taxonomy_vtn/term/12" "Mozilla/4.0 (compatible; MSIE 6.0; Windows NT 5.1; MRA 4.6 (build 01425))"
84.19.176.28 - - [26/Sep/2010:08:26:16 +0200] "GET /?q=taxonomy_vtn/voc/2 HTTP/1.0" 200 4556 "http://www.sermonsforyou.co.uk/?q=taxonomy_vtn/voc/2" "Mozilla/4.0 (compatible; MSIE 6.0; Windows NT 5.1; MRA 4.6 (build 01425))"
84.19.176.28 - - [26/Sep/2010:08:26:16 +0200] "GET /?q=taxonomy_vtn/term/12 HTTP/1.0" 200 15937 "http://www.sermonsforyou.co.uk/?q=taxonomy_vtn/term/12" "Mozilla/4.0 (compatible; MSIE 6.0; Windows NT 5.1; MRA 4.6 (build 01425))"
84.19.176.28 - - [26/Sep/2010:08:26:16 +0200] "GET /?q=node/67 HTTP/1.0" 200 4682 "http://www.sermonsforyou.co.uk/?q=node/67" "Mozilla/4.0 (compatible; MSIE 6.0; Windows NT 5.1; MRA 4.6 (build 01425))"
84.19.176.28 - - [26/Sep/2010:08:26:17 +0200] "GET /index.php HTTP/1.0" 200 13480 "http://www.sermonsforyou.co.uk/index.php" "Mozilla/4.0 (compatible; MSIE 6.0; Windows NT 5.1; MRA 4.6 (build 01425))"
95.108.217.252 - - [26/Sep/2010:08:36:03 +0200] "GET /?q=user/register&destination=comment/reply/122%23comment-form HTTP/1.1" 403 1539 "-" "Mozilla/5.0 (compatible; YandexBot/3.0; +http://yandex.com/bots)"
86.28.248.231 - - [26/Sep/2010:08:36:48 +0200] "GET /?q=rss.xml HTTP/1.1" 200 8642 "-" "Mozilla/5.0 (compatible; Google Desktop/5.9.1005.12335; http://desktop.google.com/)"
95.108.217.252 - - [26/Sep/2010:08:53:06 +0200] "GET /?q=user/register&destination=comment/reply/125%23comment-form HTTP/1.1" 403 1539 "-" "Mozilla/5.0 (compatible; YandexBot/3.0; +http://yandex.com/bots)"
86.28.248.231 - - [26/Sep/2010:08:55:48 +0200] "GET /?q=rss.xml HTTP/1.1" 200 8642 "-" "Mozilla/5.0 (compatible; Google Desktop/5.9.1005.12335; http://desktop.google.com/)"
86.28.248.231 - - [26/Sep/2010:09:14:49 +0200] "GET /?q=rss.xml HTTP/1.1" 200 8642 "-" "Mozilla/5.0 (compatible; Google Desktop/5.9.1005.12335; http://desktop.google.com/)"
95.108.217.252 - - [26/Sep/2010:09:15:17 +0200] "GET /?q=node/158 HTTP/1.1" 200 4448 "-" "Mozilla/5.0 (compatible; YandexBot/3.0; +http://yandex.com/bots)"
66.249.66.34 - - [26/Sep/2010:09:21:53 +0200] "GET /?q=node/19 HTTP/1.1" 200 5670 "-" "Mozilla/5.0 (compatible; Googlebot/2.1; +http://www.google.com/bot.html)"
178.162.182.149 - - [26/Sep/2010:09:24:39 +0200] "GET /?q=user/reset/347/1284694613/12c04a6704bbdc3ec5db59350c2ae251 HTTP/1.0" 403 7098 "http://www.sermonsforyou.co.uk/?q=user/reset/347/1284694613/12c04a6704bbdc3ec5db59350c2ae251" "Mozilla/4.0 (compatible; MSIE 6.0; Windows NT 5.1; SV1)"
178.162.182.149 - - [26/Sep/2010:09:24:54 +0200] "GET / HTTP/1.0" 200 13480 "http://www.sermonsforyou.co.uk/?q=user/reset/347/1284694613/12c04a6704bbdc3ec5db59350c2ae251" "Mozilla/4.0 (compatible; MSIE 6.0; Windows NT 5.1; SV1)"
95.108.217.252 - - [26/Sep/2010:09:26:02 +0200] "GET /?q=user/register&destination=comment/reply/201%23comment-form HTTP/1.1" 403 1539 "-" "Mozilla/5.0 (compatible; YandexBot/3.0; +http://yandex.com/bots)"
95.108.217.252 - - [26/Sep/2010:09:42:39 +0200] "GET /?q=node/150 HTTP/1.1" 200 4374 "-" "Mozilla/5.0 (compatible; YandexBot/3.0; +http://yandex.com/bots)"
86.28.248.231 - - [26/Sep/2010:09:56:01 +0200] "GET /?q=rss.xml HTTP/1.1" 200 8642 "-" "Mozilla/5.0 (compatible; Google Desktop/5.9.1005.12335; http://desktop.google.com/)"
95.108.217.252 - - [26/Sep/2010:10:01:57 +0200] "GET /?q=node/122 HTTP/1.1" 200 5710 "-" "Mozilla/5.0 (compatible; YandexBot/3.0; +http://yandex.com/bots)"
86.28.248.231 - - [26/Sep/2010:10:15:01 +0200] "GET /?q=rss.xml HTTP/1.1" 200 8642 "-" "Mozilla/5.0 (compatible; Google Desktop/5.9.1005.12335; http://desktop.google.com/)"
95.108.217.252 - - [26/Sep/2010:10:19:58 +0200] "GET /?q=user/register&destination=comment/reply/163%23comment-form HTTP/1.1" 403 1539 "-" "Mozilla/5.0 (compatible; YandexBot/3.0; +http://yandex.com/bots)"
66.249.66.34 - - [26/Sep/2010:10:20:01 +0200] "GET /?q=node/41 HTTP/1.1" 200 5064 "-" "Mozilla/5.0 (compatible; Googlebot/2.1; +http://www.google.com/bot.html)"
124.115.0.110 - - [26/Sep/2010:10:22:49 +0200] "GET / HTTP/1.1" 200 3599 "-" "Sosospider+(+http://help.soso.com/webspider.htm)"
86.28.248.231 - - [26/Sep/2010:10:34:02 +0200] "GET /?q=rss.xml HTTP/1.1" 200 8642 "-" "Mozilla/5.0 (compatible; Google Desktop/5.9.1005.12335; http://desktop.google.com/)"
95.108.217.252 - - [26/Sep/2010:10:39:43 +0200] "GET /?q=node/108 HTTP/1.1" 200 5785 "-" "Mozilla/5.0 (compatible; YandexBot/3.0; +http://yandex.com/bots)"
86.28.248.231 - - [26/Sep/2010:10:53:02 +0200] "GET /?q=rss.xml HTTP/1.1" 200 8642 "-" "Mozilla/5.0 (compatible; Google Desktop/5.9.1005.12335; http://desktop.google.com/)"
95.108.217.252 - - [26/Sep/2010:10:59:29 +0200] "GET /?q=node/193 HTTP/1.1" 200 2766 "-" "Mozilla/5.0 (compatible; YandexBot/3.0; +http://yandex.com/bots)"
95.108.217.252 - - [26/Sep/2010:11:19:08 +0200] "GET /?q=user/register&destination=comment/reply/154%23comment-form HTTP/1.1" 403 1539 "-" "Mozilla/5.0 (compatible; YandexBot/3.0; +http://yandex.com/bots)"
95.108.217.252 - - [26/Sep/2010:11:38:44 +0200] "GET /?q=user/register&destination=comment/reply/160%23comment-form HTTP/1.1" 403 1539 "-" "Mozilla/5.0 (compatible; YandexBot/3.0; +http://yandex.com/bots)"
88.198.37.84 - - [26/Sep/2010:11:43:22 +0200] "GET /?q=user/register HTTP/1.1" 403 1539 "-" "Mozilla/4.0 (compatible; MSIE 7.0; Windows NT 6.1; WOW64; Trident/4.0; SLCC2; .NET CLR 2.0.50727; .NET CLR 3.5.30729; .NET CLR 3.0.30729; .NET4.0C; .NET4.0E)"
88.198.37.84 - - [26/Sep/2010:11:43:22 +0200] "GET /sites/all/modules/taxonomy_vtn/taxonomy_vtn/taxonomy_vtn.css?F HTTP/1.1" 200 1540 "http://www.sermonsforyou.co.uk/?q=user/register" "Mozilla/4.0 (compatible; MSIE 7.0; Windows NT 6.1; WOW64; Trident/4.0; SLCC2; .NET CLR 2.0.50727; .NET CLR 3.5.30729; .NET CLR 3.0.30729; .NET4.0C; .NET4.0E)"
88.198.37.84 - - [26/Sep/2010:11:43:22 +0200] "GET /modules/node/node.css?F HTTP/1.1" 200 740 "http://www.sermonsforyou.co.uk/?q=user/register" "Mozilla/4.0 (compatible; MSIE 7.0; Windows NT 6.1; WOW64; Trident/4.0; SLCC2; .NET CLR 2.0.50727; .NET CLR 3.5.30729; .NET CLR 3.0.30729; .NET4.0C; .NET4.0E)"
88.198.37.84 - - [26/Sep/2010:11:43:22 +0200] "GET /modules/system/defaults.css?F HTTP/1.1" 200 757 "http://www.sermonsforyou.co.uk/?q=user/register" "Mozilla/4.0 (compatible; MSIE 7.0; Windows NT 6.1; WOW64; Trident/4.0; SLCC2; .NET CLR 2.0.50727; .NET CLR 3.5.30729; .NET CLR 3.0.30729; .NET4.0C; .NET4.0E)"
88.198.37.84 - - [26/Sep/2010:11:43:22 +0200] "GET /modules/system/system.css?F HTTP/1.1" 200 10020 "http://www.sermonsforyou.co.uk/?q=user/register" "Mozilla/4.0 (compatible; MSIE 7.0; Windows NT 6.1; WOW64; Trident/4.0; SLCC2; .NET CLR 2.0.50727; .NET CLR 3.5.30729; .NET CLR 3.0.30729; .NET4.0C; .NET4.0E)"
88.198.37.84 - - [26/Sep/2010:11:43:22 +0200] "GET /modules/system/system-menus.css?F HTTP/1.1" 200 935 "http://www.sermonsforyou.co.uk/?q=user/register" "Mozilla/4.0 (compatible; MSIE 7.0; Windows NT 6.1; WOW64; Trident/4.0; SLCC2; .NET CLR 2.0.50727; .NET CLR 3.5.30729; .NET CLR 3.0.30729; .NET4.0C; .NET4.0E)"
88.198.37.84 - - [26/Sep/2010:11:43:22 +0200] "GET /modules/user/user.css?F HTTP/1.1" 200 1127 "http://www.sermonsforyou.co.uk/?q=user/register" "Mozilla/4.0 (compatible; MSIE 7.0; Windows NT 6.1; WOW64; Trident/4.0; SLCC2; .NET CLR 2.0.50727; .NET CLR 3.5.30729; .NET CLR 3.0.30729; .NET4.0C; .NET4.0E)"
88.198.37.84 - - [26/Sep/2010:11:43:22 +0200] "GET /sites/all/modules/cck/cck/theme/content-module.css?F HTTP/1.1" 200 2397 "http://www.sermonsforyou.co.uk/?q=user/register" "Mozilla/4.0 (compatible; MSIE 7.0; Windows NT 6.1; WOW64; Trident/4.0; SLCC2; .NET CLR 2.0.50727; .NET CLR 3.5.30729; .NET CLR 3.0.30729; .NET4.0C; .NET4.0E)"
88.198.37.84 - - [26/Sep/2010:11:43:22 +0200] "GET /themes/shallowgrunge/shallowgrunge/style.css?F HTTP/1.1" 200 4871 "http://www.sermonsforyou.co.uk/?q=user/register" "Mozilla/4.0 (compatible; MSIE 7.0; Windows NT 6.1; WOW64; Trident/4.0; SLCC2; .NET CLR 2.0.50727; .NET CLR 3.5.30729; .NET CLR 3.0.30729; .NET4.0C; .NET4.0E)"
88.198.37.84 - - [26/Sep/2010:11:43:22 +0200] "GET /misc/jquery.js?F HTTP/1.1" 200 31089 "http://www.sermonsforyou.co.uk/?q=user/register" "Mozilla/4.0 (compatible; MSIE 7.0; Windows NT 6.1; WOW64; Trident/4.0; SLCC2; .NET CLR 2.0.50727; .NET CLR 3.5.30729; .NET CLR 3.0.30729; .NET4.0C; .NET4.0E)"
88.198.37.84 - - [26/Sep/2010:11:43:22 +0200] "GET /misc/drupal.js?F HTTP/1.1" 200 9745 "http://www.sermonsforyou.co.uk/?q=user/register" "Mozilla/4.0 (compatible; MSIE 7.0; Windows NT 6.1; WOW64; Trident/4.0; SLCC2; .NET CLR 2.0.50727; .NET CLR 3.5.30729; .NET CLR 3.0.30729; .NET4.0C; .NET4.0E)"
88.198.37.84 - - [26/Sep/2010:11:43:22 +0200] "GET /sites/all/modules/taxonomy_vtn/taxonomy_vtn/taxonomy_vtn.js?F HTTP/1.1" 200 465 "http://www.sermonsforyou.co.uk/?q=user/register" "Mozilla/4.0 (compatible; MSIE 7.0; Windows NT 6.1; WOW64; Trident/4.0; SLCC2; .NET CLR 2.0.50727; .NET CLR 3.5.30729; .NET CLR 3.0.30729; .NET4.0C; .NET4.0E)"
88.198.37.84 - - [26/Sep/2010:11:43:22 +0200] "GET /sites/all/modules/google_analytics/googleanalytics.js?F HTTP/1.1" 200 1725 "http://www.sermonsforyou.co.uk/?q=user/register" "Mozilla/4.0 (compatible; MSIE 7.0; Windows NT 6.1; WOW64; Trident/4.0; SLCC2; .NET CLR 2.0.50727; .NET CLR 3.5.30729; .NET CLR 3.0.30729; .NET4.0C; .NET4.0E)"
88.198.37.84 - - [26/Sep/2010:11:43:28 +0200] "GET /?q=user/ HTTP/1.1" 200 1904 "-" "Mozilla/4.0 (compatible; MSIE 7.0; Windows NT 6.1; WOW64; Trident/4.0; SLCC2; .NET CLR 2.0.50727; .NET CLR 3.5.30729; .NET CLR 3.0.30729; .NET4.0C; .NET4.0E)"
88.198.37.84 - - [26/Sep/2010:11:43:34 +0200] "POST /?q=user/ HTTP/1.1" 200 1973 "http://www.sermonsforyou.co.uk/?q=user/" "Mozilla/4.0 (compatible; MSIE 7.0; Windows NT 6.1; WOW64; Trident/4.0; SLCC2; .NET CLR 2.0.50727; .NET CLR 3.5.30729; .NET CLR 3.0.30729; .NET4.0C; .NET4.0E)"
88.198.37.84 - - [26/Sep/2010:11:43:38 +0200] "GET /?q=node/add HTTP/1.1" 403 1151 "-" "Mozilla/4.0 (compatible; MSIE 7.0; Windows NT 6.1; WOW64; Trident/4.0; SLCC2; .NET CLR 2.0.50727; .NET CLR 3.5.30729; .NET CLR 3.0.30729; .NET4.0C; .NET4.0E)"
88.198.37.84 - - [26/Sep/2010:11:43:43 +0200] "GET /?q=node/add/ HTTP/1.1" 403 1151 "-" "Mozilla/4.0 (compatible; MSIE 7.0; Windows NT 6.1; WOW64; Trident/4.0; SLCC2; .NET CLR 2.0.50727; .NET CLR 3.5.30729; .NET CLR 3.0.30729; .NET4.0C; .NET4.0E)"
95.108.217.252 - - [26/Sep/2010:11:50:05 +0200] "GET /?q=user/register&destination=comment/reply/96%23comment-form HTTP/1.1" 403 1539 "-" "Mozilla/5.0 (compatible; YandexBot/3.0; +http://yandex.com/bots)"
95.108.217.252 - - [26/Sep/2010:12:07:05 +0200] "GET /?q=user/register&destination=comment/reply/161%23comment-form HTTP/1.1" 403 1539 "-" "Mozilla/5.0 (compatible; YandexBot/3.0; +http://yandex.com/bots)"
66.249.66.34 - - [26/Sep/2010:12:07:58 +0200] "GET /?q=node/170 HTTP/1.1" 200 2061 "-" "Mozilla/5.0 (compatible; Googlebot/2.1; +http://www.google.com/bot.html)"
95.108.217.252 - - [26/Sep/2010:12:24:04 +0200] "GET /?q=user/register&destination=comment/reply/110%23comment-form HTTP/1.1" 403 1539 "-" "Mozilla/5.0 (compatible; YandexBot/3.0; +http://yandex.com/bots)"
95.108.217.252 - - [26/Sep/2010:12:34:37 +0200] "GET /?q=user/register&destination=comment/reply/148%23comment-form HTTP/1.1" 403 1539 "-" "Mozilla/5.0 (compatible; YandexBot/3.0; +http://yandex.com/bots)"
207.46.12.153 - - [26/Sep/2010:12:36:00 +0200] "GET /?q=node/30 HTTP/1.1" 200 4965 "-" "Mozilla/4.0 (compatible; MSIE 6.0; Windows NT 5.2; SLCC1; .NET CLR 1.1.4325; .NET CLR 2.0.50727; .NET CLR 3.0.30729)"
207.46.12.153 - - [26/Sep/2010:12:36:05 +0200] "GET /sites/all/modules/taxonomy_vtn/taxonomy_vtn/taxonomy_vtn.css?F HTTP/1.1" 200 1540 "http://www.sermonsforyou.co.uk/?q=node/30" "Mozilla/4.0 (compatible; MSIE 6.0; Windows NT 5.2; SLCC1; .NET CLR 1.1.4325; .NET CLR 2.0.50727; .NET CLR 3.0.30729)"
207.46.12.153 - - [26/Sep/2010:12:36:07 +0200] "GET /modules/node/node.css?F HTTP/1.1" 200 740 "http://www.sermonsforyou.co.uk/?q=node/30" "Mozilla/4.0 (compatible; MSIE 6.0; Windows NT 5.2; SLCC1; .NET CLR 1.1.4325; .NET CLR 2.0.50727; .NET CLR 3.0.30729)"
207.46.12.153 - - [26/Sep/2010:12:36:08 +0200] "GET /modules/system/defaults.css?F HTTP/1.1" 200 757 "http://www.sermonsforyou.co.uk/?q=node/30" "Mozilla/4.0 (compatible; MSIE 6.0; Windows NT 5.2; SLCC1; .NET CLR 1.1.4325; .NET CLR 2.0.50727; .NET CLR 3.0.30729)"
207.46.12.153 - - [26/Sep/2010:12:36:08 +0200] "GET /modules/system/system.css?F HTTP/1.1" 200 10020 "http://www.sermonsforyou.co.uk/?q=node/30" "Mozilla/4.0 (compatible; MSIE 6.0; Windows NT 5.2; SLCC1; .NET CLR 1.1.4325; .NET CLR 2.0.50727; .NET CLR 3.0.30729)"
207.46.12.153 - - [26/Sep/2010:12:36:08 +0200] "GET /modules/system/system-menus.css?F HTTP/1.1" 200 935 "http://www.sermonsforyou.co.uk/?q=node/30" "Mozilla/4.0 (compatible; MSIE 6.0; Windows NT 5.2; SLCC1; .NET CLR 1.1.4325; .NET CLR 2.0.50727; .NET CLR 3.0.30729)"
207.46.12.153 - - [26/Sep/2010:12:36:08 +0200] "GET /modules/user/user.css?F HTTP/1.1" 200 1127 "http://www.sermonsforyou.co.uk/?q=node/30" "Mozilla/4.0 (compatible; MSIE 6.0; Windows NT 5.2; SLCC1; .NET CLR 1.1.4325; .NET CLR 2.0.50727; .NET CLR 3.0.30729)"
207.46.12.153 - - [26/Sep/2010:12:36:08 +0200] "GET /themes/shallowgrunge/shallowgrunge/style.css?F HTTP/1.1" 200 4871 "http://www.sermonsforyou.co.uk/?q=node/30" "Mozilla/4.0 (compatible; MSIE 6.0; Windows NT 5.2; SLCC1; .NET CLR 1.1.4325; .NET CLR 2.0.50727; .NET CLR 3.0.30729)"
207.46.12.153 - - [26/Sep/2010:12:36:08 +0200] "GET /sites/all/modules/cck/cck/theme/content-module.css?F HTTP/1.1" 200 2397 "http://www.sermonsforyou.co.uk/?q=node/30" "Mozilla/4.0 (compatible; MSIE 6.0; Windows NT 5.2; SLCC1; .NET CLR 1.1.4325; .NET CLR 2.0.50727; .NET CLR 3.0.30729)"
207.46.12.153 - - [26/Sep/2010:12:36:09 +0200] "GET /misc/jquery.js?F HTTP/1.1" 200 31089 "http://www.sermonsforyou.co.uk/?q=node/30" "Mozilla/4.0 (compatible; MSIE 6.0; Windows NT 5.2; SLCC1; .NET CLR 1.1.4325; .NET CLR 2.0.50727; .NET CLR 3.0.30729)"
207.46.12.153 - - [26/Sep/2010:12:36:11 +0200] "GET /misc/drupal.js?F HTTP/1.1" 200 9745 "http://www.sermonsforyou.co.uk/?q=node/30" "Mozilla/4.0 (compatible; MSIE 6.0; Windows NT 5.2; SLCC1; .NET CLR 1.1.4325; .NET CLR 2.0.50727; .NET CLR 3.0.30729)"
207.46.12.153 - - [26/Sep/2010:12:36:16 +0200] "GET /sites/all/modules/taxonomy_vtn/taxonomy_vtn/taxonomy_vtn.js?F HTTP/1.1" 200 465 "http://www.sermonsforyou.co.uk/?q=node/30" "Mozilla/4.0 (compatible; MSIE 6.0; Windows NT 5.2; SLCC1; .NET CLR 1.1.4325; .NET CLR 2.0.50727; .NET CLR 3.0.30729)"
207.46.12.153 - - [26/Sep/2010:12:36:20 +0200] "GET /sites/all/modules/google_analytics/googleanalytics.js?F HTTP/1.1" 200 1725 "http://www.sermonsforyou.co.uk/?q=node/30" "Mozilla/4.0 (compatible; MSIE 6.0; Windows NT 5.2; SLCC1; .NET CLR 1.1.4325; .NET CLR 2.0.50727; .NET CLR 3.0.30729)"
207.46.199.177 - - [26/Sep/2010:12:41:00 +0200] "GET /robots.txt HTTP/1.1" 200 1642 "-" "msnbot/2.0b (+http://search.msn.com/msnbot.htm)"
95.108.217.252 - - [26/Sep/2010:12:49:00 +0200] "GET /?q=user/register&destination=comment/reply/129%23comment-form HTTP/1.1" 403 1539 "-" "Mozilla/5.0 (compatible; YandexBot/3.0; +http://yandex.com/bots)"
95.108.217.252 - - [26/Sep/2010:13:06:16 +0200] "GET /?q=node/156 HTTP/1.1" 200 4489 "-" "Mozilla/5.0 (compatible; YandexBot/3.0; +http://yandex.com/bots)"
178.162.191.152 - - [26/Sep/2010:13:24:50 +0200] "GET /?q=node/207 HTTP/1.1" 206 5972 "-" "Mozilla/4.0 (compatible; MSIE 5.0; Windows 98; DigExt\\)"
178.162.191.152 - - [26/Sep/2010:13:24:50 +0200] "GET /?q=node/207 HTTP/1.1" 206 5972 "-" "Mozilla/4.0 (compatible; MSIE 6.0; Windows NT 5.1; SV1)"
