123.125.66.132 - - [26/Sep/2010:13:27:24 +0200] "GET / HTTP/1.1" 200 13480 "-" "Baiduspider+(+http://www.baidu.com/search/spider.htm)"
95.108.217.252 - - [26/Sep/2010:13:29:12 +0200] "GET /?q=user/register&destination=comment/reply/202%23comment-form HTTP/1.1" 403 1539 "-" "Mozilla/5.0 (compatible; YandexBot/3.0; +http://yandex.com/bots)"
220.181.7.63 - - [26/Sep/2010:13:32:47 +0200] "GET / HTTP/1.1" 200 13480 "-" "Baiduspider+(+http://www.baidu.com/search/spider.htm)"
95.108.217.252 - - [26/Sep/2010:13:46:29 +0200] "GET /?q=node/119 HTTP/1.1" 200 5636 "-" "Mozilla/5.0 (compatible; YandexBot/3.0; +http://yandex.com/bots)"
95.108.217.252 - - [26/Sep/2010:14:01:19 +0200] "GET /?q=node/149 HTTP/1.1" 200 4517 "-" "Mozilla/5.0 (compatible; YandexBot/3.0; +http://yandex.com/bots)"
95.108.217.252 - - [26/Sep/2010:14:18:45 +0200] "GET /?q=user/register&destination=comment/reply/178%23comment-form HTTP/1.1" 403 1539 "-" "Mozilla/5.0 (compatible; YandexBot/3.0; +http://yandex.com/bots)"
123.125.66.93 - - [26/Sep/2010:14:29:39 +0200] "GET / HTTP/1.1" 200 13480 "-" "Baiduspider+(+http://www.baidu.com/search/spider.htm)"
95.108.217.252 - - [26/Sep/2010:14:36:10 +0200] "GET /?q=node/114 HTTP/1.1" 200 5772 "-" "Mozilla/5.0 (compatible; YandexBot/3.0; +http://yandex.com/bots)"
220.181.7.59 - - [26/Sep/2010:14:36:35 +0200] "GET / HTTP/1.1" 200 13480 "-" "Baiduspider+(+http://www.baidu.com/search/spider.htm)"
95.108.217.252 - - [26/Sep/2010:14:53:36 +0200] "GET /?q=node/174 HTTP/1.1" 200 2352 "-" "Mozilla/5.0 (compatible; YandexBot/3.0; +http://yandex.com/bots)"
64.12.116.131 - - [26/Sep/2010:14:54:34 +0200] "GET /?q=node/42 HTTP/1.1" 200 6023 "http://search.aol.com/aol/search?query=sermons+on+ephesians+4%3A1-16&s_it=keyword_rollover" "Mozilla/4.0 (compatible; MSIE 7.0; AOL 9.5; AOLBuild 4337.29; Windows NT 5.1; Trident/4.0; BrotherSoftSearchToolbar 1.2; .NET CLR 1.0.3705; .NET CLR 1.1.4322; Media Center PC 4.0)"
64.12.116.74 - - [26/Sep/2010:14:54:36 +0200] "GET /sites/all/modules/taxonomy_vtn/taxonomy_vtn/taxonomy_vtn.css?F HTTP/1.1" 200 1540 "http://www.sermonsforyou.co.uk/?q=node/42" "Mozilla/4.0 (compatible; MSIE 7.0; AOL 9.5; AOLBuild 4337.29; Windows NT 5.1; Trident/4.0; BrotherSoftSearchToolbar 1.2; .NET CLR 1.0.3705; .NET CLR 1.1.4322; Media Center PC 4.0)"
64.12.117.73 - - [26/Sep/2010:14:54:36 +0200] "GET /modules/node/node.css?F HTTP/1.1" 200 740 "http://www.sermonsforyou.co.uk/?q=node/42" "Mozilla/4.0 (compatible; MSIE 7.0; AOL 9.5; AOLBuild 4337.29; Windows NT 5.1; Trident/4.0; BrotherSoftSearchToolbar 1.2; .NET CLR 1.0.3705; .NET CLR 1.1.4322; Media Center PC 4.0)"
64.12.116.200 - - [26/Sep/2010:14:54:36 +0200] "GET /modules/system/system.css?F HTTP/1.1" 200 10020 "http://www.sermonsforyou.co.uk/?q=node/42" "Mozilla/4.0 (compatible; MSIE 7.0; AOL 9.5; AOLBuild 4337.29; Windows NT 5.1; Trident/4.0; BrotherSoftSearchToolbar 1.2; .NET CLR 1.0.3705; .NET CLR 1.1.4322; Media Center PC 4.0)"
64.12.116.138 - - [26/Sep/2010:14:54:36 +0200] "GET /modules/system/defaults.css?F HTTP/1.1" 200 757 "http://www.sermonsforyou.co.uk/?q=node/42" "Mozilla/4.0 (compatible; MSIE 7.0; AOL 9.5; AOLBuild 4337.29; Windows NT 5.1; Trident/4.0; BrotherSoftSearchToolbar 1.2; .NET CLR 1.0.3705; .NET CLR 1.1.4322; Media Center PC 4.0)"
64.12.116.67 - - [26/Sep/2010:14:54:37 +0200] "GET /modules/system/system-menus.css?F HTTP/1.1" 200 935 "http://www.sermonsforyou.co.uk/?q=node/42" "Mozilla/4.0 (compatible; MSIE 7.0; AOL 9.5; AOLBuild 4337.29; Windows NT 5.1; Trident/4.0; BrotherSoftSearchToolbar 1.2; .NET CLR 1.0.3705; .NET CLR 1.1.4322; Media Center PC 4.0)"
64.12.116.140 - - [26/Sep/2010:14:54:37 +0200] "GET /modules/user/user.css?F HTTP/1.1" 200 1127 "http://www.sermonsforyou.co.uk/?q=node/42" "Mozilla/4.0 (compatible; MSIE 7.0; AOL 9.5; AOLBuild 4337.29; Windows NT 5.1; Trident/4.0; BrotherSoftSearchToolbar 1.2; .NET CLR 1.0.3705; .NET CLR 1.1.4322; Media Center PC 4.0)"
64.12.116.135 - - [26/Sep/2010:14:54:37 +0200] "GET /sites/all/modules/cck/cck/theme/content-module.css?F HTTP/1.1" 200 2397 "http://www.sermonsforyou.co.uk/?q=node/42" "Mozilla/4.0 (compatible; MSIE 7.0; AOL 9.5; AOLBuild 4337.29; Windows NT 5.1; Trident/4.0; BrotherSoftSearchToolbar 1.2; .NET CLR 1.0.3705; .NET CLR 1.1.4322; Media Center PC 4.0)"
64.12.116.76 - - [26/Sep/2010:14:54:37 +0200] "GET /themes/shallowgrunge/shallowgrunge/style.css?F HTTP/1.1" 200 4871 "http://www.sermonsforyou.co.uk/?q=node/42" "Mozilla/4.0 (compatible; MSIE 7.0; AOL 9.5; AOLBuild 4337.29; Windows NT 5.1; Trident/4.0; BrotherSoftSearchToolbar 1.2; .NET CLR 1.0.3705; .NET CLR 1.1.4322; Media Center PC 4.0)"
64.12.117.17 - - [26/Sep/2010:14:54:38 +0200] "GET /misc/drupal.js?F HTTP/1.1" 200 9745 "http://www.sermonsforyou.co.uk/?q=node/42" "Mozilla/4.0 (compatible; MSIE 7.0; AOL 9.5; AOLBuild 4337.29; Windows NT 5.1; Trident/4.0; BrotherSoftSearchToolbar 1.2; .NET CLR 1.0.3705; .NET CLR 1.1.4322; Media Center PC 4.0)"
64.12.116.9 - - [26/Sep/2010:14:54:38 +0200] "GET /misc/jquery.js?F HTTP/1.1" 200 31089 "http://www.sermonsforyou.co.uk/?q=node/42" "Mozilla/4.0 (compatible; MSIE 7.0; AOL 9.5; AOLBuild 4337.29; Windows NT 5.1; Trident/4.0; BrotherSoftSearchToolbar 1.2; .NET CLR 1.0.3705; .NET CLR 1.1.4322; Media Center PC 4.0)"
64.12.116.18 - - [26/Sep/2010:14:54:38 +0200] "GET /sites/all/modules/taxonomy_vtn/taxonomy_vtn/taxonomy_vtn.js?F HTTP/1.1" 200 465 "http://www.sermonsforyou.co.uk/?q=node/42" "Mozilla/4.0 (compatible; MSIE 7.0; AOL 9.5; AOLBuild 4337.29; Windows NT 5.1; Trident/4.0; BrotherSoftSearchToolbar 1.2; .NET CLR 1.0.3705; .NET CLR 1.1.4322; Media Center PC 4.0)"
64.12.116.11 - - [26/Sep/2010:14:54:38 +0200] "GET /sites/all/modules/google_analytics/googleanalytics.js?F HTTP/1.1" 200 1725 "http://www.sermonsforyou.co.uk/?q=node/42" "Mozilla/4.0 (compatible; MSIE 7.0; AOL 9.5; AOLBuild 4337.29; Windows NT 5.1; Trident/4.0; BrotherSoftSearchToolbar 1.2; .NET CLR 1.0.3705; .NET CLR 1.1.4322; Media Center PC 4.0)"
64.12.117.9 - - [26/Sep/2010:14:54:39 +0200] "GET /misc/powered-blue-80x15.png HTTP/1.1" 200 1011 "http://www.sermonsforyou.co.uk/?q=node/42" "Mozilla/4.0 (compatible; MSIE 7.0; AOL 9.5; AOLBuild 4337.29; Windows NT 5.1; Trident/4.0; BrotherSoftSearchToolbar 1.2; .NET CLR 1.0.3705; .NET CLR 1.1.4322; Media Center PC 4.0)"
64.12.116.131 - - [26/Sep/2010:14:54:39 +0200] "GET /themes/shallowgrunge/shallowgrunge/images/img02.jpg HTTP/1.1" 200 29303 "http://www.sermonsforyou.co.uk/?q=node/42" "Mozilla/4.0 (compatible; MSIE 7.0; AOL 9.5; AOLBuild 4337.29; Windows NT 5.1; Trident/4.0; BrotherSoftSearchToolbar 1.2; .NET CLR 1.0.3705; .NET CLR 1.1.4322; Media Center PC 4.0)"
64.12.116.132 - - [26/Sep/2010:14:54:39 +0200] "GET /themes/shallowgrunge/shallowgrunge/images/img03.jpg HTTP/1.1" 200 10877 "http://www.sermonsforyou.co.uk/?q=node/42" "Mozilla/4.0 (compatible; MSIE 7.0; AOL 9.5; AOLBuild 4337.29; Windows NT 5.1; Trident/4.0; BrotherSoftSearchToolbar 1.2; .NET CLR 1.0.3705; .NET CLR 1.1.4322; Media Center PC 4.0)"
64.12.116.130 - - [26/Sep/2010:14:54:39 +0200] "GET /themes/shallowgrunge/shallowgrunge/images/img01.jpg HTTP/1.1" 200 72355 "http://www.sermonsforyou.co.uk/?q=node/42" "Mozilla/4.0 (compatible; MSIE 7.0; AOL 9.5; AOLBuild 4337.29; Windows NT 5.1; Trident/4.0; BrotherSoftSearchToolbar 1.2; .NET CLR 1.0.3705; .NET CLR 1.1.4322; Media Center PC 4.0)"
64.12.116.138 - - [26/Sep/2010:14:54:41 +0200] "GET /favicon.ico HTTP/1.1" 200 1406 "-" "ee://aol/http"
95.108.217.252 - - [26/Sep/2010:15:13:55 +0200] "GET /?q=user/register&destination=comment/reply/120%23comment-form HTTP/1.1" 403 1539 "-" "Mozilla/5.0 (compatible; YandexBot/3.0; +http://yandex.com/bots)"
80.67.13.55 - - [26/Sep/2010:15:21:58 +0200] "GET /?q=node/174 HTTP/1.0" 200 6163 "http://www.sermonsforyou.co.uk/?q=node/174" "Mozilla/4.0 (compatible; MSIE 6.0; Windows 98; Win 9x 4.90)"
80.67.13.55 - - [26/Sep/2010:15:23:43 +0200] "GET /?q=node/174 HTTP/1.0" 200 6163 "http://www.sermonsforyou.co.uk/?q=node/174" "Mozilla/4.0 (compatible; MSIE 6.0; Windows 98; Win 9x 4.90)"
220.181.7.132 - - [26/Sep/2010:15:30:29 +0200] "GET / HTTP/1.1" 200 13480 "-" "Baiduspider+(+http://www.baidu.com/search/spider.htm)"
95.108.217.252 - - [26/Sep/2010:15:30:50 +0200] "GET /?q=user/register&destination=comment/reply/100%23comment-form HTTP/1.1" 403 1539 "-" "Mozilla/5.0 (compatible; YandexBot/3.0; +http://yandex.com/bots)"
123.125.66.84 - - [26/Sep/2010:15:31:46 +0200] "GET / HTTP/1.1" 200 13480 "-" "Baiduspider+(+http://www.baidu.com/search/spider.htm)"
95.108.217.252 - - [26/Sep/2010:15:36:42 +0200] "GET /?q=user/register&destination=comment/reply/142%23comment-form HTTP/1.1" 403 1539 "-" "Mozilla/5.0 (compatible; YandexBot/3.0; +http://yandex.com/bots)"
95.108.217.252 - - [26/Sep/2010:15:39:44 +0200] "GET /?q=user/register&destination=comment/reply/127%23comment-form HTTP/1.1" 403 1539 "-" "Mozilla/5.0 (compatible; YandexBot/3.0; +http://yandex.com/bots)"
67.195.114.51 - - [26/Sep/2010:15:44:31 +0200] "GET /robots.txt HTTP/1.0" 200 707 "-" "Mozilla/5.0 (compatible; Yahoo! Slurp; http://help.yahoo.com/help/us/ysearch/slurp)"
67.195.114.51 - - [26/Sep/2010:15:44:32 +0200] "GET /?q=node/230 HTTP/1.0" 404 1311 "-" "Mozilla/5.0 (compatible; Yahoo! Slurp/3.0; http://help.yahoo.com/help/us/ysearch/slurp)"
95.108.217.252 - - [26/Sep/2010:15:58:16 +0200] "GET /?q=user/register&destination=comment/reply/170%23comment-form HTTP/1.1" 403 1539 "-" "Mozilla/5.0 (compatible; YandexBot/3.0; +http://yandex.com/bots)"
66.249.66.34 - - [26/Sep/2010:16:06:34 +0200] "GET /sitemap.xml HTTP/1.1" 200 11941 "-" "Mozilla/5.0 (compatible; Googlebot/2.1; +http://www.google.com/bot.html)"
95.108.217.252 - - [26/Sep/2010:16:19:32 +0200] "GET /?q=user/register&destination=comment/reply/204%23comment-form HTTP/1.1" 403 1539 "-" "Mozilla/5.0 (compatible; YandexBot/3.0; +http://yandex.com/bots)"
95.108.217.252 - - [26/Sep/2010:16:40:39 +0200] "GET /?q=user/register&destination=comment/reply/177%23comment-form HTTP/1.1" 403 1539 "-" "Mozilla/5.0 (compatible; YandexBot/3.0; +http://yandex.com/bots)"
95.108.217.252 - - [26/Sep/2010:16:53:00 +0200] "GET /?q=node/138 HTTP/1.1" 200 4465 "-" "Mozilla/5.0 (compatible; YandexBot/3.0; +http://yandex.com/bots)"
95.108.217.252 - - [26/Sep/2010:17:04:33 +0200] "GET /?q=user/register&destination=comment/reply/132%23comment-form HTTP/1.1" 403 1539 "-" "Mozilla/5.0 (compatible; YandexBot/3.0; +http://yandex.com/bots)"
95.146.228.22 - - [26/Sep/2010:17:21:32 +0200] "GET /?q=node/18 HTTP/1.1" 200 5601 "-" "Mozilla/4.0 (compatible; MSIE 8.0; Windows NT 5.1; Trident/4.0; Supplied by Tesco.net; FunWebProducts; GTB6.5)"
95.146.228.22 - - [26/Sep/2010:17:21:33 +0200] "GET /sites/all/modules/taxonomy_vtn/taxonomy_vtn/taxonomy_vtn.css?F HTTP/1.1" 200 1540 "http://www.sermonsforyou.co.uk/?q=node/18" "Mozilla/4.0 (compatible; MSIE 8.0; Windows NT 5.1; Trident/4.0; Supplied by Tesco.net; FunWebProducts; GTB6.5)"
95.146.228.22 - - [26/Sep/2010:17:21:33 +0200] "GET /modules/node/node.css?F HTTP/1.1" 304 0 "http://www.sermonsforyou.co.uk/?q=node/18" "Mozilla/4.0 (compatible; MSIE 8.0; Windows NT 5.1; Trident/4.0; Supplied by Tesco.net; FunWebProducts; GTB6.5)"
95.146.228.22 - - [26/Sep/2010:17:21:33 +0200] "GET /modules/system/defaults.css?F HTTP/1.1" 304 0 "http://www.sermonsforyou.co.uk/?q=node/18" "Mozilla/4.0 (compatible; MSIE 8.0; Windows NT 5.1; Trident/4.0; Supplied by Tesco.net; FunWebProducts; GTB6.5)"
95.146.228.22 - - [26/Sep/2010:17:21:33 +0200] "GET /modules/system/system.css?F HTTP/1.1" 304 0 "http://www.sermonsforyou.co.uk/?q=node/18" "Mozilla/4.0 (compatible; MSIE 8.0; Windows NT 5.1; Trident/4.0; Supplied by Tesco.net; FunWebProducts; GTB6.5)"
95.146.228.22 - - [26/Sep/2010:17:21:33 +0200] "GET /modules/system/system-menus.css?F HTTP/1.1" 304 0 "http://www.sermonsforyou.co.uk/?q=node/18" "Mozilla/4.0 (compatible; MSIE 8.0; Windows NT 5.1; Trident/4.0; Supplied by Tesco.net; FunWebProducts; GTB6.5)"
95.146.228.22 - - [26/Sep/2010:17:21:34 +0200] "GET /modules/user/user.css?F HTTP/1.1" 200 1127 "http://www.sermonsforyou.co.uk/?q=node/18" "Mozilla/4.0 (compatible; MSIE 8.0; Windows NT 5.1; Trident/4.0; Supplied by Tesco.net; FunWebProducts; GTB6.5)"
95.146.228.22 - - [26/Sep/2010:17:21:34 +0200] "GET /sites/all/modules/cck/cck/theme/content-module.css?F HTTP/1.1" 304 0 "http://www.sermonsforyou.co.uk/?q=node/18" "Mozilla/4.0 (compatible; MSIE 8.0; Windows NT 5.1; Trident/4.0; Supplied by Tesco.net; FunWebProducts; GTB6.5)"
95.146.228.22 - - [26/Sep/2010:17:21:34 +0200] "GET /themes/shallowgrunge/shallowgrunge/style.css?F HTTP/1.1" 200 4871 "http://www.sermonsforyou.co.uk/?q=node/18" "Mozilla/4.0 (compatible; MSIE 8.0; Windows NT 5.1; Trident/4.0; Supplied by Tesco.net; FunWebProducts; GTB6.5)"
95.146.228.22 - - [26/Sep/2010:17:21:34 +0200] "GET /misc/drupal.js?F HTTP/1.1" 304 0 "http://www.sermonsforyou.co.uk/?q=node/18" "Mozilla/4.0 (compatible; MSIE 8.0; Windows NT 5.1; Trident/4.0; Supplied by Tesco.net; FunWebProducts; GTB6.5)"
95.146.228.22 - - [26/Sep/2010:17:21:34 +0200] "GET /sites/all/modules/taxonomy_vtn/taxonomy_vtn/taxonomy_vtn.js?F HTTP/1.1" 304 0 "http://www.sermonsforyou.co.uk/?q=node/18" "Mozilla/4.0 (compatible; MSIE 8.0; Windows NT 5.1; Trident/4.0; Supplied by Tesco.net; FunWebProducts; GTB6.5)"
95.146.228.22 - - [26/Sep/2010:17:21:34 +0200] "GET /misc/jquery.js?F HTTP/1.1" 200 31089 "http://www.sermonsforyou.co.uk/?q=node/18" "Mozilla/4.0 (compatible; MSIE 8.0; Windows NT 5.1; Trident/4.0; Supplied by Tesco.net; FunWebProducts; GTB6.5)"
95.146.228.22 - - [26/Sep/2010:17:21:35 +0200] "GET /sites/all/modules/google_analytics/googleanalytics.js?F HTTP/1.1" 304 0 "http://www.sermonsforyou.co.uk/?q=node/18" "Mozilla/4.0 (compatible; MSIE 8.0; Windows NT 5.1; Trident/4.0; Supplied by Tesco.net; FunWebProducts; GTB6.5)"
95.146.228.22 - - [26/Sep/2010:17:21:36 +0200] "GET /misc/powered-blue-80x15.png HTTP/1.1" 200 1011 "http://www.sermonsforyou.co.uk/?q=node/18" "Mozilla/4.0 (compatible; MSIE 8.0; Windows NT 5.1; Trident/4.0; Supplied by Tesco.net; FunWebProducts; GTB6.5)"
95.146.228.22 - - [26/Sep/2010:17:21:36 +0200] "GET /themes/shallowgrunge/shallowgrunge/images/img02.jpg HTTP/1.1" 304 0 "http://www.sermonsforyou.co.uk/?q=node/18" "Mozilla/4.0 (compatible; MSIE 8.0; Windows NT 5.1; Trident/4.0; Supplied by Tesco.net; FunWebProducts; GTB6.5)"
95.146.228.22 - - [26/Sep/2010:17:21:36 +0200] "GET /themes/shallowgrunge/shallowgrunge/images/img03.jpg HTTP/1.1" 200 10877 "http://www.sermonsforyou.co.uk/?q=node/18" "Mozilla/4.0 (compatible; MSIE 8.0; Windows NT 5.1; Trident/4.0; Supplied by Tesco.net; FunWebProducts; GTB6.5)"
95.146.228.22 - - [26/Sep/2010:17:21:36 +0200] "GET /themes/shallowgrunge/shallowgrunge/images/img01.jpg HTTP/1.1" 304 0 "http://www.sermonsforyou.co.uk/?q=node/18" "Mozilla/4.0 (compatible; MSIE 8.0; Windows NT 5.1; Trident/4.0; Supplied by Tesco.net; FunWebProducts; GTB6.5)"
95.108.217.252 - - [26/Sep/2010:17:22:59 +0200] "GET /?q=user/register&destination=comment/reply/116%23comment-form HTTP/1.1" 403 1539 "-" "Mozilla/5.0 (compatible; YandexBot/3.0; +http://yandex.com/bots)"
95.108.217.252 - - [26/Sep/2010:17:45:52 +0200] "GET /?q=user/register&destination=comment/reply/141%23comment-form HTTP/1.1" 403 1539 "-" "Mozilla/5.0 (compatible; YandexBot/3.0; +http://yandex.com/bots)"
64.68.163.14 - - [26/Sep/2010:18:05:51 +0200] "HEAD /?q=node/234 HTTP/1.0" 404 0 "-" "User-Agent: Drupal (+http://drupal.org/)"
95.108.217.252 - - [26/Sep/2010:18:10:56 +0200] "GET /?q=user/register&destination=comment/reply/133%23comment-form HTTP/1.1" 403 1539 "-" "Mozilla/5.0 (compatible; YandexBot/3.0; +http://yandex.com/bots)"
88.198.37.84 - - [26/Sep/2010:18:27:00 +0200] "GET /?q=user/register HTTP/1.1" 403 1539 "-" "Mozilla/4.0 (compatible; MSIE 7.0; Windows NT 6.1; WOW64; Trident/4.0; SLCC2; .NET CLR 2.0.50727; .NET CLR 3.5.30729; .NET CLR 3.0.30729; .NET4.0C; .NET4.0E)"
88.198.37.84 - - [26/Sep/2010:18:27:00 +0200] "GET /sites/all/modules/taxonomy_vtn/taxonomy_vtn/taxonomy_vtn.css?F HTTP/1.1" 200 1540 "http://www.sermonsforyou.co.uk/?q=user/register" "Mozilla/4.0 (compatible; MSIE 7.0; Windows NT 6.1; WOW64; Trident/4.0; SLCC2; .NET CLR 2.0.50727; .NET CLR 3.5.30729; .NET CLR 3.0.30729; .NET4.0C; .NET4.0E)"
88.198.37.84 - - [26/Sep/2010:18:27:00 +0200] "GET /modules/node/node.css?F HTTP/1.1" 200 740 "http://www.sermonsforyou.co.uk/?q=user/register" "Mozilla/4.0 (compatible; MSIE 7.0; Windows NT 6.1; WOW64; Trident/4.0; SLCC2; .NET CLR 2.0.50727; .NET CLR 3.5.30729; .NET CLR 3.0.30729; .NET4.0C; .NET4.0E)"
88.198.37.84 - - [26/Sep/2010:18:27:00 +0200] "GET /modules/system/defaults.css?F HTTP/1.1" 200 757 "http://www.sermonsforyou.co.uk/?q=user/register" "Mozilla/4.0 (compatible; MSIE 7.0; Windows NT 6.1; WOW64; Trident/4.0; SLCC2; .NET CLR 2.0.50727; .NET CLR 3.5.30729; .NET CLR 3.0.30729; .NET4.0C; .NET4.0E)"
88.198.37.84 - - [26/Sep/2010:18:27:01 +0200] "GET /modules/system/system.css?F HTTP/1.1" 200 10020 "http://www.sermonsforyou.co.uk/?q=user/register" "Mozilla/4.0 (compatible; MSIE 7.0; Windows NT 6.1; WOW64; Trident/4.0; SLCC2; .NET CLR 2.0.50727; .NET CLR 3.5.30729; .NET CLR 3.0.30729; .NET4.0C; .NET4.0E)"
88.198.37.84 - - [26/Sep/2010:18:27:01 +0200] "GET /modules/system/system-menus.css?F HTTP/1.1" 200 935 "http://www.sermonsforyou.co.uk/?q=user/register" "Mozilla/4.0 (compatible; MSIE 7.0; Windows NT 6.1; WOW64; Trident/4.0; SLCC2; .NET CLR 2.0.50727; .NET CLR 3.5.30729; .NET CLR 3.0.30729; .NET4.0C; .NET4.0E)"
88.198.37.84 - - [26/Sep/2010:18:27:01 +0200] "GET /modules/user/user.css?F HTTP/1.1" 200 1127 "http://www.sermonsforyou.co.uk/?q=user/register" "Mozilla/4.0 (compatible; MSIE 7.0; Windows NT 6.1; WOW64; Trident/4.0; SLCC2; .NET CLR 2.0.50727; .NET CLR 3.5.30729; .NET CLR 3.0.30729; .NET4.0C; .NET4.0E)"
88.198.37.84 - - [26/Sep/2010:18:27:01 +0200] "GET /themes/shallowgrunge/shallowgrunge/style.css?F HTTP/1.1" 200 4871 "http://www.sermonsforyou.co.uk/?q=user/register" "Mozilla/4.0 (compatible; MSIE 7.0; Windows NT 6.1; WOW64; Trident/4.0; SLCC2; .NET CLR 2.0.50727; .NET CLR 3.5.30729; .NET CLR 3.0.30729; .NET4.0C; .NET4.0E)"
88.198.37.84 - - [26/Sep/2010:18:27:02 +0200] "GET /misc/drupal.js?F HTTP/1.1" 200 9745 "http://www.sermonsforyou.co.uk/?q=user/register" "Mozilla/4.0 (compatible; MSIE 7.0; Windows NT 6.1; WOW64; Trident/4.0; SLCC2; .NET CLR 2.0.50727; .NET CLR 3.5.30729; .NET CLR 3.0.30729; .NET4.0C; .NET4.0E)"
88.198.37.84 - - [26/Sep/2010:18:27:02 +0200] "GET /misc/jquery.js?F HTTP/1.1" 200 31089 "http://www.sermonsforyou.co.uk/?q=user/register" "Mozilla/4.0 (compatible; MSIE 7.0; Windows NT 6.1; WOW64; Trident/4.0; SLCC2; .NET CLR 2.0.50727; .NET CLR 3.5.30729; .NET CLR 3.0.30729; .NET4.0C; .NET4.0E)"
88.198.37.84 - - [26/Sep/2010:18:27:02 +0200] "GET /sites/all/modules/taxonomy_vtn/taxonomy_vtn/taxonomy_vtn.js?F HTTP/1.1" 200 465 "http://www.sermonsforyou.co.uk/?q=user/register" "Mozilla/4.0 (compatible; MSIE 7.0; Windows NT 6.1; WOW64; Trident/4.0; SLCC2; .NET CLR 2.0.50727; .NET CLR 3.5.30729; .NET CLR 3.0.30729; .NET4.0C; .NET4.0E)"
88.198.37.84 - - [26/Sep/2010:18:27:02 +0200] "GET /sites/all/modules/google_analytics/googleanalytics.js?F HTTP/1.1" 200 1725 "http://www.sermonsforyou.co.uk/?q=user/register" "Mozilla/4.0 (compatible; MSIE 7.0; Windows NT 6.1; WOW64; Trident/4.0; SLCC2; .NET CLR 2.0.50727; .NET CLR 3.5.30729; .NET CLR 3.0.30729; .NET4.0C; .NET4.0E)"
88.198.37.84 - - [26/Sep/2010:18:27:03 +0200] "GET /sites/all/modules/cck/cck/theme/content-module.css?F HTTP/1.1" 200 2397 "http://www.sermonsforyou.co.uk/?q=user/register" "Mozilla/4.0 (compatible; MSIE 7.0; Windows NT 6.1; WOW64; Trident/4.0; SLCC2; .NET CLR 2.0.50727; .NET CLR 3.5.30729; .NET CLR 3.0.30729; .NET4.0C; .NET4.0E)"
88.198.37.84 - - [26/Sep/2010:18:27:08 +0200] "GET /?q=user/ HTTP/1.1" 200 1901 "-" "Mozilla/4.0 (compatible; MSIE 7.0; Windows NT 6.1; WOW64; Trident/4.0; SLCC2; .NET CLR 2.0.50727; .NET CLR 3.5.30729; .NET CLR 3.0.30729; .NET4.0C; .NET4.0E)"
88.198.37.84 - - [26/Sep/2010:18:27:13 +0200] "POST /?q=user/ HTTP/1.1" 200 1972 "http://www.sermonsforyou.co.uk/?q=user/" "Mozilla/4.0 (compatible; MSIE 7.0; Windows NT 6.1; WOW64; Trident/4.0; SLCC2; .NET CLR 2.0.50727; .NET CLR 3.5.30729; .NET CLR 3.0.30729; .NET4.0C; .NET4.0E)"
88.198.37.84 - - [26/Sep/2010:18:27:17 +0200] "GET /?q=node/add HTTP/1.1" 403 1151 "-" "Mozilla/4.0 (compatible; MSIE 7.0; Windows NT 6.1; WOW64; Trident/4.0; SLCC2; .NET CLR 2.0.50727; .NET CLR 3.5.30729; .NET CLR 3.0.30729; .NET4.0C; .NET4.0E)"
88.198.37.84 - - [26/Sep/2010:18:27:23 +0200] "GET /?q=node/add/ HTTP/1.1" 403 1151 "-" "Mozilla/4.0 (compatible; MSIE 7.0; Windows NT 6.1; WOW64; Trident/4.0; SLCC2; .NET CLR 2.0.50727; .NET CLR 3.5.30729; .NET CLR 3.0.30729; .NET4.0C; .NET4.0E)"
95.108.217.252 - - [26/Sep/2010:18:31:05 +0200] "GET /?q=user/register&destination=comment/reply/90%23comment-form HTTP/1.1" 403 1539 "-" "Mozilla/5.0 (compatible; YandexBot/3.0; +http://yandex.com/bots)"
88.198.37.84 - - [26/Sep/2010:18:37:23 +0200] "GET /?q=user/register HTTP/1.1" 403 1539 "-" "Mozilla/4.0 (compatible; MSIE 7.0; Windows NT 6.1; WOW64; Trident/4.0; SLCC2; .NET CLR 2.0.50727; .NET CLR 3.5.30729; .NET CLR 3.0.30729; .NET4.0C; .NET4.0E)"
88.198.37.84 - - [26/Sep/2010:18:37:23 +0200] "GET /sites/all/modules/taxonomy_vtn/taxonomy_vtn/taxonomy_vtn.css?F HTTP/1.1" 200 1540 "http://www.sermonsforyou.co.uk/?q=user/register" "Mozilla/4.0 (compatible; MSIE 7.0; Windows NT 6.1; WOW64; Trident/4.0; SLCC2; .NET CLR 2.0.50727; .NET CLR 3.5.30729; .NET CLR 3.0.30729; .NET4.0C; .NET4.0E)"
88.198.37.84 - - [26/Sep/2010:18:37:23 +0200] "GET /modules/node/node.css?F HTTP/1.1" 200 740 "http://www.sermonsforyou.co.uk/?q=user/register" "Mozilla/4.0 (compatible; MSIE 7.0; Windows NT 6.1; WOW64; Trident/4.0; SLCC2; .NET CLR 2.0.50727; .NET CLR 3.5.30729; .NET CLR 3.0.30729; .NET4.0C; .NET4.0E)"
88.198.37.84 - - [26/Sep/2010:18:37:23 +0200] "GET /modules/system/defaults.css?F HTTP/1.1" 200 757 "http://www.sermonsforyou.co.uk/?q=user/register" "Mozilla/4.0 (compatible; MSIE 7.0; Windows NT 6.1; WOW64; Trident/4.0; SLCC2; .NET CLR 2.0.50727; .NET CLR 3.5.30729; .NET CLR 3.0.30729; .NET4.0C; .NET4.0E)"
88.198.37.84 - - [26/Sep/2010:18:37:23 +0200] "GET /modules/system/system.css?F HTTP/1.1" 200 10020 "http://www.sermonsforyou.co.uk/?q=user/register" "Mozilla/4.0 (compatible; MSIE 7.0; Windows NT 6.1; WOW64; Trident/4.0; SLCC2; .NET CLR 2.0.50727; .NET CLR 3.5.30729; .NET CLR 3.0.30729; .NET4.0C; .NET4.0E)"
88.198.37.84 - - [26/Sep/2010:18:37:24 +0200] "GET /modules/system/system-menus.css?F HTTP/1.1" 200 935 "http://www.sermonsforyou.co.uk/?q=user/register" "Mozilla/4.0 (compatible; MSIE 7.0; Windows NT 6.1; WOW64; Trident/4.0; SLCC2; .NET CLR 2.0.50727; .NET CLR 3.5.30729; .NET CLR 3.0.30729; .NET4.0C; .NET4.0E)"
88.198.37.84 - - [26/Sep/2010:18:37:24 +0200] "GET /modules/user/user.css?F HTTP/1.1" 200 1127 "http://www.sermonsforyou.co.uk/?q=user/register" "Mozilla/4.0 (compatible; MSIE 7.0; Windows NT 6.1; WOW64; Trident/4.0; SLCC2; .NET CLR 2.0.50727; .NET CLR 3.5.30729; .NET CLR 3.0.30729; .NET4.0C; .NET4.0E)"
88.198.37.84 - - [26/Sep/2010:18:37:24 +0200] "GET /sites/all/modules/cck/cck/theme/content-module.css?F HTTP/1.1" 200 2397 "http://www.sermonsforyou.co.uk/?q=user/register" "Mozilla/4.0 (compatible; MSIE 7.0; Windows NT 6.1; WOW64; Trident/4.0; SLCC2; .NET CLR 2.0.50727; .NET CLR 3.5.30729; .NET CLR 3.0.30729; .NET4.0C; .NET4.0E)"
88.198.37.84 - - [26/Sep/2010:18:37:24 +0200] "GET /themes/shallowgrunge/shallowgrunge/style.css?F HTTP/1.1" 200 4871 "http://www.sermonsforyou.co.uk/?q=user/register" "Mozilla/4.0 (compatible; MSIE 7.0; Windows NT 6.1; WOW64; Trident/4.0; SLCC2; .NET CLR 2.0.50727; .NET CLR 3.5.30729; .NET CLR 3.0.30729; .NET4.0C; .NET4.0E)"
88.198.37.84 - - [26/Sep/2010:18:37:25 +0200] "GET /misc/jquery.js?F HTTP/1.1" 200 31089 "http://www.sermonsforyou.co.uk/?q=user/register" "Mozilla/4.0 (compatible; MSIE 7.0; Windows NT 6.1; WOW64; Trident/4.0; SLCC2; .NET CLR 2.0.50727; .NET CLR 3.5.30729; .NET CLR 3.0.30729; .NET4.0C; .NET4.0E)"
88.198.37.84 - - [26/Sep/2010:18:37:25 +0200] "GET /misc/drupal.js?F HTTP/1.1" 200 9745 "http://www.sermonsforyou.co.uk/?q=user/register" "Mozilla/4.0 (compatible; MSIE 7.0; Windows NT 6.1; WOW64; Trident/4.0; SLCC2; .NET CLR 2.0.50727; .NET CLR 3.5.30729; .NET CLR 3.0.30729; .NET4.0C; .NET4.0E)"
88.198.37.84 - - [26/Sep/2010:18:37:25 +0200] "GET /sites/all/modules/taxonomy_vtn/taxonomy_vtn/taxonomy_vtn.js?F HTTP/1.1" 200 465 "http://www.sermonsforyou.co.uk/?q=user/register" "Mozilla/4.0 (compatible; MSIE 7.0; Windows NT 6.1; WOW64; Trident/4.0; SLCC2; .NET CLR 2.0.50727; .NET CLR 3.5.30729; .NET CLR 3.0.30729; .NET4.0C; .NET4.0E)"
88.198.37.84 - - [26/Sep/2010:18:37:25 +0200] "GET /sites/all/modules/google_analytics/googleanalytics.js?F HTTP/1.1" 200 1725 "http://www.sermonsforyou.co.uk/?q=user/register" "Mozilla/4.0 (compatible; MSIE 7.0; Windows NT 6.1; WOW64; Trident/4.0; SLCC2; .NET CLR 2.0.50727; .NET CLR 3.5.30729; .NET CLR 3.0.30729; .NET4.0C; .NET4.0E)"
88.198.37.84 - - [26/Sep/2010:18:37:31 +0200] "GET /?q=user/ HTTP/1.1" 200 1898 "-" "Mozilla/4.0 (compatible; MSIE 7.0; Windows NT 6.1; WOW64; Trident/4.0; SLCC2; .NET CLR 2.0.50727; .NET CLR 3.5.30729; .NET CLR 3.0.30729; .NET4.0C; .NET4.0E)"
88.198.37.84 - - [26/Sep/2010:18:37:36 +0200] "POST /?q=user/ HTTP/1.1" 200 1973 "http://www.sermonsforyou.co.uk/?q=user/" "Mozilla/4.0 (compatible; MSIE 7.0; Windows NT 6.1; WOW64; Trident/4.0; SLCC2; .NET CLR 2.0.50727; .NET CLR 3.5.30729; .NET CLR 3.0.30729; .NET4.0C; .NET4.0E)"
88.198.37.84 - - [26/Sep/2010:18:37:42 +0200] "GET /?q=node/add HTTP/1.1" 403 1151 "-" "Mozilla/4.0 (compatible; MSIE 7.0; Windows NT 6.1; WOW64; Trident/4.0; SLCC2; .NET CLR 2.0.50727; .NET CLR 3.5.30729; .NET CLR 3.0.30729; .NET4.0C; .NET4.0E)"
88.198.37.84 - - [26/Sep/2010:18:37:46 +0200] "GET /?q=node/add/ HTTP/1.1" 403 1151 "-" "Mozilla/4.0 (compatible; MSIE 7.0; Windows NT 6.1; WOW64; Trident/4.0; SLCC2; .NET CLR 2.0.50727; .NET CLR 3.5.30729; .NET CLR 3.0.30729; .NET4.0C; .NET4.0E)"
124.115.4.202 - - [26/Sep/2010:18:48:01 +0200] "GET / HTTP/1.1" 200 3599 "-" "Sosospider+(+http://help.soso.com/webspider.htm)"
95.108.217.252 - - [26/Sep/2010:18:54:36 +0200] "GET /?q=user/register&destination=comment/reply/206%23comment-form HTTP/1.1" 403 1539 "-" "Mozilla/5.0 (compatible; YandexBot/3.0; +http://yandex.com/bots)"
67.195.114.51 - - [26/Sep/2010:19:08:04 +0200] "GET /?q=node/236 HTTP/1.0" 404 1311 "-" "Mozilla/5.0 (compatible; Yahoo! Slurp/3.0; http://help.yahoo.com/help/us/ysearch/slurp)"
89.149.196.32 - - [26/Sep/2010:19:19:24 +0200] "GET /?q=user/reset/352/1284821708/88155664690d98da52f197f541ef4215 HTTP/1.0" 403 7098 "http://www.sermonsforyou.co.uk/?q=user/reset/352/1284821708/88155664690d98da52f197f541ef4215" "Mozilla/4.0 (compatible; MSIE 6.0; Windows NT 5.1; SV1; .NET CLR 1.1.4322; XMPP Tiscali Communicator v.10.0.2; .NET CLR 2.0.50727)"
89.149.196.32 - - [26/Sep/2010:19:19:39 +0200] "GET / HTTP/1.0" 200 13480 "http://www.sermonsforyou.co.uk/?q=user/reset/352/1284821708/88155664690d98da52f197f541ef4215" "Mozilla/4.0 (compatible; MSIE 6.0; Windows NT 5.1; SV1; .NET CLR 1.1.4322; XMPP Tiscali Communicator v.10.0.2; .NET CLR 2.0.50727)"
95.108.217.252 - - [26/Sep/2010:19:37:05 +0200] "GET /robots.txt HTTP/1.1" 200 1642 "-" "Mozilla/5.0 (compatible; YandexBot/3.0; +http://yandex.com/bots)"
88.198.37.84 - - [26/Sep/2010:19:52:27 +0200] "GET /?q=user/register HTTP/1.1" 403 1539 "-" "Mozilla/4.0 (compatible; MSIE 7.0; Windows NT 6.1; WOW64; Trident/4.0; SLCC2; .NET CLR 2.0.50727; .NET CLR 3.5.30729; .NET CLR 3.0.30729; .NET4.0C; .NET4.0E)"
88.198.37.84 - - [26/Sep/2010:19:52:27 +0200] "GET /sites/all/modules/taxonomy_vtn/taxonomy_vtn/taxonomy_vtn.css?F HTTP/1.1" 200 1540 "http://www.sermonsforyou.co.uk/?q=user/register" "Mozilla/4.0 (compatible; MSIE 7.0; Windows NT 6.1; WOW64; Trident/4.0; SLCC2; .NET CLR 2.0.50727; .NET CLR 3.5.30729; .NET CLR 3.0.30729; .NET4.0C; .NET4.0E)"
88.198.37.84 - - [26/Sep/2010:19:52:27 +0200] "GET /modules/node/node.css?F HTTP/1.1" 200 740 "http://www.sermonsforyou.co.uk/?q=user/register" "Mozilla/4.0 (compatible; MSIE 7.0; Windows NT 6.1; WOW64; Trident/4.0; SLCC2; .NET CLR 2.0.50727; .NET CLR 3.5.30729; .NET CLR 3.0.30729; .NET4.0C; .NET4.0E)"
88.198.37.84 - - [26/Sep/2010:19:52:27 +0200] "GET /modules/system/defaults.css?F HTTP/1.1" 200 757 "http://www.sermonsforyou.co.uk/?q=user/register" "Mozilla/4.0 (compatible; MSIE 7.0; Windows NT 6.1; WOW64; Trident/4.0; SLCC2; .NET CLR 2.0.50727; .NET CLR 3.5.30729; .NET CLR 3.0.30729; .NET4.0C; .NET4.0E)"
88.198.37.84 - - [26/Sep/2010:19:52:27 +0200] "GET /modules/system/system.css?F HTTP/1.1" 200 10020 "http://www.sermonsforyou.co.uk/?q=user/register" "Mozilla/4.0 (compatible; MSIE 7.0; Windows NT 6.1; WOW64; Trident/4.0; SLCC2; .NET CLR 2.0.50727; .NET CLR 3.5.30729; .NET CLR 3.0.30729; .NET4.0C; .NET4.0E)"
88.198.37.84 - - [26/Sep/2010:19:52:27 +0200] "GET /modules/system/system-menus.css?F HTTP/1.1" 200 935 "http://www.sermonsforyou.co.uk/?q=user/register" "Mozilla/4.0 (compatible; MSIE 7.0; Windows NT 6.1; WOW64; Trident/4.0; SLCC2; .NET CLR 2.0.50727; .NET CLR 3.5.30729; .NET CLR 3.0.30729; .NET4.0C; .NET4.0E)"
88.198.37.84 - - [26/Sep/2010:19:52:27 +0200] "GET /modules/user/user.css?F HTTP/1.1" 200 1127 "http://www.sermonsforyou.co.uk/?q=user/register" "Mozilla/4.0 (compatible; MSIE 7.0; Windows NT 6.1; WOW64; Trident/4.0; SLCC2; .NET CLR 2.0.50727; .NET CLR 3.5.30729; .NET CLR 3.0.30729; .NET4.0C; .NET4.0E)"
88.198.37.84 - - [26/Sep/2010:19:52:27 +0200] "GET /sites/all/modules/cck/cck/theme/content-module.css?F HTTP/1.1" 200 2397 "http://www.sermonsforyou.co.uk/?q=user/register" "Mozilla/4.0 (compatible; MSIE 7.0; Windows NT 6.1; WOW64; Trident/4.0; SLCC2; .NET CLR 2.0.50727; .NET CLR 3.5.30729; .NET CLR 3.0.30729; .NET4.0C; .NET4.0E)"
88.198.37.84 - - [26/Sep/2010:19:52:27 +0200] "GET /themes/shallowgrunge/shallowgrunge/style.css?F HTTP/1.1" 200 4871 "http://www.sermonsforyou.co.uk/?q=user/register" "Mozilla/4.0 (compatible; MSIE 7.0; Windows NT 6.1; WOW64; Trident/4.0; SLCC2; .NET CLR 2.0.50727; .NET CLR 3.5.30729; .NET CLR 3.0.30729; .NET4.0C; .NET4.0E)"
88.198.37.84 - - [26/Sep/2010:19:52:27 +0200] "GET /misc/drupal.js?F HTTP/1.1" 200 9745 "http://www.sermonsforyou.co.uk/?q=user/register" "Mozilla/4.0 (compatible; MSIE 7.0; Windows NT 6.1; WOW64; Trident/4.0; SLCC2; .NET CLR 2.0.50727; .NET CLR 3.5.30729; .NET CLR 3.0.30729; .NET4.0C; .NET4.0E)"
88.198.37.84 - - [26/Sep/2010:19:52:27 +0200] "GET /misc/jquery.js?F HTTP/1.1" 200 31089 "http://www.sermonsforyou.co.uk/?q=user/register" "Mozilla/4.0 (compatible; MSIE 7.0; Windows NT 6.1; WOW64; Trident/4.0; SLCC2; .NET CLR 2.0.50727; .NET CLR 3.5.30729; .NET CLR 3.0.30729; .NET4.0C; .NET4.0E)"
88.198.37.84 - - [26/Sep/2010:19:52:28 +0200] "GET /sites/all/modules/taxonomy_vtn/taxonomy_vtn/taxonomy_vtn.js?F HTTP/1.1" 200 465 "http://www.sermonsforyou.co.uk/?q=user/register" "Mozilla/4.0 (compatible; MSIE 7.0; Windows NT 6.1; WOW64; Trident/4.0; SLCC2; .NET CLR 2.0.50727; .NET CLR 3.5.30729; .NET CLR 3.0.30729; .NET4.0C; .NET4.0E)"
88.198.37.84 - - [26/Sep/2010:19:52:28 +0200] "GET /sites/all/modules/google_analytics/googleanalytics.js?F HTTP/1.1" 200 1725 "http://www.sermonsforyou.co.uk/?q=user/register" "Mozilla/4.0 (compatible; MSIE 7.0; Windows NT 6.1; WOW64; Trident/4.0; SLCC2; .NET CLR 2.0.50727; .NET CLR 3.5.30729; .NET CLR 3.0.30729; .NET4.0C; .NET4.0E)"
88.198.37.84 - - [26/Sep/2010:19:52:33 +0200] "GET /?q=user/ HTTP/1.1" 200 1902 "-" "Mozilla/4.0 (compatible; MSIE 7.0; Windows NT 6.1; WOW64; Trident/4.0; SLCC2; .NET CLR 2.0.50727; .NET CLR 3.5.30729; .NET CLR 3.0.30729; .NET4.0C; .NET4.0E)"
88.198.37.84 - - [26/Sep/2010:19:52:38 +0200] "POST /?q=user/ HTTP/1.1" 200 1973 "http://www.sermonsforyou.co.uk/?q=user/" "Mozilla/4.0 (compatible; MSIE 7.0; Windows NT 6.1; WOW64; Trident/4.0; SLCC2; .NET CLR 2.0.50727; .NET CLR 3.5.30729; .NET CLR 3.0.30729; .NET4.0C; .NET4.0E)"
88.198.37.84 - - [26/Sep/2010:19:52:43 +0200] "GET /?q=node/add HTTP/1.1" 403 1151 "-" "Mozilla/4.0 (compatible; MSIE 7.0; Windows NT 6.1; WOW64; Trident/4.0; SLCC2; .NET CLR 2.0.50727; .NET CLR 3.5.30729; .NET CLR 3.0.30729; .NET4.0C; .NET4.0E)"
88.198.37.84 - - [26/Sep/2010:19:52:47 +0200] "GET /?q=node/add/ HTTP/1.1" 403 1151 "-" "Mozilla/4.0 (compatible; MSIE 7.0; Windows NT 6.1; WOW64; Trident/4.0; SLCC2; .NET CLR 2.0.50727; .NET CLR 3.5.30729; .NET CLR 3.0.30729; .NET4.0C; .NET4.0E)"
95.108.217.252 - - [26/Sep/2010:20:23:38 +0200] "GET /?q=node HTTP/1.1" 200 3599 "-" "Mozilla/5.0 (compatible; YandexBot/3.0; +http://yandex.com/bots)"
67.195.114.51 - - [26/Sep/2010:20:49:08 +0200] "GET /robots.txt HTTP/1.0" 200 707 "-" "Mozilla/5.0 (compatible; Yahoo! Slurp; http://help.yahoo.com/help/us/ysearch/slurp)"
67.195.114.51 - - [26/Sep/2010:20:49:09 +0200] "GET /?q=taxonomy_vtn/voc/2 HTTP/1.0" 200 1655 "-" "Mozilla/5.0 (compatible; Yahoo! Slurp/3.0; http://help.yahoo.com/help/us/ysearch/slurp)"
95.108.217.252 - - [26/Sep/2010:21:01:03 +0200] "GET /?q=node/232 HTTP/1.1" 404 1311 "-" "Mozilla/5.0 (compatible; YandexBot/3.0; +http://yandex.com/bots)"
95.108.217.252 - - [26/Sep/2010:21:34:01 +0200] "GET /?q=node/219 HTTP/1.1" 404 1311 "-" "Mozilla/5.0 (compatible; YandexBot/3.0; +http://yandex.com/bots)"
92.115.65.16 - - [26/Sep/2010:21:39:45 +0200] "GET /?q=taxonomy_vtn/term/12 HTTP/1.0" 200 15937 "http://www.sermonsforyou.co.uk/?q=taxonomy_vtn/term/12" "Mozilla/4.0 (compatible; MSIE 6.0; MSIE 5.5; Windows NT 4.0) Opera 7.0 [en]"
92.115.65.16 - - [26/Sep/2010:21:39:46 +0200] "GET /?q=taxonomy_vtn/voc/2 HTTP/1.0" 200 4556 "http://www.sermonsforyou.co.uk/?q=taxonomy_vtn/voc/2" "Mozilla/4.0 (compatible; MSIE 6.0; MSIE 5.5; Windows NT 4.0) Opera 7.0 [en]"
92.115.65.16 - - [26/Sep/2010:21:39:47 +0200] "GET /?q=taxonomy_vtn/term/12 HTTP/1.0" 200 15937 "http://www.sermonsforyou.co.uk/?q=taxonomy_vtn/term/12" "Mozilla/4.0 (compatible; MSIE 6.0; MSIE 5.5; Windows NT 4.0) Opera 7.0 [en]"
92.115.65.16 - - [26/Sep/2010:21:39:47 +0200] "GET /?q=node/67 HTTP/1.0" 200 4682 "http://www.sermonsforyou.co.uk/?q=node/67" "Mozilla/4.0 (compatible; MSIE 6.0; MSIE 5.5; Windows NT 4.0) Opera 7.0 [en]"
92.115.65.16 - - [26/Sep/2010:21:39:48 +0200] "GET /index.php HTTP/1.0" 200 13480 "http://www.sermonsforyou.co.uk/index.php" "Mozilla/4.0 (compatible; MSIE 6.0; MSIE 5.5; Windows NT 4.0) Opera 7.0 [en]"
99.248.9.126 - - [26/Sep/2010:21:44:02 +0200] "GET /?q=node/26 HTTP/1.1" 200 6013 "http://www.google.ca/search?hl=en&rlz=1T4ADBR_enCA277CA277&q=luke+15%3A11-32+and+leadership&btnG=Search&aq=f&aqi=&aql=&oq=&gs_rfai=" "Mozilla/4.0 (compatible; MSIE 7.0; Windows NT 5.1; GTB6.5; .NET CLR 1.1.4322)"
99.248.9.126 - - [26/Sep/2010:21:44:02 +0200] "GET /sites/all/modules/taxonomy_vtn/taxonomy_vtn/taxonomy_vtn.css?F HTTP/1.1" 200 1540 "http://www.sermonsforyou.co.uk/?q=node/26" "Mozilla/4.0 (compatible; MSIE 7.0; Windows NT 5.1; GTB6.5; .NET CLR 1.1.4322)"
99.248.9.126 - - [26/Sep/2010:21:44:02 +0200] "GET /modules/system/defaults.css?F HTTP/1.1" 200 757 "http://www.sermonsforyou.co.uk/?q=node/26" "Mozilla/4.0 (compatible; MSIE 7.0; Windows NT 5.1; GTB6.5; .NET CLR 1.1.4322)"
99.248.9.126 - - [26/Sep/2010:21:44:02 +0200] "GET /modules/node/node.css?F HTTP/1.1" 200 740 "http://www.sermonsforyou.co.uk/?q=node/26" "Mozilla/4.0 (compatible; MSIE 7.0; Windows NT 5.1; GTB6.5; .NET CLR 1.1.4322)"
99.248.9.126 - - [26/Sep/2010:21:44:03 +0200] "GET /modules/system/system.css?F HTTP/1.1" 200 10020 "http://www.sermonsforyou.co.uk/?q=node/26" "Mozilla/4.0 (compatible; MSIE 7.0; Windows NT 5.1; GTB6.5; .NET CLR 1.1.4322)"
99.248.9.126 - - [26/Sep/2010:21:44:03 +0200] "GET /modules/system/system-menus.css?F HTTP/1.1" 200 935 "http://www.sermonsforyou.co.uk/?q=node/26" "Mozilla/4.0 (compatible; MSIE 7.0; Windows NT 5.1; GTB6.5; .NET CLR 1.1.4322)"
99.248.9.126 - - [26/Sep/2010:21:44:03 +0200] "GET /modules/user/user.css?F HTTP/1.1" 200 1127 "http://www.sermonsforyou.co.uk/?q=node/26" "Mozilla/4.0 (compatible; MSIE 7.0; Windows NT 5.1; GTB6.5; .NET CLR 1.1.4322)"
99.248.9.126 - - [26/Sep/2010:21:44:03 +0200] "GET /sites/all/modules/cck/cck/theme/content-module.css?F HTTP/1.1" 200 2397 "http://www.sermonsforyou.co.uk/?q=node/26" "Mozilla/4.0 (compatible; MSIE 7.0; Windows NT 5.1; GTB6.5; .NET CLR 1.1.4322)"
99.248.9.126 - - [26/Sep/2010:21:44:03 +0200] "GET /themes/shallowgrunge/shallowgrunge/style.css?F HTTP/1.1" 200 4871 "http://www.sermonsforyou.co.uk/?q=node/26" "Mozilla/4.0 (compatible; MSIE 7.0; Windows NT 5.1; GTB6.5; .NET CLR 1.1.4322)"
99.248.9.126 - - [26/Sep/2010:21:44:03 +0200] "GET /misc/jquery.js?F HTTP/1.1" 200 31089 "http://www.sermonsforyou.co.uk/?q=node/26" "Mozilla/4.0 (compatible; MSIE 7.0; Windows NT 5.1; GTB6.5; .NET CLR 1.1.4322)"
99.248.9.126 - - [26/Sep/2010:21:44:04 +0200] "GET /misc/drupal.js?F HTTP/1.1" 200 9745 "http://www.sermonsforyou.co.uk/?q=node/26" "Mozilla/4.0 (compatible; MSIE 7.0; Windows NT 5.1; GTB6.5; .NET CLR 1.1.4322)"
99.248.9.126 - - [26/Sep/2010:21:44:04 +0200] "GET /sites/all/modules/taxonomy_vtn/taxonomy_vtn/taxonomy_vtn.js?F HTTP/1.1" 200 465 "http://www.sermonsforyou.co.uk/?q=node/26" "Mozilla/4.0 (compatible; MSIE 7.0; Windows NT 5.1; GTB6.5; .NET CLR 1.1.4322)"
99.248.9.126 - - [26/Sep/2010:21:44:04 +0200] "GET /misc/powered-blue-80x15.png HTTP/1.1" 200 1011 "http://www.sermonsforyou.co.uk/?q=node/26" "Mozilla/4.0 (compatible; MSIE 7.0; Windows NT 5.1; GTB6.5; .NET CLR 1.1.4322)"
99.248.9.126 - - [26/Sep/2010:21:44:04 +0200] "GET /themes/shallowgrunge/shallowgrunge/images/img02.jpg HTTP/1.1" 200 29303 "http://www.sermonsforyou.co.uk/?q=node/26" "Mozilla/4.0 (compatible; MSIE 7.0; Windows NT 5.1; GTB6.5; .NET CLR 1.1.4322)"
99.248.9.126 - - [26/Sep/2010:21:44:04 +0200] "GET /sites/all/modules/google_analytics/googleanalytics.js?F HTTP/1.1" 200 1725 "http://www.sermonsforyou.co.uk/?q=node/26" "Mozilla/4.0 (compatible; MSIE 7.0; Windows NT 5.1; GTB6.5; .NET CLR 1.1.4322)"
99.248.9.126 - - [26/Sep/2010:21:44:04 +0200] "GET /themes/shallowgrunge/shallowgrunge/images/img03.jpg HTTP/1.1" 200 10877 "http://www.sermonsforyou.co.uk/?q=node/26" "Mozilla/4.0 (compatible; MSIE 7.0; Windows NT 5.1; GTB6.5; .NET CLR 1.1.4322)"
99.248.9.126 - - [26/Sep/2010:21:44:04 +0200] "GET /themes/shallowgrunge/shallowgrunge/images/img01.jpg HTTP/1.1" 200 72355 "http://www.sermonsforyou.co.uk/?q=node/26" "Mozilla/4.0 (compatible; MSIE 7.0; Windows NT 5.1; GTB6.5; .NET CLR 1.1.4322)"
99.248.9.126 - - [26/Sep/2010:21:44:05 +0200] "GET /misc/favicon.ico HTTP/1.1" 200 5430 "-" "Mozilla/4.0 (compatible; MSIE 7.0; Windows NT 5.1; GTB6.5; .NET CLR 1.1.4322)"
86.159.27.20 - - [26/Sep/2010:21:48:59 +0200] "GET / HTTP/1.1" 200 3599 "-" "Mozilla/4.0 (compatible; MSIE 7.0; Windows NT 6.0; GTB6.5; SLCC1; .NET CLR 2.0.50727; Media Center PC 5.0; .NET CLR 3.5.30729; .NET CLR 3.0.30729; .NET4.0C)"
86.159.27.20 - - [26/Sep/2010:21:49:17 +0200] "GET / HTTP/1.1" 200 3599 "-" "Mozilla/4.0 (compatible; MSIE 7.0; Windows NT 6.0; GTB6.5; SLCC1; .NET CLR 2.0.50727; Media Center PC 5.0; .NET CLR 3.5.30729; .NET CLR 3.0.30729; .NET4.0C)"
86.159.27.20 - - [26/Sep/2010:21:49:17 +0200] "GET /sites/all/modules/taxonomy_vtn/taxonomy_vtn/taxonomy_vtn.css?F HTTP/1.1" 200 1540 "http://www.sermonsforyou.co.uk/" "Mozilla/4.0 (compatible; MSIE 7.0; Windows NT 6.0; GTB6.5; SLCC1; .NET CLR 2.0.50727; Media Center PC 5.0; .NET CLR 3.5.30729; .NET CLR 3.0.30729; .NET4.0C)"
86.159.27.20 - - [26/Sep/2010:21:49:17 +0200] "GET /modules/node/node.css?F HTTP/1.1" 200 740 "http://www.sermonsforyou.co.uk/" "Mozilla/4.0 (compatible; MSIE 7.0; Windows NT 6.0; GTB6.5; SLCC1; .NET CLR 2.0.50727; Media Center PC 5.0; .NET CLR 3.5.30729; .NET CLR 3.0.30729; .NET4.0C)"
86.159.27.20 - - [26/Sep/2010:21:49:17 +0200] "GET /modules/system/defaults.css?F HTTP/1.1" 200 757 "http://www.sermonsforyou.co.uk/" "Mozilla/4.0 (compatible; MSIE 7.0; Windows NT 6.0; GTB6.5; SLCC1; .NET CLR 2.0.50727; Media Center PC 5.0; .NET CLR 3.5.30729; .NET CLR 3.0.30729; .NET4.0C)"
86.159.27.20 - - [26/Sep/2010:21:49:17 +0200] "GET /modules/system/system.css?F HTTP/1.1" 200 10020 "http://www.sermonsforyou.co.uk/" "Mozilla/4.0 (compatible; MSIE 7.0; Windows NT 6.0; GTB6.5; SLCC1; .NET CLR 2.0.50727; Media Center PC 5.0; .NET CLR 3.5.30729; .NET CLR 3.0.30729; .NET4.0C)"
86.159.27.20 - - [26/Sep/2010:21:49:17 +0200] "GET /modules/system/system-menus.css?F HTTP/1.1" 200 935 "http://www.sermonsforyou.co.uk/" "Mozilla/4.0 (compatible; MSIE 7.0; Windows NT 6.0; GTB6.5; SLCC1; .NET CLR 2.0.50727; Media Center PC 5.0; .NET CLR 3.5.30729; .NET CLR 3.0.30729; .NET4.0C)"
86.159.27.20 - - [26/Sep/2010:21:49:18 +0200] "GET /modules/user/user.css?F HTTP/1.1" 200 1127 "http://www.sermonsforyou.co.uk/" "Mozilla/4.0 (compatible; MSIE 7.0; Windows NT 6.0; GTB6.5; SLCC1; .NET CLR 2.0.50727; Media Center PC 5.0; .NET CLR 3.5.30729; .NET CLR 3.0.30729; .NET4.0C)"
86.159.27.20 - - [26/Sep/2010:21:49:18 +0200] "GET /sites/all/modules/cck/cck/theme/content-module.css?F HTTP/1.1" 200 2397 "http://www.sermonsforyou.co.uk/" "Mozilla/4.0 (compatible; MSIE 7.0; Windows NT 6.0; GTB6.5; SLCC1; .NET CLR 2.0.50727; Media Center PC 5.0; .NET CLR 3.5.30729; .NET CLR 3.0.30729; .NET4.0C)"
86.159.27.20 - - [26/Sep/2010:21:49:18 +0200] "GET /themes/shallowgrunge/shallowgrunge/style.css?F HTTP/1.1" 200 4871 "http://www.sermonsforyou.co.uk/" "Mozilla/4.0 (compatible; MSIE 7.0; Windows NT 6.0; GTB6.5; SLCC1; .NET CLR 2.0.50727; Media Center PC 5.0; .NET CLR 3.5.30729; .NET CLR 3.0.30729; .NET4.0C)"
86.159.27.20 - - [26/Sep/2010:21:49:18 +0200] "GET /misc/jquery.js?F HTTP/1.1" 200 31089 "http://www.sermonsforyou.co.uk/" "Mozilla/4.0 (compatible; MSIE 7.0; Windows NT 6.0; GTB6.5; SLCC1; .NET CLR 2.0.50727; Media Center PC 5.0; .NET CLR 3.5.30729; .NET CLR 3.0.30729; .NET4.0C)"
86.159.27.20 - - [26/Sep/2010:21:49:18 +0200] "GET /misc/drupal.js?F HTTP/1.1" 200 9745 "http://www.sermonsforyou.co.uk/" "Mozilla/4.0 (compatible; MSIE 7.0; Windows NT 6.0; GTB6.5; SLCC1; .NET CLR 2.0.50727; Media Center PC 5.0; .NET CLR 3.5.30729; .NET CLR 3.0.30729; .NET4.0C)"
86.159.27.20 - - [26/Sep/2010:21:49:18 +0200] "GET /sites/all/modules/taxonomy_vtn/taxonomy_vtn/taxonomy_vtn.js?F HTTP/1.1" 200 465 "http://www.sermonsforyou.co.uk/" "Mozilla/4.0 (compatible; MSIE 7.0; Windows NT 6.0; GTB6.5; SLCC1; .NET CLR 2.0.50727; Media Center PC 5.0; .NET CLR 3.5.30729; .NET CLR 3.0.30729; .NET4.0C)"
86.159.27.20 - - [26/Sep/2010:21:49:18 +0200] "GET /misc/feed.png HTTP/1.1" 200 764 "http://www.sermonsforyou.co.uk/" "Mozilla/4.0 (compatible; MSIE 7.0; Windows NT 6.0; GTB6.5; SLCC1; .NET CLR 2.0.50727; Media Center PC 5.0; .NET CLR 3.5.30729; .NET CLR 3.0.30729; .NET4.0C)"
86.159.27.20 - - [26/Sep/2010:21:49:18 +0200] "GET /misc/powered-blue-80x15.png HTTP/1.1" 200 1011 "http://www.sermonsforyou.co.uk/" "Mozilla/4.0 (compatible; MSIE 7.0; Windows NT 6.0; GTB6.5; SLCC1; .NET CLR 2.0.50727; Media Center PC 5.0; .NET CLR 3.5.30729; .NET CLR 3.0.30729; .NET4.0C)"
86.159.27.20 - - [26/Sep/2010:21:49:19 +0200] "GET /sites/all/modules/google_analytics/googleanalytics.js?F HTTP/1.1" 200 1725 "http://www.sermonsforyou.co.uk/" "Mozilla/4.0 (compatible; MSIE 7.0; Windows NT 6.0; GTB6.5; SLCC1; .NET CLR 2.0.50727; Media Center PC 5.0; .NET CLR 3.5.30729; .NET CLR 3.0.30729; .NET4.0C)"
86.159.27.20 - - [26/Sep/2010:21:49:19 +0200] "GET /themes/shallowgrunge/shallowgrunge/images/img03.jpg HTTP/1.1" 200 10877 "http://www.sermonsforyou.co.uk/" "Mozilla/4.0 (compatible; MSIE 7.0; Windows NT 6.0; GTB6.5; SLCC1; .NET CLR 2.0.50727; Media Center PC 5.0; .NET CLR 3.5.30729; .NET CLR 3.0.30729; .NET4.0C)"
86.159.27.20 - - [26/Sep/2010:21:49:19 +0200] "GET /themes/shallowgrunge/shallowgrunge/images/img02.jpg HTTP/1.1" 200 29303 "http://www.sermonsforyou.co.uk/" "Mozilla/4.0 (compatible; MSIE 7.0; Windows NT 6.0; GTB6.5; SLCC1; .NET CLR 2.0.50727; Media Center PC 5.0; .NET CLR 3.5.30729; .NET CLR 3.0.30729; .NET4.0C)"
86.159.27.20 - - [26/Sep/2010:21:49:19 +0200] "GET /themes/shallowgrunge/shallowgrunge/images/img01.jpg HTTP/1.1" 200 72355 "http://www.sermonsforyou.co.uk/" "Mozilla/4.0 (compatible; MSIE 7.0; Windows NT 6.0; GTB6.5; SLCC1; .NET CLR 2.0.50727; Media Center PC 5.0; .NET CLR 3.5.30729; .NET CLR 3.0.30729; .NET4.0C)"
86.159.27.20 - - [26/Sep/2010:21:49:19 +0200] "GET /misc/favicon.ico HTTP/1.1" 200 5430 "-" "Mozilla/4.0 (compatible; MSIE 7.0; Windows NT 6.0; GTB6.5; SLCC1; .NET CLR 2.0.50727; Media Center PC 5.0; .NET CLR 3.5.30729; .NET CLR 3.0.30729; .NET4.0C)"
86.159.27.20 - - [26/Sep/2010:21:50:03 +0200] "GET /?q=node&page=1 HTTP/1.1" 200 3354 "http://www.sermonsforyou.co.uk/" "Mozilla/4.0 (compatible; MSIE 7.0; Windows NT 6.0; GTB6.5; SLCC1; .NET CLR 2.0.50727; Media Center PC 5.0; .NET CLR 3.5.30729; .NET CLR 3.0.30729; .NET4.0C)"
86.159.27.20 - - [26/Sep/2010:21:50:09 +0200] "GET / HTTP/1.1" 200 3599 "-" "Mozilla/4.0 (compatible; MSIE 7.0; Windows NT 6.0; GTB6.5; SLCC1; .NET CLR 2.0.50727; Media Center PC 5.0; .NET CLR 3.5.30729; .NET CLR 3.0.30729; .NET4.0C)"
72.27.179.199 - - [26/Sep/2010:22:03:01 +0200] "GET /?q=node/28 HTTP/1.1" 200 5440 "http://www.google.com.jm/search?client=firefox-a&rls=org.mozilla%3Aen-US%3Aofficial&channel=s&hl=en&source=hp&q=sermons+on+women+with+a+mission&meta=&btnG=Google+Search" "Mozilla/5.0 (Windows; U; Windows NT 5.1; en-US; rv:1.9.0.19) Gecko/2010031422 Firefox/3.0.19"
72.27.179.199 - - [26/Sep/2010:22:03:02 +0200] "GET /modules/node/node.css?F HTTP/1.1" 200 740 "http://www.sermonsforyou.co.uk/?q=node/28" "Mozilla/5.0 (Windows; U; Windows NT 5.1; en-US; rv:1.9.0.19) Gecko/2010031422 Firefox/3.0.19"
72.27.179.199 - - [26/Sep/2010:22:03:02 +0200] "GET /misc/favicon.ico HTTP/1.1" 200 5430 "-" "Mozilla/5.0 (Windows; U; Windows NT 5.1; en-US; rv:1.9.0.19) Gecko/2010031422 Firefox/3.0.19"
72.27.179.199 - - [26/Sep/2010:22:03:02 +0200] "GET /sites/all/modules/taxonomy_vtn/taxonomy_vtn/taxonomy_vtn.css?F HTTP/1.1" 200 1540 "http://www.sermonsforyou.co.uk/?q=node/28" "Mozilla/5.0 (Windows; U; Windows NT 5.1; en-US; rv:1.9.0.19) Gecko/2010031422 Firefox/3.0.19"
72.27.179.199 - - [26/Sep/2010:22:03:02 +0200] "GET /modules/system/system.css?F HTTP/1.1" 200 10020 "http://www.sermonsforyou.co.uk/?q=node/28" "Mozilla/5.0 (Windows; U; Windows NT 5.1; en-US; rv:1.9.0.19) Gecko/2010031422 Firefox/3.0.19"
72.27.179.199 - - [26/Sep/2010:22:03:02 +0200] "GET /modules/system/system-menus.css?F HTTP/1.1" 200 935 "http://www.sermonsforyou.co.uk/?q=node/28" "Mozilla/5.0 (Windows; U; Windows NT 5.1; en-US; rv:1.9.0.19) Gecko/2010031422 Firefox/3.0.19"
72.27.179.199 - - [26/Sep/2010:22:03:02 +0200] "GET /modules/user/user.css?F HTTP/1.1" 200 1127 "http://www.sermonsforyou.co.uk/?q=node/28" "Mozilla/5.0 (Windows; U; Windows NT 5.1; en-US; rv:1.9.0.19) Gecko/2010031422 Firefox/3.0.19"
72.27.179.199 - - [26/Sep/2010:22:03:02 +0200] "GET /modules/system/defaults.css?F HTTP/1.1" 200 757 "http://www.sermonsforyou.co.uk/?q=node/28" "Mozilla/5.0 (Windows; U; Windows NT 5.1; en-US; rv:1.9.0.19) Gecko/2010031422 Firefox/3.0.19"
72.27.179.199 - - [26/Sep/2010:22:03:02 +0200] "GET /sites/all/modules/cck/cck/theme/content-module.css?F HTTP/1.1" 200 2397 "http://www.sermonsforyou.co.uk/?q=node/28" "Mozilla/5.0 (Windows; U; Windows NT 5.1; en-US; rv:1.9.0.19) Gecko/2010031422 Firefox/3.0.19"
72.27.179.199 - - [26/Sep/2010:22:03:02 +0200] "GET /themes/shallowgrunge/shallowgrunge/style.css?F HTTP/1.1" 200 4871 "http://www.sermonsforyou.co.uk/?q=node/28" "Mozilla/5.0 (Windows; U; Windows NT 5.1; en-US; rv:1.9.0.19) Gecko/2010031422 Firefox/3.0.19"
72.27.179.199 - - [26/Sep/2010:22:03:02 +0200] "GET /misc/jquery.js?F HTTP/1.1" 200 31089 "http://www.sermonsforyou.co.uk/?q=node/28" "Mozilla/5.0 (Windows; U; Windows NT 5.1; en-US; rv:1.9.0.19) Gecko/2010031422 Firefox/3.0.19"
72.27.179.199 - - [26/Sep/2010:22:03:03 +0200] "GET /misc/drupal.js?F HTTP/1.1" 200 9745 "http://www.sermonsforyou.co.uk/?q=node/28" "Mozilla/5.0 (Windows; U; Windows NT 5.1; en-US; rv:1.9.0.19) Gecko/2010031422 Firefox/3.0.19"
72.27.179.199 - - [26/Sep/2010:22:03:04 +0200] "GET /sites/all/modules/taxonomy_vtn/taxonomy_vtn/taxonomy_vtn.js?F HTTP/1.1" 200 465 "http://www.sermonsforyou.co.uk/?q=node/28" "Mozilla/5.0 (Windows; U; Windows NT 5.1; en-US; rv:1.9.0.19) Gecko/2010031422 Firefox/3.0.19"
72.27.179.199 - - [26/Sep/2010:22:03:04 +0200] "GET /themes/shallowgrunge/shallowgrunge/images/img03.jpg HTTP/1.1" 200 10877 "http://www.sermonsforyou.co.uk/themes/shallowgrunge/shallowgrunge/style.css?F" "Mozilla/5.0 (Windows; U; Windows NT 5.1; en-US; rv:1.9.0.19) Gecko/2010031422 Firefox/3.0.19"
72.27.179.199 - - [26/Sep/2010:22:03:04 +0200] "GET /misc/powered-blue-80x15.png HTTP/1.1" 200 1011 "http://www.sermonsforyou.co.uk/?q=node/28" "Mozilla/5.0 (Windows; U; Windows NT 5.1; en-US; rv:1.9.0.19) Gecko/2010031422 Firefox/3.0.19"
72.27.179.199 - - [26/Sep/2010:22:03:04 +0200] "GET /sites/all/modules/google_analytics/googleanalytics.js?F HTTP/1.1" 200 1725 "http://www.sermonsforyou.co.uk/?q=node/28" "Mozilla/5.0 (Windows; U; Windows NT 5.1; en-US; rv:1.9.0.19) Gecko/2010031422 Firefox/3.0.19"
72.27.179.199 - - [26/Sep/2010:22:03:04 +0200] "GET /themes/shallowgrunge/shallowgrunge/images/img02.jpg HTTP/1.1" 200 29303 "http://www.sermonsforyou.co.uk/themes/shallowgrunge/shallowgrunge/style.css?F" "Mozilla/5.0 (Windows; U; Windows NT 5.1; en-US; rv:1.9.0.19) Gecko/2010031422 Firefox/3.0.19"
72.27.179.199 - - [26/Sep/2010:22:03:04 +0200] "GET /themes/shallowgrunge/shallowgrunge/images/img01.jpg HTTP/1.1" 200 72355 "http://www.sermonsforyou.co.uk/themes/shallowgrunge/shallowgrunge/style.css?F" "Mozilla/5.0 (Windows; U; Windows NT 5.1; en-US; rv:1.9.0.19) Gecko/2010031422 Firefox/3.0.19"
72.27.179.199 - - [26/Sep/2010:22:04:53 +0200] "GET /misc/powered-blue-80x15.png HTTP/1.1" 200 1011 "-" "Mozilla/4.0 (compatible; MSIE 6.0; Windows NT 5.1; SV1; InfoPath.2; MSOffice 12)"
95.108.217.252 - - [26/Sep/2010:22:06:34 +0200] "GET /?q=node/231 HTTP/1.1" 404 1311 "-" "Mozilla/5.0 (compatible; YandexBot/3.0; +http://yandex.com/bots)"
