95.26.78.225 - - [28/Sep/2010:07:23:34 +0200] "GET /modules/user/user.css?F HTTP/1.1" 200 1127 "http://www.sermonsforyou.co.uk/?q=node%2F50" "Mozilla/4.0 (compatible; MSIE 6.0; Windows NT 5.1; ru) Opera 8.51"
95.26.89.35 - - [28/Sep/2010:07:23:34 +0200] "GET /themes/shallowgrunge/shallowgrunge/style.css?F HTTP/1.1" 200 4871 "http://www.sermonsforyou.co.uk/?q=node%2F50" "Mozilla/4.0 (compatible; MSIE 6.0; Windows NT 5.1; ru) Opera 8.51"
95.27.21.135 - - [28/Sep/2010:07:23:34 +0200] "GET /modules/system/system.css?F HTTP/1.1" 200 10020 "http://www.sermonsforyou.co.uk/?q=node%2F50" "Mozilla/4.0 (compatible; MSIE 6.0; Windows NT 5.1; ru) Opera 8.51"
95.26.246.215 - - [28/Sep/2010:07:23:34 +0200] "GET /modules/node/node.css?F HTTP/1.1" 200 740 "http://www.sermonsforyou.co.uk/?q=node%2F50" "Mozilla/4.0 (compatible; MSIE 6.0; Windows NT 5.1; ru) Opera 8.51"
95.24.249.159 - - [28/Sep/2010:07:23:34 +0200] "GET /modules/system/defaults.css?F HTTP/1.1" 200 757 "http://www.sermonsforyou.co.uk/?q=node%2F50" "Mozilla/4.0 (compatible; MSIE 6.0; Windows NT 5.1; ru) Opera 8.51"
95.26.246.205 - - [28/Sep/2010:07:23:34 +0200] "GET /sites/all/modules/google_analytics/googleanalytics.js?F HTTP/1.1" 200 1725 "http://www.sermonsforyou.co.uk/?q=node%2F50" "Mozilla/4.0 (compatible; MSIE 6.0; Windows NT 5.1; ru) Opera 8.51"
95.26.246.204 - - [28/Sep/2010:07:23:34 +0200] "GET /misc/jquery.js?F HTTP/1.1" 200 31089 "http://www.sermonsforyou.co.uk/?q=node%2F50" "Mozilla/4.0 (compatible; MSIE 6.0; Windows NT 5.1; ru) Opera 8.51"
95.26.114.150 - - [28/Sep/2010:07:23:43 +0200] "GET /sites/all/modules/taxonomy_vtn/taxonomy_vtn/taxonomy_vtn.css?F HTTP/1.1" 200 1540 "http://www.sermonsforyou.co.uk/?q=node%2F50" "Mozilla/4.0 (compatible; MSIE 6.0; Windows NT 5.1; ru) Opera 8.51"
89.178.192.121 - - [28/Sep/2010:07:23:44 +0200] "GET /themes/shallowgrunge/shallowgrunge/images/img03.jpg HTTP/1.1" 200 10877 "http://www.sermonsforyou.co.uk/?q=node%2F50" "Mozilla/4.0 (compatible; MSIE 6.0; Windows NT 5.1; ru) Opera 8.51"
89.178.204.42 - - [28/Sep/2010:07:23:44 +0200] "GET /misc/powered-blue-80x15.png HTTP/1.1" 200 1011 "http://www.sermonsforyou.co.uk/?q=node%2F50" "Mozilla/4.0 (compatible; MSIE 6.0; Windows NT 5.1; ru) Opera 8.51"
89.178.240.56 - - [28/Sep/2010:07:23:43 +0200] "GET /themes/shallowgrunge/shallowgrunge/images/img02.jpg HTTP/1.1" 200 29303 "http://www.sermonsforyou.co.uk/?q=node%2F50" "Mozilla/4.0 (compatible; MSIE 6.0; Windows NT 5.1; ru) Opera 8.51"
95.25.218.26 - - [28/Sep/2010:07:23:43 +0200] "GET /themes/shallowgrunge/shallowgrunge/images/img01.jpg HTTP/1.1" 200 72355 "http://www.sermonsforyou.co.uk/?q=node%2F50" "Mozilla/4.0 (compatible; MSIE 6.0; Windows NT 5.1; ru) Opera 8.51"
109.169.29.135 - - [28/Sep/2010:07:32:55 +0200] "GET / HTTP/1.1" 200 13480 "-" "Mozilla/5.0 (Windows; U; Windows NT 6.0; en-US; rv:1.9.2.3) Gecko/20100401 Firefox/3.6.3 GTB6 (.NET CLR 3.5.30729)"
95.108.217.252 - - [28/Sep/2010:07:52:25 +0200] "GET /?q=node/55 HTTP/1.1" 200 6103 "-" "Mozilla/5.0 (compatible; YandexBot/3.0; +http://yandex.com/bots)"
75.140.111.158 - - [28/Sep/2010:08:12:14 +0200] "GET /?q=node/26 HTTP/1.1" 200 6013 "http://www.google.com/url?sa=t&source=web&cd=10&sqi=2&ved=0CDQQFjAJ&url=http%3A%2F%2Fwww.sermonsforyou.co.uk%2F%3Fq%3Dnode%2F26&rct=j&q=the%20prodigal%20son%20father's%20kiss&ei=B4ehTKGEPI3QsAOcxPhy&usg=AFQjCNGFgc8zky7uboAPNVoy3eJ51c6RrQ&cad=rja" "Mozilla/5.0 (Windows; U; Windows NT 6.1; en-US) AppleWebKit/534.3 (KHTML, like Gecko) Chrome/6.0.472.63 Safari/534.3"
75.140.111.158 - - [28/Sep/2010:08:12:14 +0200] "GET /sites/all/modules/taxonomy_vtn/taxonomy_vtn/taxonomy_vtn.css?F HTTP/1.1" 200 1540 "http://www.sermonsforyou.co.uk/?q=node/26" "Mozilla/5.0 (Windows; U; Windows NT 6.1; en-US) AppleWebKit/534.3 (KHTML, like Gecko) Chrome/6.0.472.63 Safari/534.3"
75.140.111.158 - - [28/Sep/2010:08:12:14 +0200] "GET /modules/node/node.css?F HTTP/1.1" 200 740 "http://www.sermonsforyou.co.uk/?q=node/26" "Mozilla/5.0 (Windows; U; Windows NT 6.1; en-US) AppleWebKit/534.3 (KHTML, like Gecko) Chrome/6.0.472.63 Safari/534.3"
75.140.111.158 - - [28/Sep/2010:08:12:14 +0200] "GET /modules/system/defaults.css?F HTTP/1.1" 200 757 "http://www.sermonsforyou.co.uk/?q=node/26" "Mozilla/5.0 (Windows; U; Windows NT 6.1; en-US) AppleWebKit/534.3 (KHTML, like Gecko) Chrome/6.0.472.63 Safari/534.3"
75.140.111.158 - - [28/Sep/2010:08:12:14 +0200] "GET /modules/system/system.css?F HTTP/1.1" 200 10020 "http://www.sermonsforyou.co.uk/?q=node/26" "Mozilla/5.0 (Windows; U; Windows NT 6.1; en-US) AppleWebKit/534.3 (KHTML, like Gecko) Chrome/6.0.472.63 Safari/534.3"
75.140.111.158 - - [28/Sep/2010:08:12:14 +0200] "GET /modules/system/system-menus.css?F HTTP/1.1" 200 935 "http://www.sermonsforyou.co.uk/?q=node/26" "Mozilla/5.0 (Windows; U; Windows NT 6.1; en-US) AppleWebKit/534.3 (KHTML, like Gecko) Chrome/6.0.472.63 Safari/534.3"
75.140.111.158 - - [28/Sep/2010:08:12:14 +0200] "GET /modules/user/user.css?F HTTP/1.1" 200 1127 "http://www.sermonsforyou.co.uk/?q=node/26" "Mozilla/5.0 (Windows; U; Windows NT 6.1; en-US) AppleWebKit/534.3 (KHTML, like Gecko) Chrome/6.0.472.63 Safari/534.3"
75.140.111.158 - - [28/Sep/2010:08:12:15 +0200] "GET /sites/all/modules/cck/cck/theme/content-module.css?F HTTP/1.1" 200 2397 "http://www.sermonsforyou.co.uk/?q=node/26" "Mozilla/5.0 (Windows; U; Windows NT 6.1; en-US) AppleWebKit/534.3 (KHTML, like Gecko) Chrome/6.0.472.63 Safari/534.3"
75.140.111.158 - - [28/Sep/2010:08:12:15 +0200] "GET /themes/shallowgrunge/shallowgrunge/style.css?F HTTP/1.1" 200 4871 "http://www.sermonsforyou.co.uk/?q=node/26" "Mozilla/5.0 (Windows; U; Windows NT 6.1; en-US) AppleWebKit/534.3 (KHTML, like Gecko) Chrome/6.0.472.63 Safari/534.3"
75.140.111.158 - - [28/Sep/2010:08:12:15 +0200] "GET /misc/drupal.js?F HTTP/1.1" 200 9745 "http://www.sermonsforyou.co.uk/?q=node/26" "Mozilla/5.0 (Windows; U; Windows NT 6.1; en-US) AppleWebKit/534.3 (KHTML, like Gecko) Chrome/6.0.472.63 Safari/534.3"
75.140.111.158 - - [28/Sep/2010:08:12:15 +0200] "GET /sites/all/modules/taxonomy_vtn/taxonomy_vtn/taxonomy_vtn.js?F HTTP/1.1" 200 465 "http://www.sermonsforyou.co.uk/?q=node/26" "Mozilla/5.0 (Windows; U; Windows NT 6.1; en-US) AppleWebKit/534.3 (KHTML, like Gecko) Chrome/6.0.472.63 Safari/534.3"
75.140.111.158 - - [28/Sep/2010:08:12:15 +0200] "GET /misc/jquery.js?F HTTP/1.1" 200 31089 "http://www.sermonsforyou.co.uk/?q=node/26" "Mozilla/5.0 (Windows; U; Windows NT 6.1; en-US) AppleWebKit/534.3 (KHTML, like Gecko) Chrome/6.0.472.63 Safari/534.3"
75.140.111.158 - - [28/Sep/2010:08:12:16 +0200] "GET /sites/all/modules/google_analytics/googleanalytics.js?F HTTP/1.1" 200 1725 "http://www.sermonsforyou.co.uk/?q=node/26" "Mozilla/5.0 (Windows; U; Windows NT 6.1; en-US) AppleWebKit/534.3 (KHTML, like Gecko) Chrome/6.0.472.63 Safari/534.3"
75.140.111.158 - - [28/Sep/2010:08:12:16 +0200] "GET /themes/shallowgrunge/shallowgrunge/images/img03.jpg HTTP/1.1" 200 10877 "http://www.sermonsforyou.co.uk/?q=node/26" "Mozilla/5.0 (Windows; U; Windows NT 6.1; en-US) AppleWebKit/534.3 (KHTML, like Gecko) Chrome/6.0.472.63 Safari/534.3"
75.140.111.158 - - [28/Sep/2010:08:12:16 +0200] "GET /misc/powered-blue-80x15.png HTTP/1.1" 200 1011 "http://www.sermonsforyou.co.uk/?q=node/26" "Mozilla/5.0 (Windows; U; Windows NT 6.1; en-US) AppleWebKit/534.3 (KHTML, like Gecko) Chrome/6.0.472.63 Safari/534.3"
75.140.111.158 - - [28/Sep/2010:08:12:16 +0200] "GET /themes/shallowgrunge/shallowgrunge/images/img02.jpg HTTP/1.1" 200 29303 "http://www.sermonsforyou.co.uk/?q=node/26" "Mozilla/5.0 (Windows; U; Windows NT 6.1; en-US) AppleWebKit/534.3 (KHTML, like Gecko) Chrome/6.0.472.63 Safari/534.3"
75.140.111.158 - - [28/Sep/2010:08:12:16 +0200] "GET /themes/shallowgrunge/shallowgrunge/images/img01.jpg HTTP/1.1" 200 72355 "http://www.sermonsforyou.co.uk/?q=node/26" "Mozilla/5.0 (Windows; U; Windows NT 6.1; en-US) AppleWebKit/534.3 (KHTML, like Gecko) Chrome/6.0.472.63 Safari/534.3"
75.140.111.158 - - [28/Sep/2010:08:12:17 +0200] "GET /misc/favicon.ico HTTP/1.1" 200 5430 "-" "Mozilla/5.0 (Windows; U; Windows NT 6.1; en-US) AppleWebKit/534.3 (KHTML, like Gecko) Chrome/6.0.472.63 Safari/534.3"
66.249.66.34 - - [28/Sep/2010:08:27:56 +0200] "GET /robots.txt HTTP/1.1" 200 707 "-" "Mozilla/5.0 (compatible; Googlebot/2.1; +http://www.google.com/bot.html)"
66.249.66.34 - - [28/Sep/2010:08:27:57 +0200] "GET /?q=node/153 HTTP/1.1" 200 4516 "-" "Mozilla/5.0 (compatible; Googlebot/2.1; +http://www.google.com/bot.html)"
123.125.66.76 - - [28/Sep/2010:08:31:11 +0200] "GET / HTTP/1.1" 200 13480 "-" "Baiduspider+(+http://www.baidu.com/search/spider.htm)"
220.181.7.130 - - [28/Sep/2010:08:31:45 +0200] "GET / HTTP/1.1" 200 13480 "-" "Baiduspider+(+http://www.baidu.com/search/spider.htm)"
95.108.217.252 - - [28/Sep/2010:08:36:53 +0200] "GET /?q=node/58 HTTP/1.1" 200 6061 "-" "Mozilla/5.0 (compatible; YandexBot/3.0; +http://yandex.com/bots)"
95.108.217.252 - - [28/Sep/2010:09:12:48 +0200] "GET /?q=node/60 HTTP/1.1" 200 6125 "-" "Mozilla/5.0 (compatible; YandexBot/3.0; +http://yandex.com/bots)"
124.115.0.109 - - [28/Sep/2010:09:14:03 +0200] "GET / HTTP/1.1" 200 3599 "-" "Sosospider+(+http://help.soso.com/webspider.htm)"
95.108.217.252 - - [28/Sep/2010:09:31:40 +0200] "GET /?q=user/register&destination=comment/reply/95%23comment-form HTTP/1.1" 403 1539 "-" "Mozilla/5.0 (compatible; YandexBot/3.0; +http://yandex.com/bots)"
95.108.217.252 - - [28/Sep/2010:10:09:25 +0200] "GET /?q=node/200 HTTP/1.1" 200 2304 "-" "Mozilla/5.0 (compatible; YandexBot/3.0; +http://yandex.com/bots)"
65.52.51.180 - - [28/Sep/2010:11:02:58 +0200] "GET /robots.txt HTTP/1.1" 200 1642 "-" "msnbot/2.0b (+http://search.msn.com/msnbot.htm)"
95.108.217.252 - - [28/Sep/2010:11:07:49 +0200] "GET /?q=user/register&destination=comment/reply/180%23comment-form HTTP/1.1" 403 1539 "-" "Mozilla/5.0 (compatible; YandexBot/3.0; +http://yandex.com/bots)"
92.113.82.146 - - [28/Sep/2010:11:09:34 +0200] "GET /?q=taxonomy_vtn/term/12 HTTP/1.0" 200 15937 "http://www.sermonsforyou.co.uk/?q=taxonomy_vtn/term/12" "Mozilla/4.0 (compatible; MSIE 6.0; Windows 98; Win 9x 4.90; Creative)"
92.113.82.146 - - [28/Sep/2010:11:09:37 +0200] "GET /?q=taxonomy_vtn/voc/2 HTTP/1.0" 200 4556 "http://www.sermonsforyou.co.uk/?q=taxonomy_vtn/voc/2" "Mozilla/4.0 (compatible; MSIE 6.0; Windows 98; Win 9x 4.90; Creative)"
92.113.82.146 - - [28/Sep/2010:11:09:39 +0200] "GET /?q=taxonomy_vtn/term/12 HTTP/1.0" 200 15937 "http://www.sermonsforyou.co.uk/?q=taxonomy_vtn/term/12" "Mozilla/4.0 (compatible; MSIE 6.0; Windows 98; Win 9x 4.90; Creative)"
92.113.82.146 - - [28/Sep/2010:11:09:41 +0200] "GET /?q=node/67 HTTP/1.0" 200 4682 "http://www.sermonsforyou.co.uk/?q=node/67" "Mozilla/4.0 (compatible; MSIE 6.0; Windows 98; Win 9x 4.90; Creative)"
92.113.82.146 - - [28/Sep/2010:11:09:43 +0200] "GET /index.php HTTP/1.0" 200 13480 "http://www.sermonsforyou.co.uk/index.php" "Mozilla/4.0 (compatible; MSIE 6.0; Windows 98; Win 9x 4.90; Creative)"
220.181.7.80 - - [28/Sep/2010:11:30:59 +0200] "GET / HTTP/1.1" 200 13480 "-" "Baiduspider+(+http://www.baidu.com/search/spider.htm)"
123.125.66.70 - - [28/Sep/2010:11:31:54 +0200] "GET / HTTP/1.1" 200 13480 "-" "Baiduspider+(+http://www.baidu.com/search/spider.htm)"
95.108.217.252 - - [28/Sep/2010:12:05:24 +0200] "GET /?q=user/register&destination=comment/reply/101%23comment-form HTTP/1.1" 403 1539 "-" "Mozilla/5.0 (compatible; YandexBot/3.0; +http://yandex.com/bots)"
220.181.7.94 - - [28/Sep/2010:12:24:49 +0200] "GET / HTTP/1.1" 200 13480 "-" "Baiduspider+(+http://www.baidu.com/search/spider.htm)"
123.125.66.66 - - [28/Sep/2010:12:28:48 +0200] "GET / HTTP/1.1" 200 13480 "-" "Baiduspider+(+http://www.baidu.com/search/spider.htm)"
95.108.217.252 - - [28/Sep/2010:12:29:53 +0200] "GET /?q=user/register&destination=comment/reply/208%23comment-form HTTP/1.1" 403 1539 "-" "Mozilla/5.0 (compatible; YandexBot/3.0; +http://yandex.com/bots)"
207.46.13.86 - - [28/Sep/2010:12:35:38 +0200] "GET /robots.txt HTTP/1.1" 200 1642 "-" "msnbot/2.0b (+http://search.msn.com/msnbot.htm)"
95.108.217.252 - - [28/Sep/2010:12:51:44 +0200] "GET /?q=user/register&destination=comment/reply/169%23comment-form HTTP/1.1" 403 1539 "-" "Mozilla/5.0 (compatible; YandexBot/3.0; +http://yandex.com/bots)"
95.108.217.252 - - [28/Sep/2010:13:40:09 +0200] "GET /?q=user/register&destination=comment/reply/119%23comment-form HTTP/1.1" 403 1539 "-" "Mozilla/5.0 (compatible; YandexBot/3.0; +http://yandex.com/bots)"
208.80.194.51 - - [28/Sep/2010:13:41:33 +0200] "GET / HTTP/1.0" 200 13480 "-" "Mozilla/4.0 (compatible; MSIE 7.0; Windows NT 5.1; .NET CLR 1.1.4322; InfoPath.1; .NET CLR 2.0.50727; .NET CLR 3.0.04506.30; IEMB3)"
88.198.37.84 - - [28/Sep/2010:14:02:48 +0200] "GET /?q=user/register HTTP/1.1" 403 1539 "-" "Mozilla/4.0 (compatible; MSIE 7.0; Windows NT 6.1; WOW64; Trident/4.0; SLCC2; .NET CLR 2.0.50727; .NET CLR 3.5.30729; .NET CLR 3.0.30729; .NET4.0C; .NET4.0E)"
88.198.37.84 - - [28/Sep/2010:14:02:49 +0200] "GET /sites/all/modules/taxonomy_vtn/taxonomy_vtn/taxonomy_vtn.css?F HTTP/1.1" 200 1540 "http://www.sermonsforyou.co.uk/?q=user/register" "Mozilla/4.0 (compatible; MSIE 7.0; Windows NT 6.1; WOW64; Trident/4.0; SLCC2; .NET CLR 2.0.50727; .NET CLR 3.5.30729; .NET CLR 3.0.30729; .NET4.0C; .NET4.0E)"
88.198.37.84 - - [28/Sep/2010:14:02:49 +0200] "GET /modules/node/node.css?F HTTP/1.1" 200 740 "http://www.sermonsforyou.co.uk/?q=user/register" "Mozilla/4.0 (compatible; MSIE 7.0; Windows NT 6.1; WOW64; Trident/4.0; SLCC2; .NET CLR 2.0.50727; .NET CLR 3.5.30729; .NET CLR 3.0.30729; .NET4.0C; .NET4.0E)"
88.198.37.84 - - [28/Sep/2010:14:02:51 +0200] "GET /modules/system/defaults.css?F HTTP/1.1" 200 757 "http://www.sermonsforyou.co.uk/?q=user/register" "Mozilla/4.0 (compatible; MSIE 7.0; Windows NT 6.1; WOW64; Trident/4.0; SLCC2; .NET CLR 2.0.50727; .NET CLR 3.5.30729; .NET CLR 3.0.30729; .NET4.0C; .NET4.0E)"
88.198.37.84 - - [28/Sep/2010:14:02:52 +0200] "GET /modules/system/system.css?F HTTP/1.1" 200 10020 "http://www.sermonsforyou.co.uk/?q=user/register" "Mozilla/4.0 (compatible; MSIE 7.0; Windows NT 6.1; WOW64; Trident/4.0; SLCC2; .NET CLR 2.0.50727; .NET CLR 3.5.30729; .NET CLR 3.0.30729; .NET4.0C; .NET4.0E)"
88.198.37.84 - - [28/Sep/2010:14:02:52 +0200] "GET /modules/system/system-menus.css?F HTTP/1.1" 200 935 "http://www.sermonsforyou.co.uk/?q=user/register" "Mozilla/4.0 (compatible; MSIE 7.0; Windows NT 6.1; WOW64; Trident/4.0; SLCC2; .NET CLR 2.0.50727; .NET CLR 3.5.30729; .NET CLR 3.0.30729; .NET4.0C; .NET4.0E)"
88.198.37.84 - - [28/Sep/2010:14:02:56 +0200] "GET /modules/user/user.css?F HTTP/1.1" 200 1127 "http://www.sermonsforyou.co.uk/?q=user/register" "Mozilla/4.0 (compatible; MSIE 7.0; Windows NT 6.1; WOW64; Trident/4.0; SLCC2; .NET CLR 2.0.50727; .NET CLR 3.5.30729; .NET CLR 3.0.30729; .NET4.0C; .NET4.0E)"
88.198.37.84 - - [28/Sep/2010:14:02:56 +0200] "GET /sites/all/modules/cck/cck/theme/content-module.css?F HTTP/1.1" 200 2397 "http://www.sermonsforyou.co.uk/?q=user/register" "Mozilla/4.0 (compatible; MSIE 7.0; Windows NT 6.1; WOW64; Trident/4.0; SLCC2; .NET CLR 2.0.50727; .NET CLR 3.5.30729; .NET CLR 3.0.30729; .NET4.0C; .NET4.0E)"
88.198.37.84 - - [28/Sep/2010:14:02:57 +0200] "GET /themes/shallowgrunge/shallowgrunge/style.css?F HTTP/1.1" 200 4871 "http://www.sermonsforyou.co.uk/?q=user/register" "Mozilla/4.0 (compatible; MSIE 7.0; Windows NT 6.1; WOW64; Trident/4.0; SLCC2; .NET CLR 2.0.50727; .NET CLR 3.5.30729; .NET CLR 3.0.30729; .NET4.0C; .NET4.0E)"
88.198.37.84 - - [28/Sep/2010:14:02:57 +0200] "GET /misc/jquery.js?F HTTP/1.1" 200 31089 "http://www.sermonsforyou.co.uk/?q=user/register" "Mozilla/4.0 (compatible; MSIE 7.0; Windows NT 6.1; WOW64; Trident/4.0; SLCC2; .NET CLR 2.0.50727; .NET CLR 3.5.30729; .NET CLR 3.0.30729; .NET4.0C; .NET4.0E)"
88.198.37.84 - - [28/Sep/2010:14:02:58 +0200] "GET /misc/drupal.js?F HTTP/1.1" 200 9745 "http://www.sermonsforyou.co.uk/?q=user/register" "Mozilla/4.0 (compatible; MSIE 7.0; Windows NT 6.1; WOW64; Trident/4.0; SLCC2; .NET CLR 2.0.50727; .NET CLR 3.5.30729; .NET CLR 3.0.30729; .NET4.0C; .NET4.0E)"
88.198.37.84 - - [28/Sep/2010:14:02:58 +0200] "GET /sites/all/modules/taxonomy_vtn/taxonomy_vtn/taxonomy_vtn.js?F HTTP/1.1" 200 465 "http://www.sermonsforyou.co.uk/?q=user/register" "Mozilla/4.0 (compatible; MSIE 7.0; Windows NT 6.1; WOW64; Trident/4.0; SLCC2; .NET CLR 2.0.50727; .NET CLR 3.5.30729; .NET CLR 3.0.30729; .NET4.0C; .NET4.0E)"
88.198.37.84 - - [28/Sep/2010:14:03:00 +0200] "GET /sites/all/modules/google_analytics/googleanalytics.js?F HTTP/1.1" 200 1725 "http://www.sermonsforyou.co.uk/?q=user/register" "Mozilla/4.0 (compatible; MSIE 7.0; Windows NT 6.1; WOW64; Trident/4.0; SLCC2; .NET CLR 2.0.50727; .NET CLR 3.5.30729; .NET CLR 3.0.30729; .NET4.0C; .NET4.0E)"
88.198.37.84 - - [28/Sep/2010:14:03:29 +0200] "GET /?q=user/ HTTP/1.1" 200 1904 "-" "Mozilla/4.0 (compatible; MSIE 7.0; Windows NT 6.1; WOW64; Trident/4.0; SLCC2; .NET CLR 2.0.50727; .NET CLR 3.5.30729; .NET CLR 3.0.30729; .NET4.0C; .NET4.0E)"
88.198.37.84 - - [28/Sep/2010:14:04:16 +0200] "POST /?q=user/ HTTP/1.1" 200 1969 "http://www.sermonsforyou.co.uk/?q=user/" "Mozilla/4.0 (compatible; MSIE 7.0; Windows NT 6.1; WOW64; Trident/4.0; SLCC2; .NET CLR 2.0.50727; .NET CLR 3.5.30729; .NET CLR 3.0.30729; .NET4.0C; .NET4.0E)"
88.198.37.84 - - [28/Sep/2010:14:04:51 +0200] "GET /?q=node/add HTTP/1.1" 403 1151 "-" "Mozilla/4.0 (compatible; MSIE 7.0; Windows NT 6.1; WOW64; Trident/4.0; SLCC2; .NET CLR 2.0.50727; .NET CLR 3.5.30729; .NET CLR 3.0.30729; .NET4.0C; .NET4.0E)"
88.198.37.84 - - [28/Sep/2010:14:05:05 +0200] "GET /?q=node/add/ HTTP/1.1" 403 1151 "-" "Mozilla/4.0 (compatible; MSIE 7.0; Windows NT 6.1; WOW64; Trident/4.0; SLCC2; .NET CLR 2.0.50727; .NET CLR 3.5.30729; .NET CLR 3.0.30729; .NET4.0C; .NET4.0E)"
207.46.13.86 - - [28/Sep/2010:14:14:58 +0200] "GET /sitemap.xml HTTP/1.1" 200 11941 "-" "msnbot/2.0b (+http://search.msn.com/msnbot.htm)"
80.67.13.108 - - [28/Sep/2010:14:19:39 +0200] "GET /?q=node/158 HTTP/1.0" 200 17315 "http://www.sermonsforyou.co.uk/?q=node/158" "Mozilla/4.0 (compatible; MSIE 7.0b; Windows NT 6.0)"
80.67.13.108 - - [28/Sep/2010:14:20:21 +0200] "GET /?q=taxonomy_vtn/term/12 HTTP/1.0" 200 15937 "http://www.sermonsforyou.co.uk/?q=taxonomy_vtn/term/12" "Mozilla/4.0 (compatible; MSIE 7.0b; Windows NT 6.0)"
80.67.13.108 - - [28/Sep/2010:14:20:21 +0200] "GET /?q=taxonomy_vtn/voc/2 HTTP/1.0" 200 4556 "http://www.sermonsforyou.co.uk/?q=taxonomy_vtn/voc/2" "Mozilla/4.0 (compatible; MSIE 7.0b; Windows NT 6.0)"
80.67.13.108 - - [28/Sep/2010:14:20:22 +0200] "GET /index.php HTTP/1.0" 200 13480 "http://www.sermonsforyou.co.uk/index.php" "Mozilla/4.0 (compatible; MSIE 7.0b; Windows NT 6.0)"
95.108.217.252 - - [28/Sep/2010:15:16:16 +0200] "GET /?q=user/login&destination=comment/reply/206%23comment-form HTTP/1.1" 200 1934 "-" "Mozilla/5.0 (compatible; YandexBot/3.0; +http://yandex.com/bots)"
123.125.66.123 - - [28/Sep/2010:15:30:37 +0200] "GET / HTTP/1.1" 200 13480 "-" "Baiduspider+(+http://www.baidu.com/search/spider.htm)"
220.181.7.58 - - [28/Sep/2010:15:32:51 +0200] "GET / HTTP/1.1" 200 13480 "-" "Baiduspider+(+http://www.baidu.com/search/spider.htm)"
194.44.170.214 - - [28/Sep/2010:15:42:50 +0200] "GET /?q=node/215 HTTP/1.1" 404 1311 "-" "Mozilla/4.0 (compatible; MSIE 7.0; Windows NT 6.1; WOW64; Trident/4.0; SLCC2; .NET CLR 2.0.50727; .NET CLR 3.5.30729; .NET CLR 3.0.30729)"
194.44.170.214 - - [28/Sep/2010:15:42:50 +0200] "GET /sites/all/modules/taxonomy_vtn/taxonomy_vtn/taxonomy_vtn.css?F HTTP/1.1" 200 1540 "http://www.sermonsforyou.co.uk/?q=node/215" "Mozilla/4.0 (compatible; MSIE 7.0; Windows NT 6.1; WOW64; Trident/4.0; SLCC2; .NET CLR 2.0.50727; .NET CLR 3.5.30729; .NET CLR 3.0.30729)"
194.44.170.214 - - [28/Sep/2010:15:42:50 +0200] "GET /modules/node/node.css?F HTTP/1.1" 200 740 "http://www.sermonsforyou.co.uk/?q=node/215" "Mozilla/4.0 (compatible; MSIE 7.0; Windows NT 6.1; WOW64; Trident/4.0; SLCC2; .NET CLR 2.0.50727; .NET CLR 3.5.30729; .NET CLR 3.0.30729)"
194.44.170.214 - - [28/Sep/2010:15:42:50 +0200] "GET /modules/system/defaults.css?F HTTP/1.1" 200 757 "http://www.sermonsforyou.co.uk/?q=node/215" "Mozilla/4.0 (compatible; MSIE 7.0; Windows NT 6.1; WOW64; Trident/4.0; SLCC2; .NET CLR 2.0.50727; .NET CLR 3.5.30729; .NET CLR 3.0.30729)"
194.44.170.214 - - [28/Sep/2010:15:42:50 +0200] "GET /modules/system/system.css?F HTTP/1.1" 200 10020 "http://www.sermonsforyou.co.uk/?q=node/215" "Mozilla/4.0 (compatible; MSIE 7.0; Windows NT 6.1; WOW64; Trident/4.0; SLCC2; .NET CLR 2.0.50727; .NET CLR 3.5.30729; .NET CLR 3.0.30729)"
194.44.170.214 - - [28/Sep/2010:15:42:50 +0200] "GET /modules/system/system-menus.css?F HTTP/1.1" 200 935 "http://www.sermonsforyou.co.uk/?q=node/215" "Mozilla/4.0 (compatible; MSIE 7.0; Windows NT 6.1; WOW64; Trident/4.0; SLCC2; .NET CLR 2.0.50727; .NET CLR 3.5.30729; .NET CLR 3.0.30729)"
194.44.170.214 - - [28/Sep/2010:15:42:50 +0200] "GET /modules/user/user.css?F HTTP/1.1" 200 1127 "http://www.sermonsforyou.co.uk/?q=node/215" "Mozilla/4.0 (compatible; MSIE 7.0; Windows NT 6.1; WOW64; Trident/4.0; SLCC2; .NET CLR 2.0.50727; .NET CLR 3.5.30729; .NET CLR 3.0.30729)"
194.44.170.214 - - [28/Sep/2010:15:42:50 +0200] "GET /sites/all/modules/cck/cck/theme/content-module.css?F HTTP/1.1" 200 2397 "http://www.sermonsforyou.co.uk/?q=node/215" "Mozilla/4.0 (compatible; MSIE 7.0; Windows NT 6.1; WOW64; Trident/4.0; SLCC2; .NET CLR 2.0.50727; .NET CLR 3.5.30729; .NET CLR 3.0.30729)"
194.44.170.214 - - [28/Sep/2010:15:42:50 +0200] "GET /themes/shallowgrunge/shallowgrunge/style.css?F HTTP/1.1" 200 4871 "http://www.sermonsforyou.co.uk/?q=node/215" "Mozilla/4.0 (compatible; MSIE 7.0; Windows NT 6.1; WOW64; Trident/4.0; SLCC2; .NET CLR 2.0.50727; .NET CLR 3.5.30729; .NET CLR 3.0.30729)"
194.44.170.214 - - [28/Sep/2010:15:42:51 +0200] "GET /misc/drupal.js?F HTTP/1.1" 200 9745 "http://www.sermonsforyou.co.uk/?q=node/215" "Mozilla/4.0 (compatible; MSIE 7.0; Windows NT 6.1; WOW64; Trident/4.0; SLCC2; .NET CLR 2.0.50727; .NET CLR 3.5.30729; .NET CLR 3.0.30729)"
194.44.170.214 - - [28/Sep/2010:15:42:50 +0200] "GET /misc/jquery.js?F HTTP/1.1" 200 31089 "http://www.sermonsforyou.co.uk/?q=node/215" "Mozilla/4.0 (compatible; MSIE 7.0; Windows NT 6.1; WOW64; Trident/4.0; SLCC2; .NET CLR 2.0.50727; .NET CLR 3.5.30729; .NET CLR 3.0.30729)"
194.44.170.214 - - [28/Sep/2010:15:42:51 +0200] "GET /sites/all/modules/taxonomy_vtn/taxonomy_vtn/taxonomy_vtn.js?F HTTP/1.1" 200 465 "http://www.sermonsforyou.co.uk/?q=node/215" "Mozilla/4.0 (compatible; MSIE 7.0; Windows NT 6.1; WOW64; Trident/4.0; SLCC2; .NET CLR 2.0.50727; .NET CLR 3.5.30729; .NET CLR 3.0.30729)"
194.44.170.214 - - [28/Sep/2010:15:42:51 +0200] "GET /sites/all/modules/google_analytics/googleanalytics.js?F HTTP/1.1" 200 1725 "http://www.sermonsforyou.co.uk/?q=node/215" "Mozilla/4.0 (compatible; MSIE 7.0; Windows NT 6.1; WOW64; Trident/4.0; SLCC2; .NET CLR 2.0.50727; .NET CLR 3.5.30729; .NET CLR 3.0.30729)"
67.195.114.51 - - [28/Sep/2010:15:43:35 +0200] "GET /?q=node/233 HTTP/1.0" 404 1311 "-" "Mozilla/5.0 (compatible; Yahoo! Slurp/3.0; http://help.yahoo.com/help/us/ysearch/slurp)"
95.108.217.252 - - [28/Sep/2010:16:00:18 +0200] "GET /?q=node/54 HTTP/1.1" 200 5676 "-" "Mozilla/5.0 (compatible; YandexBot/3.0; +http://yandex.com/bots)"
124.115.6.17 - - [28/Sep/2010:16:31:34 +0200] "GET /robots.txt HTTP/1.1" 200 707 "-" "Sosospider+(+http://help.soso.com/webspider.htm)"
95.108.217.252 - - [28/Sep/2010:16:42:56 +0200] "GET /?q=user/register&destination=comment/reply/165%23comment-form HTTP/1.1" 403 1539 "-" "Mozilla/5.0 (compatible; YandexBot/3.0; +http://yandex.com/bots)"
66.249.66.34 - - [28/Sep/2010:17:11:12 +0200] "GET /?q=node/41 HTTP/1.1" 200 5064 "-" "Mozilla/5.0 (compatible; Googlebot/2.1; +http://www.google.com/bot.html)"
95.108.217.252 - - [28/Sep/2010:17:24:45 +0200] "GET /?q=node&page=5 HTTP/1.1" 200 2732 "-" "Mozilla/5.0 (compatible; YandexBot/3.0; +http://yandex.com/bots)"
212.117.183.169 - - [28/Sep/2010:17:45:44 +0200] "GET /?q=taxonomy_vtn/term/12 HTTP/1.0" 200 15937 "http://www.sermonsforyou.co.uk/?q=taxonomy_vtn/term/12" "Mozilla/4.0 (compatible; MSIE 6.0; Windows NT 5.1; MRA 4.6 (build 01425))"
212.117.183.169 - - [28/Sep/2010:17:45:48 +0200] "GET /?q=taxonomy_vtn/voc/2 HTTP/1.0" 200 4556 "http://www.sermonsforyou.co.uk/?q=taxonomy_vtn/voc/2" "Mozilla/4.0 (compatible; MSIE 6.0; Windows NT 5.1; MRA 4.6 (build 01425))"
212.117.183.169 - - [28/Sep/2010:17:45:48 +0200] "GET /?q=taxonomy_vtn/term/12 HTTP/1.0" 200 15937 "http://www.sermonsforyou.co.uk/?q=taxonomy_vtn/term/12" "Mozilla/4.0 (compatible; MSIE 6.0; Windows NT 5.1; MRA 4.6 (build 01425))"
212.117.183.169 - - [28/Sep/2010:17:45:56 +0200] "GET /?q=node/67 HTTP/1.0" 200 4682 "http://www.sermonsforyou.co.uk/?q=node/67" "Mozilla/4.0 (compatible; MSIE 6.0; Windows NT 5.1; MRA 4.6 (build 01425))"
212.117.183.169 - - [28/Sep/2010:17:45:56 +0200] "GET /index.php HTTP/1.0" 200 13480 "http://www.sermonsforyou.co.uk/index.php" "Mozilla/4.0 (compatible; MSIE 6.0; Windows NT 5.1; MRA 4.6 (build 01425))"
207.46.199.191 - - [28/Sep/2010:17:52:08 +0200] "GET /robots.txt HTTP/1.1" 200 1642 "-" "msnbot/2.0b (+http://search.msn.com/msnbot.htm)"
86.28.248.231 - - [28/Sep/2010:17:56:19 +0200] "GET /?q=rss.xml HTTP/1.1" 200 8642 "-" "Mozilla/5.0 (compatible; Google Desktop/5.9.1005.12335; http://desktop.google.com/)"
95.108.217.252 - - [28/Sep/2010:18:07:26 +0200] "GET /?q=user/register&destination=comment/reply/209%23comment-form HTTP/1.1" 403 1539 "-" "Mozilla/5.0 (compatible; YandexBot/3.0; +http://yandex.com/bots)"
86.28.248.231 - - [28/Sep/2010:18:15:19 +0200] "GET /?q=rss.xml HTTP/1.1" 200 8642 "-" "Mozilla/5.0 (compatible; Google Desktop/5.9.1005.12335; http://desktop.google.com/)"
86.28.248.231 - - [28/Sep/2010:18:20:42 +0200] "GET /?q=rss.xml HTTP/1.1" 200 8642 "-" "Mozilla/5.0 (compatible; Google Desktop/5.9.1005.12335; http://desktop.google.com/)"
76.164.162.6 - - [28/Sep/2010:18:37:18 +0200] "GET /?q=node/36 HTTP/1.1" 200 5568 "http://www.google.com/search?hl=en&q=WHO%20ARE%20YOU%20LORD%20SAUL%20ASKED" "Mozilla/4.0 (compatible; MSIE 8.0; Windows NT 6.1; Trident/4.0; SLCC2; .NET CLR 2.0.50727; .NET CLR 3.5.30729; .NET CLR 3.0.30729; Media Center PC 6.0; MDDR)"
76.164.162.6 - - [28/Sep/2010:18:37:18 +0200] "GET /themes/shallowgrunge/shallowgrunge/style.css?F HTTP/1.1" 200 4871 "http://www.sermonsforyou.co.uk/?q=node/36" "Mozilla/4.0 (compatible; MSIE 8.0; Windows NT 6.1; Trident/4.0; SLCC2; .NET CLR 2.0.50727; .NET CLR 3.5.30729; .NET CLR 3.0.30729; Media Center PC 6.0; MDDR)"
76.164.162.6 - - [28/Sep/2010:18:37:18 +0200] "GET /sites/all/modules/taxonomy_vtn/taxonomy_vtn/taxonomy_vtn.css?F HTTP/1.1" 200 1540 "http://www.sermonsforyou.co.uk/?q=node/36" "Mozilla/4.0 (compatible; MSIE 8.0; Windows NT 6.1; Trident/4.0; SLCC2; .NET CLR 2.0.50727; .NET CLR 3.5.30729; .NET CLR 3.0.30729; Media Center PC 6.0; MDDR)"
76.164.162.6 - - [28/Sep/2010:18:37:18 +0200] "GET /modules/system/system.css?F HTTP/1.1" 200 10020 "http://www.sermonsforyou.co.uk/?q=node/36" "Mozilla/4.0 (compatible; MSIE 8.0; Windows NT 6.1; Trident/4.0; SLCC2; .NET CLR 2.0.50727; .NET CLR 3.5.30729; .NET CLR 3.0.30729; Media Center PC 6.0; MDDR)"
76.164.162.6 - - [28/Sep/2010:18:37:18 +0200] "GET /modules/system/system-menus.css?F HTTP/1.1" 200 935 "http://www.sermonsforyou.co.uk/?q=node/36" "Mozilla/4.0 (compatible; MSIE 8.0; Windows NT 6.1; Trident/4.0; SLCC2; .NET CLR 2.0.50727; .NET CLR 3.5.30729; .NET CLR 3.0.30729; Media Center PC 6.0; MDDR)"
76.164.162.6 - - [28/Sep/2010:18:37:18 +0200] "GET /sites/all/modules/cck/cck/theme/content-module.css?F HTTP/1.1" 200 2397 "http://www.sermonsforyou.co.uk/?q=node/36" "Mozilla/4.0 (compatible; MSIE 8.0; Windows NT 6.1; Trident/4.0; SLCC2; .NET CLR 2.0.50727; .NET CLR 3.5.30729; .NET CLR 3.0.30729; Media Center PC 6.0; MDDR)"
76.164.162.6 - - [28/Sep/2010:18:37:19 +0200] "GET /misc/drupal.js?F HTTP/1.1" 200 9745 "http://www.sermonsforyou.co.uk/?q=node/36" "Mozilla/4.0 (compatible; MSIE 8.0; Windows NT 6.1; Trident/4.0; SLCC2; .NET CLR 2.0.50727; .NET CLR 3.5.30729; .NET CLR 3.0.30729; Media Center PC 6.0; MDDR)"
76.164.162.6 - - [28/Sep/2010:18:37:19 +0200] "GET /sites/all/modules/taxonomy_vtn/taxonomy_vtn/taxonomy_vtn.js?F HTTP/1.1" 200 465 "http://www.sermonsforyou.co.uk/?q=node/36" "Mozilla/4.0 (compatible; MSIE 8.0; Windows NT 6.1; Trident/4.0; SLCC2; .NET CLR 2.0.50727; .NET CLR 3.5.30729; .NET CLR 3.0.30729; Media Center PC 6.0; MDDR)"
76.164.162.6 - - [28/Sep/2010:18:37:18 +0200] "GET /misc/jquery.js?F HTTP/1.1" 200 31089 "http://www.sermonsforyou.co.uk/?q=node/36" "Mozilla/4.0 (compatible; MSIE 8.0; Windows NT 6.1; Trident/4.0; SLCC2; .NET CLR 2.0.50727; .NET CLR 3.5.30729; .NET CLR 3.0.30729; Media Center PC 6.0; MDDR)"
76.164.162.6 - - [28/Sep/2010:18:37:19 +0200] "GET /modules/user/user.css?F HTTP/1.1" 200 1127 "http://www.sermonsforyou.co.uk/?q=node/36" "Mozilla/4.0 (compatible; MSIE 8.0; Windows NT 6.1; Trident/4.0; SLCC2; .NET CLR 2.0.50727; .NET CLR 3.5.30729; .NET CLR 3.0.30729; Media Center PC 6.0; MDDR)"
76.164.162.6 - - [28/Sep/2010:18:37:19 +0200] "GET /modules/node/node.css?F HTTP/1.1" 200 740 "http://www.sermonsforyou.co.uk/?q=node/36" "Mozilla/4.0 (compatible; MSIE 8.0; Windows NT 6.1; Trident/4.0; SLCC2; .NET CLR 2.0.50727; .NET CLR 3.5.30729; .NET CLR 3.0.30729; Media Center PC 6.0; MDDR)"
76.164.162.6 - - [28/Sep/2010:18:37:19 +0200] "GET /modules/system/defaults.css?F HTTP/1.1" 200 757 "http://www.sermonsforyou.co.uk/?q=node/36" "Mozilla/4.0 (compatible; MSIE 8.0; Windows NT 6.1; Trident/4.0; SLCC2; .NET CLR 2.0.50727; .NET CLR 3.5.30729; .NET CLR 3.0.30729; Media Center PC 6.0; MDDR)"
76.164.162.6 - - [28/Sep/2010:18:37:19 +0200] "GET /sites/all/modules/google_analytics/googleanalytics.js?F HTTP/1.1" 200 1725 "http://www.sermonsforyou.co.uk/?q=node/36" "Mozilla/4.0 (compatible; MSIE 8.0; Windows NT 6.1; Trident/4.0; SLCC2; .NET CLR 2.0.50727; .NET CLR 3.5.30729; .NET CLR 3.0.30729; Media Center PC 6.0; MDDR)"
76.164.162.6 - - [28/Sep/2010:18:37:19 +0200] "GET /themes/shallowgrunge/shallowgrunge/images/img03.jpg HTTP/1.1" 200 10877 "http://www.sermonsforyou.co.uk/?q=node/36" "Mozilla/4.0 (compatible; MSIE 8.0; Windows NT 6.1; Trident/4.0; SLCC2; .NET CLR 2.0.50727; .NET CLR 3.5.30729; .NET CLR 3.0.30729; Media Center PC 6.0; MDDR)"
76.164.162.6 - - [28/Sep/2010:18:37:19 +0200] "GET /misc/powered-blue-80x15.png HTTP/1.1" 200 1011 "http://www.sermonsforyou.co.uk/?q=node/36" "Mozilla/4.0 (compatible; MSIE 8.0; Windows NT 6.1; Trident/4.0; SLCC2; .NET CLR 2.0.50727; .NET CLR 3.5.30729; .NET CLR 3.0.30729; Media Center PC 6.0; MDDR)"
76.164.162.6 - - [28/Sep/2010:18:37:19 +0200] "GET /themes/shallowgrunge/shallowgrunge/images/img02.jpg HTTP/1.1" 200 29303 "http://www.sermonsforyou.co.uk/?q=node/36" "Mozilla/4.0 (compatible; MSIE 8.0; Windows NT 6.1; Trident/4.0; SLCC2; .NET CLR 2.0.50727; .NET CLR 3.5.30729; .NET CLR 3.0.30729; Media Center PC 6.0; MDDR)"
76.164.162.6 - - [28/Sep/2010:18:37:19 +0200] "GET /themes/shallowgrunge/shallowgrunge/images/img01.jpg HTTP/1.1" 200 72355 "http://www.sermonsforyou.co.uk/?q=node/36" "Mozilla/4.0 (compatible; MSIE 8.0; Windows NT 6.1; Trident/4.0; SLCC2; .NET CLR 2.0.50727; .NET CLR 3.5.30729; .NET CLR 3.0.30729; Media Center PC 6.0; MDDR)"
76.164.162.6 - - [28/Sep/2010:18:37:21 +0200] "GET /misc/favicon.ico HTTP/1.1" 200 5430 "-" "Mozilla/4.0 (compatible; MSIE 8.0; Windows NT 6.1; Trident/4.0; SLCC2; .NET CLR 2.0.50727; .NET CLR 3.5.30729; .NET CLR 3.0.30729; Media Center PC 6.0; MDDR)"
86.28.248.231 - - [28/Sep/2010:18:39:42 +0200] "GET /?q=rss.xml HTTP/1.1" 200 8642 "-" "Mozilla/5.0 (compatible; Google Desktop/5.9.1005.12335; http://desktop.google.com/)"
220.181.7.126 - - [28/Sep/2010:18:40:18 +0200] "GET / HTTP/1.1" 200 13480 "-" "Baiduspider+(+http://www.baidu.com/search/spider.htm)"
123.125.66.132 - - [28/Sep/2010:18:43:26 +0200] "GET / HTTP/1.1" 200 13480 "-" "Baiduspider+(+http://www.baidu.com/search/spider.htm)"
86.28.248.231 - - [28/Sep/2010:18:58:43 +0200] "GET /?q=rss.xml HTTP/1.1" 200 8642 "-" "Mozilla/5.0 (compatible; Google Desktop/5.9.1005.12335; http://desktop.google.com/)"
86.141.16.80 - - [28/Sep/2010:19:12:37 +0200] "GET /?q=node/18 HTTP/1.1" 200 5601 "http://www.google.co.uk/url?sa=t&source=web&cd=4&ved=0CCcQFjAD&url=http%3A%2F%2Fwww.sermonsforyou.co.uk%2F%3Fq%3Dnode%2F18&rct=j&q=harvest%20festival%20-%20water&ei=hSGiTLi7Ks7J4gbN1oi9Aw&usg=AFQjCNGMUWpuQ6rzQDvU3cfhoW47IXU3gg" "Mozilla/4.0 (compatible; MSIE 8.0; Windows NT 5.1; Trident/4.0; YPC 3.2.0; FunWebProducts; .NET CLR 1.1.4322)"
86.141.16.80 - - [28/Sep/2010:19:12:38 +0200] "GET /modules/node/node.css?F HTTP/1.1" 200 740 "http://www.sermonsforyou.co.uk/?q=node/18" "Mozilla/4.0 (compatible; MSIE 8.0; Windows NT 5.1; Trident/4.0; YPC 3.2.0; FunWebProducts; .NET CLR 1.1.4322)"
86.141.16.80 - - [28/Sep/2010:19:12:39 +0200] "GET /sites/all/modules/taxonomy_vtn/taxonomy_vtn/taxonomy_vtn.css?F HTTP/1.1" 200 1540 "http://www.sermonsforyou.co.uk/?q=node/18" "Mozilla/4.0 (compatible; MSIE 8.0; Windows NT 5.1; Trident/4.0; YPC 3.2.0; FunWebProducts; .NET CLR 1.1.4322)"
86.141.16.80 - - [28/Sep/2010:19:12:39 +0200] "GET /modules/system/system.css?F HTTP/1.1" 200 10020 "http://www.sermonsforyou.co.uk/?q=node/18" "Mozilla/4.0 (compatible; MSIE 8.0; Windows NT 5.1; Trident/4.0; YPC 3.2.0; FunWebProducts; .NET CLR 1.1.4322)"
86.141.16.80 - - [28/Sep/2010:19:12:39 +0200] "GET /modules/system/defaults.css?F HTTP/1.1" 200 757 "http://www.sermonsforyou.co.uk/?q=node/18" "Mozilla/4.0 (compatible; MSIE 8.0; Windows NT 5.1; Trident/4.0; YPC 3.2.0; FunWebProducts; .NET CLR 1.1.4322)"
86.141.16.80 - - [28/Sep/2010:19:12:39 +0200] "GET /themes/shallowgrunge/shallowgrunge/style.css?F HTTP/1.1" 200 4871 "http://www.sermonsforyou.co.uk/?q=node/18" "Mozilla/4.0 (compatible; MSIE 8.0; Windows NT 5.1; Trident/4.0; YPC 3.2.0; FunWebProducts; .NET CLR 1.1.4322)"
86.141.16.80 - - [28/Sep/2010:19:12:39 +0200] "GET /modules/system/system-menus.css?F HTTP/1.1" 200 935 "http://www.sermonsforyou.co.uk/?q=node/18" "Mozilla/4.0 (compatible; MSIE 8.0; Windows NT 5.1; Trident/4.0; YPC 3.2.0; FunWebProducts; .NET CLR 1.1.4322)"
86.141.16.80 - - [28/Sep/2010:19:12:39 +0200] "GET /misc/drupal.js?F HTTP/1.1" 200 9745 "http://www.sermonsforyou.co.uk/?q=node/18" "Mozilla/4.0 (compatible; MSIE 8.0; Windows NT 5.1; Trident/4.0; YPC 3.2.0; FunWebProducts; .NET CLR 1.1.4322)"
86.141.16.80 - - [28/Sep/2010:19:12:39 +0200] "GET /misc/jquery.js?F HTTP/1.1" 200 31089 "http://www.sermonsforyou.co.uk/?q=node/18" "Mozilla/4.0 (compatible; MSIE 8.0; Windows NT 5.1; Trident/4.0; YPC 3.2.0; FunWebProducts; .NET CLR 1.1.4322)"
86.141.16.80 - - [28/Sep/2010:19:12:40 +0200] "GET /sites/all/modules/taxonomy_vtn/taxonomy_vtn/taxonomy_vtn.js?F HTTP/1.1" 200 465 "http://www.sermonsforyou.co.uk/?q=node/18" "Mozilla/4.0 (compatible; MSIE 8.0; Windows NT 5.1; Trident/4.0; YPC 3.2.0; FunWebProducts; .NET CLR 1.1.4322)"
86.141.16.80 - - [28/Sep/2010:19:12:40 +0200] "GET /sites/all/modules/google_analytics/googleanalytics.js?F HTTP/1.1" 200 1725 "http://www.sermonsforyou.co.uk/?q=node/18" "Mozilla/4.0 (compatible; MSIE 8.0; Windows NT 5.1; Trident/4.0; YPC 3.2.0; FunWebProducts; .NET CLR 1.1.4322)"
86.141.16.80 - - [28/Sep/2010:19:12:40 +0200] "GET /modules/user/user.css?F HTTP/1.1" 200 1127 "http://www.sermonsforyou.co.uk/?q=node/18" "Mozilla/4.0 (compatible; MSIE 8.0; Windows NT 5.1; Trident/4.0; YPC 3.2.0; FunWebProducts; .NET CLR 1.1.4322)"
86.141.16.80 - - [28/Sep/2010:19:12:40 +0200] "GET /sites/all/modules/cck/cck/theme/content-module.css?F HTTP/1.1" 200 2397 "http://www.sermonsforyou.co.uk/?q=node/18" "Mozilla/4.0 (compatible; MSIE 8.0; Windows NT 5.1; Trident/4.0; YPC 3.2.0; FunWebProducts; .NET CLR 1.1.4322)"
86.141.16.80 - - [28/Sep/2010:19:12:41 +0200] "GET /misc/powered-blue-80x15.png HTTP/1.1" 200 1011 "http://www.sermonsforyou.co.uk/?q=node/18" "Mozilla/4.0 (compatible; MSIE 8.0; Windows NT 5.1; Trident/4.0; YPC 3.2.0; FunWebProducts; .NET CLR 1.1.4322)"
86.141.16.80 - - [28/Sep/2010:19:12:41 +0200] "GET /themes/shallowgrunge/shallowgrunge/images/img03.jpg HTTP/1.1" 200 10877 "http://www.sermonsforyou.co.uk/?q=node/18" "Mozilla/4.0 (compatible; MSIE 8.0; Windows NT 5.1; Trident/4.0; YPC 3.2.0; FunWebProducts; .NET CLR 1.1.4322)"
86.141.16.80 - - [28/Sep/2010:19:12:41 +0200] "GET /themes/shallowgrunge/shallowgrunge/images/img02.jpg HTTP/1.1" 200 29303 "http://www.sermonsforyou.co.uk/?q=node/18" "Mozilla/4.0 (compatible; MSIE 8.0; Windows NT 5.1; Trident/4.0; YPC 3.2.0; FunWebProducts; .NET CLR 1.1.4322)"
86.141.16.80 - - [28/Sep/2010:19:13:00 +0200] "GET /themes/shallowgrunge/shallowgrunge/images/img01.jpg HTTP/1.1" 200 72355 "http://www.sermonsforyou.co.uk/?q=node/18" "Mozilla/4.0 (compatible; MSIE 8.0; Windows NT 5.1; Trident/4.0; YPC 3.2.0; FunWebProducts; .NET CLR 1.1.4322)"
86.141.16.80 - - [28/Sep/2010:19:13:06 +0200] "GET /misc/favicon.ico HTTP/1.1" 200 5430 "-" "Mozilla/4.0 (compatible; MSIE 8.0; Windows NT 5.1; Trident/4.0; YPC 3.2.0; FunWebProducts; .NET CLR 1.1.4322)"
86.28.248.231 - - [28/Sep/2010:19:17:43 +0200] "GET /?q=rss.xml HTTP/1.1" 200 8642 "-" "Mozilla/5.0 (compatible; Google Desktop/5.9.1005.12335; http://desktop.google.com/)"
91.201.66.113 - - [28/Sep/2010:19:19:23 +0200] "GET /?q=taxonomy_vtn/term/12 HTTP/1.0" 200 15937 "http://www.sermonsforyou.co.uk/?q=taxonomy_vtn/term/12" "Mozilla/4.0 (compatible; MSIE 5.01; Windows 95; MSIECrawler)"
24.196.161.119 - - [28/Sep/2010:19:19:29 +0200] "GET /?q=node/42 HTTP/1.1" 200 6023 "http://www.google.com/url?sa=t&source=web&cd=67&ved=0CCoQFjAGODw&url=http%3A%2F%2Fwww.sermonsforyou.co.uk%2F%3Fq%3Dnode%2F42&rct=j&q=ephesians%204%20sermons&ei=BSOiTJSKDYGBlAfa6cjKBA&usg=AFQjCNEnb2gCtx-kjxIg_hZrTafAe5IHNg" "Mozilla/4.0 (compatible; MSIE 8.0; Windows NT 5.1; Trident/4.0; GTB6.5; .NET CLR 1.0.3705; .NET CLR 1.1.4322; Media Center PC 4.0; .NET CLR 2.0.50727; .NET CLR 3.0.4506.2152; .NET CLR 3.5.30729; Creative AutoUpdate v1.10.10)"
24.196.161.119 - - [28/Sep/2010:19:19:29 +0200] "GET /sites/all/modules/taxonomy_vtn/taxonomy_vtn/taxonomy_vtn.css?F HTTP/1.1" 200 1540 "http://www.sermonsforyou.co.uk/?q=node/42" "Mozilla/4.0 (compatible; MSIE 8.0; Windows NT 5.1; Trident/4.0; GTB6.5; .NET CLR 1.0.3705; .NET CLR 1.1.4322; Media Center PC 4.0; .NET CLR 2.0.50727; .NET CLR 3.0.4506.2152; .NET CLR 3.5.30729; Creative AutoUpdate v1.10.10)"
24.196.161.119 - - [28/Sep/2010:19:19:29 +0200] "GET /modules/node/node.css?F HTTP/1.1" 200 740 "http://www.sermonsforyou.co.uk/?q=node/42" "Mozilla/4.0 (compatible; MSIE 8.0; Windows NT 5.1; Trident/4.0; GTB6.5; .NET CLR 1.0.3705; .NET CLR 1.1.4322; Media Center PC 4.0; .NET CLR 2.0.50727; .NET CLR 3.0.4506.2152; .NET CLR 3.5.30729; Creative AutoUpdate v1.10.10)"
24.196.161.119 - - [28/Sep/2010:19:19:29 +0200] "GET /modules/system/defaults.css?F HTTP/1.1" 200 757 "http://www.sermonsforyou.co.uk/?q=node/42" "Mozilla/4.0 (compatible; MSIE 8.0; Windows NT 5.1; Trident/4.0; GTB6.5; .NET CLR 1.0.3705; .NET CLR 1.1.4322; Media Center PC 4.0; .NET CLR 2.0.50727; .NET CLR 3.0.4506.2152; .NET CLR 3.5.30729; Creative AutoUpdate v1.10.10)"
24.196.161.119 - - [28/Sep/2010:19:19:29 +0200] "GET /modules/system/system.css?F HTTP/1.1" 200 10020 "http://www.sermonsforyou.co.uk/?q=node/42" "Mozilla/4.0 (compatible; MSIE 8.0; Windows NT 5.1; Trident/4.0; GTB6.5; .NET CLR 1.0.3705; .NET CLR 1.1.4322; Media Center PC 4.0; .NET CLR 2.0.50727; .NET CLR 3.0.4506.2152; .NET CLR 3.5.30729; Creative AutoUpdate v1.10.10)"
24.196.161.119 - - [28/Sep/2010:19:19:29 +0200] "GET /misc/drupal.js?F HTTP/1.1" 200 9745 "http://www.sermonsforyou.co.uk/?q=node/42" "Mozilla/4.0 (compatible; MSIE 8.0; Windows NT 5.1; Trident/4.0; GTB6.5; .NET CLR 1.0.3705; .NET CLR 1.1.4322; Media Center PC 4.0; .NET CLR 2.0.50727; .NET CLR 3.0.4506.2152; .NET CLR 3.5.30729; Creative AutoUpdate v1.10.10)"
24.196.161.119 - - [28/Sep/2010:19:19:29 +0200] "GET /modules/system/system-menus.css?F HTTP/1.1" 200 935 "http://www.sermonsforyou.co.uk/?q=node/42" "Mozilla/4.0 (compatible; MSIE 8.0; Windows NT 5.1; Trident/4.0; GTB6.5; .NET CLR 1.0.3705; .NET CLR 1.1.4322; Media Center PC 4.0; .NET CLR 2.0.50727; .NET CLR 3.0.4506.2152; .NET CLR 3.5.30729; Creative AutoUpdate v1.10.10)"
24.196.161.119 - - [28/Sep/2010:19:19:29 +0200] "GET /modules/user/user.css?F HTTP/1.1" 200 1127 "http://www.sermonsforyou.co.uk/?q=node/42" "Mozilla/4.0 (compatible; MSIE 8.0; Windows NT 5.1; Trident/4.0; GTB6.5; .NET CLR 1.0.3705; .NET CLR 1.1.4322; Media Center PC 4.0; .NET CLR 2.0.50727; .NET CLR 3.0.4506.2152; .NET CLR 3.5.30729; Creative AutoUpdate v1.10.10)"
24.196.161.119 - - [28/Sep/2010:19:19:29 +0200] "GET /sites/all/modules/cck/cck/theme/content-module.css?F HTTP/1.1" 200 2397 "http://www.sermonsforyou.co.uk/?q=node/42" "Mozilla/4.0 (compatible; MSIE 8.0; Windows NT 5.1; Trident/4.0; GTB6.5; .NET CLR 1.0.3705; .NET CLR 1.1.4322; Media Center PC 4.0; .NET CLR 2.0.50727; .NET CLR 3.0.4506.2152; .NET CLR 3.5.30729; Creative AutoUpdate v1.10.10)"
24.196.161.119 - - [28/Sep/2010:19:19:29 +0200] "GET /themes/shallowgrunge/shallowgrunge/style.css?F HTTP/1.1" 200 4871 "http://www.sermonsforyou.co.uk/?q=node/42" "Mozilla/4.0 (compatible; MSIE 8.0; Windows NT 5.1; Trident/4.0; GTB6.5; .NET CLR 1.0.3705; .NET CLR 1.1.4322; Media Center PC 4.0; .NET CLR 2.0.50727; .NET CLR 3.0.4506.2152; .NET CLR 3.5.30729; Creative AutoUpdate v1.10.10)"
24.196.161.119 - - [28/Sep/2010:19:19:30 +0200] "GET /sites/all/modules/taxonomy_vtn/taxonomy_vtn/taxonomy_vtn.js?F HTTP/1.1" 200 465 "http://www.sermonsforyou.co.uk/?q=node/42" "Mozilla/4.0 (compatible; MSIE 8.0; Windows NT 5.1; Trident/4.0; GTB6.5; .NET CLR 1.0.3705; .NET CLR 1.1.4322; Media Center PC 4.0; .NET CLR 2.0.50727; .NET CLR 3.0.4506.2152; .NET CLR 3.5.30729; Creative AutoUpdate v1.10.10)"
24.196.161.119 - - [28/Sep/2010:19:19:30 +0200] "GET /sites/all/modules/google_analytics/googleanalytics.js?F HTTP/1.1" 200 1725 "http://www.sermonsforyou.co.uk/?q=node/42" "Mozilla/4.0 (compatible; MSIE 8.0; Windows NT 5.1; Trident/4.0; GTB6.5; .NET CLR 1.0.3705; .NET CLR 1.1.4322; Media Center PC 4.0; .NET CLR 2.0.50727; .NET CLR 3.0.4506.2152; .NET CLR 3.5.30729; Creative AutoUpdate v1.10.10)"
24.196.161.119 - - [28/Sep/2010:19:19:29 +0200] "GET /misc/jquery.js?F HTTP/1.1" 200 31089 "http://www.sermonsforyou.co.uk/?q=node/42" "Mozilla/4.0 (compatible; MSIE 8.0; Windows NT 5.1; Trident/4.0; GTB6.5; .NET CLR 1.0.3705; .NET CLR 1.1.4322; Media Center PC 4.0; .NET CLR 2.0.50727; .NET CLR 3.0.4506.2152; .NET CLR 3.5.30729; Creative AutoUpdate v1.10.10)"
24.196.161.119 - - [28/Sep/2010:19:19:30 +0200] "GET /misc/powered-blue-80x15.png HTTP/1.1" 200 1011 "http://www.sermonsforyou.co.uk/?q=node/42" "Mozilla/4.0 (compatible; MSIE 8.0; Windows NT 5.1; Trident/4.0; GTB6.5; .NET CLR 1.0.3705; .NET CLR 1.1.4322; Media Center PC 4.0; .NET CLR 2.0.50727; .NET CLR 3.0.4506.2152; .NET CLR 3.5.30729; Creative AutoUpdate v1.10.10)"
24.196.161.119 - - [28/Sep/2010:19:19:30 +0200] "GET /themes/shallowgrunge/shallowgrunge/images/img03.jpg HTTP/1.1" 200 10877 "http://www.sermonsforyou.co.uk/?q=node/42" "Mozilla/4.0 (compatible; MSIE 8.0; Windows NT 5.1; Trident/4.0; GTB6.5; .NET CLR 1.0.3705; .NET CLR 1.1.4322; Media Center PC 4.0; .NET CLR 2.0.50727; .NET CLR 3.0.4506.2152; .NET CLR 3.5.30729; Creative AutoUpdate v1.10.10)"
91.201.66.113 - - [28/Sep/2010:19:19:30 +0200] "GET /?q=taxonomy_vtn/voc/2 HTTP/1.0" 200 4556 "http://www.sermonsforyou.co.uk/?q=taxonomy_vtn/voc/2" "Mozilla/4.0 (compatible; MSIE 5.01; Windows 95; MSIECrawler)"
24.196.161.119 - - [28/Sep/2010:19:19:30 +0200] "GET /themes/shallowgrunge/shallowgrunge/images/img02.jpg HTTP/1.1" 200 29303 "http://www.sermonsforyou.co.uk/?q=node/42" "Mozilla/4.0 (compatible; MSIE 8.0; Windows NT 5.1; Trident/4.0; GTB6.5; .NET CLR 1.0.3705; .NET CLR 1.1.4322; Media Center PC 4.0; .NET CLR 2.0.50727; .NET CLR 3.0.4506.2152; .NET CLR 3.5.30729; Creative AutoUpdate v1.10.10)"
24.196.161.119 - - [28/Sep/2010:19:19:30 +0200] "GET /themes/shallowgrunge/shallowgrunge/images/img01.jpg HTTP/1.1" 200 72355 "http://www.sermonsforyou.co.uk/?q=node/42" "Mozilla/4.0 (compatible; MSIE 8.0; Windows NT 5.1; Trident/4.0; GTB6.5; .NET CLR 1.0.3705; .NET CLR 1.1.4322; Media Center PC 4.0; .NET CLR 2.0.50727; .NET CLR 3.0.4506.2152; .NET CLR 3.5.30729; Creative AutoUpdate v1.10.10)"
24.196.161.119 - - [28/Sep/2010:19:19:31 +0200] "GET /misc/favicon.ico HTTP/1.1" 200 5430 "-" "Mozilla/4.0 (compatible; MSIE 8.0; Windows NT 5.1; Trident/4.0; GTB6.5; .NET CLR 1.0.3705; .NET CLR 1.1.4322; Media Center PC 4.0; .NET CLR 2.0.50727; .NET CLR 3.0.4506.2152; .NET CLR 3.5.30729; Creative AutoUpdate v1.10.10)"
91.201.66.113 - - [28/Sep/2010:19:19:31 +0200] "GET /?q=taxonomy_vtn/term/12 HTTP/1.0" 200 15937 "http://www.sermonsforyou.co.uk/?q=taxonomy_vtn/term/12" "Mozilla/4.0 (compatible; MSIE 5.01; Windows 95; MSIECrawler)"
91.201.66.113 - - [28/Sep/2010:19:19:35 +0200] "GET /?q=node/67 HTTP/1.0" 200 4682 "http://www.sermonsforyou.co.uk/?q=node/67" "Mozilla/4.0 (compatible; MSIE 5.01; Windows 95; MSIECrawler)"
91.201.66.113 - - [28/Sep/2010:19:19:36 +0200] "GET /index.php HTTP/1.0" 200 13480 "http://www.sermonsforyou.co.uk/index.php" "Mozilla/4.0 (compatible; MSIE 5.01; Windows 95; MSIECrawler)"
94.23.211.138 - - [28/Sep/2010:19:20:51 +0200] "HEAD / HTTP/1.1" 200 0 "-" "Mozilla/4.0 (compatible; MSIE 5.01; Windows NT 5.0)"
86.28.248.231 - - [28/Sep/2010:19:49:40 +0200] "GET /?q=rss.xml HTTP/1.1" 200 8642 "-" "Mozilla/5.0 (compatible; Google Desktop/5.9.1005.12335; http://desktop.google.com/)"
95.108.217.252 - - [28/Sep/2010:19:54:51 +0200] "GET /robots.txt HTTP/1.1" 200 1642 "-" "Mozilla/5.0 (compatible; YandexBot/3.0; +http://yandex.com/bots)"
91.212.226.140 - - [28/Sep/2010:20:00:11 +0200] "GET /?q=taxonomy_vtn/term/12 HTTP/1.0" 200 15937 "http://www.sermonsforyou.co.uk/?q=taxonomy_vtn/term/12" "Mozilla/4.0 (compatible; MSIE 7.0; Windows NT 5.1; SV1; .NET CLR 2.0.50727)"
91.212.226.140 - - [28/Sep/2010:20:00:16 +0200] "GET /?q=taxonomy_vtn/voc/2 HTTP/1.0" 200 4556 "http://www.sermonsforyou.co.uk/?q=taxonomy_vtn/voc/2" "Mozilla/4.0 (compatible; MSIE 7.0; Windows NT 5.1; SV1; .NET CLR 2.0.50727)"
91.212.226.140 - - [28/Sep/2010:20:00:18 +0200] "GET /?q=taxonomy_vtn/term/12 HTTP/1.0" 200 15937 "http://www.sermonsforyou.co.uk/?q=taxonomy_vtn/term/12" "Mozilla/4.0 (compatible; MSIE 7.0; Windows NT 5.1; SV1; .NET CLR 2.0.50727)"
91.212.226.140 - - [28/Sep/2010:20:00:20 +0200] "GET /?q=node/67 HTTP/1.0" 200 4682 "http://www.sermonsforyou.co.uk/?q=node/67" "Mozilla/4.0 (compatible; MSIE 7.0; Windows NT 5.1; SV1; .NET CLR 2.0.50727)"
91.212.226.140 - - [28/Sep/2010:20:00:21 +0200] "GET /index.php HTTP/1.0" 200 13480 "http://www.sermonsforyou.co.uk/index.php" "Mozilla/4.0 (compatible; MSIE 7.0; Windows NT 5.1; SV1; .NET CLR 2.0.50727)"
89.149.196.32 - - [28/Sep/2010:20:19:00 +0200] "GET /?q=user/reset/352/1284821708/88155664690d98da52f197f541ef4215 HTTP/1.0" 403 7098 "http://www.sermonsforyou.co.uk/?q=user/reset/352/1284821708/88155664690d98da52f197f541ef4215" "Mozilla/4.61 [en] (X11; U; ) - BrowseX (2.0.0 Windows)"
89.149.196.32 - - [28/Sep/2010:20:19:15 +0200] "GET / HTTP/1.0" 200 13480 "http://www.sermonsforyou.co.uk/?q=user/reset/352/1284821708/88155664690d98da52f197f541ef4215" "Mozilla/4.61 [en] (X11; U; ) - BrowseX (2.0.0 Windows)"
212.95.45.110 - - [28/Sep/2010:20:19:53 +0200] "GET /?q=user/reset/352/1284821708/88155664690d98da52f197f541ef4215 HTTP/1.0" 403 7098 "http://www.sermonsforyou.co.uk/?q=user/reset/352/1284821708/88155664690d98da52f197f541ef4215" "Mozilla/4.0 (compatible; MSIE 6.0; Windows NT 5.2; WOW64; SV1; .NET CLR 2.0.50727)"
212.95.45.110 - - [28/Sep/2010:20:20:08 +0200] "GET / HTTP/1.0" 200 13480 "http://www.sermonsforyou.co.uk/?q=user/reset/352/1284821708/88155664690d98da52f197f541ef4215" "Mozilla/4.0 (compatible; MSIE 6.0; Windows NT 5.2; WOW64; SV1; .NET CLR 2.0.50727)"
86.28.248.231 - - [28/Sep/2010:20:20:40 +0200] "GET /?q=rss.xml HTTP/1.1" 200 8642 "-" "Mozilla/5.0 (compatible; Google Desktop/5.9.1005.12335; http://desktop.google.com/)"
124.115.0.168 - - [28/Sep/2010:20:21:49 +0200] "GET / HTTP/1.1" 200 3599 "-" "Sosospider+(+http://help.soso.com/webspider.htm)"
92.243.182.174 - - [28/Sep/2010:20:38:06 +0200] "GET /?q=taxonomy_vtn/term/12 HTTP/1.0" 200 15937 "http://www.sermonsforyou.co.uk/?q=taxonomy_vtn/term/12" "Mozilla/4.0 (compatible; MSIE 6.0; Windows NT 5.1; SV1; YPC 3.0.2; .NET CLR 1.1.4322; yplus 4.4.02b)"
92.243.182.174 - - [28/Sep/2010:20:38:12 +0200] "GET /?q=taxonomy_vtn/voc/2 HTTP/1.0" 200 4556 "http://www.sermonsforyou.co.uk/?q=taxonomy_vtn/voc/2" "Mozilla/4.0 (compatible; MSIE 6.0; Windows NT 5.1; SV1; YPC 3.0.2; .NET CLR 1.1.4322; yplus 4.4.02b)"
92.243.182.174 - - [28/Sep/2010:20:38:16 +0200] "GET /?q=taxonomy_vtn/term/12 HTTP/1.0" 200 15937 "http://www.sermonsforyou.co.uk/?q=taxonomy_vtn/term/12" "Mozilla/4.0 (compatible; MSIE 6.0; Windows NT 5.1; SV1; YPC 3.0.2; .NET CLR 1.1.4322; yplus 4.4.02b)"
92.243.182.174 - - [28/Sep/2010:20:38:22 +0200] "GET /?q=node/67 HTTP/1.0" 200 4682 "http://www.sermonsforyou.co.uk/?q=node/67" "Mozilla/4.0 (compatible; MSIE 6.0; Windows NT 5.1; SV1; YPC 3.0.2; .NET CLR 1.1.4322; yplus 4.4.02b)"
92.243.182.174 - - [28/Sep/2010:20:38:25 +0200] "GET /index.php HTTP/1.0" 200 13480 "http://www.sermonsforyou.co.uk/index.php" "Mozilla/4.0 (compatible; MSIE 6.0; Windows NT 5.1; SV1; YPC 3.0.2; .NET CLR 1.1.4322; yplus 4.4.02b)"
95.108.217.252 - - [28/Sep/2010:20:42:25 +0200] "GET /?q=node/52 HTTP/1.1" 200 5856 "-" "Mozilla/5.0 (compatible; YandexBot/3.0; +http://yandex.com/bots)"
207.46.199.178 - - [28/Sep/2010:20:48:25 +0200] "GET /robots.txt HTTP/1.1" 200 1642 "-" "msnbot/2.0b (+http://search.msn.com/msnbot.htm)"
86.28.248.231 - - [28/Sep/2010:20:51:41 +0200] "GET /?q=rss.xml HTTP/1.1" 200 8642 "-" "Mozilla/5.0 (compatible; Google Desktop/5.9.1005.12335; http://desktop.google.com/)"
