95.108.217.252 - - [29/Sep/2010:00:14:09 +0200] "GET /?q=user/register&destination=comment/reply/198%23comment-form HTTP/1.1" 403 1539 "-" "Mozilla/5.0 (compatible; YandexBot/3.0; +http://yandex.com/bots)"
86.28.248.231 - - [29/Sep/2010:00:28:43 +0200] "GET /?q=rss.xml HTTP/1.1" 200 8642 "-" "Mozilla/5.0 (compatible; Google Desktop/5.9.1005.12335; http://desktop.google.com/)"
123.125.66.64 - - [29/Sep/2010:00:30:58 +0200] "GET / HTTP/1.1" 200 13480 "-" "Baiduspider+(+http://www.baidu.com/search/spider.htm)"
220.181.7.116 - - [29/Sep/2010:00:30:58 +0200] "GET / HTTP/1.1" 200 13480 "-" "Baiduspider+(+http://www.baidu.com/search/spider.htm)"
95.108.217.252 - - [29/Sep/2010:00:58:43 +0200] "GET /?q=node/235 HTTP/1.1" 404 1311 "-" "Mozilla/5.0 (compatible; YandexBot/3.0; +http://yandex.com/bots)"
95.108.217.252 - - [29/Sep/2010:01:47:42 +0200] "GET /?q=user/login&destination=comment/reply/192%23comment-form HTTP/1.1" 200 1932 "-" "Mozilla/5.0 (compatible; YandexBot/3.0; +http://yandex.com/bots)"
66.249.65.120 - - [29/Sep/2010:02:04:41 +0200] "GET /?q=node/240 HTTP/1.1" 404 1311 "-" "DoCoMo/2.0 N905i(c100;TB;W24H16) (compatible; Googlebot-Mobile/2.1; +http://www.google.com/bot.html)"
66.249.66.34 - - [29/Sep/2010:02:22:27 +0200] "GET /?q=node/211 HTTP/1.1" 404 1311 "-" "Mozilla/5.0 (compatible; Googlebot/2.1; +http://www.google.com/bot.html)"
95.108.217.252 - - [29/Sep/2010:02:41:21 +0200] "GET /?q=user/register&destination=comment/reply/67%23comment-form HTTP/1.1" 403 1539 "-" "Mozilla/5.0 (compatible; YandexBot/3.0; +http://yandex.com/bots)"
67.195.114.51 - - [29/Sep/2010:02:57:52 +0200] "GET /robots.txt HTTP/1.0" 200 707 "-" "Mozilla/5.0 (compatible; Yahoo! Slurp; http://help.yahoo.com/help/us/ysearch/slurp)"
67.195.114.51 - - [29/Sep/2010:02:57:53 +0200] "GET /?q=node/52 HTTP/1.0" 200 5856 "-" "Mozilla/5.0 (compatible; Yahoo! Slurp/3.0; http://help.yahoo.com/help/us/ysearch/slurp)"
207.46.195.223 - - [29/Sep/2010:03:04:50 +0200] "GET /robots.txt HTTP/1.1" 200 1642 "-" "msnbot/2.0b (+http://search.msn.com/msnbot.htm)"
124.115.0.168 - - [29/Sep/2010:03:11:50 +0200] "GET / HTTP/1.1" 200 3599 "-" "Sosospider+(+http://help.soso.com/webspider.htm)"
95.108.217.252 - - [29/Sep/2010:03:29:13 +0200] "GET /?q=node/234 HTTP/1.1" 404 1311 "-" "Mozilla/5.0 (compatible; YandexBot/3.0; +http://yandex.com/bots)"
38.99.96.152 - - [29/Sep/2010:03:30:40 +0200] "GET /robots.txt HTTP/1.1" 200 707 "-" "Mozilla/5.0 (compatible; ScoutJet; +http://www.scoutjet.com/)"
38.99.96.152 - - [29/Sep/2010:03:30:55 +0200] "GET /?q=taxonomy_vtn/term/3 HTTP/1.1" 200 1825 "-" "Mozilla/5.0 (compatible; ScoutJet; +http://www.scoutjet.com/)"
38.99.96.152 - - [29/Sep/2010:03:31:35 +0200] "GET /?q=node/212 HTTP/1.1" 200 1843 "-" "Mozilla/5.0 (compatible; ScoutJet; +http://www.scoutjet.com/)"
123.125.66.123 - - [29/Sep/2010:03:32:11 +0200] "GET / HTTP/1.1" 200 13480 "-" "Baiduspider+(+http://www.baidu.com/search/spider.htm)"
38.99.96.152 - - [29/Sep/2010:03:32:16 +0200] "GET /?q=node/37 HTTP/1.1" 200 5519 "-" "Mozilla/5.0 (compatible; ScoutJet; +http://www.scoutjet.com/)"
220.181.7.56 - - [29/Sep/2010:03:32:37 +0200] "GET / HTTP/1.1" 200 13480 "-" "Baiduspider+(+http://www.baidu.com/search/spider.htm)"
38.99.96.152 - - [29/Sep/2010:03:33:04 +0200] "GET /?q=node&page=3 HTTP/1.1" 200 3510 "-" "Mozilla/5.0 (compatible; ScoutJet; +http://www.scoutjet.com/)"
38.99.96.152 - - [29/Sep/2010:03:33:28 +0200] "GET /?q=node&page=4 HTTP/1.1" 200 3140 "-" "Mozilla/5.0 (compatible; ScoutJet; +http://www.scoutjet.com/)"
38.99.96.152 - - [29/Sep/2010:03:33:49 +0200] "GET /?q=node&page=5 HTTP/1.1" 200 2732 "-" "Mozilla/5.0 (compatible; ScoutJet; +http://www.scoutjet.com/)"
38.99.96.152 - - [29/Sep/2010:03:34:42 +0200] "GET /?q=node/4 HTTP/1.1" 200 1631 "-" "Mozilla/5.0 (compatible; ScoutJet; +http://www.scoutjet.com/)"
38.99.96.152 - - [29/Sep/2010:03:35:09 +0200] "GET /?q=node/52 HTTP/1.1" 200 5856 "-" "Mozilla/5.0 (compatible; ScoutJet; +http://www.scoutjet.com/)"
38.99.96.152 - - [29/Sep/2010:03:36:01 +0200] "GET /?q=node/59 HTTP/1.1" 200 5610 "-" "Mozilla/5.0 (compatible; ScoutJet; +http://www.scoutjet.com/)"
38.99.96.152 - - [29/Sep/2010:03:36:28 +0200] "GET /?q=node/56 HTTP/1.1" 200 6314 "-" "Mozilla/5.0 (compatible; ScoutJet; +http://www.scoutjet.com/)"
38.99.96.152 - - [29/Sep/2010:03:36:58 +0200] "GET /?q=node&page=2 HTTP/1.1" 200 3649 "-" "Mozilla/5.0 (compatible; ScoutJet; +http://www.scoutjet.com/)"
38.99.96.152 - - [29/Sep/2010:03:37:40 +0200] "GET /?q=node/60 HTTP/1.1" 200 6125 "-" "Mozilla/5.0 (compatible; ScoutJet; +http://www.scoutjet.com/)"
71.51.5.1 - - [29/Sep/2010:03:37:47 +0200] "GET /?q=node/28 HTTP/1.1" 200 5440 "http://aolsearcht10.search.aol.com/aol/search?v_t=webmail-hawaii1-standardaol&q=Sermon++whenthe+Samaritan+Women++meet+Jesus+at+the+well&s_it=searchbox.webhome&page=2&nt=SG2&oreq=57721791f2d445398d672487774940d9" "Mozilla/4.0 (compatible; MSIE 8.0; Windows NT 5.1; Trident/4.0; .NET CLR 2.0.50727; .NET CLR 3.0.04506.30; .NET CLR 1.1.4322; .NET CLR 3.0.4506.2152; .NET CLR 3.5.30729; WinNT-PAI 01.09.2009; customie8)"
71.51.5.1 - - [29/Sep/2010:03:37:47 +0200] "GET /misc/drupal.js?F HTTP/1.1" 200 9745 "http://www.sermonsforyou.co.uk/?q=node/28" "Mozilla/4.0 (compatible; MSIE 8.0; Windows NT 5.1; Trident/4.0; .NET CLR 2.0.50727; .NET CLR 3.0.04506.30; .NET CLR 1.1.4322; .NET CLR 3.0.4506.2152; .NET CLR 3.5.30729; WinNT-PAI 01.09.2009; customie8)"
71.51.5.1 - - [29/Sep/2010:03:37:47 +0200] "GET /modules/node/node.css?F HTTP/1.1" 200 740 "http://www.sermonsforyou.co.uk/?q=node/28" "Mozilla/4.0 (compatible; MSIE 8.0; Windows NT 5.1; Trident/4.0; .NET CLR 2.0.50727; .NET CLR 3.0.04506.30; .NET CLR 1.1.4322; .NET CLR 3.0.4506.2152; .NET CLR 3.5.30729; WinNT-PAI 01.09.2009; customie8)"
71.51.5.1 - - [29/Sep/2010:03:37:47 +0200] "GET /modules/system/defaults.css?F HTTP/1.1" 200 757 "http://www.sermonsforyou.co.uk/?q=node/28" "Mozilla/4.0 (compatible; MSIE 8.0; Windows NT 5.1; Trident/4.0; .NET CLR 2.0.50727; .NET CLR 3.0.04506.30; .NET CLR 1.1.4322; .NET CLR 3.0.4506.2152; .NET CLR 3.5.30729; WinNT-PAI 01.09.2009; customie8)"
71.51.5.1 - - [29/Sep/2010:03:37:47 +0200] "GET /sites/all/modules/taxonomy_vtn/taxonomy_vtn/taxonomy_vtn.css?F HTTP/1.1" 200 1540 "http://www.sermonsforyou.co.uk/?q=node/28" "Mozilla/4.0 (compatible; MSIE 8.0; Windows NT 5.1; Trident/4.0; .NET CLR 2.0.50727; .NET CLR 3.0.04506.30; .NET CLR 1.1.4322; .NET CLR 3.0.4506.2152; .NET CLR 3.5.30729; WinNT-PAI 01.09.2009; customie8)"
71.51.5.1 - - [29/Sep/2010:03:37:47 +0200] "GET /modules/system/system.css?F HTTP/1.1" 200 10020 "http://www.sermonsforyou.co.uk/?q=node/28" "Mozilla/4.0 (compatible; MSIE 8.0; Windows NT 5.1; Trident/4.0; .NET CLR 2.0.50727; .NET CLR 3.0.04506.30; .NET CLR 1.1.4322; .NET CLR 3.0.4506.2152; .NET CLR 3.5.30729; WinNT-PAI 01.09.2009; customie8)"
71.51.5.1 - - [29/Sep/2010:03:37:47 +0200] "GET /themes/shallowgrunge/shallowgrunge/style.css?F HTTP/1.1" 200 4871 "http://www.sermonsforyou.co.uk/?q=node/28" "Mozilla/4.0 (compatible; MSIE 8.0; Windows NT 5.1; Trident/4.0; .NET CLR 2.0.50727; .NET CLR 3.0.04506.30; .NET CLR 1.1.4322; .NET CLR 3.0.4506.2152; .NET CLR 3.5.30729; WinNT-PAI 01.09.2009; customie8)"
71.51.5.1 - - [29/Sep/2010:03:37:47 +0200] "GET /modules/system/system-menus.css?F HTTP/1.1" 200 935 "http://www.sermonsforyou.co.uk/?q=node/28" "Mozilla/4.0 (compatible; MSIE 8.0; Windows NT 5.1; Trident/4.0; .NET CLR 2.0.50727; .NET CLR 3.0.04506.30; .NET CLR 1.1.4322; .NET CLR 3.0.4506.2152; .NET CLR 3.5.30729; WinNT-PAI 01.09.2009; customie8)"
71.51.5.1 - - [29/Sep/2010:03:37:47 +0200] "GET /modules/user/user.css?F HTTP/1.1" 200 1127 "http://www.sermonsforyou.co.uk/?q=node/28" "Mozilla/4.0 (compatible; MSIE 8.0; Windows NT 5.1; Trident/4.0; .NET CLR 2.0.50727; .NET CLR 3.0.04506.30; .NET CLR 1.1.4322; .NET CLR 3.0.4506.2152; .NET CLR 3.5.30729; WinNT-PAI 01.09.2009; customie8)"
71.51.5.1 - - [29/Sep/2010:03:37:47 +0200] "GET /sites/all/modules/cck/cck/theme/content-module.css?F HTTP/1.1" 200 2397 "http://www.sermonsforyou.co.uk/?q=node/28" "Mozilla/4.0 (compatible; MSIE 8.0; Windows NT 5.1; Trident/4.0; .NET CLR 2.0.50727; .NET CLR 3.0.04506.30; .NET CLR 1.1.4322; .NET CLR 3.0.4506.2152; .NET CLR 3.5.30729; WinNT-PAI 01.09.2009; customie8)"
71.51.5.1 - - [29/Sep/2010:03:37:47 +0200] "GET /sites/all/modules/taxonomy_vtn/taxonomy_vtn/taxonomy_vtn.js?F HTTP/1.1" 200 465 "http://www.sermonsforyou.co.uk/?q=node/28" "Mozilla/4.0 (compatible; MSIE 8.0; Windows NT 5.1; Trident/4.0; .NET CLR 2.0.50727; .NET CLR 3.0.04506.30; .NET CLR 1.1.4322; .NET CLR 3.0.4506.2152; .NET CLR 3.5.30729; WinNT-PAI 01.09.2009; customie8)"
71.51.5.1 - - [29/Sep/2010:03:37:47 +0200] "GET /sites/all/modules/google_analytics/googleanalytics.js?F HTTP/1.1" 200 1725 "http://www.sermonsforyou.co.uk/?q=node/28" "Mozilla/4.0 (compatible; MSIE 8.0; Windows NT 5.1; Trident/4.0; .NET CLR 2.0.50727; .NET CLR 3.0.04506.30; .NET CLR 1.1.4322; .NET CLR 3.0.4506.2152; .NET CLR 3.5.30729; WinNT-PAI 01.09.2009; customie8)"
71.51.5.1 - - [29/Sep/2010:03:37:47 +0200] "GET /misc/jquery.js?F HTTP/1.1" 200 31089 "http://www.sermonsforyou.co.uk/?q=node/28" "Mozilla/4.0 (compatible; MSIE 8.0; Windows NT 5.1; Trident/4.0; .NET CLR 2.0.50727; .NET CLR 3.0.04506.30; .NET CLR 1.1.4322; .NET CLR 3.0.4506.2152; .NET CLR 3.5.30729; WinNT-PAI 01.09.2009; customie8)"
71.51.5.1 - - [29/Sep/2010:03:37:48 +0200] "GET /misc/powered-blue-80x15.png HTTP/1.1" 200 1011 "http://www.sermonsforyou.co.uk/?q=node/28" "Mozilla/4.0 (compatible; MSIE 8.0; Windows NT 5.1; Trident/4.0; .NET CLR 2.0.50727; .NET CLR 3.0.04506.30; .NET CLR 1.1.4322; .NET CLR 3.0.4506.2152; .NET CLR 3.5.30729; WinNT-PAI 01.09.2009; customie8)"
71.51.5.1 - - [29/Sep/2010:03:37:48 +0200] "GET /themes/shallowgrunge/shallowgrunge/images/img03.jpg HTTP/1.1" 200 10877 "http://www.sermonsforyou.co.uk/?q=node/28" "Mozilla/4.0 (compatible; MSIE 8.0; Windows NT 5.1; Trident/4.0; .NET CLR 2.0.50727; .NET CLR 3.0.04506.30; .NET CLR 1.1.4322; .NET CLR 3.0.4506.2152; .NET CLR 3.5.30729; WinNT-PAI 01.09.2009; customie8)"
71.51.5.1 - - [29/Sep/2010:03:37:48 +0200] "GET /themes/shallowgrunge/shallowgrunge/images/img02.jpg HTTP/1.1" 200 29303 "http://www.sermonsforyou.co.uk/?q=node/28" "Mozilla/4.0 (compatible; MSIE 8.0; Windows NT 5.1; Trident/4.0; .NET CLR 2.0.50727; .NET CLR 3.0.04506.30; .NET CLR 1.1.4322; .NET CLR 3.0.4506.2152; .NET CLR 3.5.30729; WinNT-PAI 01.09.2009; customie8)"
71.51.5.1 - - [29/Sep/2010:03:37:48 +0200] "GET /themes/shallowgrunge/shallowgrunge/images/img01.jpg HTTP/1.1" 200 72355 "http://www.sermonsforyou.co.uk/?q=node/28" "Mozilla/4.0 (compatible; MSIE 8.0; Windows NT 5.1; Trident/4.0; .NET CLR 2.0.50727; .NET CLR 3.0.04506.30; .NET CLR 1.1.4322; .NET CLR 3.0.4506.2152; .NET CLR 3.5.30729; WinNT-PAI 01.09.2009; customie8)"
71.51.5.1 - - [29/Sep/2010:03:37:49 +0200] "GET /misc/favicon.ico HTTP/1.1" 200 5430 "-" "Mozilla/4.0 (compatible; MSIE 8.0; Windows NT 5.1; Trident/4.0; .NET CLR 2.0.50727; .NET CLR 3.0.04506.30; .NET CLR 1.1.4322; .NET CLR 3.0.4506.2152; .NET CLR 3.5.30729; WinNT-PAI 01.09.2009; customie8)"
38.99.96.152 - - [29/Sep/2010:03:38:13 +0200] "GET /?q=taxonomy_vtn/term/5 HTTP/1.1" 200 1930 "-" "Mozilla/5.0 (compatible; ScoutJet; +http://www.scoutjet.com/)"
38.99.96.152 - - [29/Sep/2010:03:38:41 +0200] "GET /?q=node/57 HTTP/1.1" 200 6126 "-" "Mozilla/5.0 (compatible; ScoutJet; +http://www.scoutjet.com/)"
38.99.96.152 - - [29/Sep/2010:03:39:37 +0200] "GET /?q=node/53 HTTP/1.1" 200 5849 "-" "Mozilla/5.0 (compatible; ScoutJet; +http://www.scoutjet.com/)"
38.99.96.152 - - [29/Sep/2010:03:40:15 +0200] "GET /?q=rss.xml HTTP/1.1" 200 8642 "-" "Mozilla/5.0 (compatible; ScoutJet; +http://www.scoutjet.com/)"
38.99.96.152 - - [29/Sep/2010:03:40:42 +0200] "GET /?q=taxonomy_vtn/voc/1 HTTP/1.1" 200 1840 "-" "Mozilla/5.0 (compatible; ScoutJet; +http://www.scoutjet.com/)"
207.46.12.155 - - [29/Sep/2010:04:01:00 +0200] "GET / HTTP/1.1" 200 3599 "-" "Mozilla/4.0 (compatible; MSIE 6.0; Windows NT 5.2; SLCC1; .NET CLR 1.1.4325; .NET CLR 2.0.50727; .NET CLR 3.0.30729)"
207.46.12.155 - - [29/Sep/2010:04:01:06 +0200] "GET /sites/all/modules/taxonomy_vtn/taxonomy_vtn/taxonomy_vtn.css?F HTTP/1.1" 200 1540 "http://www.sermonsforyou.co.uk/" "Mozilla/4.0 (compatible; MSIE 6.0; Windows NT 5.2; SLCC1; .NET CLR 1.1.4325; .NET CLR 2.0.50727; .NET CLR 3.0.30729)"
207.46.12.155 - - [29/Sep/2010:04:01:15 +0200] "GET /modules/node/node.css?F HTTP/1.1" 200 740 "http://www.sermonsforyou.co.uk/" "Mozilla/4.0 (compatible; MSIE 6.0; Windows NT 5.2; SLCC1; .NET CLR 1.1.4325; .NET CLR 2.0.50727; .NET CLR 3.0.30729)"
207.46.12.155 - - [29/Sep/2010:04:01:15 +0200] "GET /modules/system/defaults.css?F HTTP/1.1" 200 757 "http://www.sermonsforyou.co.uk/" "Mozilla/4.0 (compatible; MSIE 6.0; Windows NT 5.2; SLCC1; .NET CLR 1.1.4325; .NET CLR 2.0.50727; .NET CLR 3.0.30729)"
207.46.12.155 - - [29/Sep/2010:04:01:15 +0200] "GET /modules/system/system.css?F HTTP/1.1" 200 10020 "http://www.sermonsforyou.co.uk/" "Mozilla/4.0 (compatible; MSIE 6.0; Windows NT 5.2; SLCC1; .NET CLR 1.1.4325; .NET CLR 2.0.50727; .NET CLR 3.0.30729)"
207.46.12.155 - - [29/Sep/2010:04:01:15 +0200] "GET /modules/system/system-menus.css?F HTTP/1.1" 200 935 "http://www.sermonsforyou.co.uk/" "Mozilla/4.0 (compatible; MSIE 6.0; Windows NT 5.2; SLCC1; .NET CLR 1.1.4325; .NET CLR 2.0.50727; .NET CLR 3.0.30729)"
207.46.12.155 - - [29/Sep/2010:04:01:15 +0200] "GET /sites/all/modules/cck/cck/theme/content-module.css?F HTTP/1.1" 200 2397 "http://www.sermonsforyou.co.uk/" "Mozilla/4.0 (compatible; MSIE 6.0; Windows NT 5.2; SLCC1; .NET CLR 1.1.4325; .NET CLR 2.0.50727; .NET CLR 3.0.30729)"
207.46.12.155 - - [29/Sep/2010:04:01:15 +0200] "GET /modules/user/user.css?F HTTP/1.1" 200 1127 "http://www.sermonsforyou.co.uk/" "Mozilla/4.0 (compatible; MSIE 6.0; Windows NT 5.2; SLCC1; .NET CLR 1.1.4325; .NET CLR 2.0.50727; .NET CLR 3.0.30729)"
207.46.12.155 - - [29/Sep/2010:04:01:15 +0200] "GET /themes/shallowgrunge/shallowgrunge/style.css?F HTTP/1.1" 200 4871 "http://www.sermonsforyou.co.uk/" "Mozilla/4.0 (compatible; MSIE 6.0; Windows NT 5.2; SLCC1; .NET CLR 1.1.4325; .NET CLR 2.0.50727; .NET CLR 3.0.30729)"
207.46.12.155 - - [29/Sep/2010:04:01:18 +0200] "GET /misc/jquery.js?F HTTP/1.1" 200 31089 "http://www.sermonsforyou.co.uk/" "Mozilla/4.0 (compatible; MSIE 6.0; Windows NT 5.2; SLCC1; .NET CLR 1.1.4325; .NET CLR 2.0.50727; .NET CLR 3.0.30729)"
207.46.12.155 - - [29/Sep/2010:04:01:23 +0200] "GET /misc/drupal.js?F HTTP/1.1" 200 9745 "http://www.sermonsforyou.co.uk/" "Mozilla/4.0 (compatible; MSIE 6.0; Windows NT 5.2; SLCC1; .NET CLR 1.1.4325; .NET CLR 2.0.50727; .NET CLR 3.0.30729)"
207.46.12.155 - - [29/Sep/2010:04:01:26 +0200] "GET /sites/all/modules/taxonomy_vtn/taxonomy_vtn/taxonomy_vtn.js?F HTTP/1.1" 200 465 "http://www.sermonsforyou.co.uk/" "Mozilla/4.0 (compatible; MSIE 6.0; Windows NT 5.2; SLCC1; .NET CLR 1.1.4325; .NET CLR 2.0.50727; .NET CLR 3.0.30729)"
207.46.12.155 - - [29/Sep/2010:04:01:31 +0200] "GET /sites/all/modules/google_analytics/googleanalytics.js?F HTTP/1.1" 200 1725 "http://www.sermonsforyou.co.uk/" "Mozilla/4.0 (compatible; MSIE 6.0; Windows NT 5.2; SLCC1; .NET CLR 1.1.4325; .NET CLR 2.0.50727; .NET CLR 3.0.30729)"
76.177.154.92 - - [29/Sep/2010:04:13:26 +0200] "GET /?q=node/42 HTTP/1.1" 200 6023 "http://www.google.com/url?sa=t&source=web&cd=17&ved=0CCkQFjAGOAo&url=http%3A%2F%2Fwww.sermonsforyou.co.uk%2F%3Fq%3Dnode%2F42&rct=j&q=Sermons%20from%20Ephesians%204%3A%201-16&ei=s6CiTJKKJYmqsAONsMn6Bg&usg=AFQjCNEnb2gCtx-kjxIg_hZrTafAe5IHNg" "Mozilla/4.0 (compatible; MSIE 8.0; Windows NT 5.1; Trident/4.0; GTB6; .NET CLR 1.1.4322; .NET CLR 2.0.50727; .NET CLR 3.0.04506.30; WinNT-PAI 18.07.2009; .NET CLR 3.0.4506.2152; .NET CLR 3.5.30729)"
76.177.154.92 - - [29/Sep/2010:04:13:26 +0200] "GET /sites/all/modules/taxonomy_vtn/taxonomy_vtn/taxonomy_vtn.css?F HTTP/1.1" 200 1540 "http://www.sermonsforyou.co.uk/?q=node/42" "Mozilla/4.0 (compatible; MSIE 8.0; Windows NT 5.1; Trident/4.0; GTB6; .NET CLR 1.1.4322; .NET CLR 2.0.50727; .NET CLR 3.0.04506.30; WinNT-PAI 18.07.2009; .NET CLR 3.0.4506.2152; .NET CLR 3.5.30729)"
76.177.154.92 - - [29/Sep/2010:04:13:26 +0200] "GET /sites/all/modules/taxonomy_vtn/taxonomy_vtn/taxonomy_vtn.js?F HTTP/1.1" 200 465 "http://www.sermonsforyou.co.uk/?q=node/42" "Mozilla/4.0 (compatible; MSIE 8.0; Windows NT 5.1; Trident/4.0; GTB6; .NET CLR 1.1.4322; .NET CLR 2.0.50727; .NET CLR 3.0.04506.30; WinNT-PAI 18.07.2009; .NET CLR 3.0.4506.2152; .NET CLR 3.5.30729)"
76.177.154.92 - - [29/Sep/2010:04:13:26 +0200] "GET /modules/node/node.css?F HTTP/1.1" 200 740 "http://www.sermonsforyou.co.uk/?q=node/42" "Mozilla/4.0 (compatible; MSIE 8.0; Windows NT 5.1; Trident/4.0; GTB6; .NET CLR 1.1.4322; .NET CLR 2.0.50727; .NET CLR 3.0.04506.30; WinNT-PAI 18.07.2009; .NET CLR 3.0.4506.2152; .NET CLR 3.5.30729)"
76.177.154.92 - - [29/Sep/2010:04:13:26 +0200] "GET /modules/system/system-menus.css?F HTTP/1.1" 200 935 "http://www.sermonsforyou.co.uk/?q=node/42" "Mozilla/4.0 (compatible; MSIE 8.0; Windows NT 5.1; Trident/4.0; GTB6; .NET CLR 1.1.4322; .NET CLR 2.0.50727; .NET CLR 3.0.04506.30; WinNT-PAI 18.07.2009; .NET CLR 3.0.4506.2152; .NET CLR 3.5.30729)"
76.177.154.92 - - [29/Sep/2010:04:13:26 +0200] "GET /sites/all/modules/cck/cck/theme/content-module.css?F HTTP/1.1" 200 2397 "http://www.sermonsforyou.co.uk/?q=node/42" "Mozilla/4.0 (compatible; MSIE 8.0; Windows NT 5.1; Trident/4.0; GTB6; .NET CLR 1.1.4322; .NET CLR 2.0.50727; .NET CLR 3.0.04506.30; WinNT-PAI 18.07.2009; .NET CLR 3.0.4506.2152; .NET CLR 3.5.30729)"
76.177.154.92 - - [29/Sep/2010:04:13:26 +0200] "GET /misc/drupal.js?F HTTP/1.1" 200 9745 "http://www.sermonsforyou.co.uk/?q=node/42" "Mozilla/4.0 (compatible; MSIE 8.0; Windows NT 5.1; Trident/4.0; GTB6; .NET CLR 1.1.4322; .NET CLR 2.0.50727; .NET CLR 3.0.04506.30; WinNT-PAI 18.07.2009; .NET CLR 3.0.4506.2152; .NET CLR 3.5.30729)"
76.177.154.92 - - [29/Sep/2010:04:13:26 +0200] "GET /modules/user/user.css?F HTTP/1.1" 200 1127 "http://www.sermonsforyou.co.uk/?q=node/42" "Mozilla/4.0 (compatible; MSIE 8.0; Windows NT 5.1; Trident/4.0; GTB6; .NET CLR 1.1.4322; .NET CLR 2.0.50727; .NET CLR 3.0.04506.30; WinNT-PAI 18.07.2009; .NET CLR 3.0.4506.2152; .NET CLR 3.5.30729)"
76.177.154.92 - - [29/Sep/2010:04:13:26 +0200] "GET /sites/all/modules/google_analytics/googleanalytics.js?F HTTP/1.1" 200 1725 "http://www.sermonsforyou.co.uk/?q=node/42" "Mozilla/4.0 (compatible; MSIE 8.0; Windows NT 5.1; Trident/4.0; GTB6; .NET CLR 1.1.4322; .NET CLR 2.0.50727; .NET CLR 3.0.04506.30; WinNT-PAI 18.07.2009; .NET CLR 3.0.4506.2152; .NET CLR 3.5.30729)"
76.177.154.92 - - [29/Sep/2010:04:13:27 +0200] "GET /modules/system/system.css?F HTTP/1.1" 200 10020 "http://www.sermonsforyou.co.uk/?q=node/42" "Mozilla/4.0 (compatible; MSIE 8.0; Windows NT 5.1; Trident/4.0; GTB6; .NET CLR 1.1.4322; .NET CLR 2.0.50727; .NET CLR 3.0.04506.30; WinNT-PAI 18.07.2009; .NET CLR 3.0.4506.2152; .NET CLR 3.5.30729)"
76.177.154.92 - - [29/Sep/2010:04:13:27 +0200] "GET /modules/system/defaults.css?F HTTP/1.1" 200 757 "http://www.sermonsforyou.co.uk/?q=node/42" "Mozilla/4.0 (compatible; MSIE 8.0; Windows NT 5.1; Trident/4.0; GTB6; .NET CLR 1.1.4322; .NET CLR 2.0.50727; .NET CLR 3.0.04506.30; WinNT-PAI 18.07.2009; .NET CLR 3.0.4506.2152; .NET CLR 3.5.30729)"
76.177.154.92 - - [29/Sep/2010:04:13:27 +0200] "GET /themes/shallowgrunge/shallowgrunge/style.css?F HTTP/1.1" 200 4871 "http://www.sermonsforyou.co.uk/?q=node/42" "Mozilla/4.0 (compatible; MSIE 8.0; Windows NT 5.1; Trident/4.0; GTB6; .NET CLR 1.1.4322; .NET CLR 2.0.50727; .NET CLR 3.0.04506.30; WinNT-PAI 18.07.2009; .NET CLR 3.0.4506.2152; .NET CLR 3.5.30729)"
76.177.154.92 - - [29/Sep/2010:04:13:26 +0200] "GET /misc/jquery.js?F HTTP/1.1" 200 31089 "http://www.sermonsforyou.co.uk/?q=node/42" "Mozilla/4.0 (compatible; MSIE 8.0; Windows NT 5.1; Trident/4.0; GTB6; .NET CLR 1.1.4322; .NET CLR 2.0.50727; .NET CLR 3.0.04506.30; WinNT-PAI 18.07.2009; .NET CLR 3.0.4506.2152; .NET CLR 3.5.30729)"
76.177.154.92 - - [29/Sep/2010:04:13:27 +0200] "GET /misc/powered-blue-80x15.png HTTP/1.1" 200 1011 "http://www.sermonsforyou.co.uk/?q=node/42" "Mozilla/4.0 (compatible; MSIE 8.0; Windows NT 5.1; Trident/4.0; GTB6; .NET CLR 1.1.4322; .NET CLR 2.0.50727; .NET CLR 3.0.04506.30; WinNT-PAI 18.07.2009; .NET CLR 3.0.4506.2152; .NET CLR 3.5.30729)"
76.177.154.92 - - [29/Sep/2010:04:13:27 +0200] "GET /themes/shallowgrunge/shallowgrunge/images/img03.jpg HTTP/1.1" 200 10877 "http://www.sermonsforyou.co.uk/?q=node/42" "Mozilla/4.0 (compatible; MSIE 8.0; Windows NT 5.1; Trident/4.0; GTB6; .NET CLR 1.1.4322; .NET CLR 2.0.50727; .NET CLR 3.0.04506.30; WinNT-PAI 18.07.2009; .NET CLR 3.0.4506.2152; .NET CLR 3.5.30729)"
76.177.154.92 - - [29/Sep/2010:04:13:27 +0200] "GET /themes/shallowgrunge/shallowgrunge/images/img02.jpg HTTP/1.1" 200 29303 "http://www.sermonsforyou.co.uk/?q=node/42" "Mozilla/4.0 (compatible; MSIE 8.0; Windows NT 5.1; Trident/4.0; GTB6; .NET CLR 1.1.4322; .NET CLR 2.0.50727; .NET CLR 3.0.04506.30; WinNT-PAI 18.07.2009; .NET CLR 3.0.4506.2152; .NET CLR 3.5.30729)"
76.177.154.92 - - [29/Sep/2010:04:13:27 +0200] "GET /themes/shallowgrunge/shallowgrunge/images/img01.jpg HTTP/1.1" 200 72355 "http://www.sermonsforyou.co.uk/?q=node/42" "Mozilla/4.0 (compatible; MSIE 8.0; Windows NT 5.1; Trident/4.0; GTB6; .NET CLR 1.1.4322; .NET CLR 2.0.50727; .NET CLR 3.0.04506.30; WinNT-PAI 18.07.2009; .NET CLR 3.0.4506.2152; .NET CLR 3.5.30729)"
76.177.154.92 - - [29/Sep/2010:04:13:30 +0200] "GET /misc/favicon.ico HTTP/1.1" 200 5430 "-" "Mozilla/4.0 (compatible; MSIE 8.0; Windows NT 5.1; Trident/4.0; GTB6; .NET CLR 1.1.4322; .NET CLR 2.0.50727; .NET CLR 3.0.04506.30; WinNT-PAI 18.07.2009; .NET CLR 3.0.4506.2152; .NET CLR 3.5.30729)"
95.108.217.252 - - [29/Sep/2010:04:14:21 +0200] "GET /?q=user/register&destination=comment/reply/109%23comment-form HTTP/1.1" 403 1539 "-" "Mozilla/5.0 (compatible; YandexBot/3.0; +http://yandex.com/bots)"
207.46.195.223 - - [29/Sep/2010:04:23:26 +0200] "GET / HTTP/1.1" 200 3599 "-" "msnbot/2.0b (+http://search.msn.com/msnbot.htm)"
93.80.127.75 - - [29/Sep/2010:04:25:35 +0200] "GET /?q=node%2F50 HTTP/1.1" 200 5769 "http://yandex.ru/yandsearch?text=shavings+are+a+mixture" "Mozilla/4.0 (compatible; MSIE 6.0; Windows NT 5.1; SV1; .NET CLR 1.1.4322)"
95.26.16.150 - - [29/Sep/2010:04:25:36 +0200] "GET /themes/shallowgrunge/shallowgrunge/style.css?F HTTP/1.1" 200 4871 "http://www.sermonsforyou.co.uk/?q=node%2F50" "Mozilla/4.0 (compatible; MSIE 6.0; Windows NT 5.1; SV1; .NET CLR 1.1.4322)"
89.178.189.248 - - [29/Sep/2010:04:25:36 +0200] "GET /modules/system/system.css?F HTTP/1.1" 200 10020 "http://www.sermonsforyou.co.uk/?q=node%2F50" "Mozilla/4.0 (compatible; MSIE 6.0; Windows NT 5.1; SV1; .NET CLR 1.1.4322)"
95.26.201.81 - - [29/Sep/2010:04:25:36 +0200] "GET /modules/node/node.css?F HTTP/1.1" 200 740 "http://www.sermonsforyou.co.uk/?q=node%2F50" "Mozilla/4.0 (compatible; MSIE 6.0; Windows NT 5.1; SV1; .NET CLR 1.1.4322)"
95.26.147.119 - - [29/Sep/2010:04:25:36 +0200] "GET /modules/system/defaults.css?F HTTP/1.1" 200 757 "http://www.sermonsforyou.co.uk/?q=node%2F50" "Mozilla/4.0 (compatible; MSIE 6.0; Windows NT 5.1; SV1; .NET CLR 1.1.4322)"
95.25.247.106 - - [29/Sep/2010:04:25:36 +0200] "GET /sites/all/modules/cck/cck/theme/content-module.css?F HTTP/1.1" 200 2397 "http://www.sermonsforyou.co.uk/?q=node%2F50" "Mozilla/4.0 (compatible; MSIE 6.0; Windows NT 5.1; SV1; .NET CLR 1.1.4322)"
95.26.44.28 - - [29/Sep/2010:04:25:36 +0200] "GET /sites/all/modules/google_analytics/googleanalytics.js?F HTTP/1.1" 200 1725 "http://www.sermonsforyou.co.uk/?q=node%2F50" "Mozilla/4.0 (compatible; MSIE 6.0; Windows NT 5.1; SV1; .NET CLR 1.1.4322)"
95.25.178.192 - - [29/Sep/2010:04:25:36 +0200] "GET /misc/jquery.js?F HTTP/1.1" 200 31089 "http://www.sermonsforyou.co.uk/?q=node%2F50" "Mozilla/4.0 (compatible; MSIE 6.0; Windows NT 5.1; SV1; .NET CLR 1.1.4322)"
95.26.44.28 - - [29/Sep/2010:04:25:39 +0200] "GET /modules/user/user.css?F HTTP/1.1" 200 1127 "http://www.sermonsforyou.co.uk/?q=node%2F50" "Mozilla/4.0 (compatible; MSIE 6.0; Windows NT 5.1; SV1; .NET CLR 1.1.4322)"
95.26.201.61 - - [29/Sep/2010:04:25:40 +0200] "GET /misc/drupal.js?F HTTP/1.1" 200 9745 "http://www.sermonsforyou.co.uk/?q=node%2F50" "Mozilla/4.0 (compatible; MSIE 6.0; Windows NT 5.1; SV1; .NET CLR 1.1.4322)"
95.26.89.191 - - [29/Sep/2010:04:25:40 +0200] "GET /modules/system/system-menus.css?F HTTP/1.1" 200 935 "http://www.sermonsforyou.co.uk/?q=node%2F50" "Mozilla/4.0 (compatible; MSIE 6.0; Windows NT 5.1; SV1; .NET CLR 1.1.4322)"
89.178.189.248 - - [29/Sep/2010:04:25:40 +0200] "GET /sites/all/modules/taxonomy_vtn/taxonomy_vtn/taxonomy_vtn.js?F HTTP/1.1" 200 465 "http://www.sermonsforyou.co.uk/?q=node%2F50" "Mozilla/4.0 (compatible; MSIE 6.0; Windows NT 5.1; SV1; .NET CLR 1.1.4322)"
95.26.114.1 - - [29/Sep/2010:04:25:40 +0200] "GET /sites/all/modules/taxonomy_vtn/taxonomy_vtn/taxonomy_vtn.css?F HTTP/1.1" 200 1540 "http://www.sermonsforyou.co.uk/?q=node%2F50" "Mozilla/4.0 (compatible; MSIE 6.0; Windows NT 5.1; SV1; .NET CLR 1.1.4322)"
95.25.144.65 - - [29/Sep/2010:04:25:40 +0200] "GET /themes/shallowgrunge/shallowgrunge/images/img03.jpg HTTP/1.1" 200 10877 "http://www.sermonsforyou.co.uk/?q=node%2F50" "Mozilla/4.0 (compatible; MSIE 6.0; Windows NT 5.1; SV1; .NET CLR 1.1.4322)"
95.25.247.106 - - [29/Sep/2010:04:25:40 +0200] "GET /themes/shallowgrunge/shallowgrunge/images/img02.jpg HTTP/1.1" 200 29303 "http://www.sermonsforyou.co.uk/?q=node%2F50" "Mozilla/4.0 (compatible; MSIE 6.0; Windows NT 5.1; SV1; .NET CLR 1.1.4322)"
95.25.205.235 - - [29/Sep/2010:04:25:41 +0200] "GET /misc/powered-blue-80x15.png HTTP/1.1" 200 1011 "http://www.sermonsforyou.co.uk/?q=node%2F50" "Mozilla/4.0 (compatible; MSIE 6.0; Windows NT 5.1; SV1; .NET CLR 1.1.4322)"
95.26.112.129 - - [29/Sep/2010:04:25:41 +0200] "GET /themes/shallowgrunge/shallowgrunge/images/img01.jpg HTTP/1.1" 200 72355 "http://www.sermonsforyou.co.uk/?q=node%2F50" "Mozilla/4.0 (compatible; MSIE 6.0; Windows NT 5.1; SV1; .NET CLR 1.1.4322)"
212.117.183.169 - - [29/Sep/2010:04:30:38 +0200] "GET /?q=taxonomy_vtn/term/12 HTTP/1.0" 200 15937 "http://www.sermonsforyou.co.uk/?q=taxonomy_vtn/term/12" "Mozilla/4.0 (compatible; MSIE 5.0; Windows 2000) Opera 6.0 [en]"
212.117.183.169 - - [29/Sep/2010:04:30:39 +0200] "GET /?q=taxonomy_vtn/voc/2 HTTP/1.0" 200 4556 "http://www.sermonsforyou.co.uk/?q=taxonomy_vtn/voc/2" "Mozilla/4.0 (compatible; MSIE 5.0; Windows 2000) Opera 6.0 [en]"
212.117.183.169 - - [29/Sep/2010:04:30:39 +0200] "GET /?q=taxonomy_vtn/term/12 HTTP/1.0" 200 15937 "http://www.sermonsforyou.co.uk/?q=taxonomy_vtn/term/12" "Mozilla/4.0 (compatible; MSIE 5.0; Windows 2000) Opera 6.0 [en]"
212.117.183.169 - - [29/Sep/2010:04:30:43 +0200] "GET /?q=node/67 HTTP/1.0" 200 4682 "http://www.sermonsforyou.co.uk/?q=node/67" "Mozilla/4.0 (compatible; MSIE 5.0; Windows 2000) Opera 6.0 [en]"
212.117.183.169 - - [29/Sep/2010:04:30:43 +0200] "GET /index.php HTTP/1.0" 200 13480 "http://www.sermonsforyou.co.uk/index.php" "Mozilla/4.0 (compatible; MSIE 5.0; Windows 2000) Opera 6.0 [en]"
95.108.217.252 - - [29/Sep/2010:04:59:25 +0200] "GET /?q=user/register&destination=comment/reply/92%23comment-form HTTP/1.1" 403 1539 "-" "Mozilla/5.0 (compatible; YandexBot/3.0; +http://yandex.com/bots)"
95.108.217.252 - - [29/Sep/2010:05:44:31 +0200] "GET /?q=node/217 HTTP/1.1" 404 1311 "-" "Mozilla/5.0 (compatible; YandexBot/3.0; +http://yandex.com/bots)"
88.198.37.84 - - [29/Sep/2010:06:04:52 +0200] "GET /?q=user/register HTTP/1.1" 403 1539 "-" "Mozilla/4.0 (compatible; MSIE 7.0; Windows NT 6.1; WOW64; Trident/4.0; SLCC2; .NET CLR 2.0.50727; .NET CLR 3.5.30729; .NET CLR 3.0.30729; .NET4.0C; .NET4.0E)"
88.198.37.84 - - [29/Sep/2010:06:04:52 +0200] "GET /sites/all/modules/taxonomy_vtn/taxonomy_vtn/taxonomy_vtn.css?F HTTP/1.1" 200 1540 "http://www.sermonsforyou.co.uk/?q=user/register" "Mozilla/4.0 (compatible; MSIE 7.0; Windows NT 6.1; WOW64; Trident/4.0; SLCC2; .NET CLR 2.0.50727; .NET CLR 3.5.30729; .NET CLR 3.0.30729; .NET4.0C; .NET4.0E)"
88.198.37.84 - - [29/Sep/2010:06:04:52 +0200] "GET /modules/node/node.css?F HTTP/1.1" 200 740 "http://www.sermonsforyou.co.uk/?q=user/register" "Mozilla/4.0 (compatible; MSIE 7.0; Windows NT 6.1; WOW64; Trident/4.0; SLCC2; .NET CLR 2.0.50727; .NET CLR 3.5.30729; .NET CLR 3.0.30729; .NET4.0C; .NET4.0E)"
88.198.37.84 - - [29/Sep/2010:06:04:52 +0200] "GET /modules/system/defaults.css?F HTTP/1.1" 200 757 "http://www.sermonsforyou.co.uk/?q=user/register" "Mozilla/4.0 (compatible; MSIE 7.0; Windows NT 6.1; WOW64; Trident/4.0; SLCC2; .NET CLR 2.0.50727; .NET CLR 3.5.30729; .NET CLR 3.0.30729; .NET4.0C; .NET4.0E)"
88.198.37.84 - - [29/Sep/2010:06:04:52 +0200] "GET /modules/system/system.css?F HTTP/1.1" 200 10020 "http://www.sermonsforyou.co.uk/?q=user/register" "Mozilla/4.0 (compatible; MSIE 7.0; Windows NT 6.1; WOW64; Trident/4.0; SLCC2; .NET CLR 2.0.50727; .NET CLR 3.5.30729; .NET CLR 3.0.30729; .NET4.0C; .NET4.0E)"
88.198.37.84 - - [29/Sep/2010:06:04:52 +0200] "GET /modules/system/system-menus.css?F HTTP/1.1" 200 935 "http://www.sermonsforyou.co.uk/?q=user/register" "Mozilla/4.0 (compatible; MSIE 7.0; Windows NT 6.1; WOW64; Trident/4.0; SLCC2; .NET CLR 2.0.50727; .NET CLR 3.5.30729; .NET CLR 3.0.30729; .NET4.0C; .NET4.0E)"
88.198.37.84 - - [29/Sep/2010:06:04:52 +0200] "GET /sites/all/modules/cck/cck/theme/content-module.css?F HTTP/1.1" 200 2397 "http://www.sermonsforyou.co.uk/?q=user/register" "Mozilla/4.0 (compatible; MSIE 7.0; Windows NT 6.1; WOW64; Trident/4.0; SLCC2; .NET CLR 2.0.50727; .NET CLR 3.5.30729; .NET CLR 3.0.30729; .NET4.0C; .NET4.0E)"
88.198.37.84 - - [29/Sep/2010:06:04:52 +0200] "GET /modules/user/user.css?F HTTP/1.1" 200 1127 "http://www.sermonsforyou.co.uk/?q=user/register" "Mozilla/4.0 (compatible; MSIE 7.0; Windows NT 6.1; WOW64; Trident/4.0; SLCC2; .NET CLR 2.0.50727; .NET CLR 3.5.30729; .NET CLR 3.0.30729; .NET4.0C; .NET4.0E)"
88.198.37.84 - - [29/Sep/2010:06:04:52 +0200] "GET /misc/jquery.js?F HTTP/1.1" 200 31089 "http://www.sermonsforyou.co.uk/?q=user/register" "Mozilla/4.0 (compatible; MSIE 7.0; Windows NT 6.1; WOW64; Trident/4.0; SLCC2; .NET CLR 2.0.50727; .NET CLR 3.5.30729; .NET CLR 3.0.30729; .NET4.0C; .NET4.0E)"
88.198.37.84 - - [29/Sep/2010:06:04:53 +0200] "GET /sites/all/modules/taxonomy_vtn/taxonomy_vtn/taxonomy_vtn.js?F HTTP/1.1" 200 465 "http://www.sermonsforyou.co.uk/?q=user/register" "Mozilla/4.0 (compatible; MSIE 7.0; Windows NT 6.1; WOW64; Trident/4.0; SLCC2; .NET CLR 2.0.50727; .NET CLR 3.5.30729; .NET CLR 3.0.30729; .NET4.0C; .NET4.0E)"
88.198.37.84 - - [29/Sep/2010:06:04:53 +0200] "GET /misc/drupal.js?F HTTP/1.1" 200 9745 "http://www.sermonsforyou.co.uk/?q=user/register" "Mozilla/4.0 (compatible; MSIE 7.0; Windows NT 6.1; WOW64; Trident/4.0; SLCC2; .NET CLR 2.0.50727; .NET CLR 3.5.30729; .NET CLR 3.0.30729; .NET4.0C; .NET4.0E)"
88.198.37.84 - - [29/Sep/2010:06:04:53 +0200] "GET /themes/shallowgrunge/shallowgrunge/style.css?F HTTP/1.1" 200 4871 "http://www.sermonsforyou.co.uk/?q=user/register" "Mozilla/4.0 (compatible; MSIE 7.0; Windows NT 6.1; WOW64; Trident/4.0; SLCC2; .NET CLR 2.0.50727; .NET CLR 3.5.30729; .NET CLR 3.0.30729; .NET4.0C; .NET4.0E)"
88.198.37.84 - - [29/Sep/2010:06:04:53 +0200] "GET /sites/all/modules/google_analytics/googleanalytics.js?F HTTP/1.1" 200 1725 "http://www.sermonsforyou.co.uk/?q=user/register" "Mozilla/4.0 (compatible; MSIE 7.0; Windows NT 6.1; WOW64; Trident/4.0; SLCC2; .NET CLR 2.0.50727; .NET CLR 3.5.30729; .NET CLR 3.0.30729; .NET4.0C; .NET4.0E)"
88.198.37.84 - - [29/Sep/2010:06:04:57 +0200] "GET /?q=user/ HTTP/1.1" 200 1903 "-" "Mozilla/4.0 (compatible; MSIE 7.0; Windows NT 6.1; WOW64; Trident/4.0; SLCC2; .NET CLR 2.0.50727; .NET CLR 3.5.30729; .NET CLR 3.0.30729; .NET4.0C; .NET4.0E)"
88.198.37.84 - - [29/Sep/2010:06:05:03 +0200] "POST /?q=user/ HTTP/1.1" 200 1971 "http://www.sermonsforyou.co.uk/?q=user/" "Mozilla/4.0 (compatible; MSIE 7.0; Windows NT 6.1; WOW64; Trident/4.0; SLCC2; .NET CLR 2.0.50727; .NET CLR 3.5.30729; .NET CLR 3.0.30729; .NET4.0C; .NET4.0E)"
88.198.37.84 - - [29/Sep/2010:06:05:09 +0200] "GET /?q=node/add HTTP/1.1" 403 1151 "-" "Mozilla/4.0 (compatible; MSIE 7.0; Windows NT 6.1; WOW64; Trident/4.0; SLCC2; .NET CLR 2.0.50727; .NET CLR 3.5.30729; .NET CLR 3.0.30729; .NET4.0C; .NET4.0E)"
88.198.37.84 - - [29/Sep/2010:06:05:14 +0200] "GET /?q=node/add/ HTTP/1.1" 403 1151 "-" "Mozilla/4.0 (compatible; MSIE 7.0; Windows NT 6.1; WOW64; Trident/4.0; SLCC2; .NET CLR 2.0.50727; .NET CLR 3.5.30729; .NET CLR 3.0.30729; .NET4.0C; .NET4.0E)"
68.91.149.128 - - [29/Sep/2010:06:25:12 +0200] "GET /?q=node/58 HTTP/1.1" 200 6061 "http://www.google.com/search?client=safari&rls=en&q=christ+the+friend+of+sinners&ie=UTF-8&oe=UTF-8" "Mozilla/5.0 (Macintosh; U; Intel Mac OS X 10_6; en-us) AppleWebKit/531.9 (KHTML, like Gecko) Version/4.0.3 Safari/531.9"
68.91.149.128 - - [29/Sep/2010:06:25:13 +0200] "GET /modules/system/defaults.css?F HTTP/1.1" 200 757 "http://www.sermonsforyou.co.uk/?q=node/58" "Mozilla/5.0 (Macintosh; U; Intel Mac OS X 10_6; en-us) AppleWebKit/531.9 (KHTML, like Gecko) Version/4.0.3 Safari/531.9"
68.91.149.128 - - [29/Sep/2010:06:25:13 +0200] "GET /sites/all/modules/taxonomy_vtn/taxonomy_vtn/taxonomy_vtn.css?F HTTP/1.1" 200 1540 "http://www.sermonsforyou.co.uk/?q=node/58" "Mozilla/5.0 (Macintosh; U; Intel Mac OS X 10_6; en-us) AppleWebKit/531.9 (KHTML, like Gecko) Version/4.0.3 Safari/531.9"
68.91.149.128 - - [29/Sep/2010:06:25:13 +0200] "GET /modules/user/user.css?F HTTP/1.1" 200 1127 "http://www.sermonsforyou.co.uk/?q=node/58" "Mozilla/5.0 (Macintosh; U; Intel Mac OS X 10_6; en-us) AppleWebKit/531.9 (KHTML, like Gecko) Version/4.0.3 Safari/531.9"
68.91.149.128 - - [29/Sep/2010:06:25:13 +0200] "GET /modules/system/system.css?F HTTP/1.1" 200 10020 "http://www.sermonsforyou.co.uk/?q=node/58" "Mozilla/5.0 (Macintosh; U; Intel Mac OS X 10_6; en-us) AppleWebKit/531.9 (KHTML, like Gecko) Version/4.0.3 Safari/531.9"
68.91.149.128 - - [29/Sep/2010:06:25:13 +0200] "GET /modules/node/node.css?F HTTP/1.1" 200 740 "http://www.sermonsforyou.co.uk/?q=node/58" "Mozilla/5.0 (Macintosh; U; Intel Mac OS X 10_6; en-us) AppleWebKit/531.9 (KHTML, like Gecko) Version/4.0.3 Safari/531.9"
68.91.149.128 - - [29/Sep/2010:06:25:13 +0200] "GET /modules/system/system-menus.css?F HTTP/1.1" 200 935 "http://www.sermonsforyou.co.uk/?q=node/58" "Mozilla/5.0 (Macintosh; U; Intel Mac OS X 10_6; en-us) AppleWebKit/531.9 (KHTML, like Gecko) Version/4.0.3 Safari/531.9"
68.91.149.128 - - [29/Sep/2010:06:25:13 +0200] "GET /sites/all/modules/cck/cck/theme/content-module.css?F HTTP/1.1" 200 2397 "http://www.sermonsforyou.co.uk/?q=node/58" "Mozilla/5.0 (Macintosh; U; Intel Mac OS X 10_6; en-us) AppleWebKit/531.9 (KHTML, like Gecko) Version/4.0.3 Safari/531.9"
68.91.149.128 - - [29/Sep/2010:06:25:13 +0200] "GET /themes/shallowgrunge/shallowgrunge/style.css?F HTTP/1.1" 200 4871 "http://www.sermonsforyou.co.uk/?q=node/58" "Mozilla/5.0 (Macintosh; U; Intel Mac OS X 10_6; en-us) AppleWebKit/531.9 (KHTML, like Gecko) Version/4.0.3 Safari/531.9"
68.91.149.128 - - [29/Sep/2010:06:25:13 +0200] "GET /misc/drupal.js?F HTTP/1.1" 200 9745 "http://www.sermonsforyou.co.uk/?q=node/58" "Mozilla/5.0 (Macintosh; U; Intel Mac OS X 10_6; en-us) AppleWebKit/531.9 (KHTML, like Gecko) Version/4.0.3 Safari/531.9"
68.91.149.128 - - [29/Sep/2010:06:25:13 +0200] "GET /sites/all/modules/taxonomy_vtn/taxonomy_vtn/taxonomy_vtn.js?F HTTP/1.1" 200 465 "http://www.sermonsforyou.co.uk/?q=node/58" "Mozilla/5.0 (Macintosh; U; Intel Mac OS X 10_6; en-us) AppleWebKit/531.9 (KHTML, like Gecko) Version/4.0.3 Safari/531.9"
68.91.149.128 - - [29/Sep/2010:06:25:13 +0200] "GET /misc/jquery.js?F HTTP/1.1" 200 31089 "http://www.sermonsforyou.co.uk/?q=node/58" "Mozilla/5.0 (Macintosh; U; Intel Mac OS X 10_6; en-us) AppleWebKit/531.9 (KHTML, like Gecko) Version/4.0.3 Safari/531.9"
68.91.149.128 - - [29/Sep/2010:06:25:14 +0200] "GET /sites/all/modules/google_analytics/googleanalytics.js?F HTTP/1.1" 200 1725 "http://www.sermonsforyou.co.uk/?q=node/58" "Mozilla/5.0 (Macintosh; U; Intel Mac OS X 10_6; en-us) AppleWebKit/531.9 (KHTML, like Gecko) Version/4.0.3 Safari/531.9"
68.91.149.128 - - [29/Sep/2010:06:25:14 +0200] "GET /themes/shallowgrunge/shallowgrunge/images/img03.jpg HTTP/1.1" 200 10877 "http://www.sermonsforyou.co.uk/?q=node/58" "Mozilla/5.0 (Macintosh; U; Intel Mac OS X 10_6; en-us) AppleWebKit/531.9 (KHTML, like Gecko) Version/4.0.3 Safari/531.9"
68.91.149.128 - - [29/Sep/2010:06:25:14 +0200] "GET /misc/powered-blue-80x15.png HTTP/1.1" 200 1011 "http://www.sermonsforyou.co.uk/?q=node/58" "Mozilla/5.0 (Macintosh; U; Intel Mac OS X 10_6; en-us) AppleWebKit/531.9 (KHTML, like Gecko) Version/4.0.3 Safari/531.9"
68.91.149.128 - - [29/Sep/2010:06:25:14 +0200] "GET /themes/shallowgrunge/shallowgrunge/images/img02.jpg HTTP/1.1" 200 29303 "http://www.sermonsforyou.co.uk/?q=node/58" "Mozilla/5.0 (Macintosh; U; Intel Mac OS X 10_6; en-us) AppleWebKit/531.9 (KHTML, like Gecko) Version/4.0.3 Safari/531.9"
68.91.149.128 - - [29/Sep/2010:06:25:14 +0200] "GET /themes/shallowgrunge/shallowgrunge/images/img01.jpg HTTP/1.1" 200 72355 "http://www.sermonsforyou.co.uk/?q=node/58" "Mozilla/5.0 (Macintosh; U; Intel Mac OS X 10_6; en-us) AppleWebKit/531.9 (KHTML, like Gecko) Version/4.0.3 Safari/531.9"
68.91.149.128 - - [29/Sep/2010:06:25:15 +0200] "GET /misc/favicon.ico HTTP/1.1" 200 5430 "http://www.sermonsforyou.co.uk/?q=node/58" "Mozilla/5.0 (Macintosh; U; Intel Mac OS X 10_6; en-us) AppleWebKit/531.9 (KHTML, like Gecko) Version/4.0.3 Safari/531.9"
95.108.217.252 - - [29/Sep/2010:06:35:57 +0200] "GET /?q=user/register&destination=comment/reply/107%23comment-form HTTP/1.1" 403 1539 "-" "Mozilla/5.0 (compatible; YandexBot/3.0; +http://yandex.com/bots)"
95.108.217.252 - - [29/Sep/2010:07:26:10 +0200] "GET /?q=node/213 HTTP/1.1" 404 1311 "-" "Mozilla/5.0 (compatible; YandexBot/3.0; +http://yandex.com/bots)"
123.125.66.80 - - [29/Sep/2010:07:29:00 +0200] "GET / HTTP/1.1" 200 13480 "-" "Baiduspider+(+http://www.baidu.com/search/spider.htm)"
220.181.7.83 - - [29/Sep/2010:07:33:57 +0200] "GET / HTTP/1.1" 200 13480 "-" "Baiduspider+(+http://www.baidu.com/search/spider.htm)"
86.28.248.231 - - [29/Sep/2010:07:59:02 +0200] "GET /?q=rss.xml HTTP/1.1" 200 8642 "-" "Mozilla/5.0 (compatible; Google Desktop/5.9.1005.12335; http://desktop.google.com/)"
95.108.217.252 - - [29/Sep/2010:08:16:34 +0200] "GET /?q=user/register&destination=comment/reply/126%23comment-form HTTP/1.1" 403 1539 "-" "Mozilla/5.0 (compatible; YandexBot/3.0; +http://yandex.com/bots)"
86.28.248.231 - - [29/Sep/2010:08:18:02 +0200] "GET /?q=rss.xml HTTP/1.1" 200 8642 "-" "Mozilla/5.0 (compatible; Google Desktop/5.9.1005.12335; http://desktop.google.com/)"
212.95.45.110 - - [29/Sep/2010:08:22:01 +0200] "GET /?q=user/reset/352/1284821708/88155664690d98da52f197f541ef4215 HTTP/1.0" 403 7098 "http://www.sermonsforyou.co.uk/?q=user/reset/352/1284821708/88155664690d98da52f197f541ef4215" "Mozilla/4.0 (compatible; MSIE 6.0; Windows NT 5.1; ru) Opera 8.01"
212.95.45.110 - - [29/Sep/2010:08:22:16 +0200] "GET / HTTP/1.0" 200 13480 "http://www.sermonsforyou.co.uk/?q=user/reset/352/1284821708/88155664690d98da52f197f541ef4215" "Mozilla/4.0 (compatible; MSIE 6.0; Windows NT 5.1; ru) Opera 8.01"
86.28.248.231 - - [29/Sep/2010:08:37:03 +0200] "GET /?q=rss.xml HTTP/1.1" 200 8642 "-" "Mozilla/5.0 (compatible; Google Desktop/5.9.1005.12335; http://desktop.google.com/)"
86.28.248.231 - - [29/Sep/2010:08:56:03 +0200] "GET /?q=rss.xml HTTP/1.1" 200 8642 "-" "Mozilla/5.0 (compatible; Google Desktop/5.9.1005.12335; http://desktop.google.com/)"
95.108.217.252 - - [29/Sep/2010:09:05:49 +0200] "GET /?q=user/register&destination=comment/reply/157%23comment-form HTTP/1.1" 403 1539 "-" "Mozilla/5.0 (compatible; YandexBot/3.0; +http://yandex.com/bots)"
212.95.45.110 - - [29/Sep/2010:09:19:35 +0200] "GET /?q=user/reset/352/1284821708/88155664690d98da52f197f541ef4215 HTTP/1.0" 403 7098 "http://www.sermonsforyou.co.uk/?q=user/reset/352/1284821708/88155664690d98da52f197f541ef4215" "Mozilla/4.0 (compatible; MSIE 6.0; Windows NT 5.0; APC; .NET CLR 1.0.3705; .NET CLR 1.1.4322; .NET CLR 2.0.50215; InfoPath.1)"
212.95.45.110 - - [29/Sep/2010:09:19:50 +0200] "GET / HTTP/1.0" 200 13480 "http://www.sermonsforyou.co.uk/?q=user/reset/352/1284821708/88155664690d98da52f197f541ef4215" "Mozilla/4.0 (compatible; MSIE 6.0; Windows NT 5.0; APC; .NET CLR 1.0.3705; .NET CLR 1.1.4322; .NET CLR 2.0.50215; InfoPath.1)"
86.28.248.231 - - [29/Sep/2010:09:28:00 +0200] "GET /?q=rss.xml HTTP/1.1" 200 8642 "-" "Mozilla/5.0 (compatible; Google Desktop/5.9.1005.12335; http://desktop.google.com/)"
217.64.114.221 - - [29/Sep/2010:09:50:06 +0200] "GET /?q=node/48 HTTP/1.0" 200 4800 "http://www.google.co.uk/url?sa=t&source=web&cd=12&ved=0CDEQFjABOAo&url=http%3A%2F%2Fwww.sermonsforyou.co.uk%2F%3Fq%3Dnode%2F48&rct=j&q=remembrance%20day%20sermons&ei=U-6iTNOjGJiL4gbKgJnCAw&usg=AFQjCNHpsTWJ00GJJKEUTRUBaXGL-OkBAA" "Mozilla/4.0 (compatible; MSIE 8.0; Windows NT 6.0; Trident/4.0; SLCC1; .NET CLR 2.0.50727; .NET CLR 3.5.30729; .NET CLR 3.0.30729; .NET4.0C)"
217.64.114.221 - - [29/Sep/2010:09:50:07 +0200] "GET /sites/all/modules/taxonomy_vtn/taxonomy_vtn/taxonomy_vtn.css?F HTTP/1.0" 200 1540 "http://www.sermonsforyou.co.uk/?q=node/48" "Mozilla/4.0 (compatible; MSIE 8.0; Windows NT 6.0; Trident/4.0; SLCC1; .NET CLR 2.0.50727; .NET CLR 3.5.30729; .NET CLR 3.0.30729; .NET4.0C)"
217.64.114.221 - - [29/Sep/2010:09:50:07 +0200] "GET /modules/user/user.css?F HTTP/1.0" 200 1127 "http://www.sermonsforyou.co.uk/?q=node/48" "Mozilla/4.0 (compatible; MSIE 8.0; Windows NT 6.0; Trident/4.0; SLCC1; .NET CLR 2.0.50727; .NET CLR 3.5.30729; .NET CLR 3.0.30729; .NET4.0C)"
217.64.114.221 - - [29/Sep/2010:09:50:07 +0200] "GET /modules/system/defaults.css?F HTTP/1.0" 200 757 "http://www.sermonsforyou.co.uk/?q=node/48" "Mozilla/4.0 (compatible; MSIE 8.0; Windows NT 6.0; Trident/4.0; SLCC1; .NET CLR 2.0.50727; .NET CLR 3.5.30729; .NET CLR 3.0.30729; .NET4.0C)"
217.64.114.221 - - [29/Sep/2010:09:50:07 +0200] "GET /themes/shallowgrunge/shallowgrunge/style.css?F HTTP/1.0" 200 4871 "http://www.sermonsforyou.co.uk/?q=node/48" "Mozilla/4.0 (compatible; MSIE 8.0; Windows NT 6.0; Trident/4.0; SLCC1; .NET CLR 2.0.50727; .NET CLR 3.5.30729; .NET CLR 3.0.30729; .NET4.0C)"
217.64.114.221 - - [29/Sep/2010:09:50:07 +0200] "GET /modules/system/system.css?F HTTP/1.0" 200 10020 "http://www.sermonsforyou.co.uk/?q=node/48" "Mozilla/4.0 (compatible; MSIE 8.0; Windows NT 6.0; Trident/4.0; SLCC1; .NET CLR 2.0.50727; .NET CLR 3.5.30729; .NET CLR 3.0.30729; .NET4.0C)"
217.64.114.221 - - [29/Sep/2010:09:50:07 +0200] "GET /modules/node/node.css?F HTTP/1.0" 200 740 "http://www.sermonsforyou.co.uk/?q=node/48" "Mozilla/4.0 (compatible; MSIE 8.0; Windows NT 6.0; Trident/4.0; SLCC1; .NET CLR 2.0.50727; .NET CLR 3.5.30729; .NET CLR 3.0.30729; .NET4.0C)"
217.64.114.221 - - [29/Sep/2010:09:50:07 +0200] "GET /misc/jquery.js?F HTTP/1.0" 200 31089 "http://www.sermonsforyou.co.uk/?q=node/48" "Mozilla/4.0 (compatible; MSIE 8.0; Windows NT 6.0; Trident/4.0; SLCC1; .NET CLR 2.0.50727; .NET CLR 3.5.30729; .NET CLR 3.0.30729; .NET4.0C)"
217.64.114.221 - - [29/Sep/2010:09:50:07 +0200] "GET /sites/all/modules/taxonomy_vtn/taxonomy_vtn/taxonomy_vtn.js?F HTTP/1.0" 200 465 "http://www.sermonsforyou.co.uk/?q=node/48" "Mozilla/4.0 (compatible; MSIE 8.0; Windows NT 6.0; Trident/4.0; SLCC1; .NET CLR 2.0.50727; .NET CLR 3.5.30729; .NET CLR 3.0.30729; .NET4.0C)"
217.64.114.221 - - [29/Sep/2010:09:50:07 +0200] "GET /sites/all/modules/google_analytics/googleanalytics.js?F HTTP/1.0" 200 1725 "http://www.sermonsforyou.co.uk/?q=node/48" "Mozilla/4.0 (compatible; MSIE 8.0; Windows NT 6.0; Trident/4.0; SLCC1; .NET CLR 2.0.50727; .NET CLR 3.5.30729; .NET CLR 3.0.30729; .NET4.0C)"
217.64.114.221 - - [29/Sep/2010:09:50:07 +0200] "GET /modules/system/system-menus.css?F HTTP/1.0" 200 935 "http://www.sermonsforyou.co.uk/?q=node/48" "Mozilla/4.0 (compatible; MSIE 8.0; Windows NT 6.0; Trident/4.0; SLCC1; .NET CLR 2.0.50727; .NET CLR 3.5.30729; .NET CLR 3.0.30729; .NET4.0C)"
217.64.114.221 - - [29/Sep/2010:09:50:07 +0200] "GET /sites/all/modules/cck/cck/theme/content-module.css?F HTTP/1.0" 200 2397 "http://www.sermonsforyou.co.uk/?q=node/48" "Mozilla/4.0 (compatible; MSIE 8.0; Windows NT 6.0; Trident/4.0; SLCC1; .NET CLR 2.0.50727; .NET CLR 3.5.30729; .NET CLR 3.0.30729; .NET4.0C)"
217.64.114.221 - - [29/Sep/2010:09:50:07 +0200] "GET /misc/drupal.js?F HTTP/1.0" 200 9745 "http://www.sermonsforyou.co.uk/?q=node/48" "Mozilla/4.0 (compatible; MSIE 8.0; Windows NT 6.0; Trident/4.0; SLCC1; .NET CLR 2.0.50727; .NET CLR 3.5.30729; .NET CLR 3.0.30729; .NET4.0C)"
217.64.114.221 - - [29/Sep/2010:09:50:07 +0200] "GET /misc/powered-blue-80x15.png HTTP/1.0" 200 1011 "http://www.sermonsforyou.co.uk/?q=node/48" "Mozilla/4.0 (compatible; MSIE 8.0; Windows NT 6.0; Trident/4.0; SLCC1; .NET CLR 2.0.50727; .NET CLR 3.5.30729; .NET CLR 3.0.30729; .NET4.0C)"
217.64.114.221 - - [29/Sep/2010:09:50:07 +0200] "GET /themes/shallowgrunge/shallowgrunge/images/img03.jpg HTTP/1.0" 200 10877 "http://www.sermonsforyou.co.uk/?q=node/48" "Mozilla/4.0 (compatible; MSIE 8.0; Windows NT 6.0; Trident/4.0; SLCC1; .NET CLR 2.0.50727; .NET CLR 3.5.30729; .NET CLR 3.0.30729; .NET4.0C)"
217.64.114.221 - - [29/Sep/2010:09:50:07 +0200] "GET /themes/shallowgrunge/shallowgrunge/images/img02.jpg HTTP/1.0" 200 29303 "http://www.sermonsforyou.co.uk/?q=node/48" "Mozilla/4.0 (compatible; MSIE 8.0; Windows NT 6.0; Trident/4.0; SLCC1; .NET CLR 2.0.50727; .NET CLR 3.5.30729; .NET CLR 3.0.30729; .NET4.0C)"
217.64.114.221 - - [29/Sep/2010:09:50:07 +0200] "GET /themes/shallowgrunge/shallowgrunge/images/img01.jpg HTTP/1.0" 200 72355 "http://www.sermonsforyou.co.uk/?q=node/48" "Mozilla/4.0 (compatible; MSIE 8.0; Windows NT 6.0; Trident/4.0; SLCC1; .NET CLR 2.0.50727; .NET CLR 3.5.30729; .NET CLR 3.0.30729; .NET4.0C)"
217.64.114.221 - - [29/Sep/2010:09:50:08 +0200] "GET /misc/favicon.ico HTTP/1.0" 200 5430 "-" "Mozilla/4.0 (compatible; MSIE 8.0; Windows NT 6.0; Trident/4.0; SLCC1; .NET CLR 2.0.50727; .NET CLR 3.5.30729; .NET CLR 3.0.30729; .NET4.0C)"
217.64.114.221 - - [29/Sep/2010:09:51:25 +0200] "GET /sites/all/modules/taxonomy_vtn/taxonomy_vtn/taxonomy_vtn.css?F HTTP/1.0" 200 1540 "-" "Mozilla/4.0 (compatible; MSIE 7.0; Windows NT 6.0; Trident/4.0; SLCC1; .NET CLR 2.0.50727; .NET CLR 3.5.30729; .NET CLR 3.0.30729; .NET4.0C)"
217.64.114.221 - - [29/Sep/2010:09:51:26 +0200] "GET /modules/node/node.css?F HTTP/1.0" 200 740 "-" "Mozilla/4.0 (compatible; MSIE 7.0; Windows NT 6.0; Trident/4.0; SLCC1; .NET CLR 2.0.50727; .NET CLR 3.5.30729; .NET CLR 3.0.30729; .NET4.0C)"
217.64.114.221 - - [29/Sep/2010:09:51:26 +0200] "GET /modules/system/defaults.css?F HTTP/1.0" 200 757 "-" "Mozilla/4.0 (compatible; MSIE 7.0; Windows NT 6.0; Trident/4.0; SLCC1; .NET CLR 2.0.50727; .NET CLR 3.5.30729; .NET CLR 3.0.30729; .NET4.0C)"
217.64.114.221 - - [29/Sep/2010:09:51:26 +0200] "GET /modules/system/system.css?F HTTP/1.0" 200 10020 "-" "Mozilla/4.0 (compatible; MSIE 7.0; Windows NT 6.0; Trident/4.0; SLCC1; .NET CLR 2.0.50727; .NET CLR 3.5.30729; .NET CLR 3.0.30729; .NET4.0C)"
217.64.114.221 - - [29/Sep/2010:09:51:26 +0200] "GET /modules/system/system-menus.css?F HTTP/1.0" 200 935 "-" "Mozilla/4.0 (compatible; MSIE 7.0; Windows NT 6.0; Trident/4.0; SLCC1; .NET CLR 2.0.50727; .NET CLR 3.5.30729; .NET CLR 3.0.30729; .NET4.0C)"
217.64.114.221 - - [29/Sep/2010:09:51:26 +0200] "GET /modules/user/user.css?F HTTP/1.0" 200 1127 "-" "Mozilla/4.0 (compatible; MSIE 7.0; Windows NT 6.0; Trident/4.0; SLCC1; .NET CLR 2.0.50727; .NET CLR 3.5.30729; .NET CLR 3.0.30729; .NET4.0C)"
217.64.114.221 - - [29/Sep/2010:09:51:26 +0200] "GET /sites/all/modules/cck/cck/theme/content-module.css?F HTTP/1.0" 200 2397 "-" "Mozilla/4.0 (compatible; MSIE 7.0; Windows NT 6.0; Trident/4.0; SLCC1; .NET CLR 2.0.50727; .NET CLR 3.5.30729; .NET CLR 3.0.30729; .NET4.0C)"
217.64.114.221 - - [29/Sep/2010:09:51:26 +0200] "GET /themes/shallowgrunge/shallowgrunge/style.css?F HTTP/1.0" 200 4871 "-" "Mozilla/4.0 (compatible; MSIE 7.0; Windows NT 6.0; Trident/4.0; SLCC1; .NET CLR 2.0.50727; .NET CLR 3.5.30729; .NET CLR 3.0.30729; .NET4.0C)"
95.108.217.252 - - [29/Sep/2010:09:53:50 +0200] "GET /?q=user/register&destination=comment/reply/98%23comment-form HTTP/1.1" 403 1539 "-" "Mozilla/5.0 (compatible; YandexBot/3.0; +http://yandex.com/bots)"
86.28.248.231 - - [29/Sep/2010:09:59:00 +0200] "GET /?q=rss.xml HTTP/1.1" 200 8642 "-" "Mozilla/5.0 (compatible; Google Desktop/5.9.1005.12335; http://desktop.google.com/)"
212.95.45.110 - - [29/Sep/2010:10:21:52 +0200] "GET /?q=user/reset/352/1284821708/88155664690d98da52f197f541ef4215 HTTP/1.0" 403 7098 "http://www.sermonsforyou.co.uk/?q=user/reset/352/1284821708/88155664690d98da52f197f541ef4215" "Mozilla/4.0 (compatible; MSIE 6.0; Windows NT 5.1)"
212.95.45.110 - - [29/Sep/2010:10:22:07 +0200] "GET / HTTP/1.0" 200 13480 "http://www.sermonsforyou.co.uk/?q=user/reset/352/1284821708/88155664690d98da52f197f541ef4215" "Mozilla/4.0 (compatible; MSIE 6.0; Windows NT 5.1)"
124.115.0.168 - - [29/Sep/2010:10:28:29 +0200] "GET / HTTP/1.1" 200 3599 "-" "Sosospider+(+http://help.soso.com/webspider.htm)"
86.28.248.231 - - [29/Sep/2010:10:30:00 +0200] "GET /?q=rss.xml HTTP/1.1" 200 8642 "-" "Mozilla/5.0 (compatible; Google Desktop/5.9.1005.12335; http://desktop.google.com/)"
95.108.217.252 - - [29/Sep/2010:10:34:00 +0200] "GET /?q=node/220 HTTP/1.1" 404 1311 "-" "Mozilla/5.0 (compatible; YandexBot/3.0; +http://yandex.com/bots)"
86.28.248.231 - - [29/Sep/2010:11:01:01 +0200] "GET /?q=rss.xml HTTP/1.1" 200 8642 "-" "Mozilla/5.0 (compatible; Google Desktop/5.9.1005.12335; http://desktop.google.com/)"
