88.198.37.84 - - [30/Sep/2010:08:03:46 +0200] "GET /?q=node/add HTTP/1.1" 403 1151 "-" "Mozilla/4.0 (compatible; MSIE 7.0; Windows NT 6.1; WOW64; Trident/4.0; SLCC2; .NET CLR 2.0.50727; .NET CLR 3.5.30729; .NET CLR 3.0.30729; .NET4.0C; .NET4.0E)"
88.198.37.84 - - [30/Sep/2010:08:03:51 +0200] "GET /?q=node/add/ HTTP/1.1" 403 1151 "-" "Mozilla/4.0 (compatible; MSIE 7.0; Windows NT 6.1; WOW64; Trident/4.0; SLCC2; .NET CLR 2.0.50727; .NET CLR 3.5.30729; .NET CLR 3.0.30729; .NET4.0C; .NET4.0E)"
95.108.217.252 - - [30/Sep/2010:08:33:18 +0200] "GET /?q=user/register&destination=comment/reply/154%23comment-form HTTP/1.1" 403 1539 "-" "Mozilla/5.0 (compatible; YandexBot/3.0; +http://yandex.com/bots)"
88.198.37.84 - - [30/Sep/2010:08:35:13 +0200] "GET /?q=user/register HTTP/1.1" 403 1539 "-" "Mozilla/4.0 (compatible; MSIE 7.0; Windows NT 6.1; WOW64; Trident/4.0; SLCC2; .NET CLR 2.0.50727; .NET CLR 3.5.30729; .NET CLR 3.0.30729; .NET4.0C; .NET4.0E)"
88.198.37.84 - - [30/Sep/2010:08:35:13 +0200] "GET /sites/all/modules/taxonomy_vtn/taxonomy_vtn/taxonomy_vtn.css?F HTTP/1.1" 200 1540 "http://www.sermonsforyou.co.uk/?q=user/register" "Mozilla/4.0 (compatible; MSIE 7.0; Windows NT 6.1; WOW64; Trident/4.0; SLCC2; .NET CLR 2.0.50727; .NET CLR 3.5.30729; .NET CLR 3.0.30729; .NET4.0C; .NET4.0E)"
88.198.37.84 - - [30/Sep/2010:08:35:13 +0200] "GET /modules/node/node.css?F HTTP/1.1" 200 740 "http://www.sermonsforyou.co.uk/?q=user/register" "Mozilla/4.0 (compatible; MSIE 7.0; Windows NT 6.1; WOW64; Trident/4.0; SLCC2; .NET CLR 2.0.50727; .NET CLR 3.5.30729; .NET CLR 3.0.30729; .NET4.0C; .NET4.0E)"
88.198.37.84 - - [30/Sep/2010:08:35:13 +0200] "GET /modules/system/defaults.css?F HTTP/1.1" 200 757 "http://www.sermonsforyou.co.uk/?q=user/register" "Mozilla/4.0 (compatible; MSIE 7.0; Windows NT 6.1; WOW64; Trident/4.0; SLCC2; .NET CLR 2.0.50727; .NET CLR 3.5.30729; .NET CLR 3.0.30729; .NET4.0C; .NET4.0E)"
88.198.37.84 - - [30/Sep/2010:08:35:13 +0200] "GET /modules/system/system.css?F HTTP/1.1" 200 10020 "http://www.sermonsforyou.co.uk/?q=user/register" "Mozilla/4.0 (compatible; MSIE 7.0; Windows NT 6.1; WOW64; Trident/4.0; SLCC2; .NET CLR 2.0.50727; .NET CLR 3.5.30729; .NET CLR 3.0.30729; .NET4.0C; .NET4.0E)"
88.198.37.84 - - [30/Sep/2010:08:35:13 +0200] "GET /modules/user/user.css?F HTTP/1.1" 200 1127 "http://www.sermonsforyou.co.uk/?q=user/register" "Mozilla/4.0 (compatible; MSIE 7.0; Windows NT 6.1; WOW64; Trident/4.0; SLCC2; .NET CLR 2.0.50727; .NET CLR 3.5.30729; .NET CLR 3.0.30729; .NET4.0C; .NET4.0E)"
88.198.37.84 - - [30/Sep/2010:08:35:13 +0200] "GET /modules/system/system-menus.css?F HTTP/1.1" 200 935 "http://www.sermonsforyou.co.uk/?q=user/register" "Mozilla/4.0 (compatible; MSIE 7.0; Windows NT 6.1; WOW64; Trident/4.0; SLCC2; .NET CLR 2.0.50727; .NET CLR 3.5.30729; .NET CLR 3.0.30729; .NET4.0C; .NET4.0E)"
88.198.37.84 - - [30/Sep/2010:08:35:13 +0200] "GET /themes/shallowgrunge/shallowgrunge/style.css?F HTTP/1.1" 200 4871 "http://www.sermonsforyou.co.uk/?q=user/register" "Mozilla/4.0 (compatible; MSIE 7.0; Windows NT 6.1; WOW64; Trident/4.0; SLCC2; .NET CLR 2.0.50727; .NET CLR 3.5.30729; .NET CLR 3.0.30729; .NET4.0C; .NET4.0E)"
88.198.37.84 - - [30/Sep/2010:08:35:13 +0200] "GET /sites/all/modules/cck/cck/theme/content-module.css?F HTTP/1.1" 200 2397 "http://www.sermonsforyou.co.uk/?q=user/register" "Mozilla/4.0 (compatible; MSIE 7.0; Windows NT 6.1; WOW64; Trident/4.0; SLCC2; .NET CLR 2.0.50727; .NET CLR 3.5.30729; .NET CLR 3.0.30729; .NET4.0C; .NET4.0E)"
88.198.37.84 - - [30/Sep/2010:08:35:13 +0200] "GET /misc/drupal.js?F HTTP/1.1" 200 9745 "http://www.sermonsforyou.co.uk/?q=user/register" "Mozilla/4.0 (compatible; MSIE 7.0; Windows NT 6.1; WOW64; Trident/4.0; SLCC2; .NET CLR 2.0.50727; .NET CLR 3.5.30729; .NET CLR 3.0.30729; .NET4.0C; .NET4.0E)"
88.198.37.84 - - [30/Sep/2010:08:35:13 +0200] "GET /misc/jquery.js?F HTTP/1.1" 200 31089 "http://www.sermonsforyou.co.uk/?q=user/register" "Mozilla/4.0 (compatible; MSIE 7.0; Windows NT 6.1; WOW64; Trident/4.0; SLCC2; .NET CLR 2.0.50727; .NET CLR 3.5.30729; .NET CLR 3.0.30729; .NET4.0C; .NET4.0E)"
88.198.37.84 - - [30/Sep/2010:08:35:13 +0200] "GET /sites/all/modules/taxonomy_vtn/taxonomy_vtn/taxonomy_vtn.js?F HTTP/1.1" 200 465 "http://www.sermonsforyou.co.uk/?q=user/register" "Mozilla/4.0 (compatible; MSIE 7.0; Windows NT 6.1; WOW64; Trident/4.0; SLCC2; .NET CLR 2.0.50727; .NET CLR 3.5.30729; .NET CLR 3.0.30729; .NET4.0C; .NET4.0E)"
88.198.37.84 - - [30/Sep/2010:08:35:13 +0200] "GET /sites/all/modules/google_analytics/googleanalytics.js?F HTTP/1.1" 200 1725 "http://www.sermonsforyou.co.uk/?q=user/register" "Mozilla/4.0 (compatible; MSIE 7.0; Windows NT 6.1; WOW64; Trident/4.0; SLCC2; .NET CLR 2.0.50727; .NET CLR 3.5.30729; .NET CLR 3.0.30729; .NET4.0C; .NET4.0E)"
88.198.37.84 - - [30/Sep/2010:08:35:18 +0200] "GET /?q=user/ HTTP/1.1" 200 1903 "-" "Mozilla/4.0 (compatible; MSIE 7.0; Windows NT 6.1; WOW64; Trident/4.0; SLCC2; .NET CLR 2.0.50727; .NET CLR 3.5.30729; .NET CLR 3.0.30729; .NET4.0C; .NET4.0E)"
88.198.37.84 - - [30/Sep/2010:08:35:23 +0200] "POST /?q=user/ HTTP/1.1" 200 1972 "http://www.sermonsforyou.co.uk/?q=user/" "Mozilla/4.0 (compatible; MSIE 7.0; Windows NT 6.1; WOW64; Trident/4.0; SLCC2; .NET CLR 2.0.50727; .NET CLR 3.5.30729; .NET CLR 3.0.30729; .NET4.0C; .NET4.0E)"
88.198.37.84 - - [30/Sep/2010:08:35:29 +0200] "GET /?q=node/add HTTP/1.1" 403 1151 "-" "Mozilla/4.0 (compatible; MSIE 7.0; Windows NT 6.1; WOW64; Trident/4.0; SLCC2; .NET CLR 2.0.50727; .NET CLR 3.5.30729; .NET CLR 3.0.30729; .NET4.0C; .NET4.0E)"
88.198.37.84 - - [30/Sep/2010:08:35:33 +0200] "GET /?q=node/add/ HTTP/1.1" 403 1151 "-" "Mozilla/4.0 (compatible; MSIE 7.0; Windows NT 6.1; WOW64; Trident/4.0; SLCC2; .NET CLR 2.0.50727; .NET CLR 3.5.30729; .NET CLR 3.0.30729; .NET4.0C; .NET4.0E)"
66.249.66.34 - - [30/Sep/2010:08:46:19 +0200] "GET /?q=node/194 HTTP/1.1" 200 2294 "-" "Mozilla/5.0 (compatible; Googlebot/2.1; +http://www.google.com/bot.html)"
95.108.217.252 - - [30/Sep/2010:08:46:34 +0200] "GET /?q=user/register&destination=comment/reply/184%23comment-form HTTP/1.1" 403 1539 "-" "Mozilla/5.0 (compatible; YandexBot/3.0; +http://yandex.com/bots)"
95.108.217.252 - - [30/Sep/2010:08:56:40 +0200] "GET /?q=node/164 HTTP/1.1" 200 2110 "-" "Mozilla/5.0 (compatible; YandexBot/3.0; +http://yandex.com/bots)"
86.28.248.231 - - [30/Sep/2010:09:04:02 +0200] "GET /?q=rss.xml HTTP/1.1" 200 8642 "-" "Mozilla/5.0 (compatible; Google Desktop/5.9.1005.12335; http://desktop.google.com/)"
86.28.248.231 - - [30/Sep/2010:09:23:02 +0200] "GET /?q=rss.xml HTTP/1.1" 200 8642 "-" "Mozilla/5.0 (compatible; Google Desktop/5.9.1005.12335; http://desktop.google.com/)"
95.108.217.252 - - [30/Sep/2010:09:33:01 +0200] "GET /?q=user/register&destination=comment/reply/191%23comment-form HTTP/1.1" 403 1539 "-" "Mozilla/5.0 (compatible; YandexBot/3.0; +http://yandex.com/bots)"
95.108.217.252 - - [30/Sep/2010:09:41:27 +0200] "GET /?q=user/register&destination=comment/reply/141%23comment-form HTTP/1.1" 403 1539 "-" "Mozilla/5.0 (compatible; YandexBot/3.0; +http://yandex.com/bots)"
86.28.248.231 - - [30/Sep/2010:09:42:02 +0200] "GET /?q=rss.xml HTTP/1.1" 200 8642 "-" "Mozilla/5.0 (compatible; Google Desktop/5.9.1005.12335; http://desktop.google.com/)"
88.198.37.84 - - [30/Sep/2010:09:45:35 +0200] "GET /?q=user/register HTTP/1.1" 403 1539 "-" "Mozilla/4.0 (compatible; MSIE 7.0; Windows NT 6.1; WOW64; Trident/4.0; SLCC2; .NET CLR 2.0.50727; .NET CLR 3.5.30729; .NET CLR 3.0.30729; .NET4.0C; .NET4.0E)"
88.198.37.84 - - [30/Sep/2010:09:45:35 +0200] "GET /sites/all/modules/taxonomy_vtn/taxonomy_vtn/taxonomy_vtn.css?F HTTP/1.1" 200 1540 "http://www.sermonsforyou.co.uk/?q=user/register" "Mozilla/4.0 (compatible; MSIE 7.0; Windows NT 6.1; WOW64; Trident/4.0; SLCC2; .NET CLR 2.0.50727; .NET CLR 3.5.30729; .NET CLR 3.0.30729; .NET4.0C; .NET4.0E)"
88.198.37.84 - - [30/Sep/2010:09:45:35 +0200] "GET /modules/node/node.css?F HTTP/1.1" 200 740 "http://www.sermonsforyou.co.uk/?q=user/register" "Mozilla/4.0 (compatible; MSIE 7.0; Windows NT 6.1; WOW64; Trident/4.0; SLCC2; .NET CLR 2.0.50727; .NET CLR 3.5.30729; .NET CLR 3.0.30729; .NET4.0C; .NET4.0E)"
88.198.37.84 - - [30/Sep/2010:09:45:35 +0200] "GET /modules/system/defaults.css?F HTTP/1.1" 200 757 "http://www.sermonsforyou.co.uk/?q=user/register" "Mozilla/4.0 (compatible; MSIE 7.0; Windows NT 6.1; WOW64; Trident/4.0; SLCC2; .NET CLR 2.0.50727; .NET CLR 3.5.30729; .NET CLR 3.0.30729; .NET4.0C; .NET4.0E)"
88.198.37.84 - - [30/Sep/2010:09:45:35 +0200] "GET /modules/system/system.css?F HTTP/1.1" 200 10020 "http://www.sermonsforyou.co.uk/?q=user/register" "Mozilla/4.0 (compatible; MSIE 7.0; Windows NT 6.1; WOW64; Trident/4.0; SLCC2; .NET CLR 2.0.50727; .NET CLR 3.5.30729; .NET CLR 3.0.30729; .NET4.0C; .NET4.0E)"
88.198.37.84 - - [30/Sep/2010:09:45:35 +0200] "GET /modules/system/system-menus.css?F HTTP/1.1" 200 935 "http://www.sermonsforyou.co.uk/?q=user/register" "Mozilla/4.0 (compatible; MSIE 7.0; Windows NT 6.1; WOW64; Trident/4.0; SLCC2; .NET CLR 2.0.50727; .NET CLR 3.5.30729; .NET CLR 3.0.30729; .NET4.0C; .NET4.0E)"
88.198.37.84 - - [30/Sep/2010:09:45:35 +0200] "GET /sites/all/modules/cck/cck/theme/content-module.css?F HTTP/1.1" 200 2397 "http://www.sermonsforyou.co.uk/?q=user/register" "Mozilla/4.0 (compatible; MSIE 7.0; Windows NT 6.1; WOW64; Trident/4.0; SLCC2; .NET CLR 2.0.50727; .NET CLR 3.5.30729; .NET CLR 3.0.30729; .NET4.0C; .NET4.0E)"
88.198.37.84 - - [30/Sep/2010:09:45:35 +0200] "GET /themes/shallowgrunge/shallowgrunge/style.css?F HTTP/1.1" 200 4871 "http://www.sermonsforyou.co.uk/?q=user/register" "Mozilla/4.0 (compatible; MSIE 7.0; Windows NT 6.1; WOW64; Trident/4.0; SLCC2; .NET CLR 2.0.50727; .NET CLR 3.5.30729; .NET CLR 3.0.30729; .NET4.0C; .NET4.0E)"
88.198.37.84 - - [30/Sep/2010:09:45:35 +0200] "GET /misc/drupal.js?F HTTP/1.1" 200 9745 "http://www.sermonsforyou.co.uk/?q=user/register" "Mozilla/4.0 (compatible; MSIE 7.0; Windows NT 6.1; WOW64; Trident/4.0; SLCC2; .NET CLR 2.0.50727; .NET CLR 3.5.30729; .NET CLR 3.0.30729; .NET4.0C; .NET4.0E)"
88.198.37.84 - - [30/Sep/2010:09:45:35 +0200] "GET /sites/all/modules/taxonomy_vtn/taxonomy_vtn/taxonomy_vtn.js?F HTTP/1.1" 200 465 "http://www.sermonsforyou.co.uk/?q=user/register" "Mozilla/4.0 (compatible; MSIE 7.0; Windows NT 6.1; WOW64; Trident/4.0; SLCC2; .NET CLR 2.0.50727; .NET CLR 3.5.30729; .NET CLR 3.0.30729; .NET4.0C; .NET4.0E)"
88.198.37.84 - - [30/Sep/2010:09:45:35 +0200] "GET /misc/jquery.js?F HTTP/1.1" 200 31089 "http://www.sermonsforyou.co.uk/?q=user/register" "Mozilla/4.0 (compatible; MSIE 7.0; Windows NT 6.1; WOW64; Trident/4.0; SLCC2; .NET CLR 2.0.50727; .NET CLR 3.5.30729; .NET CLR 3.0.30729; .NET4.0C; .NET4.0E)"
88.198.37.84 - - [30/Sep/2010:09:45:35 +0200] "GET /sites/all/modules/google_analytics/googleanalytics.js?F HTTP/1.1" 200 1725 "http://www.sermonsforyou.co.uk/?q=user/register" "Mozilla/4.0 (compatible; MSIE 7.0; Windows NT 6.1; WOW64; Trident/4.0; SLCC2; .NET CLR 2.0.50727; .NET CLR 3.5.30729; .NET CLR 3.0.30729; .NET4.0C; .NET4.0E)"
88.198.37.84 - - [30/Sep/2010:09:45:35 +0200] "GET /modules/user/user.css?F HTTP/1.1" 200 1127 "http://www.sermonsforyou.co.uk/?q=user/register" "Mozilla/4.0 (compatible; MSIE 7.0; Windows NT 6.1; WOW64; Trident/4.0; SLCC2; .NET CLR 2.0.50727; .NET CLR 3.5.30729; .NET CLR 3.0.30729; .NET4.0C; .NET4.0E)"
88.198.37.84 - - [30/Sep/2010:09:45:40 +0200] "GET /?q=user/ HTTP/1.1" 200 1902 "-" "Mozilla/4.0 (compatible; MSIE 7.0; Windows NT 6.1; WOW64; Trident/4.0; SLCC2; .NET CLR 2.0.50727; .NET CLR 3.5.30729; .NET CLR 3.0.30729; .NET4.0C; .NET4.0E)"
88.198.37.84 - - [30/Sep/2010:09:45:46 +0200] "POST /?q=user/ HTTP/1.1" 200 1973 "http://www.sermonsforyou.co.uk/?q=user/" "Mozilla/4.0 (compatible; MSIE 7.0; Windows NT 6.1; WOW64; Trident/4.0; SLCC2; .NET CLR 2.0.50727; .NET CLR 3.5.30729; .NET CLR 3.0.30729; .NET4.0C; .NET4.0E)"
88.198.37.84 - - [30/Sep/2010:09:45:51 +0200] "GET /?q=node/add HTTP/1.1" 403 1151 "-" "Mozilla/4.0 (compatible; MSIE 7.0; Windows NT 6.1; WOW64; Trident/4.0; SLCC2; .NET CLR 2.0.50727; .NET CLR 3.5.30729; .NET CLR 3.0.30729; .NET4.0C; .NET4.0E)"
88.198.37.84 - - [30/Sep/2010:09:45:56 +0200] "GET /?q=node/add/ HTTP/1.1" 403 1151 "-" "Mozilla/4.0 (compatible; MSIE 7.0; Windows NT 6.1; WOW64; Trident/4.0; SLCC2; .NET CLR 2.0.50727; .NET CLR 3.5.30729; .NET CLR 3.0.30729; .NET4.0C; .NET4.0E)"
86.28.248.231 - - [30/Sep/2010:10:01:03 +0200] "GET /?q=rss.xml HTTP/1.1" 200 8642 "-" "Mozilla/5.0 (compatible; Google Desktop/5.9.1005.12335; http://desktop.google.com/)"
66.249.66.34 - - [30/Sep/2010:10:08:56 +0200] "GET /?q=node/189 HTTP/1.1" 200 2628 "-" "Mozilla/5.0 (compatible; Googlebot/2.1; +http://www.google.com/bot.html)"
95.108.217.252 - - [30/Sep/2010:10:22:43 +0200] "GET /?q=user/register&destination=comment/reply/195%23comment-form HTTP/1.1" 403 1539 "-" "Mozilla/5.0 (compatible; YandexBot/3.0; +http://yandex.com/bots)"
86.28.248.231 - - [30/Sep/2010:10:36:59 +0200] "GET /?q=rss.xml HTTP/1.1" 200 8642 "-" "Mozilla/5.0 (compatible; Google Desktop/5.9.1005.12335; http://desktop.google.com/)"
88.198.37.84 - - [30/Sep/2010:10:54:04 +0200] "GET /?q=user/register HTTP/1.1" 403 1539 "-" "Mozilla/4.0 (compatible; MSIE 7.0; Windows NT 6.1; WOW64; Trident/4.0; SLCC2; .NET CLR 2.0.50727; .NET CLR 3.5.30729; .NET CLR 3.0.30729; .NET4.0C; .NET4.0E)"
88.198.37.84 - - [30/Sep/2010:10:54:05 +0200] "GET /sites/all/modules/taxonomy_vtn/taxonomy_vtn/taxonomy_vtn.css?F HTTP/1.1" 200 1540 "http://www.sermonsforyou.co.uk/?q=user/register" "Mozilla/4.0 (compatible; MSIE 7.0; Windows NT 6.1; WOW64; Trident/4.0; SLCC2; .NET CLR 2.0.50727; .NET CLR 3.5.30729; .NET CLR 3.0.30729; .NET4.0C; .NET4.0E)"
88.198.37.84 - - [30/Sep/2010:10:54:05 +0200] "GET /modules/node/node.css?F HTTP/1.1" 200 740 "http://www.sermonsforyou.co.uk/?q=user/register" "Mozilla/4.0 (compatible; MSIE 7.0; Windows NT 6.1; WOW64; Trident/4.0; SLCC2; .NET CLR 2.0.50727; .NET CLR 3.5.30729; .NET CLR 3.0.30729; .NET4.0C; .NET4.0E)"
88.198.37.84 - - [30/Sep/2010:10:54:05 +0200] "GET /modules/system/defaults.css?F HTTP/1.1" 200 757 "http://www.sermonsforyou.co.uk/?q=user/register" "Mozilla/4.0 (compatible; MSIE 7.0; Windows NT 6.1; WOW64; Trident/4.0; SLCC2; .NET CLR 2.0.50727; .NET CLR 3.5.30729; .NET CLR 3.0.30729; .NET4.0C; .NET4.0E)"
88.198.37.84 - - [30/Sep/2010:10:54:05 +0200] "GET /modules/system/system.css?F HTTP/1.1" 200 10020 "http://www.sermonsforyou.co.uk/?q=user/register" "Mozilla/4.0 (compatible; MSIE 7.0; Windows NT 6.1; WOW64; Trident/4.0; SLCC2; .NET CLR 2.0.50727; .NET CLR 3.5.30729; .NET CLR 3.0.30729; .NET4.0C; .NET4.0E)"
88.198.37.84 - - [30/Sep/2010:10:54:05 +0200] "GET /modules/system/system-menus.css?F HTTP/1.1" 200 935 "http://www.sermonsforyou.co.uk/?q=user/register" "Mozilla/4.0 (compatible; MSIE 7.0; Windows NT 6.1; WOW64; Trident/4.0; SLCC2; .NET CLR 2.0.50727; .NET CLR 3.5.30729; .NET CLR 3.0.30729; .NET4.0C; .NET4.0E)"
88.198.37.84 - - [30/Sep/2010:10:54:05 +0200] "GET /sites/all/modules/cck/cck/theme/content-module.css?F HTTP/1.1" 200 2397 "http://www.sermonsforyou.co.uk/?q=user/register" "Mozilla/4.0 (compatible; MSIE 7.0; Windows NT 6.1; WOW64; Trident/4.0; SLCC2; .NET CLR 2.0.50727; .NET CLR 3.5.30729; .NET CLR 3.0.30729; .NET4.0C; .NET4.0E)"
88.198.37.84 - - [30/Sep/2010:10:54:05 +0200] "GET /themes/shallowgrunge/shallowgrunge/style.css?F HTTP/1.1" 200 4871 "http://www.sermonsforyou.co.uk/?q=user/register" "Mozilla/4.0 (compatible; MSIE 7.0; Windows NT 6.1; WOW64; Trident/4.0; SLCC2; .NET CLR 2.0.50727; .NET CLR 3.5.30729; .NET CLR 3.0.30729; .NET4.0C; .NET4.0E)"
88.198.37.84 - - [30/Sep/2010:10:54:06 +0200] "GET /misc/drupal.js?F HTTP/1.1" 200 9745 "http://www.sermonsforyou.co.uk/?q=user/register" "Mozilla/4.0 (compatible; MSIE 7.0; Windows NT 6.1; WOW64; Trident/4.0; SLCC2; .NET CLR 2.0.50727; .NET CLR 3.5.30729; .NET CLR 3.0.30729; .NET4.0C; .NET4.0E)"
88.198.37.84 - - [30/Sep/2010:10:54:06 +0200] "GET /sites/all/modules/taxonomy_vtn/taxonomy_vtn/taxonomy_vtn.js?F HTTP/1.1" 200 465 "http://www.sermonsforyou.co.uk/?q=user/register" "Mozilla/4.0 (compatible; MSIE 7.0; Windows NT 6.1; WOW64; Trident/4.0; SLCC2; .NET CLR 2.0.50727; .NET CLR 3.5.30729; .NET CLR 3.0.30729; .NET4.0C; .NET4.0E)"
88.198.37.84 - - [30/Sep/2010:10:54:06 +0200] "GET /modules/user/user.css?F HTTP/1.1" 200 1127 "http://www.sermonsforyou.co.uk/?q=user/register" "Mozilla/4.0 (compatible; MSIE 7.0; Windows NT 6.1; WOW64; Trident/4.0; SLCC2; .NET CLR 2.0.50727; .NET CLR 3.5.30729; .NET CLR 3.0.30729; .NET4.0C; .NET4.0E)"
88.198.37.84 - - [30/Sep/2010:10:54:07 +0200] "GET /sites/all/modules/google_analytics/googleanalytics.js?F HTTP/1.1" 200 1725 "http://www.sermonsforyou.co.uk/?q=user/register" "Mozilla/4.0 (compatible; MSIE 7.0; Windows NT 6.1; WOW64; Trident/4.0; SLCC2; .NET CLR 2.0.50727; .NET CLR 3.5.30729; .NET CLR 3.0.30729; .NET4.0C; .NET4.0E)"
88.198.37.84 - - [30/Sep/2010:10:54:07 +0200] "GET /misc/jquery.js?F HTTP/1.1" 200 31089 "http://www.sermonsforyou.co.uk/?q=user/register" "Mozilla/4.0 (compatible; MSIE 7.0; Windows NT 6.1; WOW64; Trident/4.0; SLCC2; .NET CLR 2.0.50727; .NET CLR 3.5.30729; .NET CLR 3.0.30729; .NET4.0C; .NET4.0E)"
88.198.37.84 - - [30/Sep/2010:10:54:12 +0200] "GET /?q=user/ HTTP/1.1" 200 1904 "-" "Mozilla/4.0 (compatible; MSIE 7.0; Windows NT 6.1; WOW64; Trident/4.0; SLCC2; .NET CLR 2.0.50727; .NET CLR 3.5.30729; .NET CLR 3.0.30729; .NET4.0C; .NET4.0E)"
88.198.37.84 - - [30/Sep/2010:10:54:19 +0200] "POST /?q=user/ HTTP/1.1" 200 1968 "http://www.sermonsforyou.co.uk/?q=user/" "Mozilla/4.0 (compatible; MSIE 7.0; Windows NT 6.1; WOW64; Trident/4.0; SLCC2; .NET CLR 2.0.50727; .NET CLR 3.5.30729; .NET CLR 3.0.30729; .NET4.0C; .NET4.0E)"
88.198.37.84 - - [30/Sep/2010:10:54:24 +0200] "GET /?q=node/add HTTP/1.1" 403 1151 "-" "Mozilla/4.0 (compatible; MSIE 7.0; Windows NT 6.1; WOW64; Trident/4.0; SLCC2; .NET CLR 2.0.50727; .NET CLR 3.5.30729; .NET CLR 3.0.30729; .NET4.0C; .NET4.0E)"
88.198.37.84 - - [30/Sep/2010:10:54:30 +0200] "GET /?q=node/add/ HTTP/1.1" 403 1151 "-" "Mozilla/4.0 (compatible; MSIE 7.0; Windows NT 6.1; WOW64; Trident/4.0; SLCC2; .NET CLR 2.0.50727; .NET CLR 3.5.30729; .NET CLR 3.0.30729; .NET4.0C; .NET4.0E)"
95.108.217.252 - - [30/Sep/2010:11:01:49 +0200] "GET /?q=user/register&destination=comment/reply/132%23comment-form HTTP/1.1" 403 1539 "-" "Mozilla/5.0 (compatible; YandexBot/3.0; +http://yandex.com/bots)"
88.198.37.84 - - [30/Sep/2010:11:06:27 +0200] "GET /?q=user/register HTTP/1.1" 403 1539 "-" "Mozilla/4.0 (compatible; MSIE 7.0; Windows NT 6.1; WOW64; Trident/4.0; SLCC2; .NET CLR 2.0.50727; .NET CLR 3.5.30729; .NET CLR 3.0.30729; .NET4.0C; .NET4.0E)"
88.198.37.84 - - [30/Sep/2010:11:06:27 +0200] "GET /sites/all/modules/taxonomy_vtn/taxonomy_vtn/taxonomy_vtn.css?F HTTP/1.1" 200 1540 "http://www.sermonsforyou.co.uk/?q=user/register" "Mozilla/4.0 (compatible; MSIE 7.0; Windows NT 6.1; WOW64; Trident/4.0; SLCC2; .NET CLR 2.0.50727; .NET CLR 3.5.30729; .NET CLR 3.0.30729; .NET4.0C; .NET4.0E)"
88.198.37.84 - - [30/Sep/2010:11:06:27 +0200] "GET /modules/node/node.css?F HTTP/1.1" 200 740 "http://www.sermonsforyou.co.uk/?q=user/register" "Mozilla/4.0 (compatible; MSIE 7.0; Windows NT 6.1; WOW64; Trident/4.0; SLCC2; .NET CLR 2.0.50727; .NET CLR 3.5.30729; .NET CLR 3.0.30729; .NET4.0C; .NET4.0E)"
88.198.37.84 - - [30/Sep/2010:11:06:27 +0200] "GET /modules/system/defaults.css?F HTTP/1.1" 200 757 "http://www.sermonsforyou.co.uk/?q=user/register" "Mozilla/4.0 (compatible; MSIE 7.0; Windows NT 6.1; WOW64; Trident/4.0; SLCC2; .NET CLR 2.0.50727; .NET CLR 3.5.30729; .NET CLR 3.0.30729; .NET4.0C; .NET4.0E)"
88.198.37.84 - - [30/Sep/2010:11:06:28 +0200] "GET /modules/system/system.css?F HTTP/1.1" 200 10020 "http://www.sermonsforyou.co.uk/?q=user/register" "Mozilla/4.0 (compatible; MSIE 7.0; Windows NT 6.1; WOW64; Trident/4.0; SLCC2; .NET CLR 2.0.50727; .NET CLR 3.5.30729; .NET CLR 3.0.30729; .NET4.0C; .NET4.0E)"
88.198.37.84 - - [30/Sep/2010:11:06:28 +0200] "GET /modules/system/system-menus.css?F HTTP/1.1" 200 935 "http://www.sermonsforyou.co.uk/?q=user/register" "Mozilla/4.0 (compatible; MSIE 7.0; Windows NT 6.1; WOW64; Trident/4.0; SLCC2; .NET CLR 2.0.50727; .NET CLR 3.5.30729; .NET CLR 3.0.30729; .NET4.0C; .NET4.0E)"
88.198.37.84 - - [30/Sep/2010:11:06:28 +0200] "GET /modules/user/user.css?F HTTP/1.1" 200 1127 "http://www.sermonsforyou.co.uk/?q=user/register" "Mozilla/4.0 (compatible; MSIE 7.0; Windows NT 6.1; WOW64; Trident/4.0; SLCC2; .NET CLR 2.0.50727; .NET CLR 3.5.30729; .NET CLR 3.0.30729; .NET4.0C; .NET4.0E)"
88.198.37.84 - - [30/Sep/2010:11:06:28 +0200] "GET /sites/all/modules/cck/cck/theme/content-module.css?F HTTP/1.1" 200 2397 "http://www.sermonsforyou.co.uk/?q=user/register" "Mozilla/4.0 (compatible; MSIE 7.0; Windows NT 6.1; WOW64; Trident/4.0; SLCC2; .NET CLR 2.0.50727; .NET CLR 3.5.30729; .NET CLR 3.0.30729; .NET4.0C; .NET4.0E)"
88.198.37.84 - - [30/Sep/2010:11:06:28 +0200] "GET /themes/shallowgrunge/shallowgrunge/style.css?F HTTP/1.1" 200 4871 "http://www.sermonsforyou.co.uk/?q=user/register" "Mozilla/4.0 (compatible; MSIE 7.0; Windows NT 6.1; WOW64; Trident/4.0; SLCC2; .NET CLR 2.0.50727; .NET CLR 3.5.30729; .NET CLR 3.0.30729; .NET4.0C; .NET4.0E)"
88.198.37.84 - - [30/Sep/2010:11:06:28 +0200] "GET /misc/drupal.js?F HTTP/1.1" 200 9745 "http://www.sermonsforyou.co.uk/?q=user/register" "Mozilla/4.0 (compatible; MSIE 7.0; Windows NT 6.1; WOW64; Trident/4.0; SLCC2; .NET CLR 2.0.50727; .NET CLR 3.5.30729; .NET CLR 3.0.30729; .NET4.0C; .NET4.0E)"
88.198.37.84 - - [30/Sep/2010:11:06:28 +0200] "GET /misc/jquery.js?F HTTP/1.1" 200 31089 "http://www.sermonsforyou.co.uk/?q=user/register" "Mozilla/4.0 (compatible; MSIE 7.0; Windows NT 6.1; WOW64; Trident/4.0; SLCC2; .NET CLR 2.0.50727; .NET CLR 3.5.30729; .NET CLR 3.0.30729; .NET4.0C; .NET4.0E)"
88.198.37.84 - - [30/Sep/2010:11:06:28 +0200] "GET /sites/all/modules/google_analytics/googleanalytics.js?F HTTP/1.1" 200 1725 "http://www.sermonsforyou.co.uk/?q=user/register" "Mozilla/4.0 (compatible; MSIE 7.0; Windows NT 6.1; WOW64; Trident/4.0; SLCC2; .NET CLR 2.0.50727; .NET CLR 3.5.30729; .NET CLR 3.0.30729; .NET4.0C; .NET4.0E)"
88.198.37.84 - - [30/Sep/2010:11:06:28 +0200] "GET /sites/all/modules/taxonomy_vtn/taxonomy_vtn/taxonomy_vtn.js?F HTTP/1.1" 200 465 "http://www.sermonsforyou.co.uk/?q=user/register" "Mozilla/4.0 (compatible; MSIE 7.0; Windows NT 6.1; WOW64; Trident/4.0; SLCC2; .NET CLR 2.0.50727; .NET CLR 3.5.30729; .NET CLR 3.0.30729; .NET4.0C; .NET4.0E)"
88.198.37.84 - - [30/Sep/2010:11:06:33 +0200] "GET /?q=user/ HTTP/1.1" 200 1903 "-" "Mozilla/4.0 (compatible; MSIE 7.0; Windows NT 6.1; WOW64; Trident/4.0; SLCC2; .NET CLR 2.0.50727; .NET CLR 3.5.30729; .NET CLR 3.0.30729; .NET4.0C; .NET4.0E)"
88.198.37.84 - - [30/Sep/2010:11:06:37 +0200] "POST /?q=user/ HTTP/1.1" 200 1971 "http://www.sermonsforyou.co.uk/?q=user/" "Mozilla/4.0 (compatible; MSIE 7.0; Windows NT 6.1; WOW64; Trident/4.0; SLCC2; .NET CLR 2.0.50727; .NET CLR 3.5.30729; .NET CLR 3.0.30729; .NET4.0C; .NET4.0E)"
88.198.37.84 - - [30/Sep/2010:11:06:42 +0200] "GET /?q=node/add HTTP/1.1" 403 1151 "-" "Mozilla/4.0 (compatible; MSIE 7.0; Windows NT 6.1; WOW64; Trident/4.0; SLCC2; .NET CLR 2.0.50727; .NET CLR 3.5.30729; .NET CLR 3.0.30729; .NET4.0C; .NET4.0E)"
88.198.37.84 - - [30/Sep/2010:11:06:47 +0200] "GET /?q=node/add/ HTTP/1.1" 403 1151 "-" "Mozilla/4.0 (compatible; MSIE 7.0; Windows NT 6.1; WOW64; Trident/4.0; SLCC2; .NET CLR 2.0.50727; .NET CLR 3.5.30729; .NET CLR 3.0.30729; .NET4.0C; .NET4.0E)"
86.28.248.231 - - [30/Sep/2010:11:12:00 +0200] "GET /?q=rss.xml HTTP/1.1" 200 8642 "-" "Mozilla/5.0 (compatible; Google Desktop/5.9.1005.12335; http://desktop.google.com/)"
66.249.66.139 - - [30/Sep/2010:11:12:03 +0200] "GET /?q=node/185 HTTP/1.1" 200 2581 "-" "Mozilla/5.0 (compatible; Googlebot/2.1; +http://www.google.com/bot.html)"
86.28.248.231 - - [30/Sep/2010:11:47:00 +0200] "GET /?q=rss.xml HTTP/1.1" 200 8642 "-" "Mozilla/5.0 (compatible; Google Desktop/5.9.1005.12335; http://desktop.google.com/)"
86.28.248.231 - - [30/Sep/2010:12:22:00 +0200] "GET /?q=rss.xml HTTP/1.1" 200 8642 "-" "Mozilla/5.0 (compatible; Google Desktop/5.9.1005.12335; http://desktop.google.com/)"
95.108.217.252 - - [30/Sep/2010:12:26:29 +0200] "GET /?q=user/register&destination=comment/reply/87%23comment-form HTTP/1.1" 403 1539 "-" "Mozilla/5.0 (compatible; YandexBot/3.0; +http://yandex.com/bots)"
195.191.54.233 - - [30/Sep/2010:12:38:38 +0200] "GET /?q=node/26 HTTP/1.0" 200 17748 "http://www.sermonsforyou.co.uk/?q=node/26" "Mozilla/4.0 (compatible; MSIE 5.5; Windows NT 5.0; T312461)"
195.191.54.233 - - [30/Sep/2010:12:38:38 +0200] "GET / HTTP/1.0" 200 13480 "http://www.sermonsforyou.co.uk/" "Mozilla/4.0 (compatible; MSIE 5.5; Windows NT 5.0; T312461)"
66.249.66.139 - - [30/Sep/2010:12:42:13 +0200] "GET /?q=node/168 HTTP/1.1" 200 2366 "-" "Mozilla/5.0 (compatible; Googlebot/2.1; +http://www.google.com/bot.html)"
95.108.217.252 - - [30/Sep/2010:12:43:39 +0200] "GET /?q=node/126 HTTP/1.1" 200 5764 "-" "Mozilla/5.0 (compatible; YandexBot/3.0; +http://yandex.com/bots)"
95.108.217.252 - - [30/Sep/2010:12:46:27 +0200] "GET /?q=user/register&destination=comment/reply/125%23comment-form HTTP/1.1" 403 1539 "-" "Mozilla/5.0 (compatible; YandexBot/3.0; +http://yandex.com/bots)"
86.28.248.231 - - [30/Sep/2010:12:57:00 +0200] "GET /?q=rss.xml HTTP/1.1" 200 8642 "-" "Mozilla/5.0 (compatible; Google Desktop/5.9.1005.12335; http://desktop.google.com/)"
91.212.226.12 - - [30/Sep/2010:13:20:21 +0200] "GET /?q=user/register&destination=comment/reply/67%252523comment-form HTTP/1.0" 403 4208 "http://www.sermonsforyou.co.uk/?q=user/register&destination=comment/reply/67%252523comment-form" "Mozilla/4.0 (compatible; MSIE 6.0; Windows NT 5.1; .NET CLR 1.1.4322; FDM)"
91.212.226.12 - - [30/Sep/2010:13:20:36 +0200] "GET / HTTP/1.0" 200 13480 "http://www.sermonsforyou.co.uk/?q=user/register&destination=comment/reply/67%252523comment-form" "Mozilla/4.0 (compatible; MSIE 6.0; Windows NT 5.1; .NET CLR 1.1.4322; FDM)"
91.212.226.12 - - [30/Sep/2010:13:20:37 +0200] "GET /?q=user/register&destination=comment/reply/67%252523comment-form HTTP/1.0" 403 4208 "http://www.sermonsforyou.co.uk/?q=user/register&destination=comment/reply/67%252523comment-form" "Mozilla/4.0 (compatible; MSIE 6.0; Windows NT 5.1; .NET CLR 1.1.4322; FDM)"
91.212.226.12 - - [30/Sep/2010:13:20:53 +0200] "GET / HTTP/1.0" 200 13480 "http://www.sermonsforyou.co.uk/?q=user/register&destination=comment/reply/67%252523comment-form" "Mozilla/4.0 (compatible; MSIE 6.0; Windows NT 5.1; .NET CLR 1.1.4322; FDM)"
91.212.226.12 - - [30/Sep/2010:13:20:53 +0200] "GET /index.php HTTP/1.0" 200 13480 "http://www.sermonsforyou.co.uk/index.php" "Mozilla/4.0 (compatible; MSIE 6.0; Windows NT 5.1; .NET CLR 1.1.4322; FDM)"
91.212.226.12 - - [30/Sep/2010:13:20:55 +0200] "GET /?q=user/register&destination=comment/reply/67%252523comment-form HTTP/1.0" 403 4208 "http://www.sermonsforyou.co.uk/?q=user/register&destination=comment/reply/67%252523comment-form" "Mozilla/4.0 (compatible; MSIE 6.0; Windows NT 5.1; .NET CLR 1.1.4322; FDM)"
91.212.226.12 - - [30/Sep/2010:13:21:10 +0200] "GET / HTTP/1.0" 200 13480 "http://www.sermonsforyou.co.uk/?q=user/register&destination=comment/reply/67%252523comment-form" "Mozilla/4.0 (compatible; MSIE 6.0; Windows NT 5.1; .NET CLR 1.1.4322; FDM)"
91.212.226.12 - - [30/Sep/2010:13:21:10 +0200] "GET /index.php HTTP/1.0" 200 13480 "http://www.sermonsforyou.co.uk/index.php" "Mozilla/4.0 (compatible; MSIE 6.0; Windows NT 5.1; .NET CLR 1.1.4322; FDM)"
91.212.226.12 - - [30/Sep/2010:13:21:11 +0200] "GET /?q=user/register&destination=comment/reply/67%252523comment-form HTTP/1.0" 403 4208 "http://www.sermonsforyou.co.uk/?q=user/register&destination=comment/reply/67%252523comment-form" "Mozilla/4.0 (compatible; MSIE 6.0; Windows NT 5.1; .NET CLR 1.1.4322; FDM)"
91.212.226.12 - - [30/Sep/2010:13:21:26 +0200] "GET / HTTP/1.0" 200 13480 "http://www.sermonsforyou.co.uk/?q=user/register&destination=comment/reply/67%252523comment-form" "Mozilla/4.0 (compatible; MSIE 6.0; Windows NT 5.1; .NET CLR 1.1.4322; FDM)"
91.212.226.12 - - [30/Sep/2010:13:21:27 +0200] "GET /index.php HTTP/1.0" 200 13480 "http://www.sermonsforyou.co.uk/index.php" "Mozilla/4.0 (compatible; MSIE 6.0; Windows NT 5.1; .NET CLR 1.1.4322; FDM)"
86.28.248.231 - - [30/Sep/2010:13:32:01 +0200] "GET /?q=rss.xml HTTP/1.1" 200 8642 "-" "Mozilla/5.0 (compatible; Google Desktop/5.9.1005.12335; http://desktop.google.com/)"
216.146.50.3 - - [30/Sep/2010:13:33:30 +0200] "GET /?q=node/42 HTTP/1.1" 200 6023 "http://www.google.com/search?q=sermons+on+living+and+growing+in+Christ&rls=com.microsoft:en-us:IE-SearchBox&ie=UTF-8&oe=UTF-8&sourceid=ie7&rlz=1I7GPEA_en&safe=strict" "Mozilla/4.0 (compatible; MSIE 7.0; Windows NT 5.1; GTB6; .NET CLR 1.1.4322; .NET CLR 2.0.50727; .NET CLR 3.0.04506.30; InfoPath.1; .NET CLR 3.0.04506.648; .NET CLR 3.0.4506.2152; .NET CLR 3.5.30729)"
216.146.50.3 - - [30/Sep/2010:13:33:30 +0200] "GET /favicon.ico HTTP/1.1" 200 1406 "-" "Mozilla/4.0 (compatible; MSIE 7.0; Windows NT 5.1; GTB6; .NET CLR 1.1.4322; .NET CLR 2.0.50727; .NET CLR 3.0.04506.30; InfoPath.1; .NET CLR 3.0.04506.648; .NET CLR 3.0.4506.2152; .NET CLR 3.5.30729)"
216.146.50.3 - - [30/Sep/2010:13:33:40 +0200] "GET / HTTP/1.1" 200 3599 "-" "Mozilla/4.0 (compatible; MSIE 7.0; Windows NT 5.1; GTB6; .NET CLR 1.1.4322; .NET CLR 2.0.50727; .NET CLR 3.0.04506.30; InfoPath.1; .NET CLR 3.0.04506.648; .NET CLR 3.0.4506.2152; .NET CLR 3.5.30729)"
216.146.50.3 - - [30/Sep/2010:13:33:40 +0200] "GET /sites/all/modules/taxonomy_vtn/taxonomy_vtn/taxonomy_vtn.css?F HTTP/1.1" 200 1540 "http://www.sermonsforyou.co.uk/" "Mozilla/4.0 (compatible; MSIE 7.0; Windows NT 5.1; GTB6; .NET CLR 1.1.4322; .NET CLR 2.0.50727; .NET CLR 3.0.04506.30; InfoPath.1; .NET CLR 3.0.04506.648; .NET CLR 3.0.4506.2152; .NET CLR 3.5.30729)"
216.146.50.3 - - [30/Sep/2010:13:33:40 +0200] "GET /modules/node/node.css?F HTTP/1.1" 200 740 "http://www.sermonsforyou.co.uk/" "Mozilla/4.0 (compatible; MSIE 7.0; Windows NT 5.1; GTB6; .NET CLR 1.1.4322; .NET CLR 2.0.50727; .NET CLR 3.0.04506.30; InfoPath.1; .NET CLR 3.0.04506.648; .NET CLR 3.0.4506.2152; .NET CLR 3.5.30729)"
216.146.50.3 - - [30/Sep/2010:13:33:41 +0200] "GET /modules/system/defaults.css?F HTTP/1.1" 200 757 "http://www.sermonsforyou.co.uk/" "Mozilla/4.0 (compatible; MSIE 7.0; Windows NT 5.1; GTB6; .NET CLR 1.1.4322; .NET CLR 2.0.50727; .NET CLR 3.0.04506.30; InfoPath.1; .NET CLR 3.0.04506.648; .NET CLR 3.0.4506.2152; .NET CLR 3.5.30729)"
216.146.50.3 - - [30/Sep/2010:13:33:41 +0200] "GET /modules/system/system.css?F HTTP/1.1" 200 10020 "http://www.sermonsforyou.co.uk/" "Mozilla/4.0 (compatible; MSIE 7.0; Windows NT 5.1; GTB6; .NET CLR 1.1.4322; .NET CLR 2.0.50727; .NET CLR 3.0.04506.30; InfoPath.1; .NET CLR 3.0.04506.648; .NET CLR 3.0.4506.2152; .NET CLR 3.5.30729)"
216.146.50.3 - - [30/Sep/2010:13:33:41 +0200] "GET /modules/system/system-menus.css?F HTTP/1.1" 200 935 "http://www.sermonsforyou.co.uk/" "Mozilla/4.0 (compatible; MSIE 7.0; Windows NT 5.1; GTB6; .NET CLR 1.1.4322; .NET CLR 2.0.50727; .NET CLR 3.0.04506.30; InfoPath.1; .NET CLR 3.0.04506.648; .NET CLR 3.0.4506.2152; .NET CLR 3.5.30729)"
216.146.50.3 - - [30/Sep/2010:13:33:41 +0200] "GET /modules/user/user.css?F HTTP/1.1" 200 1127 "http://www.sermonsforyou.co.uk/" "Mozilla/4.0 (compatible; MSIE 7.0; Windows NT 5.1; GTB6; .NET CLR 1.1.4322; .NET CLR 2.0.50727; .NET CLR 3.0.04506.30; InfoPath.1; .NET CLR 3.0.04506.648; .NET CLR 3.0.4506.2152; .NET CLR 3.5.30729)"
216.146.50.3 - - [30/Sep/2010:13:33:41 +0200] "GET /sites/all/modules/cck/cck/theme/content-module.css?F HTTP/1.1" 200 2397 "http://www.sermonsforyou.co.uk/" "Mozilla/4.0 (compatible; MSIE 7.0; Windows NT 5.1; GTB6; .NET CLR 1.1.4322; .NET CLR 2.0.50727; .NET CLR 3.0.04506.30; InfoPath.1; .NET CLR 3.0.04506.648; .NET CLR 3.0.4506.2152; .NET CLR 3.5.30729)"
216.146.50.3 - - [30/Sep/2010:13:33:41 +0200] "GET /themes/shallowgrunge/shallowgrunge/style.css?F HTTP/1.1" 200 4871 "http://www.sermonsforyou.co.uk/" "Mozilla/4.0 (compatible; MSIE 7.0; Windows NT 5.1; GTB6; .NET CLR 1.1.4322; .NET CLR 2.0.50727; .NET CLR 3.0.04506.30; InfoPath.1; .NET CLR 3.0.04506.648; .NET CLR 3.0.4506.2152; .NET CLR 3.5.30729)"
216.146.50.3 - - [30/Sep/2010:13:33:41 +0200] "GET /misc/jquery.js?F HTTP/1.1" 200 31089 "http://www.sermonsforyou.co.uk/" "Mozilla/4.0 (compatible; MSIE 7.0; Windows NT 5.1; GTB6; .NET CLR 1.1.4322; .NET CLR 2.0.50727; .NET CLR 3.0.04506.30; InfoPath.1; .NET CLR 3.0.04506.648; .NET CLR 3.0.4506.2152; .NET CLR 3.5.30729)"
216.146.50.3 - - [30/Sep/2010:13:33:42 +0200] "GET /misc/drupal.js?F HTTP/1.1" 200 9745 "http://www.sermonsforyou.co.uk/" "Mozilla/4.0 (compatible; MSIE 7.0; Windows NT 5.1; GTB6; .NET CLR 1.1.4322; .NET CLR 2.0.50727; .NET CLR 3.0.04506.30; InfoPath.1; .NET CLR 3.0.04506.648; .NET CLR 3.0.4506.2152; .NET CLR 3.5.30729)"
216.146.50.3 - - [30/Sep/2010:13:33:42 +0200] "GET /sites/all/modules/taxonomy_vtn/taxonomy_vtn/taxonomy_vtn.js?F HTTP/1.1" 200 465 "http://www.sermonsforyou.co.uk/" "Mozilla/4.0 (compatible; MSIE 7.0; Windows NT 5.1; GTB6; .NET CLR 1.1.4322; .NET CLR 2.0.50727; .NET CLR 3.0.04506.30; InfoPath.1; .NET CLR 3.0.04506.648; .NET CLR 3.0.4506.2152; .NET CLR 3.5.30729)"
216.146.50.3 - - [30/Sep/2010:13:33:42 +0200] "GET /themes/shallowgrunge/shallowgrunge/images/img02.jpg HTTP/1.1" 200 29303 "http://www.sermonsforyou.co.uk/" "Mozilla/4.0 (compatible; MSIE 7.0; Windows NT 5.1; GTB6; .NET CLR 1.1.4322; .NET CLR 2.0.50727; .NET CLR 3.0.04506.30; InfoPath.1; .NET CLR 3.0.04506.648; .NET CLR 3.0.4506.2152; .NET CLR 3.5.30729)"
216.146.50.3 - - [30/Sep/2010:13:33:42 +0200] "GET /themes/shallowgrunge/shallowgrunge/images/img03.jpg HTTP/1.1" 200 10877 "http://www.sermonsforyou.co.uk/" "Mozilla/4.0 (compatible; MSIE 7.0; Windows NT 5.1; GTB6; .NET CLR 1.1.4322; .NET CLR 2.0.50727; .NET CLR 3.0.04506.30; InfoPath.1; .NET CLR 3.0.04506.648; .NET CLR 3.0.4506.2152; .NET CLR 3.5.30729)"
216.146.50.3 - - [30/Sep/2010:13:33:42 +0200] "GET /misc/powered-blue-80x15.png HTTP/1.1" 200 1011 "http://www.sermonsforyou.co.uk/" "Mozilla/4.0 (compatible; MSIE 7.0; Windows NT 5.1; GTB6; .NET CLR 1.1.4322; .NET CLR 2.0.50727; .NET CLR 3.0.04506.30; InfoPath.1; .NET CLR 3.0.04506.648; .NET CLR 3.0.4506.2152; .NET CLR 3.5.30729)"
216.146.50.3 - - [30/Sep/2010:13:33:42 +0200] "GET /misc/feed.png HTTP/1.1" 200 764 "http://www.sermonsforyou.co.uk/" "Mozilla/4.0 (compatible; MSIE 7.0; Windows NT 5.1; GTB6; .NET CLR 1.1.4322; .NET CLR 2.0.50727; .NET CLR 3.0.04506.30; InfoPath.1; .NET CLR 3.0.04506.648; .NET CLR 3.0.4506.2152; .NET CLR 3.5.30729)"
216.146.50.3 - - [30/Sep/2010:13:33:42 +0200] "GET /sites/all/modules/google_analytics/googleanalytics.js?F HTTP/1.1" 200 1725 "http://www.sermonsforyou.co.uk/" "Mozilla/4.0 (compatible; MSIE 7.0; Windows NT 5.1; GTB6; .NET CLR 1.1.4322; .NET CLR 2.0.50727; .NET CLR 3.0.04506.30; InfoPath.1; .NET CLR 3.0.04506.648; .NET CLR 3.0.4506.2152; .NET CLR 3.5.30729)"
216.146.50.3 - - [30/Sep/2010:13:33:42 +0200] "GET /themes/shallowgrunge/shallowgrunge/images/img01.jpg HTTP/1.1" 200 72355 "http://www.sermonsforyou.co.uk/" "Mozilla/4.0 (compatible; MSIE 7.0; Windows NT 5.1; GTB6; .NET CLR 1.1.4322; .NET CLR 2.0.50727; .NET CLR 3.0.04506.30; InfoPath.1; .NET CLR 3.0.04506.648; .NET CLR 3.0.4506.2152; .NET CLR 3.5.30729)"
216.146.50.3 - - [30/Sep/2010:13:33:43 +0200] "GET /misc/favicon.ico HTTP/1.1" 200 5430 "-" "Mozilla/4.0 (compatible; MSIE 7.0; Windows NT 5.1; GTB6; .NET CLR 1.1.4322; .NET CLR 2.0.50727; .NET CLR 3.0.04506.30; InfoPath.1; .NET CLR 3.0.04506.648; .NET CLR 3.0.4506.2152; .NET CLR 3.5.30729)"
64.246.165.200 - - [30/Sep/2010:13:45:45 +0200] "GET /robots.txt HTTP/1.0" 200 1642 "-" "Mozilla/5.0 (Windows; U; Windows NT 5.1; en; rv:1.9.0.13) Gecko/2009073022 Firefox/3.5.2 (.NET CLR 3.5.30729) SurveyBot/2.3 (DomainTools)"
64.246.165.200 - - [30/Sep/2010:13:45:45 +0200] "GET / HTTP/1.1" 200 3599 "http://whois.domaintools.com/sermonsforyou.co.uk" "Mozilla/5.0 (Windows; U; Windows NT 5.1; en; rv:1.9.0.13) Gecko/2009073022 Firefox/3.5.2 (.NET CLR 3.5.30729) SurveyBot/2.3 (DomainTools)"
86.28.248.231 - - [30/Sep/2010:14:07:01 +0200] "GET /?q=rss.xml HTTP/1.1" 200 8642 "-" "Mozilla/5.0 (compatible; Google Desktop/5.9.1005.12335; http://desktop.google.com/)"
46.118.100.75 - - [30/Sep/2010:14:23:11 +0200] "GET /?q=taxonomy_vtn/term/12 HTTP/1.0" 200 15937 "http://www.sermonsforyou.co.uk/?q=taxonomy_vtn/term/12" "Mozilla/4.0 (compatible; MSIE 6.0; Windows NT 5.1; MRA 4.3 (build 01218); .NET CLR 1.1.4322)"
46.118.100.75 - - [30/Sep/2010:14:23:12 +0200] "GET /?q=taxonomy_vtn/voc/2 HTTP/1.0" 200 4556 "http://www.sermonsforyou.co.uk/?q=taxonomy_vtn/voc/2" "Mozilla/4.0 (compatible; MSIE 6.0; Windows NT 5.1; MRA 4.3 (build 01218); .NET CLR 1.1.4322)"
46.118.100.75 - - [30/Sep/2010:14:23:12 +0200] "GET /?q=taxonomy_vtn/term/12 HTTP/1.0" 200 15937 "http://www.sermonsforyou.co.uk/?q=taxonomy_vtn/term/12" "Mozilla/4.0 (compatible; MSIE 6.0; Windows NT 5.1; MRA 4.3 (build 01218); .NET CLR 1.1.4322)"
46.118.100.75 - - [30/Sep/2010:14:23:13 +0200] "GET /?q=node/67 HTTP/1.0" 200 4682 "http://www.sermonsforyou.co.uk/?q=node/67" "Mozilla/4.0 (compatible; MSIE 6.0; Windows NT 5.1; MRA 4.3 (build 01218); .NET CLR 1.1.4322)"
46.118.100.75 - - [30/Sep/2010:14:23:13 +0200] "GET /index.php HTTP/1.0" 200 13480 "http://www.sermonsforyou.co.uk/index.php" "Mozilla/4.0 (compatible; MSIE 6.0; Windows NT 5.1; MRA 4.3 (build 01218); .NET CLR 1.1.4322)"
86.28.248.231 - - [30/Sep/2010:14:42:01 +0200] "GET /?q=rss.xml HTTP/1.1" 200 8642 "-" "Mozilla/5.0 (compatible; Google Desktop/5.9.1005.12335; http://desktop.google.com/)"
124.115.0.109 - - [30/Sep/2010:14:54:02 +0200] "GET / HTTP/1.1" 200 3599 "-" "Sosospider+(+http://help.soso.com/webspider.htm)"
86.28.248.231 - - [30/Sep/2010:15:21:59 +0200] "GET /?q=rss.xml HTTP/1.1" 200 8642 "-" "Mozilla/5.0 (compatible; Google Desktop/5.9.1005.12335; http://desktop.google.com/)"
220.181.7.94 - - [30/Sep/2010:15:28:58 +0200] "GET / HTTP/1.1" 200 13480 "-" "Baiduspider+(+http://www.baidu.com/search/spider.htm)"
123.125.66.125 - - [30/Sep/2010:15:30:49 +0200] "GET / HTTP/1.1" 200 13480 "-" "Baiduspider+(+http://www.baidu.com/search/spider.htm)"
86.28.248.231 - - [30/Sep/2010:16:01:00 +0200] "GET /?q=rss.xml HTTP/1.1" 200 8642 "-" "Mozilla/5.0 (compatible; Google Desktop/5.9.1005.12335; http://desktop.google.com/)"
91.201.66.174 - - [30/Sep/2010:16:39:59 +0200] "GET /?q=user/register&destination=comment/reply/67%252523comment-form HTTP/1.0" 403 4208 "http://www.sermonsforyou.co.uk/?q=user/register&destination=comment/reply/67%252523comment-form" "Mozilla/1.22 (compatible; MSIE 2.0; Windows 95)"
86.28.248.231 - - [30/Sep/2010:16:40:00 +0200] "GET /?q=rss.xml HTTP/1.1" 200 8642 "-" "Mozilla/5.0 (compatible; Google Desktop/5.9.1005.12335; http://desktop.google.com/)"
91.201.66.174 - - [30/Sep/2010:16:40:14 +0200] "GET / HTTP/1.0" 200 13480 "http://www.sermonsforyou.co.uk/?q=user/register&destination=comment/reply/67%252523comment-form" "Mozilla/1.22 (compatible; MSIE 2.0; Windows 95)"
91.201.66.174 - - [30/Sep/2010:16:40:14 +0200] "GET /?q=user/login&destination=comment/reply/67%252523comment-form HTTP/1.0" 200 5421 "http://www.sermonsforyou.co.uk/?q=user/login&destination=comment/reply/67%252523comment-form" "Mozilla/1.22 (compatible; MSIE 2.0; Windows 95)"
91.201.66.174 - - [30/Sep/2010:16:40:48 +0200] "GET /?q=user/reset/240/1282618921/2444cf88f6fa6d504c4b6e2215d4d0ec HTTP/1.0" 403 7098 "http://www.sermonsforyou.co.uk/?q=user/reset/240/1282618921/2444cf88f6fa6d504c4b6e2215d4d0ec" "Mozilla/4.0 (compatible; MSIE 5.5; Windows NT 4.0)"
91.201.66.113 - - [30/Sep/2010:16:40:59 +0200] "GET /?q=taxonomy_vtn/term/12 HTTP/1.0" 200 15937 "http://www.sermonsforyou.co.uk/?q=taxonomy_vtn/term/12" "Mozilla/4.79 [en] (Windows NT 5.0; U)"
91.201.66.113 - - [30/Sep/2010:16:41:01 +0200] "GET /?q=taxonomy_vtn/voc/2 HTTP/1.0" 200 4556 "http://www.sermonsforyou.co.uk/?q=taxonomy_vtn/voc/2" "Mozilla/4.79 [en] (Windows NT 5.0; U)"
91.201.66.113 - - [30/Sep/2010:16:41:01 +0200] "GET /?q=taxonomy_vtn/term/12 HTTP/1.0" 200 15937 "http://www.sermonsforyou.co.uk/?q=taxonomy_vtn/term/12" "Mozilla/4.79 [en] (Windows NT 5.0; U)"
91.201.66.113 - - [30/Sep/2010:16:41:02 +0200] "GET /?q=node/67 HTTP/1.0" 200 4682 "http://www.sermonsforyou.co.uk/?q=node/67" "Mozilla/4.79 [en] (Windows NT 5.0; U)"
91.201.66.113 - - [30/Sep/2010:16:41:02 +0200] "GET /index.php HTTP/1.0" 200 13480 "http://www.sermonsforyou.co.uk/index.php" "Mozilla/4.79 [en] (Windows NT 5.0; U)"
91.201.66.174 - - [30/Sep/2010:16:41:03 +0200] "GET / HTTP/1.0" 200 13480 "http://www.sermonsforyou.co.uk/?q=user/reset/240/1282618921/2444cf88f6fa6d504c4b6e2215d4d0ec" "Mozilla/4.0 (compatible; MSIE 5.5; Windows NT 4.0)"
86.28.248.231 - - [30/Sep/2010:17:19:00 +0200] "GET /?q=rss.xml HTTP/1.1" 200 8642 "-" "Mozilla/5.0 (compatible; Google Desktop/5.9.1005.12335; http://desktop.google.com/)"
66.235.124.8 - - [30/Sep/2010:17:39:44 +0200] "GET /robots.txt HTTP/1.1" 200 1642 "-" "Mozilla/5.0 (compatible; Ask Jeeves/Teoma; +http://about.ask.com/en/docs/about/webmasters.shtml)"
66.235.124.8 - - [30/Sep/2010:17:39:44 +0200] "GET / HTTP/1.1" 200 3599 "-" "Mozilla/5.0 (compatible; Ask Jeeves/Teoma; +http://about.ask.com/en/docs/about/webmasters.shtml)"
207.46.199.199 - - [30/Sep/2010:17:42:43 +0200] "GET /robots.txt HTTP/1.1" 200 1642 "-" "msnbot/2.0b (+http://search.msn.com/msnbot.htm)"
78.33.237.147 - - [30/Sep/2010:18:10:36 +0200] "GET / HTTP/1.1" 200 3599 "-" "Mozilla/4.0 (compatible; MSIE 6.0; Windows NT 5.1; SV1)"
86.28.248.231 - - [30/Sep/2010:18:19:38 +0200] "GET /?q=rss.xml HTTP/1.1" 200 8642 "-" "Mozilla/5.0 (compatible; Google Desktop/5.9.1005.12335; http://desktop.google.com/)"
65.52.49.141 - - [30/Sep/2010:18:28:53 +0200] "GET /robots.txt HTTP/1.1" 200 1642 "-" "msnbot/2.0b (+http://search.msn.com/msnbot.htm)"
124.115.0.109 - - [30/Sep/2010:18:41:51 +0200] "GET / HTTP/1.1" 200 3599 "-" "Sosospider+(+http://help.soso.com/webspider.htm)"
86.28.248.231 - - [30/Sep/2010:18:58:38 +0200] "GET /?q=rss.xml HTTP/1.1" 200 8642 "-" "Mozilla/5.0 (compatible; Google Desktop/5.9.1005.12335; http://desktop.google.com/)"
216.13.1.170 - - [30/Sep/2010:19:27:32 +0200] "GET /?q=node/30 HTTP/1.1" 200 4965 "http://www.google.ca/search?q=%22what+is+the+measure+of+faith%22&btnG=Search&hl=en&rlz=1B3GGIC_enCA374CA375&sa=2" "Mozilla/5.0 (Windows; U; Windows NT 5.1; en-US; rv:1.9.0.19) Gecko/2010031422 Firefox/3.0.19 GTB7.1 (.NET CLR 3.5.30729)"
216.13.1.170 - - [30/Sep/2010:19:27:33 +0200] "GET /misc/favicon.ico HTTP/1.1" 200 5430 "-" "Mozilla/5.0 (Windows; U; Windows NT 5.1; en-US; rv:1.9.0.19) Gecko/2010031422 Firefox/3.0.19 GTB7.1 (.NET CLR 3.5.30729)"
216.13.1.170 - - [30/Sep/2010:19:27:33 +0200] "GET /sites/all/modules/taxonomy_vtn/taxonomy_vtn/taxonomy_vtn.css?F HTTP/1.1" 200 1540 "http://www.sermonsforyou.co.uk/?q=node/30" "Mozilla/5.0 (Windows; U; Windows NT 5.1; en-US; rv:1.9.0.19) Gecko/2010031422 Firefox/3.0.19 GTB7.1 (.NET CLR 3.5.30729)"
216.13.1.170 - - [30/Sep/2010:19:27:33 +0200] "GET /modules/node/node.css?F HTTP/1.1" 200 740 "http://www.sermonsforyou.co.uk/?q=node/30" "Mozilla/5.0 (Windows; U; Windows NT 5.1; en-US; rv:1.9.0.19) Gecko/2010031422 Firefox/3.0.19 GTB7.1 (.NET CLR 3.5.30729)"
216.13.1.170 - - [30/Sep/2010:19:27:33 +0200] "GET /modules/system/defaults.css?F HTTP/1.1" 200 757 "http://www.sermonsforyou.co.uk/?q=node/30" "Mozilla/5.0 (Windows; U; Windows NT 5.1; en-US; rv:1.9.0.19) Gecko/2010031422 Firefox/3.0.19 GTB7.1 (.NET CLR 3.5.30729)"
216.13.1.170 - - [30/Sep/2010:19:27:33 +0200] "GET /modules/system/system.css?F HTTP/1.1" 200 10020 "http://www.sermonsforyou.co.uk/?q=node/30" "Mozilla/5.0 (Windows; U; Windows NT 5.1; en-US; rv:1.9.0.19) Gecko/2010031422 Firefox/3.0.19 GTB7.1 (.NET CLR 3.5.30729)"
216.13.1.170 - - [30/Sep/2010:19:27:33 +0200] "GET /modules/system/system-menus.css?F HTTP/1.1" 200 935 "http://www.sermonsforyou.co.uk/?q=node/30" "Mozilla/5.0 (Windows; U; Windows NT 5.1; en-US; rv:1.9.0.19) Gecko/2010031422 Firefox/3.0.19 GTB7.1 (.NET CLR 3.5.30729)"
216.13.1.170 - - [30/Sep/2010:19:27:33 +0200] "GET /modules/user/user.css?F HTTP/1.1" 200 1127 "http://www.sermonsforyou.co.uk/?q=node/30" "Mozilla/5.0 (Windows; U; Windows NT 5.1; en-US; rv:1.9.0.19) Gecko/2010031422 Firefox/3.0.19 GTB7.1 (.NET CLR 3.5.30729)"
216.13.1.170 - - [30/Sep/2010:19:27:33 +0200] "GET /sites/all/modules/cck/cck/theme/content-module.css?F HTTP/1.1" 200 2397 "http://www.sermonsforyou.co.uk/?q=node/30" "Mozilla/5.0 (Windows; U; Windows NT 5.1; en-US; rv:1.9.0.19) Gecko/2010031422 Firefox/3.0.19 GTB7.1 (.NET CLR 3.5.30729)"
216.13.1.170 - - [30/Sep/2010:19:27:33 +0200] "GET /themes/shallowgrunge/shallowgrunge/style.css?F HTTP/1.1" 200 4871 "http://www.sermonsforyou.co.uk/?q=node/30" "Mozilla/5.0 (Windows; U; Windows NT 5.1; en-US; rv:1.9.0.19) Gecko/2010031422 Firefox/3.0.19 GTB7.1 (.NET CLR 3.5.30729)"
216.13.1.170 - - [30/Sep/2010:19:27:33 +0200] "GET /misc/jquery.js?F HTTP/1.1" 200 31089 "http://www.sermonsforyou.co.uk/?q=node/30" "Mozilla/5.0 (Windows; U; Windows NT 5.1; en-US; rv:1.9.0.19) Gecko/2010031422 Firefox/3.0.19 GTB7.1 (.NET CLR 3.5.30729)"
216.13.1.170 - - [30/Sep/2010:19:27:34 +0200] "GET /misc/drupal.js?F HTTP/1.1" 200 9745 "http://www.sermonsforyou.co.uk/?q=node/30" "Mozilla/5.0 (Windows; U; Windows NT 5.1; en-US; rv:1.9.0.19) Gecko/2010031422 Firefox/3.0.19 GTB7.1 (.NET CLR 3.5.30729)"
216.13.1.170 - - [30/Sep/2010:19:27:34 +0200] "GET /sites/all/modules/taxonomy_vtn/taxonomy_vtn/taxonomy_vtn.js?F HTTP/1.1" 200 465 "http://www.sermonsforyou.co.uk/?q=node/30" "Mozilla/5.0 (Windows; U; Windows NT 5.1; en-US; rv:1.9.0.19) Gecko/2010031422 Firefox/3.0.19 GTB7.1 (.NET CLR 3.5.30729)"
216.13.1.170 - - [30/Sep/2010:19:27:35 +0200] "GET /misc/powered-blue-80x15.png HTTP/1.1" 200 1011 "http://www.sermonsforyou.co.uk/?q=node/30" "Mozilla/5.0 (Windows; U; Windows NT 5.1; en-US; rv:1.9.0.19) Gecko/2010031422 Firefox/3.0.19 GTB7.1 (.NET CLR 3.5.30729)"
216.13.1.170 - - [30/Sep/2010:19:27:35 +0200] "GET /sites/all/modules/google_analytics/googleanalytics.js?F HTTP/1.1" 200 1725 "http://www.sermonsforyou.co.uk/?q=node/30" "Mozilla/5.0 (Windows; U; Windows NT 5.1; en-US; rv:1.9.0.19) Gecko/2010031422 Firefox/3.0.19 GTB7.1 (.NET CLR 3.5.30729)"
216.13.1.170 - - [30/Sep/2010:19:27:35 +0200] "GET /themes/shallowgrunge/shallowgrunge/images/img03.jpg HTTP/1.1" 200 10877 "http://www.sermonsforyou.co.uk/themes/shallowgrunge/shallowgrunge/style.css?F" "Mozilla/5.0 (Windows; U; Windows NT 5.1; en-US; rv:1.9.0.19) Gecko/2010031422 Firefox/3.0.19 GTB7.1 (.NET CLR 3.5.30729)"
216.13.1.170 - - [30/Sep/2010:19:27:35 +0200] "GET /themes/shallowgrunge/shallowgrunge/images/img02.jpg HTTP/1.1" 200 29303 "http://www.sermonsforyou.co.uk/themes/shallowgrunge/shallowgrunge/style.css?F" "Mozilla/5.0 (Windows; U; Windows NT 5.1; en-US; rv:1.9.0.19) Gecko/2010031422 Firefox/3.0.19 GTB7.1 (.NET CLR 3.5.30729)"
216.13.1.170 - - [30/Sep/2010:19:27:35 +0200] "GET /themes/shallowgrunge/shallowgrunge/images/img01.jpg HTTP/1.1" 200 72355 "http://www.sermonsforyou.co.uk/themes/shallowgrunge/shallowgrunge/style.css?F" "Mozilla/5.0 (Windows; U; Windows NT 5.1; en-US; rv:1.9.0.19) Gecko/2010031422 Firefox/3.0.19 GTB7.1 (.NET CLR 3.5.30729)"
94.75.220.253 - - [30/Sep/2010:19:28:30 +0200] "GET /?q=node/91 HTTP/1.0" 200 25085 "http://www.sermonsforyou.co.uk/?q=node/91" "Mozilla/4.0 (compatible; MSIE 5.5; Windows 95; BCD2000)"
123.125.66.77 - - [30/Sep/2010:19:33:15 +0200] "GET / HTTP/1.1" 200 13480 "-" "Baiduspider+(+http://www.baidu.com/search/spider.htm)"
220.181.7.122 - - [30/Sep/2010:19:33:39 +0200] "GET / HTTP/1.1" 200 13480 "-" "Baiduspider+(+http://www.baidu.com/search/spider.htm)"
86.28.248.231 - - [30/Sep/2010:19:37:39 +0200] "GET /?q=rss.xml HTTP/1.1" 200 8642 "-" "Mozilla/5.0 (compatible; Google Desktop/5.9.1005.12335; http://desktop.google.com/)"
80.67.13.55 - - [30/Sep/2010:19:46:38 +0200] "GET /?q=node/89 HTTP/1.0" 200 25412 "http://www.sermonsforyou.co.uk/?q=node/89" "Mozilla/4.0 (compatible; MSIE 6.0; Windows NT) ::ELNSB50::000061100320025802a00111000000000507000900000000"
66.249.66.139 - - [30/Sep/2010:19:51:56 +0200] "GET /robots.txt HTTP/1.1" 200 707 "-" "Mozilla/5.0 (compatible; Googlebot/2.1; +http://www.google.com/bot.html)"
66.249.66.139 - - [30/Sep/2010:19:51:56 +0200] "GET /?q=node/193 HTTP/1.1" 200 2766 "-" "Mozilla/5.0 (compatible; Googlebot/2.1; +http://www.google.com/bot.html)"
124.115.6.17 - - [30/Sep/2010:19:59:14 +0200] "GET /robots.txt HTTP/1.1" 200 707 "-" "Sosospider+(+http://help.soso.com/webspider.htm)"
86.28.248.231 - - [30/Sep/2010:20:16:39 +0200] "GET /?q=rss.xml HTTP/1.1" 200 8642 "-" "Mozilla/5.0 (compatible; Google Desktop/5.9.1005.12335; http://desktop.google.com/)"
66.235.124.104 - - [30/Sep/2010:20:22:40 +0200] "GET /robots.txt HTTP/1.1" 200 1642 "-" "Mozilla/5.0 (compatible; Ask Jeeves/Teoma; +http://about.ask.com/en/docs/about/webmasters.shtml)"
66.235.124.104 - - [30/Sep/2010:20:22:40 +0200] "GET /?q=node/55 HTTP/1.1" 200 6103 "-" "Mozilla/5.0 (compatible; Ask Jeeves/Teoma; +http://about.ask.com/en/docs/about/webmasters.shtml)"
89.178.45.171 - - [30/Sep/2010:20:24:40 +0200] "GET /?q=node%2F50 HTTP/1.1" 200 5769 "http://yandex.ru/yandsearch?text=shavings+are+a+mixture" "Mozilla/4.0 (compatible; MSIE 6.0; Windows NT 5.1; SV1; .NET CLR 1.1.4322)"
95.25.106.241 - - [30/Sep/2010:20:24:41 +0200] "GET /sites/all/modules/google_analytics/googleanalytics.js?F HTTP/1.1" 200 1725 "http://www.sermonsforyou.co.uk/?q=node%2F50" "Mozilla/4.0 (compatible; MSIE 6.0; Windows NT 5.1; SV1; .NET CLR 1.1.4322)"
89.178.22.21 - - [30/Sep/2010:20:24:41 +0200] "GET /modules/system/system-menus.css?F HTTP/1.1" 200 935 "http://www.sermonsforyou.co.uk/?q=node%2F50" "Mozilla/4.0 (compatible; MSIE 6.0; Windows NT 5.1; SV1; .NET CLR 1.1.4322)"
